186.102.22.72 - - [17/Apr/2022:13:13:47 -0500] "GET /kwssiamovil/sm/acme/s?s=U2FsdGVkX18VOgZsg6abQQ6M5FtCZ/YUk/Rj/qm4eqUwZWEhNHnhMPRdpMoFreT5&u=U2FsdGVkX191hjJiwEsGpbYC3Izf/u+GZDxiM0OiMlZFV4to1Y3/axj/xVA/8UmQ&y=U2FsdGVkX19XxrXZOgJrwhzoT1QKk8asgjHVL8U1A5ru+7fhfnAENZjIaE9FsfVu HTTP/1.1" 200 70
186.102.22.72 - - [17/Apr/2022:13:13:47 -0500] "GET /kwssiamovil/sm/acme/s?s=U2FsdGVkX1/gpHpRbI1kCBiMk1yrP+o73CXEbrK42P/mGXJPkxfyxD7Ay+9CGbaU&u=U2FsdGVkX191hjJiwEsGpbYC3Izf/u+GZDxiM0OiMlZFV4to1Y3/axj/xVA/8UmQ&y=U2FsdGVkX19XxrXZOgJrwhzoT1QKk8asgjHVL8U1A5ru+7fhfnAENZjIaE9FsfVu HTTP/1.1" 200 70
186.102.22.72 - - [17/Apr/2022:13:13:47 -0500] "GET /kwssiamovil/sm/acme/s?s=U2FsdGVkX19s22jHlWxcGD9hufIhY2rtKPdEvjEwiLjDWV4td6jcS1V6JHCieQLH&u=U2FsdGVkX191hjJiwEsGpbYC3Izf/u+GZDxiM0OiMlZFV4to1Y3/axj/xVA/8UmQ&y=U2FsdGVkX19XxrXZOgJrwhzoT1QKk8asgjHVL8U1A5ru+7fhfnAENZjIaE9FsfVu HTTP/1.1" 200 70
186.102.22.72 - - [17/Apr/2022:13:13:47 -0500] "GET /kwssiamovil/sm/acme/s?s=U2FsdGVkX185ndGYLEYm17XLHXG0Lhe+VGw5DGzcPOmqEv5taDWmuSJQ+t50jGhRjUcGpWZ0t6adJwIIH0PyIabpyjoYJTg9tlgX9CNMBjZCpJnqBZwpB0F3UiaFxxm52zrQ3GRVLtN33iUl6RCSt9Ff0kvoLA8DTvkcLXuvVNrDX3B8TXAvC6HPR+sN9crUvduA7bLaZahEXY9yEwn2tYV12ylYB55pxhYlX+mHYU4omXWtKUJYzR3tdBApMdSPGx7rMGp/3kGhdEo1a1X+ujhiUVoxgmRKYr26m2MHD59rbI49K7/O7+0ntXUL7kCJOJ1PjAPdL7CWhfTfjXr/IJnSugHEpqxNEFOgOMAgT3I=&u=U2FsdGVkX191hjJiwEsGpbYC3Izf/u+GZDxiM0OiMlZFV4to1Y3/axj/xVA/8UmQ&y=U2FsdGVkX19XxrXZOgJrwhzoT1QKk8asgjHVL8U1A5ru+7fhfnAENZjIaE9FsfVu HTTP/1.1" 200 196
186.102.22.72 - - [17/Apr/2022:13:13:47 -0500] "GET /kwssiamovil/sm/cjson/pre?f=1&x=U2FsdGVkX1+yzfOYnRImbbmqoBJfD0z/vtwbfHd6KJGaWJyj3i33LfmJbyzDxTT8 HTTP/1.1" 200 30975
186.102.22.72 - - [17/Apr/2022:13:14:34 -0500] "GET /kwssiamovil/sm/acme/a?s=U2FsdGVkX19WQ4ZnWSO6n6X+lTqx7Fj80mmAiLUtUYH/3yLXFc6B7alZu0Pa8HBM18ZglbNEsz6UOyW2oCD3FqfG4OdSpm25Zwl/H1FltaVDmnUZ4hFN05SXMbTspszXOqyjfyNxfKv4SCoHZvrCyt5AuNQcXG0E1/9Ihqb+rIfM9UjTDfAuLQ8/fbKrC6ffMyiePdWhmCRhO/8jUSUPPPfEkN0oiN/raUVZAM57kyc+V3YnAVkixXFFuVJf7CWDP2QTch+2kOsFWQMDnl7bPg==&u=U2FsdGVkX191hjJiwEsGpbYC3Izf/u+GZDxiM0OiMlZFV4to1Y3/axj/xVA/8UmQ&y=U2FsdGVkX19XxrXZOgJrwhzoT1QKk8asgjHVL8U1A5ru+7fhfnAENZjIaE9FsfVu HTTP/1.1" 200 25
186.102.22.72 - - [17/Apr/2022:13:14:34 -0500] "GET /kwssiamovil/sm/acme/a?s=U2FsdGVkX19BD6Nk5Y6g871uwWGxibhkgM/xOXqNEWvMJqvn7wnpdBb/QS3HoLC1G1mIVhSpmLxmuAOtiqsfSQ/c3C5ykwYmWx4v6K3H8Hps8yzKZ6ADugdir/ji/Edzgc54sxsRWdZ0i8I7G9j+0hTpY/w4eE8SbTT5r03pYC8JRvEH3QScj/W8OR5LrsbSFa2ZRU7wsNi6RZ2Jj+ZcOctFzD86bZlHAFmaba1tQ2uOPNQHjXHncFCHor+Q4F96AWbpd+4WvLROdGu5a5nJBb2Slx9mbs/LnOPRY7SRwhWRPjGV+vSBtaMyQlKznAPyFhtDhuFOyOewBf2a8z7vrthjik/lyxhZh75SDRm4L32mQZZhCHOg9kylX4syY8iO6wXOZzoIn2sxSjGGgQEMHVlak2vO6k3R/JUfev+ZEUjNIhy0WilDpnhuaxG5QfrgQSXLNnV8o4zYAui+CISAQw+yzP5BktcQv7PmroioE3lm5MJ6cdlS+RDuG8enlmgswUmro75N7BD33kCYUjTj+ixxgviODkpoJwAWyPTM+bMza7ncECMmF4ofYz5ZiinmzPtr31WfrmJ7k2QowKoMuhBkV6AT2G+fGQen3wqsM56NImIlEMVp9POumtC7n1aheJDRah8alr+7p6Xmqs4rMVDTRXRgt9y17Jszqoi0AZS+nhiByDy7JKomae6AxAa84lz/pAEUFuz5oh23AYRtW03LKllrtWO7eK5Dtmwn0UmiEgSeI5w2oQbx09qwi1CuwAk4saExJRblMQPRKszhyCI6Hlq+hWb+3yqJBCZ7FwkUDD5V95YM07j3A8TTrP2xzSeb3YE9BH4WE5Lx4AHbfoy9TVpVWFv5jTY8L8SP/S2fAN+R6G5eKnLjzmMEE84IcPKlPAjHdQpFEtfMCxPl4VMGKZuXCbwAS/3y+i3ezUvoRfGazSom+psdUWHIg4iRCqHMuJCBruysYgJFIwURKQDX9tGmws9PupnhDh9PSiwiR0BtWt0JjPh5TRBL9dAFv78NHqaY6hvJGMPyyMj5EVGuMRxYvP5qd2km/+I8FQPWhaH+DhiwWx7OExus/vJ5Ut5D/4Qe8+wuuwqA0RcEIKJ674HhI1Jlqs10ABhkahb0b6iq+g9Or0YBUX0H/eD1qYCZFGSzLexuUH7LMxvijAlRshPiINOuZULFJ8fDixwaETbiCuykLiccaf0Ofmp1LQil5DcHYCN+xkb5B2xVl168dhwQTovIzmRtEqStnmdV8lYmkg3ngETLoqmz90F843FHG8JqRCEdwVDhgEw9wiEkVSDFtLy9hQoN5RILt1wGiEpjvBS67aEhmLWkXw8IdfznIHr1XuRuJLQK0lzPVmLH+/z3yauBfbwTxxnkgq7Fn4Yc5S+cwX7HhB/xolaJOu782yIwDTFETJxtBSGvNtLrDRJ4jagIn+IoK8ohS4SfQ1fJ2DAneeGLOMUJ7Sveyznq76/l0SAXf6/Dpije3EMX0hUjgKwq/BEh/DWb0RDs7B7GepIXVmHMfE1dKzU1e0gZ4uDy4BWu6etJ8lBvQPKG2Q/rNUnkn6gJF5UBxZZnz0HIN/emqGt7fvp2V5PsGvmiiOx9xHQN80eDZe7yQllzqQBVIRVEQ7GB9E0yf3YOTLt7GfkJAM2cHUrrb7bL28r0k15aOPbAzi3S46ux3EoRF2DNV2mlbOC5cSbSmREipBIskQYZ4tjkoJxExBsE1E+dzyGc6QbYUxbsTmkWpIqj/pTM4KPeQrFav6Z/5JM=&u=U2FsdGVkX191hjJiwEsGpbYC3Izf/u+GZDxiM0OiMlZFV4to1Y3/axj/xVA/8UmQ&y=U2FsdGVkX19XxrXZOgJrwhzoT1QKk8asgjHVL8U1A5ru+7fhfnAENZjIaE9FsfVu HTTP/1.1" 200 25
186.102.22.72 - - [17/Apr/2022:13:14:34 -0500] "GET /kwssiamovil/sm/acme/a?s=U2FsdGVkX19MiXIKroQyu0QqtjEtzZyyn4nZFoJn92cThnlLr8SvNc8MjJGNqw+4NjPECzX9XQsRcBNARGdADfavEEFMUC66oril7SQVmEyo7ipESN6MGTILfVW20hvYmh8rUUJAP337DvwOCTTyMQ9wXo0D7pElMvsPNmSIvKA=&u=U2FsdGVkX191hjJiwEsGpbYC3Izf/u+GZDxiM0OiMlZFV4to1Y3/axj/xVA/8UmQ&y=U2FsdGVkX19XxrXZOgJrwhzoT1QKk8asgjHVL8U1A5ru+7fhfnAENZjIaE9FsfVu HTTP/1.1" 200 25
186.102.22.72 - - [17/Apr/2022:13:14:34 -0500] "GET /kwssiamovil/sm/acme/a?s=U2FsdGVkX1/C5vgO/7VM/dboVJOHpOWZLsYMVdXs5ouioN6GyRdD5qZU79iNB82lRRMVFzUG8Auft11j4fN+Q7ebPPgLbRsWAXKGRufah1GCYS1mVn2Ad6wCd3eHe9Ml1MCXBczrvB4lh5hTXGOni7uq4z+hKvejqqP3XCtOlPg=&u=U2FsdGVkX191hjJiwEsGpbYC3Izf/u+GZDxiM0OiMlZFV4to1Y3/axj/xVA/8UmQ&y=U2FsdGVkX19XxrXZOgJrwhzoT1QKk8asgjHVL8U1A5ru+7fhfnAENZjIaE9FsfVu HTTP/1.1" 200 25
186.102.22.72 - - [17/Apr/2022:13:14:35 -0500] "GET /kwssiamovil/sm/acme/a?s=U2FsdGVkX1/fYRTgFNECw4CFxN3nXXfg6Z/c9F4dYD/JP8kS+hBXqp8mowRxeFGoF5wTQEJPCddWOtQiNvVQGEIy6JKBHvXLja1ZsFZ1I+q7DxQSG9kP1mFWtFnNwgCjUFWRAb4b3ZTv0q4KoZsA+pJkRcvxythqVUUKBUiwmyA=&u=U2FsdGVkX191hjJiwEsGpbYC3Izf/u+GZDxiM0OiMlZFV4to1Y3/axj/xVA/8UmQ&y=U2FsdGVkX19XxrXZOgJrwhzoT1QKk8asgjHVL8U1A5ru+7fhfnAENZjIaE9FsfVu HTTP/1.1" 200 25
186.102.22.72 - - [17/Apr/2022:13:14:35 -0500] "GET /kwssiamovil/sm/acme/a?s=U2FsdGVkX1/bH8kAgQKvFLwmFxUnrwg0BJER6xwrxg5607X7CsJ4K6FtLwLkmBISLzeT4vSHfPhUmqrrdsT7Z3Qy5ASCbaSAexUOzYqF7ux5TteboAvY5YSVU/FJTSCUHh2msw/8M2ckMXzKd8ChVzD54eEbZqzJe9RUc8JJG7A0CJhOotRXfubWjCKaxCev&u=U2FsdGVkX191hjJiwEsGpbYC3Izf/u+GZDxiM0OiMlZFV4to1Y3/axj/xVA/8UmQ&y=U2FsdGVkX19XxrXZOgJrwhzoT1QKk8asgjHVL8U1A5ru+7fhfnAENZjIaE9FsfVu HTTP/1.1" 200 25
186.102.22.72 - - [17/Apr/2022:13:14:35 -0500] "GET /kwssiamovil/sm/acme/a?s=U2FsdGVkX18mOLDhZQyJWdSOKfLWAm5DWmDe8fbnlMuRk1bO5sYE5gjY2Hwj8im4u/LTHru2xgyZpdp+9DQ3oNMo8ln9RbNOF0y5Xm9/lxUogl2JNrjFbJJVmCZl9nzQmEmqmOVze2Xw+/DMy6FWLgPw6aTV6S1nMI+StddifoujK3DUJDUCr9mSy1RPyrovCjKeVPlb5w+OZKDeH0dDyA==&u=U2FsdGVkX191hjJiwEsGpbYC3Izf/u+GZDxiM0OiMlZFV4to1Y3/axj/xVA/8UmQ&y=U2FsdGVkX19XxrXZOgJrwhzoT1QKk8asgjHVL8U1A5ru+7fhfnAENZjIaE9FsfVu HTTP/1.1" 200 25
186.102.22.72 - - [17/Apr/2022:13:14:35 -0500] "GET /kwssiamovil/sm/acme/a?s=U2FsdGVkX1+Ogama53xgGTIuigUuna6YLe8jJQ3XaQfqnOKN9GsxNRD8RRoLlg6RpgJCF8sDxMLVqIuBt6ALJipzCjnhRyEmCA4q3KpUq1cfy3DxFodjEfhcYL+CZ5wnU6j4E2qq9wqNWb9BeLthG/H4hIofT+Hkb710xKHPm38=&u=U2FsdGVkX191hjJiwEsGpbYC3Izf/u+GZDxiM0OiMlZFV4to1Y3/axj/xVA/8UmQ&y=U2FsdGVkX19XxrXZOgJrwhzoT1QKk8asgjHVL8U1A5ru+7fhfnAENZjIaE9FsfVu HTTP/1.1" 200 25
216.245.221.92 - - [17/Apr/2022:13:18:15 -0500] "HEAD / HTTP/1.1" 200 -
35.204.205.247 - - [17/Apr/2022:13:20:16 -0500] "GET / HTTP/1.1" 200 319
172.22.2.4 - - [17/Apr/2022:13:21:06 -0500] "GET /BLA/boletinlegal/vendor/phpunit/phpunit/src/Util/PHP/eval-stdin.php HTTP/1.1" 404 1018
216.245.221.92 - - [17/Apr/2022:13:23:16 -0500] "HEAD / HTTP/1.1" 200 -
201.245.192.253 - - [17/Apr/2022:13:22:37 -0500] "POST /kwsrmcab/Wsrmcab HTTP/1.1" 200 44732
201.245.192.253 - - [17/Apr/2022:13:23:27 -0500] "POST /kwsrmcab/Wsrmcab HTTP/1.1" 200 45163
34.86.177.154 - - [17/Apr/2022:13:26:49 -0500] "-" 408 -
172.22.2.4 - - [17/Apr/2022:13:26:08 -0500] "HEAD /BLA/boletinlegal/ HTTP/1.1" 200 -
216.245.221.92 - - [17/Apr/2022:13:28:15 -0500] "HEAD / HTTP/1.1" 200 -
172.22.2.4 - - [17/Apr/2022:13:26:58 -0500] "GET /BLA/boletinlegal/ HTTP/1.1" 200 59170
207.46.13.115 - - [17/Apr/2022:13:30:10 -0500] "GET /BLA/resoluciones/index.php?dir=AUTOS+2019%2F HTTP/1.1" 200 342653
207.46.13.199 - - [17/Apr/2022:13:31:58 -0500] "GET /BLA/resoluciones/AUTOS%202013/3143.pdf HTTP/1.1" 304 -
216.245.221.92 - - [17/Apr/2022:13:33:15 -0500] "HEAD / HTTP/1.1" 200 -
201.245.192.253 - - [17/Apr/2022:13:32:37 -0500] "POST /kwsrmcab/Wsrmcab HTTP/1.1" 200 44732
172.22.2.4 - - [17/Apr/2022:13:31:58 -0500] "HEAD /BLA/boletinlegal/ HTTP/1.1" 200 -
64.233.172.1 - - [17/Apr/2022:13:34:03 -0500] "GET /BLA/resoluciones/RESOLUCIONES%202013/1197.pdf HTTP/1.1" 200 1787007
74.125.210.47 - - [17/Apr/2022:13:34:03 -0500] "GET /BLA/resoluciones/RESOLUCIONES%202017/0520.pdf HTTP/1.1" 200 407112
201.245.192.253 - - [17/Apr/2022:13:33:29 -0500] "POST /kwsrmcab/Wsrmcab HTTP/1.1" 200 45163
172.22.2.4 - - [17/Apr/2022:13:34:56 -0500] "GET /BLA/boletinlegal/jurisprudencia/analisis/analisis%20c-595-2010.doc HTTP/1.1" 200 39424
172.22.2.4 - - [17/Apr/2022:13:35:00 -0500] "GET /BLA/boletinlegal/jurisprudencia/analisis/G__Jurisp.%20Junio%202014_ANALISIS%20JURISPRUDENCIA%20C-634-12%20DECOMISO.docx HTTP/1.1" 200 27045
216.245.221.92 - - [17/Apr/2022:13:38:15 -0500] "HEAD / HTTP/1.1" 200 -
64.233.172.4 - - [17/Apr/2022:13:40:21 -0500] "GET /BLA/resoluciones/AUTOS%202008/0484.pdf HTTP/1.1" 200 217963
172.22.2.4 - - [17/Apr/2022:13:39:10 -0500] "HEAD /BLA/boletinlegal/ HTTP/1.1" 200 -
172.22.2.4 - - [17/Apr/2022:13:40:11 -0500] "GET /BLA/boletinlegal/ HTTP/1.1" 200 61796
216.245.221.92 - - [17/Apr/2022:13:43:15 -0500] "HEAD / HTTP/1.1" 200 -
201.245.192.253 - - [17/Apr/2022:13:42:37 -0500] "POST /kwsrmcab/Wsrmcab HTTP/1.1" 200 44732
201.245.192.253 - - [17/Apr/2022:13:43:27 -0500] "POST /kwsrmcab/Wsrmcab HTTP/1.1" 200 45163
66.249.65.15 - - [17/Apr/2022:13:44:24 -0500] "-" 408 -
172.22.2.4 - - [17/Apr/2022:13:45:01 -0500] "HEAD /BLA/boletinlegal/ HTTP/1.1" 200 -
172.22.2.4 - - [17/Apr/2022:13:45:51 -0500] "GET /BLA/boletinlegal/ HTTP/1.1" 200 58588
216.245.221.92 - - [17/Apr/2022:13:48:15 -0500] "HEAD / HTTP/1.1" 200 -
207.46.13.194 - - [17/Apr/2022:13:50:39 -0500] "GET /secretaria-de-ambiente-abre-ciclo-de-capacitaciones-sobre-techos-verdes-y-jardines-verticales.html HTTP/1.1" 200 1078
192.241.218.25 - - [17/Apr/2022:13:50:46 -0500] "GET /portal/redlion HTTP/1.1" 404 1018
172.22.2.4 - - [17/Apr/2022:13:52:05 -0500] "GET /BLA/boletinlegal/robots.txt HTTP/1.1" 404 1038
172.22.2.4 - - [17/Apr/2022:13:52:07 -0500] "GET /BLA/boletinlegal/jurisprudencia.php HTTP/1.1" 200 17573
172.22.2.4 - - [17/Apr/2022:13:52:13 -0500] "GET /BLA/boletinlegal/doctrina.php HTTP/1.1" 200 5604
62.231.95.186 - - [17/Apr/2022:13:52:35 -0500] "GET /BLA/resoluciones/ HTTP/1.0" 200 13093
216.245.221.92 - - [17/Apr/2022:13:53:15 -0500] "HEAD / HTTP/1.1" 200 -
181.53.13.95 - - [17/Apr/2022:13:54:47 -0500] "GET /kwssiamovil/sm/acme/a?s=U2FsdGVkX18ty0wwrZaDOROeCkYElYywRP0F/Cyn85FvK+q5VgDVxHyfDghdRDEjVIJiS4b626FCcI2+aua+0T8TiAaVL/0RrAYuaIExQyIPjjQ/tRJjhk/UFb2nwsHHFx8VX9kC6+un8Kw3JFllGWd/asMvLSZpwx6V/W7X3kvE/P0TsG47/UiKUK7w8Jncw2gCk9YkOBOKE+b00eZ5hm4hz34EhZD1XEnSbZEoVwRG/euHPUuA9dXeRHA8YZLkzT6lL1yfjxu8HAuGwB+TbHlmXj11vGvLMCMEqAm7EkQ=&u=U2FsdGVkX1+y/fUIq5Gc3n05C5XPWWfwhPDiBuXR7ZaESBPzFQCRKFodQbkPn8fd&y=U2FsdGVkX19EmXwmwKQ9yYj/4O71bQDWcBf5TZzHILMvvEBEq6xMDFH6ldxDN5It HTTP/1.1" 200 25
181.53.13.95 - - [17/Apr/2022:13:54:47 -0500] "GET /kwssiamovil/sm/acme/a?s=U2FsdGVkX19Md4HCYfR2ULAnRjl18AfumbRK/bm+LvfC53+AY0HlAiEQ9ZyS/0pABhqim1fOoAe53sz3ZFqBWiQeCnbEYgpqSiv7DxTJNMAH+9yBsV9wGB3mYEB/CCxAOrkR7zYEo7naGcTiwqKitZC/SAYA4QlbflG2uYmQyyN3WLsCx4FPugo+rrzavbKqrWd21hGLWv8sjde9OqwwWN/wFVjlYjeZzaq1NV3PWzuaezTD0H5ph0rvUsnYTHnre9H1jGihJQ03aTmQETBRFv5Papmh1HmiLDxGmyNd8AV5GJ80UAeaTlbC59qHMN9we6Ftc0nUu36XR7gGC6pZyRAX8XgDex3k0ZoWz+W3vJSDvJ2jFjomwFkO3EbcXpeONiprFCMrbSNlRgA/mTWaRJ2b6G9X+OOx+XFMfb/H1CDRMGYYi4j7Bydc+Qn+9PF1hQB5tFz2Fjxjn+UV+rPRVreIiAD0bnjy2QrMKt6pSGKUN9TjFHvL7FuJgRK4wdUS5F0FE3iIpG3JgLCiuRCG6pmUaYP3ZUe3OQHH8Q6XAyqLGb7eV5q9B9lAZnnz6QDbYKCB+KpYi8tylXt6EruMnTD/q9eAF3HPje/s0E6zk/eKEufkMttD88nLUN1H5Du98ME/JmSfRVC4babttgmWNJWWe21B/ClbP6pdOaW948pXpsGqbsLE4zpJRn+afuhyemIjpeRFxw003zCgmjq7R9m6O0airzCqbghGN5RsBEs/RqG69ZDOtMjQtbXR5sBYOM3+GtJIZvgFsqA7SPTeaXR8SF2mnY1xMMALn1aKNXuRJNNpWc1X2A890IdS9HaAuk4w7o6fz/Lnq7Xw5/fPZeQrdxkNN3kdNW+/vchGG9ErsnrxkSRgaPsB5rRxlqkJy+e5ZY+uKb6m2N3W2mb5Z2inLFuMkZMhBVPr+Kyy+BbDviHKt+vNac/f8RGlUGorzMnbLwW0XZPRUxYd1TRKwJtjFhwgLhP8p/BOoCvB/F3M32+gsKHcoqP9a4BSCJrh4F3TcYhqfjuI5zYRgBW1veGG5+Ae/zTtIhC5udKKWTzNEP1f+rXYIh1Zm8OHgvrbzupk/FIIsQeMtvt3TTcfWvGq6w1222ZvAU0tMH8h6yFVISLCZFgLOUDBXSC3wMf12v5BpaNJSCakxpv+SN6KbzUw6UiuhYK8EEXpqTIL3iolAnoqWwWnbO0fkjosedvsTx58LIXsPykZgiqsZJr0v8b2MmDRKjVvgnPfYtUiPAIADizovHsnPerW94gkfK+UUW0jQHiGRmbvv1WCWV5jo2H6bxWYRdIxQBvV/q8abQRyYwFKpHpgbkl4BCA0K+8waY6TL28fzu5+qx3IusfwTjxahbF8iJZ6sDziPb7t4A0jSwvt+1B/NYD71Pv/QrDRW2vsiMN+7mnIF1cIebpzqnV8tcDehcrOsgrHesS1Fe7/wvmdrREVk5J2XIpumuLNkAJWLoGM/4eJhWJz+rz/TjZMVV0kuLSp4CDCquIgqYIRtI/leA/WlZQe83kznOWeKD9cpU37JRrBuRvFsjP3HEg62la8nl4n/tJLHIlMS+Mha2XbWqmwDHePnZufxZ+7rcsxUBa6mbsZaBcRdzyli7yvK2wUgDmDAcwnEcixYKD/9ECGEhzcb3I+i4pbrzHNCDTzwEE1XoZHLUXrK8VW/h8d7FDNxIjLkgjOgzUCb7dzytq5uxfNuobSbE7+MYkvNhSB5M8+3wBr5UKGVh5IMnY6isWBU+aXZGHXeuMaJr4hIQbRbX+Vz8h0bKHlzCsXLs+/M6AUlHlVJ3K6vlrNZKYwqfffFLCx7LbvrrNhu94edUSOYQE+Wpct5XmFTWaWtxK9G8yKJwJ0n9r5fZWfPYQFdXCgV7sCqZIWHsyk60Hu5FuV/BKcVXTjRvL/zlq5feckFHHwTFJkA61XtvL263xe/EfISqvp8pSyPcX665c=&u=U2FsdGVkX1+y/fUIq5Gc3n05C5XPWWfwhPDiBuXR7ZaESBPzFQCRKFodQbkPn8fd&y=U2FsdGVkX19EmXwmwKQ9yYj/4O71bQDWcBf5TZzHILMvvEBEq6xMDFH6ldxDN5It HTTP/1.1" 200 25
181.53.13.95 - - [17/Apr/2022:13:54:48 -0500] "GET /kwssiamovil/sm/acme/a?s=U2FsdGVkX19+kLcCErUCQ3GD/vbWfg7Du7DKCzPOC0s55pJGAjrp9x3aG8CVgL7K2B3P8fK0xwuN+VYShoee5yMC6fTwZNz3tg1G2OKqCMCjqHwmZTxagedU5PpQ0Ewq29hO9slpIh1kznOLlcKv21AAkO4aIBwVCzNfGyNqubw=&u=U2FsdGVkX1+y/fUIq5Gc3n05C5XPWWfwhPDiBuXR7ZaESBPzFQCRKFodQbkPn8fd&y=U2FsdGVkX19EmXwmwKQ9yYj/4O71bQDWcBf5TZzHILMvvEBEq6xMDFH6ldxDN5It HTTP/1.1" 200 25
181.53.13.95 - - [17/Apr/2022:13:54:48 -0500] "GET /kwssiamovil/sm/acme/a?s=U2FsdGVkX1+MO0l4kh0XghWMChR5k89gVq3QRWfENg0oYl7RHRdU7NwESrsQoXK9Z1gBDYpcEoLVgkMQF7PMn9wUXARmDz+VGpMfDKE8477OrCoxbal9DboOKgCO6XM/nAJx/vYZxg/PmUd9/4d8LidbUrdmel4901Bs2keHxXE=&u=U2FsdGVkX1+y/fUIq5Gc3n05C5XPWWfwhPDiBuXR7ZaESBPzFQCRKFodQbkPn8fd&y=U2FsdGVkX19EmXwmwKQ9yYj/4O71bQDWcBf5TZzHILMvvEBEq6xMDFH6ldxDN5It HTTP/1.1" 200 25
181.53.13.95 - - [17/Apr/2022:13:54:48 -0500] "GET /kwssiamovil/sm/acme/a?s=U2FsdGVkX18cHBER5lNExhvOupD95c6l3NjOl6UvpKMBs/cCL/b8ZKh1guhPgq9ndu8KQWDJI49XF7aLNrjhbFaFoNYvRtKeLklOC+dSeIOZ7U4BSBFvIC8lyJ7f0l1/dqAkFsr96HZGQsMvIr4DVGk7VFcEQziGypwGiIWOWkQ=&u=U2FsdGVkX1+y/fUIq5Gc3n05C5XPWWfwhPDiBuXR7ZaESBPzFQCRKFodQbkPn8fd&y=U2FsdGVkX19EmXwmwKQ9yYj/4O71bQDWcBf5TZzHILMvvEBEq6xMDFH6ldxDN5It HTTP/1.1" 200 25
181.53.13.95 - - [17/Apr/2022:13:54:48 -0500] "GET /kwssiamovil/sm/acme/a?s=U2FsdGVkX19rvVlg9tOcwfJCZlZnnj8SI5Rj6N+1ON2qQFVAjPjEqLyjFy47LPDOiM16tXVFhc+oOFRzvgzxze3tSqhDDuItI3xnnbktwSlYOPNaKttDk4pzMPOj9s/wURD4AinY7modWI+xQpFibRJNWFoEYWD2ZDYK+Gxn6vzr6NMYd9L8B6u+unqU9Mo9uUJya5a9pihQT8RnJOEJcA==&u=U2FsdGVkX1+y/fUIq5Gc3n05C5XPWWfwhPDiBuXR7ZaESBPzFQCRKFodQbkPn8fd&y=U2FsdGVkX19EmXwmwKQ9yYj/4O71bQDWcBf5TZzHILMvvEBEq6xMDFH6ldxDN5It HTTP/1.1" 200 25
172.22.2.4 - - [17/Apr/2022:13:54:55 -0500] "GET /BLA/boletinlegal/sugerencias.php HTTP/1.1" 200 8615
172.22.2.4 - - [17/Apr/2022:13:54:56 -0500] "GET /BLA/boletinlegal/normativa.php HTTP/1.1" 200 8292
192.241.218.119 - - [17/Apr/2022:13:55:22 -0500] "GET /actuator/health HTTP/1.1" 404 1018
216.245.221.92 - - [17/Apr/2022:13:58:15 -0500] "HEAD / HTTP/1.1" 200 -
172.22.2.4 - - [17/Apr/2022:14:00:22 -0500] "GET /BLA/boletinlegal/ HTTP/1.1" 200 49099
172.22.2.4 - - [17/Apr/2022:14:00:22 -0500] "GET /BLA/boletinlegal/ HTTP/1.1" 200 55089
216.245.221.92 - - [17/Apr/2022:14:03:15 -0500] "HEAD / HTTP/1.1" 200 -
207.46.13.115 - - [17/Apr/2022:14:04:04 -0500] "GET /BLA/resoluciones/index.php?dir=AUTOS+2019%2F HTTP/1.1" 200 342653
216.245.221.92 - - [17/Apr/2022:14:08:15 -0500] "HEAD / HTTP/1.1" 200 -
186.30.107.206 - - [17/Apr/2022:14:08:56 -0500] "GET /BLA/resoluciones/ HTTP/1.1" 200 13093
186.30.107.206 - - [17/Apr/2022:14:08:56 -0500] "GET /BLA/resoluciones/dlf/styles.css HTTP/1.1" 200 3049
186.30.107.206 - - [17/Apr/2022:14:08:56 -0500] "GET /BLA/resoluciones/dlf/folder.png HTTP/1.1" 200 410
186.30.107.206 - - [17/Apr/2022:14:08:56 -0500] "GET /BLA/resoluciones/dlf/bg.gif HTTP/1.1" 200 54
186.30.107.206 - - [17/Apr/2022:14:09:00 -0500] "GET /BLA/resoluciones/dlf/dirup.png HTTP/1.1" 200 644
186.30.107.206 - - [17/Apr/2022:14:09:00 -0500] "GET /BLA/resoluciones/dlf/pdf.gif HTTP/1.1" 200 272
186.30.107.206 - - [17/Apr/2022:14:09:00 -0500] "GET /BLA/resoluciones/index.php?dir=AUTOS+2010%2F HTTP/1.1" 200 274821
159.242.234.183 - - [17/Apr/2022:14:12:01 -0500] "GET /.env HTTP/1.1" 404 1018
159.242.234.183 - - [17/Apr/2022:14:12:02 -0500] "POST / HTTP/1.1" 200 319
216.245.221.92 - - [17/Apr/2022:14:13:15 -0500] "HEAD / HTTP/1.1" 200 -
207.46.13.43 - - [17/Apr/2022:14:13:26 -0500] "GET /Publicaciones/2022EE28582.pdf HTTP/1.1" 404 227
172.22.2.4 - - [17/Apr/2022:14:14:05 -0500] "GET /BLA/boletinlegal/jurisprudencia/analisis/analisis%20C-595-2010.doc HTTP/1.1" 200 39424
167.94.146.60 - - [17/Apr/2022:14:15:00 -0500] "GET / HTTP/1.1" 200 319
167.94.146.60 - - [17/Apr/2022:14:15:00 -0500] "GET / HTTP/1.1" 200 319
167.94.146.60 - - [17/Apr/2022:14:15:01 -0500] "PRI * HTTP/2.0" 400 946
217.182.171.12 - - [17/Apr/2022:14:17:41 -0500] "HEAD /BLA/resoluciones/AUTOS%202014/5963.pdf HTTP/1.1" 200 -
216.245.221.92 - - [17/Apr/2022:14:18:15 -0500] "HEAD / HTTP/1.1" 200 -
172.22.2.4 - - [17/Apr/2022:14:17:02 -0500] "GET /BLA/boletinlegal/ HTTP/1.1" 200 63729
66.249.65.17 - - [17/Apr/2022:14:20:26 -0500] "-" 408 -
172.22.2.4 - - [17/Apr/2022:14:20:07 -0500] "GET /BLA/boletinlegal/index.php?s=/Index/\\think\\app/invokefunction&function=call_user_func_array&vars[0]=md5&vars[1][]=HelloThinkPHP21 HTTP/1.1" 200 36811
207.46.13.199 - - [17/Apr/2022:14:21:03 -0500] "GET /BLA/resoluciones/index.php?dir=RESOLUCIONES+2018%2F HTTP/1.1" 200 259872
162.62.61.98 - - [17/Apr/2022:14:22:55 -0500] "GET / HTTP/1.0" 200 319
216.245.221.92 - - [17/Apr/2022:14:23:15 -0500] "HEAD / HTTP/1.1" 200 -
201.245.192.253 - - [17/Apr/2022:14:22:37 -0500] "POST /kwsrmcab/Wsrmcab HTTP/1.1" 200 45786
172.22.2.4 - - [17/Apr/2022:14:22:01 -0500] "HEAD /BLA/boletinlegal/ HTTP/1.1" 200 -
201.245.192.253 - - [17/Apr/2022:14:23:27 -0500] "POST /kwsrmcab/Wsrmcab HTTP/1.1" 200 45324
186.86.145.112 - - [17/Apr/2022:14:24:38 -0500] "GET /catalogoisis/ HTTP/1.1" 200 8575
186.86.145.112 - - [17/Apr/2022:14:24:38 -0500] "GET /catalogoisis/Css/Busqueda.css HTTP/1.1" 200 1995
186.86.145.112 - - [17/Apr/2022:14:24:38 -0500] "GET /catalogoisis/Js/AceptarLimpiar.js HTTP/1.1" 200 331
186.86.145.112 - - [17/Apr/2022:14:24:38 -0500] "GET /catalogoisis/Js/CriterioCombinada.js HTTP/1.1" 200 1843
186.86.145.112 - - [17/Apr/2022:14:24:38 -0500] "GET /catalogoisis/Js/Cookies.js HTTP/1.1" 200 1369
186.86.145.112 - - [17/Apr/2022:14:24:38 -0500] "GET /catalogoisis/Js/LimpiarCombinada.js HTTP/1.1" 200 207
186.86.145.112 - - [17/Apr/2022:14:24:38 -0500] "GET /catalogoisis/Js/Remote.js HTTP/1.1" 200 436
186.86.145.112 - - [17/Apr/2022:14:24:38 -0500] "GET /catalogoisis/Js/Go.js HTTP/1.1" 200 364
186.86.145.112 - - [17/Apr/2022:14:24:38 -0500] "GET /catalogoisis/Js/Enter.js HTTP/1.1" 200 1208
186.86.145.112 - - [17/Apr/2022:14:24:38 -0500] "GET /catalogoisis/Js/Numero.js HTTP/1.1" 200 398
186.86.145.112 - - [17/Apr/2022:14:24:38 -0500] "GET /catalogoisis/imagenes/br1c1.gif HTTP/1.1" 200 172
186.86.145.112 - - [17/Apr/2022:14:24:38 -0500] "GET /catalogoisis/imagenes/Turnbo1.gif HTTP/1.1" 200 227
186.86.145.112 - - [17/Apr/2022:14:24:38 -0500] "GET /catalogoisis/imagenes/aceptar1.gif HTTP/1.1" 200 604
186.86.145.112 - - [17/Apr/2022:14:24:38 -0500] "GET /catalogoisis/imagenes/br1c3.gif HTTP/1.1" 200 302
186.86.145.112 - - [17/Apr/2022:14:24:38 -0500] "GET /catalogoisis/imagenes/limpiar1.gif HTTP/1.1" 200 606
186.86.145.112 - - [17/Apr/2022:14:24:38 -0500] "GET /catalogoisis/imagenes/Header.gif HTTP/1.1" 200 30313
186.86.145.112 - - [17/Apr/2022:14:24:38 -0500] "GET /catalogoisis/imagenes/br1c2.gif HTTP/1.1" 200 297
186.86.145.112 - - [17/Apr/2022:14:24:38 -0500] "GET /catalogoisis/imagenes/br3c3.gif HTTP/1.1" 200 186
186.86.145.112 - - [17/Apr/2022:14:24:38 -0500] "GET /catalogoisis/imagenes/br2c3.gif HTTP/1.1" 200 416
186.86.145.112 - - [17/Apr/2022:14:24:38 -0500] "GET /catalogoisis/imagenes/br2c1.gif HTTP/1.1" 200 297
186.86.145.112 - - [17/Apr/2022:14:24:38 -0500] "GET /catalogoisis/imagenes/br2c2.gif HTTP/1.1" 200 302
186.86.145.112 - - [17/Apr/2022:14:24:38 -0500] "GET /catalogoisis/imagenes/br3c2.gif HTTP/1.1" 200 285
186.86.145.112 - - [17/Apr/2022:14:24:38 -0500] "GET /catalogoisis/imagenes/br3c1.gif HTTP/1.1" 200 177
186.86.145.112 - - [17/Apr/2022:14:24:38 -0500] "GET /favicon.ico HTTP/1.1" 200 7782
172.22.2.4 - - [17/Apr/2022:14:22:59 -0500] "GET /BLA/boletinlegal/ HTTP/1.1" 200 61416
186.86.145.112 - - [17/Apr/2022:14:25:26 -0500] "GET /catalogoisis/imagenes/aceptar2.gif HTTP/1.1" 200 586
186.86.145.112 - - [17/Apr/2022:14:25:30 -0500] "GET /catalogoisis/Diccionario.php?i=5&form=0&element=9&prefix=&first=yes HTTP/1.1" 200 4194
186.86.145.112 - - [17/Apr/2022:14:25:30 -0500] "GET /catalogoisis/Css/Diccionario.css HTTP/1.1" 200 1478
186.86.145.112 - - [17/Apr/2022:14:25:30 -0500] "GET /catalogoisis/Js/CriterioDiccionario.js HTTP/1.1" 200 608
186.86.145.112 - - [17/Apr/2022:14:25:30 -0500] "GET /catalogoisis/Js/Diccionario.js HTTP/1.1" 200 999
186.86.145.112 - - [17/Apr/2022:14:25:30 -0500] "GET /catalogoisis/Js/LimpiarDiccionario.js HTTP/1.1" 200 98
186.86.145.112 - - [17/Apr/2022:14:25:52 -0500] "GET /catalogoisis/imagenes/limpiar2.gif HTTP/1.1" 200 589
186.86.145.112 - - [17/Apr/2022:14:25:52 -0500] "GET /catalogoisis/imagenes/aceptar2.gif HTTP/1.1" 200 586
207.46.13.43 - - [17/Apr/2022:14:25:57 -0500] "GET /BLA/resoluciones/RESOLUCIONES%202021/5262.pdf HTTP/1.1" 304 -
216.245.221.92 - - [17/Apr/2022:14:28:15 -0500] "HEAD / HTTP/1.1" 200 -
172.22.2.4 - - [17/Apr/2022:14:27:51 -0500] "HEAD /BLA/boletinlegal/ HTTP/1.1" 200 -
172.22.2.4 - - [17/Apr/2022:14:28:42 -0500] "GET /BLA/boletinlegal/ HTTP/1.1" 200 60932
172.22.2.4 - - [17/Apr/2022:14:31:13 -0500] "GET /BLA/boletinlegal/ HTTP/1.1" 200 32715
172.22.2.4 - - [17/Apr/2022:14:32:08 -0500] "GET /BLA/boletinlegal/?XDEBUG_SESSION_START=phpstorm HTTP/1.1" 200 32715
216.245.221.92 - - [17/Apr/2022:14:33:15 -0500] "HEAD / HTTP/1.1" 200 -
201.245.192.253 - - [17/Apr/2022:14:32:37 -0500] "POST /kwsrmcab/Wsrmcab HTTP/1.1" 200 45786
40.77.167.29 - - [17/Apr/2022:14:33:55 -0500] "GET /BLA/resoluciones/index.php?dir=RESOLUCIONES+2017%2F HTTP/1.1" 200 278835
201.245.192.253 - - [17/Apr/2022:14:33:27 -0500] "POST /kwsrmcab/Wsrmcab HTTP/1.1" 200 45324
172.22.2.4 - - [17/Apr/2022:14:33:41 -0500] "HEAD /BLA/boletinlegal/ HTTP/1.1" 200 -
207.46.13.199 - - [17/Apr/2022:14:35:26 -0500] "GET /Publicaciones/2022EE22766.pdf HTTP/1.1" 404 227
172.22.2.4 - - [17/Apr/2022:14:34:34 -0500] "GET /BLA/boletinlegal/ HTTP/1.1" 200 59170
173.252.95.22 - - [17/Apr/2022:14:37:22 -0500] "GET /secretaria-de-ambiente-rechaza-actos-que-habrian-podido-afectar-la-fauna-y-flora-en-el-humedal-jaboque.html HTTP/1.1" 206 1121
173.252.95.9 - - [17/Apr/2022:14:37:22 -0500] "GET /secretaria-de-ambiente-rechaza-actos-que-habrian-podido-afectar-la-fauna-y-flora-en-el-humedal-jaboque.html HTTP/1.1" 206 1121
216.245.221.92 - - [17/Apr/2022:14:38:15 -0500] "HEAD / HTTP/1.1" 200 -
207.46.13.115 - - [17/Apr/2022:14:40:07 -0500] "GET /BLA/resoluciones/index.php?dir=AUTOS+2019%2F HTTP/1.1" 200 342653
117.68.195.132 - - [17/Apr/2022:14:41:24 -0500] "GET / HTTP/1.1" 200 319
207.46.13.115 - - [17/Apr/2022:14:41:45 -0500] "GET /bla/resoluciones/notificaciones/autos%202020/4072.pdf HTTP/1.1" 200 372822
186.102.22.72 - - [17/Apr/2022:14:41:55 -0500] "-" 408 -
172.22.2.4 - - [17/Apr/2022:14:42:59 -0500] "POST /BLA/boletinlegal/GponForm/diag_Form?style/ HTTP/1.1" 404 1015
216.245.221.92 - - [17/Apr/2022:14:43:15 -0500] "HEAD / HTTP/1.1" 200 -
201.245.192.253 - - [17/Apr/2022:14:42:37 -0500] "POST /kwsrmcab/Wsrmcab HTTP/1.1" 200 45786
172.22.2.4 - - [17/Apr/2022:14:41:50 -0500] "GET /BLA/boletinlegal/ HTTP/1.1" 200 55089
172.22.2.4 - - [17/Apr/2022:14:41:52 -0500] "GET /BLA/boletinlegal/ HTTP/1.1" 200 55089
66.249.65.15 - - [17/Apr/2022:14:43:45 -0500] "-" 408 -
201.245.192.253 - - [17/Apr/2022:14:43:27 -0500] "POST /kwsrmcab/Wsrmcab HTTP/1.1" 200 45324
181.54.236.49 - - [17/Apr/2022:14:45:29 -0500] "GET /appsia/controlador HTTP/1.1" 200 4799
181.54.236.49 - - [17/Apr/2022:14:45:29 -0500] "GET /appsia/css/estilos.css HTTP/1.1" 200 4804
181.54.236.49 - - [17/Apr/2022:14:45:30 -0500] "GET /appsia/scripts/validarIngreso.js HTTP/1.1" 200 851
181.54.236.49 - - [17/Apr/2022:14:45:30 -0500] "GET /appsia/images/cabezoteHojaVida.png HTTP/1.1" 200 32493
181.54.236.49 - - [17/Apr/2022:14:45:30 -0500] "GET /appsia/images/logo_bogota_p.png HTTP/1.1" 200 14951
181.54.236.49 - - [17/Apr/2022:14:45:32 -0500] "GET /favicon.ico HTTP/1.1" 200 7782
181.54.236.49 - - [17/Apr/2022:14:45:41 -0500] "POST /appsia/controlador HTTP/1.1" 200 3601
181.54.236.49 - - [17/Apr/2022:14:45:41 -0500] "GET /appsia/jscripts/validarSolicitud.js HTTP/1.1" 404 68
181.54.236.49 - - [17/Apr/2022:14:45:46 -0500] "POST /appsia/controlador HTTP/1.1" 200 4799
207.46.13.43 - - [17/Apr/2022:14:45:59 -0500] "GET /Publicaciones/2022EE24913.pdf HTTP/1.1" 404 227
181.54.236.49 - - [17/Apr/2022:14:46:02 -0500] "POST /appsia/controlador HTTP/1.1" 200 4621
181.54.236.49 - - [17/Apr/2022:14:46:55 -0500] "POST /appsia/controlador HTTP/1.1" 200 7731
181.54.236.49 - - [17/Apr/2022:14:46:56 -0500] "GET /appsia/images/logo_escudo.png HTTP/1.1" 200 36965
172.22.2.4 - - [17/Apr/2022:14:45:21 -0500] "HEAD /BLA/boletinlegal/ HTTP/1.1" 200 -
172.22.2.4 - - [17/Apr/2022:14:46:12 -0500] "GET /BLA/boletinlegal/ HTTP/1.1" 200 58588
216.245.221.92 - - [17/Apr/2022:14:48:15 -0500] "HEAD / HTTP/1.1" 200 -
181.54.236.49 - - [17/Apr/2022:14:48:46 -0500] "GET /appsia/controlador HTTP/1.1" 200 4621
181.54.236.49 - - [17/Apr/2022:14:48:51 -0500] "POST /appsia/controlador HTTP/1.1" 200 7731
181.54.236.49 - - [17/Apr/2022:14:48:56 -0500] "POST /appsia/controlador HTTP/1.1" 200 4621
164.92.138.224 - - [17/Apr/2022:14:50:07 -0500] "GET / HTTP/1.0" 200 319
172.22.2.4 - - [17/Apr/2022:14:51:11 -0500] "HEAD /BLA/boletinlegal/ HTTP/1.1" 200 -
216.245.221.92 - - [17/Apr/2022:14:53:15 -0500] "HEAD / HTTP/1.1" 200 -
172.22.2.4 - - [17/Apr/2022:14:52:01 -0500] "GET /BLA/boletinlegal/ HTTP/1.1" 200 59170
173.252.87.1 - - [17/Apr/2022:14:55:25 -0500] "GET /images/Acuerdos1.jpeg HTTP/1.1" 200 59889
216.245.221.92 - - [17/Apr/2022:14:58:15 -0500] "HEAD / HTTP/1.1" 200 -
172.22.2.4 - - [17/Apr/2022:14:57:01 -0500] "HEAD /BLA/boletinlegal/ HTTP/1.1" 200 -
172.22.2.4 - - [17/Apr/2022:14:59:03 -0500] "GET /BLA/boletinlegal/norma_menu.php HTTP/1.1" 200 6318
172.22.2.4 - - [17/Apr/2022:14:59:17 -0500] "GET /BLA/boletinlegal/swfobject.js HTTP/1.1" 200 9763
172.22.2.4 - - [17/Apr/2022:14:59:21 -0500] "GET /BLA/boletinlegal/js/ajax.js HTTP/1.1" 200 772
172.22.2.4 - - [17/Apr/2022:14:59:24 -0500] "GET /BLA/boletinlegal/styles2.css HTTP/1.1" 200 1838
151.238.9.184 - - [17/Apr/2022:15:00:24 -0500] "GET / HTTP/1.1" 200 319
172.22.2.4 - - [17/Apr/2022:14:59:11 -0500] "GET /BLA/boletinlegal/ HTTP/1.1" 200 60105
172.22.2.4 - - [17/Apr/2022:15:00:01 -0500] "GET /BLA/boletinlegal/ HTTP/1.1" 200 60105
190.130.97.22 - - [17/Apr/2022:15:02:08 -0500] "GET /documents/10184/2325415/pieza-concurso-buenas-practicas-20-septiembre.jpg HTTP/1.1" 404 1030
66.249.65.17 - - [17/Apr/2022:15:03:08 -0500] "-" 408 -
216.245.221.92 - - [17/Apr/2022:15:03:15 -0500] "HEAD / HTTP/1.1" 200 -
172.22.2.4 - - [17/Apr/2022:15:02:51 -0500] "HEAD /BLA/boletinlegal/ HTTP/1.1" 200 -
172.22.2.4 - - [17/Apr/2022:15:03:41 -0500] "GET /BLA/boletinlegal/ HTTP/1.1" 200 59170
216.245.221.92 - - [17/Apr/2022:15:08:15 -0500] "HEAD / HTTP/1.1" 200 -
157.55.39.145 - - [17/Apr/2022:15:08:16 -0500] "GET /Publicaciones/2022EE20510.pdf HTTP/1.1" 404 227
217.182.171.12 - - [17/Apr/2022:15:08:49 -0500] "HEAD /BLA/resoluciones/AUTOS 2013/1090.pdf HTTP/1.1" 404 -
66.220.149.12 - - [17/Apr/2022:15:09:43 -0500] "GET /images/caminos-cerros-orientales-7-abril.jpg HTTP/1.1" 200 80138
66.220.149.27 - - [17/Apr/2022:15:10:21 -0500] "GET /images/caminos-cerros-orientales-7-abril.jpg HTTP/1.1" 200 80138
172.22.2.4 - - [17/Apr/2022:15:08:41 -0500] "HEAD /BLA/boletinlegal/ HTTP/1.1" 200 -
172.22.2.4 - - [17/Apr/2022:15:09:33 -0500] "GET /BLA/boletinlegal/ HTTP/1.1" 200 59170
40.77.167.29 - - [17/Apr/2022:15:12:10 -0500] "GET / HTTP/1.1" 200 319
40.77.167.14 - - [17/Apr/2022:15:13:12 -0500] "GET /portaldeninos/humedal-capellania-2/ HTTP/1.1" 200 80528
216.245.221.92 - - [17/Apr/2022:15:13:15 -0500] "HEAD / HTTP/1.1" 200 -
207.46.13.178 - - [17/Apr/2022:15:13:38 -0500] "GET /portaldeninos/wp-content/themes/betheme/assets/animations/animations.min.css?ver=20.9.6 HTTP/1.1" 200 58508
40.77.167.9 - - [17/Apr/2022:15:13:40 -0500] "GET /portaldeninos/wp-content/plugins/gallery-videos/CSS/totalsoft.css?ver=4.9.8 HTTP/1.1" 200 40622
157.55.39.211 - - [17/Apr/2022:15:13:40 -0500] "GET /portaldeninos/wp-content/themes/betheme/assets/jplayer/jplayer.min.js?ver=20.9.6 HTTP/1.1" 200 52702
207.46.13.178 - - [17/Apr/2022:15:13:41 -0500] "GET /portaldeninos/wp-includes/js/jquery/ui/accordion.min.js?ver=1.11.4 HTTP/1.1" 200 8584
207.46.13.186 - - [17/Apr/2022:15:13:41 -0500] "GET /portaldeninos/wp-content/themes/betheme/assets/animations/animations.min.js?ver=20.9.6 HTTP/1.1" 200 1896
40.77.167.9 - - [17/Apr/2022:15:13:42 -0500] "GET /portaldeninos/wp-content/themes/betheme/assets/ui/jquery.ui.all.css?ver=20.9.6 HTTP/1.1" 200 18765
157.55.39.211 - - [17/Apr/2022:15:13:42 -0500] "GET /portaldeninos/wp-content/themes/betheme/fonts/mfn-icons.ttf?93978679 HTTP/1.1" 200 124684
207.46.13.178 - - [17/Apr/2022:15:13:43 -0500] "GET /portaldeninos/wp-includes/js/wp-embed.min.js?ver=4.9.8 HTTP/1.1" 200 1398
40.77.167.9 - - [17/Apr/2022:15:13:44 -0500] "GET /portaldeninos/wp-content/themes/betheme/css/layout.css?ver=20.9.6 HTTP/1.1" 200 116639
207.46.13.186 - - [17/Apr/2022:15:13:44 -0500] "GET /portaldeninos/wp-content/themes/betheme/css/shortcodes.css?ver=20.9.6 HTTP/1.1" 200 138889
157.55.39.211 - - [17/Apr/2022:15:13:45 -0500] "GET /portaldeninos/wp-content/themes/betheme/js/plugins.js?ver=20.9.6 HTTP/1.1" 200 197151
207.46.13.186 - - [17/Apr/2022:15:13:47 -0500] "GET /portaldeninos/wp-content/themes/betheme/style.css?ver=20.9.6 HTTP/1.1" 200 287
207.46.13.194 - - [17/Apr/2022:15:13:47 -0500] "GET /portaldeninos/wp-content/plugins/gallery-videos/CSS/Total-Soft-Gallery-Video-Widget.css?ver=4.9.8 HTTP/1.1" 200 51554
40.77.167.9 - - [17/Apr/2022:15:13:47 -0500] "GET /portaldeninos/wp-content/themes/betheme/js/scripts.js?ver=20.9.6 HTTP/1.1" 200 77162
157.55.39.211 - - [17/Apr/2022:15:13:48 -0500] "GET /portaldeninos/wp-includes/js/wp-emoji-release.min.js?ver=4.9.8 HTTP/1.1" 200 12026
207.46.13.186 - - [17/Apr/2022:15:13:49 -0500] "GET /portaldeninos/wp-includes/js/jquery/ui/core.min.js?ver=1.11.4 HTTP/1.1" 200 4000
207.46.13.194 - - [17/Apr/2022:15:13:50 -0500] "GET /portaldeninos/wp-content/plugins/gallery-videos/JS/modernizr.custom.js?ver=4.9.8 HTTP/1.1" 200 9019
40.77.167.9 - - [17/Apr/2022:15:13:51 -0500] "GET /portaldeninos/wp-content/uploads/useanyfont/uaf.css?ver=1589905315 HTTP/1.1" 200 408
207.46.13.194 - - [17/Apr/2022:15:13:53 -0500] "GET /portaldeninos/wp-content/themes/betheme/assets/jplayer/css/jplayer.blue.monday.css?ver=20.9.6 HTTP/1.1" 200 9834
207.46.13.194 - - [17/Apr/2022:15:13:56 -0500] "GET /portaldeninos/wp-includes/js/jquery/jquery-migrate.min.js?ver=1.4.1 HTTP/1.1" 200 10056
207.46.13.115 - - [17/Apr/2022:15:14:00 -0500] "GET /BLA/resoluciones/index.php?dir=AUTOS+2019%2F HTTP/1.1" 200 342653
172.22.2.4 - - [17/Apr/2022:15:14:57 -0500] "HEAD /BLA/boletinlegal/ HTTP/1.1" 200 -
172.22.2.4 - - [17/Apr/2022:15:16:07 -0500] "GET /BLA/boletinlegal/ HTTP/1.1" 200 62201
216.245.221.92 - - [17/Apr/2022:15:18:15 -0500] "HEAD / HTTP/1.1" 200 -
207.46.13.115 - - [17/Apr/2022:15:21:30 -0500] "GET /catalogoisis/ HTTP/1.1" 200 8575
172.22.2.4 - - [17/Apr/2022:15:20:47 -0500] "HEAD /BLA/boletinlegal/ HTTP/1.1" 200 -
216.245.221.92 - - [17/Apr/2022:15:23:15 -0500] "HEAD / HTTP/1.1" 200 -
172.22.2.4 - - [17/Apr/2022:15:21:37 -0500] "GET /BLA/boletinlegal/ HTTP/1.1" 200 60932
201.245.192.253 - - [17/Apr/2022:15:22:37 -0500] "POST /kwsrmcab/Wsrmcab HTTP/1.1" 200 45629
201.245.192.253 - - [17/Apr/2022:15:23:23 -0500] "POST /kwsrmcab/Wsrmcab HTTP/1.1" 200 45330
172.22.2.4 - - [17/Apr/2022:15:24:55 -0500] "GET /BLA/boletinlegal/jurisprudencia/analisis/CUADRO%20ANALISIS%20SENTENCIA%20T-411%20DE%201992.doc HTTP/1.1" 200 41984
172.22.2.4 - - [17/Apr/2022:15:27:27 -0500] "GET /BLA/boletinlegal/actos.php/js/jquery1.js HTTP/1.1" 200 9559
216.245.221.92 - - [17/Apr/2022:15:28:15 -0500] "HEAD / HTTP/1.1" 200 -
172.22.2.4 - - [17/Apr/2022:15:26:37 -0500] "HEAD /BLA/boletinlegal/ HTTP/1.1" 200 -
172.22.2.4 - - [17/Apr/2022:15:27:27 -0500] "GET /BLA/boletinlegal/ HTTP/1.1" 200 57542
40.77.188.244 - - [17/Apr/2022:15:29:37 -0500] "GET /portaldeninos/wp-includes/js/jquery/ui/tabs.min.js?ver=1.11.4 HTTP/1.1" 200 12110
40.77.188.244 - - [17/Apr/2022:15:29:38 -0500] "GET /portaldeninos/wp-content/themes/betheme/fonts/mfn-icons.woff?93978679 HTTP/1.1" 200 80932
35.204.113.184 - - [17/Apr/2022:15:31:42 -0500] "GET / HTTP/1.1" 200 319
62.231.95.186 - - [17/Apr/2022:15:32:04 -0500] "-" 408 -
216.245.221.92 - - [17/Apr/2022:15:33:15 -0500] "HEAD / HTTP/1.1" 200 -
201.245.192.253 - - [17/Apr/2022:15:32:37 -0500] "POST /kwsrmcab/Wsrmcab HTTP/1.1" 200 45629
172.22.2.4 - - [17/Apr/2022:15:32:27 -0500] "HEAD /BLA/boletinlegal/ HTTP/1.1" 200 -
201.245.192.253 - - [17/Apr/2022:15:33:27 -0500] "POST /kwsrmcab/Wsrmcab HTTP/1.1" 200 45330
172.22.2.4 - - [17/Apr/2022:15:33:17 -0500] "GET /BLA/boletinlegal/ HTTP/1.1" 200 59170
172.22.2.4 - - [17/Apr/2022:15:35:58 -0500] "GET /BLA/boletinlegal/ HTTP/1.1" 200 63342
216.245.221.92 - - [17/Apr/2022:15:38:15 -0500] "HEAD / HTTP/1.1" 200 -
172.22.2.4 - - [17/Apr/2022:15:39:44 -0500] "GET /BLA/boletinlegal/Circulares/2022/CIRCULAR%20No.%2000003%20DEL%2007%20DE%20MARZO%20DEL%202022.pdf HTTP/1.1" 404 1038
172.22.2.4 - - [17/Apr/2022:15:39:47 -0500] "GET /BLA/boletinlegal/Circulares/2021/CIRCULAR%20No.%2000009%20DEL%2001%20DE%20OCTUBRE%20DEL%202021.pdf HTTP/1.1" 200 320793
172.22.2.4 - - [17/Apr/2022:15:39:56 -0500] "GET /BLA/boletinlegal/Circulares/2021/CIRCULAR%20No.%2000007%20DEL%2010%20DE%20AGOSTO%20DEL%202021.pdf HTTP/1.1" 200 266364
172.22.2.4 - - [17/Apr/2022:15:38:17 -0500] "HEAD /BLA/boletinlegal/ HTTP/1.1" 200 -
172.22.2.4 - - [17/Apr/2022:15:40:01 -0500] "GET /BLA/boletinlegal/Circulares/2021/CIRCULAR%20No.%2000006%20DEL%2005%20DE%20AGOSTO%20DEL%202021.pdf HTTP/1.1" 200 249615
172.22.2.4 - - [17/Apr/2022:15:40:07 -0500] "GET /BLA/boletinlegal/Circulares/2020/Circular%20No.%2000018%20del%2002%20de%20diciembre%20del%202020.pdf HTTP/1.1" 200 276868
172.22.2.4 - - [17/Apr/2022:15:40:12 -0500] "GET /BLA/boletinlegal/Circulares/2020/Circular%2000010%20del%2027%20de%20julio%20de%202020.pdf HTTP/1.1" 200 422655
172.22.2.4 - - [17/Apr/2022:15:40:18 -0500] "GET /BLA/boletinlegal/Circulares/2020/CIRCULAR%20No.%2000019%20DEL%2018%20DE%20DICIEMBRE%20DEL%202020.pdf HTTP/1.1" 200 307959
172.22.2.4 - - [17/Apr/2022:15:40:22 -0500] "GET /BLA/boletinlegal/Circulares/2020/CIRCULAR%20No.%2000014%20del%2001%20de%20septiembre%20del%202020.pdf HTTP/1.1" 200 320826
172.22.2.4 - - [17/Apr/2022:15:40:28 -0500] "GET /BLA/boletinlegal/Circulares/2019/Circular%20No.%2012%20del%2014%20de%20Marzo%20de%202019.pdf HTTP/1.1" 200 344384
172.22.2.4 - - [17/Apr/2022:15:40:32 -0500] "GET /BLA/boletinlegal/Circulares/2019/Circular%20No.%20006%20del%2008%20de%20Febrero%20de%202019.pdf HTTP/1.1" 200 674401
172.22.2.4 - - [17/Apr/2022:15:40:39 -0500] "GET /BLA/boletinlegal/Circulares/2019/Circular%20No.%200015%20del%2003%20de%20Octubre%20de%202019.pdf HTTP/1.1" 200 165608
172.22.2.4 - - [17/Apr/2022:15:40:44 -0500] "GET /BLA/boletinlegal/Circulares/2019/Circular%20No.%200005%20del%2020%20de%20Marzo%20de%202019.pdf HTTP/1.1" 200 159877
172.22.2.4 - - [17/Apr/2022:15:39:07 -0500] "GET /BLA/boletinlegal/ HTTP/1.1" 200 59170
172.22.2.4 - - [17/Apr/2022:15:40:48 -0500] "GET /BLA/boletinlegal/Circulares/2019/Circular%20No.%200003%20del%2031%20de%20Enero%20de%202019.pdf HTTP/1.1" 200 164676
172.22.2.4 - - [17/Apr/2022:15:40:54 -0500] "GET /BLA/boletinlegal/Circulares/2019/Circular%2000020%20del%2020%20de%20diciembre%20de%202019.pdf HTTP/1.1" 200 145170
172.22.2.4 - - [17/Apr/2022:15:40:59 -0500] "GET /BLA/boletinlegal/Circulares/2019/Circular%2000018%20del%2020%20de%20noviembre%20de%202019.pdf HTTP/1.1" 200 158030
172.22.2.4 - - [17/Apr/2022:15:41:04 -0500] "GET /BLA/boletinlegal/Circulares/2019/.pdf HTTP/1.1" 404 1218
172.22.2.4 - - [17/Apr/2022:15:41:06 -0500] "GET /BLA/boletinlegal/Circulares/2018/Circular%20No.%2011%20del%2024%20de%20Septiembre%20de%202018.pdf HTTP/1.1" 200 169541
172.22.2.4 - - [17/Apr/2022:15:41:12 -0500] "GET /BLA/boletinlegal/Circulares/2018/Circular%20No.%2010%20del%2021%20de%20Septiembre%20de%202018.pdf HTTP/1.1" 200 163426
172.22.2.4 - - [17/Apr/2022:15:41:19 -0500] "GET /BLA/boletinlegal/Circulares/2018/Circular%20No.%200015%20del%207%20de%20Diciembre%20de%202018.pdf HTTP/1.1" 200 165305
172.22.2.4 - - [17/Apr/2022:15:41:27 -0500] "GET /BLA/boletinlegal/Circulares/2018/CIRCULAR%20COJUNTA%20042%20DE%202018.pdf HTTP/1.1" 200 515008
172.22.2.4 - - [17/Apr/2022:15:41:35 -0500] "GET /BLA/boletinlegal/Circulares/2017/Circular%20No.%202%20del%201%20de%20Septiembre%20de%202017.pdf HTTP/1.1" 200 152575
172.22.2.4 - - [17/Apr/2022:15:41:38 -0500] "GET /BLA/boletinlegal/Circulares/2017/Circular%20No.%201%20del%2030%20de%20Marzo%20de%202017.pdf HTTP/1.1" 200 668532
172.22.2.4 - - [17/Apr/2022:15:41:43 -0500] "GET /BLA/boletinlegal/Circulares/2017/Circular%20No.%2007%20del%2028%20de%20Abril%20de%202017.pdf HTTP/1.1" 200 309906
172.22.2.4 - - [17/Apr/2022:15:41:48 -0500] "GET /BLA/boletinlegal/Circulares/2017/Circular%20No.%20011%20del%2005%20de%20julio%20de%202017.pdf HTTP/1.1" 200 965526
172.22.2.4 - - [17/Apr/2022:15:41:54 -0500] "GET /BLA/boletinlegal/Circulares/2015/Circular%20No.%202%20del%201%20de%20julio%20de%202015.pdf HTTP/1.1" 200 752890
172.22.2.4 - - [17/Apr/2022:15:41:59 -0500] "GET /BLA/boletinlegal/Circulares/2015/Circular%20No.%201%20del%2010%20de%20Febrero%20de%202015.pdf HTTP/1.1" 200 660637
172.22.2.4 - - [17/Apr/2022:15:42:05 -0500] "GET /BLA/boletinlegal/Circulares/2014/Circular%20No.%203%20del%2014%20de%20Noviembre%20de%202014.pdf HTTP/1.1" 200 104132
172.22.2.4 - - [17/Apr/2022:15:42:09 -0500] "GET /BLA/boletinlegal/Circulares/2014/Circular%20No.%202%20del%2021%20de%20septiembre%20de%202014.pdf HTTP/1.1" 200 143376
172.22.2.4 - - [17/Apr/2022:15:42:14 -0500] "GET /BLA/boletinlegal/Circulares/2014/Circular%20No.%201%20del%2008%20de%20Mayo%20de%202014.pdf HTTP/1.1" 200 180124
172.22.2.4 - - [17/Apr/2022:15:42:19 -0500] "GET /BLA/boletinlegal/Circulares/2013/Circular%20No.%208%20del%201%20de%20Noviembre%20de%202013.pdf HTTP/1.1" 200 385156
172.22.2.4 - - [17/Apr/2022:15:42:25 -0500] "GET /BLA/boletinlegal/Circulares/2013/Circular%20No.%207%20del%201%20de%20Agosto%20de%202013.pdf HTTP/1.1" 200 340934
172.22.2.4 - - [17/Apr/2022:15:42:30 -0500] "GET /BLA/boletinlegal/Circulares/2013/Circular%20No.%206%20del%2019%20de%20julio%20de%202013.pdf HTTP/1.1" 200 4210437
172.22.2.4 - - [17/Apr/2022:15:43:01 -0500] "GET /BLA/boletinlegal/Circulares/2013/Circular%20No.%205%20del%2013%20de%20junio%20de%202013.pdf HTTP/1.1" 200 110904
172.22.2.4 - - [17/Apr/2022:15:43:07 -0500] "GET /BLA/boletinlegal/Circulares/2013/Circular%20No.%204%20del%2005%20de%20junio%20de%202013.pdf HTTP/1.1" 200 130461
172.22.2.4 - - [17/Apr/2022:15:43:13 -0500] "GET /BLA/boletinlegal/Circulares/2013/Circular%20No.%203%20del%2005%20de%20abril%20de%202013.pdf HTTP/1.1" 200 93580
216.245.221.92 - - [17/Apr/2022:15:43:15 -0500] "HEAD / HTTP/1.1" 200 -
172.22.2.4 - - [17/Apr/2022:15:43:18 -0500] "GET /BLA/boletinlegal/Circulares/2013/Circular%20No.%202%20del%2022%20de%20enero%20de%202013.pdf HTTP/1.1" 200 85466
172.22.2.4 - - [17/Apr/2022:15:43:24 -0500] "GET /BLA/boletinlegal/Circulares/2013/Circular%20No.%201%20del%2014%20de%20enero%20de%202013.pdf HTTP/1.1" 200 1298384
201.245.192.253 - - [17/Apr/2022:15:42:37 -0500] "POST /kwsrmcab/Wsrmcab HTTP/1.1" 200 45629
172.22.2.4 - - [17/Apr/2022:15:43:32 -0500] "GET /BLA/boletinlegal/Circulares/2012/Circular%20No.%209%20del%2021%20de%20Agosto%20de%202012.pdf HTTP/1.1" 200 1402289
172.22.2.4 - - [17/Apr/2022:15:43:38 -0500] "GET /BLA/boletinlegal/Circulares/2012/Circular%20No.%208%20del%2021%20de%20Agosto%20de%202012.pdf HTTP/1.1" 200 963197
172.22.2.4 - - [17/Apr/2022:15:43:47 -0500] "GET /BLA/boletinlegal/Circulares/2012/Circular%20No.%207%20del%2008%20de%20Agosto%20de%202012.pdf HTTP/1.1" 200 972955
172.22.2.4 - - [17/Apr/2022:15:43:55 -0500] "GET /BLA/boletinlegal/Circulares/2012/Circular%20No.%206%20del%2025%20de%20Mayo%20de%202012.pdf HTTP/1.1" 200 387391
172.22.2.4 - - [17/Apr/2022:15:44:02 -0500] "GET /BLA/boletinlegal/Circulares/2012/Circular%20No.%205%20del%2027%20de%20Abril%20de%202012.pdf HTTP/1.1" 200 216613
66.249.65.15 - - [17/Apr/2022:15:44:04 -0500] "-" 408 -
172.22.2.4 - - [17/Apr/2022:15:44:10 -0500] "GET /BLA/boletinlegal/Circulares/2012/Circular%20No.%204%20del%2019%20de%20abril%20de%202012.pdf HTTP/1.1" 200 253045
201.245.192.253 - - [17/Apr/2022:15:43:27 -0500] "POST /kwsrmcab/Wsrmcab HTTP/1.1" 200 45330
172.22.2.4 - - [17/Apr/2022:15:44:18 -0500] "GET /BLA/boletinlegal/Circulares/2012/Circular%20No.%203%20del%2023%20de%20Marzo%20de%202012.pdf HTTP/1.1" 200 572950
172.22.2.4 - - [17/Apr/2022:15:44:24 -0500] "GET /BLA/boletinlegal/Circulares/2012/Circular%20No.%202%20del%2014%20de%20Marzo%20de%202012.pdf HTTP/1.1" 200 113666
172.22.2.4 - - [17/Apr/2022:15:44:30 -0500] "GET /BLA/boletinlegal/Circulares/2012/Circular%20No.%2016%20del%2022%20de%20octubre%20de%202012.pdf HTTP/1.1" 200 381186
172.22.2.4 - - [17/Apr/2022:15:44:36 -0500] "GET /BLA/boletinlegal/Circulares/2012/Circular%20No.%2015%20del%2022%20de%20octubre%20de%202012.pdf HTTP/1.1" 200 486506
172.22.2.4 - - [17/Apr/2022:15:44:42 -0500] "GET /BLA/boletinlegal/Circulares/2012/Circular%20No.%2014%20del%2011%20de%20Septiembre%20de%202012.pdf HTTP/1.1" 200 3427471
172.22.2.4 - - [17/Apr/2022:15:44:51 -0500] "GET /BLA/boletinlegal/Circulares/2012/Circular%20No.%2013%20del%2006%20de%20Septiembre%20de%202012.pdf HTTP/1.1" 200 351421
172.22.2.4 - - [17/Apr/2022:15:44:56 -0500] "GET /BLA/boletinlegal/Circulares/2012/Circular%20No.%2012%20del%2028%20de%20Agosto%20de%202012.pdf HTTP/1.1" 200 369945
172.22.2.4 - - [17/Apr/2022:15:45:03 -0500] "GET /BLA/boletinlegal/Circulares/2012/Circular%20No.%2011%20del%2027%20de%20Agosto%20de%202012.pdf HTTP/1.1" 200 526945
172.22.2.4 - - [17/Apr/2022:15:45:10 -0500] "GET /BLA/boletinlegal/Circulares/2012/Circular%20No.%2010%20del%2026%20de%20Enero%20de%202012.pdf HTTP/1.1" 404 1218
172.22.2.4 - - [17/Apr/2022:15:45:13 -0500] "GET /BLA/boletinlegal/Circulares/2012/Circular%20No.%2010%20del%2022%20de%20Agosto%20de%202012.pdf HTTP/1.1" 200 1563219
172.22.2.4 - - [17/Apr/2022:15:45:20 -0500] "GET /BLA/boletinlegal/Circulares/2012/Circular%20No.%201%20del%2017%20de%20Enero%20de%202012.pdf HTTP/1.1" 200 1118749
172.22.2.4 - - [17/Apr/2022:15:45:25 -0500] "GET /BLA/boletinlegal/robots.txt HTTP/1.1" 404 1140
172.22.2.4 - - [17/Apr/2022:15:45:39 -0500] "GET /BLA/boletinlegal/Circulares/2011/Circular%20No.%209%20del%2003%20de%20Noviembre%20de%202011.pdf HTTP/1.1" 200 54568
172.22.2.4 - - [17/Apr/2022:15:45:42 -0500] "GET /BLA/boletinlegal/normativa.php HTTP/1.1" 200 8292
172.22.2.4 - - [17/Apr/2022:15:45:43 -0500] "GET /BLA/boletinlegal/styles2.css HTTP/1.1" 200 1838
172.22.2.4 - - [17/Apr/2022:15:45:43 -0500] "GET /BLA/boletinlegal/js/ajax_normativa.js HTTP/1.1" 200 1154
172.22.2.4 - - [17/Apr/2022:15:45:43 -0500] "GET /BLA/boletinlegal/niceforms.js HTTP/1.1" 200 22876
172.22.2.4 - - [17/Apr/2022:15:45:45 -0500] "GET /BLA/boletinlegal/niceforms-default.css HTTP/1.1" 200 6694
172.22.2.4 - - [17/Apr/2022:15:45:45 -0500] "GET /BLA/boletinlegal/style.css HTTP/1.1" 200 9406
172.22.2.4 - - [17/Apr/2022:15:45:45 -0500] "GET /BLA/boletinlegal/images/cabezote%20BLEGAL.jpg HTTP/1.1" 200 118164
172.22.2.4 - - [17/Apr/2022:15:45:45 -0500] "GET /BLA/boletinlegal/images/subscribe-icon-big.png HTTP/1.1" 200 47702
172.22.2.4 - - [17/Apr/2022:15:45:45 -0500] "GET /BLA/boletinlegal/images/historia.png HTTP/1.1" 200 52775
172.22.2.4 - - [17/Apr/2022:15:45:45 -0500] "GET /BLA/boletinlegal/images/registro-usuarios.png HTTP/1.1" 200 8106
172.22.2.4 - - [17/Apr/2022:15:45:45 -0500] "GET /BLA/boletinlegal/images/abajo.png HTTP/1.1" 200 96676
172.22.2.4 - - [17/Apr/2022:15:45:45 -0500] "GET /BLA/boletinlegal/images/tel.png HTTP/1.1" 200 14477
172.22.2.4 - - [17/Apr/2022:15:45:45 -0500] "GET /BLA/boletinlegal/images/icono-email.png HTTP/1.1" 200 5544
172.22.2.4 - - [17/Apr/2022:15:45:45 -0500] "GET /BLA/boletinlegal/images/body_bg.jpg HTTP/1.1" 200 1601
172.22.2.4 - - [17/Apr/2022:15:45:45 -0500] "GET /BLA/boletinlegal/images/menu_lft.gif HTTP/1.1" 200 1713
172.22.2.4 - - [17/Apr/2022:15:45:45 -0500] "GET /BLA/boletinlegal/images/menu_rght.gif HTTP/1.1" 200 1627
172.22.2.4 - - [17/Apr/2022:15:45:45 -0500] "GET /BLA/boletinlegal/images/bg_top.jpg HTTP/1.1" 200 522
172.22.2.4 - - [17/Apr/2022:15:45:45 -0500] "GET /BLA/boletinlegal/images/menu_bg.jpg HTTP/1.1" 200 620
172.22.2.4 - - [17/Apr/2022:15:45:45 -0500] "GET /BLA/boletinlegal/images/hover.jpg HTTP/1.1" 200 640
172.22.2.4 - - [17/Apr/2022:15:45:46 -0500] "GET /BLA/boletinlegal/Circulares/2011/Circular%20No.%208%20del%2020%20de%20Septiembre%20de%202011.pdf HTTP/1.1" 200 285158
172.22.2.4 - - [17/Apr/2022:15:45:47 -0500] "GET /BLA/boletinlegal/images/footer_bg.jpg HTTP/1.1" 200 586
172.22.2.4 - - [17/Apr/2022:15:45:47 -0500] "GET /BLA/boletinlegal/images/text.jpg HTTP/1.1" 200 568
172.22.2.4 - - [17/Apr/2022:15:45:47 -0500] "GET /BLA/boletinlegal/images/footer_bg_l.jpg HTTP/1.1" 200 776
172.22.2.4 - - [17/Apr/2022:15:44:07 -0500] "HEAD /BLA/boletinlegal/ HTTP/1.1" 200 -
172.22.2.4 - - [17/Apr/2022:15:45:47 -0500] "GET /BLA/boletinlegal/img/0.png HTTP/1.1" 200 110
172.22.2.4 - - [17/Apr/2022:15:45:47 -0500] "GET /BLA/boletinlegal/img/select-left.png HTTP/1.1" 200 263
172.22.2.4 - - [17/Apr/2022:15:45:47 -0500] "GET /BLA/boletinlegal/img/select-right.png HTTP/1.1" 200 44019
172.22.2.4 - - [17/Apr/2022:15:45:47 -0500] "GET /BLA/boletinlegal/img/button-left.png HTTP/1.1" 200 57071
172.22.2.4 - - [17/Apr/2022:15:45:47 -0500] "GET /BLA/boletinlegal/img/button.png HTTP/1.1" 200 43241
172.22.2.4 - - [17/Apr/2022:15:45:47 -0500] "GET /BLA/boletinlegal/img/button-right.png HTTP/1.1" 200 57878
172.22.2.4 - - [17/Apr/2022:15:45:48 -0500] "GET /BLA/boletinlegal/favicon.ico HTTP/1.1" 404 1334
172.22.2.4 - - [17/Apr/2022:15:45:52 -0500] "GET /BLA/boletinlegal/Circulares/2011/Circular%20No.%207%20del%2023%20de%20Diciembre%20de%202011.pdf HTTP/1.1" 200 1107785
172.22.2.4 - - [17/Apr/2022:15:46:00 -0500] "GET /BLA/boletinlegal/Circulares/2011/Circular%20No.%207%20del%2015%20de%20Septiembre%20de%202011.pdf HTTP/1.1" 200 314873
172.22.2.4 - - [17/Apr/2022:15:46:05 -0500] "GET /BLA/boletinlegal/Circulares/2011/Circular%20No.%206%20del%2029%20de%20Julio%20de%202011.pdf HTTP/1.1" 200 262144
172.22.2.4 - - [17/Apr/2022:15:46:14 -0500] "GET /BLA/boletinlegal/Circulares/2011/Circular%20No.%206%20del%2023%20de%20Septiembre%20de%202011.pdf HTTP/1.1" 200 252800
172.22.2.4 - - [17/Apr/2022:15:46:21 -0500] "GET /BLA/boletinlegal/Circulares/2011/Circular%20No.%205%20del%2014%20de%20Julio%20de%202011.pdf HTTP/1.1" 200 1488992
172.22.2.4 - - [17/Apr/2022:15:46:30 -0500] "GET /BLA/boletinlegal/Circulares/2011/Circular%20No.%205%20del%2012%20de%20Agosto%20de%202011.pdf HTTP/1.1" 200 431796
172.22.2.4 - - [17/Apr/2022:15:44:57 -0500] "GET /BLA/boletinlegal/ HTTP/1.1" 200 60932
172.22.2.4 - - [17/Apr/2022:15:46:47 -0500] "GET /BLA/boletinlegal/Circulares/2011/Circular%20No.%204%20del%2014%20de%20Julio%20de%202011.pdf HTTP/1.1" 200 399895
172.22.2.4 - - [17/Apr/2022:15:46:54 -0500] "GET /BLA/boletinlegal/Circulares/2011/Circular%20No.%204%20del%2012%20de%20Agosto%20de%202011.pdf HTTP/1.1" 200 601047
172.22.2.4 - - [17/Apr/2022:15:47:00 -0500] "GET /BLA/boletinlegal/Circulares/2011/Circular%20No.%203%20del%2023%20de%20Junio%20de%202011.pdf HTTP/1.1" 200 1452758
172.22.2.4 - - [17/Apr/2022:15:47:07 -0500] "GET /BLA/boletinlegal/Circulares/2011/Circular%20No.%203%20del%2016%20de%20Junio%20de%202011.pdf HTTP/1.1" 200 346378
172.22.2.4 - - [17/Apr/2022:15:47:12 -0500] "GET /BLA/boletinlegal/Circulares/2011/Circular%20No.%202%20del%2031%20de%20Mayo%20de%202011.pdf HTTP/1.1" 200 496778
172.22.2.4 - - [17/Apr/2022:15:47:18 -0500] "GET /BLA/boletinlegal/Circulares/2011/Circular%20No.%202%20del%2026%20de%20Mayo%20de%202011.pdf HTTP/1.1" 200 644194
172.22.2.4 - - [17/Apr/2022:15:47:26 -0500] "GET /BLA/boletinlegal/Circulares/2011/Circular%20No.%201%20del%2023%20de%20Febrero%20de%202011.pdf HTTP/1.1" 200 540140
172.22.2.4 - - [17/Apr/2022:15:47:33 -0500] "GET /BLA/boletinlegal/Circulares/2011/Circular%20No.%201%20del%2012%20de%20Abril%20de%202011.pdf HTTP/1.1" 200 366269
172.22.2.4 - - [17/Apr/2022:15:47:41 -0500] "GET /BLA/boletinlegal/Circulares/2011/Circular%20003%20de%20Febrero%20de%202011.pdf HTTP/1.1" 200 224758
172.22.2.4 - - [17/Apr/2022:15:47:47 -0500] "GET /BLA/boletinlegal/Circulares/2010/Circular%2006%20de%208%20de%20septiembre%20de%202010.pdf HTTP/1.1" 200 4657752
172.22.2.4 - - [17/Apr/2022:15:47:58 -0500] "GET /BLA/boletinlegal/Circulares/2010/Circular%2005%20de%208%20de%20septiembre%20de%202010.pdf HTTP/1.1" 200 2146608
216.245.221.92 - - [17/Apr/2022:15:48:15 -0500] "HEAD / HTTP/1.1" 200 -
172.22.2.4 - - [17/Apr/2022:15:49:57 -0500] "HEAD /BLA/boletinlegal/ HTTP/1.1" 200 -
186.31.218.210 - - [17/Apr/2022:15:52:10 -0500] "GET /galeria/galeria/jquery.fancybox.css?v=2.1.5 HTTP/1.1" 200 4895
186.31.218.210 - - [17/Apr/2022:15:52:10 -0500] "GET /BLA/boletinlegal/js/jquery.scrollShow.js HTTP/1.1" 200 4586
186.31.218.210 - - [17/Apr/2022:15:52:10 -0500] "GET /galeria/galeria/jquery.fancybox.js?v=2.1.5 HTTP/1.1" 200 48706
