181.61.164.108 - - [18/Apr/2022:20:20:36 -0500] "GET /BLA/resoluciones/RESOLUCIONES%202005/RES%202005%202901-2950/00002907.tif HTTP/1.1" 200 212406
181.61.164.108 - - [18/Apr/2022:20:20:37 -0500] "GET /BLA/resoluciones/RESOLUCIONES%202005/RES%202005%202901-2950/00002908.tif HTTP/1.1" 200 208708
181.61.164.108 - - [18/Apr/2022:20:20:39 -0500] "GET /BLA/resoluciones/RESOLUCIONES%202005/RES%202005%202901-2950/00002909.tif HTTP/1.1" 200 190010
181.61.164.108 - - [18/Apr/2022:20:20:39 -0500] "GET /BLA/resoluciones/RESOLUCIONES%202005/RES%202005%202901-2950/00002910.tif HTTP/1.1" 200 244238
181.61.164.108 - - [18/Apr/2022:20:20:40 -0500] "GET /BLA/resoluciones/RESOLUCIONES%202005/RES%202005%202901-2950/00002911.tif HTTP/1.1" 200 110208
181.61.164.108 - - [18/Apr/2022:20:20:41 -0500] "GET /BLA/resoluciones/RESOLUCIONES%202005/RES%202005%202901-2950/00002912.tif HTTP/1.1" 200 36926
181.61.164.108 - - [18/Apr/2022:20:20:44 -0500] "GET /BLA/resoluciones/RESOLUCIONES%202005/RES%202005%202901-2950/00002913.tif HTTP/1.1" 200 38164
181.61.164.108 - - [18/Apr/2022:20:20:45 -0500] "GET /BLA/resoluciones/RESOLUCIONES%202005/RES%202005%202901-2950/00002914.tif HTTP/1.1" 200 35680
181.61.164.108 - - [18/Apr/2022:20:20:46 -0500] "GET /BLA/resoluciones/RESOLUCIONES%202005/RES%202005%202901-2950/00002915.tif HTTP/1.1" 200 36408
181.61.164.108 - - [18/Apr/2022:20:20:46 -0500] "GET /BLA/resoluciones/RESOLUCIONES%202005/RES%202005%202901-2950/00002916.tif HTTP/1.1" 200 36546
181.61.164.108 - - [18/Apr/2022:20:20:47 -0500] "GET /BLA/resoluciones/RESOLUCIONES%202005/RES%202005%202901-2950/00002917.tif HTTP/1.1" 200 37102
181.61.164.108 - - [18/Apr/2022:20:20:48 -0500] "GET /BLA/resoluciones/RESOLUCIONES%202005/RES%202005%202901-2950/00002918.tif HTTP/1.1" 200 36658
181.61.164.108 - - [18/Apr/2022:20:20:49 -0500] "GET /BLA/resoluciones/RESOLUCIONES%202005/RES%202005%202901-2950/00002919.tif HTTP/1.1" 200 37084
181.61.164.108 - - [18/Apr/2022:20:20:50 -0500] "GET /BLA/resoluciones/RESOLUCIONES%202005/RES%202005%202901-2950/00002920.tif HTTP/1.1" 200 36444
191.156.230.33 - - [18/Apr/2022:20:20:50 -0500] "GET /css/date_blue.css HTTP/1.1" 404 1254
191.156.230.33 - - [18/Apr/2022:20:20:50 -0500] "GET /css/textos.css HTTP/1.1" 404 1254
191.156.230.33 - - [18/Apr/2022:20:20:50 -0500] "GET /css/fondos.css HTTP/1.1" 404 1254
181.61.164.108 - - [18/Apr/2022:20:20:51 -0500] "GET /BLA/resoluciones/RESOLUCIONES%202005/RES%202005%202901-2950/00002921.tif HTTP/1.1" 200 36458
181.61.164.108 - - [18/Apr/2022:20:20:51 -0500] "GET /BLA/resoluciones/RESOLUCIONES%202005/RES%202005%202901-2950/00002922.tif HTTP/1.1" 200 37650
181.61.164.108 - - [18/Apr/2022:20:20:52 -0500] "GET /BLA/resoluciones/RESOLUCIONES%202005/RES%202005%202901-2950/00002923.tif HTTP/1.1" 200 38774
181.61.164.108 - - [18/Apr/2022:20:20:53 -0500] "GET /BLA/resoluciones/RESOLUCIONES%202005/RES%202005%202901-2950/00002924.tif HTTP/1.1" 200 37450
181.61.164.108 - - [18/Apr/2022:20:20:54 -0500] "GET /BLA/resoluciones/RESOLUCIONES%202005/RES%202005%202901-2950/00002925.tif HTTP/1.1" 200 37112
191.156.230.33 - - [18/Apr/2022:20:20:54 -0500] "GET /css/bordes.css HTTP/1.1" 404 1254
191.156.230.33 - - [18/Apr/2022:20:20:58 -0500] "GET /favicon.ico HTTP/1.1" 200 7782
181.61.164.108 - - [18/Apr/2022:20:20:58 -0500] "GET /BLA/resoluciones/RESOLUCIONES%202005/RES%202005%202901-2950/00002926.tif HTTP/1.1" 200 38714
181.61.164.108 - - [18/Apr/2022:20:20:59 -0500] "GET /BLA/resoluciones/RESOLUCIONES%202005/RES%202005%202901-2950/00002927.tif HTTP/1.1" 200 37204
181.61.164.108 - - [18/Apr/2022:20:21:00 -0500] "GET /BLA/resoluciones/RESOLUCIONES%202005/RES%202005%202901-2950/00002928.tif HTTP/1.1" 200 38316
181.61.164.108 - - [18/Apr/2022:20:21:01 -0500] "GET /BLA/resoluciones/RESOLUCIONES%202005/RES%202005%202901-2950/00002929.tif HTTP/1.1" 200 36636
181.61.164.108 - - [18/Apr/2022:20:21:05 -0500] "GET /BLA/resoluciones/RESOLUCIONES%202005/RES%202005%202901-2950/00002930.tif HTTP/1.1" 200 37040
181.61.164.108 - - [18/Apr/2022:20:21:06 -0500] "GET /BLA/resoluciones/RESOLUCIONES%202005/RES%202005%202901-2950/00002931.tif HTTP/1.1" 200 128152
181.61.164.108 - - [18/Apr/2022:20:21:06 -0500] "GET /BLA/resoluciones/RESOLUCIONES%202005/RES%202005%202901-2950/00002932.tif HTTP/1.1" 200 83062
181.61.164.108 - - [18/Apr/2022:20:21:08 -0500] "GET /BLA/resoluciones/RESOLUCIONES%202005/RES%202005%202901-2950/00002933.tif HTTP/1.1" 200 36696
181.61.164.108 - - [18/Apr/2022:20:21:09 -0500] "GET /BLA/resoluciones/RESOLUCIONES%202005/RES%202005%202901-2950/00002934.tif HTTP/1.1" 200 36898
181.61.164.108 - - [18/Apr/2022:20:21:10 -0500] "GET /BLA/resoluciones/RESOLUCIONES%202005/RES%202005%202901-2950/00002935.tif HTTP/1.1" 200 36840
181.61.164.108 - - [18/Apr/2022:20:21:11 -0500] "GET /BLA/resoluciones/RESOLUCIONES%202005/RES%202005%202901-2950/00002936.tif HTTP/1.1" 200 36312
181.61.164.108 - - [18/Apr/2022:20:21:12 -0500] "GET /BLA/resoluciones/RESOLUCIONES%202005/RES%202005%202901-2950/00002937.tif HTTP/1.1" 200 36686
181.61.164.108 - - [18/Apr/2022:20:21:13 -0500] "GET /BLA/resoluciones/RESOLUCIONES%202005/RES%202005%202901-2950/00002938.tif HTTP/1.1" 200 36854
181.61.164.108 - - [18/Apr/2022:20:21:14 -0500] "GET /BLA/resoluciones/RESOLUCIONES%202005/RES%202005%202901-2950/00002939.tif HTTP/1.1" 200 36338
181.61.164.108 - - [18/Apr/2022:20:21:15 -0500] "GET /BLA/resoluciones/RESOLUCIONES%202005/RES%202005%202901-2950/00002940.tif HTTP/1.1" 200 38056
181.61.164.108 - - [18/Apr/2022:20:21:16 -0500] "GET /BLA/resoluciones/RESOLUCIONES%202005/RES%202005%202901-2950/00002941.tif HTTP/1.1" 200 36872
181.61.164.108 - - [18/Apr/2022:20:21:17 -0500] "GET /BLA/resoluciones/RESOLUCIONES%202005/RES%202005%202901-2950/00002942.tif HTTP/1.1" 200 64086
181.61.164.108 - - [18/Apr/2022:20:21:18 -0500] "GET /BLA/resoluciones/RESOLUCIONES%202005/RES%202005%202901-2950/00002943.tif HTTP/1.1" 200 36372
172.22.2.4 - - [18/Apr/2022:20:19:38 -0500] "GET /BLA/boletinlegal/ HTTP/1.1" 200 59170
181.61.164.108 - - [18/Apr/2022:20:21:19 -0500] "GET /BLA/resoluciones/RESOLUCIONES%202005/RES%202005%202901-2950/00002944.tif HTTP/1.1" 200 36950
181.61.164.108 - - [18/Apr/2022:20:21:20 -0500] "GET /BLA/resoluciones/RESOLUCIONES%202005/RES%202005%202901-2950/00002945.tif HTTP/1.1" 200 36678
181.61.164.108 - - [18/Apr/2022:20:21:20 -0500] "GET /BLA/resoluciones/RESOLUCIONES%202005/RES%202005%202901-2950/00002946.tif HTTP/1.1" 200 38170
181.61.164.108 - - [18/Apr/2022:20:21:21 -0500] "GET /BLA/resoluciones/RESOLUCIONES%202005/RES%202005%202901-2950/00002947.tif HTTP/1.1" 200 37216
181.61.164.108 - - [18/Apr/2022:20:21:22 -0500] "GET /BLA/resoluciones/RESOLUCIONES%202005/RES%202005%202901-2950/00002948.tif HTTP/1.1" 200 36786
181.61.164.108 - - [18/Apr/2022:20:21:23 -0500] "GET /BLA/resoluciones/RESOLUCIONES%202005/RES%202005%202901-2950/00002949.tif HTTP/1.1" 200 37154
181.61.164.108 - - [18/Apr/2022:20:21:24 -0500] "GET /BLA/resoluciones/RESOLUCIONES%202005/RES%202005%202901-2950/00002950.tif HTTP/1.1" 200 36722
181.61.164.108 - - [18/Apr/2022:20:22:29 -0500] "GET /BLA/resoluciones/index.php?dir=RESOLUCIONES+2005%2FRES+2005+2951-3000%2F HTTP/1.1" 200 11937
181.61.164.108 - - [18/Apr/2022:20:22:30 -0500] "GET /BLA/resoluciones/RESOLUCIONES%202005/RES%202005%202951-3000/00002951.tif HTTP/1.1" 200 39212
181.61.164.108 - - [18/Apr/2022:20:22:31 -0500] "GET /BLA/resoluciones/RESOLUCIONES%202005/RES%202005%202951-3000/00002952.tif HTTP/1.1" 200 38828
181.61.164.108 - - [18/Apr/2022:20:22:32 -0500] "GET /BLA/resoluciones/RESOLUCIONES%202005/RES%202005%202951-3000/00002953.tif HTTP/1.1" 200 39788
181.61.164.108 - - [18/Apr/2022:20:22:32 -0500] "GET /BLA/resoluciones/RESOLUCIONES%202005/RES%202005%202951-3000/00002954.tif HTTP/1.1" 200 70922
181.61.164.108 - - [18/Apr/2022:20:22:33 -0500] "GET /BLA/resoluciones/RESOLUCIONES%202005/RES%202005%202951-3000/00002955.tif HTTP/1.1" 200 60010
181.61.164.108 - - [18/Apr/2022:20:22:34 -0500] "GET /BLA/resoluciones/RESOLUCIONES%202005/RES%202005%202951-3000/00002956.tif HTTP/1.1" 200 61060
181.61.164.108 - - [18/Apr/2022:20:22:35 -0500] "GET /BLA/resoluciones/RESOLUCIONES%202005/RES%202005%202951-3000/00002957.tif HTTP/1.1" 200 100412
181.61.164.108 - - [18/Apr/2022:20:22:35 -0500] "GET /BLA/resoluciones/RESOLUCIONES%202005/RES%202005%202951-3000/00002958.tif HTTP/1.1" 200 98192
181.61.164.108 - - [18/Apr/2022:20:22:36 -0500] "GET /BLA/resoluciones/RESOLUCIONES%202005/RES%202005%202951-3000/00002959.tif HTTP/1.1" 200 560888
181.61.164.108 - - [18/Apr/2022:20:22:37 -0500] "GET /BLA/resoluciones/RESOLUCIONES%202005/RES%202005%202951-3000/00002960.tif HTTP/1.1" 200 72084
181.61.164.108 - - [18/Apr/2022:20:22:38 -0500] "GET /BLA/resoluciones/RESOLUCIONES%202005/RES%202005%202951-3000/00002961.tif HTTP/1.1" 200 176088
181.61.164.108 - - [18/Apr/2022:20:22:38 -0500] "GET /BLA/resoluciones/RESOLUCIONES%202005/RES%202005%202951-3000/00002962.tif HTTP/1.1" 200 40178
181.61.164.108 - - [18/Apr/2022:20:22:39 -0500] "GET /BLA/resoluciones/RESOLUCIONES%202005/RES%202005%202951-3000/00002963.tif HTTP/1.1" 200 37336
181.61.164.108 - - [18/Apr/2022:20:22:40 -0500] "GET /BLA/resoluciones/RESOLUCIONES%202005/RES%202005%202951-3000/00002964.tif HTTP/1.1" 200 42550
181.61.164.108 - - [18/Apr/2022:20:22:41 -0500] "GET /BLA/resoluciones/RESOLUCIONES%202005/RES%202005%202951-3000/00002965.tif HTTP/1.1" 200 37616
181.61.164.108 - - [18/Apr/2022:20:22:41 -0500] "GET /BLA/resoluciones/RESOLUCIONES%202005/RES%202005%202951-3000/00002966.tif HTTP/1.1" 200 42944
181.61.164.108 - - [18/Apr/2022:20:22:42 -0500] "GET /BLA/resoluciones/RESOLUCIONES%202005/RES%202005%202951-3000/00002967.tif HTTP/1.1" 200 437012
181.61.164.108 - - [18/Apr/2022:20:22:43 -0500] "GET /BLA/resoluciones/RESOLUCIONES%202005/RES%202005%202951-3000/00002968.tif HTTP/1.1" 200 381734
181.61.164.108 - - [18/Apr/2022:20:22:44 -0500] "GET /BLA/resoluciones/RESOLUCIONES%202005/RES%202005%202951-3000/00002969.tif HTTP/1.1" 200 95638
181.61.164.108 - - [18/Apr/2022:20:22:45 -0500] "GET /BLA/resoluciones/RESOLUCIONES%202005/RES%202005%202951-3000/00002970.tif HTTP/1.1" 200 37728
181.61.164.108 - - [18/Apr/2022:20:22:45 -0500] "GET /BLA/resoluciones/RESOLUCIONES%202005/RES%202005%202951-3000/00002972.tif HTTP/1.1" 200 40420
181.61.164.108 - - [18/Apr/2022:20:22:46 -0500] "GET /BLA/resoluciones/RESOLUCIONES%202005/RES%202005%202951-3000/00002973.tif HTTP/1.1" 200 80144
181.61.164.108 - - [18/Apr/2022:20:22:47 -0500] "GET /BLA/resoluciones/RESOLUCIONES%202005/RES%202005%202951-3000/00002974.tif HTTP/1.1" 200 137282
181.61.164.108 - - [18/Apr/2022:20:22:48 -0500] "GET /BLA/resoluciones/RESOLUCIONES%202005/RES%202005%202951-3000/00002975.tif HTTP/1.1" 200 35166
181.61.164.108 - - [18/Apr/2022:20:22:48 -0500] "GET /BLA/resoluciones/RESOLUCIONES%202005/RES%202005%202951-3000/00002976.tif HTTP/1.1" 200 151258
181.61.164.108 - - [18/Apr/2022:20:22:51 -0500] "GET /BLA/resoluciones/RESOLUCIONES%202005/RES%202005%202951-3000/00002977.tif HTTP/1.1" 200 216908
181.61.164.108 - - [18/Apr/2022:20:22:52 -0500] "GET /BLA/resoluciones/RESOLUCIONES%202005/RES%202005%202951-3000/00002978.tif HTTP/1.1" 200 94048
181.61.164.108 - - [18/Apr/2022:20:22:52 -0500] "GET /BLA/resoluciones/RESOLUCIONES%202005/RES%202005%202951-3000/00002979.tif HTTP/1.1" 200 711688
181.61.164.108 - - [18/Apr/2022:20:22:53 -0500] "GET /BLA/resoluciones/RESOLUCIONES%202005/RES%202005%202951-3000/00002980.tif HTTP/1.1" 200 136486
181.61.164.108 - - [18/Apr/2022:20:22:54 -0500] "GET /BLA/resoluciones/RESOLUCIONES%202005/RES%202005%202951-3000/00002981.tif HTTP/1.1" 200 73020
181.61.164.108 - - [18/Apr/2022:20:22:54 -0500] "GET /BLA/resoluciones/RESOLUCIONES%202005/RES%202005%202951-3000/00002982.tif HTTP/1.1" 200 106116
181.61.164.108 - - [18/Apr/2022:20:22:55 -0500] "GET /BLA/resoluciones/RESOLUCIONES%202005/RES%202005%202951-3000/00002983.tif HTTP/1.1" 200 54300
181.61.164.108 - - [18/Apr/2022:20:22:56 -0500] "GET /BLA/resoluciones/RESOLUCIONES%202005/RES%202005%202951-3000/00002984.tif HTTP/1.1" 200 313564
181.61.164.108 - - [18/Apr/2022:20:22:57 -0500] "GET /BLA/resoluciones/RESOLUCIONES%202005/RES%202005%202951-3000/00002985.tif HTTP/1.1" 200 154236
181.61.164.108 - - [18/Apr/2022:20:22:57 -0500] "GET /BLA/resoluciones/RESOLUCIONES%202005/RES%202005%202951-3000/00002986.tif HTTP/1.1" 200 79452
181.61.164.108 - - [18/Apr/2022:20:22:58 -0500] "GET /BLA/resoluciones/RESOLUCIONES%202005/RES%202005%202951-3000/00002987.tif HTTP/1.1" 200 203486
181.61.164.108 - - [18/Apr/2022:20:22:59 -0500] "GET /BLA/resoluciones/RESOLUCIONES%202005/RES%202005%202951-3000/00002988.tif HTTP/1.1" 200 216520
181.61.164.108 - - [18/Apr/2022:20:23:00 -0500] "GET /BLA/resoluciones/RESOLUCIONES%202005/RES%202005%202951-3000/00002989.tif HTTP/1.1" 200 126144
181.61.164.108 - - [18/Apr/2022:20:23:00 -0500] "GET /BLA/resoluciones/RESOLUCIONES%202005/RES%202005%202951-3000/00002991.tif HTTP/1.1" 200 210952
181.61.164.108 - - [18/Apr/2022:20:23:01 -0500] "GET /BLA/resoluciones/RESOLUCIONES%202005/RES%202005%202951-3000/00002992.tif HTTP/1.1" 200 270606
181.61.164.108 - - [18/Apr/2022:20:23:02 -0500] "GET /BLA/resoluciones/RESOLUCIONES%202005/RES%202005%202951-3000/00002993.tif HTTP/1.1" 200 273580
181.61.164.108 - - [18/Apr/2022:20:23:02 -0500] "GET /BLA/resoluciones/RESOLUCIONES%202005/RES%202005%202951-3000/00002994.tif HTTP/1.1" 200 278852
181.61.164.108 - - [18/Apr/2022:20:23:03 -0500] "GET /BLA/resoluciones/RESOLUCIONES%202005/RES%202005%202951-3000/00002995.tif HTTP/1.1" 200 157126
181.61.164.108 - - [18/Apr/2022:20:23:04 -0500] "GET /BLA/resoluciones/RESOLUCIONES%202005/RES%202005%202951-3000/00002996.tif HTTP/1.1" 200 149264
181.61.164.108 - - [18/Apr/2022:20:23:05 -0500] "GET /BLA/resoluciones/RESOLUCIONES%202005/RES%202005%202951-3000/00002997.tif HTTP/1.1" 200 144998
181.61.164.108 - - [18/Apr/2022:20:23:06 -0500] "GET /BLA/resoluciones/RESOLUCIONES%202005/RES%202005%202951-3000/00002998.tif HTTP/1.1" 200 196502
181.61.164.108 - - [18/Apr/2022:20:23:07 -0500] "GET /BLA/resoluciones/RESOLUCIONES%202005/RES%202005%202951-3000/00002999.tif HTTP/1.1" 200 129718
181.61.164.108 - - [18/Apr/2022:20:23:08 -0500] "GET /BLA/resoluciones/RESOLUCIONES%202005/RES%202005%202951-3000/00003000.tif HTTP/1.1" 200 207352
216.245.221.92 - - [18/Apr/2022:20:23:11 -0500] "HEAD / HTTP/1.1" 200 -
201.245.192.253 - - [18/Apr/2022:20:22:31 -0500] "POST /kwsrmcab/Wsrmcab HTTP/1.1" 200 44820
172.22.2.4 - - [18/Apr/2022:20:23:22 -0500] "GET /BLA/boletinlegal/robots.txt HTTP/1.1" 404 1038
201.245.192.253 - - [18/Apr/2022:20:23:21 -0500] "POST /kwsrmcab/Wsrmcab HTTP/1.1" 200 45464
54.39.177.173 - - [18/Apr/2022:20:24:17 -0500] "GET /garza-azul-nueva-ave-registrada-en-el-humedal-el-burro.html HTTP/1.1" 200 890
54.39.177.173 - - [18/Apr/2022:20:24:18 -0500] "GET /dos-animales-silvestres-carne-y-huevos-de-tortuga-fueron-recuperados-en-semana-santa.html HTTP/1.1" 200 1092
172.22.2.4 - - [18/Apr/2022:20:23:23 -0500] "GET /BLA/boletinlegal/ HTTP/1.1" 200 61416
66.249.65.13 - - [18/Apr/2022:20:25:22 -0500] "-" 408 -
34.91.100.170 - - [18/Apr/2022:20:25:38 -0500] "GET / HTTP/1.1" 200 319
172.22.2.4 - - [18/Apr/2022:20:24:38 -0500] "HEAD /BLA/boletinlegal/ HTTP/1.1" 200 -
181.59.242.127 - - [18/Apr/2022:20:26:46 -0500] "GET /si-tienes-entre-14-y-25-anos-y-quieres-participar-inscribete-a-la-convocatoria-de-lideres-juveniles-para-la-cumbre-de-alcaldes-c40-2022.html HTTP/1.1" 304 -
157.55.39.145 - - [18/Apr/2022:20:27:08 -0500] "GET /forest/ HTTP/1.1" 200 12041
172.22.2.4 - - [18/Apr/2022:20:25:28 -0500] "GET /BLA/boletinlegal/ HTTP/1.1" 200 58588
181.61.13.162 - - [18/Apr/2022:20:27:44 -0500] "GET /BLA/resoluciones/AUTOS%202021/6805.pdf HTTP/1.1" 304 -
191.95.58.36 - - [18/Apr/2022:20:27:57 -0500] "GET /si-tienes-entre-14-y-25-anos-y-quieres-participar-inscribete-a-la-convocatoria-de-lideres-juveniles-para-la-cumbre-de-alcaldes-c40-2022.html HTTP/1.1" 200 1141
216.245.221.92 - - [18/Apr/2022:20:28:11 -0500] "HEAD / HTTP/1.1" 200 -
181.61.13.162 - - [18/Apr/2022:20:28:24 -0500] "GET /BLA/resoluciones/AUTOS%202021/0053.pdf HTTP/1.1" 200 382049
191.95.58.36 - - [18/Apr/2022:20:28:32 -0500] "GET /documents/10184/2325415/pieza-concurso-buenas-practicas-20-septiembre.jpg HTTP/1.1" 404 1030
181.59.242.127 - - [18/Apr/2022:20:29:08 -0500] "GET /documents/10184/2325415/pieza-concurso-buenas-practicas-20-septiembre.jpg HTTP/1.1" 404 1030
181.154.119.16 - - [18/Apr/2022:20:30:00 -0500] "-" 408 -
181.154.119.16 - - [18/Apr/2022:20:30:00 -0500] "-" 408 -
200.118.61.11 - - [18/Apr/2022:20:30:16 -0500] "GET /si-tienes-entre-14-y-25-anos-y-quieres-participar-inscribete-a-la-convocatoria-de-lideres-juveniles-para-la-cumbre-de-alcaldes-c40-2022.html HTTP/1.1" 200 1141
181.61.13.162 - - [18/Apr/2022:20:30:16 -0500] "GET /BLA/resoluciones/AUTOS%202021/0184.pdf HTTP/1.1" 200 396124
200.91.250.98 - - [18/Apr/2022:20:30:50 -0500] "GET /galeria/galeria/jquery.fancybox.css?v=2.1.5 HTTP/1.1" 200 4895
200.91.250.98 - - [18/Apr/2022:20:30:50 -0500] "GET /BLA/boletinlegal/js/jquery.scrollShow.js HTTP/1.1" 200 4586
200.91.250.98 - - [18/Apr/2022:20:30:50 -0500] "GET /galeria/galeria/jquery.fancybox.js?v=2.1.5 HTTP/1.1" 200 48706
181.61.13.162 - - [18/Apr/2022:20:31:51 -0500] "GET /BLA/resoluciones/AUTOS%202021/0481.pdf HTTP/1.1" 200 603165
172.22.2.4 - - [18/Apr/2022:20:30:28 -0500] "HEAD /BLA/boletinlegal/ HTTP/1.1" 200 -
191.95.60.80 - - [18/Apr/2022:20:32:17 -0500] "GET /si-tienes-entre-14-y-25-anos-y-quieres-participar-inscribete-a-la-convocatoria-de-lideres-juveniles-para-la-cumbre-de-alcaldes-c40-2022.html HTTP/1.1" 200 1141
172.22.2.4 - - [18/Apr/2022:20:32:26 -0500] "GET /BLA/boletinlegal/style.css HTTP/1.1" 200 9406
172.22.2.4 - - [18/Apr/2022:20:32:26 -0500] "GET /BLA/boletinlegal/js/jquery.scrollTo-min.js HTTP/1.1" 200 1150
172.22.2.4 - - [18/Apr/2022:20:32:26 -0500] "GET /BLA/boletinlegal/styles2.css HTTP/1.1" 200 1838
172.22.2.4 - - [18/Apr/2022:20:32:26 -0500] "GET /BLA/boletinlegal/js/jquery.js HTTP/1.1" 200 57254
172.22.2.4 - - [18/Apr/2022:20:32:26 -0500] "GET /BLA/boletinlegal/js/jquery.scrollShow.js HTTP/1.1" 200 4586
172.22.2.4 - - [18/Apr/2022:20:32:26 -0500] "GET /BLA/boletinlegal/images/launch.jpg HTTP/1.1" 200 14577
172.22.2.4 - - [18/Apr/2022:20:32:26 -0500] "GET /BLA/boletinlegal/images/historia.png HTTP/1.1" 200 52775
172.22.2.4 - - [18/Apr/2022:20:32:26 -0500] "GET /BLA/boletinlegal/images/registro-usuarios.png HTTP/1.1" 200 8106
172.22.2.4 - - [18/Apr/2022:20:32:26 -0500] "GET /BLA/boletinlegal/images/cabezote%20BLEGAL.jpg HTTP/1.1" 200 118164
172.22.2.4 - - [18/Apr/2022:20:32:26 -0500] "GET /BLA/boletinlegal/images/subscribe-icon-big.png HTTP/1.1" 200 47702
172.22.2.4 - - [18/Apr/2022:20:32:26 -0500] "GET /BLA/boletinlegal/images/body_bg.jpg HTTP/1.1" 200 1601
172.22.2.4 - - [18/Apr/2022:20:32:26 -0500] "GET /BLA/boletinlegal/images/arr_l.jpg HTTP/1.1" 200 1979
172.22.2.4 - - [18/Apr/2022:20:32:26 -0500] "GET /BLA/boletinlegal/images/menu_lft.gif HTTP/1.1" 200 1713
172.22.2.4 - - [18/Apr/2022:20:32:26 -0500] "GET /BLA/boletinlegal/images/menu_rght.gif HTTP/1.1" 200 1627
172.22.2.4 - - [18/Apr/2022:20:32:26 -0500] "GET /BLA/boletinlegal/images/bg_top.jpg HTTP/1.1" 200 522
172.22.2.4 - - [18/Apr/2022:20:32:26 -0500] "GET /BLA/boletinlegal/images/menu_bg.jpg HTTP/1.1" 200 620
172.22.2.4 - - [18/Apr/2022:20:32:26 -0500] "GET /BLA/boletinlegal/images/hover.jpg HTTP/1.1" 200 640
172.22.2.4 - - [18/Apr/2022:20:32:26 -0500] "GET /BLA/boletinlegal/images/text.jpg HTTP/1.1" 200 568
172.22.2.4 - - [18/Apr/2022:20:32:26 -0500] "GET /BLA/boletinlegal/images/screen_1.png HTTP/1.1" 200 202547
172.22.2.4 - - [18/Apr/2022:20:32:27 -0500] "GET /BLA/boletinlegal/favicon.ico HTTP/1.1" 404 1308
172.22.2.4 - - [18/Apr/2022:20:32:33 -0500] "GET /BLA/boletinlegal/images/screen_2.png HTTP/1.1" 200 362502
172.22.2.4 - - [18/Apr/2022:20:32:33 -0500] "GET /BLA/boletinlegal/images/screen_3.png HTTP/1.1" 200 210620
172.22.2.4 - - [18/Apr/2022:20:32:33 -0500] "GET /BLA/boletinlegal/images/screen_5.png HTTP/1.1" 200 368876
172.22.2.4 - - [18/Apr/2022:20:32:34 -0500] "GET /BLA/boletinlegal/images/arr_r.jpg HTTP/1.1" 200 1998
172.22.2.4 - - [18/Apr/2022:20:32:34 -0500] "GET /BLA/boletinlegal/images/footer_bg.jpg HTTP/1.1" 200 586
172.22.2.4 - - [18/Apr/2022:20:32:42 -0500] "GET /BLA/boletinlegal/images/pdf.gif HTTP/1.1" 200 567
172.22.2.4 - - [18/Apr/2022:20:31:18 -0500] "GET /BLA/boletinlegal/ HTTP/1.1" 200 56300
216.245.221.92 - - [18/Apr/2022:20:33:11 -0500] "HEAD / HTTP/1.1" 200 -
191.95.60.80 - - [18/Apr/2022:20:33:16 -0500] "GET /documents/10184/2325415/pieza-concurso-buenas-practicas-20-septiembre.jpg HTTP/1.1" 404 1030
201.245.192.253 - - [18/Apr/2022:20:32:31 -0500] "POST /kwsrmcab/Wsrmcab HTTP/1.1" 200 44820
172.22.2.4 - - [18/Apr/2022:20:32:26 -0500] "GET /BLA/boletinlegal/ HTTP/1.1" 200 62201
201.245.192.253 - - [18/Apr/2022:20:33:21 -0500] "POST /kwsrmcab/Wsrmcab HTTP/1.1" 200 45464
13.66.139.1 - - [18/Apr/2022:20:34:26 -0500] "-" 408 -
138.186.20.179 - - [18/Apr/2022:20:34:26 -0500] "GET /si-tienes-entre-14-y-25-anos-y-quieres-participar-inscribete-a-la-convocatoria-de-lideres-juveniles-para-la-cumbre-de-alcaldes-c40-2022.html HTTP/1.1" 304 -
181.61.13.162 - - [18/Apr/2022:20:34:34 -0500] "GET /BLA/resoluciones/AUTOS%202021/0497.pdf HTTP/1.1" 200 362558
54.189.161.252 - - [18/Apr/2022:20:35:59 -0500] "GET / HTTP/1.1" 200 319
181.59.126.174 - - [18/Apr/2022:20:37:07 -0500] "GET /kwssiamovil/sm/ldap/au?x=U2FsdGVkX1+v4L3ja8YXTjn0ZrqRoE8fChTTeEZGN2f1zeG32OWbshtwy+Y2uuTu&y=U2FsdGVkX1+IVp/YPo0Ryh62jJvMM7NHVTfoMvsdl19NI81dSMyHSUjcPLf/FFyK HTTP/1.1" 200 30
181.59.126.174 - - [18/Apr/2022:20:37:07 -0500] "GET /kwssiamovil/sm/acme/s?s=U2FsdGVkX1/FwbyfSqZs++fT7gS0M33jMt9IgIz76rZV1gMsKGLvTABq7hWOZ6BnN7zJJmtlG6cg1QpVOOFhF6NrxS4Tj7Co/+BUh+sgGBg=&u=U2FsdGVkX18S5Nfk5Qio2qDpXkTkDrm7YliI534spVk=&y=U2FsdGVkX1+IVp/YPo0Ryh62jJvMM7NHVTfoMvsdl19NI81dSMyHSUjcPLf/FFyK HTTP/1.1" 200 97
181.59.126.174 - - [18/Apr/2022:20:37:10 -0500] "GET /kwssiamovil/sm/ldap/au?x=U2FsdGVkX18PN22IkdpncEk8MEYzThkuGbNR4w756y+e2dY3HS8UU8shM3Jj9+ox&y=U2FsdGVkX194y56yHj4DwYJxg5N6uUBTyoS0EVJQJf3s1Ps50uUh8+I6fGlsS6mr HTTP/1.1" 200 30
181.59.126.174 - - [18/Apr/2022:20:37:11 -0500] "GET /kwssiamovil/sm/acme/s?s=U2FsdGVkX1/w5E2mBTi+Sj1+811qFTJTcRTSnXvXs7Dy3RO9cORXLNhCv0cE8BssLNs4JqwYChWDIb0yfTlJC2ZptOJW5OWSAElllClwM/k=&u=U2FsdGVkX1/fKRlcmY4xaxrFXvnShrcdYcmFTU8Ztyg=&y=U2FsdGVkX194y56yHj4DwYJxg5N6uUBTyoS0EVJQJf3s1Ps50uUh8+I6fGlsS6mr HTTP/1.1" 200 97
181.59.126.174 - - [18/Apr/2022:20:37:11 -0500] "GET /kwssiamovil/sm/ldap/au?x=U2FsdGVkX18eQC0TI7zSHgWumEgspJmGOEupJmqeIHK+op4TXmKHoY1Zm0mbE7SI&y=U2FsdGVkX18TGFYdWqMTQbpGBk9I7RXEdpf/+RnHx0Bphca9KqODpOxt/eY+Gqf5 HTTP/1.1" 200 30
181.59.126.174 - - [18/Apr/2022:20:37:11 -0500] "GET /kwssiamovil/sm/acme/s?s=U2FsdGVkX19hYY2IkRFUOT9EDwJ2aSccIvY7y1oI7t15wXI/vf+t3z8hVujvRo20/HuCkXPOaP10u8cG4A/OUpvO0NsbnUhrRFqHngZUmzI=&u=U2FsdGVkX1/Wuhi8mdUOA8lyzFVdZYiPVQNamq4UGvY=&y=U2FsdGVkX18TGFYdWqMTQbpGBk9I7RXEdpf/+RnHx0Bphca9KqODpOxt/eY+Gqf5 HTTP/1.1" 200 97
181.59.126.174 - - [18/Apr/2022:20:37:12 -0500] "GET /kwssiamovil/sm/ldap/au?x=U2FsdGVkX18kikffzQOBxEfVOKT7m12Sv5lwUXst7fElW7kEg2Pj+o3HNOaWeBLK&y=U2FsdGVkX1+tXRkR8i2LPPzpD45i8DFaABL3KLQUz9ZcLkESr1chc3tEcf5QICfo HTTP/1.1" 200 30
181.59.126.174 - - [18/Apr/2022:20:37:12 -0500] "GET /kwssiamovil/sm/acme/s?s=U2FsdGVkX19Rol4QUCHaXVzXG0KFBGjGPBZizDaIjeK50jI5EU1okWbzh33i5uZz2cse1luoVQq3+W6bFaOFnrrnrcNCvRC/cCOOUfYoM3A=&u=U2FsdGVkX19IyYtEl+Nw3VQ6luShekhn7Xua4tYqjY4=&y=U2FsdGVkX1+tXRkR8i2LPPzpD45i8DFaABL3KLQUz9ZcLkESr1chc3tEcf5QICfo HTTP/1.1" 200 97
172.22.2.4 - - [18/Apr/2022:20:35:42 -0500] "GET /BLA/boletinlegal/ HTTP/1.1" 200 58588
181.59.126.174 - - [18/Apr/2022:20:37:26 -0500] "GET /kwssiamovil/sm/ldap/au?x=U2FsdGVkX19B7plCNR1olZnt074y4A6k8ybzMrcivnaesOYM1c62t4UuJxi8wTLN&y=U2FsdGVkX1/D8kUUREpAwlEa36bP6oHf7/a4j639+wkxz7vNczGaE4pwzLQlf9ys HTTP/1.1" 200 30
181.59.126.174 - - [18/Apr/2022:20:37:26 -0500] "GET /kwssiamovil/sm/acme/s?s=U2FsdGVkX1/smuCxufGia+LMr9hm0wkcCuzllLZCzBSDpkhAsP84expkdCZ+aCETxrx/Qg+qgGIoF2mG0XSVUj31r4AS1ZQLBBEDSsSJjWQ=&u=U2FsdGVkX1/knxB/xFVs277AoW27oBuZo56fvuW4Ydk=&y=U2FsdGVkX1/D8kUUREpAwlEa36bP6oHf7/a4j639+wkxz7vNczGaE4pwzLQlf9ys HTTP/1.1" 200 97
181.53.12.72 - - [18/Apr/2022:20:37:36 -0500] "GET /galeria/galeria/jquery.fancybox.css?v=2.1.5 HTTP/1.1" 200 4895
181.53.12.72 - - [18/Apr/2022:20:37:37 -0500] "GET /BLA/boletinlegal/js/jquery.scrollShow.js HTTP/1.1" 200 4586
181.53.12.72 - - [18/Apr/2022:20:37:38 -0500] "GET /galeria/galeria/jquery.fancybox.js?v=2.1.5 HTTP/1.1" 200 48706
181.53.12.72 - - [18/Apr/2022:20:37:38 -0500] "GET /galeria/carrusel/Carrusel/jquery.thumbnailScroller.css HTTP/1.1" 200 2066
181.53.12.72 - - [18/Apr/2022:20:37:39 -0500] "GET /galeria/carrusel/Carrusel/jquery-ui-1.8.13.custom.min.js HTTP/1.1" 200 10800
181.53.12.72 - - [18/Apr/2022:20:37:39 -0500] "GET /galeria/carrusel/Carrusel/jquery.thumbnailScroller.js HTTP/1.1" 200 8157
181.53.12.72 - - [18/Apr/2022:20:37:40 -0500] "GET /galeria/nivo-slider/demo/banner.html HTTP/1.1" 200 5446
181.53.12.72 - - [18/Apr/2022:20:37:40 -0500] "GET /galeria/nivo-slider/themes/default/default.css HTTP/1.1" 200 1569
181.53.12.72 - - [18/Apr/2022:20:37:40 -0500] "GET /galeria/nivo-slider/themes/pascal/pascal.css HTTP/1.1" 200 2258
181.53.12.72 - - [18/Apr/2022:20:37:40 -0500] "GET /galeria/nivo-slider/nivo-slider.css HTTP/1.1" 200 1507
181.53.12.72 - - [18/Apr/2022:20:37:40 -0500] "GET /galeria/nivo-slider/themes/orman/orman.css HTTP/1.1" 200 2152
181.53.12.72 - - [18/Apr/2022:20:37:40 -0500] "GET /galeria/nivo-slider/demo/style.css HTTP/1.1" 200 2222
181.53.12.72 - - [18/Apr/2022:20:37:40 -0500] "GET /galeria/nivo-slider/demo/images/bannertortuga_optimized.jpg HTTP/1.1" 200 39066
181.53.12.72 - - [18/Apr/2022:20:37:40 -0500] "GET /galeria/nivo-slider/demo/images/bannertrafico_optimized.jpg HTTP/1.1" 200 42578
181.53.12.72 - - [18/Apr/2022:20:37:40 -0500] "GET /galeria/nivo-slider/demo/images/Bannermujeresquereverdecen.jpg HTTP/1.1" 200 46558
181.53.12.72 - - [18/Apr/2022:20:37:40 -0500] "GET /galeria/nivo-slider/demo/images/Bannersedeelectronica.jpg HTTP/1.1" 200 40383
181.53.12.72 - - [18/Apr/2022:20:37:40 -0500] "GET /galeria/nivo-slider/demo/images/bannerrutaesperanza.jpg HTTP/1.1" 200 55560
181.53.12.72 - - [18/Apr/2022:20:37:42 -0500] "GET /galeria/nivo-slider/demo/scripts/jquery-1.7.1.min.js HTTP/1.1" 200 93868
181.53.12.72 - - [18/Apr/2022:20:37:43 -0500] "GET /galeria/nivo-slider/themes/default/loading.gif HTTP/1.1" 200 1737
181.53.12.72 - - [18/Apr/2022:20:37:43 -0500] "GET /galeria/nivo-slider/demo/images/4Simple_Slider.png HTTP/1.1" 200 11722
181.53.12.72 - - [18/Apr/2022:20:37:43 -0500] "GET /galeria/nivo-slider/jquery.nivo.slider.pack.js HTTP/1.1" 200 11561
181.53.12.72 - - [18/Apr/2022:20:37:44 -0500] "GET /galeria/nivo-slider/demo/images/banneraire2021.jpg HTTP/1.1" 200 265101
181.53.12.72 - - [18/Apr/2022:20:37:44 -0500] "GET /galeria/nivo-slider/demo/images/Bannerplasticosseptiembre.jpg HTTP/1.1" 200 45633
181.53.12.72 - - [18/Apr/2022:20:37:44 -0500] "GET /galeria/nivo-slider/demo/images/banneraccionpopularcrr68.jpg HTTP/1.1" 200 51887
181.53.12.72 - - [18/Apr/2022:20:37:44 -0500] "GET /galeria/nivo-slider/demo/images/bannerresiduoshospitalariosagosto.jpg HTTP/1.1" 200 36499
181.53.12.72 - - [18/Apr/2022:20:37:44 -0500] "GET /galeria/nivo-slider/demo/images/banneraccionpopular.jpeg HTTP/1.1" 200 41707
181.53.12.72 - - [18/Apr/2022:20:37:44 -0500] "GET /galeria/nivo-slider/demo/images/bannerclases2021.jpg HTTP/1.1" 200 68230
181.53.12.72 - - [18/Apr/2022:20:37:44 -0500] "GET /galeria/nivo-slider/demo/images/bannercapacitacionesbogota.jpg HTTP/1.1" 200 42416
181.53.12.72 - - [18/Apr/2022:20:37:44 -0500] "GET /galeria/nivo-slider/demo/images/Bannerenvases.jpg HTTP/1.1" 200 37316
181.53.12.72 - - [18/Apr/2022:20:37:44 -0500] "GET /galeria/nivo-slider/demo/images/Bannervirtualescanales.jpg HTTP/1.1" 200 174544
181.53.12.72 - - [18/Apr/2022:20:37:45 -0500] "GET /galeria/nivo-slider/themes/default/arrows.png HTTP/1.1" 200 824
181.53.12.72 - - [18/Apr/2022:20:37:45 -0500] "GET /galeria/nivo-slider/themes/default/bullets.png HTTP/1.1" 200 1281
181.235.178.86 - - [18/Apr/2022:20:37:56 -0500] "GET /si-tienes-entre-14-y-25-anos-y-quieres-participar-inscribete-a-la-convocatoria-de-lideres-juveniles-para-la-cumbre-de-alcaldes-c40-2022.html HTTP/1.1" 200 1141
172.22.2.4 - - [18/Apr/2022:20:36:18 -0500] "HEAD /BLA/boletinlegal/ HTTP/1.1" 200 -
216.245.221.92 - - [18/Apr/2022:20:38:11 -0500] "HEAD / HTTP/1.1" 200 -
186.86.91.173 - - [18/Apr/2022:20:38:42 -0500] "GET /si-tienes-entre-14-y-25-anos-y-quieres-participar-inscribete-a-la-convocatoria-de-lideres-juveniles-para-la-cumbre-de-alcaldes-c40-2022.html HTTP/1.1" 200 1141
172.22.2.4 - - [18/Apr/2022:20:37:08 -0500] "GET /BLA/boletinlegal/ HTTP/1.1" 200 58006
207.46.13.43 - - [18/Apr/2022:20:39:26 -0500] "GET /Publicaciones/2022EE20500.pdf HTTP/1.1" 404 227
172.22.2.4 - - [18/Apr/2022:20:39:27 -0500] "GET /BLA/boletinlegal/Circulares/2022/CIRCULAR%20No.%2000003%20DEL%2007%20DE%20MARZO%20DEL%202022.pdf HTTP/1.1" 404 1038
172.22.2.4 - - [18/Apr/2022:20:39:29 -0500] "GET /BLA/boletinlegal/Circulares/2021/CIRCULAR%20No.%2000009%20DEL%2001%20DE%20OCTUBRE%20DEL%202021.pdf HTTP/1.1" 200 320793
172.22.2.4 - - [18/Apr/2022:20:39:36 -0500] "GET /BLA/boletinlegal/Circulares/2021/CIRCULAR%20No.%2000007%20DEL%2010%20DE%20AGOSTO%20DEL%202021.pdf HTTP/1.1" 200 266364
172.22.2.4 - - [18/Apr/2022:20:39:44 -0500] "GET /BLA/boletinlegal/Circulares/2021/CIRCULAR%20No.%2000006%20DEL%2005%20DE%20AGOSTO%20DEL%202021.pdf HTTP/1.1" 200 249615
172.22.2.4 - - [18/Apr/2022:20:39:50 -0500] "GET /BLA/boletinlegal/Circulares/2020/Circular%20No.%2000018%20del%2002%20de%20diciembre%20del%202020.pdf HTTP/1.1" 200 276868
172.22.2.4 - - [18/Apr/2022:20:39:55 -0500] "GET /BLA/boletinlegal/Circulares/2020/Circular%2000010%20del%2027%20de%20julio%20de%202020.pdf HTTP/1.1" 200 422655
172.22.2.4 - - [18/Apr/2022:20:40:00 -0500] "GET /BLA/boletinlegal/Circulares/2020/CIRCULAR%20No.%2000019%20DEL%2018%20DE%20DICIEMBRE%20DEL%202020.pdf HTTP/1.1" 200 307959
172.22.2.4 - - [18/Apr/2022:20:40:06 -0500] "GET /BLA/boletinlegal/Circulares/2020/CIRCULAR%20No.%2000014%20del%2001%20de%20septiembre%20del%202020.pdf HTTP/1.1" 200 320826
172.22.2.4 - - [18/Apr/2022:20:40:11 -0500] "GET /BLA/boletinlegal/Circulares/2019/Circular%20No.%2012%20del%2014%20de%20Marzo%20de%202019.pdf HTTP/1.1" 200 344384
172.22.2.4 - - [18/Apr/2022:20:40:17 -0500] "GET /BLA/boletinlegal/Circulares/2019/Circular%20No.%20006%20del%2008%20de%20Febrero%20de%202019.pdf HTTP/1.1" 200 674401
172.22.2.4 - - [18/Apr/2022:20:40:31 -0500] "GET /BLA/boletinlegal/Circulares/2019/Circular%20No.%200015%20del%2003%20de%20Octubre%20de%202019.pdf HTTP/1.1" 200 165608
172.22.2.4 - - [18/Apr/2022:20:40:36 -0500] "GET /BLA/boletinlegal/Circulares/2019/Circular%20No.%200005%20del%2020%20de%20Marzo%20de%202019.pdf HTTP/1.1" 200 159877
172.22.2.4 - - [18/Apr/2022:20:40:43 -0500] "GET /BLA/boletinlegal/Circulares/2019/Circular%20No.%200003%20del%2031%20de%20Enero%20de%202019.pdf HTTP/1.1" 200 164676
172.22.2.4 - - [18/Apr/2022:20:40:47 -0500] "GET /BLA/boletinlegal/Circulares/2019/Circular%2000020%20del%2020%20de%20diciembre%20de%202019.pdf HTTP/1.1" 200 145170
172.22.2.4 - - [18/Apr/2022:20:40:51 -0500] "GET /BLA/boletinlegal/Circulares/2019/Circular%2000018%20del%2020%20de%20noviembre%20de%202019.pdf HTTP/1.1" 200 158030
172.22.2.4 - - [18/Apr/2022:20:40:56 -0500] "GET /BLA/boletinlegal/Circulares/2019/.pdf HTTP/1.1" 404 1218
172.22.2.4 - - [18/Apr/2022:20:40:58 -0500] "GET /BLA/boletinlegal/Circulares/2018/Circular%20No.%2011%20del%2024%20de%20Septiembre%20de%202018.pdf HTTP/1.1" 200 169541
172.22.2.4 - - [18/Apr/2022:20:41:02 -0500] "GET /BLA/boletinlegal/Circulares/2018/Circular%20No.%2010%20del%2021%20de%20Septiembre%20de%202018.pdf HTTP/1.1" 200 163426
172.22.2.4 - - [18/Apr/2022:20:41:05 -0500] "GET /BLA/boletinlegal/Circulares/2018/Circular%20No.%200015%20del%207%20de%20Diciembre%20de%202018.pdf HTTP/1.1" 200 165305
172.22.2.4 - - [18/Apr/2022:20:41:09 -0500] "GET /BLA/boletinlegal/Circulares/2018/CIRCULAR%20COJUNTA%20042%20DE%202018.pdf HTTP/1.1" 200 515008
172.22.2.4 - - [18/Apr/2022:20:41:16 -0500] "GET /BLA/boletinlegal/Circulares/2017/Circular%20No.%202%20del%201%20de%20Septiembre%20de%202017.pdf HTTP/1.1" 200 152575
172.22.2.4 - - [18/Apr/2022:20:41:21 -0500] "GET /BLA/boletinlegal/Circulares/2017/Circular%20No.%201%20del%2030%20de%20Marzo%20de%202017.pdf HTTP/1.1" 200 668532
172.22.2.4 - - [18/Apr/2022:20:41:26 -0500] "GET /BLA/boletinlegal/Circulares/2017/Circular%20No.%2007%20del%2028%20de%20Abril%20de%202017.pdf HTTP/1.1" 200 309906
172.22.2.4 - - [18/Apr/2022:20:41:30 -0500] "GET /BLA/boletinlegal/Circulares/2017/Circular%20No.%20011%20del%2005%20de%20julio%20de%202017.pdf HTTP/1.1" 200 965526
172.22.2.4 - - [18/Apr/2022:20:41:50 -0500] "GET /BLA/boletinlegal/Circulares/2015/Circular%20No.%202%20del%201%20de%20julio%20de%202015.pdf HTTP/1.1" 200 752890
172.22.2.4 - - [18/Apr/2022:20:41:56 -0500] "GET /BLA/boletinlegal/Circulares/2015/Circular%20No.%201%20del%2010%20de%20Febrero%20de%202015.pdf HTTP/1.1" 200 660637
172.22.2.4 - - [18/Apr/2022:20:42:03 -0500] "GET /BLA/boletinlegal/Circulares/2014/Circular%20No.%203%20del%2014%20de%20Noviembre%20de%202014.pdf HTTP/1.1" 200 104132
172.22.2.4 - - [18/Apr/2022:20:42:08 -0500] "GET /BLA/boletinlegal/Circulares/2014/Circular%20No.%202%20del%2021%20de%20septiembre%20de%202014.pdf HTTP/1.1" 200 143376
172.22.2.4 - - [18/Apr/2022:20:42:13 -0500] "GET /BLA/boletinlegal/Circulares/2014/Circular%20No.%201%20del%2008%20de%20Mayo%20de%202014.pdf HTTP/1.1" 200 180124
172.22.2.4 - - [18/Apr/2022:20:42:18 -0500] "GET /BLA/boletinlegal/Circulares/2013/Circular%20No.%208%20del%201%20de%20Noviembre%20de%202013.pdf HTTP/1.1" 200 385156
191.156.148.191 - - [18/Apr/2022:20:42:24 -0500] "GET /si-tienes-entre-14-y-25-anos-y-quieres-participar-inscribete-a-la-convocatoria-de-lideres-juveniles-para-la-cumbre-de-alcaldes-c40-2022.html HTTP/1.1" 200 1141
172.22.2.4 - - [18/Apr/2022:20:42:25 -0500] "GET /BLA/boletinlegal/Circulares/2013/Circular%20No.%207%20del%201%20de%20Agosto%20de%202013.pdf HTTP/1.1" 200 340934
172.22.2.4 - - [18/Apr/2022:20:42:33 -0500] "GET /BLA/boletinlegal/Circulares/2013/Circular%20No.%206%20del%2019%20de%20julio%20de%202013.pdf HTTP/1.1" 200 4210437
172.22.2.4 - - [18/Apr/2022:20:42:48 -0500] "GET /BLA/boletinlegal/Circulares/2013/Circular%20No.%205%20del%2013%20de%20junio%20de%202013.pdf HTTP/1.1" 200 110904
103.178.237.132 - - [18/Apr/2022:20:42:53 -0500] "GET / HTTP/1.1" 200 319
172.22.2.4 - - [18/Apr/2022:20:42:54 -0500] "GET /BLA/boletinlegal/Circulares/2013/Circular%20No.%204%20del%2005%20de%20junio%20de%202013.pdf HTTP/1.1" 200 130461
172.22.2.4 - - [18/Apr/2022:20:43:01 -0500] "GET /BLA/boletinlegal/Circulares/2013/Circular%20No.%203%20del%2005%20de%20abril%20de%202013.pdf HTTP/1.1" 200 93580
172.22.2.4 - - [18/Apr/2022:20:43:07 -0500] "GET /BLA/boletinlegal/Circulares/2013/Circular%20No.%202%20del%2022%20de%20enero%20de%202013.pdf HTTP/1.1" 200 85466
216.245.221.92 - - [18/Apr/2022:20:43:11 -0500] "HEAD / HTTP/1.1" 200 -
172.22.2.4 - - [18/Apr/2022:20:43:14 -0500] "GET /BLA/boletinlegal/Circulares/2013/Circular%20No.%201%20del%2014%20de%20enero%20de%202013.pdf HTTP/1.1" 200 1298384
201.245.192.253 - - [18/Apr/2022:20:42:31 -0500] "POST /kwsrmcab/Wsrmcab HTTP/1.1" 200 44820
172.22.2.4 - - [18/Apr/2022:20:43:22 -0500] "GET /BLA/boletinlegal/Circulares/2012/Circular%20No.%209%20del%2021%20de%20Agosto%20de%202012.pdf HTTP/1.1" 200 1402289
172.22.2.4 - - [18/Apr/2022:20:43:28 -0500] "GET /BLA/boletinlegal/Circulares/2012/Circular%20No.%208%20del%2021%20de%20Agosto%20de%202012.pdf HTTP/1.1" 200 963197
172.22.2.4 - - [18/Apr/2022:20:43:34 -0500] "GET /BLA/boletinlegal/Circulares/2012/Circular%20No.%207%20del%2008%20de%20Agosto%20de%202012.pdf HTTP/1.1" 200 972955
172.22.2.4 - - [18/Apr/2022:20:43:44 -0500] "GET /BLA/boletinlegal/Circulares/2012/Circular%20No.%206%20del%2025%20de%20Mayo%20de%202012.pdf HTTP/1.1" 200 387391
172.22.2.4 - - [18/Apr/2022:20:42:08 -0500] "HEAD /BLA/boletinlegal/ HTTP/1.1" 200 -
172.22.2.4 - - [18/Apr/2022:20:43:49 -0500] "GET /BLA/boletinlegal/Circulares/2012/Circular%20No.%205%20del%2027%20de%20Abril%20de%202012.pdf HTTP/1.1" 200 216613
172.22.2.4 - - [18/Apr/2022:20:43:55 -0500] "GET /BLA/boletinlegal/Circulares/2012/Circular%20No.%204%20del%2019%20de%20abril%20de%202012.pdf HTTP/1.1" 200 253045
172.22.2.4 - - [18/Apr/2022:20:43:59 -0500] "GET /BLA/boletinlegal/Circulares/2012/Circular%20No.%203%20del%2023%20de%20Marzo%20de%202012.pdf HTTP/1.1" 200 572950
172.22.2.4 - - [18/Apr/2022:20:44:05 -0500] "GET /BLA/boletinlegal/Circulares/2012/Circular%20No.%202%20del%2014%20de%20Marzo%20de%202012.pdf HTTP/1.1" 200 113666
201.245.192.253 - - [18/Apr/2022:20:43:21 -0500] "POST /kwsrmcab/Wsrmcab HTTP/1.1" 200 45464
172.22.2.4 - - [18/Apr/2022:20:44:11 -0500] "GET /BLA/boletinlegal/Circulares/2012/Circular%20No.%2016%20del%2022%20de%20octubre%20de%202012.pdf HTTP/1.1" 200 381186
172.22.2.4 - - [18/Apr/2022:20:44:16 -0500] "GET /BLA/boletinlegal/Circulares/2012/Circular%20No.%2015%20del%2022%20de%20octubre%20de%202012.pdf HTTP/1.1" 200 486506
181.61.164.108 - - [18/Apr/2022:20:44:19 -0500] "GET /BLA/resoluciones/index.php?dir=RESOLUCIONES+2005%2FRES+2005+3001-3050%2F HTTP/1.1" 200 12364
181.61.164.108 - - [18/Apr/2022:20:44:21 -0500] "GET /BLA/resoluciones/RESOLUCIONES%202005/RES%202005%203001-3050/00003001.tif HTTP/1.1" 200 253692
172.22.2.4 - - [18/Apr/2022:20:44:22 -0500] "GET /BLA/boletinlegal/Circulares/2012/Circular%20No.%2014%20del%2011%20de%20Septiembre%20de%202012.pdf HTTP/1.1" 200 3427471
181.61.164.108 - - [18/Apr/2022:20:44:22 -0500] "GET /BLA/resoluciones/RESOLUCIONES%202005/RES%202005%203001-3050/00003002.tif HTTP/1.1" 200 396712
181.61.164.108 - - [18/Apr/2022:20:44:23 -0500] "GET /BLA/resoluciones/RESOLUCIONES%202005/RES%202005%203001-3050/00003003.tif HTTP/1.1" 200 156154
181.61.164.108 - - [18/Apr/2022:20:44:24 -0500] "GET /BLA/resoluciones/RESOLUCIONES%202005/RES%202005%203001-3050/00003004.tif HTTP/1.1" 200 209410
181.61.164.108 - - [18/Apr/2022:20:44:25 -0500] "GET /BLA/resoluciones/RESOLUCIONES%202005/RES%202005%203001-3050/00003005.tif HTTP/1.1" 200 218746
181.61.164.108 - - [18/Apr/2022:20:44:26 -0500] "GET /BLA/resoluciones/RESOLUCIONES%202005/RES%202005%203001-3050/00003006.tif HTTP/1.1" 200 572098
181.61.164.108 - - [18/Apr/2022:20:44:27 -0500] "GET /BLA/resoluciones/RESOLUCIONES%202005/RES%202005%203001-3050/00003007.tif HTTP/1.1" 200 170578
181.61.164.108 - - [18/Apr/2022:20:44:28 -0500] "GET /BLA/resoluciones/RESOLUCIONES%202005/RES%202005%203001-3050/00003008.tif HTTP/1.1" 200 177868
181.61.164.108 - - [18/Apr/2022:20:44:29 -0500] "GET /BLA/resoluciones/RESOLUCIONES%202005/RES%202005%203001-3050/00003009.tif HTTP/1.1" 200 173680
181.61.164.108 - - [18/Apr/2022:20:44:30 -0500] "GET /BLA/resoluciones/RESOLUCIONES%202005/RES%202005%203001-3050/00003010.tif HTTP/1.1" 200 455934
181.61.164.108 - - [18/Apr/2022:20:44:31 -0500] "GET /BLA/resoluciones/RESOLUCIONES%202005/RES%202005%203001-3050/00003011.tif HTTP/1.1" 200 126516
181.61.164.108 - - [18/Apr/2022:20:44:32 -0500] "GET /BLA/resoluciones/RESOLUCIONES%202005/RES%202005%203001-3050/00003012.tif HTTP/1.1" 200 120882
181.61.164.108 - - [18/Apr/2022:20:44:33 -0500] "GET /BLA/resoluciones/RESOLUCIONES%202005/RES%202005%203001-3050/00003013.tif HTTP/1.1" 200 197700
181.61.164.108 - - [18/Apr/2022:20:44:34 -0500] "GET /BLA/resoluciones/RESOLUCIONES%202005/RES%202005%203001-3050/00003014.tif HTTP/1.1" 200 202372
172.22.2.4 - - [18/Apr/2022:20:44:34 -0500] "GET /BLA/boletinlegal/Circulares/2012/Circular%20No.%2013%20del%2006%20de%20Septiembre%20de%202012.pdf HTTP/1.1" 200 351421
181.61.164.108 - - [18/Apr/2022:20:44:35 -0500] "GET /BLA/resoluciones/RESOLUCIONES%202005/RES%202005%203001-3050/00003015.tif HTTP/1.1" 200 263056
181.61.164.108 - - [18/Apr/2022:20:44:35 -0500] "GET /BLA/resoluciones/RESOLUCIONES%202005/RES%202005%203001-3050/00003016.tif HTTP/1.1" 200 221722
181.61.164.108 - - [18/Apr/2022:20:44:37 -0500] "GET /BLA/resoluciones/RESOLUCIONES%202005/RES%202005%203001-3050/00003017.tif HTTP/1.1" 200 221172
181.61.164.108 - - [18/Apr/2022:20:44:38 -0500] "GET /BLA/resoluciones/RESOLUCIONES%202005/RES%202005%203001-3050/00003018.tif HTTP/1.1" 200 206674
172.22.2.4 - - [18/Apr/2022:20:42:58 -0500] "GET /BLA/boletinlegal/ HTTP/1.1" 200 55450
181.61.164.108 - - [18/Apr/2022:20:44:38 -0500] "GET /BLA/resoluciones/RESOLUCIONES%202005/RES%202005%203001-3050/00003019.tif HTTP/1.1" 200 260492
181.61.164.108 - - [18/Apr/2022:20:44:40 -0500] "GET /BLA/resoluciones/RESOLUCIONES%202005/RES%202005%203001-3050/00003020.tif HTTP/1.1" 200 229062
172.22.2.4 - - [18/Apr/2022:20:44:40 -0500] "GET /BLA/boletinlegal/Circulares/2012/Circular%20No.%2012%20del%2028%20de%20Agosto%20de%202012.pdf HTTP/1.1" 200 369945
181.61.164.108 - - [18/Apr/2022:20:44:41 -0500] "GET /BLA/resoluciones/RESOLUCIONES%202005/RES%202005%203001-3050/00003021.tif HTTP/1.1" 200 216944
181.61.164.108 - - [18/Apr/2022:20:44:44 -0500] "GET /BLA/resoluciones/RESOLUCIONES%202005/RES%202005%203001-3050/00003022.tif HTTP/1.1" 200 274170
181.61.164.108 - - [18/Apr/2022:20:44:45 -0500] "GET /BLA/resoluciones/RESOLUCIONES%202005/RES%202005%203001-3050/00003023.tif HTTP/1.1" 200 583668
181.61.164.108 - - [18/Apr/2022:20:44:47 -0500] "GET /BLA/resoluciones/RESOLUCIONES%202005/RES%202005%203001-3050/00003024.tif HTTP/1.1" 200 90856
172.22.2.4 - - [18/Apr/2022:20:44:47 -0500] "GET /BLA/boletinlegal/Circulares/2012/Circular%20No.%2011%20del%2027%20de%20Agosto%20de%202012.pdf HTTP/1.1" 200 526945
181.61.164.108 - - [18/Apr/2022:20:44:48 -0500] "GET /BLA/resoluciones/RESOLUCIONES%202005/RES%202005%203001-3050/00003025.tif HTTP/1.1" 200 90130
181.61.164.108 - - [18/Apr/2022:20:44:51 -0500] "GET /BLA/resoluciones/RESOLUCIONES%202005/RES%202005%203001-3050/00003026.tif HTTP/1.1" 200 88646
181.61.164.108 - - [18/Apr/2022:20:44:52 -0500] "GET /BLA/resoluciones/RESOLUCIONES%202005/RES%202005%203001-3050/00003027.tif HTTP/1.1" 200 90378
181.61.164.108 - - [18/Apr/2022:20:44:53 -0500] "GET /BLA/resoluciones/RESOLUCIONES%202005/RES%202005%203001-3050/00003028.tif HTTP/1.1" 200 91990
172.22.2.4 - - [18/Apr/2022:20:44:53 -0500] "GET /BLA/boletinlegal/Circulares/2012/Circular%20No.%2010%20del%2026%20de%20Enero%20de%202012.pdf HTTP/1.1" 404 1218
181.61.164.108 - - [18/Apr/2022:20:44:54 -0500] "GET /BLA/resoluciones/RESOLUCIONES%202005/RES%202005%203001-3050/00003029.tif HTTP/1.1" 200 93320
181.61.164.108 - - [18/Apr/2022:20:44:55 -0500] "GET /BLA/resoluciones/RESOLUCIONES%202005/RES%202005%203001-3050/00003030.tif HTTP/1.1" 200 240638
172.22.2.4 - - [18/Apr/2022:20:44:55 -0500] "GET /BLA/boletinlegal/Circulares/2012/Circular%20No.%2010%20del%2022%20de%20Agosto%20de%202012.pdf HTTP/1.1" 200 1563219
181.61.164.108 - - [18/Apr/2022:20:44:57 -0500] "GET /BLA/resoluciones/RESOLUCIONES%202005/RES%202005%203001-3050/00003031.tif HTTP/1.1" 200 136728
181.61.164.108 - - [18/Apr/2022:20:44:58 -0500] "GET /BLA/resoluciones/RESOLUCIONES%202005/RES%202005%203001-3050/00003032.tif HTTP/1.1" 200 152408
181.61.164.108 - - [18/Apr/2022:20:45:00 -0500] "GET /BLA/resoluciones/RESOLUCIONES%202005/RES%202005%203001-3050/00003033.tif HTTP/1.1" 200 158254
181.61.164.108 - - [18/Apr/2022:20:45:00 -0500] "GET /BLA/resoluciones/RESOLUCIONES%202005/RES%202005%203001-3050/00003034.tif HTTP/1.1" 200 342620
172.22.2.4 - - [18/Apr/2022:20:45:01 -0500] "GET /BLA/boletinlegal/Circulares/2012/Circular%20No.%201%20del%2017%20de%20Enero%20de%202012.pdf HTTP/1.1" 200 1118749
181.61.164.108 - - [18/Apr/2022:20:45:01 -0500] "GET /BLA/resoluciones/RESOLUCIONES%202005/RES%202005%203001-3050/00003035.tif HTTP/1.1" 200 206788
13.66.139.0 - - [18/Apr/2022:20:45:02 -0500] "GET /BLA/resoluciones/AUTOS%202021/0287.pdf HTTP/1.1" 200 757954
172.22.2.4 - - [18/Apr/2022:20:45:08 -0500] "GET /BLA/boletinlegal/Circulares/2011/Circular%20No.%209%20del%2003%20de%20Noviembre%20de%202011.pdf HTTP/1.1" 200 54568
181.61.164.108 - - [18/Apr/2022:20:45:10 -0500] "GET /BLA/resoluciones/RESOLUCIONES%202005/RES%202005%203001-3050/00003036.tif HTTP/1.1" 200 204952
172.22.2.4 - - [18/Apr/2022:20:45:13 -0500] "GET /BLA/boletinlegal/Circulares/2011/Circular%20No.%208%20del%2020%20de%20Septiembre%20de%202011.pdf HTTP/1.1" 200 285158
181.61.164.108 - - [18/Apr/2022:20:45:19 -0500] "GET /BLA/resoluciones/RESOLUCIONES%202005/RES%202005%203001-3050/00003037.tif HTTP/1.1" 200 290026
172.22.2.4 - - [18/Apr/2022:20:45:20 -0500] "GET /BLA/boletinlegal/Circulares/2011/Circular%20No.%207%20del%2023%20de%20Diciembre%20de%202011.pdf HTTP/1.1" 200 1107785
186.84.21.23 - - [18/Apr/2022:20:45:21 -0500] "GET /forest/ HTTP/1.1" 200 12041
186.84.21.23 - - [18/Apr/2022:20:45:28 -0500] "POST /forest/index.php HTTP/1.1" 200 12268
172.22.2.4 - - [18/Apr/2022:20:45:30 -0500] "GET /BLA/boletinlegal/Circulares/2011/Circular%20No.%207%20del%2015%20de%20Septiembre%20de%202011.pdf HTTP/1.1" 200 314873
181.61.164.108 - - [18/Apr/2022:20:45:34 -0500] "GET /BLA/resoluciones/RESOLUCIONES%202005/RES%202005%203001-3050/00003038.tif HTTP/1.1" 200 138186
172.22.2.4 - - [18/Apr/2022:20:45:35 -0500] "GET /BLA/boletinlegal/Circulares/2011/Circular%20No.%206%20del%2029%20de%20Julio%20de%202011.pdf HTTP/1.1" 200 262144
181.61.164.108 - - [18/Apr/2022:20:45:40 -0500] "GET /BLA/resoluciones/RESOLUCIONES%202005/RES%202005%203001-3050/00003039.tif HTTP/1.1" 200 105364
181.61.164.108 - - [18/Apr/2022:20:45:41 -0500] "GET /BLA/resoluciones/RESOLUCIONES%202005/RES%202005%203001-3050/00003040.tif HTTP/1.1" 200 135596
181.61.164.108 - - [18/Apr/2022:20:45:42 -0500] "GET /BLA/resoluciones/RESOLUCIONES%202005/RES%202005%203001-3050/00003041.tif HTTP/1.1" 200 138460
172.22.2.4 - - [18/Apr/2022:20:45:42 -0500] "GET /BLA/boletinlegal/Circulares/2011/Circular%20No.%206%20del%2023%20de%20Septiembre%20de%202011.pdf HTTP/1.1" 200 252800
181.61.164.108 - - [18/Apr/2022:20:45:44 -0500] "GET /BLA/resoluciones/RESOLUCIONES%202005/RES%202005%203001-3050/00003042.tif HTTP/1.1" 200 313310
181.61.164.108 - - [18/Apr/2022:20:45:45 -0500] "GET /BLA/resoluciones/RESOLUCIONES%202005/RES%202005%203001-3050/00003043.tif HTTP/1.1" 200 139384
181.61.164.108 - - [18/Apr/2022:20:45:46 -0500] "GET /BLA/resoluciones/RESOLUCIONES%202005/RES%202005%203001-3050/00003044.tif HTTP/1.1" 200 233696
181.61.164.108 - - [18/Apr/2022:20:45:47 -0500] "GET /BLA/resoluciones/RESOLUCIONES%202005/RES%202005%203001-3050/00003045.tif HTTP/1.1" 200 175324
181.61.164.108 - - [18/Apr/2022:20:45:48 -0500] "GET /BLA/resoluciones/RESOLUCIONES%202005/RES%202005%203001-3050/00003046.tif HTTP/1.1" 200 168738
172.22.2.4 - - [18/Apr/2022:20:45:49 -0500] "GET /BLA/boletinlegal/Circulares/2011/Circular%20No.%205%20del%2014%20de%20Julio%20de%202011.pdf HTTP/1.1" 200 1488992
181.61.164.108 - - [18/Apr/2022:20:45:50 -0500] "GET /BLA/resoluciones/RESOLUCIONES%202005/RES%202005%203001-3050/00003047.tif HTTP/1.1" 200 122166
181.61.164.108 - - [18/Apr/2022:20:45:51 -0500] "GET /BLA/resoluciones/RESOLUCIONES%202005/RES%202005%203001-3050/00003048.tif HTTP/1.1" 200 141266
181.61.164.108 - - [18/Apr/2022:20:45:53 -0500] "GET /BLA/resoluciones/RESOLUCIONES%202005/RES%202005%203001-3050/00003049.tif HTTP/1.1" 200 174138
181.61.164.108 - - [18/Apr/2022:20:45:53 -0500] "GET /BLA/resoluciones/RESOLUCIONES%202005/RES%202005%203001-3050/00003050.tif HTTP/1.1" 200 165264
172.22.2.4 - - [18/Apr/2022:20:45:56 -0500] "GET /BLA/boletinlegal/Circulares/2011/Circular%20No.%205%20del%2012%20de%20Agosto%20de%202011.pdf HTTP/1.1" 200 431796
181.236.214.124 - - [18/Apr/2022:20:46:33 -0500] "GET /documents/10184/2325415/pieza-concurso-buenas-practicas-20-septiembre.jpg HTTP/1.1" 404 1030
181.59.126.174 - - [18/Apr/2022:20:47:07 -0500] "GET /kwssiamovil/sm/ldap/au?x=U2FsdGVkX1+PtuawMVqpDli296GEXWqP5gyc1lGu8ErWta2viAVTOcF82clqkfvn&y=U2FsdGVkX182TKpt3p9siqVTMx+9TqC3/51SMXcVO0HcVSk6fIsdK4rWKVCOcoLO HTTP/1.1" 200 30
181.59.126.174 - - [18/Apr/2022:20:47:07 -0500] "GET /kwssiamovil/sm/acme/s?s=U2FsdGVkX1/OwnyGfzvx56D7qqJbE6Ll1eATvNuT1Xrb8+7JD0zbkabTcdyqJbTsu3TTht4gPM72gOCYlpRUv/wqSOOgDri8NV0rKx3uIM8=&u=U2FsdGVkX1/t+xXueIXY1ukqLoEaHzxRjk2j/AEe5dQ=&y=U2FsdGVkX182TKpt3p9siqVTMx+9TqC3/51SMXcVO0HcVSk6fIsdK4rWKVCOcoLO HTTP/1.1" 200 97
181.59.126.174 - - [18/Apr/2022:20:47:07 -0500] "GET /kwssiamovil/sm/acme/s?s=U2FsdGVkX1+WbEqiLEO6FKHuxMZmTD9DqMWPi1UVZ0ZFMkl4OXolluDGQS/WbeXYupsdEdI0MJ7s/AbdKhoTsgIFhYFVQQvX0UM2d3g9Jmz9lrDbqfyG1DqUSnGNbPOCJmPV41HxHDzm0qE+lSYkIihYoWZkO12fjMvKOUIGwJrVfFkdYp8y5HEwz8pSDuzsuHFSJ7BsuXq295y4wpKmNi+x2WokU32SeKYVx7GBMqE8FzFQo9ApfyT+N9za2WwlSxoQ4PA8Ev3egVJwuls8R4t7HFxinzMR3DrNDDOWUCArGIvhXtxqnXAxMiqGWYkb65lJ8UwLjvPUkwn402bBVCmQLXHFj7TeuSOkRO8kZyiS6obS40zfzrTVS+Tfgd/S3bc2K0pAzgg9rBK5ZmxlMda2eKgFWFuId1lTzyI7iyVtiCFlUcYkxXPxrJ6PIeA144aJEaCarYqwKnjpPtAXEHw25yjK3tP1tpNDbrSwezPp8xhROqyc5Aw4ToEqjWHEHsWbXFZWD+fHY8KQB5MSk8XuUX4Ic+HlFarFZDcEYsijH6IPxWrInlQFGZL8m9YiHubogyOlqoU0ZTzrtzZPYu8dtfmEpcwCoNwiv1uvgscLRk+kdjnOkbh/5Z+l4qR3WG/rd9CPkSO2ukNTJAs8r3myQABoRm7N0mUTLxLqUaLeiHCAd2plZFehLJqzJ9MgimAJd+Sj94kb904lJ5H12W5p4Ypzy9ZnxFcX7j0dtwTcLEVJ2B6+8XIRZcOCXOQr7buMdQEXTiUCgvwNOmVI9gyg3R+7D4E9OkeywMVJtM4+w8ljG3zbkaLT4VwUhBAVyUtJm6K6g8XhmKj2n+mB5sIxhlqUvl5PuGppi0UUKC0z1BiEIfbU5GwRuLOfu6zS3eme/AeU4dcmG3pnkRmmi40DTUuGflATpqRlyFemlZArGy9HeIa/UfgB3BMtFBQMFdParaEF0camn3T9I3/SX/ReESbgjh4OSrBbviPuQENDggKA5+oQaZLMxN4KgpUdMglypHgulf3RU4PTpsWlhyrlAc5CTgPLFRy0W5zt7z6tg6dKukfEukqBwF2l584UmP3PFSeSPNrmY86l4skavgTctsYA4MWwYdBxA8A14m7IyEA5CWf36PTiuqZuFtydb00CBHBhl4OyFvwxdROD8xaahmM5P0Ph0bSP83RjCiYWQCZkVFLavxkA5987DakmOdUwWOX/8AYbjSZtM3UakvspNm89Suxtd/6KFf7KbBSzdyj3/KG2lDirZipldE1HHraEkc+a2nvRRU5vjLCGU5KmvOW985UDOu/oWnaakgUtF4zhmuRMCvn2uozscVZLQKlz1BPJWA5M2+ZXcUNdJ/DHb6FujxryEh4Z3iHGnKU=&u=U2FsdGVkX1/t+xXueIXY1ukqLoEaHzxRjk2j/AEe5dQ=&y=U2FsdGVkX182TKpt3p9siqVTMx+9TqC3/51SMXcVO0HcVSk6fIsdK4rWKVCOcoLO HTTP/1.1" 200 2425
