216.245.221.92 - - [21/Apr/2022:16:33:01 -0500] "HEAD / HTTP/1.1" 200 -
201.245.192.253 - - [21/Apr/2022:16:32:17 -0500] "POST /kwsrmcab/Wsrmcab HTTP/1.1" 200 44979
201.245.192.253 - - [21/Apr/2022:16:33:07 -0500] "POST /kwsrmcab/Wsrmcab HTTP/1.1" 200 46268
172.22.2.4 - - [21/Apr/2022:16:34:05 -0500] "GET /BLA/boletinlegal/images/body_bg.jpg HTTP/1.1" 200 1601
172.22.2.4 - - [21/Apr/2022:16:34:05 -0500] "GET /BLA/boletinlegal/images/menu_lft.gif HTTP/1.1" 200 1713
172.22.2.4 - - [21/Apr/2022:16:34:05 -0500] "GET /BLA/boletinlegal/images/menu_rght.gif HTTP/1.1" 200 1627
172.22.2.4 - - [21/Apr/2022:16:34:05 -0500] "GET /BLA/boletinlegal/images/bg_top.jpg HTTP/1.1" 200 522
172.22.2.4 - - [21/Apr/2022:16:34:05 -0500] "GET /BLA/boletinlegal/images/menu_bg.jpg HTTP/1.1" 200 620
172.22.2.4 - - [21/Apr/2022:16:34:05 -0500] "GET /BLA/boletinlegal/images/hover.jpg HTTP/1.1" 200 640
172.22.2.4 - - [21/Apr/2022:16:34:05 -0500] "GET /BLA/boletinlegal/images/text.jpg HTTP/1.1" 200 568
172.22.2.4 - - [21/Apr/2022:16:34:06 -0500] "GET /BLA/boletinlegal/actos.php HTTP/1.1" 200 9559
172.22.2.4 - - [21/Apr/2022:16:34:06 -0500] "GET /BLA/boletinlegal/niceforms.js HTTP/1.1" 200 22876
172.22.2.4 - - [21/Apr/2022:16:34:06 -0500] "GET /BLA/boletinlegal/js/ajax_actos.js HTTP/1.1" 200 1322
172.22.2.4 - - [21/Apr/2022:16:34:06 -0500] "GET /BLA/boletinlegal/niceforms-default.css HTTP/1.1" 200 6694
172.22.2.4 - - [21/Apr/2022:16:34:06 -0500] "GET /BLA/boletinlegal/js/popup.js HTTP/1.1" 200 1270
172.22.2.4 - - [21/Apr/2022:16:34:06 -0500] "GET /BLA/boletinlegal/js/lib.js HTTP/1.1" 200 6474
172.22.2.4 - - [21/Apr/2022:16:34:07 -0500] "GET /BLA/boletinlegal/js/jquery1.js HTTP/1.1" 200 29846
172.22.2.4 - - [21/Apr/2022:16:34:07 -0500] "GET /BLA/boletinlegal/images/green-yellow-blue-pink-th.png HTTP/1.1" 200 7394
172.22.2.4 - - [21/Apr/2022:16:34:07 -0500] "GET /BLA/boletinlegal/images/abajo.png HTTP/1.1" 200 96676
172.22.2.4 - - [21/Apr/2022:16:34:07 -0500] "GET /BLA/boletinlegal/images/icono-email.png HTTP/1.1" 200 5544
172.22.2.4 - - [21/Apr/2022:16:34:07 -0500] "GET /BLA/boletinlegal/images/tel.png HTTP/1.1" 200 14477
172.22.2.4 - - [21/Apr/2022:16:34:07 -0500] "GET /BLA/boletinlegal/images/footer_bg.jpg HTTP/1.1" 200 586
172.22.2.4 - - [21/Apr/2022:16:34:07 -0500] "GET /BLA/boletinlegal/images/footer_bg_l.jpg HTTP/1.1" 200 776
172.22.2.4 - - [21/Apr/2022:16:34:07 -0500] "GET /BLA/boletinlegal/img/0.png HTTP/1.1" 200 110
172.22.2.4 - - [21/Apr/2022:16:34:07 -0500] "GET /BLA/boletinlegal/img/button.png HTTP/1.1" 200 43241
172.22.2.4 - - [21/Apr/2022:16:34:07 -0500] "GET /BLA/boletinlegal/img/button-left.png HTTP/1.1" 200 57071
172.22.2.4 - - [21/Apr/2022:16:34:07 -0500] "GET /BLA/boletinlegal/img/select-left.png HTTP/1.1" 200 263
172.22.2.4 - - [21/Apr/2022:16:34:07 -0500] "GET /BLA/boletinlegal/img/select-right.png HTTP/1.1" 200 44019
172.22.2.4 - - [21/Apr/2022:16:34:07 -0500] "GET /BLA/boletinlegal/favicon.ico HTTP/1.1" 404 1326
172.22.2.4 - - [21/Apr/2022:16:34:07 -0500] "GET /BLA/boletinlegal/img/button-right.png HTTP/1.1" 200 57878
172.22.2.4 - - [21/Apr/2022:16:34:09 -0500] "GET /BLA/boletinlegal/images/screen_2.png HTTP/1.1" 200 362502
201.245.192.253 - - [21/Apr/2022:16:34:45 -0500] "POST /sipse/faces/presentacion/financiero/solicitudProceso/listarSolicitudProceso.xhtml HTTP/1.1" 200 120238
201.245.192.253 - - [21/Apr/2022:16:34:45 -0500] "GET /sipse/js/disable_browser_buttons.js HTTP/1.1" 304 -
201.245.192.253 - - [21/Apr/2022:16:34:45 -0500] "GET /sipse/js/jquery.min.js HTTP/1.1" 304 -
201.245.192.253 - - [21/Apr/2022:16:34:46 -0500] "GET /sipse/js/funciones.js HTTP/1.1" 304 -
201.245.192.253 - - [21/Apr/2022:16:34:46 -0500] "GET /sipse/faces/javax.faces.resource/jquery/jquery.js?ln=primefaces&v=4.0 HTTP/1.1" 304 -
201.245.192.253 - - [21/Apr/2022:16:34:46 -0500] "GET /sipse/faces/javax.faces.resource/jquery/jquery-plugins.js?ln=primefaces&v=4.0 HTTP/1.1" 304 -
201.245.192.253 - - [21/Apr/2022:16:34:46 -0500] "GET /sipse/faces/javax.faces.resource/primefaces.js?ln=primefaces&v=4.0 HTTP/1.1" 304 -
201.245.192.253 - - [21/Apr/2022:16:34:46 -0500] "GET /sipse/faces/javax.faces.resource/layout/layout.js?ln=primefaces&v=4.0 HTTP/1.1" 304 -
201.245.192.253 - - [21/Apr/2022:16:34:46 -0500] "GET /sipse/faces/javax.faces.resource/dynamiccontent.properties?ln=primefaces&pfdrid=XjOR5%2F%2FfPAZAuY9TpWQeCiM0BhlXxYRBGKi%2FQcXXfeA%3D&pfdrid_c=false HTTP/1.1" 500 383
201.245.192.253 - - [21/Apr/2022:16:34:48 -0500] "POST /sipse/faces/presentacion/financiero/solicitudProceso/consultarSolicitudProceso.xhtml HTTP/1.1" 200 27891
201.245.192.253 - - [21/Apr/2022:16:34:48 -0500] "GET /sipse/css/custom_css_sg.css HTTP/1.1" 304 -
201.245.192.253 - - [21/Apr/2022:16:34:48 -0500] "GET /sipse/faces/javax.faces.resource/theme.css?ln=primefaces-sipse HTTP/1.1" 304 -
201.245.192.253 - - [21/Apr/2022:16:34:48 -0500] "GET /sipse/faces/javax.faces.resource/primefaces.css?ln=primefaces&v=4.0 HTTP/1.1" 304 -
201.245.192.253 - - [21/Apr/2022:16:34:48 -0500] "GET /sipse/css/custom_css_sg_prime.css HTTP/1.1" 304 -
201.245.192.253 - - [21/Apr/2022:16:34:48 -0500] "GET /sipse/faces/javax.faces.resource/layout/layout.css?ln=primefaces&v=4.0 HTTP/1.1" 304 -
201.245.192.253 - - [21/Apr/2022:16:34:48 -0500] "GET /sipse/faces/javax.faces.resource/jquery/jquery-plugins.js?ln=primefaces&v=4.0 HTTP/1.1" 304 -
201.245.192.253 - - [21/Apr/2022:16:34:48 -0500] "GET /sipse/faces/javax.faces.resource/primefaces.js?ln=primefaces&v=4.0 HTTP/1.1" 304 -
201.245.192.253 - - [21/Apr/2022:16:34:48 -0500] "GET /sipse/faces/javax.faces.resource/jquery/jquery.js?ln=primefaces&v=4.0 HTTP/1.1" 304 -
201.245.192.253 - - [21/Apr/2022:16:34:48 -0500] "GET /sipse/faces/javax.faces.resource/layout/layout.js?ln=primefaces&v=4.0 HTTP/1.1" 304 -
201.245.192.253 - - [21/Apr/2022:16:34:48 -0500] "GET /sipse/imagenes/cargando.gif HTTP/1.1" 304 -
201.245.192.253 - - [21/Apr/2022:16:34:48 -0500] "GET /sipse/css/imagen/logoSDG.png HTTP/1.1" 304 -
201.245.192.253 - - [21/Apr/2022:16:34:48 -0500] "GET /sipse/css/imagen/contrasena.png HTTP/1.1" 404 383
201.245.192.253 - - [21/Apr/2022:16:34:48 -0500] "GET /sipse/faces/javax.faces.resource/images/ui-icons_898989_256x240.png?ln=primefaces-aristo HTTP/1.1" 304 -
186.84.90.14 - - [21/Apr/2022:16:34:52 -0500] "GET /puente-aranda-recibe-este-fin-de-semana-la-feria-de-servicios.html HTTP/1.1" 200 855
172.22.2.4 - - [21/Apr/2022:16:34:00 -0500] "GET /BLA/boletinlegal/ HTTP/1.1" 200 32715
201.245.192.253 - - [21/Apr/2022:16:34:56 -0500] "POST /sipse/faces/presentacion/financiero/solicitudProceso/consultarHistorialSolProceso.xhtml HTTP/1.1" 200 164256
201.245.192.253 - - [21/Apr/2022:16:34:56 -0500] "GET /sipse/faces/javax.faces.resource/theme.css?ln=primefaces-sipse HTTP/1.1" 304 -
201.245.192.253 - - [21/Apr/2022:16:34:56 -0500] "GET /sipse/faces/javax.faces.resource/primefaces.css?ln=primefaces&v=4.0 HTTP/1.1" 304 -
201.245.192.253 - - [21/Apr/2022:16:34:56 -0500] "GET /sipse/faces/javax.faces.resource/layout/layout.css?ln=primefaces&v=4.0 HTTP/1.1" 304 -
201.245.192.253 - - [21/Apr/2022:16:34:56 -0500] "GET /sipse/faces/javax.faces.resource/jquery/jquery.js?ln=primefaces&v=4.0 HTTP/1.1" 304 -
201.245.192.253 - - [21/Apr/2022:16:34:56 -0500] "GET /sipse/faces/javax.faces.resource/jquery/jquery-plugins.js?ln=primefaces&v=4.0 HTTP/1.1" 304 -
201.245.192.253 - - [21/Apr/2022:16:34:56 -0500] "GET /sipse/faces/javax.faces.resource/primefaces.js?ln=primefaces&v=4.0 HTTP/1.1" 304 -
201.245.192.253 - - [21/Apr/2022:16:34:56 -0500] "GET /sipse/faces/javax.faces.resource/layout/layout.js?ln=primefaces&v=4.0 HTTP/1.1" 304 -
201.245.192.253 - - [21/Apr/2022:16:34:56 -0500] "GET /sipse/faces/javax.faces.resource/images/ui-icons_898989_256x240.png?ln=primefaces-aristo HTTP/1.1" 304 -
201.245.192.253 - - [21/Apr/2022:16:34:56 -0500] "GET /sipse/faces/javax.faces.resource/dynamiccontent.properties?ln=primefaces&pfdrid=XjOR5%2F%2FfPAZAuY9TpWQeCiM0BhlXxYRBGKi%2FQcXXfeA%3D&pfdrid_c=false HTTP/1.1" 500 383
200.118.64.109 - - [21/Apr/2022:16:34:57 -0500] "POST /forms/lservlet;jsessionid=ac16012b30d6f13362d362bd4175bc0f8904ef88e416.e3iSbxaKaheRe34Pbx8NbNySbx10n6jAmljGr5XDqQLvpAe HTTP/1.1" 200 2
201.245.192.253 - - [21/Apr/2022:16:34:58 -0500] "GET /sipse/faces/javax.faces.resource/images/ui-bg_flat_0_2d5972_40x100.png?ln=primefaces-aristo HTTP/1.1" 304 -
201.245.192.253 - - [21/Apr/2022:16:34:58 -0500] "POST /sipse/faces/presentacion/financiero/solicitudProceso/consultarSolicitudProceso.xhtml HTTP/1.1" 200 110669
201.245.192.253 - - [21/Apr/2022:16:34:58 -0500] "GET /sipse/faces/javax.faces.resource/dynamiccontent.properties?ln=primefaces&pfdrid=XjOR5%2F%2FfPAZAuY9TpWQeCiM0BhlXxYRBGKi%2FQcXXfeA%3D&pfdrid_c=false HTTP/1.1" 500 383
172.22.2.4 - - [21/Apr/2022:16:35:10 -0500] "GET /BLA/boletinlegal/consulta_actos.php?tipo=autos&no=4595&usuario=&sector=&fecha=2022&resuelve= HTTP/1.1" 200 626
172.22.2.4 - - [21/Apr/2022:16:35:17 -0500] "GET /BLA/boletinlegal/consulta_actos.php?tipo=autos&no=4595&usuario=&sector=&fecha=2021&resuelve= HTTP/1.1" 200 1084
172.22.2.4 - - [21/Apr/2022:16:35:18 -0500] "GET /BLA/boletinlegal/images/pdf.gif HTTP/1.1" 200 567
190.27.78.212 - - [21/Apr/2022:16:35:19 -0500] "GET /BLA/resoluciones/AUTOS%202021/4595.pdf HTTP/1.1" 200 387617
172.22.2.4 - - [21/Apr/2022:16:33:41 -0500] "HEAD /BLA/boletinlegal/ HTTP/1.1" 200 -
172.22.2.4 - - [21/Apr/2022:16:34:31 -0500] "GET /BLA/boletinlegal/ HTTP/1.1" 200 51004
66.249.65.13 - - [21/Apr/2022:16:36:35 -0500] "-" 408 -
200.118.64.109 - - [21/Apr/2022:16:36:57 -0500] "POST /forms/lservlet;jsessionid=ac16012b30d6f13362d362bd4175bc0f8904ef88e416.e3iSbxaKaheRe34Pbx8NbNySbx10n6jAmljGr5XDqQLvpAe HTTP/1.1" 200 2
186.154.90.58 - - [21/Apr/2022:16:37:18 -0500] "GET /appsia/controlador HTTP/1.1" 200 4799
186.154.90.58 - - [21/Apr/2022:16:37:18 -0500] "GET /appsia/css/estilos.css HTTP/1.1" 200 4804
186.154.90.58 - - [21/Apr/2022:16:37:18 -0500] "GET /appsia/scripts/validarIngreso.js HTTP/1.1" 200 851
186.154.90.58 - - [21/Apr/2022:16:37:18 -0500] "GET /appsia/images/cabezoteHojaVida.png HTTP/1.1" 200 32493
186.154.90.58 - - [21/Apr/2022:16:37:18 -0500] "GET /appsia/images/logo_bogota_p.png HTTP/1.1" 200 14951
186.154.90.58 - - [21/Apr/2022:16:37:18 -0500] "GET /favicon.ico HTTP/1.1" 200 7782
172.22.2.4 - - [21/Apr/2022:16:35:45 -0500] "GET /BLA/boletinlegal/ HTTP/1.1" 200 60105
216.245.221.92 - - [21/Apr/2022:16:38:01 -0500] "HEAD / HTTP/1.1" 200 -
186.154.90.58 - - [21/Apr/2022:16:38:15 -0500] "POST /appsia/controlador HTTP/1.1" 200 3598
186.154.90.58 - - [21/Apr/2022:16:38:16 -0500] "GET /appsia/jscripts/validarSolicitud.js HTTP/1.1" 404 68
186.154.90.58 - - [21/Apr/2022:16:38:22 -0500] "POST /appsia/controlador HTTP/1.1" 200 4799
186.154.90.58 - - [21/Apr/2022:16:38:30 -0500] "POST /appsia/controlador HTTP/1.1" 200 3597
186.154.90.58 - - [21/Apr/2022:16:38:30 -0500] "GET /appsia/jscripts/validarSolicitud.js HTTP/1.1" 404 68
186.154.90.58 - - [21/Apr/2022:16:38:31 -0500] "POST /appsia/controlador HTTP/1.1" 200 4799
172.22.2.4 - - [21/Apr/2022:16:37:30 -0500] "GET /BLA/boletinlegal/ HTTP/1.1" 200 36811
172.22.2.4 - - [21/Apr/2022:16:37:31 -0500] "GET /BLA/boletinlegal/ HTTP/1.1" 200 36811
200.118.64.109 - - [21/Apr/2022:16:38:57 -0500] "POST /forms/lservlet;jsessionid=ac16012b30d6f13362d362bd4175bc0f8904ef88e416.e3iSbxaKaheRe34Pbx8NbNySbx10n6jAmljGr5XDqQLvpAe HTTP/1.1" 200 2
172.22.2.4 - - [21/Apr/2022:16:39:29 -0500] "GET /BLA/boletinlegal/Circulares/2022/CIRCULAR%20No.%2000003%20DEL%2007%20DE%20MARZO%20DEL%202022.pdf HTTP/1.1" 404 1038
172.22.2.4 - - [21/Apr/2022:16:39:32 -0500] "GET /BLA/boletinlegal/Circulares/2021/CIRCULAR%20No.%2000009%20DEL%2001%20DE%20OCTUBRE%20DEL%202021.pdf HTTP/1.1" 200 320793
172.22.2.4 - - [21/Apr/2022:16:39:56 -0500] "GET /BLA/boletinlegal/Circulares/2021/CIRCULAR%20No.%2000007%20DEL%2010%20DE%20AGOSTO%20DEL%202021.pdf HTTP/1.1" 200 266364
172.22.2.4 - - [21/Apr/2022:16:40:02 -0500] "GET /BLA/boletinlegal/Circulares/2021/CIRCULAR%20No.%2000006%20DEL%2005%20DE%20AGOSTO%20DEL%202021.pdf HTTP/1.1" 200 249615
172.22.2.4 - - [21/Apr/2022:16:40:06 -0500] "GET /BLA/boletinlegal/Circulares/2020/Circular%20No.%2000018%20del%2002%20de%20diciembre%20del%202020.pdf HTTP/1.1" 200 276868
172.22.2.4 - - [21/Apr/2022:16:40:10 -0500] "GET /BLA/boletinlegal/Circulares/2020/Circular%2000010%20del%2027%20de%20julio%20de%202020.pdf HTTP/1.1" 200 422655
172.22.2.4 - - [21/Apr/2022:16:40:16 -0500] "GET /BLA/boletinlegal/Circulares/2020/CIRCULAR%20No.%2000019%20DEL%2018%20DE%20DICIEMBRE%20DEL%202020.pdf HTTP/1.1" 200 307959
172.22.2.4 - - [21/Apr/2022:16:40:21 -0500] "GET /BLA/boletinlegal/Circulares/2020/CIRCULAR%20No.%2000014%20del%2001%20de%20septiembre%20del%202020.pdf HTTP/1.1" 200 320826
172.22.2.4 - - [21/Apr/2022:16:40:26 -0500] "GET /BLA/boletinlegal/Circulares/2019/Circular%20No.%2012%20del%2014%20de%20Marzo%20de%202019.pdf HTTP/1.1" 200 344384
172.22.2.4 - - [21/Apr/2022:16:40:32 -0500] "GET /BLA/boletinlegal/Circulares/2019/Circular%20No.%20006%20del%2008%20de%20Febrero%20de%202019.pdf HTTP/1.1" 200 674401
172.22.2.4 - - [21/Apr/2022:16:40:38 -0500] "GET /BLA/boletinlegal/Circulares/2019/Circular%20No.%200015%20del%2003%20de%20Octubre%20de%202019.pdf HTTP/1.1" 200 165608
172.22.2.4 - - [21/Apr/2022:16:40:41 -0500] "GET /BLA/boletinlegal/Circulares/2019/Circular%20No.%200005%20del%2020%20de%20Marzo%20de%202019.pdf HTTP/1.1" 200 159877
172.22.2.4 - - [21/Apr/2022:16:40:46 -0500] "GET /BLA/boletinlegal/Circulares/2019/Circular%20No.%200003%20del%2031%20de%20Enero%20de%202019.pdf HTTP/1.1" 200 164676
172.22.2.4 - - [21/Apr/2022:16:40:51 -0500] "GET /BLA/boletinlegal/Circulares/2019/Circular%2000020%20del%2020%20de%20diciembre%20de%202019.pdf HTTP/1.1" 200 145170
172.22.2.4 - - [21/Apr/2022:16:40:56 -0500] "GET /BLA/boletinlegal/Circulares/2019/Circular%2000018%20del%2020%20de%20noviembre%20de%202019.pdf HTTP/1.1" 200 158030
200.118.64.109 - - [21/Apr/2022:16:40:57 -0500] "POST /forms/lservlet;jsessionid=ac16012b30d6f13362d362bd4175bc0f8904ef88e416.e3iSbxaKaheRe34Pbx8NbNySbx10n6jAmljGr5XDqQLvpAe HTTP/1.1" 200 2
172.22.2.4 - - [21/Apr/2022:16:40:58 -0500] "GET /BLA/boletinlegal/actos.php HTTP/1.1" 200 9559
201.245.192.253 - - [21/Apr/2022:16:41:00 -0500] "GET /BLA/resoluciones/ HTTP/1.1" 200 13093
172.22.2.4 - - [21/Apr/2022:16:41:00 -0500] "GET /BLA/boletinlegal/Circulares/2019/.pdf HTTP/1.1" 404 1218
172.22.2.4 - - [21/Apr/2022:16:39:21 -0500] "HEAD /BLA/boletinlegal/ HTTP/1.1" 200 -
172.22.2.4 - - [21/Apr/2022:16:41:03 -0500] "GET /BLA/boletinlegal/Circulares/2018/Circular%20No.%2011%20del%2024%20de%20Septiembre%20de%202018.pdf HTTP/1.1" 200 169541
201.245.192.253 - - [21/Apr/2022:16:41:05 -0500] "GET /BLA/resoluciones/index.php?dir=AUTOS+2019%2F HTTP/1.1" 200 342980
186.80.52.51 - - [21/Apr/2022:16:41:06 -0500] "GET /sipse/faces/presentacion/proyectos/proyecto/proyecto.xhtml HTTP/1.1" 302 -
186.80.52.51 - - [21/Apr/2022:16:41:06 -0500] "GET /sipse/faces/autenticacion.xhtml HTTP/1.1" 200 12170
186.80.52.51 - - [21/Apr/2022:16:41:06 -0500] "GET /sipse/js/disable_browser_buttons.js HTTP/1.1" 304 -
186.80.52.51 - - [21/Apr/2022:16:41:06 -0500] "GET /sipse/js/funciones.js HTTP/1.1" 304 -
186.80.52.51 - - [21/Apr/2022:16:41:06 -0500] "GET /sipse/css/custom_css_sg.css HTTP/1.1" 304 -
186.80.52.51 - - [21/Apr/2022:16:41:06 -0500] "GET /sipse/css/custom_css_sg_prime_login.css HTTP/1.1" 304 -
186.80.52.51 - - [21/Apr/2022:16:41:06 -0500] "GET /sipse/faces/javax.faces.resource/layout/layout.css?ln=primefaces&v=4.0 HTTP/1.1" 304 -
186.80.52.51 - - [21/Apr/2022:16:41:06 -0500] "GET /sipse/faces/javax.faces.resource/theme.css?ln=primefaces-sipse HTTP/1.1" 304 -
186.80.52.51 - - [21/Apr/2022:16:41:06 -0500] "GET /sipse/faces/javax.faces.resource/jquery/jquery.js?ln=primefaces&v=4.0 HTTP/1.1" 304 -
186.80.52.51 - - [21/Apr/2022:16:41:06 -0500] "GET /sipse/faces/javax.faces.resource/primefaces.css?ln=primefaces&v=4.0 HTTP/1.1" 304 -
186.80.52.51 - - [21/Apr/2022:16:41:06 -0500] "GET /sipse/faces/javax.faces.resource/jquery/jquery-plugins.js?ln=primefaces&v=4.0 HTTP/1.1" 304 -
186.80.52.51 - - [21/Apr/2022:16:41:06 -0500] "GET /sipse/faces/javax.faces.resource/layout/layout.js?ln=primefaces&v=4.0 HTTP/1.1" 304 -
186.80.52.51 - - [21/Apr/2022:16:41:06 -0500] "GET /sipse/faces/javax.faces.resource/primefaces.js?ln=primefaces&v=4.0 HTTP/1.1" 304 -
186.80.52.51 - - [21/Apr/2022:16:41:06 -0500] "GET /sipse/css/imagen/logoSDG.png HTTP/1.1" 304 -
186.80.52.51 - - [21/Apr/2022:16:41:06 -0500] "GET /sipse/css/imagen/loginimg.png HTTP/1.1" 304 -
186.80.52.51 - - [21/Apr/2022:16:41:07 -0500] "GET /sipse/faces/javax.faces.resource/images/ui-icons_898989_256x240.png?ln=primefaces-aristo HTTP/1.1" 304 -
186.80.52.51 - - [21/Apr/2022:16:41:07 -0500] "GET /sipse/faces/index.xhtml HTTP/1.1" 200 677
186.80.52.51 - - [21/Apr/2022:16:41:07 -0500] "GET /sipse/faces/javax.faces.resource/theme.css?ln=primefaces-sipse HTTP/1.1" 304 -
186.80.52.51 - - [21/Apr/2022:16:41:07 -0500] "GET /sipse/faces/faces/autenticacion.xhtml HTTP/1.1" 200 12170
186.80.52.51 - - [21/Apr/2022:16:41:07 -0500] "GET /sipse/faces/javax.faces.resource/theme.css?ln=primefaces-sipse HTTP/1.1" 304 -
186.80.52.51 - - [21/Apr/2022:16:41:07 -0500] "GET /sipse/faces/javax.faces.resource/layout/layout.css?ln=primefaces&v=4.0 HTTP/1.1" 304 -
186.80.52.51 - - [21/Apr/2022:16:41:07 -0500] "GET /sipse/faces/javax.faces.resource/primefaces.css?ln=primefaces&v=4.0 HTTP/1.1" 304 -
186.80.52.51 - - [21/Apr/2022:16:41:07 -0500] "GET /sipse/faces/javax.faces.resource/jquery/jquery-plugins.js?ln=primefaces&v=4.0 HTTP/1.1" 304 -
186.80.52.51 - - [21/Apr/2022:16:41:07 -0500] "GET /sipse/faces/javax.faces.resource/jquery/jquery.js?ln=primefaces&v=4.0 HTTP/1.1" 304 -
186.80.52.51 - - [21/Apr/2022:16:41:07 -0500] "GET /sipse/faces/javax.faces.resource/primefaces.js?ln=primefaces&v=4.0 HTTP/1.1" 304 -
186.80.52.51 - - [21/Apr/2022:16:41:07 -0500] "GET /sipse/faces/javax.faces.resource/layout/layout.js?ln=primefaces&v=4.0 HTTP/1.1" 304 -
186.80.52.51 - - [21/Apr/2022:16:41:07 -0500] "GET /sipse/faces/javax.faces.resource/images/ui-icons_898989_256x240.png?ln=primefaces-aristo HTTP/1.1" 304 -
172.22.2.4 - - [21/Apr/2022:16:41:08 -0500] "GET /BLA/boletinlegal/Circulares/2018/Circular%20No.%2010%20del%2021%20de%20Septiembre%20de%202018.pdf HTTP/1.1" 200 163426
172.22.2.4 - - [21/Apr/2022:16:39:31 -0500] "HEAD /BLA/boletinlegal/ HTTP/1.1" 200 -
172.22.2.4 - - [21/Apr/2022:16:41:14 -0500] "GET /BLA/boletinlegal/Circulares/2018/Circular%20No.%200015%20del%207%20de%20Diciembre%20de%202018.pdf HTTP/1.1" 200 165305
186.80.52.51 - - [21/Apr/2022:16:41:14 -0500] "POST /sipse/faces/autenticacion.xhtml HTTP/1.1" 200 2222
186.80.52.51 - - [21/Apr/2022:16:41:14 -0500] "GET /sipse/faces/javax.faces.resource/messages/messages.png?ln=primefaces&v=4.0 HTTP/1.1" 304 -
186.80.52.51 - - [21/Apr/2022:16:41:15 -0500] "POST /sipse/faces/autenticacion.xhtml HTTP/1.1" 200 16297
186.80.52.51 - - [21/Apr/2022:16:41:15 -0500] "GET /sipse/css/custom_css_sg_prime.css HTTP/1.1" 304 -
186.80.52.51 - - [21/Apr/2022:16:41:15 -0500] "GET /sipse/faces/javax.faces.resource/theme.css?ln=primefaces-sipse HTTP/1.1" 304 -
186.80.52.51 - - [21/Apr/2022:16:41:15 -0500] "GET /sipse/faces/javax.faces.resource/layout/layout.css?ln=primefaces&v=4.0 HTTP/1.1" 304 -
186.80.52.51 - - [21/Apr/2022:16:41:15 -0500] "GET /sipse/faces/javax.faces.resource/primefaces.css?ln=primefaces&v=4.0 HTTP/1.1" 304 -
186.80.52.51 - - [21/Apr/2022:16:41:15 -0500] "GET /sipse/js/jquery.min.js HTTP/1.1" 304 -
186.80.52.51 - - [21/Apr/2022:16:41:15 -0500] "GET /sipse/faces/javax.faces.resource/jquery/jquery.js?ln=primefaces&v=4.0 HTTP/1.1" 304 -
186.80.52.51 - - [21/Apr/2022:16:41:15 -0500] "GET /sipse/faces/javax.faces.resource/jquery/jquery-plugins.js?ln=primefaces&v=4.0 HTTP/1.1" 304 -
186.80.52.51 - - [21/Apr/2022:16:41:15 -0500] "GET /sipse/faces/javax.faces.resource/primefaces.js?ln=primefaces&v=4.0 HTTP/1.1" 304 -
186.80.52.51 - - [21/Apr/2022:16:41:15 -0500] "GET /sipse/faces/javax.faces.resource/layout/layout.js?ln=primefaces&v=4.0 HTTP/1.1" 304 -
186.80.52.51 - - [21/Apr/2022:16:41:15 -0500] "GET /sipse/imagenes/logoAplicacion.jpg HTTP/1.1" 304 -
186.80.52.51 - - [21/Apr/2022:16:41:15 -0500] "GET /sipse/imagenes/cargando.gif HTTP/1.1" 304 -
186.80.52.51 - - [21/Apr/2022:16:41:15 -0500] "GET /sipse/css/imagen/contrasena.png HTTP/1.1" 404 383
172.22.2.4 - - [21/Apr/2022:16:41:21 -0500] "GET /BLA/boletinlegal/Circulares/2018/CIRCULAR%20COJUNTA%20042%20DE%202018.pdf HTTP/1.1" 200 515008
181.53.14.129 - - [21/Apr/2022:16:41:23 -0500] "HEAD /appsia/controlador HTTP/1.1" 200 -
181.53.14.129 - - [21/Apr/2022:16:41:24 -0500] "GET /appsia/controlador HTTP/1.1" 200 4799
186.80.52.51 - - [21/Apr/2022:16:41:25 -0500] "GET /sipse/faces/javax.faces.resource/images/ui-bg_flat_0_2d5972_40x100.png?ln=primefaces-aristo HTTP/1.1" 304 -
186.80.52.51 - - [21/Apr/2022:16:41:25 -0500] "POST /sipse/faces/bienvenido.xhtml HTTP/1.1" 200 2055
186.80.52.51 - - [21/Apr/2022:16:41:26 -0500] "POST /sipse/faces/bienvenido.xhtml HTTP/1.1" 200 29415
186.80.52.51 - - [21/Apr/2022:16:41:27 -0500] "GET /sipse/faces/javax.faces.resource/theme.css?ln=primefaces-sipse HTTP/1.1" 304 -
186.80.52.51 - - [21/Apr/2022:16:41:27 -0500] "GET /sipse/faces/javax.faces.resource/primefaces.css?ln=primefaces&v=4.0 HTTP/1.1" 304 -
186.80.52.51 - - [21/Apr/2022:16:41:27 -0500] "GET /sipse/css/imagen/contrasena.png HTTP/1.1" 404 383
186.80.52.51 - - [21/Apr/2022:16:41:27 -0500] "GET /sipse/faces/javax.faces.resource/layout/layout.css?ln=primefaces&v=4.0 HTTP/1.1" 304 -
186.80.52.51 - - [21/Apr/2022:16:41:27 -0500] "GET /sipse/faces/javax.faces.resource/jquery/jquery.js?ln=primefaces&v=4.0 HTTP/1.1" 304 -
186.80.52.51 - - [21/Apr/2022:16:41:28 -0500] "GET /sipse/faces/javax.faces.resource/jquery/jquery-plugins.js?ln=primefaces&v=4.0 HTTP/1.1" 304 -
186.80.52.51 - - [21/Apr/2022:16:41:28 -0500] "GET /sipse/faces/javax.faces.resource/primefaces.js?ln=primefaces&v=4.0 HTTP/1.1" 304 -
186.80.52.51 - - [21/Apr/2022:16:41:28 -0500] "GET /sipse/faces/javax.faces.resource/layout/layout.js?ln=primefaces&v=4.0 HTTP/1.1" 304 -
172.22.2.4 - - [21/Apr/2022:16:41:30 -0500] "GET /BLA/boletinlegal/Circulares/2017/Circular%20No.%202%20del%201%20de%20Septiembre%20de%202017.pdf HTTP/1.1" 200 152575
186.80.52.51 - - [21/Apr/2022:16:41:31 -0500] "POST /sipse/faces/presentacion/proyectos/proyecto/listarProyecto.xhtml HTTP/1.1" 200 163
186.80.52.51 - - [21/Apr/2022:16:41:31 -0500] "GET /sipse/faces/presentacion/proyectos/proyecto/proyecto.xhtml HTTP/1.1" 200 86228
186.80.52.51 - - [21/Apr/2022:16:41:31 -0500] "GET /sipse/faces/javax.faces.resource/theme.css?ln=primefaces-sipse HTTP/1.1" 304 -
186.80.52.51 - - [21/Apr/2022:16:41:31 -0500] "GET /sipse/faces/javax.faces.resource/layout/layout.css?ln=primefaces&v=4.0 HTTP/1.1" 304 -
186.80.52.51 - - [21/Apr/2022:16:41:31 -0500] "GET /sipse/faces/javax.faces.resource/primefaces.css?ln=primefaces&v=4.0 HTTP/1.1" 304 -
186.80.52.51 - - [21/Apr/2022:16:41:31 -0500] "GET /sipse/faces/javax.faces.resource/jquery/jquery.js?ln=primefaces&v=4.0 HTTP/1.1" 304 -
186.80.52.51 - - [21/Apr/2022:16:41:31 -0500] "GET /sipse/faces/javax.faces.resource/jquery/jquery-plugins.js?ln=primefaces&v=4.0 HTTP/1.1" 304 -
186.80.52.51 - - [21/Apr/2022:16:41:31 -0500] "GET /sipse/faces/javax.faces.resource/layout/layout.js?ln=primefaces&v=4.0 HTTP/1.1" 304 -
186.80.52.51 - - [21/Apr/2022:16:41:31 -0500] "GET /sipse/faces/javax.faces.resource/primefaces.js?ln=primefaces&v=4.0 HTTP/1.1" 304 -
186.80.52.51 - - [21/Apr/2022:16:41:31 -0500] "GET /sipse/css/imagen/contrasena.png HTTP/1.1" 404 383
186.80.52.51 - - [21/Apr/2022:16:41:31 -0500] "GET /sipse/faces/javax.faces.resource/images/ui-icons_898989_256x240.png?ln=primefaces-aristo HTTP/1.1" 304 -
186.80.52.51 - - [21/Apr/2022:16:41:32 -0500] "GET /sipse/faces/javax.faces.resource/images/ui-bg_flat_0_2d5972_40x100.png?ln=primefaces-aristo HTTP/1.1" 304 -
186.80.52.51 - - [21/Apr/2022:16:41:32 -0500] "POST /sipse/faces/presentacion/proyectos/proyecto/proyecto.xhtml HTTP/1.1" 200 3361
172.22.2.4 - - [21/Apr/2022:16:41:35 -0500] "GET /BLA/boletinlegal/Circulares/2017/Circular%20No.%201%20del%2030%20de%20Marzo%20de%202017.pdf HTTP/1.1" 200 668532
186.80.52.51 - - [21/Apr/2022:16:41:35 -0500] "POST /sipse/faces/presentacion/proyectos/proyecto/proyecto.xhtml HTTP/1.1" 200 36100
186.80.52.51 - - [21/Apr/2022:16:41:36 -0500] "GET /sipse/faces/javax.faces.resource/spacer/dot_clear.gif?ln=primefaces&v=4.0 HTTP/1.1" 304 -
186.80.52.51 - - [21/Apr/2022:16:41:36 -0500] "POST /sipse/faces/presentacion/proyectos/proyecto/proyecto.xhtml HTTP/1.1" 200 4057
172.22.2.4 - - [21/Apr/2022:16:41:42 -0500] "GET /BLA/boletinlegal/Circulares/2017/Circular%20No.%2007%20del%2028%20de%20Abril%20de%202017.pdf HTTP/1.1" 200 309906
172.22.2.4 - - [21/Apr/2022:16:41:48 -0500] "GET /BLA/boletinlegal/Circulares/2017/Circular%20No.%20011%20del%2005%20de%20julio%20de%202017.pdf HTTP/1.1" 200 965526
181.53.14.129 - - [21/Apr/2022:16:41:49 -0500] "POST /appsia/controlador HTTP/1.1" 200 3601
181.53.14.129 - - [21/Apr/2022:16:41:49 -0500] "GET /appsia/jscripts/validarSolicitud.js HTTP/1.1" 404 68
172.22.2.4 - - [21/Apr/2022:16:41:54 -0500] "GET /BLA/boletinlegal/Circulares/2015/Circular%20No.%202%20del%201%20de%20julio%20de%202015.pdf HTTP/1.1" 200 752890
172.22.2.4 - - [21/Apr/2022:16:42:00 -0500] "GET /BLA/boletinlegal/Circulares/2015/Circular%20No.%201%20del%2010%20de%20Febrero%20de%202015.pdf HTTP/1.1" 200 660637
172.22.2.4 - - [21/Apr/2022:16:40:21 -0500] "GET /BLA/boletinlegal/ HTTP/1.1" 200 45548
172.22.2.4 - - [21/Apr/2022:16:40:21 -0500] "GET /BLA/boletinlegal/ HTTP/1.1" 200 44924
172.22.2.4 - - [21/Apr/2022:16:42:06 -0500] "GET /BLA/boletinlegal/Circulares/2014/Circular%20No.%203%20del%2014%20de%20Noviembre%20de%202014.pdf HTTP/1.1" 200 104132
172.22.2.4 - - [21/Apr/2022:16:42:11 -0500] "GET /BLA/boletinlegal/Circulares/2014/Circular%20No.%202%20del%2021%20de%20septiembre%20de%202014.pdf HTTP/1.1" 200 143376
172.22.2.4 - - [21/Apr/2022:16:42:18 -0500] "GET /BLA/boletinlegal/Circulares/2014/Circular%20No.%201%20del%2008%20de%20Mayo%20de%202014.pdf HTTP/1.1" 200 180124
186.84.21.50 - - [21/Apr/2022:16:42:20 -0500] "GET /appsia/controlador HTTP/1.1" 200 4799
172.22.2.4 - - [21/Apr/2022:16:42:24 -0500] "GET /BLA/boletinlegal/Circulares/2013/Circular%20No.%208%20del%201%20de%20Noviembre%20de%202013.pdf HTTP/1.1" 200 385156
172.22.2.4 - - [21/Apr/2022:16:42:32 -0500] "GET /BLA/boletinlegal/Circulares/2013/Circular%20No.%207%20del%201%20de%20Agosto%20de%202013.pdf HTTP/1.1" 200 340934
172.22.2.4 - - [21/Apr/2022:16:40:52 -0500] "GET /BLA/boletinlegal/ HTTP/1.1" 200 50207
172.22.2.4 - - [21/Apr/2022:16:42:37 -0500] "GET /BLA/boletinlegal/Circulares/2013/Circular%20No.%206%20del%2019%20de%20julio%20de%202013.pdf HTTP/1.1" 200 4210437
172.22.2.4 - - [21/Apr/2022:16:42:53 -0500] "GET /BLA/boletinlegal/Circulares/2013/Circular%20No.%205%20del%2013%20de%20junio%20de%202013.pdf HTTP/1.1" 200 110904
200.118.64.109 - - [21/Apr/2022:16:42:57 -0500] "POST /forms/lservlet;jsessionid=ac16012b30d6f13362d362bd4175bc0f8904ef88e416.e3iSbxaKaheRe34Pbx8NbNySbx10n6jAmljGr5XDqQLvpAe HTTP/1.1" 200 2
172.22.2.4 - - [21/Apr/2022:16:42:59 -0500] "GET /BLA/boletinlegal/Circulares/2013/Circular%20No.%204%20del%2005%20de%20junio%20de%202013.pdf HTTP/1.1" 200 130461
216.245.221.92 - - [21/Apr/2022:16:43:01 -0500] "HEAD / HTTP/1.1" 200 -
201.245.192.253 - - [21/Apr/2022:16:42:17 -0500] "POST /kwsrmcab/Wsrmcab HTTP/1.1" 200 44979
172.22.2.4 - - [21/Apr/2022:16:43:04 -0500] "GET /BLA/boletinlegal/Circulares/2013/Circular%20No.%203%20del%2005%20de%20abril%20de%202013.pdf HTTP/1.1" 200 93580
172.22.2.4 - - [21/Apr/2022:16:43:09 -0500] "GET /BLA/boletinlegal/Circulares/2013/Circular%20No.%202%20del%2022%20de%20enero%20de%202013.pdf HTTP/1.1" 200 85466
172.22.2.4 - - [21/Apr/2022:16:43:14 -0500] "GET /BLA/boletinlegal/Circulares/2013/Circular%20No.%201%20del%2014%20de%20enero%20de%202013.pdf HTTP/1.1" 200 1298384
172.22.2.4 - - [21/Apr/2022:16:43:23 -0500] "GET /BLA/boletinlegal/Circulares/2012/Circular%20No.%209%20del%2021%20de%20Agosto%20de%202012.pdf HTTP/1.1" 200 1402289
172.22.2.4 - - [21/Apr/2022:16:43:30 -0500] "GET /BLA/boletinlegal/Circulares/2012/Circular%20No.%208%20del%2021%20de%20Agosto%20de%202012.pdf HTTP/1.1" 200 963197
172.22.2.4 - - [21/Apr/2022:16:43:36 -0500] "GET /BLA/boletinlegal/Circulares/2012/Circular%20No.%207%20del%2008%20de%20Agosto%20de%202012.pdf HTTP/1.1" 200 972955
172.22.2.4 - - [21/Apr/2022:16:43:45 -0500] "GET /BLA/boletinlegal/Circulares/2012/Circular%20No.%206%20del%2025%20de%20Mayo%20de%202012.pdf HTTP/1.1" 200 387391
201.245.192.253 - - [21/Apr/2022:16:43:03 -0500] "POST /kwsrmcab/Wsrmcab HTTP/1.1" 200 46268
172.22.2.4 - - [21/Apr/2022:16:43:50 -0500] "GET /BLA/boletinlegal/Circulares/2012/Circular%20No.%205%20del%2027%20de%20Abril%20de%202012.pdf HTTP/1.1" 200 216613
172.22.2.4 - - [21/Apr/2022:16:43:54 -0500] "GET /BLA/boletinlegal/Circulares/2012/Circular%20No.%204%20del%2019%20de%20abril%20de%202012.pdf HTTP/1.1" 200 253045
186.84.21.50 - - [21/Apr/2022:16:44:00 -0500] "POST /appsia/controlador HTTP/1.1" 200 3601
172.22.2.4 - - [21/Apr/2022:16:44:01 -0500] "GET /BLA/boletinlegal/Circulares/2012/Circular%20No.%203%20del%2023%20de%20Marzo%20de%202012.pdf HTTP/1.1" 200 572950
172.22.2.4 - - [21/Apr/2022:16:42:23 -0500] "GET /BLA/boletinlegal/ HTTP/1.1" 200 62551
172.22.2.4 - - [21/Apr/2022:16:44:09 -0500] "GET /BLA/boletinlegal/Circulares/2012/Circular%20No.%202%20del%2014%20de%20Marzo%20de%202012.pdf HTTP/1.1" 200 113666
186.84.21.50 - - [21/Apr/2022:16:44:10 -0500] "GET /appsia/jscripts/validarSolicitud.js HTTP/1.1" 404 68
201.245.192.253 - - [21/Apr/2022:16:44:15 -0500] "GET /BLA/resoluciones/index.php?dir=RESOLUCIONES+2021%2F HTTP/1.1" 200 322945
172.22.2.4 - - [21/Apr/2022:16:44:17 -0500] "GET /BLA/boletinlegal/Circulares/2012/Circular%20No.%2016%20del%2022%20de%20octubre%20de%202012.pdf HTTP/1.1" 200 381186
186.84.21.50 - - [21/Apr/2022:16:44:21 -0500] "GET /appsia/controlador HTTP/1.1" 200 4799
172.22.2.4 - - [21/Apr/2022:16:44:23 -0500] "GET /BLA/boletinlegal/Circulares/2012/Circular%20No.%2015%20del%2022%20de%20octubre%20de%202012.pdf HTTP/1.1" 200 486506
172.22.2.4 - - [21/Apr/2022:16:44:29 -0500] "GET /BLA/boletinlegal/Circulares/2012/Circular%20No.%2014%20del%2011%20de%20Septiembre%20de%202012.pdf HTTP/1.1" 200 3427471
172.22.2.4 - - [21/Apr/2022:16:44:40 -0500] "GET /BLA/boletinlegal/Circulares/2012/Circular%20No.%2013%20del%2006%20de%20Septiembre%20de%202012.pdf HTTP/1.1" 200 351421
49.7.21.73 - - [21/Apr/2022:16:44:44 -0500] "-" 408 -
172.22.2.4 - - [21/Apr/2022:16:44:46 -0500] "GET /BLA/boletinlegal/Circulares/2012/Circular%20No.%2012%20del%2028%20de%20Agosto%20de%202012.pdf HTTP/1.1" 200 369945
186.84.21.50 - - [21/Apr/2022:16:44:47 -0500] "POST /appsia/controlador HTTP/1.1" 200 5437
201.245.192.253 - - [21/Apr/2022:16:44:49 -0500] "GET /BLA/resoluciones/RESOLUCIONES%202021/0038.pdf HTTP/1.1" 200 397669
172.22.2.4 - - [21/Apr/2022:16:44:52 -0500] "GET /BLA/boletinlegal/Circulares/2012/Circular%20No.%2011%20del%2027%20de%20Agosto%20de%202012.pdf HTTP/1.1" 200 526945
200.118.64.109 - - [21/Apr/2022:16:44:58 -0500] "POST /forms/lservlet;jsessionid=ac16012b30d6f13362d362bd4175bc0f8904ef88e416.e3iSbxaKaheRe34Pbx8NbNySbx10n6jAmljGr5XDqQLvpAe HTTP/1.1" 200 2
172.22.2.4 - - [21/Apr/2022:16:44:58 -0500] "GET /BLA/boletinlegal/Circulares/2012/Circular%20No.%2010%20del%2026%20de%20Enero%20de%202012.pdf HTTP/1.1" 404 1218
186.84.21.50 - - [21/Apr/2022:16:45:00 -0500] "POST /appsia/controlador HTTP/1.1" 200 7729
172.22.2.4 - - [21/Apr/2022:16:45:00 -0500] "GET /BLA/boletinlegal/Circulares/2012/Circular%20No.%2010%20del%2022%20de%20Agosto%20de%202012.pdf HTTP/1.1" 200 1563219
172.22.2.4 - - [21/Apr/2022:16:45:06 -0500] "GET /BLA/boletinlegal/Circulares/2012/Circular%20No.%201%20del%2017%20de%20Enero%20de%202012.pdf HTTP/1.1" 200 1118749
172.22.2.4 - - [21/Apr/2022:16:45:14 -0500] "POST /BLA/boletinlegal/admin/actos/ingresar.php HTTP/1.1" 200 7236
172.22.2.4 - - [21/Apr/2022:16:45:20 -0500] "GET /BLA/boletinlegal/Circulares/2011/Circular%20No.%209%20del%2003%20de%20Noviembre%20de%202011.pdf HTTP/1.1" 200 54568
172.22.2.4 - - [21/Apr/2022:16:45:25 -0500] "GET /BLA/boletinlegal/Circulares/2011/Circular%20No.%208%20del%2020%20de%20Septiembre%20de%202011.pdf HTTP/1.1" 200 285158
186.84.21.50 - - [21/Apr/2022:16:45:30 -0500] "POST /appsia/controlador HTTP/1.1" 200 5437
186.84.21.50 - - [21/Apr/2022:16:45:31 -0500] "POST /appsia/controlador HTTP/1.1" 200 4799
172.22.2.4 - - [21/Apr/2022:16:45:34 -0500] "GET /BLA/boletinlegal/Circulares/2011/Circular%20No.%207%20del%2023%20de%20Diciembre%20de%202011.pdf HTTP/1.1" 200 1107785
172.22.2.4 - - [21/Apr/2022:16:45:44 -0500] "GET /BLA/boletinlegal/Circulares/2011/Circular%20No.%207%20del%2015%20de%20Septiembre%20de%202011.pdf HTTP/1.1" 200 314873
172.22.2.4 - - [21/Apr/2022:16:45:50 -0500] "GET /BLA/boletinlegal/Circulares/2011/Circular%20No.%206%20del%2029%20de%20Julio%20de%202011.pdf HTTP/1.1" 200 262144
186.84.21.50 - - [21/Apr/2022:16:45:56 -0500] "POST /appsia/controlador HTTP/1.1" 200 5437
172.22.2.4 - - [21/Apr/2022:16:45:59 -0500] "GET /BLA/boletinlegal/Circulares/2011/Circular%20No.%206%20del%2023%20de%20Septiembre%20de%202011.pdf HTTP/1.1" 200 252800
186.84.21.50 - - [21/Apr/2022:16:46:02 -0500] "POST /appsia/controlador HTTP/1.1" 200 9655
186.84.21.50 - - [21/Apr/2022:16:46:02 -0500] "GET /appsia/images/logo_escudo.png HTTP/1.1" 206 1
186.84.21.50 - - [21/Apr/2022:16:46:02 -0500] "GET /appsia/images/logo_escudo.png HTTP/1.1" 206 30171
172.22.2.4 - - [21/Apr/2022:16:46:04 -0500] "GET /BLA/boletinlegal/Circulares/2011/Circular%20No.%205%20del%2014%20de%20Julio%20de%202011.pdf HTTP/1.1" 200 1488992
186.84.21.50 - - [21/Apr/2022:16:46:04 -0500] "POST /appsia/controlador HTTP/1.1" 200 5437
186.84.21.50 - - [21/Apr/2022:16:46:06 -0500] "POST /appsia/controlador HTTP/1.1" 200 4799
172.22.2.4 - - [21/Apr/2022:16:46:11 -0500] "GET /BLA/boletinlegal/Circulares/2011/Circular%20No.%205%20del%2012%20de%20Agosto%20de%202011.pdf HTTP/1.1" 200 431796
172.22.2.4 - - [21/Apr/2022:16:46:17 -0500] "GET /BLA/boletinlegal/Circulares/2011/Circular%20No.%204%20del%2014%20de%20Julio%20de%202011.pdf HTTP/1.1" 200 399895
172.22.2.4 - - [21/Apr/2022:16:46:22 -0500] "GET /BLA/boletinlegal/Circulares/2011/Circular%20No.%204%20del%2012%20de%20Agosto%20de%202011.pdf HTTP/1.1" 200 601047
172.22.2.4 - - [21/Apr/2022:16:46:28 -0500] "GET /BLA/boletinlegal/Circulares/2011/Circular%20No.%203%20del%2023%20de%20Junio%20de%202011.pdf HTTP/1.1" 200 1452758
200.118.64.109 - - [21/Apr/2022:16:46:58 -0500] "POST /forms/lservlet;jsessionid=ac16012b30d6f13362d362bd4175bc0f8904ef88e416.e3iSbxaKaheRe34Pbx8NbNySbx10n6jAmljGr5XDqQLvpAe HTTP/1.1" 200 2
172.22.2.4 - - [21/Apr/2022:16:45:21 -0500] "HEAD /BLA/boletinlegal/ HTTP/1.1" 200 -
186.84.21.50 - - [21/Apr/2022:16:45:00 -0500] "GET /appsia/images/logo_escudo.png HTTP/1.1" 200 17934
172.22.2.4 - - [21/Apr/2022:16:46:11 -0500] "GET /BLA/boletinlegal/ HTTP/1.1" 200 55877
216.245.221.92 - - [21/Apr/2022:16:48:01 -0500] "HEAD / HTTP/1.1" 200 -
199.16.157.181 - - [21/Apr/2022:16:48:12 -0500] "GET /images/eficiencia-energetica-11-marzo.jpg HTTP/1.1" 200 46478
200.118.64.109 - - [21/Apr/2022:16:48:58 -0500] "POST /forms/lservlet;jsessionid=ac16012b30d6f13362d362bd4175bc0f8904ef88e416.e3iSbxaKaheRe34Pbx8NbNySbx10n6jAmljGr5XDqQLvpAe HTTP/1.1" 200 2
162.221.192.26 - - [21/Apr/2022:16:49:23 -0500] "GET / HTTP/1.1" 200 319
165.225.222.84 - - [21/Apr/2022:16:50:10 -0500] "GET /galeria/galeria/jquery.fancybox.css?v=2.1.5 HTTP/1.1" 200 4895
165.225.222.84 - - [21/Apr/2022:16:50:10 -0500] "GET /BLA/boletinlegal/js/jquery.scrollShow.js HTTP/1.1" 200 4586
165.225.222.84 - - [21/Apr/2022:16:50:10 -0500] "GET /galeria/galeria/jquery.fancybox.js?v=2.1.5 HTTP/1.1" 200 48706
172.58.189.2 - - [21/Apr/2022:16:50:23 -0500] "GET /sipse/css/custom_css_sg.css HTTP/1.1" 304 -
172.58.189.2 - - [21/Apr/2022:16:50:23 -0500] "GET /sipse/js/funciones.js HTTP/1.1" 304 -
172.58.189.2 - - [21/Apr/2022:16:50:24 -0500] "GET /sipse/css/custom_css_sg_prime_login.css HTTP/1.1" 304 -
172.58.189.2 - - [21/Apr/2022:16:50:25 -0500] "GET /sipse/faces/javax.faces.resource/theme.css?ln=primefaces-sipse HTTP/1.1" 304 -
172.58.189.2 - - [21/Apr/2022:16:50:27 -0500] "GET /sipse/faces/javax.faces.resource/primefaces.css?ln=primefaces&v=4.0 HTTP/1.1" 304 -
172.58.189.2 - - [21/Apr/2022:16:50:28 -0500] "GET /sipse/faces/javax.faces.resource/layout/layout.css?ln=primefaces&v=4.0 HTTP/1.1" 304 -
172.58.189.2 - - [21/Apr/2022:16:50:29 -0500] "GET /sipse/faces/javax.faces.resource/jquery/jquery.js?ln=primefaces&v=4.0 HTTP/1.1" 304 -
172.58.189.2 - - [21/Apr/2022:16:50:30 -0500] "GET /sipse/faces/javax.faces.resource/jquery/jquery-plugins.js?ln=primefaces&v=4.0 HTTP/1.1" 304 -
172.58.189.2 - - [21/Apr/2022:16:50:32 -0500] "GET /sipse/faces/javax.faces.resource/primefaces.js?ln=primefaces&v=4.0 HTTP/1.1" 304 -
172.58.189.2 - - [21/Apr/2022:16:50:32 -0500] "GET /sipse/js/disable_browser_buttons.js HTTP/1.1" 304 -
172.58.189.2 - - [21/Apr/2022:16:50:35 -0500] "GET /sipse/faces/javax.faces.resource/layout/layout.js?ln=primefaces&v=4.0 HTTP/1.1" 304 -
172.58.189.2 - - [21/Apr/2022:16:50:36 -0500] "GET /sipse/css/imagen/logoSDG.png HTTP/1.1" 304 -
172.58.189.2 - - [21/Apr/2022:16:50:36 -0500] "GET /sipse/faces/javax.faces.resource/images/ui-icons_898989_256x240.png?ln=primefaces-aristo HTTP/1.1" 304 -
172.58.189.2 - - [21/Apr/2022:16:50:51 -0500] "GET /sipse/css/imagen/loginimg.png HTTP/1.1" 304 -
200.118.64.109 - - [21/Apr/2022:16:50:58 -0500] "POST /forms/lservlet;jsessionid=ac16012b30d6f13362d362bd4175bc0f8904ef88e416.e3iSbxaKaheRe34Pbx8NbNySbx10n6jAmljGr5XDqQLvpAe HTTP/1.1" 200 2
66.249.65.13 - - [21/Apr/2022:16:51:08 -0500] "-" 408 -
186.102.56.107 - - [21/Apr/2022:16:52:32 -0500] "GET /kwssiamovil/sm/ldap/au?x=U2FsdGVkX19FEeRpUL+RavH0dY+jWoak7F5uPPKQwqJvNjGqPQbTMd+Hl3wXoSns&y=U2FsdGVkX19AMsGObZxed8I4f/zwy7BCQ7FecBLahNoXGUgJR67ogL6y34WIq7Aj HTTP/1.1" 200 30
186.102.56.107 - - [21/Apr/2022:16:52:32 -0500] "GET /kwssiamovil/sm/acme/s?s=U2FsdGVkX1+A7V0hRxPapzkpCACQw+Nkh4g1lh7IZo+wnp2uVtv6ju/sOOENdFMNQt2P+hN5ZNtl4UEjgloS6Nci2Co0MiYLxg64LixsLy0=&u=U2FsdGVkX18qovTFKYyUzgOw+fCc3dwrjUj6EOkcq9w=&y=U2FsdGVkX19AMsGObZxed8I4f/zwy7BCQ7FecBLahNoXGUgJR67ogL6y34WIq7Aj HTTP/1.1" 200 97
186.102.56.107 - - [21/Apr/2022:16:52:32 -0500] "GET /kwssiamovil/sm/acme/s?s=U2FsdGVkX184h8ghLePVxKV2fDVYM8+vy+y4KUd/cPNc/3Bxadpkk3l5JQjUUBKXNy8moAFbq3YTFcymujuVf9ilP1oKkOpA1Rm07OlPQE9X8YSRP70rR4xHLsvEoqXDZDbXW20ZPc/dadd85CWB6HWf99q4F6rSqvCNIvM3nLQAcKlClzntL5TYMbv9oRVIJ6Hi7v1kz2/EOHGEVha98jBB4X1lnSriOxzE4RyyASO7b3VGt6TjXhayJSOs+c2JeGTEp0dDKCj/jdnrqJS55bpYnHQ6t6jq798c1+TFBIum+CkjJvpa5gdgpRgDDU2fMu1eyKEHbT14+HoTMmf15dHqWD3nOa/XKXHOznRSeRgq0Hd2AL+KCdtMYTk4IarlAqk9LYGP/AcqStIUppSLIlsh16oYHdajOKsyRt9eolCU6kOZ1nfs66CQzfHjUtQLzpWajjA8wRS37V2A6kPrWzbYLiRsWeGgxcBVmBq+b6Eip7xzEibLIe1y1m/r6ZbpnpTYwsxnQe9H3YZYBgvs6USPDv+iNczx/4iBNA7f5CJDG6JWuPdNaaxtlfVgfzCG7McRcxAQvhFGHsHczhGaAQd7vUH2kiZlWZr0jp08Yad2vF8GXUjgI9DTRt34xP0nhueMFmLLkHrw3Ct3w1aFxWyEgVqZlRpBkwR83bWy6tehwWh/Rwf+HTpMFmNl+12HShDG1TC4gUxmZMrlo1V2Cfud1O7ElCt0yrPY4F9fC85pEHT0Hls3vv45OJAGTavyARkoOHDEpMoUjNK3bjfbVz9B2zl1eqIfgWUaESfK52NpomcLLOM0ViE/FvIPYwLcaWYy1zcZ6agdQ9xzUAuibfnJLeVHi3QwXPQsBmw0GABjJ20sS6OKNAvaer2hDe24iYBRgHhZfwbMy+bJPpLi7K56TzKl11IjzyC91ncIQS1JuRm51r7LWYaFz/RnVIUN5Ge4HxBXQ7Y2u8mfCMhGtcBUC2aaXQXjqFDrSb1nzKd9+jLXZc1VbmEIRmbho892A2WniJ3gqjQjVmVZT3xqshpt9W/HZCi9FuBc49EBThrCchGJ04SLctGPaUI5IrdYvPtL8CZekLlAI2lARGBlPZyza4a82MmatjqrIKUcjHHBMTD63BrUCMb7N8unSnx0Y/FXsgGCgVPG7olReuYI0593GKsw6FknVPJMYCjTqmtzGqn1iJdim4CpyyYWX3ulkb2Lt1wFfkEuB0nAXW40iRwn1f04iYESpKZdMZHRaYC5aZSc5BBzIjVQUbf6UErj/F8/ejlLJeTNEtfIkFRgFYTxkayeAKhRAUtoepuXvh91ONJy16mo2hqT/xi3BuLkMJ6k7O7JDOox/8SOQ1j/pZMctUmd17nqjeaKBZ8pWxE=&u=U2FsdGVkX18qovTFKYyUzgOw+fCc3dwrjUj6EOkcq9w=&y=U2FsdGVkX19AMsGObZxed8I4f/zwy7BCQ7FecBLahNoXGUgJR67ogL6y34WIq7Aj HTTP/1.1" 200 391
186.102.56.107 - - [21/Apr/2022:16:52:32 -0500] "GET /kwssiamovil/sm/acme/s?s=U2FsdGVkX19taLk1vvb9jCwJWyouATLBzrU7hFLnezN5zl48GfY47o2apE01R62nRDNriXfPhZ6nkq2ryNAq/IvdNnwEANm2uD40TbMwZzTYCg68iFMTHR7DbcnbcOBaa6RG0gkwM8kuzGjBN3pv8WeJJKvc1xP4jbV9ANpOO1EScY7/fStQ41rTqxf92lxzTQMTV84aBYRZHBe8PiAGjvzWEmbMY5Ov0/RNQ4hHqF8rtYFDstUXwpLiDNWccUqyKZZBJEuerZfqTQQXqBDwmvax75p6GNcSG/QjNdQa/SI=&u=U2FsdGVkX18qovTFKYyUzgOw+fCc3dwrjUj6EOkcq9w=&y=U2FsdGVkX19AMsGObZxed8I4f/zwy7BCQ7FecBLahNoXGUgJR67ogL6y34WIq7Aj HTTP/1.1" 200 176
186.102.56.107 - - [21/Apr/2022:16:52:32 -0500] "GET /kwssiamovil/sm/cjson/pre?f=1&x=U2FsdGVkX19FEeRpUL+RavH0dY+jWoak7F5uPPKQwqJvNjGqPQbTMd+Hl3wXoSns HTTP/1.1" 200 30975
186.102.18.211 - - [21/Apr/2022:16:52:45 -0500] "GET /appsia/controlador HTTP/1.1" 200 4799
186.102.18.211 - - [21/Apr/2022:16:52:45 -0500] "GET /appsia/css/estilos.css HTTP/1.1" 200 4804
186.102.18.211 - - [21/Apr/2022:16:52:45 -0500] "GET /appsia/scripts/validarIngreso.js HTTP/1.1" 200 851
186.102.18.211 - - [21/Apr/2022:16:52:46 -0500] "GET /appsia/images/logo_bogota_p.png HTTP/1.1" 200 14951
186.102.18.211 - - [21/Apr/2022:16:52:46 -0500] "GET /appsia/images/cabezoteHojaVida.png HTTP/1.1" 200 32493
186.102.18.211 - - [21/Apr/2022:16:52:46 -0500] "GET /favicon.ico HTTP/1.1" 200 7782
172.22.2.4 - - [21/Apr/2022:16:52:49 -0500] "GET /BLA/boletinlegal/catalog-portal/ui HTTP/1.1" 404 1018
172.22.2.4 - - [21/Apr/2022:16:51:11 -0500] "HEAD /BLA/boletinlegal/ HTTP/1.1" 200 -
200.118.64.109 - - [21/Apr/2022:16:52:58 -0500] "POST /forms/lservlet;jsessionid=ac16012b30d6f13362d362bd4175bc0f8904ef88e416.e3iSbxaKaheRe34Pbx8NbNySbx10n6jAmljGr5XDqQLvpAe HTTP/1.1" 200 2
216.245.221.92 - - [21/Apr/2022:16:53:01 -0500] "HEAD / HTTP/1.1" 200 -
186.102.18.211 - - [21/Apr/2022:16:53:30 -0500] "POST /appsia/controlador HTTP/1.1" 200 3600
186.102.18.211 - - [21/Apr/2022:16:53:30 -0500] "GET /appsia/jscripts/validarSolicitud.js HTTP/1.1" 404 68
186.102.18.211 - - [21/Apr/2022:16:53:38 -0500] "POST /appsia/controlador HTTP/1.1" 200 4799
172.22.2.4 - - [21/Apr/2022:16:52:01 -0500] "GET /BLA/boletinlegal/ HTTP/1.1" 200 61416
186.102.18.211 - - [21/Apr/2022:16:53:54 -0500] "POST /appsia/controlador HTTP/1.1" 200 5437
200.118.64.109 - - [21/Apr/2022:16:54:58 -0500] "POST /forms/lservlet;jsessionid=ac16012b30d6f13362d362bd4175bc0f8904ef88e416.e3iSbxaKaheRe34Pbx8NbNySbx10n6jAmljGr5XDqQLvpAe HTTP/1.1" 200 2
186.102.18.211 - - [21/Apr/2022:16:55:00 -0500] "POST /appsia/controlador HTTP/1.1" 200 7732
186.102.18.211 - - [21/Apr/2022:16:55:00 -0500] "GET /appsia/images/logo_escudo.png HTTP/1.1" 200 36965
201.245.192.253 - - [21/Apr/2022:16:55:17 -0500] "POST /sipse/faces/presentacion/financiero/solicitudProceso/listarSolicitudProceso.xhtml HTTP/1.1" 302 -
201.245.192.253 - - [21/Apr/2022:16:55:17 -0500] "GET /sipse/faces/autenticacion.xhtml HTTP/1.1" 200 1099
186.102.18.211 - - [21/Apr/2022:16:55:54 -0500] "POST /appsia/controlador HTTP/1.1" 200 5437
201.245.192.253 - - [21/Apr/2022:16:56:24 -0500] "GET /sipse/css/custom_css_sg.css HTTP/1.1" 200 9694
201.245.192.253 - - [21/Apr/2022:16:56:24 -0500] "GET /sipse/css/custom_css_sg_prime.css HTTP/1.1" 200 5201
201.245.192.253 - - [21/Apr/2022:16:56:24 -0500] "GET /sipse/faces/javax.faces.resource/layout/layout.css?ln=primefaces&v=4.0 HTTP/1.1" 200 542
201.245.192.253 - - [21/Apr/2022:16:56:24 -0500] "GET /sipse/faces/javax.faces.resource/theme.css?ln=primefaces-sipse HTTP/1.1" 200 50058
201.245.192.253 - - [21/Apr/2022:16:56:24 -0500] "GET /sipse/faces/javax.faces.resource/primefaces.css?ln=primefaces&v=4.0 HTTP/1.1" 200 53295
201.245.192.253 - - [21/Apr/2022:16:56:24 -0500] "GET /sipse/js/jquery.min.js HTTP/1.1" 200 85582
201.245.192.253 - - [21/Apr/2022:16:56:26 -0500] "GET /sipse/imagenes/cargando.gif HTTP/1.1" 302 -
201.245.192.253 - - [21/Apr/2022:16:56:27 -0500] "GET /sipse/faces/autenticacion.xhtml HTTP/1.1" 200 12170
201.245.192.253 - - [21/Apr/2022:16:56:27 -0500] "GET /sipse/faces/autenticacion.xhtml HTTP/1.1" 200 12170
201.245.192.253 - - [21/Apr/2022:16:56:28 -0500] "GET /sipse/css/imagen/contrasena.png HTTP/1.1" 404 383
201.245.192.253 - - [21/Apr/2022:16:56:28 -0500] "GET /sipse/faces/javax.faces.resource/images/ui-icons_898989_256x240.png?ln=primefaces-aristo HTTP/1.1" 200 5355
201.245.192.253 - - [21/Apr/2022:16:56:28 -0500] "GET /sipse/css/imagen/logoSDG.png HTTP/1.1" 200 53064
201.245.192.253 - - [21/Apr/2022:16:56:28 -0500] "GET /favicon.ico HTTP/1.1" 200 7782
201.245.192.253 - - [21/Apr/2022:16:56:28 -0500] "GET /sipse/faces/javax.faces.resource/dynamiccontent.properties?ln=primefaces&pfdrid=XjOR5%2F%2FfPAZAuY9TpWQeCiM0BhlXxYRBGKi%2FQcXXfeA%3D&pfdrid_c=false HTTP/1.1" 500 383
191.102.220.247 - - [21/Apr/2022:16:56:52 -0500] "GET /BLA/resoluciones/index.php?dir=AUTOS+2014%2F HTTP/1.1" 200 874063
200.118.64.109 - - [21/Apr/2022:16:56:58 -0500] "POST /forms/lservlet;jsessionid=ac16012b30d6f13362d362bd4175bc0f8904ef88e416.e3iSbxaKaheRe34Pbx8NbNySbx10n6jAmljGr5XDqQLvpAe HTTP/1.1" 200 2
186.114.250.33 - - [21/Apr/2022:16:57:17 -0500] "GET /BLA/resoluciones/index.php?dir= HTTP/1.1" 200 13093
186.114.250.33 - - [21/Apr/2022:16:57:23 -0500] "GET /BLA/resoluciones/index.php?dir=AUTOS+2010%2F HTTP/1.1" 200 275474
201.245.192.253 - - [21/Apr/2022:16:57:32 -0500] "GET /sipse/faces/javax.faces.resource/images/ui-bg_flat_0_2d5972_40x100.png?ln=primefaces-aristo HTTP/1.1" 200 183
201.245.192.253 - - [21/Apr/2022:16:57:32 -0500] "POST /sipse/faces/presentacion/financiero/solicitudProceso/consultarSolicitudProceso.xhtml HTTP/1.1" 302 -
201.245.192.253 - - [21/Apr/2022:16:57:32 -0500] "GET /sipse/faces/autenticacion.xhtml HTTP/1.1" 200 1099
201.245.192.253 - - [21/Apr/2022:16:57:44 -0500] "GET /sipse/faces/autenticacion.xhtml HTTP/1.1" 200 12492
201.245.192.253 - - [21/Apr/2022:16:57:44 -0500] "GET /sipse/js/disable_browser_buttons.js HTTP/1.1" 304 -
201.245.192.253 - - [21/Apr/2022:16:57:44 -0500] "GET /sipse/css/custom_css_sg.css HTTP/1.1" 200 9694
201.245.192.253 - - [21/Apr/2022:16:57:44 -0500] "GET /sipse/css/custom_css_sg_prime_login.css HTTP/1.1" 200 443
201.245.192.253 - - [21/Apr/2022:16:57:44 -0500] "GET /sipse/js/funciones.js HTTP/1.1" 304 -
201.245.192.253 - - [21/Apr/2022:16:57:44 -0500] "GET /sipse/faces/javax.faces.resource/layout/layout.css;jsessionid=+wDtRLGpS2rCCAZkeHkdLplL.undefined?ln=primefaces&v=4.0 HTTP/1.1" 200 542
201.245.192.253 - - [21/Apr/2022:16:57:44 -0500] "GET /sipse/faces/javax.faces.resource/primefaces.css;jsessionid=+wDtRLGpS2rCCAZkeHkdLplL.undefined?ln=primefaces&v=4.0 HTTP/1.1" 200 53295
201.245.192.253 - - [21/Apr/2022:16:57:44 -0500] "GET /sipse/faces/javax.faces.resource/theme.css?ln=primefaces-sipse HTTP/1.1" 200 50058
201.245.192.253 - - [21/Apr/2022:16:57:44 -0500] "GET /sipse/faces/javax.faces.resource/jquery/jquery-plugins.js;jsessionid=+wDtRLGpS2rCCAZkeHkdLplL.undefined?ln=primefaces&v=4.0 HTTP/1.1" 200 220526
201.245.192.253 - - [21/Apr/2022:16:57:44 -0500] "GET /sipse/faces/javax.faces.resource/primefaces.js;jsessionid=+wDtRLGpS2rCCAZkeHkdLplL.undefined?ln=primefaces&v=4.0 HTTP/1.1" 200 276924
201.245.192.253 - - [21/Apr/2022:16:57:44 -0500] "GET /sipse/faces/javax.faces.resource/layout/layout.js;jsessionid=+wDtRLGpS2rCCAZkeHkdLplL.undefined?ln=primefaces&v=4.0 HTTP/1.1" 200 87560
201.245.192.253 - - [21/Apr/2022:16:57:44 -0500] "GET /sipse/faces/javax.faces.resource/jquery/jquery.js;jsessionid=+wDtRLGpS2rCCAZkeHkdLplL.undefined?ln=primefaces&v=4.0 HTTP/1.1" 200 105384
201.245.192.253 - - [21/Apr/2022:16:57:46 -0500] "GET /sipse/css/imagen/logoSDG.png HTTP/1.1" 200 12242
201.245.192.253 - - [21/Apr/2022:16:57:46 -0500] "GET /sipse/faces/javax.faces.resource/images/ui-icons_898989_256x240.png?ln=primefaces-aristo HTTP/1.1" 200 5355
201.245.192.253 - - [21/Apr/2022:16:57:47 -0500] "GET /favicon.ico HTTP/1.1" 200 7782
201.245.192.253 - - [21/Apr/2022:16:57:46 -0500] "GET /sipse/css/imagen/loginimg.png HTTP/1.1" 200 71635
201.245.192.253 - - [21/Apr/2022:16:57:47 -0500] "GET /sipse/faces/index.xhtml HTTP/1.1" 200 677
201.245.192.253 - - [21/Apr/2022:16:57:47 -0500] "GET /sipse/faces/javax.faces.resource/theme.css?ln=primefaces-sipse HTTP/1.1" 304 -
201.245.192.253 - - [21/Apr/2022:16:57:47 -0500] "GET /sipse/faces/faces/autenticacion.xhtml HTTP/1.1" 200 12170
201.245.192.253 - - [21/Apr/2022:16:57:47 -0500] "GET /sipse/faces/javax.faces.resource/theme.css?ln=primefaces-sipse HTTP/1.1" 304 -
201.245.192.253 - - [21/Apr/2022:16:57:47 -0500] "GET /sipse/faces/javax.faces.resource/layout/layout.css?ln=primefaces&v=4.0 HTTP/1.1" 200 542
201.245.192.253 - - [21/Apr/2022:16:57:47 -0500] "GET /sipse/faces/javax.faces.resource/jquery/jquery-plugins.js?ln=primefaces&v=4.0 HTTP/1.1" 304 -
201.245.192.253 - - [21/Apr/2022:16:57:47 -0500] "GET /sipse/faces/javax.faces.resource/jquery/jquery.js?ln=primefaces&v=4.0 HTTP/1.1" 304 -
201.245.192.253 - - [21/Apr/2022:16:57:47 -0500] "GET /sipse/faces/javax.faces.resource/primefaces.js?ln=primefaces&v=4.0 HTTP/1.1" 304 -
201.245.192.253 - - [21/Apr/2022:16:57:47 -0500] "GET /sipse/faces/javax.faces.resource/layout/layout.js?ln=primefaces&v=4.0 HTTP/1.1" 304 -
201.245.192.253 - - [21/Apr/2022:16:57:47 -0500] "GET /sipse/faces/javax.faces.resource/primefaces.css?ln=primefaces&v=4.0 HTTP/1.1" 200 53295
201.245.192.253 - - [21/Apr/2022:16:57:48 -0500] "GET /sipse/faces/javax.faces.resource/images/ui-icons_898989_256x240.png?ln=primefaces-aristo HTTP/1.1" 304 -
201.245.192.253 - - [21/Apr/2022:16:57:52 -0500] "POST /sipse/faces/autenticacion.xhtml HTTP/1.1" 200 16733
201.245.192.253 - - [21/Apr/2022:16:57:52 -0500] "GET /sipse/css/custom_css_sg_prime.css HTTP/1.1" 200 5201
201.245.192.253 - - [21/Apr/2022:16:57:52 -0500] "GET /sipse/js/jquery.min.js HTTP/1.1" 200 19180
201.245.192.253 - - [21/Apr/2022:16:57:52 -0500] "GET /sipse/faces/javax.faces.resource/jquery/jquery.js?ln=primefaces&v=4.0 HTTP/1.1" 304 -
201.245.192.253 - - [21/Apr/2022:16:57:52 -0500] "GET /sipse/faces/javax.faces.resource/jquery/jquery-plugins.js?ln=primefaces&v=4.0 HTTP/1.1" 304 -
