201.245.192.253 - - [21/Apr/2022:15:43:13 -0500] "GET /sipse/faces/javax.faces.resource/primefaces.js?ln=primefaces&v=4.0 HTTP/1.1" 304 -
201.245.192.253 - - [21/Apr/2022:15:43:13 -0500] "GET /sipse/faces/javax.faces.resource/fileupload/fileupload.css?ln=primefaces&v=4.0 HTTP/1.1" 304 -
201.245.192.253 - - [21/Apr/2022:15:43:13 -0500] "GET /sipse/faces/javax.faces.resource/layout/layout.js?ln=primefaces&v=4.0 HTTP/1.1" 304 -
201.245.192.253 - - [21/Apr/2022:15:43:13 -0500] "GET /sipse/faces/javax.faces.resource/fileupload/fileupload.js?ln=primefaces&v=4.0 HTTP/1.1" 304 -
201.245.192.253 - - [21/Apr/2022:15:43:13 -0500] "GET /sipse/faces/javax.faces.resource/images/ui-icons_898989_256x240.png?ln=primefaces-aristo HTTP/1.1" 304 -
172.22.2.4 - - [21/Apr/2022:15:42:00 -0500] "GET /BLA/boletinlegal/ HTTP/1.1" 200 60932
23.224.186.187 - - [21/Apr/2022:15:43:44 -0500] "-" 408 -
201.245.192.253 - - [21/Apr/2022:15:43:48 -0500] "GET /sipse/faces/javax.faces.resource/theme.css?ln=primefaces-sipse HTTP/1.1" 304 -
201.245.192.253 - - [21/Apr/2022:15:43:48 -0500] "GET /sipse/faces/javax.faces.resource/primefaces.css?ln=primefaces&v=4.0 HTTP/1.1" 304 -
201.245.192.253 - - [21/Apr/2022:15:43:48 -0500] "GET /sipse/faces/javax.faces.resource/layout/layout.css?ln=primefaces&v=4.0 HTTP/1.1" 304 -
201.245.192.253 - - [21/Apr/2022:15:43:48 -0500] "GET /sipse/faces/javax.faces.resource/jquery/jquery.js?ln=primefaces&v=4.0 HTTP/1.1" 304 -
201.245.192.253 - - [21/Apr/2022:15:43:48 -0500] "GET /sipse/faces/javax.faces.resource/jquery/jquery-plugins.js?ln=primefaces&v=4.0 HTTP/1.1" 304 -
201.245.192.253 - - [21/Apr/2022:15:43:48 -0500] "GET /sipse/faces/javax.faces.resource/primefaces.js?ln=primefaces&v=4.0 HTTP/1.1" 304 -
201.245.192.253 - - [21/Apr/2022:15:43:48 -0500] "GET /sipse/faces/javax.faces.resource/layout/layout.js?ln=primefaces&v=4.0 HTTP/1.1" 304 -
201.245.192.253 - - [21/Apr/2022:15:43:48 -0500] "GET /sipse/faces/javax.faces.resource/images/ui-icons_898989_256x240.png?ln=primefaces-aristo HTTP/1.1" 304 -
201.245.192.253 - - [21/Apr/2022:15:43:48 -0500] "POST /sipse/faces/presentacion/sistema/anexos/cargarAnexoSolicitudProceso.xhtml HTTP/1.1" 200 171210
201.245.192.253 - - [21/Apr/2022:15:43:48 -0500] "GET /sipse/faces/javax.faces.resource/dynamiccontent.properties?ln=primefaces&pfdrid=XjOR5%2F%2FfPAZAuY9TpWQeCiM0BhlXxYRBGKi%2FQcXXfeA%3D&pfdrid_c=false HTTP/1.1" 500 383
201.245.192.253 - - [21/Apr/2022:15:43:04 -0500] "POST /kwsrmcab/Wsrmcab HTTP/1.1" 200 46116
66.249.65.13 - - [21/Apr/2022:15:44:37 -0500] "-" 408 -
181.237.58.219 - - [21/Apr/2022:15:44:50 -0500] "GET /documents/10184/2325415/pieza-concurso-buenas-practicas-20-septiembre.jpg HTTP/1.1" 404 1132
200.118.64.109 - - [21/Apr/2022:15:44:54 -0500] "POST /forms/lservlet;jsessionid=ac16012b30d6f13362d362bd4175bc0f8904ef88e416.e3iSbxaKaheRe34Pbx8NbNySbx10n6jAmljGr5XDqQLvpAe HTTP/1.1" 200 2
201.245.192.253 - - [21/Apr/2022:15:45:20 -0500] "POST /appsia/controlador HTTP/1.1" 200 5437
201.245.192.253 - - [21/Apr/2022:15:45:21 -0500] "POST /appsia/controlador HTTP/1.1" 200 4799
201.245.192.253 - - [21/Apr/2022:15:45:29 -0500] "POST /appsia/controlador HTTP/1.1" 200 5437
201.245.192.253 - - [21/Apr/2022:15:45:32 -0500] "POST /appsia/controlador HTTP/1.1" 200 13628
201.245.192.253 - - [21/Apr/2022:15:45:32 -0500] "GET /appsia/images/logo_escudo.png HTTP/1.1" 200 36965
201.245.192.253 - - [21/Apr/2022:15:45:53 -0500] "GET /sipse/faces/javax.faces.resource/images/ui-bg_flat_0_2d5972_40x100.png?ln=primefaces-aristo HTTP/1.1" 304 -
201.245.192.253 - - [21/Apr/2022:15:45:55 -0500] "POST /sipse/faces/presentacion/financiero/solicitudProceso/consultarSolicitudProceso.xhtml HTTP/1.1" 200 62134
201.245.192.253 - - [21/Apr/2022:15:45:56 -0500] "GET /sipse/faces/javax.faces.resource/jquery/jquery.js?ln=primefaces&v=4.0 HTTP/1.1" 304 -
201.245.192.253 - - [21/Apr/2022:15:45:57 -0500] "GET /sipse/faces/javax.faces.resource/jquery/jquery-plugins.js?ln=primefaces&v=4.0 HTTP/1.1" 304 -
201.245.192.253 - - [21/Apr/2022:15:45:57 -0500] "GET /sipse/faces/javax.faces.resource/primefaces.js?ln=primefaces&v=4.0 HTTP/1.1" 304 -
201.245.192.253 - - [21/Apr/2022:15:45:57 -0500] "GET /sipse/faces/javax.faces.resource/layout/layout.js?ln=primefaces&v=4.0 HTTP/1.1" 304 -
201.245.192.253 - - [21/Apr/2022:15:45:57 -0500] "GET /sipse/faces/javax.faces.resource/messages/messages.png?ln=primefaces&v=4.0 HTTP/1.1" 304 -
201.245.192.253 - - [21/Apr/2022:15:45:57 -0500] "POST /sipse/faces/presentacion/financiero/solicitudProceso/listarSolicitudProceso.xhtml HTTP/1.1" 200 1456
192.168.169.59 - - [21/Apr/2022:15:46:02 -0500] "GET /colombia-en-la-cima-un-vistazo-a-los-ecosistemas-de-superparamo-a-traves-de-los-ojos-del-fotografo-cesar-david-martinez.html?fbclid=IwAR2nyxdqesuC1UZal4944sIXtMhx4Cos7PEy5USvZG-kVplyNTSx-4CYlMw HTTP/1.1" 200 1076
31.202.101.40 - - [21/Apr/2022:15:46:23 -0500] "GET /xmlrpc.php HTTP/1.1" 404 1035
31.202.101.40 - - [21/Apr/2022:15:46:23 -0500] "GET /wp-login.php HTTP/1.1" 404 1035
200.118.64.109 - - [21/Apr/2022:15:46:55 -0500] "POST /forms/lservlet;jsessionid=ac16012b30d6f13362d362bd4175bc0f8904ef88e416.e3iSbxaKaheRe34Pbx8NbNySbx10n6jAmljGr5XDqQLvpAe HTTP/1.1" 200 2
201.245.192.253 - - [21/Apr/2022:15:47:13 -0500] "GET /BLA/resoluciones/index.php HTTP/1.1" 200 13093
216.245.221.92 - - [21/Apr/2022:15:48:01 -0500] "HEAD / HTTP/1.1" 200 -
172.22.2.4 - - [21/Apr/2022:15:48:36 -0500] "GET /BLA/boletinlegal/xmlrpc.php HTTP/1.1" 404 1038
172.22.2.4 - - [21/Apr/2022:15:47:00 -0500] "HEAD /BLA/boletinlegal/ HTTP/1.1" 200 -
200.118.64.109 - - [21/Apr/2022:15:48:55 -0500] "POST /forms/lservlet;jsessionid=ac16012b30d6f13362d362bd4175bc0f8904ef88e416.e3iSbxaKaheRe34Pbx8NbNySbx10n6jAmljGr5XDqQLvpAe HTTP/1.1" 200 2
157.55.39.145 - - [21/Apr/2022:15:49:13 -0500] "GET /forest/ HTTP/1.1" 200 12041
172.22.2.4 - - [21/Apr/2022:15:47:50 -0500] "GET /BLA/boletinlegal/ HTTP/1.1" 200 55089
42.236.10.114 - - [21/Apr/2022:15:50:03 -0500] "GET /BLA/boletinlegal/js/jquery.scrollShow.js HTTP/1.1" 200 4586
42.236.10.125 - - [21/Apr/2022:15:50:03 -0500] "GET /galeria/carrusel/Carrusel/jquery.thumbnailScroller.css HTTP/1.1" 200 2066
42.236.10.117 - - [21/Apr/2022:15:50:03 -0500] "GET /galeria/galeria/jquery.fancybox.css?v=2.1.5 HTTP/1.1" 200 4895
42.236.10.125 - - [21/Apr/2022:15:50:03 -0500] "GET /galeria/galeria/jquery.fancybox.js?v=2.1.5 HTTP/1.1" 200 48706
42.236.10.106 - - [21/Apr/2022:15:50:03 -0500] "GET /galeria/carrusel/Carrusel/jquery-ui-1.8.13.custom.min.js HTTP/1.1" 200 10800
42.236.10.125 - - [21/Apr/2022:15:50:03 -0500] "GET /galeria/carrusel/Carrusel/jquery.thumbnailScroller.js HTTP/1.1" 200 8157
181.53.14.129 - - [21/Apr/2022:15:50:26 -0500] "HEAD /appsia/controlador HTTP/1.1" 200 -
181.53.14.129 - - [21/Apr/2022:15:50:28 -0500] "GET /appsia/controlador HTTP/1.1" 200 4799
200.118.64.109 - - [21/Apr/2022:15:50:55 -0500] "POST /forms/lservlet;jsessionid=ac16012b30d6f13362d362bd4175bc0f8904ef88e416.e3iSbxaKaheRe34Pbx8NbNySbx10n6jAmljGr5XDqQLvpAe HTTP/1.1" 200 2
66.249.65.15 - - [21/Apr/2022:15:52:01 -0500] "-" 408 -
200.118.64.109 - - [21/Apr/2022:15:52:55 -0500] "POST /forms/lservlet;jsessionid=ac16012b30d6f13362d362bd4175bc0f8904ef88e416.e3iSbxaKaheRe34Pbx8NbNySbx10n6jAmljGr5XDqQLvpAe HTTP/1.1" 200 2
216.245.221.92 - - [21/Apr/2022:15:53:01 -0500] "HEAD / HTTP/1.1" 200 -
190.24.59.51 - - [21/Apr/2022:15:53:15 -0500] "GET /galeria/galeria/jquery.fancybox.css?v=2.1.5 HTTP/1.1" 200 4895
190.24.59.51 - - [21/Apr/2022:15:53:15 -0500] "GET /galeria/galeria/jquery.fancybox.js?v=2.1.5 HTTP/1.1" 200 48706
51.79.77.165 - - [21/Apr/2022:15:53:38 -0500] "GET /si-tienes-entre-14-y-25-anos-y-quieres-participar-inscribete-a-la-convocatoria-de-lideres-juveniles-para-la-cumbre-de-alcaldes-c40-2022.html HTTP/1.1" 200 1141
172.22.2.4 - - [21/Apr/2022:15:52:50 -0500] "HEAD /BLA/boletinlegal/ HTTP/1.1" 200 -
200.118.64.109 - - [21/Apr/2022:15:54:55 -0500] "POST /forms/lservlet;jsessionid=ac16012b30d6f13362d362bd4175bc0f8904ef88e416.e3iSbxaKaheRe34Pbx8NbNySbx10n6jAmljGr5XDqQLvpAe HTTP/1.1" 200 2
66.249.65.13 - - [21/Apr/2022:15:55:19 -0500] "-" 408 -
172.22.2.4 - - [21/Apr/2022:15:53:40 -0500] "GET /BLA/boletinlegal/ HTTP/1.1" 200 56300
186.102.56.107 - - [21/Apr/2022:15:56:52 -0500] "GET /kwssiamovil/sm/ldap/au?x=U2FsdGVkX183VGk/tSR4jIKKeVe1idZU6hfm+M94x1g73l256Yrblh1EJCmD0Gbr&y=U2FsdGVkX18YvtQNVBRziuyCSFLUd63wxm/tkL+q1sCa1kon3JYYMK/8EHmyh9iC HTTP/1.1" 200 30
186.102.56.107 - - [21/Apr/2022:15:56:52 -0500] "GET /kwssiamovil/sm/acme/s?s=U2FsdGVkX19QeCSmkTSH2tQHiaw6bmUvEml3ruy3QyWW7xOqs+2Mz9nc23+daVBI1AWojaZ/UP/DX9565VbCE0II9XCGO5FW0PPHbMrdY0I=&u=U2FsdGVkX18AyfPjVHoJuTZFgZKFXQRYl5k2nnxajHU=&y=U2FsdGVkX18YvtQNVBRziuyCSFLUd63wxm/tkL+q1sCa1kon3JYYMK/8EHmyh9iC HTTP/1.1" 200 97
186.102.56.107 - - [21/Apr/2022:15:56:52 -0500] "GET /kwssiamovil/sm/acme/s?s=U2FsdGVkX1+tiVOgpsnHlyhSuZkEgWkYSNEgPoyJBpiiIICalCIc9Gxalid9mITstgaj9xkjl/mBrC+uevCqGZDx5EJjHBbR4oH09R+6SGxH6zoH0Qh+aS0pdbiOftXTv9oGqfiTCfHvIj0V5QWkQLd3mljg4xmGn3zzIFk4v5notfh5UjuSGoHpMFYPMrVbJ2rAUzp0VV1dwcW9MgpHRObAQ5Vz0EgYC4kmf7MSz4XLJks9m2UzfFGnESKJTFjsAOCE9liiVkyRwdV60vDj4NGocGCe1r6Fm8ndL3oj57XLMarMtMOU8qdhoovtYx41FlFe/nfglzkMWES6bSvZS5QQ9I8HER2Zp4KySAy+1bz5i86FD3JfbxKbC0bNZ8JYhTStc+p03IbCZtgGgxIbHjEohh5PajXpauitUO8jpEHoGCwcjBqCiogx9XlQhVCmGgLOOAfRDhlITQLgTE0wUjnqN/ZnQKf/dWo3bdEmK+J9b9aUhMflUBjVOUFJ13Rr7+FrmG2Rz8GtHP/w+c2RjDgIZD3fTxfygkmYqZrJPOqWOjGyZUznikUHkAo60kpEDs3GucZhzCk6S32XUrt9K0K6F+y7Ih08F8el07x4DUZ1FQBtmJc8d3kZYwtfvx9QiJmTlnX0tzylDavP+3nIWguu8+cTMcv21UZuFg/FfZ5kEdez+kFWVRC6QiOx2gQ/ux4wcJXa0K9STd798fD4tSB7OhxM30fRIexW1DsKShzmkmhrepddWLYAJXiaaKKJT6SBAmJxCzpGEzsxIZcCIz2HFDl7usSImRWv0HH2WlbKUx83QRpZw21EOAMkPDI6uxzdLNDoPhN05sKYb0VfrYhk7RGJK8wyt93rHAX2/d1S5hxYz1h0YNCiolNQgGan++bUDVGQp2g2+teNdhmnmOoVWFFSDew+U0QHavMlGbb3CnfYF4Wld8FwrAWi0SD6oFhw9JUW8vSslykNkmOFe9QIsCaVER5dBfEtE6K4v+pVMPDBjK3P7cqAd9A4a2FD70UG2UqbhRzLX8Zn4UuxHCadXi3GsJCxLZHH22FE+HCBBm9VBcRAsMh7xM0pwagPAekT8BiJpcPLgTJuXvgcVTRL3Fq5at7RKWWQ0DXadz5H/ywY450YQ8yMsf5uTuz6BmOwpOovdMebwxsq1glJf78d0RvZDWNrjkeDz7EvNdbk/xddUINuHvZT0sFtZYrmm1EnPwkgo38N67zwM4WMKAyoAwC2Aa/XJ2xmja5Gyh1aYRZ+ZAz+orFZ4wK/pN4B3WEnx1hLCMg+qIgR9OKyS0G2J6SYOB0wXhWaqVroDBDAOw5iWwaYzZ1MXqT+xxEJedfd9hkO4lrRSqt56KKD4F8JMU1YTsEq5MdkS69PtHQ=&u=U2FsdGVkX18AyfPjVHoJuTZFgZKFXQRYl5k2nnxajHU=&y=U2FsdGVkX18YvtQNVBRziuyCSFLUd63wxm/tkL+q1sCa1kon3JYYMK/8EHmyh9iC HTTP/1.1" 200 391
186.102.56.107 - - [21/Apr/2022:15:56:52 -0500] "GET /kwssiamovil/sm/acme/s?s=U2FsdGVkX1/+FyVeMHOrHJVE3WcJ1oUzHHLWq7LbPj0tBDLxst8QMWHOkxXdk0ec2+wg9IKdrJ3x6/4Qw91N2hjEGECTst2XoTkQwfrwFp7vM1BtgXRguQzxg8eMicJbb3MjJ3FJJAONDWyGtSMiqNRy+odP2+Ze+i30ppRk2NxRklW3bAnxZrQLIjLIGe9KndMQiEi+MJctnK9/wEnIA+kop9ngnsY28K3IWz/pStH2G1y7U80jezTcxZ5rzCiSzq8aL25JgiD4DQ2ws6MjkPnUYkYVt2TlIQDdQDms1tY=&u=U2FsdGVkX18AyfPjVHoJuTZFgZKFXQRYl5k2nnxajHU=&y=U2FsdGVkX18YvtQNVBRziuyCSFLUd63wxm/tkL+q1sCa1kon3JYYMK/8EHmyh9iC HTTP/1.1" 200 176
186.102.56.107 - - [21/Apr/2022:15:56:52 -0500] "GET /kwssiamovil/sm/cjson/pre?f=1&x=U2FsdGVkX183VGk/tSR4jIKKeVe1idZU6hfm+M94x1g73l256Yrblh1EJCmD0Gbr HTTP/1.1" 200 30975
200.118.64.109 - - [21/Apr/2022:15:56:55 -0500] "POST /forms/lservlet;jsessionid=ac16012b30d6f13362d362bd4175bc0f8904ef88e416.e3iSbxaKaheRe34Pbx8NbNySbx10n6jAmljGr5XDqQLvpAe HTTP/1.1" 200 2
216.245.221.92 - - [21/Apr/2022:15:58:01 -0500] "HEAD / HTTP/1.1" 200 -
200.118.64.109 - - [21/Apr/2022:15:58:55 -0500] "POST /forms/lservlet;jsessionid=ac16012b30d6f13362d362bd4175bc0f8904ef88e416.e3iSbxaKaheRe34Pbx8NbNySbx10n6jAmljGr5XDqQLvpAe HTTP/1.1" 200 2
201.245.192.253 - - [21/Apr/2022:15:58:57 -0500] "GET /BLA/resoluciones/index.php HTTP/1.1" 200 13093
201.245.192.253 - - [21/Apr/2022:15:59:20 -0500] "GET /BLA/resoluciones/index.php HTTP/1.1" 200 13093
172.22.2.4 - - [21/Apr/2022:16:00:05 -0500] "GET /BLA/boletinlegal/actos.php HTTP/1.1" 200 9559
207.46.13.64 - - [21/Apr/2022:16:00:08 -0500] "GET / HTTP/1.1" 200 4720
186.84.20.90 - - [21/Apr/2022:16:00:18 -0500] "GET /BLA/resoluciones/ HTTP/1.1" 200 13093
172.22.2.4 - - [21/Apr/2022:15:58:40 -0500] "HEAD /BLA/boletinlegal/ HTTP/1.1" 200 -
186.84.20.90 - - [21/Apr/2022:16:00:27 -0500] "GET /BLA/resoluciones/index.php?dir=RESOLUCIONES+2021%2F HTTP/1.1" 200 322945
172.22.2.4 - - [21/Apr/2022:16:00:02 -0500] "GET /BLA/boletinlegal/ HTTP/1.1" 200 24523
172.22.2.4 - - [21/Apr/2022:16:00:42 -0500] "GET /BLA/boletinlegal/actos.php HTTP/1.1" 200 9559
181.71.18.84 - - [21/Apr/2022:16:00:44 -0500] "GET /BLA/resoluciones/ HTTP/1.1" 200 13093
200.118.64.109 - - [21/Apr/2022:16:00:55 -0500] "POST /forms/lservlet;jsessionid=ac16012b30d6f13362d362bd4175bc0f8904ef88e416.e3iSbxaKaheRe34Pbx8NbNySbx10n6jAmljGr5XDqQLvpAe HTTP/1.1" 200 2
181.71.18.84 - - [21/Apr/2022:16:01:02 -0500] "GET /BLA/resoluciones/index.php?dir=RESOLUCIONES+2021%2F HTTP/1.1" 200 322945
172.22.2.4 - - [21/Apr/2022:15:59:30 -0500] "GET /BLA/boletinlegal/ HTTP/1.1" 200 55089
66.249.65.13 - - [21/Apr/2022:16:01:13 -0500] "-" 408 -
181.59.126.174 - - [21/Apr/2022:16:01:57 -0500] "GET /kwssiamovil/sm/ldap/au?x=U2FsdGVkX1+PUGVFfE+BNwJ7zIAstC5nWJ5OYHH2LgEdIib44ObtryW+jmme15Jz&y=U2FsdGVkX18zx8mnE+f7guv92MLP+dQY0wbm34EPkUs5y3zaWn5JB5bMBerRfQG/ HTTP/1.1" 200 30
181.59.126.174 - - [21/Apr/2022:16:01:57 -0500] "GET /kwssiamovil/sm/acme/s?s=U2FsdGVkX1/b2IVmC5/pYN9IiB/Yi2fEGLed6HXC14k0zTGJiTClEP7/jCejF6OImnRQ8xDXDPuhAzhEBtglnEfuohf+Nw7cEEWHG8AgWA4=&u=U2FsdGVkX19PB0e6uwvnN4pQWvyglSiFJGI0Fz+vNmY=&y=U2FsdGVkX18zx8mnE+f7guv92MLP+dQY0wbm34EPkUs5y3zaWn5JB5bMBerRfQG/ HTTP/1.1" 200 97
181.59.126.174 - - [21/Apr/2022:16:01:57 -0500] "GET /kwssiamovil/sm/acme/s?s=U2FsdGVkX1+Y+QMpV/WsXqbSO9zGuQc3ovqjY1RDJqKFQhB9AdWHzp4sdfaeGpeTcJcaQ0XvOaATrnzkp3soYbZ1enwI3xrKptIHI3i0WAGgAkR/CphjcEaCvD6uJ8udADt7Lf4vv+Bi1LsHbBVUCHvzZ6manMv2AhjrGezKuyl+FexnJAhbO+27Ckm340GwCZKC5pYAPIFkN/HXincguALc1hN4DpPW32uyAQrTX02PV9JRNGfv3ulGMQz8/UKaXQGU3lYnaNbzhK3LgNiavihMnmHjBM7P/R0DPApsyElEipMtwFKgRBY13m5lkbdcgbUCLeXeI/JCWVQmCfjAGYiyw+GPUn+/OoyTgiaf+so7iqtDrSR13BFWHxZdKuvtrikRCyvh/HzEM7m1+FUU8UCSaikXgrvtjbAYsK+lf2Eh5szr6aBhxzr6nu4G90FO60lmRb0ajZZRiBYuoww/qARrsZoFLd/dSn4XxE6aaDCdcIJxKmWuLzaHurjIAAHT67pZRDXRQwgdrnEUbqSxbrJ1SC9sdfmlgMb9+9gK3INQDfOghGndW5WzxioDeXr1NUiVNr5/gxrQUKPrd7D4dw5qMWXvtcPEvdJaL4WSOwVE09MRTbFs8eYNkWxvlnX3PRcqCywTAOPC+Q/AmTzzHl+roMCLcXVqI2Q572eHU7qvP3oQqDRVN10fB+3XxUlYya4RqFbxWfSxyzI3Y/JwFA+XTdgRi5Msstk47wiVvW3jLBm+TW7Bxo6gyA7H8mYQHRX9kMzekv/mmGqNI1mNscGBT0erv7Hu6McUMeFN8p7c8G+CKqKOuikrWGmiDKr0ixqGcZes94enWvih1gkKXs5GTKkrqw+tXU+f7P27hs3ZEmlPUVwNwxNfzL9iLSoSLTcedos1M8t3kAy7GZEqTgeO77HnEOhsznjdqu3FPDyAttQUIB2sMs+kWsTotjIgUdy8COTPisx1tC2srHrJDbxUpg34wfUAljF2Tj//o+yIFUXLcpbH5m5yQF9EewRIM4mwYwDOEMLNzmRqrWCZ+Grn/hoaG4gPAZ2cTBWeIWyZ6W/4U/tx6IZb8rjxO3icJlJ3o64BLw5VoP107bzAa2bFEbs6gzbuw0L1DQnmmT3Nqzu0d9e5l2kei0RAtnpAyIDS72t2WXCkdJqujfFwEFO4SEKNcv4FM+gAN3WlkqZ5qk8xIdIxdWhdgYjWUNQdrp+RWcj+VhC55BhoZamTtqMVBjHq3oW2325grk04RYi8/dyY4KpX0vn6XXJGNXrhNjRC6Z9oKL304G9NhyOLM49SzluOS0K4EhVJjNumWbNXs6a69m16fi7ZOdSFCphyb3jvO6nLHnzrLsSrSJ5NrW04oXMYy+9eHH7Wtj3oMC0=&u=U2FsdGVkX19PB0e6uwvnN4pQWvyglSiFJGI0Fz+vNmY=&y=U2FsdGVkX18zx8mnE+f7guv92MLP+dQY0wbm34EPkUs5y3zaWn5JB5bMBerRfQG/ HTTP/1.1" 200 633
181.59.126.174 - - [21/Apr/2022:16:01:57 -0500] "GET /kwssiamovil/sm/acme/s?s=U2FsdGVkX19rqOBVUnyUOVo3zrJhqdqeYFXBs0z4vPXn3MyIXqXKvKgtcgwnSHOAo3XiYHbzBWS+HU8S9eWRaeFVhsAH1dgSZRAu50MQ8etwncRtlUl77OMt8RNnGiHb6avDznZHzvjM0L+m5G1Qb0Q+2H5Aq1Kidk6Xww7pgCdjLhMeKp79j7ccQsie7qXTO+J80av05W72nYCVt6R6DbmPuhdLb1Ts7ALhoa7HqSf9Fqw9ET5gsPLphJYQO5ObsigOS8Wy6h9vxDGELHvwY9qA0Qa/JqUJSuEueEYOKYg=&u=U2FsdGVkX19PB0e6uwvnN4pQWvyglSiFJGI0Fz+vNmY=&y=U2FsdGVkX18zx8mnE+f7guv92MLP+dQY0wbm34EPkUs5y3zaWn5JB5bMBerRfQG/ HTTP/1.1" 200 176
181.59.126.174 - - [21/Apr/2022:16:01:58 -0500] "GET /kwssiamovil/sm/cjson/pre?f=1&x=U2FsdGVkX1+PUGVFfE+BNwJ7zIAstC5nWJ5OYHH2LgEdIib44ObtryW+jmme15Jz HTTP/1.1" 200 30975
181.71.18.84 - - [21/Apr/2022:16:02:13 -0500] "GET /BLA/resoluciones/index.php?dir=RESOLUCIONES+2021%2F HTTP/1.1" 200 322945
172.22.2.4 - - [21/Apr/2022:16:00:39 -0500] "GET /BLA/boletinlegal/ HTTP/1.1" 200 60486
49.7.21.73 - - [21/Apr/2022:16:02:45 -0500] "-" 408 -
207.46.13.115 - - [21/Apr/2022:16:02:53 -0500] "GET /BLA/resoluciones/RESOLUCIONES%202021/5480.pdf HTTP/1.1" 304 -
200.118.64.109 - - [21/Apr/2022:16:02:55 -0500] "POST /forms/lservlet;jsessionid=ac16012b30d6f13362d362bd4175bc0f8904ef88e416.e3iSbxaKaheRe34Pbx8NbNySbx10n6jAmljGr5XDqQLvpAe HTTP/1.1" 200 2
216.245.221.92 - - [21/Apr/2022:16:03:01 -0500] "HEAD / HTTP/1.1" 200 -
181.71.18.84 - - [21/Apr/2022:16:03:54 -0500] "GET /BLA/resoluciones/index.php?dir=RESOLUCIONES+2022%2F HTTP/1.1" 200 13263
181.71.18.84 - - [21/Apr/2022:16:04:03 -0500] "GET /BLA/resoluciones/index.php?dir=RESOLUCIONES+2021%2F HTTP/1.1" 200 322945
65.154.226.220 - - [21/Apr/2022:16:04:15 -0500] "GET /BLA/boletinlegal/js/jquery.scrollShow.js HTTP/1.1" 200 4586
65.154.226.220 - - [21/Apr/2022:16:04:24 -0500] "GET /galeria/galeria/jquery.fancybox.js?v=2.1.5 HTTP/1.1" 200 48706
172.22.2.4 - - [21/Apr/2022:16:04:28 -0500] "GET /BLA/boletinlegal/actos.php HTTP/1.1" 200 9559
181.71.18.84 - - [21/Apr/2022:16:04:30 -0500] "GET /BLA/resoluciones/ HTTP/1.1" 200 13093
181.71.18.84 - - [21/Apr/2022:16:04:32 -0500] "GET /BLA/resoluciones/index.php?dir=AUTOS+2021%2F HTTP/1.1" 200 363307
65.154.226.220 - - [21/Apr/2022:16:04:33 -0500] "GET /galeria/galeria/jquery.fancybox.css?v=2.1.5 HTTP/1.1" 200 4895
65.154.226.220 - - [21/Apr/2022:16:04:33 -0500] "GET /galeria/galeria/jquery.fancybox.js?v=2.1.5 HTTP/1.1" 200 48706
65.154.226.220 - - [21/Apr/2022:16:04:33 -0500] "GET /BLA/boletinlegal/js/jquery.scrollShow.js HTTP/1.1" 200 4586
200.118.64.109 - - [21/Apr/2022:16:04:55 -0500] "POST /forms/lservlet;jsessionid=ac16012b30d6f13362d362bd4175bc0f8904ef88e416.e3iSbxaKaheRe34Pbx8NbNySbx10n6jAmljGr5XDqQLvpAe HTTP/1.1" 200 2
181.71.18.84 - - [21/Apr/2022:16:05:04 -0500] "GET /BLA/resoluciones/ HTTP/1.1" 200 13093
181.71.18.84 - - [21/Apr/2022:16:05:11 -0500] "GET /BLA/resoluciones/index.php?dir=AUTOS+2021%2F HTTP/1.1" 200 363307
181.71.18.84 - - [21/Apr/2022:16:05:19 -0500] "GET /BLA/resoluciones/AUTOS%202021/5599.pdf HTTP/1.1" 200 667123
172.22.2.4 - - [21/Apr/2022:16:05:45 -0500] "GET /BLA/boletinlegal/actos.php HTTP/1.1" 200 9559
172.22.2.4 - - [21/Apr/2022:16:05:46 -0500] "GET /BLA/boletinlegal/favicon.ico HTTP/1.1" 404 1326
172.22.2.4 - - [21/Apr/2022:16:04:26 -0500] "GET /BLA/boletinlegal/ HTTP/1.1" 200 50207
172.22.2.4 - - [21/Apr/2022:16:04:30 -0500] "HEAD /BLA/boletinlegal/ HTTP/1.1" 200 -
172.22.2.4 - - [21/Apr/2022:16:06:20 -0500] "GET /BLA/boletinlegal/consulta_actos.php?tipo=resoluciones&no=&usuario=&sector=&fecha=2022&resuelve= HTTP/1.1" 200 44297
181.71.18.84 - - [21/Apr/2022:16:06:51 -0500] "GET /BLA/resoluciones/index.php?dir=AUTOS+2021%2F HTTP/1.1" 200 363307
66.249.65.13 - - [21/Apr/2022:16:06:55 -0500] "-" 408 -
200.118.64.109 - - [21/Apr/2022:16:06:56 -0500] "POST /forms/lservlet;jsessionid=ac16012b30d6f13362d362bd4175bc0f8904ef88e416.e3iSbxaKaheRe34Pbx8NbNySbx10n6jAmljGr5XDqQLvpAe HTTP/1.1" 200 2
172.22.2.4 - - [21/Apr/2022:16:05:20 -0500] "GET /BLA/boletinlegal/ HTTP/1.1" 200 53739
207.46.13.199 - - [21/Apr/2022:16:07:34 -0500] "GET /BLA/resoluciones/RESOLUCIONES%202008/5736.pdf HTTP/1.1" 200 606281
216.245.221.92 - - [21/Apr/2022:16:08:01 -0500] "HEAD / HTTP/1.1" 200 -
207.46.13.196 - - [21/Apr/2022:16:08:19 -0500] "GET /galeria/carrusel/Carrusel/jquery.thumbnailScroller.js HTTP/1.1" 200 8157
40.77.167.29 - - [21/Apr/2022:16:08:22 -0500] "GET /galeria/carrusel/Carrusel/jquery-ui-1.8.13.custom.min.js HTTP/1.1" 200 10800
207.46.13.115 - - [21/Apr/2022:16:08:22 -0500] "GET /galeria/carrusel/Carrusel/jquery.thumbnailScroller.css HTTP/1.1" 200 2066
207.46.13.115 - - [21/Apr/2022:16:08:25 -0500] "GET /galeria/nivo-slider/demo/banner.html HTTP/1.1" 200 5446
200.118.64.109 - - [21/Apr/2022:16:08:56 -0500] "POST /forms/lservlet;jsessionid=ac16012b30d6f13362d362bd4175bc0f8904ef88e416.e3iSbxaKaheRe34Pbx8NbNySbx10n6jAmljGr5XDqQLvpAe HTTP/1.1" 200 2
201.245.192.253 - - [21/Apr/2022:16:10:02 -0500] "POST /sipse/faces/presentacion/proyectos/proyecto/proyecto.xhtml HTTP/1.1" 302 -
201.245.192.253 - - [21/Apr/2022:16:10:02 -0500] "GET /sipse/faces/autenticacion.xhtml HTTP/1.1" 200 1099
186.154.6.90 - - [21/Apr/2022:16:10:10 -0500] "GET /BLA/resoluciones/RESOLUCIONES%202022/1065.pdf HTTP/1.1" 200 331812
186.154.6.90 - - [21/Apr/2022:16:10:11 -0500] "GET /BLA/resoluciones/RESOLUCIONES%202022/1065.pdf HTTP/1.1" 206 1025
186.154.6.90 - - [21/Apr/2022:16:10:11 -0500] "GET /BLA/resoluciones/RESOLUCIONES%202022/1065.pdf HTTP/1.1" 200 331812
190.25.204.49 - - [21/Apr/2022:16:10:11 -0500] "GET /dia-internacional-de-la-tierra-actividades-para-celebrar-esta-fecha-en-bogota.html HTTP/1.1" 200 879
191.102.220.247 - - [21/Apr/2022:16:10:25 -0500] "GET /BLA/resoluciones/index.php?dir=AUTOS+2012%2F HTTP/1.1" 200 270447
173.252.95.116 - - [21/Apr/2022:16:10:27 -0500] "GET /puente-aranda-recibe-este-fin-de-semana-la-feria-de-servicios.html HTTP/1.1" 206 855
173.252.95.11 - - [21/Apr/2022:16:10:28 -0500] "GET /puente-aranda-recibe-este-fin-de-semana-la-feria-de-servicios.html HTTP/1.1" 206 855
172.22.2.4 - - [21/Apr/2022:16:08:57 -0500] "GET /BLA/boletinlegal/index.php HTTP/1.1" 200 60486
172.22.2.4 - - [21/Apr/2022:16:10:43 -0500] "GET /BLA/boletinlegal/js/jquery.scrollShow.js HTTP/1.1" 200 4586
172.22.2.4 - - [21/Apr/2022:16:10:54 -0500] "POST /BLA/boletinlegal/admin/actos/ingresar.php HTTP/1.1" 200 7236
200.118.64.109 - - [21/Apr/2022:16:10:56 -0500] "POST /forms/lservlet;jsessionid=ac16012b30d6f13362d362bd4175bc0f8904ef88e416.e3iSbxaKaheRe34Pbx8NbNySbx10n6jAmljGr5XDqQLvpAe HTTP/1.1" 200 2
172.22.2.4 - - [21/Apr/2022:16:11:09 -0500] "GET /BLA/boletinlegal/normativa.php HTTP/1.1" 200 8292
172.22.2.4 - - [21/Apr/2022:16:11:17 -0500] "GET /BLA/boletinlegal/consulta_normativa.php?tipo=&sector=Aire&ano=2021&resuelve=gas HTTP/1.1" 200 454
201.245.192.253 - - [21/Apr/2022:16:11:47 -0500] "GET /sipse/faces/index.xhtml HTTP/1.1" 200 677
201.245.192.253 - - [21/Apr/2022:16:11:47 -0500] "GET /sipse/faces/javax.faces.resource/theme.css?ln=primefaces-sipse HTTP/1.1" 304 -
201.245.192.253 - - [21/Apr/2022:16:11:47 -0500] "GET /sipse/faces/faces/autenticacion.xhtml HTTP/1.1" 200 12170
201.245.192.253 - - [21/Apr/2022:16:11:47 -0500] "GET /sipse/js/disable_browser_buttons.js HTTP/1.1" 304 -
201.245.192.253 - - [21/Apr/2022:16:11:47 -0500] "GET /sipse/js/funciones.js HTTP/1.1" 304 -
201.245.192.253 - - [21/Apr/2022:16:11:47 -0500] "GET /sipse/css/custom_css_sg.css HTTP/1.1" 304 -
201.245.192.253 - - [21/Apr/2022:16:11:47 -0500] "GET /sipse/faces/javax.faces.resource/layout/layout.css?ln=primefaces&v=4.0 HTTP/1.1" 304 -
201.245.192.253 - - [21/Apr/2022:16:11:47 -0500] "GET /sipse/css/custom_css_sg_prime_login.css HTTP/1.1" 304 -
201.245.192.253 - - [21/Apr/2022:16:11:47 -0500] "GET /sipse/faces/javax.faces.resource/primefaces.css?ln=primefaces&v=4.0 HTTP/1.1" 304 -
201.245.192.253 - - [21/Apr/2022:16:11:47 -0500] "GET /sipse/faces/javax.faces.resource/theme.css?ln=primefaces-sipse HTTP/1.1" 304 -
201.245.192.253 - - [21/Apr/2022:16:11:47 -0500] "GET /sipse/faces/javax.faces.resource/jquery/jquery.js?ln=primefaces&v=4.0 HTTP/1.1" 304 -
201.245.192.253 - - [21/Apr/2022:16:11:47 -0500] "GET /sipse/faces/javax.faces.resource/jquery/jquery-plugins.js?ln=primefaces&v=4.0 HTTP/1.1" 304 -
201.245.192.253 - - [21/Apr/2022:16:11:47 -0500] "GET /sipse/faces/javax.faces.resource/primefaces.js?ln=primefaces&v=4.0 HTTP/1.1" 304 -
201.245.192.253 - - [21/Apr/2022:16:11:47 -0500] "GET /sipse/faces/javax.faces.resource/layout/layout.js?ln=primefaces&v=4.0 HTTP/1.1" 304 -
201.245.192.253 - - [21/Apr/2022:16:11:47 -0500] "GET /sipse/css/imagen/logoSDG.png HTTP/1.1" 304 -
201.245.192.253 - - [21/Apr/2022:16:11:47 -0500] "GET /sipse/css/imagen/loginimg.png HTTP/1.1" 304 -
201.245.192.253 - - [21/Apr/2022:16:11:47 -0500] "GET /sipse/faces/javax.faces.resource/images/ui-icons_898989_256x240.png?ln=primefaces-aristo HTTP/1.1" 304 -
201.245.192.253 - - [21/Apr/2022:16:11:54 -0500] "POST /sipse/faces/autenticacion.xhtml HTTP/1.1" 200 11164
201.245.192.253 - - [21/Apr/2022:16:11:54 -0500] "GET /sipse/css/custom_css_sg_prime.css HTTP/1.1" 304 -
201.245.192.253 - - [21/Apr/2022:16:11:54 -0500] "GET /sipse/faces/javax.faces.resource/theme.css?ln=primefaces-sipse HTTP/1.1" 304 -
201.245.192.253 - - [21/Apr/2022:16:11:54 -0500] "GET /sipse/faces/javax.faces.resource/layout/layout.css?ln=primefaces&v=4.0 HTTP/1.1" 304 -
201.245.192.253 - - [21/Apr/2022:16:11:54 -0500] "GET /sipse/faces/javax.faces.resource/jquery/jquery.js?ln=primefaces&v=4.0 HTTP/1.1" 304 -
201.245.192.253 - - [21/Apr/2022:16:11:54 -0500] "GET /sipse/faces/javax.faces.resource/primefaces.css?ln=primefaces&v=4.0 HTTP/1.1" 304 -
201.245.192.253 - - [21/Apr/2022:16:11:54 -0500] "GET /sipse/faces/javax.faces.resource/jquery/jquery-plugins.js?ln=primefaces&v=4.0 HTTP/1.1" 304 -
201.245.192.253 - - [21/Apr/2022:16:11:54 -0500] "GET /sipse/faces/javax.faces.resource/primefaces.js?ln=primefaces&v=4.0 HTTP/1.1" 304 -
201.245.192.253 - - [21/Apr/2022:16:11:54 -0500] "GET /sipse/faces/javax.faces.resource/layout/layout.js?ln=primefaces&v=4.0 HTTP/1.1" 304 -
201.245.192.253 - - [21/Apr/2022:16:11:54 -0500] "GET /sipse/faces/javax.faces.resource/messages/messages.png?ln=primefaces&v=4.0 HTTP/1.1" 304 -
201.245.192.253 - - [21/Apr/2022:16:11:57 -0500] "POST /sipse/faces/presentacion/sistema/seguridad/seleccionRol.xhtml HTTP/1.1" 200 5600
201.245.192.253 - - [21/Apr/2022:16:11:57 -0500] "POST /sipse/faces/presentacion/sistema/seguridad/seleccionRol.xhtml HTTP/1.1" 200 17509
201.245.192.253 - - [21/Apr/2022:16:11:57 -0500] "GET /sipse/faces/javax.faces.resource/theme.css?ln=primefaces-sipse HTTP/1.1" 304 -
201.245.192.253 - - [21/Apr/2022:16:11:57 -0500] "GET /sipse/faces/javax.faces.resource/layout/layout.css?ln=primefaces&v=4.0 HTTP/1.1" 304 -
201.245.192.253 - - [21/Apr/2022:16:11:57 -0500] "GET /sipse/faces/javax.faces.resource/primefaces.css?ln=primefaces&v=4.0 HTTP/1.1" 304 -
201.245.192.253 - - [21/Apr/2022:16:11:57 -0500] "GET /sipse/js/jquery.min.js HTTP/1.1" 304 -
201.245.192.253 - - [21/Apr/2022:16:11:57 -0500] "GET /sipse/faces/javax.faces.resource/jquery/jquery.js?ln=primefaces&v=4.0 HTTP/1.1" 304 -
201.245.192.253 - - [21/Apr/2022:16:11:57 -0500] "GET /sipse/faces/javax.faces.resource/jquery/jquery-plugins.js?ln=primefaces&v=4.0 HTTP/1.1" 304 -
201.245.192.253 - - [21/Apr/2022:16:11:57 -0500] "GET /sipse/faces/javax.faces.resource/primefaces.js?ln=primefaces&v=4.0 HTTP/1.1" 304 -
201.245.192.253 - - [21/Apr/2022:16:11:57 -0500] "GET /sipse/faces/javax.faces.resource/layout/layout.js?ln=primefaces&v=4.0 HTTP/1.1" 304 -
201.245.192.253 - - [21/Apr/2022:16:11:58 -0500] "GET /sipse/imagenes/logoAplicacion.jpg HTTP/1.1" 304 -
201.245.192.253 - - [21/Apr/2022:16:11:58 -0500] "GET /sipse/imagenes/cargando.gif HTTP/1.1" 304 -
201.245.192.253 - - [21/Apr/2022:16:11:58 -0500] "GET /sipse/css/imagen/contrasena.png HTTP/1.1" 404 383
201.245.192.253 - - [21/Apr/2022:16:12:00 -0500] "GET /sipse/faces/javax.faces.resource/images/ui-bg_flat_0_2d5972_40x100.png?ln=primefaces-aristo HTTP/1.1" 304 -
201.245.192.253 - - [21/Apr/2022:16:12:00 -0500] "POST /sipse/faces/bienvenido.xhtml HTTP/1.1" 200 2055
172.22.2.4 - - [21/Apr/2022:16:10:20 -0500] "HEAD /BLA/boletinlegal/ HTTP/1.1" 200 -
201.245.192.253 - - [21/Apr/2022:16:12:01 -0500] "POST /sipse/faces/bienvenido.xhtml HTTP/1.1" 200 81635
201.245.192.253 - - [21/Apr/2022:16:12:03 -0500] "GET /sipse/faces/javax.faces.resource/primefaces.css?ln=primefaces&v=4.0 HTTP/1.1" 304 -
201.245.192.253 - - [21/Apr/2022:16:12:03 -0500] "GET /sipse/faces/javax.faces.resource/layout/layout.css?ln=primefaces&v=4.0 HTTP/1.1" 304 -
201.245.192.253 - - [21/Apr/2022:16:12:03 -0500] "GET /sipse/faces/javax.faces.resource/theme.css?ln=primefaces-sipse HTTP/1.1" 304 -
201.245.192.253 - - [21/Apr/2022:16:12:03 -0500] "GET /sipse/faces/javax.faces.resource/jquery/jquery.js?ln=primefaces&v=4.0 HTTP/1.1" 304 -
201.245.192.253 - - [21/Apr/2022:16:12:03 -0500] "GET /sipse/faces/javax.faces.resource/jquery/jquery-plugins.js?ln=primefaces&v=4.0 HTTP/1.1" 304 -
201.245.192.253 - - [21/Apr/2022:16:12:03 -0500] "GET /sipse/faces/javax.faces.resource/primefaces.js?ln=primefaces&v=4.0 HTTP/1.1" 304 -
201.245.192.253 - - [21/Apr/2022:16:12:03 -0500] "GET /sipse/faces/javax.faces.resource/layout/layout.js?ln=primefaces&v=4.0 HTTP/1.1" 304 -
201.245.192.253 - - [21/Apr/2022:16:12:08 -0500] "POST /sipse/faces/presentacion/proyectos/proyecto/listarProyecto.xhtml HTTP/1.1" 200 163
201.245.192.253 - - [21/Apr/2022:16:12:08 -0500] "GET /sipse/faces/presentacion/proyectos/proyecto/proyecto.xhtml HTTP/1.1" 200 88574
201.245.192.253 - - [21/Apr/2022:16:12:09 -0500] "GET /sipse/faces/javax.faces.resource/theme.css?ln=primefaces-sipse HTTP/1.1" 304 -
201.245.192.253 - - [21/Apr/2022:16:12:09 -0500] "GET /sipse/faces/javax.faces.resource/primefaces.css?ln=primefaces&v=4.0 HTTP/1.1" 304 -
201.245.192.253 - - [21/Apr/2022:16:12:09 -0500] "GET /sipse/faces/javax.faces.resource/layout/layout.css?ln=primefaces&v=4.0 HTTP/1.1" 304 -
201.245.192.253 - - [21/Apr/2022:16:12:09 -0500] "GET /sipse/faces/javax.faces.resource/jquery/jquery.js?ln=primefaces&v=4.0 HTTP/1.1" 304 -
201.245.192.253 - - [21/Apr/2022:16:12:09 -0500] "GET /sipse/faces/javax.faces.resource/jquery/jquery-plugins.js?ln=primefaces&v=4.0 HTTP/1.1" 304 -
201.245.192.253 - - [21/Apr/2022:16:12:09 -0500] "GET /sipse/faces/javax.faces.resource/primefaces.js?ln=primefaces&v=4.0 HTTP/1.1" 304 -
201.245.192.253 - - [21/Apr/2022:16:12:09 -0500] "GET /sipse/faces/javax.faces.resource/layout/layout.js?ln=primefaces&v=4.0 HTTP/1.1" 304 -
201.245.192.253 - - [21/Apr/2022:16:12:09 -0500] "POST /sipse/faces/presentacion/proyectos/proyecto/proyecto.xhtml HTTP/1.1" 200 3265
186.154.248.228 - - [21/Apr/2022:16:12:22 -0500] "GET /BLA/resoluciones/RESOLUCIONES%202021/1218.pdf HTTP/1.1" 200 2408892
186.154.248.228 - - [21/Apr/2022:16:12:24 -0500] "GET /BLA/resoluciones/RESOLUCIONES%202021/1217.pdf HTTP/1.1" 200 436803
66.249.65.13 - - [21/Apr/2022:16:12:43 -0500] "-" 408 -
172.22.2.4 - - [21/Apr/2022:16:11:10 -0500] "GET /BLA/boletinlegal/ HTTP/1.1" 200 55877
200.118.64.109 - - [21/Apr/2022:16:12:56 -0500] "POST /forms/lservlet;jsessionid=ac16012b30d6f13362d362bd4175bc0f8904ef88e416.e3iSbxaKaheRe34Pbx8NbNySbx10n6jAmljGr5XDqQLvpAe HTTP/1.1" 200 2
216.245.221.92 - - [21/Apr/2022:16:13:01 -0500] "HEAD / HTTP/1.1" 200 -
186.154.248.228 - - [21/Apr/2022:16:13:04 -0500] "GET /BLA/boletinlegal/consulta_actos.php?tipo=resoluciones&no=&usuario=PAZ&sector=&fecha=2021&resuelve= HTTP/1.1" 200 1556
186.154.248.228 - - [21/Apr/2022:16:13:10 -0500] "GET /BLA/boletinlegal/consulta_actos.php?tipo=resoluciones&no=&usuario=PAZ&sector=&fecha=2020&resuelve= HTTP/1.1" 200 626
186.31.205.195 - - [21/Apr/2022:16:13:13 -0500] "GET / HTTP/1.1" 200 4720
186.154.248.228 - - [21/Apr/2022:16:13:13 -0500] "GET /BLA/boletinlegal/consulta_actos.php?tipo=resoluciones&no=&usuario=PAZ&sector=&fecha=2021&resuelve= HTTP/1.1" 200 1556
186.154.248.228 - - [21/Apr/2022:16:13:15 -0500] "GET /BLA/boletinlegal/consulta_actos.php?tipo=resoluciones&no=&usuario=PAZ&sector=&fecha=2022&resuelve= HTTP/1.1" 200 626
200.118.64.109 - - [21/Apr/2022:16:14:56 -0500] "POST /forms/lservlet;jsessionid=ac16012b30d6f13362d362bd4175bc0f8904ef88e416.e3iSbxaKaheRe34Pbx8NbNySbx10n6jAmljGr5XDqQLvpAe HTTP/1.1" 200 2
207.46.13.115 - - [21/Apr/2022:16:15:13 -0500] "GET /BLA/boletinlegal/conceptos.php HTTP/1.1" 200 7443
207.46.13.82 - - [21/Apr/2022:16:15:29 -0500] "GET /BLA/boletinlegal/js/ajax_conceptos.js HTTP/1.1" 200 1326
207.46.13.196 - - [21/Apr/2022:16:15:29 -0500] "GET /BLA/boletinlegal/styles2.css HTTP/1.1" 200 1838
93.149.249.225 - - [21/Apr/2022:16:15:40 -0500] "GET / HTTP/1.1" 200 319
93.149.249.225 - - [21/Apr/2022:16:15:40 -0500] "GET / HTTP/1.1" 200 319
200.118.64.109 - - [21/Apr/2022:16:16:56 -0500] "POST /forms/lservlet;jsessionid=ac16012b30d6f13362d362bd4175bc0f8904ef88e416.e3iSbxaKaheRe34Pbx8NbNySbx10n6jAmljGr5XDqQLvpAe HTTP/1.1" 200 2
200.118.16.168 - - [21/Apr/2022:16:17:34 -0500] "GET /dia-internacional-de-la-tierra-actividades-para-celebrar-esta-fecha-en-bogota.html HTTP/1.1" 200 879
186.31.189.79 - - [21/Apr/2022:16:17:41 -0500] "GET /dia-internacional-de-la-tierra-actividades-para-celebrar-esta-fecha-en-bogota.html?fbclid=IwAR127hx-HJs9VVoXcaoQAJRomSM06sW7LbVNxuTX9ZNgDYKIhmVNvuusgDg HTTP/1.1" 200 879
172.22.2.4 - - [21/Apr/2022:16:16:10 -0500] "HEAD /BLA/boletinlegal/ HTTP/1.1" 200 -
216.245.221.92 - - [21/Apr/2022:16:18:01 -0500] "HEAD / HTTP/1.1" 200 -
191.107.178.46 - - [21/Apr/2022:16:18:13 -0500] "GET /BLA/resoluciones/RESOLUCIONES%202021/3911.pdf HTTP/1.1" 200 340923
191.107.178.46 - - [21/Apr/2022:16:18:15 -0500] "GET /favicon.ico HTTP/1.1" 200 7782
66.220.149.23 - - [21/Apr/2022:16:18:29 -0500] "GET /puente-aranda-recibe-este-fin-de-semana-la-feria-de-servicios.html HTTP/1.1" 206 855
173.252.111.16 - - [21/Apr/2022:16:18:30 -0500] "GET /puente-aranda-recibe-este-fin-de-semana-la-feria-de-servicios.html HTTP/1.1" 206 855
173.252.95.24 - - [21/Apr/2022:16:18:32 -0500] "GET /images/feria-servicios-tramites-puente-aranda-21-abril.jpg HTTP/1.1" 200 28255
173.252.95.24 - - [21/Apr/2022:16:18:32 -0500] "GET /puente-aranda-recibe-este-fin-de-semana-la-feria-de-servicios.html HTTP/1.1" 206 855
18.213.87.247 - - [21/Apr/2022:16:18:33 -0500] "HEAD /puente-aranda-recibe-este-fin-de-semana-la-feria-de-servicios.html HTTP/1.1" 200 -
173.252.95.24 - - [21/Apr/2022:16:18:34 -0500] "GET /puente-aranda-recibe-este-fin-de-semana-la-feria-de-servicios.html HTTP/1.1" 206 855
172.22.2.4 - - [21/Apr/2022:16:17:00 -0500] "GET /BLA/boletinlegal/ HTTP/1.1" 200 58588
200.118.64.109 - - [21/Apr/2022:16:18:56 -0500] "POST /forms/lservlet;jsessionid=ac16012b30d6f13362d362bd4175bc0f8904ef88e416.e3iSbxaKaheRe34Pbx8NbNySbx10n6jAmljGr5XDqQLvpAe HTTP/1.1" 200 2
69.171.251.1 - - [21/Apr/2022:16:19:24 -0500] "GET /dia-internacional-de-la-tierra-actividades-para-celebrar-esta-fecha-en-bogota.html?fbclid=IwAR1oNwG-3QJb4fKzHPTcSCmvouNbcaBpp6-7SYrqHSMSHeEfr_Nr340V7is HTTP/1.1" 200 879
201.245.192.253 - - [21/Apr/2022:16:20:01 -0500] "GET /css/date_blue.css HTTP/1.1" 404 1254
201.245.192.253 - - [21/Apr/2022:16:20:01 -0500] "GET /css/fondos.css HTTP/1.1" 404 1254
201.245.192.253 - - [21/Apr/2022:16:20:01 -0500] "GET /css/textos.css HTTP/1.1" 404 1254
201.245.192.253 - - [21/Apr/2022:16:20:01 -0500] "GET /css/bordes.css HTTP/1.1" 404 1254
201.245.192.253 - - [21/Apr/2022:16:20:53 -0500] "GET /mesa/contrasena.pdf HTTP/1.1" 200 443199
201.245.192.253 - - [21/Apr/2022:16:20:54 -0500] "GET /mesa/contrasena.pdf HTTP/1.1" 206 1
201.245.192.253 - - [21/Apr/2022:16:20:54 -0500] "GET /mesa/contrasena.pdf HTTP/1.1" 206 1091
200.118.64.109 - - [21/Apr/2022:16:20:56 -0500] "POST /forms/lservlet;jsessionid=ac16012b30d6f13362d362bd4175bc0f8904ef88e416.e3iSbxaKaheRe34Pbx8NbNySbx10n6jAmljGr5XDqQLvpAe HTTP/1.1" 200 2
181.53.13.158 - - [21/Apr/2022:16:21:08 -0500] "GET /puente-aranda-recibe-este-fin-de-semana-la-feria-de-servicios.html HTTP/1.1" 200 855
66.249.65.13 - - [21/Apr/2022:16:21:34 -0500] "-" 408 -
172.22.2.4 - - [21/Apr/2022:16:21:47 -0500] "GET /BLA/boletinlegal/consulta_actos.php?tipo=resoluciones&no=4113&usuario=&sector=&fecha=2021&resuelve= HTTP/1.1" 200 626
172.22.2.4 - - [21/Apr/2022:16:21:49 -0500] "GET /BLA/boletinlegal/consulta_actos.php?tipo=resoluciones&no=4113&usuario=&sector=&fecha=2021&resuelve= HTTP/1.1" 200 626
172.22.2.4 - - [21/Apr/2022:16:21:49 -0500] "GET /BLA/boletinlegal/consulta_actos.php?tipo=resoluciones&no=4113&usuario=&sector=&fecha=2021&resuelve= HTTP/1.1" 200 626
172.22.2.4 - - [21/Apr/2022:16:21:59 -0500] "GET /BLA/boletinlegal/consulta_actos.php?tipo=resoluciones&no=3763&usuario=&sector=&fecha=2021&resuelve= HTTP/1.1" 200 626
172.22.2.4 - - [21/Apr/2022:16:22:00 -0500] "GET /BLA/boletinlegal/consulta_actos.php?tipo=resoluciones&no=3763&usuario=&sector=&fecha=2021&resuelve= HTTP/1.1" 200 626
139.162.200.114 - - [21/Apr/2022:16:22:05 -0500] "GET / HTTP/1.1" 200 319
186.155.227.156 - - [21/Apr/2022:16:22:09 -0500] "GET /galeria/galeria/jquery.fancybox.css?v=2.1.5 HTTP/1.1" 200 4895
186.155.227.156 - - [21/Apr/2022:16:22:09 -0500] "GET /BLA/boletinlegal/js/jquery.scrollShow.js HTTP/1.1" 200 4586
186.155.227.156 - - [21/Apr/2022:16:22:09 -0500] "GET /galeria/galeria/jquery.fancybox.js?v=2.1.5 HTTP/1.1" 200 48706
200.118.16.168 - - [21/Apr/2022:16:22:13 -0500] "GET /colombia-en-la-cima-un-vistazo-a-los-ecosistemas-de-superparamo-a-traves-de-los-ojos-del-fotografo-cesar-david-martinez.html HTTP/1.1" 200 1076
186.102.91.148 - - [21/Apr/2022:16:22:37 -0500] "GET /kwssiamovil/sm/acme/a?s=U2FsdGVkX1+zSQWqP0lzQ6UMA0fkvv3DIBP1a9e8k8QtQ5dtQtdLFD3euGTkB0IVpp4XTVK/qxJjAm7+RdK4qGz/hApAdRdZSrOSXuxpKPUkXlak07nJ8vjYIFps85LzSfWBRqD9MtURoQPGJ44bvlsPXfQ1h8oZpzCcjjVLHollTUOJunrev3P1tBV+izd9tONcbYFdJyhqyufirg2LzYeFrRgSz6tClimvbsPL0L3rlMjCOHXONlYDOo16DtKZgGZcoT2tJJKZY88jNG7BSg==&u=U2FsdGVkX18SPjEQo65BnZovW15/RbyWktcYOUo+f0VM2Mf47FSu6iFqt7904Jhd&y=U2FsdGVkX18FjUCmxo14MdEgsMj5v8WL0X50MKZWVyPewAfP1BrWlFW1tWkA4SA+ HTTP/1.1" 200 25
186.102.91.148 - - [21/Apr/2022:16:22:38 -0500] "GET /kwssiamovil/sm/acme/a?s=U2FsdGVkX19CFJI++55YGu5ItW2YJL4XYflu7TPw05nv96dCFlv7ZJrH0CW7uGznHNuD0STiOxP5XJX9i1k9an7wIqJlbRNTorEcuzxkEa9iJo7rsdXKBAVUC7ZCIGqW6MQcQFJ3eZHdhG45q/Tm2dls1ysgX0NCAZ4J7b/ptwXz4yzviYuYUgZ0OpGmWNDurcd7JwiXse3VhlDmjlafltuh1LGG1/0f2WnITKW0SJUyOZXgnRw0xiof1A2Ay1l4LWeyOr5nkbC5tiaAEn2wZVj257W1LlO63uHdyHNkz+gpeBOz2Na69kwhYGLMoAQslQpDtss+Bt7fWrUyrbCraaNJA2nkGwFATGVS7ZVqjkScFx9ejQA4t6YMmBQ0jLKSuxFePXm4F/KmJC79cdkwule9X0DmtMz8COJNDOboEBu68Jh1MGv8B27+NgFBQHJ2IPJkApTy+THAp9Jqg+hyY9Vv6OfZadwWD3mYCN77OuqvmJ/KjA3GZxvYwwNrtvjWTGwZE9s/VUP4LHzwi4gbiEfADZE5jvtQHYjds2GcA+SyLgCu5nZ2tJOKGh8SwjFEden2EcLfIkDsxabz0cQaG37BqG7AVtREDZgoIYtviNz3E9j6ub1+du/pn7ae2XnB5JHbgVnowIlKOOJfupU1/kcXKBa8ft1a/qGFVKeesbbasjOyYRJZyPV8mCD4ZxIrVPbV8J466bCGIcun6tcQ+5VeBB7u3g6uU4jVHG2IhLxocSCrpKN79AIMK9Eem8y1EKSzEhwX5aBGZNpLP0+csbVs9uzDGvg64getT52nOVJz4LOCwME8x4wAPQFWOkmpY2A1jqFr4eysqIHBW9VitvZDbh/ZEz8qUJx6daMdb43FBuiVEcKagiHLhfqdIoXcV2ZO2/e+IVKgkkpAwSjbM09kfM6YDPOHnzVZCryL0sVu0hCSrqrc2Piz9UXN7Vaj9cPZgFC6nPXRaD60fkrAqeHHIcz1OEopkBBip31/0p1Z//bzgoOmF9v+j1Ar8uA1gH5n2yvVQ+gatoEX+pq/zd2ZZ3l+AFyr6FjAeN9jRVzolX2IW9E0vhDrxyrg5GyjLKFoSccWCAvZhqyvZcQEgmv7EcrYKKw9VWGWbdqI8CK+mqPrhHeFNtOKDFP3EhLMu1bolSZm0QHgTpJpn2SPBhhn1dGgH21GkJaU4vxowaY=&u=U2FsdGVkX18SPjEQo65BnZovW15/RbyWktcYOUo+f0VM2Mf47FSu6iFqt7904Jhd&y=U2FsdGVkX18FjUCmxo14MdEgsMj5v8WL0X50MKZWVyPewAfP1BrWlFW1tWkA4SA+ HTTP/1.1" 200 25
186.102.91.148 - - [21/Apr/2022:16:22:38 -0500] "GET /kwssiamovil/sm/acme/a?s=U2FsdGVkX193kNnQr7gnX8z1RQeiIs4mf0eeDdc6tjI7ajGdI5UiXxQemb0dMbQAYN2ARN2s33kWsVlnR72NjwGEW7pHLdJTlTTkmyhhpt4RqLMsnFGVL6U4NRq7+O2NZIlEMODMYNBIPgF2ReAOmp3Tu4s56NyXZqNsEVyI61k=&u=U2FsdGVkX18SPjEQo65BnZovW15/RbyWktcYOUo+f0VM2Mf47FSu6iFqt7904Jhd&y=U2FsdGVkX18FjUCmxo14MdEgsMj5v8WL0X50MKZWVyPewAfP1BrWlFW1tWkA4SA+ HTTP/1.1" 200 25
186.102.91.148 - - [21/Apr/2022:16:22:38 -0500] "GET /kwssiamovil/sm/acme/a?s=U2FsdGVkX199DH1HiHridayuRzHc+qCZ7EewiTTzMsHHQD4o3RhURS6jvhMLuIL3fOIn+EkWdAZj1iyGuiL6U/RVHSj3Up/ndn7qBhvnmHS0zsr0UBoi008q3YKygbdQsGa9Lx/DlocFYhDKhErTzGdEGxCQ0GaimXreLB/kNDA=&u=U2FsdGVkX18SPjEQo65BnZovW15/RbyWktcYOUo+f0VM2Mf47FSu6iFqt7904Jhd&y=U2FsdGVkX18FjUCmxo14MdEgsMj5v8WL0X50MKZWVyPewAfP1BrWlFW1tWkA4SA+ HTTP/1.1" 200 25
186.102.91.148 - - [21/Apr/2022:16:22:39 -0500] "GET /kwssiamovil/sm/acme/a?s=U2FsdGVkX1+zGczEcAISdSASLF7fTQUMuzMFZRDCkTulmtGSFXRPJQjv6WpreJKVK+6t5+xUA9QxNcjMHe34jQfwYI5WXGZS+sdWQs0yqkfxcXNe0iG1P4VlRB/HG1Pfquy6FlCxqGAZopsVDXYsc92WcF6UM/VQjvuz3MyW78g=&u=U2FsdGVkX18SPjEQo65BnZovW15/RbyWktcYOUo+f0VM2Mf47FSu6iFqt7904Jhd&y=U2FsdGVkX18FjUCmxo14MdEgsMj5v8WL0X50MKZWVyPewAfP1BrWlFW1tWkA4SA+ HTTP/1.1" 200 25
186.102.91.148 - - [21/Apr/2022:16:22:39 -0500] "GET /kwssiamovil/sm/acme/a?s=U2FsdGVkX19tFSFyHKfL7I3IeNABVcgMeuD/Bfo7TSDo9C3vYjURGT1zlDiNX25Pi2zo+jzVVr3/NItUrQ3kuB1FKi2usM8vF3RwBUMCy8HQYj/0LVY08Eq/CK5AhlSGp7nPV4iph/ybCOCfKfPp+dLEl2cpoHMN1tRg5NT1rWSSMFBSjbSIfGL23xaMR4q6xEuAs6bZs2qSddUtuUgjeg==&u=U2FsdGVkX18SPjEQo65BnZovW15/RbyWktcYOUo+f0VM2Mf47FSu6iFqt7904Jhd&y=U2FsdGVkX18FjUCmxo14MdEgsMj5v8WL0X50MKZWVyPewAfP1BrWlFW1tWkA4SA+ HTTP/1.1" 200 25
200.118.64.109 - - [21/Apr/2022:16:22:56 -0500] "POST /forms/lservlet;jsessionid=ac16012b30d6f13362d362bd4175bc0f8904ef88e416.e3iSbxaKaheRe34Pbx8NbNySbx10n6jAmljGr5XDqQLvpAe HTTP/1.1" 200 2
216.245.221.92 - - [21/Apr/2022:16:23:01 -0500] "HEAD / HTTP/1.1" 200 -
201.245.192.253 - - [21/Apr/2022:16:22:18 -0500] "POST /kwsrmcab/Wsrmcab HTTP/1.1" 200 44979
181.237.28.198 - - [21/Apr/2022:16:23:38 -0500] "GET /catalogoisis/ HTTP/1.1" 200 8575
181.237.28.198 - - [21/Apr/2022:16:23:39 -0500] "GET /catalogoisis/Js/Remote.js HTTP/1.1" 200 436
181.237.28.198 - - [21/Apr/2022:16:23:39 -0500] "GET /catalogoisis/Css/Busqueda.css HTTP/1.1" 200 1995
181.237.28.198 - - [21/Apr/2022:16:23:39 -0500] "GET /catalogoisis/Js/AceptarLimpiar.js HTTP/1.1" 200 331
181.237.28.198 - - [21/Apr/2022:16:23:39 -0500] "GET /catalogoisis/Js/CriterioCombinada.js HTTP/1.1" 200 1843
181.237.28.198 - - [21/Apr/2022:16:23:39 -0500] "GET /catalogoisis/Js/LimpiarCombinada.js HTTP/1.1" 200 207
181.237.28.198 - - [21/Apr/2022:16:23:39 -0500] "GET /catalogoisis/Js/Cookies.js HTTP/1.1" 200 1369
181.237.28.198 - - [21/Apr/2022:16:23:39 -0500] "GET /catalogoisis/Js/Go.js HTTP/1.1" 200 364
181.237.28.198 - - [21/Apr/2022:16:23:39 -0500] "GET /catalogoisis/Js/Numero.js HTTP/1.1" 200 398
181.237.28.198 - - [21/Apr/2022:16:23:39 -0500] "GET /catalogoisis/Js/Enter.js HTTP/1.1" 200 1208
181.237.28.198 - - [21/Apr/2022:16:23:39 -0500] "GET /catalogoisis/imagenes/br1c1.gif HTTP/1.1" 200 172
181.237.28.198 - - [21/Apr/2022:16:23:39 -0500] "GET /catalogoisis/imagenes/br1c3.gif HTTP/1.1" 200 302
181.237.28.198 - - [21/Apr/2022:16:23:39 -0500] "GET /catalogoisis/imagenes/aceptar1.gif HTTP/1.1" 200 604
181.237.28.198 - - [21/Apr/2022:16:23:39 -0500] "GET /catalogoisis/imagenes/limpiar1.gif HTTP/1.1" 200 606
181.237.28.198 - - [21/Apr/2022:16:23:39 -0500] "GET /catalogoisis/imagenes/Turnbo1.gif HTTP/1.1" 200 227
181.237.28.198 - - [21/Apr/2022:16:23:39 -0500] "GET /catalogoisis/imagenes/Header.gif HTTP/1.1" 200 30313
181.237.28.198 - - [21/Apr/2022:16:23:39 -0500] "GET /catalogoisis/imagenes/br3c1.gif HTTP/1.1" 200 177
181.237.28.198 - - [21/Apr/2022:16:23:39 -0500] "GET /catalogoisis/imagenes/br1c2.gif HTTP/1.1" 200 297
181.237.28.198 - - [21/Apr/2022:16:23:39 -0500] "GET /catalogoisis/imagenes/br3c3.gif HTTP/1.1" 200 186
181.237.28.198 - - [21/Apr/2022:16:23:39 -0500] "GET /catalogoisis/imagenes/br3c2.gif HTTP/1.1" 200 285
181.237.28.198 - - [21/Apr/2022:16:23:39 -0500] "GET /catalogoisis/imagenes/br2c1.gif HTTP/1.1" 200 297
181.237.28.198 - - [21/Apr/2022:16:23:39 -0500] "GET /catalogoisis/imagenes/br2c2.gif HTTP/1.1" 200 302
181.237.28.198 - - [21/Apr/2022:16:23:40 -0500] "GET /catalogoisis/imagenes/br2c3.gif HTTP/1.1" 200 416
181.237.28.198 - - [21/Apr/2022:16:23:40 -0500] "GET /favicon.ico HTTP/1.1" 200 7782
172.22.2.4 - - [21/Apr/2022:16:22:00 -0500] "HEAD /BLA/boletinlegal/ HTTP/1.1" 200 -
49.7.21.73 - - [21/Apr/2022:16:23:44 -0500] "-" 408 -
201.245.192.253 - - [21/Apr/2022:16:23:03 -0500] "POST /kwsrmcab/Wsrmcab HTTP/1.1" 200 46268
191.156.56.254 - - [21/Apr/2022:16:23:58 -0500] "GET /dia-internacional-de-la-tierra-actividades-para-celebrar-esta-fecha-en-bogota.html HTTP/1.1" 200 879
40.77.188.42 - - [21/Apr/2022:16:24:17 -0500] "GET /galeria/nivo-slider/themes/default/default.css HTTP/1.1" 200 1569
40.77.188.42 - - [21/Apr/2022:16:24:17 -0500] "GET /galeria/nivo-slider/themes/pascal/pascal.css HTTP/1.1" 200 2258
40.77.188.42 - - [21/Apr/2022:16:24:17 -0500] "GET /galeria/nivo-slider/nivo-slider.css HTTP/1.1" 200 1507
40.77.188.42 - - [21/Apr/2022:16:24:17 -0500] "GET /galeria/nivo-slider/themes/orman/orman.css HTTP/1.1" 200 2152
40.77.188.42 - - [21/Apr/2022:16:24:17 -0500] "GET /galeria/nivo-slider/demo/style.css HTTP/1.1" 200 2222
40.77.188.42 - - [21/Apr/2022:16:24:17 -0500] "GET /galeria/nivo-slider/demo/scripts/jquery-1.7.1.min.js HTTP/1.1" 200 93868
40.77.188.42 - - [21/Apr/2022:16:24:17 -0500] "GET /galeria/nivo-slider/jquery.nivo.slider.pack.js HTTP/1.1" 200 11561
172.22.2.4 - - [21/Apr/2022:16:24:25 -0500] "GET /BLA/boletinlegal/robots.txt HTTP/1.1" 404 1038
172.22.2.4 - - [21/Apr/2022:16:24:25 -0500] "GET /BLA/boletinlegal/jurisprudencia/analisis/AnalisisT-095-16.docx HTTP/1.1" 304 -
172.22.2.4 - - [21/Apr/2022:16:22:50 -0500] "GET /BLA/boletinlegal/ HTTP/1.1" 200 59170
172.22.2.4 - - [21/Apr/2022:16:24:46 -0500] "GET /BLA/boletinlegal/actos.php HTTP/1.1" 200 9559
200.118.64.109 - - [21/Apr/2022:16:24:56 -0500] "POST /forms/lservlet;jsessionid=ac16012b30d6f13362d362bd4175bc0f8904ef88e416.e3iSbxaKaheRe34Pbx8NbNySbx10n6jAmljGr5XDqQLvpAe HTTP/1.1" 200 2
172.22.2.4 - - [21/Apr/2022:16:25:04 -0500] "GET /BLA/boletinlegal/consulta_actos.php?tipo=autos&no=1476&usuario=&sector=&fecha=2012&resuelve= HTTP/1.1" 200 626
172.22.2.4 - - [21/Apr/2022:16:25:11 -0500] "GET /BLA/boletinlegal/consulta_actos.php?tipo=autos&no=1476&usuario=&sector=&fecha=2012&resuelve= HTTP/1.1" 200 626
172.22.2.4 - - [21/Apr/2022:16:25:20 -0500] "GET /BLA/boletinlegal/actos.php HTTP/1.1" 200 9559
172.22.2.4 - - [21/Apr/2022:16:25:25 -0500] "GET /BLA/boletinlegal/consulta_actos.php?tipo=autos&no=6639&usuario=&sector=&fecha=2010&resuelve= HTTP/1.1" 200 1072
201.245.192.253 - - [21/Apr/2022:16:25:27 -0500] "GET /BLA/resoluciones/AUTOS%202010/6639.pdf HTTP/1.1" 200 149335
172.22.2.4 - - [21/Apr/2022:16:25:57 -0500] "GET /BLA/boletinlegal/consulta_actos.php?tipo=autos&no=6625&usuario=&sector=&fecha=2010&resuelve= HTTP/1.1" 200 1079
186.80.52.106 - - [21/Apr/2022:16:25:57 -0500] "GET /puente-aranda-recibe-este-fin-de-semana-la-feria-de-servicios.html?fbclid=IwAR1U99HcfkawQeVA4sd4J1OajZvRmfcJXsjIOioNwGBTiecRVMbHP-4MSug HTTP/1.1" 200 855
172.22.2.4 - - [21/Apr/2022:16:25:18 -0500] "GET /BLA/boletinlegal/ HTTP/1.1" 200 24523
201.245.192.253 - - [21/Apr/2022:16:25:58 -0500] "GET /BLA/resoluciones/AUTOS%202010/6625.pdf HTTP/1.1" 200 1761408
172.22.2.4 - - [21/Apr/2022:16:24:40 -0500] "GET /BLA/boletinlegal/ HTTP/1.1" 200 60105
199.59.150.180 - - [21/Apr/2022:16:26:38 -0500] "GET /documents/10184/2325415/pieza-concurso-buenas-practicas-20-septiembre.jpg HTTP/1.1" 404 1030
200.118.64.109 - - [21/Apr/2022:16:26:57 -0500] "POST /forms/lservlet;jsessionid=ac16012b30d6f13362d362bd4175bc0f8904ef88e416.e3iSbxaKaheRe34Pbx8NbNySbx10n6jAmljGr5XDqQLvpAe HTTP/1.1" 200 2
69.171.249.9 - - [21/Apr/2022:16:26:57 -0500] "GET /puente-aranda-recibe-este-fin-de-semana-la-feria-de-servicios.html HTTP/1.1" 206 855
79.110.73.208 - - [21/Apr/2022:16:27:19 -0500] "GET /BLA/resoluciones/AUTOS%202017/3398.pdf HTTP/1.1" 200 276230
172.22.2.4 - - [21/Apr/2022:16:27:49 -0500] "GET /BLA/boletinlegal/consulta_actos.php?tipo=autos&no=1730&usuario=&sector=&fecha=2011&resuelve= HTTP/1.1" 200 1083
201.245.192.253 - - [21/Apr/2022:16:27:50 -0500] "GET /BLA/resoluciones/AUTOS%202011/1730.pdf HTTP/1.1" 200 136715
216.245.221.92 - - [21/Apr/2022:16:28:01 -0500] "HEAD / HTTP/1.1" 200 -
31.13.115.7 - - [21/Apr/2022:16:28:05 -0500] "GET /puente-aranda-recibe-este-fin-de-semana-la-feria-de-servicios.html?fbclid=IwAR2XTPOZ_Nd7ba_Z8_jAc5H6WA6PA6rQTqxzb8c6iuj7DvvkJDdzmeHiKfA HTTP/1.1" 200 855
172.22.2.4 - - [21/Apr/2022:16:28:25 -0500] "GET /BLA/boletinlegal/consulta_actos.php?tipo=autos&no=2724&usuario=&sector=&fecha=2011&resuelve= HTTP/1.1" 200 1121
201.245.192.253 - - [21/Apr/2022:16:28:26 -0500] "GET /BLA/resoluciones/AUTOS%202011/2724.pdf HTTP/1.1" 200 134093
190.2.212.237 - - [21/Apr/2022:16:28:31 -0500] "GET /dia-internacional-de-la-tierra-actividades-para-celebrar-esta-fecha-en-bogota.html HTTP/1.1" 200 879
200.118.64.109 - - [21/Apr/2022:16:28:57 -0500] "POST /forms/lservlet;jsessionid=ac16012b30d6f13362d362bd4175bc0f8904ef88e416.e3iSbxaKaheRe34Pbx8NbNySbx10n6jAmljGr5XDqQLvpAe HTTP/1.1" 200 2
89.248.165.52 - - [21/Apr/2022:16:29:27 -0500] "CONNECT 85.206.160.115:80 HTTP/1.1" 405 942
172.22.2.4 - - [21/Apr/2022:16:27:51 -0500] "HEAD /BLA/boletinlegal/ HTTP/1.1" 200 -
201.245.192.253 - - [21/Apr/2022:16:30:12 -0500] "GET /BLA/resoluciones/index.php?dir=RESOLUCIONES+2020%2F HTTP/1.1" 200 160212
201.245.192.253 - - [21/Apr/2022:16:30:16 -0500] "GET /BLA/resoluciones/index.php?dir=RESOLUCIONES+2021%2F HTTP/1.1" 200 322945
172.22.2.4 - - [21/Apr/2022:16:28:41 -0500] "GET /BLA/boletinlegal/ HTTP/1.1" 200 57542
201.245.192.253 - - [21/Apr/2022:16:30:24 -0500] "GET /BLA/resoluciones/RESOLUCIONES%202021/0013.pdf HTTP/1.1" 200 487218
172.22.2.4 - - [21/Apr/2022:16:30:43 -0500] "POST /BLA/boletinlegal/admin/actos/ingresar.php HTTP/1.1" 200 7236
172.22.2.4 - - [21/Apr/2022:16:30:44 -0500] "GET /BLA/boletinlegal/actos.php HTTP/1.1" 200 9559
172.22.2.4 - - [21/Apr/2022:16:30:47 -0500] "GET /BLA/boletinlegal/consulta_actos.php?tipo=resoluciones&no=&usuario=&sector=&fecha=2022&resuelve= HTTP/1.1" 200 44974
200.118.64.109 - - [21/Apr/2022:16:30:57 -0500] "POST /forms/lservlet;jsessionid=ac16012b30d6f13362d362bd4175bc0f8904ef88e416.e3iSbxaKaheRe34Pbx8NbNySbx10n6jAmljGr5XDqQLvpAe HTTP/1.1" 200 2
40.77.167.100 - - [21/Apr/2022:16:31:20 -0500] "-" 408 -
172.22.2.4 - - [21/Apr/2022:16:32:26 -0500] "GET /BLA/boletinlegal/images/bg_top.jpg HTTP/1.1" 200 522
172.22.2.4 - - [21/Apr/2022:16:32:26 -0500] "GET /BLA/boletinlegal/images/menu_bg.jpg HTTP/1.1" 200 620
172.22.2.4 - - [21/Apr/2022:16:32:26 -0500] "GET /BLA/boletinlegal/images/hover.jpg HTTP/1.1" 200 640
172.22.2.4 - - [21/Apr/2022:16:32:26 -0500] "GET /BLA/boletinlegal/images/text.jpg HTTP/1.1" 200 568
172.22.2.4 - - [21/Apr/2022:16:32:26 -0500] "GET /BLA/boletinlegal/images/footer_bg.jpg HTTP/1.1" 200 586
66.220.149.23 - - [21/Apr/2022:16:32:40 -0500] "GET /puente-aranda-recibe-este-fin-de-semana-la-feria-de-servicios.html?fbclid=IwAR3oZhVbWwOWcYbaC4K2VME5OZoYGqEWV63D1mc3ff0Iddlx-7hOiWXytgw HTTP/1.1" 200 855
200.118.64.109 - - [21/Apr/2022:16:32:57 -0500] "POST /forms/lservlet;jsessionid=ac16012b30d6f13362d362bd4175bc0f8904ef88e416.e3iSbxaKaheRe34Pbx8NbNySbx10n6jAmljGr5XDqQLvpAe HTTP/1.1" 200 2
