207.46.13.186 - - [21/Apr/2022:19:11:32 -0500] "GET /portaldeninos/wp-content/themes/betheme/assets/animations/animations.min.js?ver=20.9.6 HTTP/1.1" 200 1896
40.77.167.7 - - [21/Apr/2022:19:11:33 -0500] "GET /portaldeninos/wp-content/themes/betheme/assets/animations/animations.min.css?ver=20.9.6 HTTP/1.1" 200 58508
157.55.39.211 - - [21/Apr/2022:19:11:34 -0500] "GET /portaldeninos/wp-content/themes/betheme/assets/jplayer/jplayer.min.js?ver=20.9.6 HTTP/1.1" 200 52702
40.77.167.7 - - [21/Apr/2022:19:11:35 -0500] "GET /portaldeninos/wp-includes/js/jquery/ui/accordion.min.js?ver=1.11.4 HTTP/1.1" 200 8584
207.46.13.161 - - [21/Apr/2022:19:11:35 -0500] "GET /portaldeninos/wp-content/plugins/gallery-videos/CSS/totalsoft.css?ver=4.9.8 HTTP/1.1" 200 40622
207.46.13.186 - - [21/Apr/2022:19:11:35 -0500] "GET /portaldeninos/wp-content/themes/betheme/css/shortcodes.css?ver=20.9.6 HTTP/1.1" 200 138889
157.55.39.211 - - [21/Apr/2022:19:11:37 -0500] "GET /portaldeninos/wp-content/themes/betheme/js/plugins.js?ver=20.9.6 HTTP/1.1" 200 197151
207.46.13.161 - - [21/Apr/2022:19:11:38 -0500] "GET /portaldeninos/wp-content/themes/betheme/assets/ui/jquery.ui.all.css?ver=20.9.6 HTTP/1.1" 200 18765
207.46.13.186 - - [21/Apr/2022:19:11:38 -0500] "GET /portaldeninos/wp-content/themes/betheme/style.css?ver=20.9.6 HTTP/1.1" 200 287
40.77.167.7 - - [21/Apr/2022:19:11:38 -0500] "GET /portaldeninos/wp-includes/js/wp-embed.min.js?ver=4.9.8 HTTP/1.1" 200 1398
157.55.39.211 - - [21/Apr/2022:19:11:40 -0500] "GET /portaldeninos/wp-includes/js/jquery/ui/sortable.min.js?ver=1.11.4 HTTP/1.1" 200 24899
207.46.13.186 - - [21/Apr/2022:19:11:41 -0500] "GET /portaldeninos/wp-includes/js/jquery/ui/core.min.js?ver=1.11.4 HTTP/1.1" 200 4000
207.46.13.161 - - [21/Apr/2022:19:11:41 -0500] "GET /portaldeninos/wp-content/themes/betheme/css/layout.css?ver=20.9.6 HTTP/1.1" 200 116639
207.46.13.64 - - [21/Apr/2022:19:11:42 -0500] "GET /portaldeninos/wp-content/themes/betheme/js/menu.js?ver=20.9.6 HTTP/1.1" 200 2449
157.55.39.211 - - [21/Apr/2022:19:11:43 -0500] "GET /portaldeninos/wp-includes/js/wp-emoji-release.min.js?ver=4.9.8 HTTP/1.1" 200 12026
207.46.13.161 - - [21/Apr/2022:19:11:44 -0500] "GET /portaldeninos/wp-content/themes/betheme/js/scripts.js?ver=20.9.6 HTTP/1.1" 200 77162
207.46.13.64 - - [21/Apr/2022:19:11:45 -0500] "GET /portaldeninos/wp-includes/js/jquery/ui/mouse.min.js?ver=1.11.4 HTTP/1.1" 200 3148
207.46.13.161 - - [21/Apr/2022:19:11:47 -0500] "GET /portaldeninos/wp-content/uploads/useanyfont/uaf.css?ver=1589905315 HTTP/1.1" 200 408
207.46.13.194 - - [21/Apr/2022:19:11:47 -0500] "GET /portaldeninos/wp-content/plugins/gallery-videos/CSS/Total-Soft-Gallery-Video-Widget.css?ver=4.9.8 HTTP/1.1" 200 51554
207.46.13.64 - - [21/Apr/2022:19:11:48 -0500] "GET /portaldeninos/wp-includes/js/jquery/ui/tabs.min.js?ver=1.11.4 HTTP/1.1" 200 12110
207.46.13.194 - - [21/Apr/2022:19:11:50 -0500] "GET /portaldeninos/wp-content/plugins/gallery-videos/JS/modernizr.custom.js?ver=4.9.8 HTTP/1.1" 200 9019
207.46.13.161 - - [21/Apr/2022:19:11:50 -0500] "GET /portaldeninos/wp-includes/js/jquery/jquery.js?ver=1.12.4 HTTP/1.1" 200 97184
207.46.13.64 - - [21/Apr/2022:19:11:51 -0500] "GET /portaldeninos/wp-includes/js/jquery/ui/widget.min.js?ver=1.11.4 HTTP/1.1" 200 6908
207.46.13.194 - - [21/Apr/2022:19:11:53 -0500] "GET /portaldeninos/wp-content/themes/betheme/assets/jplayer/css/jplayer.blue.monday.css?ver=20.9.6 HTTP/1.1" 200 9834
207.46.13.194 - - [21/Apr/2022:19:11:56 -0500] "GET /portaldeninos/wp-content/themes/betheme/css/base.css?ver=20.9.6 HTTP/1.1" 200 57283
207.46.13.194 - - [21/Apr/2022:19:12:00 -0500] "GET /portaldeninos/wp-content/themes/betheme/css/responsive.css?ver=20.9.6 HTTP/1.1" 200 55740
207.46.13.194 - - [21/Apr/2022:19:12:02 -0500] "GET /portaldeninos/wp-includes/js/comment-reply.min.js?ver=4.9.8 HTTP/1.1" 200 1078
207.46.13.194 - - [21/Apr/2022:19:12:05 -0500] "GET /portaldeninos/wp-includes/js/jquery/jquery-migrate.min.js?ver=1.4.1 HTTP/1.1" 200 10056
49.7.21.73 - - [21/Apr/2022:19:12:25 -0500] "-" 408 -
172.22.2.4 - - [21/Apr/2022:19:11:10 -0500] "HEAD /BLA/boletinlegal/ HTTP/1.1" 200 -
216.245.221.92 - - [21/Apr/2022:19:13:00 -0500] "HEAD / HTTP/1.1" 200 -
200.118.64.109 - - [21/Apr/2022:19:13:10 -0500] "POST /forms/lservlet;jsessionid=ac16012b30d6f13362d362bd4175bc0f8904ef88e416.e3iSbxaKaheRe34Pbx8NbNySbx10n6jAmljGr5XDqQLvpAe HTTP/1.1" 200 2
172.22.2.4 - - [21/Apr/2022:19:12:01 -0500] "GET /BLA/boletinlegal/ HTTP/1.1" 200 60932
186.154.24.21 - - [21/Apr/2022:19:14:36 -0500] "GET /BLA/resoluciones/AUTOS%202022/1001.pdf HTTP/1.1" 200 419682
200.118.64.109 - - [21/Apr/2022:19:15:10 -0500] "POST /forms/lservlet;jsessionid=ac16012b30d6f13362d362bd4175bc0f8904ef88e416.e3iSbxaKaheRe34Pbx8NbNySbx10n6jAmljGr5XDqQLvpAe HTTP/1.1" 200 2
31.13.127.30 - - [21/Apr/2022:19:16:17 -0500] "GET /images/Bolsaroja.jpeg HTTP/1.1" 200 63719
31.13.127.12 - - [21/Apr/2022:19:16:25 -0500] "GET /images/zapatos-negocios-8-abril.jpg HTTP/1.1" 200 25964
69.63.184.5 - - [21/Apr/2022:19:16:29 -0500] "GET /images/feria-servicios-cuidamos-bogota-31-marzo.jpg HTTP/1.1" 200 109745
200.118.64.109 - - [21/Apr/2022:19:17:10 -0500] "POST /forms/lservlet;jsessionid=ac16012b30d6f13362d362bd4175bc0f8904ef88e416.e3iSbxaKaheRe34Pbx8NbNySbx10n6jAmljGr5XDqQLvpAe HTTP/1.1" 200 2
66.249.65.13 - - [21/Apr/2022:19:17:12 -0500] "-" 408 -
217.182.175.162 - - [21/Apr/2022:19:17:19 -0500] "HEAD /dia-internacional-de-la-tierra-actividades-para-celebrar-esta-fecha-en-bogota.html HTTP/1.1" 200 -
217.182.175.162 - - [21/Apr/2022:19:17:19 -0500] "HEAD /puente-aranda-recibe-este-fin-de-semana-la-feria-de-servicios.html HTTP/1.1" 200 -
217.182.175.162 - - [21/Apr/2022:19:17:19 -0500] "HEAD /colombia-en-la-cima-un-vistazo-a-los-ecosistemas-de-superparamo-a-traves-de-los-ojos-del-fotografo-cesar-david-martinez.html HTTP/1.1" 200 -
216.245.221.92 - - [21/Apr/2022:19:18:00 -0500] "HEAD / HTTP/1.1" 200 -
172.22.2.4 - - [21/Apr/2022:19:18:32 -0500] "GET /BLA/boletinlegal/.DS_Store HTTP/1.1" 404 1018
172.22.2.4 - - [21/Apr/2022:19:18:33 -0500] "GET /BLA/boletinlegal/.env HTTP/1.1" 404 1018
172.22.2.4 - - [21/Apr/2022:19:18:34 -0500] "GET /BLA/boletinlegal/telescope/requests HTTP/1.1" 404 1018
172.22.2.4 - - [21/Apr/2022:19:18:34 -0500] "GET /BLA/boletinlegal/info.php HTTP/1.1" 404 1018
172.22.2.4 - - [21/Apr/2022:19:18:35 -0500] "GET /BLA/boletinlegal/s/lkx/_/;/META-INF/maven/com.atlassian.jira/jira-webapp-dist/pom.properties HTTP/1.1" 404 1018
172.22.2.4 - - [21/Apr/2022:19:18:37 -0500] "GET /BLA/boletinlegal/.git/config HTTP/1.1" 404 1018
172.22.2.4 - - [21/Apr/2022:19:18:37 -0500] "GET /BLA/boletinlegal/idx_config/ HTTP/1.1" 404 1018
172.22.2.4 - - [21/Apr/2022:19:18:38 -0500] "GET /BLA/boletinlegal/.json HTTP/1.1" 404 1018
172.22.2.4 - - [21/Apr/2022:19:18:39 -0500] "GET /BLA/boletinlegal/login.action HTTP/1.1" 404 1018
172.22.2.4 - - [21/Apr/2022:19:18:40 -0500] "GET /BLA/boletinlegal/api/geojson?url=file:///etc/hosts HTTP/1.1" 404 1018
172.22.2.4 - - [21/Apr/2022:19:18:40 -0500] "GET /BLA/boletinlegal/config.json HTTP/1.1" 404 1018
172.22.2.4 - - [21/Apr/2022:19:17:00 -0500] "HEAD /BLA/boletinlegal/ HTTP/1.1" 200 -
172.22.2.4 - - [21/Apr/2022:19:18:28 -0500] "GET /BLA/boletinlegal/ HTTP/1.1" 200 20427
200.118.64.109 - - [21/Apr/2022:19:19:11 -0500] "POST /forms/lservlet;jsessionid=ac16012b30d6f13362d362bd4175bc0f8904ef88e416.e3iSbxaKaheRe34Pbx8NbNySbx10n6jAmljGr5XDqQLvpAe HTTP/1.1" 200 2
172.22.2.4 - - [21/Apr/2022:19:17:51 -0500] "GET /BLA/boletinlegal/ HTTP/1.1" 200 51365
191.156.62.158 - - [21/Apr/2022:19:21:06 -0500] "GET /galeria/galeria/jquery.fancybox.css?v=2.1.5 HTTP/1.1" 200 4895
191.156.53.251 - - [21/Apr/2022:19:21:06 -0500] "GET /BLA/boletinlegal/js/jquery.scrollShow.js HTTP/1.1" 200 4586
191.156.53.251 - - [21/Apr/2022:19:21:06 -0500] "GET /galeria/galeria/jquery.fancybox.js?v=2.1.5 HTTP/1.1" 200 48706
200.118.64.109 - - [21/Apr/2022:19:21:11 -0500] "POST /forms/lservlet;jsessionid=ac16012b30d6f13362d362bd4175bc0f8904ef88e416.e3iSbxaKaheRe34Pbx8NbNySbx10n6jAmljGr5XDqQLvpAe HTTP/1.1" 200 2
216.245.221.92 - - [21/Apr/2022:19:23:00 -0500] "HEAD / HTTP/1.1" 200 -
201.245.192.253 - - [21/Apr/2022:19:22:17 -0500] "POST /kwsrmcab/Wsrmcab HTTP/1.1" 200 45153
200.118.64.109 - - [21/Apr/2022:19:23:11 -0500] "POST /forms/lservlet;jsessionid=ac16012b30d6f13362d362bd4175bc0f8904ef88e416.e3iSbxaKaheRe34Pbx8NbNySbx10n6jAmljGr5XDqQLvpAe HTTP/1.1" 200 2
172.22.2.4 - - [21/Apr/2022:19:23:23 -0500] "GET /BLA/boletinlegal/jurisprudencia/analisis/AnalisisT-095-16.docx HTTP/1.1" 200 20284
201.245.192.253 - - [21/Apr/2022:19:23:03 -0500] "POST /kwsrmcab/Wsrmcab HTTP/1.1" 200 46120
172.22.2.4 - - [21/Apr/2022:19:22:50 -0500] "HEAD /BLA/boletinlegal/ HTTP/1.1" 200 -
172.22.2.4 - - [21/Apr/2022:19:24:50 -0500] "GET /BLA/boletinlegal/actos.php HTTP/1.1" 200 9559
172.22.2.4 - - [21/Apr/2022:19:24:51 -0500] "GET /BLA/boletinlegal/favicon.ico HTTP/1.1" 404 1326
172.22.2.4 - - [21/Apr/2022:19:25:11 -0500] "GET /BLA/boletinlegal/consulta_actos.php?tipo=autos&no=3111&usuario=&sector=&fecha=2019&resuelve= HTTP/1.1" 200 1347
200.118.64.109 - - [21/Apr/2022:19:25:11 -0500] "POST /forms/lservlet;jsessionid=ac16012b30d6f13362d362bd4175bc0f8904ef88e416.e3iSbxaKaheRe34Pbx8NbNySbx10n6jAmljGr5XDqQLvpAe HTTP/1.1" 200 2
172.22.2.4 - - [21/Apr/2022:19:23:41 -0500] "GET /BLA/boletinlegal/ HTTP/1.1" 200 52081
172.22.2.4 - - [21/Apr/2022:19:25:21 -0500] "GET /BLA/boletinlegal/consulta_actos.php?tipo=resoluciones&no=3111&usuario=&sector=&fecha=2019&resuelve= HTTP/1.1" 200 1155
190.158.204.116 - - [21/Apr/2022:19:25:24 -0500] "GET /BLA/resoluciones/RESOLUCIONES%202019/3111.pdf HTTP/1.1" 200 583489
172.22.2.4 - - [21/Apr/2022:19:24:41 -0500] "GET /BLA/boletinlegal/ HTTP/1.1" 200 32715
207.46.13.199 - - [21/Apr/2022:19:25:44 -0500] "GET /bla/resoluciones/resoluciones%202021/2581.pdf HTTP/1.1" 200 375176
172.22.2.4 - - [21/Apr/2022:19:24:47 -0500] "GET /BLA/boletinlegal/ HTTP/1.1" 200 58006
200.118.64.109 - - [21/Apr/2022:19:27:11 -0500] "POST /forms/lservlet;jsessionid=ac16012b30d6f13362d362bd4175bc0f8904ef88e416.e3iSbxaKaheRe34Pbx8NbNySbx10n6jAmljGr5XDqQLvpAe HTTP/1.1" 200 2
172.22.2.4 - - [21/Apr/2022:19:27:30 -0500] "GET /BLA/boletinlegal/vendor/phpunit/phpunit/src/Util/PHP/eval-stdin.php HTTP/1.1" 404 1038
172.22.2.4 - - [21/Apr/2022:19:27:31 -0500] "GET /BLA/boletinlegal/vendor/phpunit/phpunit/src/Util/PHP/evil.php HTTP/1.1" 404 1038
172.22.2.4 - - [21/Apr/2022:19:27:31 -0500] "GET /BLA/boletinlegal/app/vendor/phpunit/phpunit/src/Util/PHP/eval-stdin.php HTTP/1.1" 404 1038
172.22.2.4 - - [21/Apr/2022:19:27:32 -0500] "GET /BLA/boletinlegal/app/vendor/phpunit/phpunit/src/Util/PHP/evil.php HTTP/1.1" 404 1038
172.22.2.4 - - [21/Apr/2022:19:27:32 -0500] "GET /BLA/boletinlegal/.env HTTP/1.1" 404 1038
216.245.221.92 - - [21/Apr/2022:19:28:00 -0500] "HEAD / HTTP/1.1" 200 -
66.248.204.109 - - [21/Apr/2022:19:28:24 -0500] "GET /images/bogota-ciudad-pac28-enero.jpg HTTP/1.1" 200 42642
66.248.204.140 - - [21/Apr/2022:19:28:25 -0500] "GET /images/ecosistema-dia-internacional-tierra-21-abril.jpg HTTP/1.1" 200 30098
66.249.65.13 - - [21/Apr/2022:19:28:49 -0500] "-" 408 -
186.154.24.21 - - [21/Apr/2022:19:28:59 -0500] "GET /BLA/resoluciones/AUTOS%202022/0997.pdf HTTP/1.1" 200 489216
200.118.64.109 - - [21/Apr/2022:19:29:11 -0500] "POST /forms/lservlet;jsessionid=ac16012b30d6f13362d362bd4175bc0f8904ef88e416.e3iSbxaKaheRe34Pbx8NbNySbx10n6jAmljGr5XDqQLvpAe HTTP/1.1" 200 2
186.154.24.21 - - [21/Apr/2022:19:29:35 -0500] "GET /BLA/resoluciones/AUTOS%202022/0998.pdf HTTP/1.1" 200 443390
186.154.24.21 - - [21/Apr/2022:19:30:00 -0500] "GET /BLA/resoluciones/AUTOS%202022/0999.pdf HTTP/1.1" 200 466934
172.22.2.4 - - [21/Apr/2022:19:28:40 -0500] "HEAD /BLA/boletinlegal/ HTTP/1.1" 200 -
186.154.24.21 - - [21/Apr/2022:19:31:08 -0500] "GET /BLA/resoluciones/AUTOS%202022/1028.pdf HTTP/1.1" 200 390070
172.22.2.4 - - [21/Apr/2022:19:29:31 -0500] "GET /BLA/boletinlegal/ HTTP/1.1" 200 61416
200.118.64.109 - - [21/Apr/2022:19:31:11 -0500] "POST /forms/lservlet;jsessionid=ac16012b30d6f13362d362bd4175bc0f8904ef88e416.e3iSbxaKaheRe34Pbx8NbNySbx10n6jAmljGr5XDqQLvpAe HTTP/1.1" 200 2
172.22.2.4 - - [21/Apr/2022:19:31:34 -0500] "GET /BLA/boletinlegal/consulta_actos.php?tipo=autos&no=0111&usuario=&sector=&fecha=2013&resuelve= HTTP/1.1" 200 1029
35.204.243.89 - - [21/Apr/2022:19:32:07 -0500] "GET / HTTP/1.1" 200 319
216.245.221.92 - - [21/Apr/2022:19:33:00 -0500] "HEAD / HTTP/1.1" 200 -
201.245.192.253 - - [21/Apr/2022:19:32:17 -0500] "POST /kwsrmcab/Wsrmcab HTTP/1.1" 200 45153
190.27.51.233 - - [21/Apr/2022:19:33:09 -0500] "GET /BLA/resoluciones/RESOLUCIONES%202021/5262.pdf HTTP/1.1" 200 370932
190.27.51.233 - - [21/Apr/2022:19:33:10 -0500] "GET /favicon.ico HTTP/1.1" 200 7782
200.118.64.109 - - [21/Apr/2022:19:33:12 -0500] "POST /forms/lservlet;jsessionid=ac16012b30d6f13362d362bd4175bc0f8904ef88e416.e3iSbxaKaheRe34Pbx8NbNySbx10n6jAmljGr5XDqQLvpAe HTTP/1.1" 200 2
49.7.21.73 - - [21/Apr/2022:19:33:24 -0500] "-" 408 -
201.245.192.253 - - [21/Apr/2022:19:33:04 -0500] "POST /kwsrmcab/Wsrmcab HTTP/1.1" 200 46120
200.118.64.109 - - [21/Apr/2022:19:35:12 -0500] "POST /forms/lservlet;jsessionid=ac16012b30d6f13362d362bd4175bc0f8904ef88e416.e3iSbxaKaheRe34Pbx8NbNySbx10n6jAmljGr5XDqQLvpAe HTTP/1.1" 200 2
172.22.2.4 - - [21/Apr/2022:19:35:27 -0500] "GET /BLA/boletinlegal/jurisprudencia/analisis/AnalisisT-095-16.docx HTTP/1.1" 200 20284
66.249.65.13 - - [21/Apr/2022:19:36:08 -0500] "-" 408 -
172.22.2.4 - - [21/Apr/2022:19:34:30 -0500] "HEAD /BLA/boletinlegal/ HTTP/1.1" 200 -
172.22.2.4 - - [21/Apr/2022:19:35:22 -0500] "GET /BLA/boletinlegal/ HTTP/1.1" 200 49344
172.22.2.4 - - [21/Apr/2022:19:35:22 -0500] "GET /BLA/boletinlegal/ HTTP/1.1" 200 49344
172.22.2.4 - - [21/Apr/2022:19:37:07 -0500] "GET /BLA/boletinlegal/actos.php HTTP/1.1" 200 9559
172.22.2.4 - - [21/Apr/2022:19:37:08 -0500] "GET /BLA/boletinlegal/favicon.ico HTTP/1.1" 404 1326
200.118.64.109 - - [21/Apr/2022:19:37:12 -0500] "POST /forms/lservlet;jsessionid=ac16012b30d6f13362d362bd4175bc0f8904ef88e416.e3iSbxaKaheRe34Pbx8NbNySbx10n6jAmljGr5XDqQLvpAe HTTP/1.1" 200 2
172.22.2.4 - - [21/Apr/2022:19:37:32 -0500] "GET /BLA/boletinlegal/consulta_actos.php?tipo=resoluciones&no=1740&usuario=&sector=&fecha=2021&resuelve= HTTP/1.1" 200 1079
216.245.221.92 - - [21/Apr/2022:19:38:00 -0500] "HEAD / HTTP/1.1" 200 -
220.198.222.44 - - [21/Apr/2022:19:38:07 -0500] "POST /GponForm/diag_Form?images/ HTTP/1.1" 404 1013
40.77.139.113 - - [21/Apr/2022:19:38:48 -0500] "GET /portaldeninos/wp-content/themes/betheme/fonts/mfn-icons.woff?93978679 HTTP/1.1" 200 80932
172.22.2.4 - - [21/Apr/2022:19:39:05 -0500] "GET /BLA/boletinlegal/Circulares/2022/CIRCULAR%20No.%2000003%20DEL%2007%20DE%20MARZO%20DEL%202022.pdf HTTP/1.1" 404 1038
172.22.2.4 - - [21/Apr/2022:19:39:07 -0500] "GET /BLA/boletinlegal/Circulares/2021/CIRCULAR%20No.%2000009%20DEL%2001%20DE%20OCTUBRE%20DEL%202021.pdf HTTP/1.1" 200 320793
200.118.64.109 - - [21/Apr/2022:19:39:12 -0500] "POST /forms/lservlet;jsessionid=ac16012b30d6f13362d362bd4175bc0f8904ef88e416.e3iSbxaKaheRe34Pbx8NbNySbx10n6jAmljGr5XDqQLvpAe HTTP/1.1" 200 2
172.22.2.4 - - [21/Apr/2022:19:39:12 -0500] "GET /BLA/boletinlegal/Circulares/2021/CIRCULAR%20No.%2000007%20DEL%2010%20DE%20AGOSTO%20DEL%202021.pdf HTTP/1.1" 200 266364
172.22.2.4 - - [21/Apr/2022:19:39:17 -0500] "GET /BLA/boletinlegal/Circulares/2021/CIRCULAR%20No.%2000006%20DEL%2005%20DE%20AGOSTO%20DEL%202021.pdf HTTP/1.1" 200 249615
172.22.2.4 - - [21/Apr/2022:19:39:24 -0500] "GET /BLA/boletinlegal/Circulares/2020/Circular%20No.%2000018%20del%2002%20de%20diciembre%20del%202020.pdf HTTP/1.1" 200 276868
172.22.2.4 - - [21/Apr/2022:19:39:29 -0500] "GET /BLA/boletinlegal/Circulares/2020/Circular%2000010%20del%2027%20de%20julio%20de%202020.pdf HTTP/1.1" 200 422655
172.22.2.4 - - [21/Apr/2022:19:39:35 -0500] "GET /BLA/boletinlegal/Circulares/2020/CIRCULAR%20No.%2000019%20DEL%2018%20DE%20DICIEMBRE%20DEL%202020.pdf HTTP/1.1" 200 307959
172.22.2.4 - - [21/Apr/2022:19:39:42 -0500] "GET /BLA/boletinlegal/Circulares/2020/CIRCULAR%20No.%2000014%20del%2001%20de%20septiembre%20del%202020.pdf HTTP/1.1" 200 320826
191.156.61.160 - - [21/Apr/2022:19:39:42 -0500] "-" 408 -
191.156.57.30 - - [21/Apr/2022:19:39:42 -0500] "-" 408 -
172.22.2.4 - - [21/Apr/2022:19:39:49 -0500] "GET /BLA/boletinlegal/Circulares/2019/Circular%20No.%2012%20del%2014%20de%20Marzo%20de%202019.pdf HTTP/1.1" 200 344384
172.22.2.4 - - [21/Apr/2022:19:39:55 -0500] "GET /BLA/boletinlegal/Circulares/2019/Circular%20No.%20006%20del%2008%20de%20Febrero%20de%202019.pdf HTTP/1.1" 200 674401
172.22.2.4 - - [21/Apr/2022:19:40:00 -0500] "GET /BLA/boletinlegal/images/text.jpg HTTP/1.1" 200 568
172.22.2.4 - - [21/Apr/2022:19:40:00 -0500] "GET /BLA/boletinlegal/images/bg_top.jpg HTTP/1.1" 200 522
172.22.2.4 - - [21/Apr/2022:19:40:00 -0500] "GET /BLA/boletinlegal/images/menu_lft.gif HTTP/1.1" 200 1713
172.22.2.4 - - [21/Apr/2022:19:40:00 -0500] "GET /BLA/boletinlegal/images/footer_bg.jpg HTTP/1.1" 200 586
172.22.2.4 - - [21/Apr/2022:19:40:00 -0500] "GET /BLA/boletinlegal/images/body_bg.jpg HTTP/1.1" 200 1601
172.22.2.4 - - [21/Apr/2022:19:40:00 -0500] "GET /BLA/boletinlegal/images/menu_bg.jpg HTTP/1.1" 200 620
172.22.2.4 - - [21/Apr/2022:19:40:00 -0500] "GET /BLA/boletinlegal/images/menu_rght.gif HTTP/1.1" 200 1627
172.22.2.4 - - [21/Apr/2022:19:40:00 -0500] "GET /BLA/boletinlegal/images/hover.jpg HTTP/1.1" 200 640
172.22.2.4 - - [21/Apr/2022:19:40:03 -0500] "GET /BLA/boletinlegal/Circulares/2019/Circular%20No.%200015%20del%2003%20de%20Octubre%20de%202019.pdf HTTP/1.1" 200 165608
172.22.2.4 - - [21/Apr/2022:19:40:09 -0500] "GET /BLA/boletinlegal/Circulares/2019/Circular%20No.%200005%20del%2020%20de%20Marzo%20de%202019.pdf HTTP/1.1" 200 159877
172.22.2.4 - - [21/Apr/2022:19:40:14 -0500] "GET /BLA/boletinlegal/Circulares/2019/Circular%20No.%200003%20del%2031%20de%20Enero%20de%202019.pdf HTTP/1.1" 200 164676
172.22.2.4 - - [21/Apr/2022:19:40:20 -0500] "GET /BLA/boletinlegal/Circulares/2019/Circular%2000020%20del%2020%20de%20diciembre%20de%202019.pdf HTTP/1.1" 200 145170
172.22.2.4 - - [21/Apr/2022:19:40:23 -0500] "GET /BLA/boletinlegal/Circulares/2019/Circular%2000018%20del%2020%20de%20noviembre%20de%202019.pdf HTTP/1.1" 200 158030
172.22.2.4 - - [21/Apr/2022:19:40:27 -0500] "GET /BLA/boletinlegal/Circulares/2019/.pdf HTTP/1.1" 404 1218
172.22.2.4 - - [21/Apr/2022:19:40:30 -0500] "GET /BLA/boletinlegal/Circulares/2018/Circular%20No.%2011%20del%2024%20de%20Septiembre%20de%202018.pdf HTTP/1.1" 200 169541
172.22.2.4 - - [21/Apr/2022:19:40:35 -0500] "GET /BLA/boletinlegal/Circulares/2018/Circular%20No.%2010%20del%2021%20de%20Septiembre%20de%202018.pdf HTTP/1.1" 200 163426
172.22.2.4 - - [21/Apr/2022:19:40:38 -0500] "GET /BLA/boletinlegal/Circulares/2018/Circular%20No.%200015%20del%207%20de%20Diciembre%20de%202018.pdf HTTP/1.1" 200 165305
172.22.2.4 - - [21/Apr/2022:19:40:41 -0500] "GET /BLA/boletinlegal/Circulares/2018/CIRCULAR%20COJUNTA%20042%20DE%202018.pdf HTTP/1.1" 200 515008
172.22.2.4 - - [21/Apr/2022:19:40:47 -0500] "GET /BLA/boletinlegal/Circulares/2017/Circular%20No.%202%20del%201%20de%20Septiembre%20de%202017.pdf HTTP/1.1" 200 152575
172.22.2.4 - - [21/Apr/2022:19:40:51 -0500] "GET /BLA/boletinlegal/Circulares/2017/Circular%20No.%201%20del%2030%20de%20Marzo%20de%202017.pdf HTTP/1.1" 200 668532
172.22.2.4 - - [21/Apr/2022:19:40:58 -0500] "GET /BLA/boletinlegal/Circulares/2017/Circular%20No.%2007%20del%2028%20de%20Abril%20de%202017.pdf HTTP/1.1" 200 309906
172.22.2.4 - - [21/Apr/2022:19:41:02 -0500] "GET /BLA/boletinlegal/Circulares/2017/Circular%20No.%20011%20del%2005%20de%20julio%20de%202017.pdf HTTP/1.1" 200 965526
172.22.2.4 - - [21/Apr/2022:19:41:10 -0500] "GET /BLA/boletinlegal/Circulares/2015/Circular%20No.%202%20del%201%20de%20julio%20de%202015.pdf HTTP/1.1" 200 752890
200.118.64.109 - - [21/Apr/2022:19:41:12 -0500] "POST /forms/lservlet;jsessionid=ac16012b30d6f13362d362bd4175bc0f8904ef88e416.e3iSbxaKaheRe34Pbx8NbNySbx10n6jAmljGr5XDqQLvpAe HTTP/1.1" 200 2
172.22.2.4 - - [21/Apr/2022:19:41:16 -0500] "GET /BLA/boletinlegal/Circulares/2015/Circular%20No.%201%20del%2010%20de%20Febrero%20de%202015.pdf HTTP/1.1" 200 660637
172.22.2.4 - - [21/Apr/2022:19:41:24 -0500] "GET /BLA/boletinlegal/Circulares/2014/Circular%20No.%203%20del%2014%20de%20Noviembre%20de%202014.pdf HTTP/1.1" 200 104132
172.22.2.4 - - [21/Apr/2022:19:41:30 -0500] "GET /BLA/boletinlegal/Circulares/2014/Circular%20No.%202%20del%2021%20de%20septiembre%20de%202014.pdf HTTP/1.1" 200 143376
172.22.2.4 - - [21/Apr/2022:19:41:36 -0500] "GET /BLA/boletinlegal/Circulares/2014/Circular%20No.%201%20del%2008%20de%20Mayo%20de%202014.pdf HTTP/1.1" 200 180124
172.22.2.4 - - [21/Apr/2022:19:41:42 -0500] "GET /BLA/boletinlegal/Circulares/2013/Circular%20No.%208%20del%201%20de%20Noviembre%20de%202013.pdf HTTP/1.1" 200 385156
172.22.2.4 - - [21/Apr/2022:19:41:49 -0500] "GET /BLA/boletinlegal/Circulares/2013/Circular%20No.%207%20del%201%20de%20Agosto%20de%202013.pdf HTTP/1.1" 200 340934
172.22.2.4 - - [21/Apr/2022:19:41:54 -0500] "GET /BLA/boletinlegal/Circulares/2013/Circular%20No.%206%20del%2019%20de%20julio%20de%202013.pdf HTTP/1.1" 200 4210437
172.22.2.4 - - [21/Apr/2022:19:40:20 -0500] "HEAD /BLA/boletinlegal/ HTTP/1.1" 200 -
66.249.65.13 - - [21/Apr/2022:19:42:05 -0500] "-" 408 -
172.22.2.4 - - [21/Apr/2022:19:42:12 -0500] "GET /BLA/boletinlegal/Circulares/2013/Circular%20No.%205%20del%2013%20de%20junio%20de%202013.pdf HTTP/1.1" 200 110904
172.22.2.4 - - [21/Apr/2022:19:42:18 -0500] "GET /BLA/boletinlegal/Circulares/2013/Circular%20No.%204%20del%2005%20de%20junio%20de%202013.pdf HTTP/1.1" 200 130461
172.22.2.4 - - [21/Apr/2022:19:42:26 -0500] "GET /BLA/boletinlegal/Circulares/2013/Circular%20No.%203%20del%2005%20de%20abril%20de%202013.pdf HTTP/1.1" 200 93580
172.22.2.4 - - [21/Apr/2022:19:42:30 -0500] "GET /BLA/boletinlegal/Circulares/2013/Circular%20No.%202%20del%2022%20de%20enero%20de%202013.pdf HTTP/1.1" 200 85466
172.22.2.4 - - [21/Apr/2022:19:42:35 -0500] "GET /BLA/boletinlegal/Circulares/2013/Circular%20No.%201%20del%2014%20de%20enero%20de%202013.pdf HTTP/1.1" 200 1298384
172.22.2.4 - - [21/Apr/2022:19:42:41 -0500] "GET /BLA/boletinlegal/Circulares/2012/Circular%20No.%2016%20del%2022%20de%20octubre%20de%202012.pdf HTTP/1.1" 200 381186
172.22.2.4 - - [21/Apr/2022:19:42:46 -0500] "GET /BLA/boletinlegal/Circulares/2012/Circular%20No.%2015%20del%2022%20de%20octubre%20de%202012.pdf HTTP/1.1" 200 486506
172.22.2.4 - - [21/Apr/2022:19:41:11 -0500] "GET /BLA/boletinlegal/ HTTP/1.1" 200 59170
172.22.2.4 - - [21/Apr/2022:19:42:54 -0500] "GET /BLA/boletinlegal/Circulares/2012/Circular%20No.%2014%20del%2011%20de%20Septiembre%20de%202012.pdf HTTP/1.1" 200 3427471
216.245.221.92 - - [21/Apr/2022:19:43:00 -0500] "HEAD / HTTP/1.1" 200 -
201.245.192.253 - - [21/Apr/2022:19:42:17 -0500] "POST /kwsrmcab/Wsrmcab HTTP/1.1" 200 45153
200.118.64.109 - - [21/Apr/2022:19:43:12 -0500] "POST /forms/lservlet;jsessionid=ac16012b30d6f13362d362bd4175bc0f8904ef88e416.e3iSbxaKaheRe34Pbx8NbNySbx10n6jAmljGr5XDqQLvpAe HTTP/1.1" 200 2
201.245.192.253 - - [21/Apr/2022:19:43:03 -0500] "POST /kwsrmcab/Wsrmcab HTTP/1.1" 200 46120
200.118.64.109 - - [21/Apr/2022:19:45:12 -0500] "POST /forms/lservlet;jsessionid=ac16012b30d6f13362d362bd4175bc0f8904ef88e416.e3iSbxaKaheRe34Pbx8NbNySbx10n6jAmljGr5XDqQLvpAe HTTP/1.1" 200 2
186.86.33.157 - - [21/Apr/2022:19:46:34 -0500] "GET /puente-aranda-recibe-este-fin-de-semana-la-feria-de-servicios.html HTTP/1.1" 200 855
200.118.64.109 - - [21/Apr/2022:19:47:12 -0500] "POST /forms/lservlet;jsessionid=ac16012b30d6f13362d362bd4175bc0f8904ef88e416.e3iSbxaKaheRe34Pbx8NbNySbx10n6jAmljGr5XDqQLvpAe HTTP/1.1" 200 2
172.22.2.4 - - [21/Apr/2022:19:47:16 -0500] "GET /BLA/boletinlegal/style.css HTTP/1.1" 200 9406
172.22.2.4 - - [21/Apr/2022:19:47:16 -0500] "GET /BLA/boletinlegal/styles2.css HTTP/1.1" 200 1838
172.22.2.4 - - [21/Apr/2022:19:47:16 -0500] "GET /BLA/boletinlegal/js/jquery.js HTTP/1.1" 200 57254
172.22.2.4 - - [21/Apr/2022:19:47:16 -0500] "GET /BLA/boletinlegal/js/jquery.scrollTo-min.js HTTP/1.1" 200 1150
172.22.2.4 - - [21/Apr/2022:19:47:16 -0500] "GET /BLA/boletinlegal/js/jquery.scrollShow.js HTTP/1.1" 200 4586
172.22.2.4 - - [21/Apr/2022:19:47:16 -0500] "GET /BLA/boletinlegal/images/cabezote%20BLEGAL.jpg HTTP/1.1" 200 118164
172.22.2.4 - - [21/Apr/2022:19:47:16 -0500] "GET /BLA/boletinlegal/images/subscribe-icon-big.png HTTP/1.1" 200 47702
172.22.2.4 - - [21/Apr/2022:19:47:16 -0500] "GET /BLA/boletinlegal/images/historia.png HTTP/1.1" 200 52775
172.22.2.4 - - [21/Apr/2022:19:47:16 -0500] "GET /BLA/boletinlegal/images/registro-usuarios.png HTTP/1.1" 200 8106
172.22.2.4 - - [21/Apr/2022:19:47:16 -0500] "GET /BLA/boletinlegal/images/arr_l.jpg HTTP/1.1" 200 1979
172.22.2.4 - - [21/Apr/2022:19:47:16 -0500] "GET /BLA/boletinlegal/images/menu_lft.gif HTTP/1.1" 200 1713
172.22.2.4 - - [21/Apr/2022:19:47:16 -0500] "GET /BLA/boletinlegal/images/body_bg.jpg HTTP/1.1" 200 1601
172.22.2.4 - - [21/Apr/2022:19:47:16 -0500] "GET /BLA/boletinlegal/images/bg_top.jpg HTTP/1.1" 200 522
172.22.2.4 - - [21/Apr/2022:19:47:16 -0500] "GET /BLA/boletinlegal/images/menu_bg.jpg HTTP/1.1" 200 620
172.22.2.4 - - [21/Apr/2022:19:47:16 -0500] "GET /BLA/boletinlegal/images/text.jpg HTTP/1.1" 200 568
172.22.2.4 - - [21/Apr/2022:19:47:16 -0500] "GET /BLA/boletinlegal/images/menu_rght.gif HTTP/1.1" 200 1627
172.22.2.4 - - [21/Apr/2022:19:47:16 -0500] "GET /BLA/boletinlegal/images/hover.jpg HTTP/1.1" 200 640
172.22.2.4 - - [21/Apr/2022:19:47:16 -0500] "GET /BLA/boletinlegal/images/launch.jpg HTTP/1.1" 200 14577
172.22.2.4 - - [21/Apr/2022:19:47:16 -0500] "GET /BLA/boletinlegal/images/screen_1.png HTTP/1.1" 200 202547
172.22.2.4 - - [21/Apr/2022:19:47:26 -0500] "GET /BLA/boletinlegal/images/screen_2.png HTTP/1.1" 200 362502
172.22.2.4 - - [21/Apr/2022:19:47:26 -0500] "GET /BLA/boletinlegal/images/screen_3.png HTTP/1.1" 200 210620
172.22.2.4 - - [21/Apr/2022:19:47:26 -0500] "GET /BLA/boletinlegal/images/arr_r.jpg HTTP/1.1" 200 1998
172.22.2.4 - - [21/Apr/2022:19:47:26 -0500] "GET /BLA/boletinlegal/images/screen_5.png HTTP/1.1" 200 368876
172.22.2.4 - - [21/Apr/2022:19:47:26 -0500] "GET /BLA/boletinlegal/images/footer_bg.jpg HTTP/1.1" 200 586
172.22.2.4 - - [21/Apr/2022:19:47:40 -0500] "GET /BLA/boletinlegal/images/pdf.gif HTTP/1.1" 200 567
172.22.2.4 - - [21/Apr/2022:19:47:40 -0500] "GET /BLA/boletinlegal/images/background.gif HTTP/1.1" 200 -
172.22.2.4 - - [21/Apr/2022:19:46:10 -0500] "HEAD /BLA/boletinlegal/ HTTP/1.1" 200 -
216.245.221.92 - - [21/Apr/2022:19:48:00 -0500] "HEAD / HTTP/1.1" 200 -
172.22.2.4 - - [21/Apr/2022:19:47:01 -0500] "GET /BLA/boletinlegal/ HTTP/1.1" 200 51365
172.22.2.4 - - [21/Apr/2022:19:48:48 -0500] "GET /BLA/boletinlegal/actos.php HTTP/1.1" 200 9559
172.22.2.4 - - [21/Apr/2022:19:48:49 -0500] "GET /BLA/boletinlegal/favicon.ico HTTP/1.1" 404 1326
181.61.206.204 - - [21/Apr/2022:19:48:51 -0500] "GET /BLA/resoluciones/ HTTP/1.1" 200 13093
172.22.2.4 - - [21/Apr/2022:19:47:16 -0500] "GET /BLA/boletinlegal/ HTTP/1.1" 200 51365
172.22.2.4 - - [21/Apr/2022:19:48:56 -0500] "GET /BLA/boletinlegal/favicon.ico HTTP/1.1" 404 1212
172.22.2.4 - - [21/Apr/2022:19:49:00 -0500] "GET /BLA/boletinlegal/Directivas/2013/Directiva%20No.%203%20del%2016%20de%20julio%20de%202013.pdf HTTP/1.1" 200 127414
181.61.206.204 - - [21/Apr/2022:19:49:04 -0500] "GET /BLA/resoluciones/index.php?dir=RESOLUCIONES+2022%2F HTTP/1.1" 200 13773
200.118.64.109 - - [21/Apr/2022:19:49:12 -0500] "POST /forms/lservlet;jsessionid=ac16012b30d6f13362d362bd4175bc0f8904ef88e416.e3iSbxaKaheRe34Pbx8NbNySbx10n6jAmljGr5XDqQLvpAe HTTP/1.1" 200 2
190.69.232.3 - - [21/Apr/2022:19:49:14 -0500] "GET /documents/10184/2325415/pieza-concurso-buenas-practicas-20-septiembre.jpg HTTP/1.1" 404 1030
172.22.2.4 - - [21/Apr/2022:19:48:46 -0500] "GET /BLA/boletinlegal/ HTTP/1.1" 200 24523
181.54.146.7 - - [21/Apr/2022:19:49:37 -0500] "GET /BLA/resoluciones/AUTOS%202021/4509.pdf HTTP/1.1" 200 355558
66.249.65.13 - - [21/Apr/2022:19:50:28 -0500] "-" 408 -
200.118.64.109 - - [21/Apr/2022:19:51:12 -0500] "POST /forms/lservlet;jsessionid=ac16012b30d6f13362d362bd4175bc0f8904ef88e416.e3iSbxaKaheRe34Pbx8NbNySbx10n6jAmljGr5XDqQLvpAe HTTP/1.1" 200 2
216.245.221.92 - - [21/Apr/2022:19:53:00 -0500] "HEAD / HTTP/1.1" 200 -
200.118.64.109 - - [21/Apr/2022:19:53:13 -0500] "POST /forms/lservlet;jsessionid=ac16012b30d6f13362d362bd4175bc0f8904ef88e416.e3iSbxaKaheRe34Pbx8NbNySbx10n6jAmljGr5XDqQLvpAe HTTP/1.1" 200 2
172.22.2.4 - - [21/Apr/2022:19:52:00 -0500] "HEAD /BLA/boletinlegal/ HTTP/1.1" 200 -
49.7.21.73 - - [21/Apr/2022:19:54:23 -0500] "-" 408 -
172.22.2.4 - - [21/Apr/2022:19:52:51 -0500] "GET /BLA/boletinlegal/ HTTP/1.1" 200 58588
94.102.61.10 - - [21/Apr/2022:19:55:04 -0500] "GET / HTTP/1.1" 200 319
200.118.64.109 - - [21/Apr/2022:19:55:13 -0500] "POST /forms/lservlet;jsessionid=ac16012b30d6f13362d362bd4175bc0f8904ef88e416.e3iSbxaKaheRe34Pbx8NbNySbx10n6jAmljGr5XDqQLvpAe HTTP/1.1" 200 2
200.118.64.109 - - [21/Apr/2022:19:57:13 -0500] "POST /forms/lservlet;jsessionid=ac16012b30d6f13362d362bd4175bc0f8904ef88e416.e3iSbxaKaheRe34Pbx8NbNySbx10n6jAmljGr5XDqQLvpAe HTTP/1.1" 200 2
66.249.65.13 - - [21/Apr/2022:19:57:21 -0500] "-" 408 -
69.171.251.1 - - [21/Apr/2022:19:57:32 -0500] "GET /secretaria-de-ambiente-abre-convocatoria-para-que-empresas-de-bogota-sean-mas-sostenibles.html HTTP/1.1" 206 907
69.171.251.21 - - [21/Apr/2022:19:57:32 -0500] "GET /secretaria-de-ambiente-abre-convocatoria-para-que-empresas-de-bogota-sean-mas-sostenibles.html HTTP/1.1" 206 907
216.245.221.92 - - [21/Apr/2022:19:58:00 -0500] "HEAD / HTTP/1.1" 200 -
200.118.64.109 - - [21/Apr/2022:19:59:13 -0500] "POST /forms/lservlet;jsessionid=ac16012b30d6f13362d362bd4175bc0f8904ef88e416.e3iSbxaKaheRe34Pbx8NbNySbx10n6jAmljGr5XDqQLvpAe HTTP/1.1" 200 2
172.22.2.4 - - [21/Apr/2022:19:57:50 -0500] "HEAD /BLA/boletinlegal/ HTTP/1.1" 200 -
172.22.2.4 - - [21/Apr/2022:19:58:41 -0500] "GET /BLA/boletinlegal/ HTTP/1.1" 200 59170
200.118.64.109 - - [21/Apr/2022:20:01:13 -0500] "POST /forms/lservlet;jsessionid=ac16012b30d6f13362d362bd4175bc0f8904ef88e416.e3iSbxaKaheRe34Pbx8NbNySbx10n6jAmljGr5XDqQLvpAe HTTP/1.1" 200 2
186.102.34.115 - - [21/Apr/2022:20:01:42 -0500] "GET /kwssiamovil/sm/ldap/au?x=U2FsdGVkX1/AjWX35dy/+/olaXofpjHywfU1eaunWWv7fllZVK+Gl7A1aZlLtQiL&y=U2FsdGVkX1+H3MWilwV+jSUXO7+ZvdVna3zsz1EfA9Dndz/xUHpD0YtDnXrzYhlW HTTP/1.1" 200 30
186.102.34.115 - - [21/Apr/2022:20:01:42 -0500] "GET /kwssiamovil/sm/acme/s?s=U2FsdGVkX192m9RioeT5Msjekni8OkOEu1qdqHD0aRBWPHtcmvXxo3YSgiWnWJs4T36FJbZTAfvQbzCnjkUc9PiXoF6x2OhfV+0WcjVMnEI=&u=U2FsdGVkX1+FjIxD8QtXXbXgpSVWsD5KjC9jLX12sRddkfCy1ph/EPq4M0m9IjR/&y=U2FsdGVkX1+H3MWilwV+jSUXO7+ZvdVna3zsz1EfA9Dndz/xUHpD0YtDnXrzYhlW HTTP/1.1" 200 97
186.102.34.115 - - [21/Apr/2022:20:01:42 -0500] "GET /kwssiamovil/sm/acme/s?s=U2FsdGVkX18oa8mgelnVcYIRHgPrq5VXGPNBaqXAawAnc9ebA75wh6g6x0DRK4xTAa+p+T1qVIUI/LGjZJFM0i6OZLKivL+w8MfR81e4fYKofeM1d/AQQWYxHDdge+GPsb4MwQVMBH4MkvsIpYXo9v/kK2LgUpU4gBlEAIHYPCOx77ur2+xMc/d70duGEpjOCNElZs9bkwir9bLm8+Qhai7boECTI74cQIvOjqLnpM6XX00Fd4HhP2Zs/ngDHylAEmAUQEAr/MVPwDxukQQdsJsY4JdKNPm8v3sXGodRfiwG2oc1ePW1gljLCR1hCgGkcqAvg8PyYZuM+/ylA0tu7l927YI4NyvIUaRix9QHIdHIz8zBknypJMkjcM/BNyDeOn/vqz8hdKKhvj+sa651HksihkJgx3atmrBhwCZcRwOhTihTJloX4yxUF97YcY8GqY2yWoIILK02kHwrm9KB7NFaBoXtfZNs1/Igp3YAmyTE8nNSwXEi1V9ZD0vcu8twBaHqKASBhjH7gN9zFXUjV+kXfaijvDuiaHZxBpGpHX1w4o7iBiSAcj1KGmnw1WbxWeeOy+UhGdslPYFhqUucoadWNyD6RYK1ZA/hiDqLTZjxACYWn27mW1cw2dP5H7EgfeseiXxWj6fPKhG8vXL1XfrxG0mmCFvZ2F4sQ9dG42wrmb/JDBZQARIfBPdp3aZRKy30CFw0h4mql3cm+yQCGU8Z+kkuhE0NoBetpEwu5kGx1f21/0cF92j5NK9cU0HY1wCBbrXR0iScTT02rwPfqPslEsbHNBMEgJU/ABK1JCzTIZKl3ZY0vrHUNX6bPTvWsLy0Ao2rGxCSRaNUo8aUy2LWbLToe7A4R6PLA8LRu4Apl9H5yszWJqne+5liIVyXy13XxAwmoPB0AhEKAMGudX3LDTDdJ30rgc4XjUtHjhB19oUcDlNWjwZvC9IioPeQXTwSzeaqQqDYQE9T10mNW1X7mGmCJasidvKJbVBjg0JtutvfuXoaNLzypqDzPH+s4WQMGCAlWn/5O9fL3FPWME7M+TOK5Y8KgIADFBMZh2E1J3d50i4V5lMoNb5/3DAMiLmqKwo9vwLdxbs21LBGCaktYptSNPrfbRY6ycF06oanouKWF1XyrKOpsnEkwE2x91cVdLEHiA5Wg6SzgWBKi9S1Ti3UkyI+yU6xlWDZ5zHvQwp6m6DIMbnLAxSGkQYeOYeOFU6jV5lfcCPyZqiZd3f/XDOzbJ4NLpyjsVBbPdUvjrSnu8JIV2sEiJquBLFywb75digWo9aapBPqjcj/kCOgjMMuH2cbepiSSNlRECF34/LdXVQSyIa38yTIDxaKN63sKGtPXbjk+WngnK5Zs9XGGQYoYEYt7bY/AX1EPVU=&u=U2FsdGVkX1+FjIxD8QtXXbXgpSVWsD5KjC9jLX12sRddkfCy1ph/EPq4M0m9IjR/&y=U2FsdGVkX1+H3MWilwV+jSUXO7+ZvdVna3zsz1EfA9Dndz/xUHpD0YtDnXrzYhlW HTTP/1.1" 200 72
186.102.34.115 - - [21/Apr/2022:20:01:43 -0500] "GET /kwssiamovil/sm/acme/s?s=U2FsdGVkX197V9sxXNVeP8uhylDcYvSog4tccVI6B/P8HN6zkKYSSbp0uYw99d7wbtNpCP8g2WVHAjzkEzC+6WzVeOgMdtA0xX8WavDMFDHiMWa5mT2BX9E2eF9o+A9L1DyVzzoU55AJQUTKok3zMSn4GEatys7lbLWjfKZpoFv4OOOnqkP8lCVAHDOCbkNFqZJQsmlx2c8++wX/vUx8WOFF/vz2a4+GF6fp32tC8aAb7J1qBwJk2JgY1Y06GgBA1kLr2c0u8xwezYiudsB22o5fBdpzJs5w1kZz/FdLiBI=&u=U2FsdGVkX1+FjIxD8QtXXbXgpSVWsD5KjC9jLX12sRddkfCy1ph/EPq4M0m9IjR/&y=U2FsdGVkX1+H3MWilwV+jSUXO7+ZvdVna3zsz1EfA9Dndz/xUHpD0YtDnXrzYhlW HTTP/1.1" 200 176
186.102.34.115 - - [21/Apr/2022:20:01:43 -0500] "GET /kwssiamovil/sm/cjson/pre?f=1&x=U2FsdGVkX1/AjWX35dy/+/olaXofpjHywfU1eaunWWv7fllZVK+Gl7A1aZlLtQiL HTTP/1.1" 200 30975
216.245.221.92 - - [21/Apr/2022:20:03:00 -0500] "HEAD / HTTP/1.1" 200 -
200.118.64.109 - - [21/Apr/2022:20:03:13 -0500] "POST /forms/lservlet;jsessionid=ac16012b30d6f13362d362bd4175bc0f8904ef88e416.e3iSbxaKaheRe34Pbx8NbNySbx10n6jAmljGr5XDqQLvpAe HTTP/1.1" 200 2
186.114.250.33 - - [21/Apr/2022:20:03:42 -0500] "GET /BLA/resoluciones/index.php?dir= HTTP/1.1" 200 13093
186.102.34.115 - - [21/Apr/2022:20:03:43 -0500] "GET /kwssiamovil/sm/ldap/au?x=U2FsdGVkX18fKNXmBk0J/tSNGUnPBVXrv2DzEcqLqWQa1zLxks1qfBOwUumxEDM/&y=U2FsdGVkX1/NGvftHlJGRPXPv7cDErQwISz9qmiGpUmJaP18e5UuZEU+IGcYxchI HTTP/1.1" 200 30
186.102.34.115 - - [21/Apr/2022:20:03:43 -0500] "GET /kwssiamovil/sm/acme/s?s=U2FsdGVkX1+lwjuU8Yvz4r2k29u1IhmdFqLMxZ+8S0WGsTR2Lvoqr6Qq67W0lJFafH4d/J/cDorDSnw4sRaIaQNogP4QNYn2Gtt6HkDaRU8=&u=U2FsdGVkX18IAG3K0mlWNDUaQowdsLar8H5RiEjQ0kfaoaZ4rffw1TAOE9jm9bxd&y=U2FsdGVkX1/NGvftHlJGRPXPv7cDErQwISz9qmiGpUmJaP18e5UuZEU+IGcYxchI HTTP/1.1" 200 97
186.102.34.115 - - [21/Apr/2022:20:03:43 -0500] "GET /kwssiamovil/sm/acme/s?s=U2FsdGVkX19IL8oGAGT67o8hHDmgD4vakfMHbw4mTtNSTN2XT5PZ0elRLphX9LVmCM6INPfNePNNfuVLqotIS62Cr0eqrOgj9aSKOEVTkfrahKFO9DCljeLLukmLS9msDjeidDzsJfVq3FVpg85DcLmy3/CHvfHNzPWnvm+LpMNyfDpzw9SrYa48IZJTWrr7ViGI1aQJYxP+x49qHXSo/Sf2jDKXTK1DNSOq1fvBHKqYNOBSlv/dyYshwuFK1XPxy5sDo/0TA6m0hjBdYZYWF+EGr579RfcyQp2DapL5lDZHvsrZ8JLOxGRwpXV6P0rZ9o2jJkTjr54/K/o2htZc3KIFQGQ9m8CjD+LatrueuDdjh15Lgmc1g0o0v33GWWUqbmq6TCyYawSrxe/z5dbXJPY9CPTS2iqH2LwJWkLeL2heanhUIP11n79D/gVyiKR/LJA+yOmOIxLwIrPBqMfp5033GH7WyXaLivRyO/CqlzNVcFTe3zX3uowvBe+QtEIwUvbUyf948eIF48elzDW1Dv1iOdeHYAZb7hHMF8kqQ3zjwEV+0lvD79n595F1ydIYyl+W4a+04zx9AowbdM4kvkNcfeeGTN//mhOhfbdlAJRSFl+ZxCeF5H9F0b6PaTxSz/L9AmVEoHRktmFpYRjJyw0PxyeS8SUs8sGG+Kt8y7uG88V7hdWNrs04b0bjmMnFca9KfTyRt3BTpvj8SMGWDUyc7qBBkl9l7tHbmHWYnLH/1GNwtMH5iutliDG1uDgNdFvpbJWDNY1+yL+FRcMHUh7QTlJruo8Kev+8zYDHWaqeyVMc6pYd+NGh594zQhJO0EF6+FM9WZFnQKMwS5nHBLsTuvobR1B2uH7nmk19+5PZIfbHvf427Lc58aFfL/+sVaVicWeTjRli5HPxfevY57fL2QQJFaXxjy8Yhm2X2M7bnoAt2nMPZ0fV8NtHOHZdflVnyWRy4UKeR8YrXSw1Un/AVKxgS+0zr3gnf3G7wQg3IphHW/l/78c3qO8r598S2Xxm/UDrYqysuea7t+AkCVuKjkU/MowjosPmjtKwg5YPJ8JbDQmm5WIHRWIQu/KXNfEUf94GEVqA2IOgaDrueGdH8CzE64nNmiNfxK/n5qFvQOoGP3/5qdQ+c4o54g11d8V4lsKp2GTyPiQxwxvH+NlyCtHE2xNj4rW/bwSwoXAoGvNSj3QQML6x6jqSOsJ8YF+HETUcXe/yRoDkXE8fWdJJEMSO4stjf1miCwgNxY9TwnNab7jaro2M9365P8yuRSkvn1XQPYnyshWaqtLiQWOZm+/LpEQN7aYngDsXIfKAGYQyzIad2AiyShdZPI0ss2bzFEyrZNxO1JSo8mD4MvRhjIJc3O4GSPlt05cAZPk=&u=U2FsdGVkX18IAG3K0mlWNDUaQowdsLar8H5RiEjQ0kfaoaZ4rffw1TAOE9jm9bxd&y=U2FsdGVkX1/NGvftHlJGRPXPv7cDErQwISz9qmiGpUmJaP18e5UuZEU+IGcYxchI HTTP/1.1" 200 420
186.102.34.115 - - [21/Apr/2022:20:03:43 -0500] "GET /kwssiamovil/sm/acme/s?s=U2FsdGVkX19VyPOV/oPyQZmrwxKWFZckpQeAoWRDrBe/l5ZybOQ0Lxxp0NyBt3HCmWy3cpzfN4bBoTzNKtc8WrwTtq7zjRFM6NqFpNQS5WEMhHzR+q2gwp07esB8TwjmfKDqNEH4OtuEhGSkcsMtiYmfGH0XHvKbrPKxlOHzwxynFklHqdfi4Hr5eT8i3HZq2aIjYCdno2g8LouV/Ynh9YAykGwcLVqGF7WvYQCzRo5ubdAKL+w3tVso5Wd5HNlPHZyjQabFBs4Be428eiozWgt2IoieDEYtTJb1HqYwkm8=&u=U2FsdGVkX18IAG3K0mlWNDUaQowdsLar8H5RiEjQ0kfaoaZ4rffw1TAOE9jm9bxd&y=U2FsdGVkX1/NGvftHlJGRPXPv7cDErQwISz9qmiGpUmJaP18e5UuZEU+IGcYxchI HTTP/1.1" 200 176
186.114.250.33 - - [21/Apr/2022:20:03:44 -0500] "GET /BLA/resoluciones/index.php?dir=AUTOS+2012%2F HTTP/1.1" 200 270610
186.102.34.115 - - [21/Apr/2022:20:03:43 -0500] "GET /kwssiamovil/sm/cjson/pre?f=1&x=U2FsdGVkX18fKNXmBk0J/tSNGUnPBVXrv2DzEcqLqWQa1zLxks1qfBOwUumxEDM/ HTTP/1.1" 200 30975
200.118.64.109 - - [21/Apr/2022:20:04:30 -0500] "POST /forms/lservlet;jsessionid=ac16012b30d6f13362d362bd4175bc0f8904ef88e416.e3iSbxaKaheRe34Pbx8NbNySbx10n6jAmljGr5XDqQLvpAe HTTP/1.1" 200 86
200.118.64.109 - - [21/Apr/2022:20:04:31 -0500] "POST /forms/lservlet;jsessionid=ac16012b30d6f13362d362bd4175bc0f8904ef88e416.e3iSbxaKaheRe34Pbx8NbNySbx10n6jAmljGr5XDqQLvpAe HTTP/1.1" 200 -
172.22.2.4 - - [21/Apr/2022:20:03:40 -0500] "HEAD /BLA/boletinlegal/ HTTP/1.1" 200 -
172.22.2.4 - - [21/Apr/2022:20:04:31 -0500] "GET /BLA/boletinlegal/ HTTP/1.1" 200 55450
216.245.221.92 - - [21/Apr/2022:20:08:00 -0500] "HEAD / HTTP/1.1" 200 -
186.30.107.206 - - [21/Apr/2022:20:08:40 -0500] "GET /BLA/resoluciones/AUTOS%202011/2059.pdf HTTP/1.1" 200 159783
186.30.107.206 - - [21/Apr/2022:20:08:41 -0500] "GET /BLA/resoluciones/AUTOS%202011/2059.pdf HTTP/1.1" 206 1
186.30.107.206 - - [21/Apr/2022:20:08:41 -0500] "GET /BLA/resoluciones/AUTOS%202011/2059.pdf HTTP/1.1" 206 335
172.22.2.4 - - [21/Apr/2022:20:07:47 -0500] "GET /BLA/boletinlegal/ HTTP/1.1" 200 32715
172.22.2.4 - - [21/Apr/2022:20:07:47 -0500] "GET /BLA/boletinlegal/ HTTP/1.1" 200 32715
172.22.2.4 - - [21/Apr/2022:20:07:45 -0500] "GET /BLA/boletinlegal/ HTTP/1.1" 200 36811
186.30.107.206 - - [21/Apr/2022:20:09:18 -0500] "GET /BLA/resoluciones/AUTOS%202011/2059.pdf HTTP/1.1" 304 -
186.30.107.206 - - [21/Apr/2022:20:10:02 -0500] "GET /BLA/resoluciones/index.php?dir=RESOLUCIONES+2018%2F HTTP/1.1" 200 260722
186.155.113.200 - - [21/Apr/2022:20:10:51 -0500] "GET /caminos-de-los-cerros-habilitados-en-esta-semana-santa-2022.html?fbclid=IwAR2JuoRVDPc2zrnK8Tpq7W6cpKhM3LGHS9uMb25O7wekYxOsq9itdS0VUXo HTTP/1.1" 200 832
40.77.167.7 - - [21/Apr/2022:20:11:09 -0500] "GET /mujeres-que-reverdecen-bogota-intercambian-saberes-y-semillas.html HTTP/1.1" 200 880
172.22.2.4 - - [21/Apr/2022:20:09:30 -0500] "HEAD /BLA/boletinlegal/ HTTP/1.1" 200 -
172.22.2.4 - - [21/Apr/2022:20:10:21 -0500] "GET /BLA/boletinlegal/ HTTP/1.1" 200 58588
172.22.2.4 - - [21/Apr/2022:20:12:42 -0500] "GET /BLA/boletinlegal/jurisprudencia/analisis/analisis%20sentencia%20C%20401%20de%202010.doc HTTP/1.1" 200 34816
216.245.221.92 - - [21/Apr/2022:20:13:00 -0500] "HEAD / HTTP/1.1" 200 -
207.46.13.194 - - [21/Apr/2022:20:13:30 -0500] "GET /en-esta-navidad-bogota-esta-mejorando-con-mas-espacios-verdes-para-el-disfrute-de-la-ciudadania.html HTTP/1.1" 200 1114
186.30.107.206 - - [21/Apr/2022:20:13:36 -0500] "GET /BLA/resoluciones/RESOLUCIONES%202018/3443.pdf HTTP/1.1" 200 276423
186.30.107.206 - - [21/Apr/2022:20:13:36 -0500] "GET /BLA/resoluciones/RESOLUCIONES%202018/3443.pdf HTTP/1.1" 206 1
186.30.107.206 - - [21/Apr/2022:20:13:51 -0500] "GET /BLA/resoluciones/RESOLUCIONES%202018/3443.pdf HTTP/1.1" 200 276423
66.249.65.13 - - [21/Apr/2022:20:13:51 -0500] "-" 408 -
172.22.2.4 - - [21/Apr/2022:20:14:13 -0500] "GET /BLA/boletinlegal/jurisprudencia/analisis/analisis%20sentencia%20C%20401%20de%202010.doc HTTP/1.1" 200 34816
172.22.2.4 - - [21/Apr/2022:20:15:00 -0500] "GET /BLA/boletinlegal/consulta_actos.php?tipo=resoluciones&no=5667&usuario=&sector=&fecha=2021&resuelve= HTTP/1.1" 200 1174
49.7.21.73 - - [21/Apr/2022:20:15:22 -0500] "-" 408 -
172.22.2.4 - - [21/Apr/2022:20:15:20 -0500] "HEAD /BLA/boletinlegal/ HTTP/1.1" 200 -
172.22.2.4 - - [21/Apr/2022:20:17:35 -0500] "GET /BLA/boletinlegal/actos.php HTTP/1.1" 200 9559
172.22.2.4 - - [21/Apr/2022:20:16:11 -0500] "GET /BLA/boletinlegal/ HTTP/1.1" 200 59170
216.245.221.92 - - [21/Apr/2022:20:18:00 -0500] "HEAD / HTTP/1.1" 200 -
221.154.57.175 - - [21/Apr/2022:20:19:14 -0500] "CONNECT blog.naver.com:80 HTTP/1.1" 405 942
221.154.57.175 - - [21/Apr/2022:20:19:31 -0500] "CONNECT m.blog.naver.com:443 HTTP/1.1" 405 944
186.102.31.147 - - [21/Apr/2022:20:22:21 -0500] "GET /kwssiamovil/sm/acme/u?s=U2FsdGVkX19uxzx/hnKwT6jBX+/QxzLfchHHTNlCiHkIlZEpCQhwsA00qcoPzeaezh2cP4xbAydDCHZqusaLihosbSZMEQTPA3Ze1TVqOZhZB71zLtwDYRhT4rCLpgZNnGIesTsdeWVWpI2dF2psI5KCNzeDhSLpAILjRceoTuXQIUsKgqHSb1fycuXyW0GR5Sbd8jZvxLIWgLZ6jErX8xx8xdFI4VNwYD+iE5mtfhwiCpiGuOzl6yksBLdxa6/fyY7LNpoOivAnO7U6nzWvkbqTPQdxibm+9joKYNipsuxcQFrzS/TPAYKRodmgWi3W&u=U2FsdGVkX18SPjEQo65BnZovW15/RbyWktcYOUo+f0VM2Mf47FSu6iFqt7904Jhd&y=U2FsdGVkX18FjUCmxo14MdEgsMj5v8WL0X50MKZWVyPewAfP1BrWlFW1tWkA4SA+ HTTP/1.1" 200 60
66.249.65.13 - - [21/Apr/2022:20:22:38 -0500] "-" 408 -
186.102.31.147 - - [21/Apr/2022:20:22:44 -0500] "GET /kwssiamovil/sm/ldap/au?x=U2FsdGVkX1/0xO2czO7axga2Aw30TYWXYZUK8PKN6Q7QqAyCC6KtFbWDm+Z2ZHj/&y=U2FsdGVkX1+rb1he9K2tXTtETgQzBbvBAK5xJS7OlCM8ww9Ez8qzVzanbYsuBvWl HTTP/1.1" 200 30
186.102.31.147 - - [21/Apr/2022:20:22:44 -0500] "GET /kwssiamovil/sm/acme/s?s=U2FsdGVkX18lkJNzgk+7BM4mL/8STitbFO5Zq+zcYnMqmBkdCHXwslcuOv/ynAzFYqkH0Um4ZzKWFy6+vHewOTkXWLjia3iwPe+ndHdVG+Y=&u=U2FsdGVkX19xkSwzphPqH2bcNgnqGGhYP8beaaRl65xFfeU9vQ8ibPeCiILf1+o7&y=U2FsdGVkX1+rb1he9K2tXTtETgQzBbvBAK5xJS7OlCM8ww9Ez8qzVzanbYsuBvWl HTTP/1.1" 200 97
186.102.31.147 - - [21/Apr/2022:20:22:45 -0500] "GET /kwssiamovil/sm/acme/s?s=U2FsdGVkX1+DN2SwPBtyaLq4bzHfwvVu9DhSnLoYgx7uJ/FkZGibk5di0JS5kA5Myqcs2E4daaKTgSkCE8r1Jr+PyJTCdUrX7KvivbBbeY02Ba3XAd4tH/HApWvdU15yFsr7c8FiyHjalRqKHoPNMKHtq1Rovn4tFgLiTmK1rInEW48A5Ci3THgDW0EVetA72c90ZPiJACl4sw07Jx5a1BrCkyQRNU5qM6WwqtyKC/ryMLpZ2LUvMx+WuhUyf7xEKEUILdPDnAJENhj1jNaLo+ucgZN4L0isInDbV/QewaayP8YqOF2UCP3OuponcQZ9FFUiN0DVdSMvLKF9tJNQ9jlSKNRrf4AiGHsG4RkCsh6+Lt4Tr/izbHgS5LS6ZZO3UIY5C1Xd/c7xSbxC9IRIEZTQfzU+t+a6Yv5OrZPszkwqED4v3aIuOWTaLnLHU1TZMxDNlQd+QKKWEEpAYMbP7YxfjaMsdWxWZG7Zc0NudGQ4Suxgz0EwEs4+OqHjBln9d1SOEL0vki2gsguZKmnipZh1s5j0ArmcM1ORwQj2hUV94bQTr7haRXChP/BaTe4rz9SZGXDfqzphfhoJKWmekeoV91FOplpuR+bqfSObvXx9ATwQRqnsGmCvnpgtlZJOmKu6CkH6b8iY54D0710eAMUcYAySCew3QrDzQctpDK9RUFrngXgb9UorK2y6+WpwlATrtqzYTo640sVTM8e+i5z2TYSP4UPonodxh5pgDGoHONw3ijAUIZovGvyP3FiVXoI5jprLXKp/qy0OF5pb9td4X6U/Asv426C5TnZLhib0O443aj/RzprV63cXusFPQbpwXHSGDWakd8yaZd49MkCblbKEbIpRepr8+93fYT1HvreGL0e7C9l8MS8/BnUrPTZvV0IC4DRHiW2CgAlKo1Fpy8VP0YxhYsWRdVEwvn1dh21Ateu9+/LcWiamMOU3wP8QLl6JyitiO+ZU6ro9VAA1Mo4ZYN7Ei0SKK4EXmIz26J5dsv2N9jYqj5Pv6dQ52OcObeQ6f6AqSQfaLlHaJBVPyEURwYLkHgvwWTzra519fd9+GQGkEUWsQfO8Am1Ae0MNZ9P4shAK5YZhxSkxDfwNo3s0PSm0Zo4gxmIktbSvOe/FVLM+oynSbslvwRgKzR8xV0P5Q8FaoJ/hOh+ssDCObWnuDvmPYGFnU9cp2V0UvcIRDgSH7n6nR3ZjpoJniA1sl8nR/KVCHTc+EPmwDMOW0pquIi6Aoks8gG4AIUchdBjOBqlrDVzaIjtWM9YF+3P3T0ZoJArYOKXX048kYTup+i98wsMWoXtru84iaF56P9OCl3XFJ20EF7UP9QCr9OyVOCDDhgXSd8yhupCuDw8kMbrqsXwlaCfAKlCh4+g=&u=U2FsdGVkX19xkSwzphPqH2bcNgnqGGhYP8beaaRl65xFfeU9vQ8ibPeCiILf1+o7&y=U2FsdGVkX1+rb1he9K2tXTtETgQzBbvBAK5xJS7OlCM8ww9Ez8qzVzanbYsuBvWl HTTP/1.1" 200 2364
186.102.31.147 - - [21/Apr/2022:20:22:45 -0500] "GET /kwssiamovil/sm/acme/s?s=U2FsdGVkX18q4g6ISMiTPlSI7RM8wHO1RufTUz2e8Zky8ZpWrsBEdUJhOVRdMyZW+FzJz646Yepe/o7kD6vyxmv70/vjo2Z8iPaPLpczP+8dn02xUxfoK095jLwD4Ou8vuTFE+o6osAyipBsvEdWVhx+Zyals2SKgBoVPgM8wRMoRTAEieCWpCH/EiLRdkhSD+Utackx6SWYquBQuWXcuNCH9ouRCDyKQId7lsLb9NECHMneYzRUT7slMpSoo1nKWBo1H9r323zvlx+BTpI0bTbr9P4NK5Hx18CcpYPilI4=&u=U2FsdGVkX19xkSwzphPqH2bcNgnqGGhYP8beaaRl65xFfeU9vQ8ibPeCiILf1+o7&y=U2FsdGVkX1+rb1he9K2tXTtETgQzBbvBAK5xJS7OlCM8ww9Ez8qzVzanbYsuBvWl HTTP/1.1" 200 176
186.102.31.147 - - [21/Apr/2022:20:22:46 -0500] "GET /kwssiamovil/sm/cjson/pre?f=1&x=U2FsdGVkX1/0xO2czO7axga2Aw30TYWXYZUK8PKN6Q7QqAyCC6KtFbWDm+Z2ZHj/ HTTP/1.1" 200 30975
172.22.2.4 - - [21/Apr/2022:20:21:10 -0500] "HEAD /BLA/boletinlegal/ HTTP/1.1" 200 -
216.245.221.92 - - [21/Apr/2022:20:23:00 -0500] "HEAD / HTTP/1.1" 200 -
201.245.192.253 - - [21/Apr/2022:20:22:17 -0500] "POST /kwsrmcab/Wsrmcab HTTP/1.1" 200 45457
172.22.2.4 - - [21/Apr/2022:20:22:00 -0500] "GET /BLA/boletinlegal/ HTTP/1.1" 200 60932
186.102.31.147 - - [21/Apr/2022:20:23:46 -0500] "GET /kwssiamovil/sm/acme/u?s=U2FsdGVkX1/UTdZXoepKUzFn0xFRIoTeYo6SQlnnakPlGtuUzndfmO6QvKrc0BJHmJSjrHZhvStp8cyv5Cc1pYNx9uUN4aI481CbeoZhcAy0e4TOG4IXNBO/JgGkAokEmluHTYofJiLYPNtmIdypdqgpL/f6Estb8ZJqxvfSLqQfYxx+dHh85wnAZamfZW+NI4onBTq1pSSbXyPnZUFwVnFR0wcOVrhoBTharxf9KSI6OHHyN8OIuPL0ePVuRGR8QkpRmElQ3bqBJBn3SpdQ92wEoddfY5V2gApEWh+n6oxVwBkSl/AZGlioRnAy7xfc&u=U2FsdGVkX19xkSwzphPqH2bcNgnqGGhYP8beaaRl65xFfeU9vQ8ibPeCiILf1+o7&y=U2FsdGVkX1+rb1he9K2tXTtETgQzBbvBAK5xJS7OlCM8ww9Ez8qzVzanbYsuBvWl HTTP/1.1" 200 60
201.245.192.253 - - [21/Apr/2022:20:23:04 -0500] "POST /kwsrmcab/Wsrmcab HTTP/1.1" 200 46087
186.102.60.124 - - [21/Apr/2022:20:24:56 -0500] "GET /kwssiamovil/sm/ldap/au?x=U2FsdGVkX1/uDrSQcAQNBRhl71zyMhhc/bW5qWDat9jcOgmq+pTaPL90LwjI/gv7&y=U2FsdGVkX1//qyBv7IT8AxjbPBy2oAdnDlmE8HfAuKeC8HTJHwJk7FZrX/J7Omj+ HTTP/1.1" 200 30
186.102.60.124 - - [21/Apr/2022:20:24:56 -0500] "GET /kwssiamovil/sm/acme/s?s=U2FsdGVkX18IMaLwgSnR2cXbJw8+LHKDC0jYcVAwp454iCB9J+sP1emo3XjBWm4SUyqR1Ob4fPavcQlhh+xL9sm5lfEywUWV3j1PHLCZ+bE=&u=U2FsdGVkX1+MqY1JuROr4EQdVs1XwI+6a6g6CWTAhQNmRWXm9avl4C6P2kW0w4LD&y=U2FsdGVkX1//qyBv7IT8AxjbPBy2oAdnDlmE8HfAuKeC8HTJHwJk7FZrX/J7Omj+ HTTP/1.1" 200 97
186.102.60.124 - - [21/Apr/2022:20:24:56 -0500] "GET /kwssiamovil/sm/acme/s?s=U2FsdGVkX1/Y9thCYaa+v6xdDcrnWD6DphxJPpOpHK/5iaMo55eoDErB68nu7GpbEj7HYnp0O6Gk58i9xMTKHVXMiRcgsJKnpJbxLPSDTo24YRXdZftypM/sATSFIfIul2QeuBowNApmP+oEGu3DGeLxf3x2u2pZ0/kkRuSXl7TcV5jYYpbF7yJc8UyHZ7xlY4tgnONmBjdzmgzL+IvYg1sjzC539vDx/eymSvakh/qYzEGxjS9NxkkIPYjaT3FPVd5tEaEUaOoNGwJlILdH0hcigGcxKX5av0D0Xq/ABn/r5+6yn6R9ZvOkfFuUIEquUw7cygR9mTYJueAYjQTh0JzLu2Kl6uG+NixdiseITtzebM+eyVvXEkubEavOV9CiMVFGF1mF5SzxCQI1uIWMEW9FSAwKcxUzEJjLBDiSsbqS8+ZYVb9V+ywbPBBdEeOVOA4n0AsQUGQKAI3Y/W3cS/4r00Rcwepc+Kq7MRPigODDMmix3HL3IMXSEvL7cp1KdcwKbEgcorKMPR0BLSmv5pqVALmeRdnwuQvp+s+Dl3xlZgSRiXZ4cSeeZk2Q+24wtfPTWdde7bFc4SoXcsBNN1ku0gYJswftSejuxiA1+YuExFn98hKXm69l+u+gBhWLG6K7bCOsPm9XZP0ribroER+uSUip+qc2WuxobYM6MlTnwi47yVeJOxKuATVYNDndu1ms11Of/iVRupk91URru6QaQA71aw71YQY2TU9p66yzZhNIZ0s3WidChYA/ECdvrFTZhYSeTUwgBJsTY8Xt/AezJeFOxfMQjRbY0ZmOUclyG5TbAyGt4oiqJsf8tb2jpo3R5/9BLaZnPRd5jIgVQ/si3yr35EHvpx8u0AMVkH9jpaODHSVVg1lG+rEbfkteP64aqDVQXUAWnP8ll/8hNc/M7j/QSgNdQyE3JDyxkg+IYWDaVxmEziEvIMe080DvhW/dCzv0LSqyonNCPPUH5ozZ6/K//c71sDRriE70BATt5pul3X7Fo6+cEs4wnhIn5oiUcPO7aBJUFzbyfFEEqvTcSoKYsiQ1c2jnd0k3ksCzBRI+hbt7p6PF5QvCLEAvzsCzRL8l2IAyV94wcHaK2n8YtRPpcmWKVM4dU2/qZpDv8I+GXn1PEro9nyKqp7QB/6Subja4U5fK/g8j9EA4BZLmhhC+L3Ti6X8QkqO9c8vAwdxP70l6OPwDa1V9F9OnPDcZ7aBFOhvYmStL4cbdenqD7JtgjtbfRJ8zR3ahIfY2wWDLKo3wKF8FDiB6cw56VOCw1QyB5r6zSl4KUYiDkd2SLCiFz22zTCLZgzOI/uR+qpD4v5ovrd7Yd31lG+36ayMOgxLshM7iLRsKznd6WOJdgD2Okax6BIHN+T6i2S4=&u=U2FsdGVkX1+MqY1JuROr4EQdVs1XwI+6a6g6CWTAhQNmRWXm9avl4C6P2kW0w4LD&y=U2FsdGVkX1//qyBv7IT8AxjbPBy2oAdnDlmE8HfAuKeC8HTJHwJk7FZrX/J7Omj+ HTTP/1.1" 200 2135
186.102.60.124 - - [21/Apr/2022:20:24:56 -0500] "GET /kwssiamovil/sm/acme/s?s=U2FsdGVkX196UwSYOy2VhjxiFV9DWn2Fwl1I+BqujtEUryR8Jcx3THJtcnbhckkXnk3gTBWE/L8wOzrkta9hKvXS5GcZrASqN1ASyKcmpyHlmi+Vndg9C8koURt1upQX+bhDkeHslNA1P7xgDCWtEg1v2G3OEuAD7kHEFCUy/G7Vx7lNakoaCpfPczkdSb8QJAClqShbJ18HM48TBYie22lObVQg7XhMH9aiZP9nA1lX4dJKLFwZcuKOfp5zR1TQ5ifMaew8FDFzASdG/EyU30KGUKGYVyI0YQ9HLkvYVDg=&u=U2FsdGVkX1+MqY1JuROr4EQdVs1XwI+6a6g6CWTAhQNmRWXm9avl4C6P2kW0w4LD&y=U2FsdGVkX1//qyBv7IT8AxjbPBy2oAdnDlmE8HfAuKeC8HTJHwJk7FZrX/J7Omj+ HTTP/1.1" 200 176
186.102.60.124 - - [21/Apr/2022:20:24:56 -0500] "GET /kwssiamovil/sm/cjson/pre?f=1&x=U2FsdGVkX1/uDrSQcAQNBRhl71zyMhhc/bW5qWDat9jcOgmq+pTaPL90LwjI/gv7 HTTP/1.1" 200 30975
181.62.149.79 - - [21/Apr/2022:20:25:08 -0500] "GET /BLA/resoluciones/ HTTP/1.1" 200 13093
181.62.149.79 - - [21/Apr/2022:20:25:11 -0500] "GET /BLA/resoluciones/index.php?dir=RESOLUCIONES+2021%2F HTTP/1.1" 200 323115
186.102.31.147 - - [21/Apr/2022:20:25:45 -0500] "GET /kwssiamovil/sm/acme/u?s=U2FsdGVkX18Y+J+ZhpMzq+o1pMdqtp3yZFdgT8xDIY7Z4xKNPqxiA2DWSWoqUqQV5ACwieME1bS0iFIvhvFZxgXl/reoPKM6kWXGzNx51vYTmQwr6iJS/5myfjZk8XKRWh0ddho7gM4hLGVnmuK+oROW5QElbOJSo8IlPhTIfKCWZBOVRAEs8d23ONc/Yukayx84zyHxdXMkb21of54oznndAGnslJ7xjAbPOutO8PDXL+oOdxiBhJP64ykdhpOCtNpw/s6wMpAl6uJ7Z2f2LNYTv/GJPuJc0GcL8gaw+cr0Qgaeyc8B7ZhSJEsTWy5e&u=U2FsdGVkX19xkSwzphPqH2bcNgnqGGhYP8beaaRl65xFfeU9vQ8ibPeCiILf1+o7&y=U2FsdGVkX1+rb1he9K2tXTtETgQzBbvBAK5xJS7OlCM8ww9Ez8qzVzanbYsuBvWl HTTP/1.1" 200 60
186.102.31.147 - - [21/Apr/2022:20:26:22 -0500] "GET /kwssiamovil/sm/acme/u?s=U2FsdGVkX1/MltvVW81wkRHPPYU+yrC4UQjno2hxdeYs1TvMguJSYzUK4kpbqz9ghnSzTHx8aNSjid5iFayilqyolbfKfTPxnyf75BFKcMb+rhoak/OdG2mz2HfxwThPzoZwXmHRGdlQme9F2roQW6y0tEuIgw6yrSfDvNa3N/FzymYYIBinjxfsrdcFKFCzRbgA267Izf2fKtXdNnmPoHhYpOVf2XDgLNyQZ3kmY3fTwHia/Qe4kaUdEVi8XqIUGSMHMXaEv8yBl2ILa3VSJiuBHqu5+FmQBMtK5xq4MgQ=&u=U2FsdGVkX19xkSwzphPqH2bcNgnqGGhYP8beaaRl65xFfeU9vQ8ibPeCiILf1+o7&y=U2FsdGVkX1+rb1he9K2tXTtETgQzBbvBAK5xJS7OlCM8ww9Ez8qzVzanbYsuBvWl HTTP/1.1" 200 60
186.102.31.147 - - [21/Apr/2022:20:26:56 -0500] "GET /kwssiamovil/sm/acme/u?s=U2FsdGVkX1/FgB2K/tZTaPnAZ3zT7iCOOjj47uKlbu00skn3BWpBu3pG9CvCNasomY3vjI8YnpAMnZ8RRcaZ36mO/kcTFhnFvNw3WeYwXcGqSQJvrpY4u9rZdQHGhLENJuDtlc0Nv1kZ9M/6GWmCEIXNn3KUsodPubrtRHRKZBCDCcH2Z6XLik8BBsHMl3Dggm6fjz5lS83y2kS45WN0EX9/P6hbMddobiu9zTR+K75sZLsO7w63TRELdf3jaufGWgheJWE9tiVI6M+XHeZqVz/M2O+NHtLNxSHnKLd29S3q7N1wcu351+uxtU3G+P1F&u=U2FsdGVkX19xkSwzphPqH2bcNgnqGGhYP8beaaRl65xFfeU9vQ8ibPeCiILf1+o7&y=U2FsdGVkX1+rb1he9K2tXTtETgQzBbvBAK5xJS7OlCM8ww9Ez8qzVzanbYsuBvWl HTTP/1.1" 200 60
69.171.249.14 - - [21/Apr/2022:20:26:59 -0500] "GET /si-tienes-entre-14-y-25-anos-y-quieres-participar-inscribete-a-la-convocatoria-de-lideres-juveniles-para-la-cumbre-de-alcaldes-c40-2022.html HTTP/1.1" 206 1141
186.102.31.147 - - [21/Apr/2022:20:27:31 -0500] "GET /kwssiamovil/sm/ldap/au?x=U2FsdGVkX19udFrNYcQxCzwi/M9cHz7VNK9RQk2qKWdThvpgF3vlmIIosfht/3+E&y=U2FsdGVkX1+hP0wD3VhPRB5s+7vFx7angFB0GgZOEkFAPWZCMS4UvC2dv3Mojmh0 HTTP/1.1" 200 30
