172.22.2.4 - - [21/Apr/2022:18:22:44 -0500] "GET /BLA/boletinlegal/img/button.png HTTP/1.1" 200 43241
172.22.2.4 - - [21/Apr/2022:18:22:44 -0500] "GET /BLA/boletinlegal/img/button-left.png HTTP/1.1" 200 57071
172.22.2.4 - - [21/Apr/2022:18:22:44 -0500] "GET /BLA/boletinlegal/img/button-right.png HTTP/1.1" 200 57878
172.22.2.4 - - [21/Apr/2022:18:22:44 -0500] "GET /BLA/boletinlegal/favicon.ico HTTP/1.1" 404 1326
172.22.2.4 - - [21/Apr/2022:18:22:58 -0500] "GET /BLA/boletinlegal/normativa.php HTTP/1.1" 200 8292
172.22.2.4 - - [21/Apr/2022:18:22:58 -0500] "GET /BLA/boletinlegal/js/ajax_normativa.js HTTP/1.1" 200 1154
216.245.221.92 - - [21/Apr/2022:18:23:01 -0500] "HEAD / HTTP/1.1" 200 -
172.22.2.4 - - [21/Apr/2022:18:23:05 -0500] "GET /BLA/boletinlegal/jurisprudencia.php HTTP/1.1" 200 17573
172.22.2.4 - - [21/Apr/2022:18:23:05 -0500] "GET /BLA/boletinlegal/images/sub_ul_li.gif HTTP/1.1" 200 343
172.22.2.4 - - [21/Apr/2022:18:23:05 -0500] "GET /BLA/boletinlegal/images/jurisprudencia.png HTTP/1.1" 200 66721
200.118.64.109 - - [21/Apr/2022:18:23:05 -0500] "POST /forms/lservlet;jsessionid=ac16012b30d6f13362d362bd4175bc0f8904ef88e416.e3iSbxaKaheRe34Pbx8NbNySbx10n6jAmljGr5XDqQLvpAe HTTP/1.1" 200 2
201.245.192.253 - - [21/Apr/2022:18:22:18 -0500] "POST /kwsrmcab/Wsrmcab HTTP/1.1" 200 44859
186.84.149.95 - - [21/Apr/2022:18:23:20 -0500] "POST /sipse/faces/presentacion/financiero/solicitudAnulacion/solicitudAnulacion.xhtml HTTP/1.1" 200 51999
186.84.149.95 - - [21/Apr/2022:18:23:20 -0500] "GET /sipse/faces/javax.faces.resource/theme.css?ln=primefaces-sipse HTTP/1.1" 304 -
186.84.149.95 - - [21/Apr/2022:18:23:20 -0500] "GET /sipse/faces/javax.faces.resource/primefaces.css?ln=primefaces&v=4.0 HTTP/1.1" 304 -
186.84.149.95 - - [21/Apr/2022:18:23:20 -0500] "GET /sipse/faces/javax.faces.resource/layout/layout.css?ln=primefaces&v=4.0 HTTP/1.1" 304 -
186.84.149.95 - - [21/Apr/2022:18:23:20 -0500] "GET /sipse/faces/javax.faces.resource/jquery/jquery.js?ln=primefaces&v=4.0 HTTP/1.1" 304 -
186.84.149.95 - - [21/Apr/2022:18:23:20 -0500] "GET /sipse/faces/javax.faces.resource/fileupload/fileupload.css?ln=primefaces&v=4.0 HTTP/1.1" 304 -
186.84.149.95 - - [21/Apr/2022:18:23:20 -0500] "GET /sipse/css/imagen/contrasena.png HTTP/1.1" 404 383
186.84.149.95 - - [21/Apr/2022:18:23:20 -0500] "GET /sipse/faces/javax.faces.resource/jquery/jquery-plugins.js?ln=primefaces&v=4.0 HTTP/1.1" 304 -
186.84.149.95 - - [21/Apr/2022:18:23:20 -0500] "GET /sipse/faces/javax.faces.resource/primefaces.js?ln=primefaces&v=4.0 HTTP/1.1" 304 -
186.84.149.95 - - [21/Apr/2022:18:23:20 -0500] "GET /sipse/faces/javax.faces.resource/layout/layout.js?ln=primefaces&v=4.0 HTTP/1.1" 304 -
186.84.149.95 - - [21/Apr/2022:18:23:20 -0500] "GET /sipse/faces/javax.faces.resource/fileupload/fileupload.js?ln=primefaces&v=4.0 HTTP/1.1" 304 -
186.84.149.95 - - [21/Apr/2022:18:23:20 -0500] "GET /sipse/faces/javax.faces.resource/images/ui-icons_898989_256x240.png?ln=primefaces-aristo HTTP/1.1" 304 -
66.249.73.135 - - [21/Apr/2022:18:23:50 -0500] "-" 408 -
201.245.192.253 - - [21/Apr/2022:18:23:08 -0500] "POST /kwsrmcab/Wsrmcab HTTP/1.1" 200 46121
191.95.168.37 - - [21/Apr/2022:18:25:02 -0500] "GET /galeria/galeria/jquery.fancybox.css?v=2.1.5 HTTP/1.1" 200 4895
191.95.168.37 - - [21/Apr/2022:18:25:02 -0500] "GET /galeria/galeria/jquery.fancybox.js?v=2.1.5 HTTP/1.1" 200 48706
191.95.168.37 - - [21/Apr/2022:18:25:03 -0500] "GET /BLA/boletinlegal/js/jquery.scrollShow.js HTTP/1.1" 200 4586
200.118.64.109 - - [21/Apr/2022:18:25:06 -0500] "POST /forms/lservlet;jsessionid=ac16012b30d6f13362d362bd4175bc0f8904ef88e416.e3iSbxaKaheRe34Pbx8NbNySbx10n6jAmljGr5XDqQLvpAe HTTP/1.1" 200 2
172.22.2.4 - - [21/Apr/2022:18:24:31 -0500] "HEAD /BLA/boletinlegal/ HTTP/1.1" 200 -
186.155.13.37 - - [21/Apr/2022:18:26:36 -0500] "GET /BLA/resoluciones/AUTOS%202015/1052.pdf HTTP/1.1" 200 2210866
186.155.13.37 - - [21/Apr/2022:18:26:52 -0500] "GET /BLA/resoluciones/AUTOS HTTP/1.1" 404 1120
172.22.2.4 - - [21/Apr/2022:18:25:21 -0500] "GET /BLA/boletinlegal/ HTTP/1.1" 200 58588
200.118.64.109 - - [21/Apr/2022:18:27:06 -0500] "POST /forms/lservlet;jsessionid=ac16012b30d6f13362d362bd4175bc0f8904ef88e416.e3iSbxaKaheRe34Pbx8NbNySbx10n6jAmljGr5XDqQLvpAe HTTP/1.1" 200 2
216.245.221.92 - - [21/Apr/2022:18:28:00 -0500] "HEAD / HTTP/1.1" 200 -
199.16.157.181 - - [21/Apr/2022:18:28:08 -0500] "-" 408 -
172.22.2.4 - - [21/Apr/2022:18:28:32 -0500] "GET /BLA/boletinlegal/actos.php HTTP/1.1" 200 9559
172.22.2.4 - - [21/Apr/2022:18:28:32 -0500] "GET /BLA/boletinlegal/styles2.css HTTP/1.1" 200 1838
172.22.2.4 - - [21/Apr/2022:18:28:32 -0500] "GET /BLA/boletinlegal/js/ajax_actos.js HTTP/1.1" 200 1322
172.22.2.4 - - [21/Apr/2022:18:28:32 -0500] "GET /BLA/boletinlegal/niceforms-default.css HTTP/1.1" 200 6694
172.22.2.4 - - [21/Apr/2022:18:28:32 -0500] "GET /BLA/boletinlegal/style.css HTTP/1.1" 200 9406
172.22.2.4 - - [21/Apr/2022:18:28:32 -0500] "GET /BLA/boletinlegal/niceforms.js HTTP/1.1" 200 22876
172.22.2.4 - - [21/Apr/2022:18:28:32 -0500] "GET /BLA/boletinlegal/js/lib.js HTTP/1.1" 200 6474
172.22.2.4 - - [21/Apr/2022:18:28:32 -0500] "GET /BLA/boletinlegal/js/popup.js HTTP/1.1" 200 1270
172.22.2.4 - - [21/Apr/2022:18:28:32 -0500] "GET /BLA/boletinlegal/js/jquery1.js HTTP/1.1" 200 29846
172.22.2.4 - - [21/Apr/2022:18:28:32 -0500] "GET /BLA/boletinlegal/images/cabezote%20BLEGAL.jpg HTTP/1.1" 200 118164
172.22.2.4 - - [21/Apr/2022:18:28:32 -0500] "GET /BLA/boletinlegal/images/subscribe-icon-big.png HTTP/1.1" 200 47702
172.22.2.4 - - [21/Apr/2022:18:28:32 -0500] "GET /BLA/boletinlegal/images/historia.png HTTP/1.1" 200 52775
172.22.2.4 - - [21/Apr/2022:18:28:32 -0500] "GET /BLA/boletinlegal/images/registro-usuarios.png HTTP/1.1" 200 8106
172.22.2.4 - - [21/Apr/2022:18:28:32 -0500] "GET /BLA/boletinlegal/images/green-yellow-blue-pink-th.png HTTP/1.1" 200 7394
172.22.2.4 - - [21/Apr/2022:18:28:32 -0500] "GET /BLA/boletinlegal/images/abajo.png HTTP/1.1" 200 96676
172.22.2.4 - - [21/Apr/2022:18:28:32 -0500] "GET /BLA/boletinlegal/images/menu_rght.gif HTTP/1.1" 200 1627
172.22.2.4 - - [21/Apr/2022:18:28:32 -0500] "GET /BLA/boletinlegal/images/body_bg.jpg HTTP/1.1" 200 1601
172.22.2.4 - - [21/Apr/2022:18:28:32 -0500] "GET /BLA/boletinlegal/images/footer_bg.jpg HTTP/1.1" 200 586
172.22.2.4 - - [21/Apr/2022:18:28:32 -0500] "GET /BLA/boletinlegal/images/menu_lft.gif HTTP/1.1" 200 1713
172.22.2.4 - - [21/Apr/2022:18:28:32 -0500] "GET /BLA/boletinlegal/images/menu_bg.jpg HTTP/1.1" 200 620
172.22.2.4 - - [21/Apr/2022:18:28:32 -0500] "GET /BLA/boletinlegal/images/text.jpg HTTP/1.1" 200 568
172.22.2.4 - - [21/Apr/2022:18:28:33 -0500] "GET /BLA/boletinlegal/images/hover.jpg HTTP/1.1" 200 640
172.22.2.4 - - [21/Apr/2022:18:28:33 -0500] "GET /BLA/boletinlegal/images/bg_top.jpg HTTP/1.1" 200 522
172.22.2.4 - - [21/Apr/2022:18:28:33 -0500] "GET /BLA/boletinlegal/images/icono-email.png HTTP/1.1" 200 5544
172.22.2.4 - - [21/Apr/2022:18:28:33 -0500] "GET /BLA/boletinlegal/images/footer_bg_l.jpg HTTP/1.1" 200 776
172.22.2.4 - - [21/Apr/2022:18:28:33 -0500] "GET /BLA/boletinlegal/images/tel.png HTTP/1.1" 200 14477
172.22.2.4 - - [21/Apr/2022:18:28:33 -0500] "GET /BLA/boletinlegal/img/0.png HTTP/1.1" 200 110
172.22.2.4 - - [21/Apr/2022:18:28:33 -0500] "GET /BLA/boletinlegal/img/select-left.png HTTP/1.1" 200 263
172.22.2.4 - - [21/Apr/2022:18:28:33 -0500] "GET /BLA/boletinlegal/img/select-right.png HTTP/1.1" 200 44019
172.22.2.4 - - [21/Apr/2022:18:28:33 -0500] "GET /BLA/boletinlegal/img/button-left.png HTTP/1.1" 200 57071
172.22.2.4 - - [21/Apr/2022:18:28:33 -0500] "GET /BLA/boletinlegal/img/button.png HTTP/1.1" 200 43241
172.22.2.4 - - [21/Apr/2022:18:28:33 -0500] "GET /BLA/boletinlegal/img/button-right.png HTTP/1.1" 200 57878
172.22.2.4 - - [21/Apr/2022:18:28:33 -0500] "GET /BLA/boletinlegal/favicon.ico HTTP/1.1" 404 1326
157.55.39.145 - - [21/Apr/2022:18:28:38 -0500] "GET /BLA/resoluciones/RESOLUCIONES%202019/3111.pdf HTTP/1.1" 200 583489
172.22.2.4 - - [21/Apr/2022:18:28:52 -0500] "GET /BLA/boletinlegal/consulta_actos.php?tipo=autos&no=&usuario=&sector=VERTIMIENTOS&fecha=2022&resuelve=SANCI%D3N HTTP/1.1" 200 8926
172.22.2.4 - - [21/Apr/2022:18:28:52 -0500] "GET /BLA/boletinlegal/images/pdf.gif HTTP/1.1" 200 567
172.22.2.4 - - [21/Apr/2022:18:28:52 -0500] "GET /BLA/boletinlegal/images/background.gif HTTP/1.1" 200 -
181.54.146.7 - - [21/Apr/2022:18:29:03 -0500] "GET /BLA/resoluciones/dlf/unknown.png HTTP/1.1" 200 266
200.118.64.109 - - [21/Apr/2022:18:29:06 -0500] "POST /forms/lservlet;jsessionid=ac16012b30d6f13362d362bd4175bc0f8904ef88e416.e3iSbxaKaheRe34Pbx8NbNySbx10n6jAmljGr5XDqQLvpAe HTTP/1.1" 200 2
181.54.146.7 - - [21/Apr/2022:18:29:02 -0500] "GET /BLA/resoluciones/index.php?dir=AUTOS+2021%2F HTTP/1.1" 200 363307
181.54.146.7 - - [21/Apr/2022:18:29:19 -0500] "GET /BLA/resoluciones/AUTOS%202021/6551.pdf HTTP/1.1" 200 356288
172.22.2.4 - - [21/Apr/2022:18:29:22 -0500] "GET /BLA/boletinlegal/consulta_actos.php?tipo=autos&no=&usuario=&sector=VERTIMIENTOS&fecha=2022&resuelve=SANCI%D3N HTTP/1.1" 200 8926
172.22.2.4 - - [21/Apr/2022:18:29:50 -0500] "GET /BLA/boletinlegal/consulta_actos.php?tipo=autos&no=&usuario=&sector=VERTIMIENTOS&fecha=2022&resuelve=SANCI%D3N HTTP/1.1" 200 8926
172.22.2.4 - - [21/Apr/2022:18:29:51 -0500] "GET /BLA/boletinlegal/consulta_actos.php?tipo=autos&no=&usuario=&sector=VERTIMIENTOS&fecha=2022&resuelve=SANCI%D3N HTTP/1.1" 200 8926
172.22.2.4 - - [21/Apr/2022:18:30:08 -0500] "GET /BLA/boletinlegal/consulta_actos.php?tipo=autos&no=0010&usuario=SOLUCIONES%20AMBIENTALES&sector=VERTIMIENTOS&fecha=2022&resuelve=SANCI%D3N HTTP/1.1" 200 626
49.7.21.73 - - [21/Apr/2022:18:30:28 -0500] "-" 408 -
172.22.2.4 - - [21/Apr/2022:18:30:34 -0500] "GET /BLA/boletinlegal/consulta_actos.php?tipo=autos&no=0010&usuario=SOLUCIONES%20AMBIENTALES&sector=VERTIMIENTOS&fecha=2021&resuelve=SANCI%D3N HTTP/1.1" 200 626
172.22.2.4 - - [21/Apr/2022:18:30:42 -0500] "GET /BLA/boletinlegal/jurisprudencia.php HTTP/1.1" 200 17573
172.22.2.4 - - [21/Apr/2022:18:30:42 -0500] "GET /BLA/boletinlegal/images/sub_ul_li.gif HTTP/1.1" 200 343
172.22.2.4 - - [21/Apr/2022:18:30:42 -0500] "GET /BLA/boletinlegal/images/jurisprudencia.png HTTP/1.1" 200 66721
172.22.2.4 - - [21/Apr/2022:18:31:03 -0500] "GET /BLA/boletinlegal/images/hover.png HTTP/1.1" 200 59469
172.22.2.4 - - [21/Apr/2022:18:31:05 -0500] "GET /BLA/boletinlegal/jurisprudencia/analisis/G__Jurisp.%20Junio%202014_JURISPRUDENIA%2005-10-213%20CERROS%20BOGOTA.docx HTTP/1.1" 404 1344
200.118.64.109 - - [21/Apr/2022:18:31:06 -0500] "POST /forms/lservlet;jsessionid=ac16012b30d6f13362d362bd4175bc0f8904ef88e416.e3iSbxaKaheRe34Pbx8NbNySbx10n6jAmljGr5XDqQLvpAe HTTP/1.1" 200 2
172.22.2.4 - - [21/Apr/2022:18:31:12 -0500] "GET /BLA/boletinlegal/jurisprudencia/analisis/AnalisisT-095-16.docx HTTP/1.1" 200 20284
172.22.2.4 - - [21/Apr/2022:18:31:12 -0500] "GET /BLA/boletinlegal/jurisprudencia/analisis/AnalisisT-095-16.docx HTTP/1.1" 200 20284
172.22.2.4 - - [21/Apr/2022:18:30:21 -0500] "HEAD /BLA/boletinlegal/ HTTP/1.1" 200 -
172.22.2.4 - - [21/Apr/2022:18:32:08 -0500] "GET /BLA/boletinlegal/actos.php HTTP/1.1" 200 9559
172.22.2.4 - - [21/Apr/2022:18:31:11 -0500] "GET /BLA/boletinlegal/ HTTP/1.1" 200 59170
216.245.221.92 - - [21/Apr/2022:18:33:00 -0500] "HEAD / HTTP/1.1" 200 -
201.245.192.253 - - [21/Apr/2022:18:32:18 -0500] "POST /kwsrmcab/Wsrmcab HTTP/1.1" 200 44859
200.118.64.109 - - [21/Apr/2022:18:33:06 -0500] "POST /forms/lservlet;jsessionid=ac16012b30d6f13362d362bd4175bc0f8904ef88e416.e3iSbxaKaheRe34Pbx8NbNySbx10n6jAmljGr5XDqQLvpAe HTTP/1.1" 200 2
201.245.192.253 - - [21/Apr/2022:18:33:05 -0500] "POST /kwsrmcab/Wsrmcab HTTP/1.1" 200 46121
66.220.149.8 - - [21/Apr/2022:18:34:10 -0500] "GET /colombia-en-la-cima-un-vistazo-a-los-ecosistemas-de-superparamo-a-traves-de-los-ojos-del-fotografo-cesar-david-martinez.html?fbclid=IwAR09N-jgpVG6Q2e3oECRRhq2lv4Q7g7EHIpsSeXfRzNvF8oIAz9aZtZyqT8 HTTP/1.1" 200 1076
45.33.80.237 - - [21/Apr/2022:18:34:26 -0500] "GET /galeria/galeria/jquery.fancybox.css?v=2.1.5 HTTP/1.1" 200 4895
45.33.80.237 - - [21/Apr/2022:18:34:26 -0500] "GET /galeria/galeria/jquery.fancybox.js?v=2.1.5 HTTP/1.1" 200 48706
45.33.80.237 - - [21/Apr/2022:18:34:26 -0500] "GET /BLA/boletinlegal/js/jquery.scrollShow.js HTTP/1.1" 200 4586
200.118.64.109 - - [21/Apr/2022:18:35:06 -0500] "POST /forms/lservlet;jsessionid=ac16012b30d6f13362d362bd4175bc0f8904ef88e416.e3iSbxaKaheRe34Pbx8NbNySbx10n6jAmljGr5XDqQLvpAe HTTP/1.1" 200 2
66.249.65.13 - - [21/Apr/2022:18:35:17 -0500] "-" 408 -
186.155.13.37 - - [21/Apr/2022:18:35:31 -0500] "GET /BLA/boletinlegal/style.css HTTP/1.1" 200 9406
186.155.13.37 - - [21/Apr/2022:18:35:31 -0500] "GET /BLA/boletinlegal/styles2.css HTTP/1.1" 200 1838
186.155.13.37 - - [21/Apr/2022:18:35:31 -0500] "GET /BLA/boletinlegal/js/jquery.js HTTP/1.1" 200 57254
186.155.13.37 - - [21/Apr/2022:18:35:31 -0500] "GET /BLA/boletinlegal/js/jquery.scrollTo-min.js HTTP/1.1" 200 1150
186.155.13.37 - - [21/Apr/2022:18:35:31 -0500] "GET /BLA/boletinlegal/js/jquery.scrollShow.js HTTP/1.1" 200 4586
186.155.13.37 - - [21/Apr/2022:18:35:31 -0500] "GET /BLA/boletinlegal/images/cabezote%20BLEGAL.jpg HTTP/1.1" 200 118164
186.155.13.37 - - [21/Apr/2022:18:35:31 -0500] "GET /BLA/boletinlegal/images/subscribe-icon-big.png HTTP/1.1" 200 47702
186.155.13.37 - - [21/Apr/2022:18:35:31 -0500] "GET /BLA/boletinlegal/images/historia.png HTTP/1.1" 200 52775
186.155.13.37 - - [21/Apr/2022:18:35:31 -0500] "GET /BLA/boletinlegal/images/registro-usuarios.png HTTP/1.1" 200 8106
186.155.13.37 - - [21/Apr/2022:18:35:31 -0500] "GET /BLA/boletinlegal/images/arr_l.jpg HTTP/1.1" 200 1979
186.155.13.37 - - [21/Apr/2022:18:35:31 -0500] "GET /BLA/boletinlegal/images/body_bg.jpg HTTP/1.1" 200 1601
186.155.13.37 - - [21/Apr/2022:18:35:31 -0500] "GET /BLA/boletinlegal/images/menu_rght.gif HTTP/1.1" 200 1627
186.155.13.37 - - [21/Apr/2022:18:35:31 -0500] "GET /BLA/boletinlegal/images/menu_lft.gif HTTP/1.1" 200 1713
186.155.13.37 - - [21/Apr/2022:18:35:31 -0500] "GET /BLA/boletinlegal/images/bg_top.jpg HTTP/1.1" 200 522
186.155.13.37 - - [21/Apr/2022:18:35:31 -0500] "GET /BLA/boletinlegal/images/menu_bg.jpg HTTP/1.1" 200 620
186.155.13.37 - - [21/Apr/2022:18:35:31 -0500] "GET /BLA/boletinlegal/images/text.jpg HTTP/1.1" 200 568
186.155.13.37 - - [21/Apr/2022:18:35:31 -0500] "GET /BLA/boletinlegal/images/launch.jpg HTTP/1.1" 200 14577
186.155.13.37 - - [21/Apr/2022:18:35:31 -0500] "GET /BLA/boletinlegal/images/hover.jpg HTTP/1.1" 200 640
186.155.13.37 - - [21/Apr/2022:18:35:31 -0500] "GET /BLA/boletinlegal/images/screen_1.png HTTP/1.1" 200 202547
186.155.13.37 - - [21/Apr/2022:18:35:34 -0500] "GET /BLA/boletinlegal/actos.php HTTP/1.1" 200 9559
186.155.13.37 - - [21/Apr/2022:18:35:34 -0500] "GET /BLA/boletinlegal/js/ajax_actos.js HTTP/1.1" 200 1322
186.155.13.37 - - [21/Apr/2022:18:35:34 -0500] "GET /BLA/boletinlegal/niceforms.js HTTP/1.1" 200 22876
186.155.13.37 - - [21/Apr/2022:18:35:34 -0500] "GET /BLA/boletinlegal/niceforms-default.css HTTP/1.1" 200 6694
186.155.13.37 - - [21/Apr/2022:18:35:34 -0500] "GET /BLA/boletinlegal/js/lib.js HTTP/1.1" 200 6474
186.155.13.37 - - [21/Apr/2022:18:35:34 -0500] "GET /BLA/boletinlegal/js/popup.js HTTP/1.1" 200 1270
186.155.13.37 - - [21/Apr/2022:18:35:34 -0500] "GET /BLA/boletinlegal/js/jquery1.js HTTP/1.1" 200 29846
186.155.13.37 - - [21/Apr/2022:18:35:34 -0500] "GET /BLA/boletinlegal/images/green-yellow-blue-pink-th.png HTTP/1.1" 200 7394
186.155.13.37 - - [21/Apr/2022:18:35:34 -0500] "GET /BLA/boletinlegal/images/abajo.png HTTP/1.1" 200 96676
186.155.13.37 - - [21/Apr/2022:18:35:34 -0500] "GET /BLA/boletinlegal/images/tel.png HTTP/1.1" 200 14477
186.155.13.37 - - [21/Apr/2022:18:35:34 -0500] "GET /BLA/boletinlegal/images/icono-email.png HTTP/1.1" 200 5544
186.155.13.37 - - [21/Apr/2022:18:35:34 -0500] "GET /BLA/boletinlegal/images/footer_bg.jpg HTTP/1.1" 200 586
186.155.13.37 - - [21/Apr/2022:18:35:34 -0500] "GET /BLA/boletinlegal/images/footer_bg_l.jpg HTTP/1.1" 200 776
186.155.13.37 - - [21/Apr/2022:18:35:35 -0500] "GET /BLA/boletinlegal/img/0.png HTTP/1.1" 200 110
186.155.13.37 - - [21/Apr/2022:18:35:35 -0500] "GET /BLA/boletinlegal/img/select-left.png HTTP/1.1" 200 263
186.155.13.37 - - [21/Apr/2022:18:35:35 -0500] "GET /BLA/boletinlegal/img/select-right.png HTTP/1.1" 200 44019
186.155.13.37 - - [21/Apr/2022:18:35:35 -0500] "GET /BLA/boletinlegal/img/button-left.png HTTP/1.1" 200 57071
186.155.13.37 - - [21/Apr/2022:18:35:35 -0500] "GET /BLA/boletinlegal/img/button.png HTTP/1.1" 200 43241
186.155.13.37 - - [21/Apr/2022:18:35:35 -0500] "GET /BLA/boletinlegal/img/button-right.png HTTP/1.1" 200 57878
186.155.13.37 - - [21/Apr/2022:18:35:36 -0500] "GET /BLA/boletinlegal/consulta_actos.php?tipo=autos&no=&usuario=&sector=&fecha=2022&resuelve= HTTP/1.1" 200 36462
186.155.13.37 - - [21/Apr/2022:18:35:37 -0500] "GET /BLA/boletinlegal/images/pdf.gif HTTP/1.1" 200 567
186.155.13.37 - - [21/Apr/2022:18:35:37 -0500] "GET /BLA/boletinlegal/images/background.gif HTTP/1.1" 200 -
186.155.13.37 - - [21/Apr/2022:18:35:31 -0500] "GET /BLA/boletinlegal/ HTTP/1.1" 200 16331
186.155.13.37 - - [21/Apr/2022:18:35:51 -0500] "GET /BLA/boletinlegal/consulta_actos.php?tipo=autos&no=&usuario=&sector=VERTIMIENTOS&fecha=2022&resuelve=SANCI%D3N HTTP/1.1" 200 8926
186.155.13.37 - - [21/Apr/2022:18:36:36 -0500] "GET /BLA/boletinlegal/consulta_actos.php?tipo=autos&no=&usuario=&sector=VERTIMIENTOS&fecha=2021&resuelve=SANCI%D3N HTTP/1.1" 200 221968
172.22.2.4 - - [21/Apr/2022:18:35:16 -0500] "GET /BLA/boletinlegal/ HTTP/1.1" 200 60486
200.118.64.109 - - [21/Apr/2022:18:37:06 -0500] "POST /forms/lservlet;jsessionid=ac16012b30d6f13362d362bd4175bc0f8904ef88e416.e3iSbxaKaheRe34Pbx8NbNySbx10n6jAmljGr5XDqQLvpAe HTTP/1.1" 200 2
172.22.2.4 - - [21/Apr/2022:18:36:11 -0500] "HEAD /BLA/boletinlegal/ HTTP/1.1" 200 -
216.245.221.92 - - [21/Apr/2022:18:38:01 -0500] "HEAD / HTTP/1.1" 200 -
186.155.13.37 - - [21/Apr/2022:18:38:16 -0500] "GET /BLA/resoluciones/AUTOS%202021/5045.pdf HTTP/1.1" 200 361686
172.22.2.4 - - [21/Apr/2022:18:38:34 -0500] "GET /BLA/boletinlegal/actos.php HTTP/1.1" 200 9559
172.22.2.4 - - [21/Apr/2022:18:38:37 -0500] "GET /BLA/boletinlegal/jurisprudencia/analisis/AnalisisC-035-16.docx HTTP/1.1" 200 25011
172.22.2.4 - - [21/Apr/2022:18:37:01 -0500] "GET /BLA/boletinlegal/ HTTP/1.1" 200 57542
172.22.2.4 - - [21/Apr/2022:18:38:48 -0500] "GET /BLA/boletinlegal/consulta_actos.php?tipo=resoluciones&no=&usuario=&sector=&fecha=2022&resuelve=reposici%F3n HTTP/1.1" 200 1119
190.159.20.62 - - [21/Apr/2022:18:38:56 -0500] "GET /BLA/resoluciones/RESOLUCIONES%202022/0031.pdf HTTP/1.1" 200 562548
190.159.20.62 - - [21/Apr/2022:18:38:57 -0500] "GET /BLA/resoluciones/RESOLUCIONES%202022/0031.pdf HTTP/1.1" 206 1025
190.159.20.62 - - [21/Apr/2022:18:38:57 -0500] "GET /BLA/resoluciones/RESOLUCIONES%202022/0031.pdf HTTP/1.1" 200 562548
190.159.20.62 - - [21/Apr/2022:18:38:57 -0500] "GET /BLA/resoluciones/RESOLUCIONES%202022/0031.pdf HTTP/1.1" 206 3072
190.159.20.62 - - [21/Apr/2022:18:38:57 -0500] "GET /BLA/resoluciones/RESOLUCIONES%202022/0031.pdf HTTP/1.1" 206 558451
172.22.2.4 - - [21/Apr/2022:18:39:01 -0500] "GET /BLA/boletinlegal/Circulares/2022/CIRCULAR%20No.%2000003%20DEL%2007%20DE%20MARZO%20DEL%202022.pdf HTTP/1.1" 404 1038
172.22.2.4 - - [21/Apr/2022:18:39:03 -0500] "GET /BLA/boletinlegal/Circulares/2021/CIRCULAR%20No.%2000009%20DEL%2001%20DE%20OCTUBRE%20DEL%202021.pdf HTTP/1.1" 200 320793
200.118.64.109 - - [21/Apr/2022:18:39:06 -0500] "POST /forms/lservlet;jsessionid=ac16012b30d6f13362d362bd4175bc0f8904ef88e416.e3iSbxaKaheRe34Pbx8NbNySbx10n6jAmljGr5XDqQLvpAe HTTP/1.1" 200 2
172.22.2.4 - - [21/Apr/2022:18:39:09 -0500] "GET /BLA/boletinlegal/Circulares/2021/CIRCULAR%20No.%2000007%20DEL%2010%20DE%20AGOSTO%20DEL%202021.pdf HTTP/1.1" 200 266364
172.22.2.4 - - [21/Apr/2022:18:39:16 -0500] "GET /BLA/boletinlegal/Circulares/2021/CIRCULAR%20No.%2000006%20DEL%2005%20DE%20AGOSTO%20DEL%202021.pdf HTTP/1.1" 200 249615
172.22.2.4 - - [21/Apr/2022:18:39:21 -0500] "GET /BLA/boletinlegal/Circulares/2020/Circular%20No.%2000018%20del%2002%20de%20diciembre%20del%202020.pdf HTTP/1.1" 200 276868
172.22.2.4 - - [21/Apr/2022:18:39:27 -0500] "GET /BLA/boletinlegal/Circulares/2020/Circular%2000010%20del%2027%20de%20julio%20de%202020.pdf HTTP/1.1" 200 422655
172.22.2.4 - - [21/Apr/2022:18:39:34 -0500] "GET /BLA/boletinlegal/Circulares/2020/CIRCULAR%20No.%2000019%20DEL%2018%20DE%20DICIEMBRE%20DEL%202020.pdf HTTP/1.1" 200 307959
172.22.2.4 - - [21/Apr/2022:18:39:40 -0500] "GET /BLA/boletinlegal/Circulares/2020/CIRCULAR%20No.%2000014%20del%2001%20de%20septiembre%20del%202020.pdf HTTP/1.1" 200 320826
172.22.2.4 - - [21/Apr/2022:18:39:47 -0500] "GET /BLA/boletinlegal/Circulares/2019/Circular%20No.%2012%20del%2014%20de%20Marzo%20de%202019.pdf HTTP/1.1" 200 344384
172.22.2.4 - - [21/Apr/2022:18:39:54 -0500] "GET /BLA/boletinlegal/Circulares/2019/Circular%20No.%20006%20del%2008%20de%20Febrero%20de%202019.pdf HTTP/1.1" 200 674401
172.22.2.4 - - [21/Apr/2022:18:40:01 -0500] "GET /BLA/boletinlegal/Circulares/2019/Circular%20No.%200015%20del%2003%20de%20Octubre%20de%202019.pdf HTTP/1.1" 200 165608
172.22.2.4 - - [21/Apr/2022:18:40:04 -0500] "GET /BLA/boletinlegal/Circulares/2019/Circular%20No.%200005%20del%2020%20de%20Marzo%20de%202019.pdf HTTP/1.1" 200 159877
172.22.2.4 - - [21/Apr/2022:18:40:08 -0500] "GET /BLA/boletinlegal/Circulares/2019/Circular%20No.%200003%20del%2031%20de%20Enero%20de%202019.pdf HTTP/1.1" 200 164676
172.22.2.4 - - [21/Apr/2022:18:38:28 -0500] "GET /BLA/boletinlegal/ HTTP/1.1" 200 62551
172.22.2.4 - - [21/Apr/2022:18:40:17 -0500] "GET /BLA/boletinlegal/Circulares/2019/Circular%2000020%20del%2020%20de%20diciembre%20de%202019.pdf HTTP/1.1" 200 145170
172.22.2.4 - - [21/Apr/2022:18:40:22 -0500] "GET /BLA/boletinlegal/Circulares/2019/Circular%2000018%20del%2020%20de%20noviembre%20de%202019.pdf HTTP/1.1" 200 158030
186.155.13.37 - - [21/Apr/2022:18:40:26 -0500] "GET /BLA/boletinlegal/consulta_actos.php?tipo=resoluciones&no=&usuario=&sector=VERTIMIENTOS&fecha=2021&resuelve=SANCI%D3N HTTP/1.1" 200 72125
172.22.2.4 - - [21/Apr/2022:18:40:28 -0500] "GET /BLA/boletinlegal/Circulares/2019/.pdf HTTP/1.1" 404 1218
172.22.2.4 - - [21/Apr/2022:18:40:30 -0500] "GET /BLA/boletinlegal/Circulares/2018/Circular%20No.%2011%20del%2024%20de%20Septiembre%20de%202018.pdf HTTP/1.1" 200 169541
172.22.2.4 - - [21/Apr/2022:18:40:32 -0500] "GET /BLA/boletinlegal/actos.php HTTP/1.1" 200 9559
172.22.2.4 - - [21/Apr/2022:18:40:35 -0500] "GET /BLA/boletinlegal/Circulares/2018/Circular%20No.%2010%20del%2021%20de%20Septiembre%20de%202018.pdf HTTP/1.1" 200 163426
172.22.2.4 - - [21/Apr/2022:18:40:39 -0500] "GET /BLA/boletinlegal/Circulares/2018/Circular%20No.%200015%20del%207%20de%20Diciembre%20de%202018.pdf HTTP/1.1" 200 165305
172.22.2.4 - - [21/Apr/2022:18:40:44 -0500] "GET /BLA/boletinlegal/consulta_actos.php?tipo=autos&no=5343&usuario=&sector=&fecha=2014&resuelve= HTTP/1.1" 200 1030
172.22.2.4 - - [21/Apr/2022:18:40:44 -0500] "GET /BLA/boletinlegal/Circulares/2018/CIRCULAR%20COJUNTA%20042%20DE%202018.pdf HTTP/1.1" 200 515008
172.22.2.4 - - [21/Apr/2022:18:40:51 -0500] "GET /BLA/boletinlegal/Circulares/2017/Circular%20No.%202%20del%201%20de%20Septiembre%20de%202017.pdf HTTP/1.1" 200 152575
172.22.2.4 - - [21/Apr/2022:18:40:56 -0500] "GET /BLA/boletinlegal/Circulares/2017/Circular%20No.%201%20del%2030%20de%20Marzo%20de%202017.pdf HTTP/1.1" 200 668532
172.22.2.4 - - [21/Apr/2022:18:40:30 -0500] "GET /BLA/boletinlegal/ HTTP/1.1" 200 24523
200.118.64.109 - - [21/Apr/2022:18:41:07 -0500] "POST /forms/lservlet;jsessionid=ac16012b30d6f13362d362bd4175bc0f8904ef88e416.e3iSbxaKaheRe34Pbx8NbNySbx10n6jAmljGr5XDqQLvpAe HTTP/1.1" 200 2
172.22.2.4 - - [21/Apr/2022:18:41:12 -0500] "GET /BLA/boletinlegal/Circulares/2017/Circular%20No.%2007%20del%2028%20de%20Abril%20de%202017.pdf HTTP/1.1" 200 309906
172.22.2.4 - - [21/Apr/2022:18:41:14 -0500] "GET /BLA/boletinlegal/consulta_actos.php?tipo=resoluciones&no=&usuario=&sector=&fecha=2021&resuelve=reposici%F3n HTTP/1.1" 200 8715
172.22.2.4 - - [21/Apr/2022:18:41:14 -0500] "GET /BLA/boletinlegal/images/background.gif HTTP/1.1" 200 -
186.155.13.37 - - [21/Apr/2022:18:41:16 -0500] "GET /BLA/resoluciones/RESOLUCIONES%202021/2612.pdf HTTP/1.1" 200 779667
172.22.2.4 - - [21/Apr/2022:18:41:18 -0500] "GET /BLA/boletinlegal/Circulares/2017/Circular%20No.%20011%20del%2005%20de%20julio%20de%202017.pdf HTTP/1.1" 200 965526
190.159.20.62 - - [21/Apr/2022:18:41:22 -0500] "GET /BLA/resoluciones/RESOLUCIONES%202021/4004.pdf HTTP/1.1" 200 948603
190.159.20.62 - - [21/Apr/2022:18:41:22 -0500] "GET /BLA/resoluciones/RESOLUCIONES%202021/4004.pdf HTTP/1.1" 200 948603
190.159.20.62 - - [21/Apr/2022:18:41:22 -0500] "GET /BLA/resoluciones/RESOLUCIONES%202021/4004.pdf HTTP/1.1" 206 1025
190.159.20.62 - - [21/Apr/2022:18:41:23 -0500] "GET /BLA/resoluciones/RESOLUCIONES%202021/4004.pdf HTTP/1.1" 206 3072
190.159.20.62 - - [21/Apr/2022:18:41:23 -0500] "GET /BLA/resoluciones/RESOLUCIONES%202021/4004.pdf HTTP/1.1" 206 944506
172.22.2.4 - - [21/Apr/2022:18:41:24 -0500] "GET /BLA/boletinlegal/Circulares/2015/Circular%20No.%202%20del%201%20de%20julio%20de%202015.pdf HTTP/1.1" 200 752890
172.22.2.4 - - [21/Apr/2022:18:41:30 -0500] "GET /BLA/boletinlegal/Circulares/2015/Circular%20No.%201%20del%2010%20de%20Febrero%20de%202015.pdf HTTP/1.1" 200 660637
172.22.2.4 - - [21/Apr/2022:18:41:35 -0500] "GET /BLA/boletinlegal/Circulares/2014/Circular%20No.%203%20del%2014%20de%20Noviembre%20de%202014.pdf HTTP/1.1" 200 104132
172.22.2.4 - - [21/Apr/2022:18:41:43 -0500] "GET /BLA/boletinlegal/Circulares/2014/Circular%20No.%202%20del%2021%20de%20septiembre%20de%202014.pdf HTTP/1.1" 200 143376
66.249.65.15 - - [21/Apr/2022:18:41:45 -0500] "-" 408 -
172.22.2.4 - - [21/Apr/2022:18:41:50 -0500] "GET /BLA/boletinlegal/Circulares/2014/Circular%20No.%201%20del%2008%20de%20Mayo%20de%202014.pdf HTTP/1.1" 200 180124
172.22.2.4 - - [21/Apr/2022:18:41:50 -0500] "GET /BLA/boletinlegal/jurisprudencia/analisis/G__Jurisp.%20Junio%202014_JURISPRUDENIA%2005-10-213%20CERROS%20BOGOTA.docx HTTP/1.1" 404 1038
172.22.2.4 - - [21/Apr/2022:18:41:54 -0500] "GET /BLA/boletinlegal/Circulares/2013/Circular%20No.%208%20del%201%20de%20Noviembre%20de%202013.pdf HTTP/1.1" 200 385156
207.46.13.115 - - [21/Apr/2022:18:41:56 -0500] "GET /BLA/resoluciones/AUTOS%202021/5045.pdf HTTP/1.1" 200 361686
172.22.2.4 - - [21/Apr/2022:18:42:01 -0500] "GET /BLA/boletinlegal/Circulares/2013/Circular%20No.%207%20del%201%20de%20Agosto%20de%202013.pdf HTTP/1.1" 200 340934
172.22.2.4 - - [21/Apr/2022:18:42:08 -0500] "GET /BLA/boletinlegal/Circulares/2013/Circular%20No.%206%20del%2019%20de%20julio%20de%202013.pdf HTTP/1.1" 200 4210437
172.22.2.4 - - [21/Apr/2022:18:42:27 -0500] "GET /BLA/boletinlegal/Circulares/2013/Circular%20No.%205%20del%2013%20de%20junio%20de%202013.pdf HTTP/1.1" 200 110904
172.22.2.4 - - [21/Apr/2022:18:42:33 -0500] "GET /BLA/boletinlegal/Circulares/2013/Circular%20No.%204%20del%2005%20de%20junio%20de%202013.pdf HTTP/1.1" 200 130461
172.22.2.4 - - [21/Apr/2022:18:42:38 -0500] "GET /BLA/boletinlegal/Circulares/2013/Circular%20No.%203%20del%2005%20de%20abril%20de%202013.pdf HTTP/1.1" 200 93580
172.22.2.4 - - [21/Apr/2022:18:42:42 -0500] "GET /BLA/boletinlegal/Circulares/2013/Circular%20No.%202%20del%2022%20de%20enero%20de%202013.pdf HTTP/1.1" 200 85466
172.22.2.4 - - [21/Apr/2022:18:42:46 -0500] "GET /BLA/boletinlegal/Circulares/2013/Circular%20No.%201%20del%2014%20de%20enero%20de%202013.pdf HTTP/1.1" 200 1298384
172.22.2.4 - - [21/Apr/2022:18:42:52 -0500] "GET /BLA/boletinlegal/Circulares/2012/Circular%20No.%209%20del%2021%20de%20Agosto%20de%202012.pdf HTTP/1.1" 200 1402289
45.79.204.46 - - [21/Apr/2022:18:42:58 -0500] "GET /catalog-portal/ui HTTP/1.1" 404 1018
172.22.2.4 - - [21/Apr/2022:18:43:00 -0500] "GET /BLA/boletinlegal/Circulares/2012/Circular%20No.%208%20del%2021%20de%20Agosto%20de%202012.pdf HTTP/1.1" 200 963197
216.245.221.92 - - [21/Apr/2022:18:43:00 -0500] "HEAD / HTTP/1.1" 200 -
172.22.2.4 - - [21/Apr/2022:18:43:06 -0500] "GET /BLA/boletinlegal/robots.txt HTTP/1.1" 404 1038
201.245.192.253 - - [21/Apr/2022:18:42:18 -0500] "POST /kwsrmcab/Wsrmcab HTTP/1.1" 200 44859
200.118.64.109 - - [21/Apr/2022:18:43:07 -0500] "POST /forms/lservlet;jsessionid=ac16012b30d6f13362d362bd4175bc0f8904ef88e416.e3iSbxaKaheRe34Pbx8NbNySbx10n6jAmljGr5XDqQLvpAe HTTP/1.1" 200 2
172.22.2.4 - - [21/Apr/2022:18:43:08 -0500] "GET /BLA/boletinlegal/Circulares/2012/Circular%20No.%207%20del%2008%20de%20Agosto%20de%202012.pdf HTTP/1.1" 200 972955
172.22.2.4 - - [21/Apr/2022:18:43:14 -0500] "GET /BLA/boletinlegal/Circulares/2012/Circular%20No.%206%20del%2025%20de%20Mayo%20de%202012.pdf HTTP/1.1" 200 387391
172.22.2.4 - - [21/Apr/2022:18:43:19 -0500] "GET /BLA/boletinlegal/Circulares/2012/Circular%20No.%205%20del%2027%20de%20Abril%20de%202012.pdf HTTP/1.1" 200 216613
172.22.2.4 - - [21/Apr/2022:18:43:24 -0500] "GET /BLA/boletinlegal/Circulares/2012/Circular%20No.%204%20del%2019%20de%20abril%20de%202012.pdf HTTP/1.1" 200 253045
172.22.2.4 - - [21/Apr/2022:18:43:30 -0500] "GET /BLA/boletinlegal/Circulares/2012/Circular%20No.%203%20del%2023%20de%20Marzo%20de%202012.pdf HTTP/1.1" 200 572950
172.22.2.4 - - [21/Apr/2022:18:43:36 -0500] "GET /BLA/boletinlegal/Circulares/2012/Circular%20No.%202%20del%2014%20de%20Marzo%20de%202012.pdf HTTP/1.1" 200 113666
172.22.2.4 - - [21/Apr/2022:18:42:00 -0500] "HEAD /BLA/boletinlegal/ HTTP/1.1" 200 -
172.22.2.4 - - [21/Apr/2022:18:43:42 -0500] "GET /BLA/boletinlegal/Circulares/2012/Circular%20No.%2016%20del%2022%20de%20octubre%20de%202012.pdf HTTP/1.1" 200 381186
172.22.2.4 - - [21/Apr/2022:18:43:47 -0500] "GET /BLA/boletinlegal/Circulares/2012/Circular%20No.%2015%20del%2022%20de%20octubre%20de%202012.pdf HTTP/1.1" 200 486506
172.22.2.4 - - [21/Apr/2022:18:43:53 -0500] "GET /BLA/boletinlegal/Circulares/2012/Circular%20No.%2014%20del%2011%20de%20Septiembre%20de%202012.pdf HTTP/1.1" 200 3427471
201.245.192.253 - - [21/Apr/2022:18:43:07 -0500] "POST /kwsrmcab/Wsrmcab HTTP/1.1" 200 46121
172.22.2.4 - - [21/Apr/2022:18:43:59 -0500] "GET /BLA/boletinlegal/Circulares/2012/Circular%20No.%2013%20del%2006%20de%20Septiembre%20de%202012.pdf HTTP/1.1" 200 351421
190.159.20.62 - - [21/Apr/2022:18:44:01 -0500] "GET /BLA/resoluciones/RESOLUCIONES%202021/3995.pdf HTTP/1.1" 200 440871
190.159.20.62 - - [21/Apr/2022:18:44:01 -0500] "GET /BLA/resoluciones/RESOLUCIONES%202021/3995.pdf HTTP/1.1" 206 1025
190.159.20.62 - - [21/Apr/2022:18:44:01 -0500] "GET /BLA/resoluciones/RESOLUCIONES%202021/3995.pdf HTTP/1.1" 200 440871
190.159.20.62 - - [21/Apr/2022:18:44:02 -0500] "GET /BLA/resoluciones/RESOLUCIONES%202021/3995.pdf HTTP/1.1" 206 3072
190.159.20.62 - - [21/Apr/2022:18:44:02 -0500] "GET /BLA/resoluciones/RESOLUCIONES%202021/3995.pdf HTTP/1.1" 206 436774
172.22.2.4 - - [21/Apr/2022:18:44:04 -0500] "GET /BLA/boletinlegal/Circulares/2012/Circular%20No.%2012%20del%2028%20de%20Agosto%20de%202012.pdf HTTP/1.1" 200 369945
172.22.2.4 - - [21/Apr/2022:18:44:11 -0500] "GET /BLA/boletinlegal/Circulares/2012/Circular%20No.%2011%20del%2027%20de%20Agosto%20de%202012.pdf HTTP/1.1" 200 526945
172.22.2.4 - - [21/Apr/2022:18:44:18 -0500] "GET /BLA/boletinlegal/Circulares/2012/Circular%20No.%2010%20del%2026%20de%20Enero%20de%202012.pdf HTTP/1.1" 404 1218
172.22.2.4 - - [21/Apr/2022:18:44:20 -0500] "GET /BLA/boletinlegal/Circulares/2012/Circular%20No.%2010%20del%2022%20de%20Agosto%20de%202012.pdf HTTP/1.1" 200 1563219
172.22.2.4 - - [21/Apr/2022:18:44:25 -0500] "GET /BLA/boletinlegal/Circulares/2012/Circular%20No.%201%20del%2017%20de%20Enero%20de%202012.pdf HTTP/1.1" 200 1118749
172.22.2.4 - - [21/Apr/2022:18:42:51 -0500] "GET /BLA/boletinlegal/ HTTP/1.1" 200 58588
172.22.2.4 - - [21/Apr/2022:18:44:33 -0500] "GET /BLA/boletinlegal/Circulares/2011/Circular%20No.%209%20del%2003%20de%20Noviembre%20de%202011.pdf HTTP/1.1" 200 54568
172.22.2.4 - - [21/Apr/2022:18:44:39 -0500] "GET /BLA/boletinlegal/Circulares/2011/Circular%20No.%208%20del%2020%20de%20Septiembre%20de%202011.pdf HTTP/1.1" 200 285158
190.159.20.62 - - [21/Apr/2022:18:44:43 -0500] "GET /BLA/resoluciones/RESOLUCIONES%202021/3975.pdf HTTP/1.1" 200 408984
190.159.20.62 - - [21/Apr/2022:18:44:44 -0500] "GET /BLA/resoluciones/RESOLUCIONES%202021/3975.pdf HTTP/1.1" 206 1025
190.159.20.62 - - [21/Apr/2022:18:44:44 -0500] "GET /BLA/resoluciones/RESOLUCIONES%202021/3975.pdf HTTP/1.1" 200 408984
190.159.20.62 - - [21/Apr/2022:18:44:44 -0500] "GET /BLA/resoluciones/RESOLUCIONES%202021/3975.pdf HTTP/1.1" 206 3072
190.159.20.62 - - [21/Apr/2022:18:44:44 -0500] "GET /BLA/resoluciones/RESOLUCIONES%202021/3975.pdf HTTP/1.1" 206 404887
172.22.2.4 - - [21/Apr/2022:18:44:47 -0500] "GET /BLA/boletinlegal/Circulares/2011/Circular%20No.%207%20del%2023%20de%20Diciembre%20de%202011.pdf HTTP/1.1" 200 1107785
172.22.2.4 - - [21/Apr/2022:18:44:56 -0500] "GET /BLA/boletinlegal/Circulares/2011/Circular%20No.%207%20del%2015%20de%20Septiembre%20de%202011.pdf HTTP/1.1" 200 314873
172.22.2.4 - - [21/Apr/2022:18:45:03 -0500] "GET /BLA/boletinlegal/Circulares/2011/Circular%20No.%206%20del%2029%20de%20Julio%20de%202011.pdf HTTP/1.1" 200 262144
200.118.64.109 - - [21/Apr/2022:18:45:07 -0500] "POST /forms/lservlet;jsessionid=ac16012b30d6f13362d362bd4175bc0f8904ef88e416.e3iSbxaKaheRe34Pbx8NbNySbx10n6jAmljGr5XDqQLvpAe HTTP/1.1" 200 2
172.22.2.4 - - [21/Apr/2022:18:45:13 -0500] "GET /BLA/boletinlegal/Circulares/2011/Circular%20No.%206%20del%2023%20de%20Septiembre%20de%202011.pdf HTTP/1.1" 200 252800
172.22.2.4 - - [21/Apr/2022:18:45:18 -0500] "GET /BLA/boletinlegal/Circulares/2011/Circular%20No.%205%20del%2014%20de%20Julio%20de%202011.pdf HTTP/1.1" 200 1488992
172.22.2.4 - - [21/Apr/2022:18:45:24 -0500] "GET /BLA/boletinlegal/Circulares/2011/Circular%20No.%205%20del%2012%20de%20Agosto%20de%202011.pdf HTTP/1.1" 200 431796
172.22.2.4 - - [21/Apr/2022:18:45:34 -0500] "GET /BLA/boletinlegal/Circulares/2011/Circular%20No.%204%20del%2014%20de%20Julio%20de%202011.pdf HTTP/1.1" 200 399895
172.22.2.4 - - [21/Apr/2022:18:45:42 -0500] "GET /BLA/boletinlegal/Circulares/2011/Circular%20No.%204%20del%2012%20de%20Agosto%20de%202011.pdf HTTP/1.1" 200 601047
172.22.2.4 - - [21/Apr/2022:18:45:51 -0500] "GET /BLA/boletinlegal/Circulares/2011/Circular%20No.%203%20del%2023%20de%20Junio%20de%202011.pdf HTTP/1.1" 200 1452758
172.22.2.4 - - [21/Apr/2022:18:45:57 -0500] "GET /BLA/boletinlegal/Circulares/2011/Circular%20No.%203%20del%2016%20de%20Junio%20de%202011.pdf HTTP/1.1" 200 346378
172.22.2.4 - - [21/Apr/2022:18:46:57 -0500] "GET /BLA/boletinlegal/consulta_actos.php?tipo=autos&no=0073&usuario=&sector=&fecha=2013&resuelve= HTTP/1.1" 200 1041
186.31.130.206 - - [21/Apr/2022:18:47:03 -0500] "GET /BLA/resoluciones/ HTTP/1.1" 200 13093
200.118.64.109 - - [21/Apr/2022:18:47:07 -0500] "POST /forms/lservlet;jsessionid=ac16012b30d6f13362d362bd4175bc0f8904ef88e416.e3iSbxaKaheRe34Pbx8NbNySbx10n6jAmljGr5XDqQLvpAe HTTP/1.1" 200 2
186.31.130.206 - - [21/Apr/2022:18:47:08 -0500] "GET /BLA/resoluciones/index.php?dir=AUTOS+2013%2F HTTP/1.1" 200 405635
186.155.13.37 - - [21/Apr/2022:18:47:39 -0500] "GET /BLA/boletinlegal/consulta_actos.php?tipo=resoluciones&no=&usuario=&sector=VERTIMIENTOS&fecha=2021&resuelve=SANCIONAR HTTP/1.1" 200 626
186.155.13.37 - - [21/Apr/2022:18:47:54 -0500] "GET /BLA/boletinlegal/consulta_actos.php?tipo=resoluciones&no=&usuario=&sector=VERTIMIENTOS&fecha=2021&resuelve=IMPONER%20SANCI%D3N HTTP/1.1" 200 626
216.245.221.92 - - [21/Apr/2022:18:48:00 -0500] "HEAD / HTTP/1.1" 200 -
186.155.13.37 - - [21/Apr/2022:18:48:01 -0500] "GET /BLA/boletinlegal/consulta_actos.php?tipo=resoluciones&no=&usuario=&sector=VERTIMIENTOS&fecha=2021&resuelve=IMPONER%20SANCI%D3N HTTP/1.1" 200 626
186.155.13.37 - - [21/Apr/2022:18:48:05 -0500] "GET /BLA/boletinlegal/consulta_actos.php?tipo=resoluciones&no=&usuario=&sector=VERTIMIENTOS&fecha=2021&resuelve=IMPONER%20 HTTP/1.1" 200 626
186.155.13.37 - - [21/Apr/2022:18:48:07 -0500] "GET /BLA/boletinlegal/consulta_actos.php?tipo=resoluciones&no=&usuario=&sector=VERTIMIENTOS&fecha=2021&resuelve=IMPONER%20 HTTP/1.1" 200 626
186.155.13.37 - - [21/Apr/2022:18:48:14 -0500] "GET /BLA/boletinlegal/consulta_actos.php?tipo=resoluciones&no=&usuario=&sector=VERTIMIENTOS&fecha=2021&resuelve=SANCI%D3N%20 HTTP/1.1" 200 626
186.155.13.37 - - [21/Apr/2022:18:48:16 -0500] "GET /BLA/boletinlegal/consulta_actos.php?tipo=resoluciones&no=&usuario=&sector=VERTIMIENTOS&fecha=2021&resuelve=SANCI%D3N%20 HTTP/1.1" 200 626
186.155.13.37 - - [21/Apr/2022:18:48:30 -0500] "GET /BLA/boletinlegal/consulta_actos.php?tipo=resoluciones&no=&usuario=&sector=VERTIMIENTOS&fecha=2021&resuelve=IMPONER%20SANCI%D3N%20 HTTP/1.1" 200 626
186.155.13.37 - - [21/Apr/2022:18:48:31 -0500] "GET /BLA/boletinlegal/consulta_actos.php?tipo=resoluciones&no=&usuario=&sector=VERTIMIENTOS&fecha=2021&resuelve=IMPONER%20SANCI%D3N%20 HTTP/1.1" 200 626
186.155.13.37 - - [21/Apr/2022:18:48:41 -0500] "GET /BLA/boletinlegal/consulta_actos.php?tipo=resoluciones&no=&usuario=&sector=VERTIMIENTOS&fecha=2021&resuelve=SANCION%20 HTTP/1.1" 200 626
186.155.13.37 - - [21/Apr/2022:18:48:50 -0500] "GET /BLA/boletinlegal/consulta_actos.php?tipo=resoluciones&no=&usuario=&sector=VERTIMIENTOS&fecha=2021&resuelve=SANCION%20 HTTP/1.1" 200 626
186.155.13.37 - - [21/Apr/2022:18:48:52 -0500] "GET /BLA/resoluciones/ HTTP/1.1" 200 13093
186.155.13.37 - - [21/Apr/2022:18:48:53 -0500] "GET /BLA/resoluciones/dlf/styles.css HTTP/1.1" 200 3049
186.155.13.37 - - [21/Apr/2022:18:48:53 -0500] "GET /BLA/resoluciones/dlf/folder.png HTTP/1.1" 200 410
186.155.13.37 - - [21/Apr/2022:18:48:53 -0500] "GET /BLA/resoluciones/dlf/bg.gif HTTP/1.1" 200 54
186.155.13.37 - - [21/Apr/2022:18:48:59 -0500] "GET /BLA/resoluciones/dlf/dirup.png HTTP/1.1" 200 644
186.155.13.37 - - [21/Apr/2022:18:48:59 -0500] "GET /BLA/resoluciones/dlf/pdf.gif HTTP/1.1" 200 272
186.155.13.37 - - [21/Apr/2022:18:48:59 -0500] "GET /BLA/resoluciones/dlf/unknown.png HTTP/1.1" 200 266
186.155.13.37 - - [21/Apr/2022:18:48:59 -0500] "GET /BLA/resoluciones/index.php?dir=AUTOS+2021%2F HTTP/1.1" 200 363307
186.155.13.37 - - [21/Apr/2022:18:49:04 -0500] "GET /BLA/resoluciones/AUTOS%202021/0001.pdf HTTP/1.1" 200 392909
200.118.64.109 - - [21/Apr/2022:18:49:07 -0500] "POST /forms/lservlet;jsessionid=ac16012b30d6f13362d362bd4175bc0f8904ef88e416.e3iSbxaKaheRe34Pbx8NbNySbx10n6jAmljGr5XDqQLvpAe HTTP/1.1" 200 2
172.22.2.4 - - [21/Apr/2022:18:47:30 -0500] "GET /BLA/boletinlegal/ HTTP/1.1" 200 54090
66.249.65.13 - - [21/Apr/2022:18:49:10 -0500] "-" 408 -
186.155.13.37 - - [21/Apr/2022:18:49:11 -0500] "GET /BLA/resoluciones/ HTTP/1.1" 200 13093
186.155.13.37 - - [21/Apr/2022:18:49:22 -0500] "GET /BLA/resoluciones/index.php?dir=AUTOS+2021%2F HTTP/1.1" 200 363307
186.155.13.37 - - [21/Apr/2022:18:49:25 -0500] "GET /BLA/resoluciones/AUTOS%202021/0109.pdf HTTP/1.1" 200 402085
172.22.2.4 - - [21/Apr/2022:18:47:51 -0500] "HEAD /BLA/boletinlegal/ HTTP/1.1" 200 -
186.155.13.37 - - [21/Apr/2022:18:49:36 -0500] "GET /BLA/resoluciones/ HTTP/1.1" 200 13093
186.155.13.37 - - [21/Apr/2022:18:49:40 -0500] "GET /BLA/resoluciones/index.php?dir=Decretos%2F HTTP/1.1" 200 6804
186.155.13.37 - - [21/Apr/2022:18:49:51 -0500] "GET /BLA/resoluciones/index.php?dir=Decretos/&sort=name&order=desc HTTP/1.1" 200 6803
186.155.13.37 - - [21/Apr/2022:18:49:53 -0500] "GET /BLA/resoluciones/index.php?dir=Decretos/&sort=name&order=asc HTTP/1.1" 200 6804
186.155.13.37 - - [21/Apr/2022:18:49:56 -0500] "GET /BLA/resoluciones/index.php HTTP/1.1" 200 13093
186.155.13.37 - - [21/Apr/2022:18:50:00 -0500] "GET /BLA/resoluciones/index.php?dir=AUTOS+2021%2F HTTP/1.1" 200 363307
186.155.13.37 - - [21/Apr/2022:18:50:03 -0500] "GET /BLA/resoluciones/AUTOS%202021/0126.pdf HTTP/1.1" 200 448608
172.22.2.4 - - [21/Apr/2022:18:48:41 -0500] "GET /BLA/boletinlegal/ HTTP/1.1" 200 54457
186.155.15.188 - - [21/Apr/2022:18:50:48 -0500] "GET /documents/10184/2325415/pieza-concurso-buenas-practicas-20-septiembre.jpg HTTP/1.1" 404 1030
200.118.64.109 - - [21/Apr/2022:18:51:07 -0500] "POST /forms/lservlet;jsessionid=ac16012b30d6f13362d362bd4175bc0f8904ef88e416.e3iSbxaKaheRe34Pbx8NbNySbx10n6jAmljGr5XDqQLvpAe HTTP/1.1" 200 2
186.155.13.37 - - [21/Apr/2022:18:51:21 -0500] "GET /BLA/boletinlegal/consulta_actos.php?tipo=resoluciones&no=&usuario=&sector=VERTIMIENTOS&fecha=2019&resuelve=SANCION%20 HTTP/1.1" 200 626
186.155.13.37 - - [21/Apr/2022:18:51:21 -0500] "GET /BLA/boletinlegal/consulta_actos.php?tipo=resoluciones&no=&usuario=&sector=VERTIMIENTOS&fecha=2019&resuelve=SANCION%20 HTTP/1.1" 200 626
49.7.21.73 - - [21/Apr/2022:18:51:26 -0500] "-" 408 -
186.155.13.37 - - [21/Apr/2022:18:51:29 -0500] "GET /BLA/resoluciones/ HTTP/1.1" 200 13093
186.155.13.37 - - [21/Apr/2022:18:51:34 -0500] "GET /BLA/resoluciones/index.php?dir=Notificaciones%2F HTTP/1.1" 200 9905
186.155.13.37 - - [21/Apr/2022:18:51:39 -0500] "GET /BLA/resoluciones/index.php?dir=Notificaciones%2FAUTOS+2021%2F HTTP/1.1" 200 184734
186.155.13.37 - - [21/Apr/2022:18:51:41 -0500] "GET /BLA/resoluciones/Notificaciones/AUTOS%202021/0020.pdf HTTP/1.1" 200 354813
216.245.221.92 - - [21/Apr/2022:18:53:00 -0500] "HEAD / HTTP/1.1" 200 -
200.118.64.109 - - [21/Apr/2022:18:53:07 -0500] "POST /forms/lservlet;jsessionid=ac16012b30d6f13362d362bd4175bc0f8904ef88e416.e3iSbxaKaheRe34Pbx8NbNySbx10n6jAmljGr5XDqQLvpAe HTTP/1.1" 200 2
66.249.65.13 - - [21/Apr/2022:18:55:06 -0500] "-" 408 -
200.118.64.109 - - [21/Apr/2022:18:55:08 -0500] "POST /forms/lservlet;jsessionid=ac16012b30d6f13362d362bd4175bc0f8904ef88e416.e3iSbxaKaheRe34Pbx8NbNySbx10n6jAmljGr5XDqQLvpAe HTTP/1.1" 200 2
172.22.2.4 - - [21/Apr/2022:18:53:40 -0500] "HEAD /BLA/boletinlegal/ HTTP/1.1" 200 -
186.86.32.227 - - [21/Apr/2022:18:55:56 -0500] "GET /dia-internacional-de-la-tierra-actividades-para-celebrar-esta-fecha-en-bogota.html?fbclid=IwAR1MMPXpCcYw4G9iafre9o9701hWVHv97PxKv6dcWoPttbER_zVYZLR06Bs HTTP/1.1" 200 879
172.22.2.4 - - [21/Apr/2022:18:54:31 -0500] "GET /BLA/boletinlegal/ HTTP/1.1" 200 61416
200.118.64.109 - - [21/Apr/2022:18:57:08 -0500] "POST /forms/lservlet;jsessionid=ac16012b30d6f13362d362bd4175bc0f8904ef88e416.e3iSbxaKaheRe34Pbx8NbNySbx10n6jAmljGr5XDqQLvpAe HTTP/1.1" 200 2
172.22.2.4 - - [21/Apr/2022:18:57:31 -0500] "GET /BLA/boletinlegal/jurisprudencia/analisis/G__Jurisp.%20Junio%202014_JURISPRUDENIA%2005-10-213%20CERROS%20BOGOTA.docx HTTP/1.1" 404 1038
207.46.13.82 - - [21/Apr/2022:18:57:35 -0500] "GET /BLA/resoluciones/AUTOS%202021/0109.pdf HTTP/1.1" 200 402085
207.46.13.115 - - [21/Apr/2022:18:57:38 -0500] "GET /BLA/resoluciones/index.php?dir=Decretos/&sort=name&order=desc HTTP/1.1" 200 6803
40.77.139.10 - - [21/Apr/2022:18:57:40 -0500] "GET /BLA/resoluciones/dlf/styles.css HTTP/1.1" 200 3049
207.46.13.115 - - [21/Apr/2022:18:57:40 -0500] "GET /BLA/resoluciones/AUTOS%202021/0126.pdf HTTP/1.1" 200 448608
157.55.39.145 - - [21/Apr/2022:18:57:40 -0500] "GET /BLA/resoluciones/AUTOS%202021/0001.pdf HTTP/1.1" 200 392909
216.245.221.92 - - [21/Apr/2022:18:58:00 -0500] "HEAD / HTTP/1.1" 200 -
200.118.64.109 - - [21/Apr/2022:18:59:08 -0500] "POST /forms/lservlet;jsessionid=ac16012b30d6f13362d362bd4175bc0f8904ef88e416.e3iSbxaKaheRe34Pbx8NbNySbx10n6jAmljGr5XDqQLvpAe HTTP/1.1" 200 2
172.22.2.4 - - [21/Apr/2022:18:59:24 -0500] "GET /BLA/boletinlegal/ HTTP/1.1" 200 28619
172.22.2.4 - - [21/Apr/2022:18:59:24 -0500] "GET /BLA/boletinlegal/ HTTP/1.1" 200 32715
172.22.2.4 - - [21/Apr/2022:18:59:25 -0500] "GET /BLA/boletinlegal/ HTTP/1.1" 200 32715
172.22.2.4 - - [21/Apr/2022:18:59:23 -0500] "GET /BLA/boletinlegal/ HTTP/1.1" 200 32715
200.118.64.109 - - [21/Apr/2022:19:01:08 -0500] "POST /forms/lservlet;jsessionid=ac16012b30d6f13362d362bd4175bc0f8904ef88e416.e3iSbxaKaheRe34Pbx8NbNySbx10n6jAmljGr5XDqQLvpAe HTTP/1.1" 200 2
172.22.2.4 - - [21/Apr/2022:18:59:30 -0500] "HEAD /BLA/boletinlegal/ HTTP/1.1" 200 -
172.22.2.4 - - [21/Apr/2022:19:00:50 -0500] "GET /BLA/boletinlegal/ HTTP/1.1" 200 24523
66.249.65.13 - - [21/Apr/2022:19:01:40 -0500] "-" 408 -
186.84.90.179 - - [21/Apr/2022:19:01:43 -0500] "GET /dia-internacional-de-la-tierra-actividades-para-celebrar-esta-fecha-en-bogota.html HTTP/1.1" 200 879
172.22.2.4 - - [21/Apr/2022:19:00:21 -0500] "GET /BLA/boletinlegal/ HTTP/1.1" 200 53739
216.245.221.92 - - [21/Apr/2022:19:03:00 -0500] "HEAD / HTTP/1.1" 200 -
200.118.64.109 - - [21/Apr/2022:19:03:09 -0500] "POST /forms/lservlet;jsessionid=ac16012b30d6f13362d362bd4175bc0f8904ef88e416.e3iSbxaKaheRe34Pbx8NbNySbx10n6jAmljGr5XDqQLvpAe HTTP/1.1" 200 2
181.53.13.253 - - [21/Apr/2022:19:03:38 -0500] "GET /si-tienes-entre-14-y-25-anos-y-quieres-participar-inscribete-a-la-convocatoria-de-lideres-juveniles-para-la-cumbre-de-alcaldes-c40-2022.html HTTP/1.1" 200 1141
172.22.2.4 - - [21/Apr/2022:19:02:36 -0500] "GET /BLA/boletinlegal/ HTTP/1.1" 200 36811
200.118.64.109 - - [21/Apr/2022:19:05:09 -0500] "POST /forms/lservlet;jsessionid=ac16012b30d6f13362d362bd4175bc0f8904ef88e416.e3iSbxaKaheRe34Pbx8NbNySbx10n6jAmljGr5XDqQLvpAe HTTP/1.1" 200 2
172.22.2.4 - - [21/Apr/2022:19:05:27 -0500] "GET /BLA/boletinlegal/images/screen_1.png HTTP/1.1" 200 202547
172.22.2.4 - - [21/Apr/2022:19:05:29 -0500] "GET /BLA/boletinlegal/js/jquery.js HTTP/1.1" 200 57254
172.22.2.4 - - [21/Apr/2022:19:05:32 -0500] "GET /BLA/boletinlegal/images/arr_l.jpg HTTP/1.1" 200 1979
172.22.2.4 - - [21/Apr/2022:19:05:32 -0500] "GET /BLA/boletinlegal/style.css HTTP/1.1" 200 9406
172.22.2.4 - - [21/Apr/2022:19:05:33 -0500] "GET /BLA/boletinlegal/images/screen_2.png HTTP/1.1" 200 362502
172.22.2.4 - - [21/Apr/2022:19:05:34 -0500] "GET /BLA/boletinlegal/images/cabezote%20BLEGAL.jpg HTTP/1.1" 200 118164
172.22.2.4 - - [21/Apr/2022:19:05:35 -0500] "GET /BLA/boletinlegal/styles2.css HTTP/1.1" 200 1838
172.22.2.4 - - [21/Apr/2022:19:05:37 -0500] "GET /BLA/boletinlegal/images/screen_3.png HTTP/1.1" 200 210620
172.22.2.4 - - [21/Apr/2022:19:05:44 -0500] "GET /BLA/boletinlegal/images/launch.jpg HTTP/1.1" 200 14577
172.22.2.4 - - [21/Apr/2022:19:05:46 -0500] "GET /BLA/boletinlegal/images/screen_5.png HTTP/1.1" 200 368876
172.22.2.4 - - [21/Apr/2022:19:05:49 -0500] "GET /BLA/boletinlegal/js/jquery.scrollShow.js HTTP/1.1" 200 4586
172.22.2.4 - - [21/Apr/2022:19:05:52 -0500] "GET /BLA/boletinlegal/js/jquery.scrollTo-min.js HTTP/1.1" 200 1150
181.51.34.160 - - [21/Apr/2022:19:06:54 -0500] "GET /galeria/galeria/jquery.fancybox.css?v=2.1.5 HTTP/1.1" 200 4895
181.51.34.160 - - [21/Apr/2022:19:06:54 -0500] "GET /BLA/boletinlegal/js/jquery.scrollShow.js HTTP/1.1" 200 4586
181.51.34.160 - - [21/Apr/2022:19:06:54 -0500] "GET /galeria/galeria/jquery.fancybox.js?v=2.1.5 HTTP/1.1" 200 48706
172.22.2.4 - - [21/Apr/2022:19:05:20 -0500] "HEAD /BLA/boletinlegal/ HTTP/1.1" 200 -
79.110.73.188 - - [21/Apr/2022:19:07:02 -0500] "GET /BLA/resoluciones/AUTOS%202019/2913.pdf HTTP/1.1" 200 342790
186.154.24.21 - - [21/Apr/2022:19:07:08 -0500] "GET /BLA/resoluciones/ HTTP/1.1" 200 13093
200.118.64.109 - - [21/Apr/2022:19:07:09 -0500] "POST /forms/lservlet;jsessionid=ac16012b30d6f13362d362bd4175bc0f8904ef88e416.e3iSbxaKaheRe34Pbx8NbNySbx10n6jAmljGr5XDqQLvpAe HTTP/1.1" 200 2
172.22.2.4 - - [21/Apr/2022:19:07:14 -0500] "GET /BLA/boletinlegal/consulta_actos.php?tipo=autos&no=&usuario=&sector=&fecha=2022&resuelve=inicio HTTP/1.1" 200 20854
172.22.2.4 - - [21/Apr/2022:19:07:14 -0500] "GET /BLA/boletinlegal/images/background.gif HTTP/1.1" 200 -
186.154.24.21 - - [21/Apr/2022:19:07:38 -0500] "GET /BLA/resoluciones/AUTOS%202022/1003.pdf HTTP/1.1" 200 418741
172.22.2.4 - - [21/Apr/2022:19:06:11 -0500] "GET /BLA/boletinlegal/ HTTP/1.1" 200 60932
216.245.221.92 - - [21/Apr/2022:19:08:00 -0500] "HEAD / HTTP/1.1" 200 -
186.84.22.130 - - [21/Apr/2022:19:08:11 -0500] "GET /galeria/galeria/jquery.fancybox.js?v=2.1.5 HTTP/1.1" 200 48706
186.84.22.130 - - [21/Apr/2022:19:08:11 -0500] "GET /galeria/galeria/jquery.fancybox.css?v=2.1.5 HTTP/1.1" 200 4895
186.84.22.130 - - [21/Apr/2022:19:08:11 -0500] "GET /galeria/galeria/fotos/2GuaymaralTorcaP2.jpg HTTP/1.1" 200 7622
186.84.22.130 - - [21/Apr/2022:19:08:11 -0500] "GET /galeria/galeria/fotos/3GuaymaralTorcaP3.jpg HTTP/1.1" 200 8521
186.84.22.130 - - [21/Apr/2022:19:08:11 -0500] "GET /galeria/galeria/fotos/1GuaymaralTorcaP1.jpg HTTP/1.1" 200 9512
186.84.22.130 - - [21/Apr/2022:19:08:11 -0500] "GET /galeria/galeria/fotos/GuaymaralTorca4P.jpg HTTP/1.1" 200 33981
186.86.33.221 - - [21/Apr/2022:19:08:49 -0500] "GET /galeria/galeria/jquery.fancybox.js?v=2.1.5 HTTP/1.1" 200 48706
186.86.33.221 - - [21/Apr/2022:19:08:49 -0500] "GET /galeria/galeria/jquery.fancybox.css?v=2.1.5 HTTP/1.1" 200 4895
186.86.33.221 - - [21/Apr/2022:19:08:50 -0500] "GET /galeria/galeria/fotos/MeandrodelSay1P.jpg HTTP/1.1" 200 27908
186.86.33.221 - - [21/Apr/2022:19:08:50 -0500] "GET /galeria/galeria/fotos/MeandrodelSay2P.jpg HTTP/1.1" 200 30394
186.86.33.221 - - [21/Apr/2022:19:08:50 -0500] "GET /galeria/galeria/fotos/MeandrodelSay3P.jpg HTTP/1.1" 200 32353
186.86.33.221 - - [21/Apr/2022:19:08:50 -0500] "GET /galeria/galeria/fotos/MeandrodelSay4P.jpg HTTP/1.1" 200 32545
70.42.131.189 - - [21/Apr/2022:19:09:07 -0500] "GET /galeria/galeria/jquery.fancybox.js?v=2.1.5 HTTP/1.1" 200 48706
70.42.131.189 - - [21/Apr/2022:19:09:07 -0500] "GET /galeria/galeria/jquery.fancybox.css?v=2.1.5 HTTP/1.1" 200 4895
70.42.131.189 - - [21/Apr/2022:19:09:07 -0500] "GET /BLA/boletinlegal/js/jquery.scrollShow.js HTTP/1.1" 200 4586
200.118.64.109 - - [21/Apr/2022:19:09:09 -0500] "POST /forms/lservlet;jsessionid=ac16012b30d6f13362d362bd4175bc0f8904ef88e416.e3iSbxaKaheRe34Pbx8NbNySbx10n6jAmljGr5XDqQLvpAe HTTP/1.1" 200 2
66.249.65.13 - - [21/Apr/2022:19:10:14 -0500] "-" 408 -
200.118.64.109 - - [21/Apr/2022:19:11:10 -0500] "POST /forms/lservlet;jsessionid=ac16012b30d6f13362d362bd4175bc0f8904ef88e416.e3iSbxaKaheRe34Pbx8NbNySbx10n6jAmljGr5XDqQLvpAe HTTP/1.1" 200 2
157.55.39.211 - - [21/Apr/2022:19:11:15 -0500] "GET /portaldeninos/2021/05/11/secretaria-de-ambiente-recuerda-a-comerciantes-implementar-o-actualizar-el-programa-de-uso-racional-de-bolsas-plasticas/ HTTP/1.1" 200 96535
