186.84.90.22 - - [25/Apr/2022:07:20:04 -0500] "POST /appsia/controlador HTTP/1.1" 200 7773
66.249.66.86 - - [25/Apr/2022:07:20:09 -0500] "-" 408 -
186.84.90.22 - - [25/Apr/2022:07:20:12 -0500] "POST /appsia/controlador HTTP/1.1" 200 6638
186.84.90.22 - - [25/Apr/2022:07:20:16 -0500] "POST /appsia/controlador HTTP/1.1" 200 10623
186.84.90.22 - - [25/Apr/2022:07:20:24 -0500] "POST /appsia/controlador HTTP/1.1" 200 7773
186.84.90.22 - - [25/Apr/2022:07:20:27 -0500] "POST /appsia/controlador HTTP/1.1" 200 5437
186.84.90.22 - - [25/Apr/2022:07:20:31 -0500] "POST /appsia/controlador HTTP/1.1" 200 13079
186.84.90.22 - - [25/Apr/2022:07:20:44 -0500] "POST /appsia/controlador HTTP/1.1" 200 4799
186.102.54.152 - - [25/Apr/2022:07:21:16 -0500] "GET /kwssiamovil/sm/ldap/au?x=U2FsdGVkX1+A8Ddm6zlThln+7Oko0zzsy3LIHFNXXg7S3+8Gpg8YXCPtL5Uq5aHt&y=U2FsdGVkX18W/gEp/YGykOTBzi7Lq4am837eFr3iRyXcD3wK2zlaIA/AcvMJqrXF HTTP/1.1" 200 31
186.102.54.152 - - [25/Apr/2022:07:21:50 -0500] "GET /kwssiamovil/sm/ldap/au?x=U2FsdGVkX1+hSSumdtYF04FYy1k0tXCNujYCDpcfqHiXD+HCoo7BkkrlpKOO4bhB&y=U2FsdGVkX1+hW8xAUjZxjmf43N2IbrqQX9vOi6/6euG9kVePO0NdG27phGWIU22d HTTP/1.1" 200 30
186.102.54.152 - - [25/Apr/2022:07:21:50 -0500] "GET /kwssiamovil/sm/acme/s?s=U2FsdGVkX18h4+BsvYABi0VpxmqctbTOM4CRWZmD3+4Tr4EX4HGjDOFugB7ur70Ev1rXqlhPegjmXx1ACjVckcWAMbIwYcJ/ja7vXuCNv7Y=&u=U2FsdGVkX1+zICFUFyzBhzfjlzR6MCoEJfDHr51ihh0=&y=U2FsdGVkX1+hW8xAUjZxjmf43N2IbrqQX9vOi6/6euG9kVePO0NdG27phGWIU22d HTTP/1.1" 200 97
186.102.54.152 - - [25/Apr/2022:07:21:50 -0500] "GET /kwssiamovil/sm/acme/s?s=U2FsdGVkX18Lo/1UozWLkePTbM09NIM0nGqy727bsZ0ardZifz/3QVwEEqu3vflHYJmdUS/CQ9jGCK++K2nwh1UgJwTlwqVID41VugrBWliOt3M/LdGKKNpobz0kf/Xh25ok2I90HDwkYhqegqNAEFIklSZWojD0nRm1496YLivR0UUFSJvZkda4WfJJ0f2nH4PV3eqv4wxzMCGn4HsqzZ6vFt+gNvBvA+T0MF909xQxaoU7i+pHZgdvcyxqbwoAfJgzNNJQ9dbLzAkN6O7sXmveGwiLjluCfhxhQFajKsecTVzDFla7+MBv6gqJUzCKJgb8c8uk9xBCWVvkwKYU8+mYRjPSQFaLLkWXUPN+3YU0d0K4mVDHbm1YEgl02rQuUgaUEQIXBMIJlm9nUgObAQb52ke/JFUuWhwKzMXRWNApznnajPDfjAMaE2XjI5Tmz0Jgvr+BGxMUoSPZNvK49BsoXb3gKSh+Onwfozy4uMGyzP+yYxgUk/PfEFLzvIFq+gHw+4EGNTYAmqaYYn2hPaS/7C4Iis3AemNcEww3WTIyN4Fso7waMKVKAUmB2WzGgRsiO6aj/7LmM9QppBRGX9wuqXK4uy9JPyU3azFh3nJAytSfBh8QyRvl9oCfX9aBmXSlJLNKLdI0W1NV4YrMp9WNsoP3AWGp8kCsu5uU7ER8wArU5JLTM6TjTuhKQPji9yFudgLQu/bSrisxVmTB5rlPKzv43vkfaKwfAgZQjRcsEhfv3j7ajxRYijsVvA5dCmXsIIG4avHf7YirffWFjGTayFWwBAAQUereGhtMjXDfPsaMA9P+LeXx2sTliFxeGRjjqc6Tp4Qhv3853FLhE+7YdX5J0c+cPtL1SD0p8ZHfbKx5kVbGwSaymCTxuxDXAfZsAYG2EwHbJqv8XywloBjJI8Y/KRqYTfOQw8qyvJc/jJ016FIkCPf/mSWKKFpDMva1XeZ8yMKoezZmX0y7Zk9EiLfuq9g63gmHSgodwLi5mGsP/c0/lGnpINkZPa9YH4S38gWIMqFMzol+0OAwOnRaE1S2psQoUFgJlsGieHWaQgZ2zHgCbEaCVWUkVpBOfFITaJEcjz2X4mQK2FMu092HhAzBhGwa8joyitbw9pIBxMBiY7AmnHsTF9oElfZzC30ybdc50qZU8c7JsXevegd51Kae8/BL1/u/8VcphV2992pJip4uiPjrqRfZZwbldOyBmlUHf1LSIxSuVI2jt6Afwa4nShGGXAJlYA5IURkCoxZQlYjqmKER2WXLTngvjRBqO5dB6g58FoNQ9BnJU5ZngIYKwoSELTWG3FnRixz9tHEbndGRZhKi/0zoSqNjq35xKr6zBHwf6niWS6z1dlA54oirqJ8akH4YZjjPQUU=&u=U2FsdGVkX1+zICFUFyzBhzfjlzR6MCoEJfDHr51ihh0=&y=U2FsdGVkX1+hW8xAUjZxjmf43N2IbrqQX9vOi6/6euG9kVePO0NdG27phGWIU22d HTTP/1.1" 200 5543
186.102.54.152 - - [25/Apr/2022:07:21:51 -0500] "GET /kwssiamovil/sm/acme/s?s=U2FsdGVkX1+PcCrTUCJM904TRA7Ip5OWKusnt4+dquo7aLv7GUJK50l/W3NhCmW3IMoPxbKjtRrNCU4JidOcJEfPiJWZ3/0hjVuXPWcQbcolH9qQxJm8hKBEHwQSRCFkU7zqd1NIuykm7q6s4FZrkIg2yLYwORW8JvWdUCBO/xkWbtS8gevg+WL1yo2lahOFTlHdhA+ikkqc43nlEnnk69g2TFa/QMJhUbPHDKYnj00pqHQdnzXR5lYbspas2Zlhf+kfJVydysaT8TUXZPqUwbowLuPye8BUjoHHpUReZSc=&u=U2FsdGVkX1+zICFUFyzBhzfjlzR6MCoEJfDHr51ihh0=&y=U2FsdGVkX1+hW8xAUjZxjmf43N2IbrqQX9vOi6/6euG9kVePO0NdG27phGWIU22d HTTP/1.1" 200 176
186.102.54.152 - - [25/Apr/2022:07:21:51 -0500] "GET /kwssiamovil/sm/cjson/pre?f=1&x=U2FsdGVkX1+hSSumdtYF04FYy1k0tXCNujYCDpcfqHiXD+HCoo7BkkrlpKOO4bhB HTTP/1.1" 200 30975
216.245.221.92 - - [25/Apr/2022:07:22:47 -0500] "HEAD / HTTP/1.1" 200 -
201.245.192.253 - - [25/Apr/2022:07:22:11 -0500] "POST /kwsrmcab/Wsrmcab HTTP/1.1" 200 45072
201.245.192.253 - - [25/Apr/2022:07:22:59 -0500] "POST /kwsrmcab/Wsrmcab HTTP/1.1" 200 43556
172.22.2.4 - - [25/Apr/2022:07:22:08 -0500] "HEAD /BLA/boletinlegal/ HTTP/1.1" 200 -
172.22.2.4 - - [25/Apr/2022:07:22:58 -0500] "GET /BLA/boletinlegal/ HTTP/1.1" 200 55877
190.253.164.32 - - [25/Apr/2022:07:24:46 -0500] "GET /appsia/controlador HTTP/1.1" 200 4799
190.253.164.32 - - [25/Apr/2022:07:24:46 -0500] "GET /appsia/css/estilos.css HTTP/1.1" 200 4804
190.253.164.32 - - [25/Apr/2022:07:24:46 -0500] "GET /appsia/scripts/validarIngreso.js HTTP/1.1" 200 851
190.253.164.32 - - [25/Apr/2022:07:24:46 -0500] "GET /appsia/images/cabezoteHojaVida.png HTTP/1.1" 200 32493
190.253.164.32 - - [25/Apr/2022:07:24:46 -0500] "GET /appsia/images/logo_bogota_p.png HTTP/1.1" 200 14951
40.77.167.29 - - [25/Apr/2022:07:24:47 -0500] "GET /BLA/resoluciones/RESOLUCIONES%202017/1592.pdf HTTP/1.1" 304 -
190.253.164.32 - - [25/Apr/2022:07:24:51 -0500] "POST /appsia/controlador HTTP/1.1" 200 5437
190.253.164.32 - - [25/Apr/2022:07:24:54 -0500] "POST /appsia/controlador HTTP/1.1" 200 7793
190.253.164.32 - - [25/Apr/2022:07:24:56 -0500] "POST /appsia/controlador HTTP/1.1" 200 6658
190.253.164.32 - - [25/Apr/2022:07:24:59 -0500] "POST /appsia/controlador HTTP/1.1" 200 11320
191.156.56.9 - - [25/Apr/2022:07:25:00 -0500] "GET /appsia/controlador HTTP/1.1" 200 4799
191.156.56.9 - - [25/Apr/2022:07:25:01 -0500] "GET /appsia/css/estilos.css HTTP/1.1" 304 -
191.156.53.251 - - [25/Apr/2022:07:25:01 -0500] "GET /appsia/scripts/validarIngreso.js HTTP/1.1" 304 -
191.156.56.9 - - [25/Apr/2022:07:25:01 -0500] "GET /appsia/images/logo_bogota_p.png HTTP/1.1" 200 14951
191.156.53.251 - - [25/Apr/2022:07:25:01 -0500] "GET /appsia/images/cabezoteHojaVida.png HTTP/1.1" 200 32493
191.156.53.251 - - [25/Apr/2022:07:25:07 -0500] "POST /appsia/controlador HTTP/1.1" 200 5437
191.156.53.251 - - [25/Apr/2022:07:25:10 -0500] "POST /appsia/controlador HTTP/1.1" 200 7799
191.156.53.251 - - [25/Apr/2022:07:25:17 -0500] "POST /appsia/controlador HTTP/1.1" 200 6664
191.156.53.251 - - [25/Apr/2022:07:25:23 -0500] "POST /appsia/controlador HTTP/1.1" 200 9135
172.22.2.4 - - [25/Apr/2022:07:25:34 -0500] "GET /BLA/boletinlegal/style.css HTTP/1.1" 200 9406
172.22.2.4 - - [25/Apr/2022:07:25:34 -0500] "GET /BLA/boletinlegal/styles2.css HTTP/1.1" 200 1838
172.22.2.4 - - [25/Apr/2022:07:25:34 -0500] "GET /BLA/boletinlegal/js/jquery.js HTTP/1.1" 200 57254
172.22.2.4 - - [25/Apr/2022:07:25:34 -0500] "GET /BLA/boletinlegal/js/jquery.scrollTo-min.js HTTP/1.1" 200 1150
172.22.2.4 - - [25/Apr/2022:07:25:34 -0500] "GET /BLA/boletinlegal/js/jquery.scrollShow.js HTTP/1.1" 200 4586
172.22.2.4 - - [25/Apr/2022:07:25:34 -0500] "GET /BLA/boletinlegal/images/cabezote%20BLEGAL.jpg HTTP/1.1" 200 118164
172.22.2.4 - - [25/Apr/2022:07:25:34 -0500] "GET /BLA/boletinlegal/images/subscribe-icon-big.png HTTP/1.1" 200 47702
172.22.2.4 - - [25/Apr/2022:07:25:34 -0500] "GET /BLA/boletinlegal/images/historia.png HTTP/1.1" 200 52775
172.22.2.4 - - [25/Apr/2022:07:25:34 -0500] "GET /BLA/boletinlegal/images/registro-usuarios.png HTTP/1.1" 200 8106
172.22.2.4 - - [25/Apr/2022:07:25:34 -0500] "GET /BLA/boletinlegal/images/body_bg.jpg HTTP/1.1" 200 1601
172.22.2.4 - - [25/Apr/2022:07:25:34 -0500] "GET /BLA/boletinlegal/images/menu_lft.gif HTTP/1.1" 200 1713
172.22.2.4 - - [25/Apr/2022:07:25:34 -0500] "GET /BLA/boletinlegal/images/hover.jpg HTTP/1.1" 200 640
172.22.2.4 - - [25/Apr/2022:07:25:34 -0500] "GET /BLA/boletinlegal/images/menu_rght.gif HTTP/1.1" 200 1627
172.22.2.4 - - [25/Apr/2022:07:25:34 -0500] "GET /BLA/boletinlegal/images/bg_top.jpg HTTP/1.1" 200 522
172.22.2.4 - - [25/Apr/2022:07:25:34 -0500] "GET /BLA/boletinlegal/images/menu_bg.jpg HTTP/1.1" 200 620
172.22.2.4 - - [25/Apr/2022:07:25:34 -0500] "GET /BLA/boletinlegal/images/text.jpg HTTP/1.1" 200 568
172.22.2.4 - - [25/Apr/2022:07:25:34 -0500] "GET /BLA/boletinlegal/images/arr_l.jpg HTTP/1.1" 200 1979
172.22.2.4 - - [25/Apr/2022:07:25:34 -0500] "GET /BLA/boletinlegal/images/screen_1.png HTTP/1.1" 200 202547
172.22.2.4 - - [25/Apr/2022:07:25:34 -0500] "GET /BLA/boletinlegal/images/launch.jpg HTTP/1.1" 200 14577
172.22.2.4 - - [25/Apr/2022:07:25:40 -0500] "GET /BLA/boletinlegal/actos.php HTTP/1.1" 200 9559
172.22.2.4 - - [25/Apr/2022:07:25:41 -0500] "GET /BLA/boletinlegal/js/ajax_actos.js HTTP/1.1" 200 1322
172.22.2.4 - - [25/Apr/2022:07:25:41 -0500] "GET /BLA/boletinlegal/niceforms-default.css HTTP/1.1" 200 6694
172.22.2.4 - - [25/Apr/2022:07:25:41 -0500] "GET /BLA/boletinlegal/niceforms.js HTTP/1.1" 200 22876
172.22.2.4 - - [25/Apr/2022:07:25:41 -0500] "GET /BLA/boletinlegal/js/popup.js HTTP/1.1" 200 1270
172.22.2.4 - - [25/Apr/2022:07:25:41 -0500] "GET /BLA/boletinlegal/js/lib.js HTTP/1.1" 200 6474
172.22.2.4 - - [25/Apr/2022:07:25:41 -0500] "GET /BLA/boletinlegal/js/jquery1.js HTTP/1.1" 200 29846
172.22.2.4 - - [25/Apr/2022:07:25:41 -0500] "GET /BLA/boletinlegal/images/green-yellow-blue-pink-th.png HTTP/1.1" 200 7394
172.22.2.4 - - [25/Apr/2022:07:25:41 -0500] "GET /BLA/boletinlegal/images/abajo.png HTTP/1.1" 200 96676
172.22.2.4 - - [25/Apr/2022:07:25:41 -0500] "GET /BLA/boletinlegal/images/tel.png HTTP/1.1" 200 14477
172.22.2.4 - - [25/Apr/2022:07:25:41 -0500] "GET /BLA/boletinlegal/images/icono-email.png HTTP/1.1" 200 5544
172.22.2.4 - - [25/Apr/2022:07:25:41 -0500] "GET /BLA/boletinlegal/images/footer_bg.jpg HTTP/1.1" 200 586
172.22.2.4 - - [25/Apr/2022:07:25:42 -0500] "GET /BLA/boletinlegal/images/footer_bg_l.jpg HTTP/1.1" 200 776
172.22.2.4 - - [25/Apr/2022:07:25:42 -0500] "GET /BLA/boletinlegal/img/select-left.png HTTP/1.1" 200 263
172.22.2.4 - - [25/Apr/2022:07:25:42 -0500] "GET /BLA/boletinlegal/img/select-right.png HTTP/1.1" 200 44019
172.22.2.4 - - [25/Apr/2022:07:25:42 -0500] "GET /BLA/boletinlegal/img/button-left.png HTTP/1.1" 200 57071
172.22.2.4 - - [25/Apr/2022:07:25:42 -0500] "GET /BLA/boletinlegal/img/button.png HTTP/1.1" 200 43241
172.22.2.4 - - [25/Apr/2022:07:25:42 -0500] "GET /BLA/boletinlegal/img/button-right.png HTTP/1.1" 200 57878
172.22.2.4 - - [25/Apr/2022:07:25:42 -0500] "GET /BLA/boletinlegal/img/0.png HTTP/1.1" 200 110
172.22.2.4 - - [25/Apr/2022:07:25:42 -0500] "GET /BLA/boletinlegal/favicon.ico HTTP/1.1" 404 1326
66.220.149.28 - - [25/Apr/2022:07:25:47 -0500] "GET /secretaria-de-ambiente-libero-a-33-animales-silvestres-en-el-humedal-la-conejera.html?fbclid=IwAR24eeSyEzxcJCV8bv33X-kwRMjd9YyUaB42pmwt5zXfEJefU_o5hV5Ggk8 HTTP/1.1" 200 1095
175.44.42.140 - - [25/Apr/2022:07:26:02 -0500] "GET /galeria/nivo-slider/demo/banner.html HTTP/1.1" 200 5446
190.253.164.32 - - [25/Apr/2022:07:26:03 -0500] "POST /appsia/controlador HTTP/1.1" 200 7793
190.253.164.32 - - [25/Apr/2022:07:26:10 -0500] "POST /appsia/controlador HTTP/1.1" 200 6658
190.253.164.32 - - [25/Apr/2022:07:26:12 -0500] "POST /appsia/controlador HTTP/1.1" 200 14365
172.22.2.4 - - [25/Apr/2022:07:25:33 -0500] "GET /BLA/boletinlegal/ HTTP/1.1" 200 32715
190.253.164.32 - - [25/Apr/2022:07:26:33 -0500] "POST /appsia/controlador HTTP/1.1" 200 7793
190.253.164.32 - - [25/Apr/2022:07:26:39 -0500] "POST /appsia/controlador HTTP/1.1" 200 6658
190.253.164.32 - - [25/Apr/2022:07:26:41 -0500] "POST /appsia/controlador HTTP/1.1" 200 11320
172.22.2.4 - - [25/Apr/2022:07:27:19 -0500] "GET /BLA/boletinlegal/consulta_actos.php?tipo=resoluciones&no=0176&usuario=&sector=&fecha=2022&resuelve= HTTP/1.1" 200 1076
172.22.2.4 - - [25/Apr/2022:07:27:20 -0500] "GET /BLA/boletinlegal/images/pdf.gif HTTP/1.1" 200 567
190.253.164.32 - - [25/Apr/2022:07:27:22 -0500] "POST /appsia/controlador HTTP/1.1" 200 7793
191.156.52.46 - - [25/Apr/2022:07:27:24 -0500] "GET /BLA/resoluciones/RESOLUCIONES%202022/0176.pdf HTTP/1.1" 200 531030
191.156.60.49 - - [25/Apr/2022:07:27:24 -0500] "GET /favicon.ico HTTP/1.1" 200 7782
190.253.164.32 - - [25/Apr/2022:07:27:27 -0500] "POST /appsia/controlador HTTP/1.1" 200 6658
190.253.164.32 - - [25/Apr/2022:07:27:29 -0500] "POST /appsia/controlador HTTP/1.1" 200 14365
216.245.221.92 - - [25/Apr/2022:07:27:47 -0500] "HEAD / HTTP/1.1" 200 -
190.253.164.32 - - [25/Apr/2022:07:27:53 -0500] "POST /appsia/controlador HTTP/1.1" 200 7793
190.253.164.32 - - [25/Apr/2022:07:27:59 -0500] "POST /appsia/controlador HTTP/1.1" 200 6658
190.253.164.32 - - [25/Apr/2022:07:28:01 -0500] "POST /appsia/controlador HTTP/1.1" 200 14365
190.253.164.32 - - [25/Apr/2022:07:28:18 -0500] "POST /appsia/controlador HTTP/1.1" 200 7793
190.253.164.32 - - [25/Apr/2022:07:28:29 -0500] "POST /appsia/controlador HTTP/1.1" 200 6658
190.253.164.32 - - [25/Apr/2022:07:28:31 -0500] "POST /appsia/controlador HTTP/1.1" 200 14365
190.253.164.32 - - [25/Apr/2022:07:28:39 -0500] "POST /appsia/controlador HTTP/1.1" 200 7793
190.253.164.32 - - [25/Apr/2022:07:28:41 -0500] "POST /appsia/controlador HTTP/1.1" 200 6658
190.253.164.32 - - [25/Apr/2022:07:28:42 -0500] "POST /appsia/controlador HTTP/1.1" 200 11320
190.253.164.32 - - [25/Apr/2022:07:29:04 -0500] "POST /appsia/controlador HTTP/1.1" 200 7793
190.253.164.32 - - [25/Apr/2022:07:29:08 -0500] "POST /appsia/controlador HTTP/1.1" 200 6658
190.253.164.32 - - [25/Apr/2022:07:29:10 -0500] "POST /appsia/controlador HTTP/1.1" 200 14365
172.22.2.4 - - [25/Apr/2022:07:27:58 -0500] "HEAD /BLA/boletinlegal/ HTTP/1.1" 200 -
190.253.164.32 - - [25/Apr/2022:07:29:41 -0500] "POST /appsia/controlador HTTP/1.1" 200 7793
190.253.164.32 - - [25/Apr/2022:07:29:44 -0500] "POST /appsia/controlador HTTP/1.1" 200 6658
190.253.164.32 - - [25/Apr/2022:07:29:46 -0500] "POST /appsia/controlador HTTP/1.1" 200 11320
190.253.164.32 - - [25/Apr/2022:07:30:15 -0500] "POST /appsia/controlador HTTP/1.1" 200 7793
190.253.164.32 - - [25/Apr/2022:07:30:22 -0500] "POST /appsia/controlador HTTP/1.1" 200 6658
190.253.164.32 - - [25/Apr/2022:07:30:23 -0500] "POST /appsia/controlador HTTP/1.1" 200 14365
172.22.2.4 - - [25/Apr/2022:07:28:48 -0500] "GET /BLA/boletinlegal/ HTTP/1.1" 200 60932
216.245.221.92 - - [25/Apr/2022:07:32:47 -0500] "HEAD / HTTP/1.1" 200 -
201.245.192.253 - - [25/Apr/2022:07:32:10 -0500] "POST /kwsrmcab/Wsrmcab HTTP/1.1" 200 45072
199.59.150.181 - - [25/Apr/2022:07:33:26 -0500] "GET /documents/10184/2325415/pieza-concurso-buenas-practicas-20-septiembre.jpg HTTP/1.1" 404 1030
199.59.150.180 - - [25/Apr/2022:07:33:27 -0500] "GET /documents/10184/2325415/pieza-concurso-buenas-practicas-20-septiembre.jpg HTTP/1.1" 404 1030
201.245.192.253 - - [25/Apr/2022:07:33:00 -0500] "POST /kwsrmcab/Wsrmcab HTTP/1.1" 200 43556
172.22.2.4 - - [25/Apr/2022:07:33:48 -0500] "HEAD /BLA/boletinlegal/ HTTP/1.1" 200 -
108.53.72.152 - - [25/Apr/2022:07:35:29 -0500] "GET / HTTP/1.1" 200 319
172.22.2.4 - - [25/Apr/2022:07:34:38 -0500] "GET /BLA/boletinlegal/ HTTP/1.1" 200 57542
201.245.192.253 - - [25/Apr/2022:07:36:44 -0500] "GET /appsia/controlador HTTP/1.1" 200 4799
201.245.192.253 - - [25/Apr/2022:07:36:44 -0500] "GET /appsia/css/estilos.css HTTP/1.1" 200 4804
201.245.192.253 - - [25/Apr/2022:07:36:44 -0500] "GET /appsia/scripts/validarIngreso.js HTTP/1.1" 200 851
201.245.192.253 - - [25/Apr/2022:07:36:45 -0500] "GET /appsia/images/logo_bogota_p.png HTTP/1.1" 200 14951
201.245.192.253 - - [25/Apr/2022:07:36:44 -0500] "GET /appsia/images/cabezoteHojaVida.png HTTP/1.1" 200 32493
201.245.192.253 - - [25/Apr/2022:07:36:45 -0500] "GET /favicon.ico HTTP/1.1" 200 7782
201.245.192.253 - - [25/Apr/2022:07:36:51 -0500] "POST /appsia/controlador HTTP/1.1" 200 5437
201.245.192.253 - - [25/Apr/2022:07:36:53 -0500] "POST /appsia/controlador HTTP/1.1" 200 7785
201.245.192.253 - - [25/Apr/2022:07:36:55 -0500] "POST /appsia/controlador HTTP/1.1" 200 6650
201.245.192.253 - - [25/Apr/2022:07:36:55 -0500] "POST /appsia/controlador HTTP/1.1" 200 10576
201.245.192.253 - - [25/Apr/2022:07:37:37 -0500] "POST /appsia/controlador HTTP/1.1" 200 7785
201.245.192.253 - - [25/Apr/2022:07:37:40 -0500] "POST /appsia/controlador HTTP/1.1" 200 6650
201.245.192.253 - - [25/Apr/2022:07:37:40 -0500] "POST /appsia/controlador HTTP/1.1" 200 10576
216.245.221.92 - - [25/Apr/2022:07:37:47 -0500] "HEAD / HTTP/1.1" 200 -
201.245.192.253 - - [25/Apr/2022:07:38:14 -0500] "POST /appsia/controlador HTTP/1.1" 200 7785
201.245.192.253 - - [25/Apr/2022:07:38:16 -0500] "POST /appsia/controlador HTTP/1.1" 200 6650
201.245.192.253 - - [25/Apr/2022:07:38:16 -0500] "POST /appsia/controlador HTTP/1.1" 200 10576
190.253.164.32 - - [25/Apr/2022:07:38:37 -0500] "POST /appsia/controlador HTTP/1.1" 200 7793
172.22.2.4 - - [25/Apr/2022:07:38:38 -0500] "GET /BLA/boletinlegal/Circulares/2012/Circular%20No.%201%20del%2017%20de%20Enero%20de%202012.pdf HTTP/1.1" 304 -
190.253.164.32 - - [25/Apr/2022:07:38:40 -0500] "POST /appsia/controlador HTTP/1.1" 200 6658
40.77.167.7 - - [25/Apr/2022:07:38:41 -0500] "GET /participa-en-las-actividades-del-dia-mundial-de-humedales.html HTTP/1.1" 200 874
192.188.55.101 - - [25/Apr/2022:07:38:41 -0500] "GET /secretaria-de-ambiente-libero-a-33-animales-silvestres-en-el-humedal-la-conejera.html HTTP/1.1" 200 1095
190.253.164.32 - - [25/Apr/2022:07:38:42 -0500] "POST /appsia/controlador HTTP/1.1" 200 11320
36.37.140.107 - - [25/Apr/2022:07:38:48 -0500] "GET /.env HTTP/1.1" 404 1018
36.37.140.107 - - [25/Apr/2022:07:38:49 -0500] "POST / HTTP/1.1" 200 319
190.253.164.32 - - [25/Apr/2022:07:39:37 -0500] "POST /appsia/controlador HTTP/1.1" 200 7793
190.253.164.32 - - [25/Apr/2022:07:39:44 -0500] "POST /appsia/controlador HTTP/1.1" 200 5437
190.253.164.32 - - [25/Apr/2022:07:39:46 -0500] "POST /appsia/controlador HTTP/1.1" 200 7793
190.253.164.32 - - [25/Apr/2022:07:39:51 -0500] "POST /appsia/controlador HTTP/1.1" 200 6658
190.253.164.32 - - [25/Apr/2022:07:39:56 -0500] "POST /appsia/controlador HTTP/1.1" 200 14365
201.245.192.253 - - [25/Apr/2022:07:39:58 -0500] "POST /appsia/controlador HTTP/1.1" 200 7785
201.245.192.253 - - [25/Apr/2022:07:40:01 -0500] "POST /appsia/controlador HTTP/1.1" 200 6650
201.245.192.253 - - [25/Apr/2022:07:40:01 -0500] "POST /appsia/controlador HTTP/1.1" 200 10576
201.245.192.253 - - [25/Apr/2022:07:40:47 -0500] "POST /appsia/controlador HTTP/1.1" 200 7785
201.245.192.253 - - [25/Apr/2022:07:40:48 -0500] "POST /appsia/controlador HTTP/1.1" 200 6650
201.245.192.253 - - [25/Apr/2022:07:40:49 -0500] "POST /appsia/controlador HTTP/1.1" 200 10576
157.55.39.145 - - [25/Apr/2022:07:40:54 -0500] "GET /BLA/resoluciones/RESOLUCIONES%202021/2197.pdf HTTP/1.1" 200 414004
172.22.2.4 - - [25/Apr/2022:07:39:37 -0500] "GET /BLA/boletinlegal/ HTTP/1.1" 200 36811
172.22.2.4 - - [25/Apr/2022:07:39:37 -0500] "GET /BLA/boletinlegal/ HTTP/1.1" 200 36811
201.245.192.253 - - [25/Apr/2022:07:40:55 -0500] "POST /appsia/controlador HTTP/1.1" 200 7785
172.22.2.4 - - [25/Apr/2022:07:39:38 -0500] "HEAD /BLA/boletinlegal/ HTTP/1.1" 200 -
190.144.17.197 - - [25/Apr/2022:07:41:33 -0500] "GET /galeria/galeria/jquery.fancybox.css?v=2.1.5 HTTP/1.1" 200 4895
190.144.17.197 - - [25/Apr/2022:07:41:33 -0500] "GET /BLA/boletinlegal/js/jquery.scrollShow.js HTTP/1.1" 200 4586
190.144.17.197 - - [25/Apr/2022:07:41:33 -0500] "GET /galeria/galeria/jquery.fancybox.js?v=2.1.5 HTTP/1.1" 200 48706
190.253.164.32 - - [25/Apr/2022:07:41:39 -0500] "POST /appsia/controlador HTTP/1.1" 200 7793
190.253.164.32 - - [25/Apr/2022:07:41:45 -0500] "POST /appsia/controlador HTTP/1.1" 200 6658
190.253.164.32 - - [25/Apr/2022:07:41:47 -0500] "POST /appsia/controlador HTTP/1.1" 200 11320
172.22.2.4 - - [25/Apr/2022:07:41:59 -0500] "GET /BLA/boletinlegal/style.css HTTP/1.1" 200 9406
172.22.2.4 - - [25/Apr/2022:07:41:59 -0500] "GET /BLA/boletinlegal/styles2.css HTTP/1.1" 200 1838
172.22.2.4 - - [25/Apr/2022:07:41:59 -0500] "GET /BLA/boletinlegal/js/jquery.js HTTP/1.1" 200 57254
172.22.2.4 - - [25/Apr/2022:07:41:59 -0500] "GET /BLA/boletinlegal/js/jquery.scrollTo-min.js HTTP/1.1" 200 1150
172.22.2.4 - - [25/Apr/2022:07:41:59 -0500] "GET /BLA/boletinlegal/js/jquery.scrollShow.js HTTP/1.1" 200 4586
172.22.2.4 - - [25/Apr/2022:07:41:59 -0500] "GET /BLA/boletinlegal/images/cabezote%20BLEGAL.jpg HTTP/1.1" 200 118164
172.22.2.4 - - [25/Apr/2022:07:41:59 -0500] "GET /BLA/boletinlegal/images/registro-usuarios.png HTTP/1.1" 200 8106
172.22.2.4 - - [25/Apr/2022:07:41:59 -0500] "GET /BLA/boletinlegal/images/historia.png HTTP/1.1" 200 52775
172.22.2.4 - - [25/Apr/2022:07:41:59 -0500] "GET /BLA/boletinlegal/images/subscribe-icon-big.png HTTP/1.1" 200 47702
172.22.2.4 - - [25/Apr/2022:07:41:59 -0500] "GET /BLA/boletinlegal/images/arr_l.jpg HTTP/1.1" 200 1979
172.22.2.4 - - [25/Apr/2022:07:41:59 -0500] "GET /BLA/boletinlegal/images/screen_1.png HTTP/1.1" 200 202547
172.22.2.4 - - [25/Apr/2022:07:41:59 -0500] "GET /BLA/boletinlegal/images/launch.jpg HTTP/1.1" 200 14577
172.22.2.4 - - [25/Apr/2022:07:41:59 -0500] "GET /BLA/boletinlegal/images/body_bg.jpg HTTP/1.1" 200 1601
172.22.2.4 - - [25/Apr/2022:07:41:59 -0500] "GET /BLA/boletinlegal/images/menu_lft.gif HTTP/1.1" 200 1713
172.22.2.4 - - [25/Apr/2022:07:41:59 -0500] "GET /BLA/boletinlegal/images/menu_rght.gif HTTP/1.1" 200 1627
172.22.2.4 - - [25/Apr/2022:07:41:59 -0500] "GET /BLA/boletinlegal/images/bg_top.jpg HTTP/1.1" 200 522
172.22.2.4 - - [25/Apr/2022:07:41:59 -0500] "GET /BLA/boletinlegal/images/menu_bg.jpg HTTP/1.1" 200 620
172.22.2.4 - - [25/Apr/2022:07:41:59 -0500] "GET /BLA/boletinlegal/images/hover.jpg HTTP/1.1" 200 640
172.22.2.4 - - [25/Apr/2022:07:41:59 -0500] "GET /BLA/boletinlegal/images/text.jpg HTTP/1.1" 200 568
172.22.2.4 - - [25/Apr/2022:07:42:05 -0500] "GET /BLA/boletinlegal/actos.php HTTP/1.1" 200 9559
172.22.2.4 - - [25/Apr/2022:07:42:05 -0500] "GET /BLA/boletinlegal/js/ajax_actos.js HTTP/1.1" 200 1322
172.22.2.4 - - [25/Apr/2022:07:42:05 -0500] "GET /BLA/boletinlegal/niceforms-default.css HTTP/1.1" 200 6694
172.22.2.4 - - [25/Apr/2022:07:42:05 -0500] "GET /BLA/boletinlegal/niceforms.js HTTP/1.1" 200 22876
172.22.2.4 - - [25/Apr/2022:07:42:05 -0500] "GET /BLA/boletinlegal/js/lib.js HTTP/1.1" 200 6474
172.22.2.4 - - [25/Apr/2022:07:42:05 -0500] "GET /BLA/boletinlegal/js/popup.js HTTP/1.1" 200 1270
172.22.2.4 - - [25/Apr/2022:07:42:05 -0500] "GET /BLA/boletinlegal/js/jquery1.js HTTP/1.1" 200 29846
172.22.2.4 - - [25/Apr/2022:07:42:05 -0500] "GET /BLA/boletinlegal/images/abajo.png HTTP/1.1" 200 96676
172.22.2.4 - - [25/Apr/2022:07:42:05 -0500] "GET /BLA/boletinlegal/images/green-yellow-blue-pink-th.png HTTP/1.1" 200 7394
172.22.2.4 - - [25/Apr/2022:07:42:05 -0500] "GET /BLA/boletinlegal/images/footer_bg.jpg HTTP/1.1" 200 586
172.22.2.4 - - [25/Apr/2022:07:42:05 -0500] "GET /BLA/boletinlegal/images/tel.png HTTP/1.1" 200 14477
172.22.2.4 - - [25/Apr/2022:07:42:05 -0500] "GET /BLA/boletinlegal/images/icono-email.png HTTP/1.1" 200 5544
172.22.2.4 - - [25/Apr/2022:07:42:05 -0500] "GET /BLA/boletinlegal/images/footer_bg_l.jpg HTTP/1.1" 200 776
172.22.2.4 - - [25/Apr/2022:07:42:05 -0500] "GET /BLA/boletinlegal/img/0.png HTTP/1.1" 200 110
172.22.2.4 - - [25/Apr/2022:07:42:05 -0500] "GET /BLA/boletinlegal/img/select-right.png HTTP/1.1" 200 44019
172.22.2.4 - - [25/Apr/2022:07:42:05 -0500] "GET /BLA/boletinlegal/img/button-left.png HTTP/1.1" 200 57071
172.22.2.4 - - [25/Apr/2022:07:42:05 -0500] "GET /BLA/boletinlegal/img/select-left.png HTTP/1.1" 200 263
172.22.2.4 - - [25/Apr/2022:07:42:05 -0500] "GET /BLA/boletinlegal/img/button.png HTTP/1.1" 200 43241
172.22.2.4 - - [25/Apr/2022:07:42:05 -0500] "GET /BLA/boletinlegal/img/button-right.png HTTP/1.1" 200 57878
172.22.2.4 - - [25/Apr/2022:07:42:05 -0500] "GET /BLA/boletinlegal/favicon.ico HTTP/1.1" 404 1326
201.244.142.222 - - [25/Apr/2022:07:42:08 -0500] "GET /BLA/resoluciones/ HTTP/1.1" 200 13093
201.244.142.222 - - [25/Apr/2022:07:42:08 -0500] "GET /BLA/resoluciones/dlf/styles.css HTTP/1.1" 200 3049
201.244.142.222 - - [25/Apr/2022:07:42:08 -0500] "GET /BLA/resoluciones/dlf/folder.png HTTP/1.1" 200 410
201.244.142.222 - - [25/Apr/2022:07:42:08 -0500] "GET /BLA/resoluciones/dlf/bg.gif HTTP/1.1" 200 54
172.22.2.4 - - [25/Apr/2022:07:40:28 -0500] "GET /BLA/boletinlegal/ HTTP/1.1" 200 55089
201.244.142.222 - - [25/Apr/2022:07:42:08 -0500] "GET /favicon.ico HTTP/1.1" 200 7782
190.253.164.32 - - [25/Apr/2022:07:42:09 -0500] "GET /appsia/images/logo_bogota_p.png HTTP/1.1" 200 14462
201.244.142.222 - - [25/Apr/2022:07:42:16 -0500] "GET /BLA/resoluciones/dlf/dirup.png HTTP/1.1" 200 644
201.244.142.222 - - [25/Apr/2022:07:42:16 -0500] "GET /BLA/resoluciones/dlf/pdf.gif HTTP/1.1" 200 272
201.244.142.222 - - [25/Apr/2022:07:42:16 -0500] "GET /BLA/resoluciones/index.php?dir=AUTOS+2018%2F HTTP/1.1" 200 431546
201.244.142.222 - - [25/Apr/2022:07:42:29 -0500] "GET /BLA/resoluciones/AUTOS%202018/5475.pdf HTTP/1.1" 200 286696
172.22.2.4 - - [25/Apr/2022:07:41:59 -0500] "GET /BLA/boletinlegal/ HTTP/1.1" 200 24523
216.245.221.92 - - [25/Apr/2022:07:42:47 -0500] "HEAD / HTTP/1.1" 200 -
201.245.192.253 - - [25/Apr/2022:07:42:10 -0500] "POST /kwsrmcab/Wsrmcab HTTP/1.1" 200 45072
201.245.192.253 - - [25/Apr/2022:07:42:57 -0500] "POST /kwsrmcab/Wsrmcab HTTP/1.1" 200 43556
172.22.2.4 - - [25/Apr/2022:07:45:28 -0500] "HEAD /BLA/boletinlegal/ HTTP/1.1" 200 -
216.245.221.92 - - [25/Apr/2022:07:47:47 -0500] "HEAD / HTTP/1.1" 200 -
172.22.2.4 - - [25/Apr/2022:07:47:23 -0500] "GET /BLA/boletinlegal/ HTTP/1.1" 200 20427
172.22.2.4 - - [25/Apr/2022:07:46:18 -0500] "GET /BLA/boletinlegal/ HTTP/1.1" 200 48120
172.22.2.4 - - [25/Apr/2022:07:47:23 -0500] "GET /BLA/boletinlegal/ HTTP/1.1" 200 32715
190.255.40.79 - - [25/Apr/2022:07:50:14 -0500] "GET /BLA/resoluciones/RESOLUCIONES%202021/5262.pdf HTTP/1.1" 200 370932
190.253.164.32 - - [25/Apr/2022:07:51:10 -0500] "GET /appsia/images/logo_bogota_p.png HTTP/1.1" 200 14951
201.245.192.253 - - [25/Apr/2022:07:51:23 -0500] "GET /appsia/controlador HTTP/1.1" 200 4799
201.245.192.253 - - [25/Apr/2022:07:51:24 -0500] "GET /appsia/scripts/validarIngreso.js HTTP/1.1" 304 -
201.245.192.253 - - [25/Apr/2022:07:51:24 -0500] "GET /appsia/css/estilos.css HTTP/1.1" 304 -
201.245.192.253 - - [25/Apr/2022:07:51:24 -0500] "GET /appsia/images/logo_bogota_p.png HTTP/1.1" 304 -
201.245.192.253 - - [25/Apr/2022:07:51:24 -0500] "GET /appsia/images/cabezoteHojaVida.png HTTP/1.1" 200 32493
201.245.192.253 - - [25/Apr/2022:07:51:24 -0500] "GET /favicon.ico HTTP/1.1" 200 7782
201.245.192.253 - - [25/Apr/2022:07:51:37 -0500] "POST /appsia/controlador HTTP/1.1" 200 5437
201.245.192.253 - - [25/Apr/2022:07:51:39 -0500] "POST /appsia/controlador HTTP/1.1" 200 7791
201.245.192.253 - - [25/Apr/2022:07:51:41 -0500] "POST /appsia/controlador HTTP/1.1" 200 6660
201.245.192.253 - - [25/Apr/2022:07:51:42 -0500] "POST /appsia/controlador HTTP/1.1" 200 10538
216.245.221.92 - - [25/Apr/2022:07:52:47 -0500] "HEAD / HTTP/1.1" 200 -
172.22.2.4 - - [25/Apr/2022:07:51:18 -0500] "HEAD /BLA/boletinlegal/ HTTP/1.1" 200 -
114.119.146.229 - - [25/Apr/2022:07:53:02 -0500] "-" 408 -
114.119.135.195 - - [25/Apr/2022:07:53:33 -0500] "-" 408 -
172.22.2.4 - - [25/Apr/2022:07:52:08 -0500] "GET /BLA/boletinlegal/ HTTP/1.1" 200 60932
114.119.134.182 - - [25/Apr/2022:07:54:06 -0500] "-" 408 -
66.249.66.87 - - [25/Apr/2022:07:55:53 -0500] "-" 408 -
191.89.243.55 - - [25/Apr/2022:07:56:08 -0500] "GET /BLA/resoluciones/index.php?dir=AUTOS+2011%2F HTTP/1.1" 200 627290
186.29.67.157 - - [25/Apr/2022:07:56:23 -0500] "GET /appsia/controlador HTTP/1.1" 200 4799
186.29.67.157 - - [25/Apr/2022:07:56:23 -0500] "GET /appsia/css/estilos.css HTTP/1.1" 200 4804
186.29.67.157 - - [25/Apr/2022:07:56:23 -0500] "GET /appsia/scripts/validarIngreso.js HTTP/1.1" 200 851
186.29.67.157 - - [25/Apr/2022:07:56:23 -0500] "GET /appsia/images/logo_bogota_p.png HTTP/1.1" 200 14951
186.29.67.157 - - [25/Apr/2022:07:56:23 -0500] "GET /appsia/images/cabezoteHojaVida.png HTTP/1.1" 200 32493
186.29.67.157 - - [25/Apr/2022:07:56:24 -0500] "GET /favicon.ico HTTP/1.1" 200 7782
186.29.67.157 - - [25/Apr/2022:07:56:30 -0500] "POST /appsia/controlador HTTP/1.1" 200 5437
186.29.67.157 - - [25/Apr/2022:07:56:32 -0500] "POST /appsia/controlador HTTP/1.1" 200 7785
186.29.67.157 - - [25/Apr/2022:07:56:34 -0500] "POST /appsia/controlador HTTP/1.1" 200 6650
186.29.67.157 - - [25/Apr/2022:07:56:35 -0500] "POST /appsia/controlador HTTP/1.1" 200 11636
172.22.2.4 - - [25/Apr/2022:07:56:57 -0500] "GET /BLA/boletinlegal/images/screen_2.png HTTP/1.1" 200 362502
172.22.2.4 - - [25/Apr/2022:07:56:57 -0500] "GET /BLA/boletinlegal/images/screen_3.png HTTP/1.1" 200 210620
172.22.2.4 - - [25/Apr/2022:07:56:57 -0500] "GET /BLA/boletinlegal/images/arr_r.jpg HTTP/1.1" 200 1998
172.22.2.4 - - [25/Apr/2022:07:56:57 -0500] "GET /BLA/boletinlegal/images/screen_5.png HTTP/1.1" 200 368876
172.22.2.4 - - [25/Apr/2022:07:56:59 -0500] "GET /BLA/boletinlegal/actos.php HTTP/1.1" 200 9559
172.22.2.4 - - [25/Apr/2022:07:57:00 -0500] "GET /BLA/boletinlegal/js/popup.js HTTP/1.1" 200 1270
172.22.2.4 - - [25/Apr/2022:07:57:00 -0500] "GET /BLA/boletinlegal/js/lib.js HTTP/1.1" 200 6474
172.22.2.4 - - [25/Apr/2022:07:57:00 -0500] "GET /BLA/boletinlegal/js/ajax_actos.js HTTP/1.1" 200 1322
172.22.2.4 - - [25/Apr/2022:07:57:00 -0500] "GET /BLA/boletinlegal/js/jquery1.js HTTP/1.1" 200 29846
172.22.2.4 - - [25/Apr/2022:07:57:00 -0500] "GET /BLA/boletinlegal/images/green-yellow-blue-pink-th.png HTTP/1.1" 200 7394
172.22.2.4 - - [25/Apr/2022:07:57:00 -0500] "GET /BLA/boletinlegal/favicon.ico HTTP/1.1" 404 1326
172.22.2.4 - - [25/Apr/2022:07:57:17 -0500] "GET /BLA/boletinlegal/consulta_actos.php?tipo=resoluciones&no=2163&usuario=&sector=&fecha=2020&resuelve= HTTP/1.1" 200 1333
172.22.2.4 - - [25/Apr/2022:07:57:17 -0500] "GET /BLA/boletinlegal/images/pdf.gif HTTP/1.1" 200 567
186.84.89.47 - - [25/Apr/2022:07:57:24 -0500] "GET /BLA/resoluciones/RESOLUCIONES%202020/2163.pdf HTTP/1.1" 200 447299
186.102.20.110 - - [25/Apr/2022:07:57:32 -0500] "GET /kwssiamovil/sm/acme/u?s=U2FsdGVkX1+OQzUTNovzEt7ZE09Cs8DZAfUVNwSGzBTTGdpwy2cTjfGTxlO3vXvJuKxWikPLuysI/NTvZnM8df+a6vsTmS2lOL+7+Qp4jjYuxB9FZN9dWQXsweRwfLiW1dJ00Xa0JqitFZBI0PfkJspv9Aj2WprtB/SlsF1tePJ7oSJf9qZpnuu1VPD5ri1Tq+yIa76UWX+wsWyAJ97fNXaIyAtr6vaXRNeMwYLu7sGzwyChxIcm13PWbiwflFwoek6UkfTPa7Wx/zYN9X3dXw==&u=U2FsdGVkX1+mhJtra2dcPv0+FUraqgOwh6MhLQ9vjEk=&y=U2FsdGVkX1+opx6FHPXLo3hyybAYkkhbXTv+Qe3zejQ= HTTP/1.1" 200 60
172.22.2.4 - - [25/Apr/2022:07:56:50 -0500] "GET /BLA/boletinlegal/ HTTP/1.1" 200 32715
216.245.221.92 - - [25/Apr/2022:07:57:47 -0500] "HEAD / HTTP/1.1" 200 -
186.102.20.110 - - [25/Apr/2022:07:58:03 -0500] "GET /kwssiamovil/sm/acme/u?s=U2FsdGVkX1/j37UH4FvRrMXf2D/8XQ9/IIMLoUItPu4P1LV9f9vFh1Wj+JNfolktsyfrUgkYmf9gS8fCBhxB1IZeU7nWsH1Jsp2cwt9EIKOMsOrjexA8Nga3fadQckGzC6e/mXUUbbhMN4opDtKZ8+F9fy6Ce5nC+0KiUYIuNdrM9gVzXoliMy7VwgLoCMrX3Z9c4R01AxMStM+YR5gmcMDMOwwdPgPSczax5TW6IiYkC+ynkKG8JsY9bEdj+tzYiUM6swTZiQS9FvxUyoPsqw==&u=U2FsdGVkX1+mhJtra2dcPv0+FUraqgOwh6MhLQ9vjEk=&y=U2FsdGVkX1+opx6FHPXLo3hyybAYkkhbXTv+Qe3zejQ= HTTP/1.1" 200 60
186.102.20.110 - - [25/Apr/2022:07:58:15 -0500] "GET /kwssiamovil/sm/acme/u?s=U2FsdGVkX198fr6V0RWrwcJ5t+mBqp2TTZXsnNyNUyvFh2KTMUX/6C8UNOeph0cDm7Tt+JBZXUZM8ZMOKYg1Mkeca3hBKZ32gN+IggcZoMPUswad6bWUPYTih4eJqQdFZ2qudzqIOZHgLPdX6JOxGF5CV/gooAtkxDtCWDdqhf3PkaA/LCcL8wnyEuXH3yis6qCt9H07zhM6TngRi5xLAeJivJjjJmqQzdB+ZbSkBbIQ9tTYYwvJmLHzTHgCSG/gQtJmpvqll6VRFaWzHEUzug==&u=U2FsdGVkX1+mhJtra2dcPv0+FUraqgOwh6MhLQ9vjEk=&y=U2FsdGVkX1+opx6FHPXLo3hyybAYkkhbXTv+Qe3zejQ= HTTP/1.1" 200 60
186.102.20.110 - - [25/Apr/2022:07:58:26 -0500] "GET /kwssiamovil/sm/acme/u?s=U2FsdGVkX1+p9IFyG60a4Ob9B5tXRuLWRl2ABD9qUuhhZV/mHdovsla4RlzULIBIRG/5rdgv0nINmO3pOSvJxsbpCQZicNrvsn1Ai8ksb63fw6eKP3OLausJ+B59G5etJri2Tg18acNRXrrp2o9+7NIO07grwqshdFT8ZDhRthVm2G+FsVHeSqUvMAu3L+CllJHAOashWrRLNppNDCKBaHmGm85kmcL8jog+Tlg+q6teX/Oyt8FAF8kpIa77nl9zKY9IHHCpXuzxgn9k3WE+Yg==&u=U2FsdGVkX1+mhJtra2dcPv0+FUraqgOwh6MhLQ9vjEk=&y=U2FsdGVkX1+opx6FHPXLo3hyybAYkkhbXTv+Qe3zejQ= HTTP/1.1" 200 60
186.102.20.110 - - [25/Apr/2022:07:58:42 -0500] "GET /kwssiamovil/sm/acme/u?s=U2FsdGVkX1+D7lkZVOdVelXcvX1XW9gYCZZPgzV+x9l4U9y2TMShUAByI9azrHCw8IgXm0g7sQK+YuWNAn+tY90VtDmx7v6g7EGIsizVIRlqTKvG5rB1Xcup5xD9g9We/dabu8W/zE275FsRSzz4JO6vJQB3TQ6xa0pLWvCLWRubmueDa9ypaj11zHMhUKIxiP2dGSvWAft28uU9KK5wyGX5biuCUqcobpQNNqsZTfFPN2HWps9v+ZpKspAzkK2FUHtaRfAf6hTB7m3ns/FEfQ==&u=U2FsdGVkX1+mhJtra2dcPv0+FUraqgOwh6MhLQ9vjEk=&y=U2FsdGVkX1+opx6FHPXLo3hyybAYkkhbXTv+Qe3zejQ= HTTP/1.1" 200 60
172.22.2.4 - - [25/Apr/2022:07:57:08 -0500] "HEAD /BLA/boletinlegal/ HTTP/1.1" 200 -
186.84.89.47 - - [25/Apr/2022:07:58:57 -0500] "GET /appsia/controlador HTTP/1.1" 200 4799
186.102.20.110 - - [25/Apr/2022:07:59:04 -0500] "GET /kwssiamovil/sm/acme/u?s=U2FsdGVkX196V7yBUqssqIOrCld8nO05q1Mx7Zk/RPTC2IOjv0T0WdQ/gEUwQoa0NoNwgtLRWTE0n4Zy6cokuT/nAkOPDjOWG8rs9UBttfWoFP0mXLT2f4Plb55ToH9vgReCAue/J/PFcYGfr/k9ehAlgDSnVU40WUDDdytrnz3ByZOUx8Rm++C8cG2s1UoR7w82T4IRVst7tP+ZoX262KbVklm01N+LGo9oiPe/UKSxsT1/eeSISFhLd92waFjesMM/JRZPmVUusip7eTU6Vg==&u=U2FsdGVkX1+mhJtra2dcPv0+FUraqgOwh6MhLQ9vjEk=&y=U2FsdGVkX1+opx6FHPXLo3hyybAYkkhbXTv+Qe3zejQ= HTTP/1.1" 200 60
186.84.89.47 - - [25/Apr/2022:07:59:06 -0500] "POST /appsia/controlador HTTP/1.1" 200 5437
186.84.89.47 - - [25/Apr/2022:07:59:08 -0500] "POST /appsia/controlador HTTP/1.1" 200 7797
186.84.89.47 - - [25/Apr/2022:07:59:09 -0500] "POST /appsia/controlador HTTP/1.1" 200 6670
186.84.89.47 - - [25/Apr/2022:07:59:10 -0500] "POST /appsia/controlador HTTP/1.1" 200 9850
186.102.20.110 - - [25/Apr/2022:07:59:19 -0500] "GET /kwssiamovil/sm/acme/u?s=U2FsdGVkX18MrRnQNj2ZqRXYITdXMP0bmRQlpxCG8CvgBRg1es8+yAVdU1lQa+A5YLtVDlwRboNYtXMDCH3LtuwECDATNMKoo1BAuNhNqe72LPL4Ta5NNUFWLVQZWJr0gRAtlJ/spjIvhCnUcr4jQWaJ6+icXYZOgKwMQNsTzaluoD/EmAiT2CQCOeWHAIMeOCCFJw+Xw+OBpq9YA0AwdGHqE+Bk/E8xXw8gaDpGJ7X3mNctW/1KucgFWIl0CmTJeSi3D2Ch6Pl06nfwrliZZg==&u=U2FsdGVkX1+mhJtra2dcPv0+FUraqgOwh6MhLQ9vjEk=&y=U2FsdGVkX1+opx6FHPXLo3hyybAYkkhbXTv+Qe3zejQ= HTTP/1.1" 200 60
186.84.89.47 - - [25/Apr/2022:07:59:30 -0500] "POST /appsia/controlador HTTP/1.1" 200 7797
186.84.89.47 - - [25/Apr/2022:07:59:33 -0500] "POST /appsia/controlador HTTP/1.1" 200 6670
186.84.89.47 - - [25/Apr/2022:07:59:34 -0500] "POST /appsia/controlador HTTP/1.1" 200 9850
172.22.2.4 - - [25/Apr/2022:07:57:58 -0500] "GET /BLA/boletinlegal/ HTTP/1.1" 200 50602
186.102.20.110 - - [25/Apr/2022:07:59:48 -0500] "GET /kwssiamovil/sm/acme/u?s=U2FsdGVkX1+L+ww0EQHijfmjWJzdlu9BOKrHWeuce4732T0L6dh9D77WmlodnDf0XsUszoqoa14HzF9qZp52BWNihf/7SPE9fvrg/Oqd+uo5Fi9to3UM+3Gm1QMie3ROW0560eQ8xo6Y2gmvEgn38mcM3uqMAmpt7890mijP+Ni8teJYjyGn9t/W17Uczq0yrMKAkQBQJK5S7+EOimcaAxWuHxyS+WRKwAzgvzKqyANkGzF6wbYbj+g65m/HT2aBLx7YDmaTFZ9ymgGppD/yJQ==&u=U2FsdGVkX1+mhJtra2dcPv0+FUraqgOwh6MhLQ9vjEk=&y=U2FsdGVkX1+opx6FHPXLo3hyybAYkkhbXTv+Qe3zejQ= HTTP/1.1" 200 60
186.102.20.110 - - [25/Apr/2022:08:00:02 -0500] "GET /kwssiamovil/sm/acme/u?s=U2FsdGVkX19r4hxQMucosfhyiWbKGoQnKRJwMI3tHJOMZE429MW2nGtdthsY6M60hn6SD1eDMB6EFQYVDaXArO/QXaMpEdWv9Fb+Vh07KT/LNQX0ahaTtC6ZjMWvmY90LWArPJvV5H7pvFszlpTmUoY/7KeP/jU7107p/qif+j0TrmbDdGr1g4oaxJIdWKHlB32226OdcdY5R+T0iuDaTjx5kMrsZyrOoVcZsZBV8q6/9O6d0B1sVLChR/s5dIll63smoHVs3NHb5LsECxFYxw==&u=U2FsdGVkX1+mhJtra2dcPv0+FUraqgOwh6MhLQ9vjEk=&y=U2FsdGVkX1+opx6FHPXLo3hyybAYkkhbXTv+Qe3zejQ= HTTP/1.1" 200 60
172.22.2.4 - - [25/Apr/2022:07:58:39 -0500] "GET /BLA/boletinlegal/ HTTP/1.1" 200 56669
186.102.20.110 - - [25/Apr/2022:08:00:22 -0500] "GET /kwssiamovil/sm/acme/u?s=U2FsdGVkX1/68S1Ao0PiHddd6sPjqAdg0Z5OlJd5QI7rgWPn7KLd+isOMFc8B7TbHipI1PVEZ2ZBgEvZnZblU4AAD45exFlEmKQux31dlgWDC3gvtliLpjJdscsLsZxVwR9RDrZGAI3+ANyf3wgXrAgu+Qezw0cf6fTEPD6JcMpaIgDHODC1o30dH78TRDycJWaU+u0JZKeKzzd0igTTXSDQU9OUX3MZ6bEMyeFNtWuIpP8mjf2fUQf4tzkeP+xj+VDhl2zimOrorTeWvAeN/g==&u=U2FsdGVkX1+mhJtra2dcPv0+FUraqgOwh6MhLQ9vjEk=&y=U2FsdGVkX1+opx6FHPXLo3hyybAYkkhbXTv+Qe3zejQ= HTTP/1.1" 200 60
172.22.2.4 - - [25/Apr/2022:08:00:27 -0500] "GET /BLA/boletinlegal/favicon.ico HTTP/1.1" 404 1308
172.22.2.4 - - [25/Apr/2022:08:01:26 -0500] "GET /BLA/boletinlegal/jurisprudencia/analisis/AnalisisT-606-15.docx HTTP/1.1" 200 26698
190.253.164.32 - - [25/Apr/2022:08:02:11 -0500] "POST /appsia/controlador HTTP/1.1" 200 7793
190.253.164.32 - - [25/Apr/2022:08:02:14 -0500] "POST /appsia/controlador HTTP/1.1" 200 5437
172.22.2.4 - - [25/Apr/2022:08:02:42 -0500] "GET /BLA/boletinlegal/actos.php HTTP/1.1" 200 9559
216.245.221.92 - - [25/Apr/2022:08:02:47 -0500] "HEAD / HTTP/1.1" 200 -
172.22.2.4 - - [25/Apr/2022:08:02:39 -0500] "GET /BLA/boletinlegal/ HTTP/1.1" 200 24523
191.107.254.25 - - [25/Apr/2022:08:03:43 -0500] "GET /appsia/controlador HTTP/1.1" 200 4799
191.107.254.25 - - [25/Apr/2022:08:03:46 -0500] "POST /appsia/controlador HTTP/1.1" 200 5437
191.107.254.25 - - [25/Apr/2022:08:03:48 -0500] "POST /appsia/controlador HTTP/1.1" 200 7773
191.107.254.25 - - [25/Apr/2022:08:03:50 -0500] "POST /appsia/controlador HTTP/1.1" 200 6638
191.107.254.25 - - [25/Apr/2022:08:03:52 -0500] "POST /appsia/controlador HTTP/1.1" 200 10566
172.22.2.4 - - [25/Apr/2022:08:04:11 -0500] "GET /BLA/boletinlegal/actos.php HTTP/1.1" 200 9559
172.22.2.4 - - [25/Apr/2022:08:04:17 -0500] "GET /BLA/boletinlegal/actos.php HTTP/1.1" 200 9559
172.22.2.4 - - [25/Apr/2022:08:04:34 -0500] "GET /BLA/boletinlegal/consulta_actos.php?tipo=autos&no=1072&usuario=&sector=&fecha=2022&resuelve= HTTP/1.1" 200 1043
172.22.2.4 - - [25/Apr/2022:08:02:58 -0500] "HEAD /BLA/boletinlegal/ HTTP/1.1" 200 -
172.22.2.4 - - [25/Apr/2022:08:03:48 -0500] "GET /BLA/boletinlegal/ HTTP/1.1" 200 59170
190.253.164.32 - - [25/Apr/2022:08:05:44 -0500] "GET /appsia/controlador HTTP/1.1" 200 5437
190.253.164.32 - - [25/Apr/2022:08:05:44 -0500] "GET /appsia/css/estilos.css HTTP/1.1" 200 4804
190.253.164.32 - - [25/Apr/2022:08:05:44 -0500] "GET /appsia/scripts/validarIngreso.js HTTP/1.1" 200 851
190.253.164.32 - - [25/Apr/2022:08:05:44 -0500] "GET /appsia/images/cabezoteHojaVida.png HTTP/1.1" 200 32493
190.253.164.32 - - [25/Apr/2022:08:05:44 -0500] "GET /appsia/images/logo_bogota_p.png HTTP/1.1" 200 14951
190.253.164.32 - - [25/Apr/2022:08:05:47 -0500] "POST /appsia/controlador HTTP/1.1" 200 7793
190.253.164.32 - - [25/Apr/2022:08:05:50 -0500] "POST /appsia/controlador HTTP/1.1" 200 6658
190.253.164.32 - - [25/Apr/2022:08:05:52 -0500] "POST /appsia/controlador HTTP/1.1" 200 11320
190.253.164.32 - - [25/Apr/2022:08:06:46 -0500] "POST /appsia/controlador HTTP/1.1" 200 7793
190.253.164.32 - - [25/Apr/2022:08:06:50 -0500] "POST /appsia/controlador HTTP/1.1" 200 5437
216.245.221.92 - - [25/Apr/2022:08:07:47 -0500] "HEAD / HTTP/1.1" 200 -
181.237.247.37 - - [25/Apr/2022:08:07:54 -0500] "GET /appsia/controlador HTTP/1.1" 200 4799
181.237.247.37 - - [25/Apr/2022:08:07:54 -0500] "GET /appsia/css/estilos.css HTTP/1.1" 200 4804
181.237.247.37 - - [25/Apr/2022:08:07:55 -0500] "GET /appsia/scripts/validarIngreso.js HTTP/1.1" 200 851
181.237.247.37 - - [25/Apr/2022:08:07:55 -0500] "GET /appsia/images/logo_bogota_p.png HTTP/1.1" 200 14951
181.237.247.37 - - [25/Apr/2022:08:07:55 -0500] "GET /appsia/images/cabezoteHojaVida.png HTTP/1.1" 200 32493
181.237.247.37 - - [25/Apr/2022:08:07:56 -0500] "GET /favicon.ico HTTP/1.1" 200 7782
181.237.247.37 - - [25/Apr/2022:08:08:07 -0500] "POST /appsia/controlador HTTP/1.1" 200 5437
181.237.247.37 - - [25/Apr/2022:08:08:09 -0500] "POST /appsia/controlador HTTP/1.1" 200 7781
181.237.247.37 - - [25/Apr/2022:08:08:11 -0500] "POST /appsia/controlador HTTP/1.1" 200 6646
181.237.247.37 - - [25/Apr/2022:08:08:12 -0500] "POST /appsia/controlador HTTP/1.1" 200 11257
181.237.247.37 - - [25/Apr/2022:08:08:49 -0500] "POST /appsia/controlador HTTP/1.1" 200 7781
181.237.247.37 - - [25/Apr/2022:08:08:51 -0500] "POST /appsia/controlador HTTP/1.1" 200 5437
181.237.247.37 - - [25/Apr/2022:08:08:52 -0500] "POST /appsia/controlador HTTP/1.1" 200 4799
172.22.2.4 - - [25/Apr/2022:08:08:48 -0500] "HEAD /BLA/boletinlegal/ HTTP/1.1" 200 -
172.22.2.4 - - [25/Apr/2022:08:10:35 -0500] "GET /BLA/boletinlegal/consulta_actos.php?tipo=autos&no=1809&usuario=&sector=&fecha=2022&resuelve= HTTP/1.1" 200 1037
191.156.54.26 - - [25/Apr/2022:08:10:40 -0500] "GET /BLA/resoluciones/AUTOS%202022/1809.pdf HTTP/1.1" 200 501778
54.92.201.194 - - [25/Apr/2022:08:10:55 -0500] "GET /secretaria-de-ambiente-libero-a-33-animales-silvestres-en-el-humedal-la-conejera.html HTTP/1.1" 200 1095
172.22.2.4 - - [25/Apr/2022:08:09:38 -0500] "GET /BLA/boletinlegal/ HTTP/1.1" 200 60932
216.245.221.92 - - [25/Apr/2022:08:12:47 -0500] "HEAD / HTTP/1.1" 200 -
172.22.2.4 - - [25/Apr/2022:08:14:38 -0500] "HEAD /BLA/boletinlegal/ HTTP/1.1" 200 -
201.245.192.253 - - [25/Apr/2022:08:16:49 -0500] "GET /appsia/controlador HTTP/1.1" 200 4799
201.245.192.253 - - [25/Apr/2022:08:16:49 -0500] "GET /appsia/css/estilos.css HTTP/1.1" 200 4804
201.245.192.253 - - [25/Apr/2022:08:16:49 -0500] "GET /appsia/scripts/validarIngreso.js HTTP/1.1" 200 851
201.245.192.253 - - [25/Apr/2022:08:16:49 -0500] "GET /appsia/images/logo_bogota_p.png HTTP/1.1" 200 14951
201.245.192.253 - - [25/Apr/2022:08:16:49 -0500] "GET /appsia/images/cabezoteHojaVida.png HTTP/1.1" 200 32493
201.245.192.253 - - [25/Apr/2022:08:16:49 -0500] "GET /favicon.ico HTTP/1.1" 200 7782
201.245.192.253 - - [25/Apr/2022:08:16:57 -0500] "POST /appsia/controlador HTTP/1.1" 200 3602
201.245.192.253 - - [25/Apr/2022:08:16:57 -0500] "GET /appsia/jscripts/validarSolicitud.js HTTP/1.1" 404 68
201.245.192.253 - - [25/Apr/2022:08:16:59 -0500] "GET /appsia/controlador HTTP/1.1" 200 4799
201.245.192.253 - - [25/Apr/2022:08:17:04 -0500] "POST /appsia/controlador HTTP/1.1" 200 5437
201.245.192.253 - - [25/Apr/2022:08:17:06 -0500] "POST /appsia/controlador HTTP/1.1" 200 7771
201.245.192.253 - - [25/Apr/2022:08:17:07 -0500] "POST /appsia/controlador HTTP/1.1" 200 6636
172.22.2.4 - - [25/Apr/2022:08:15:28 -0500] "GET /BLA/boletinlegal/ HTTP/1.1" 200 60932
201.245.192.253 - - [25/Apr/2022:08:17:09 -0500] "POST /appsia/controlador HTTP/1.1" 200 10210
201.245.192.253 - - [25/Apr/2022:08:17:17 -0500] "POST /appsia/controlador HTTP/1.1" 200 75823
40.77.167.29 - - [25/Apr/2022:08:17:21 -0500] "GET /Publicaciones/2022EE25945.pdf HTTP/1.1" 404 227
216.245.221.92 - - [25/Apr/2022:08:17:47 -0500] "HEAD / HTTP/1.1" 200 -
186.102.59.164 - - [25/Apr/2022:08:18:04 -0500] "GET /kwssiamovil/sm/acme/a?s=U2FsdGVkX18slRDmaGzLLNOM7RjAfDeref6LvY8yT/HRhjwPfx61xEOH1Oa1gM0oAW5vQx5IYpQja6X5/JjsV002wyVX5o1M7USw/jVllZP5XNWrrSffjD4FZEIGwTrcE3NNYTEsAZYfXjsyp462WTQ1Ogl10hOAm0OEKuytLYs7IZqHAsmVJaN1XAZEY539p1n8faKEyVUYCfzwLB3DcgTqnafWuVPO7MokUmAABBTVuFLjVryHTB+zqub6KHztR/ORzooSolon8b14yS3J1A==&u=U2FsdGVkX1/mKGqMO9mHbHl/M+3QzXGT5oKB68yXDItg8ROD0jSsOcpibdyZNEr1&y=U2FsdGVkX19sKQRD5JFtQchliZetFLabBsq+d5SREK8z/yD8DRmE80KETegcKx2M HTTP/1.1" 200 25
186.102.59.164 - - [25/Apr/2022:08:18:04 -0500] "GET /kwssiamovil/sm/acme/a?s=U2FsdGVkX196WyfNHzoNNLfyo3X1g81fmm7eF7M/NJp/dluCxVfbXn3bFJOT1+v+hxh5elQiiQ3ogObX/f5peYJkyCXIuPtykqUdvUKa6kZu63vxgwN7XFpNMwhgx2wpspVeyXsOcvsggjvzay1TQvsvUDuxipvZ00oo7A9WIBjhf3dr0PcS6uebvgpzvXl4kXcVBnINoZYWFp+eZpjz2LKwNHMpdPxNz7kRHlN/lkiwSfXQdMqTbU+bV5qQTV+YeGk0kqG/D1FVDaIX8J0YM5nC8yVS4yJ77jMKeir7uh3FVxY8fTXdoIo4/0r5oVjbxOHHnHYeZ9/ZPg6c+Z1HLOgAoB4cp5R0/niAN9N+NVJCIi+7RkEOt3QSASuFUeZ40BM8//cBelrxh6WoZTSw45FgtHnFfFxJURthWDFw0woIxKE95KSMukLR40ABfcdO6B19kDfjpWc3/YLCG032P0pAqovxYFgYVhUJIPcvcFkbcioZ5iZ7EWAbhryoTP+pQ6ykG46gZz5B1+K9aSDKpGbDLpRYXOog65WApJOR27EOGh6acreD37ti2lXPqF3R/i2Y/oIgv0UIrY2Vh1Vu+VuuiK0RObuMcAlUS1PX7ACu46QBWJS5Xn6thf/z+y8fIOYSM8OdJMrhhSZENeFp5ukWuAjYl8mL3BjnLYjzaaRFAUhxLMH53YZDPq1BW0+9Osql8kioddwfTRh8Y/WEch7jIqkxCu3z0DKmsjEt8Dw7h1KtlqeVnQQ+XMMQNdltDbuB6TLtEttSzdqC6G0WGSnZuX1sqYFF1KBXJrNfWf9xsildqS6oMIgSc86a0clEFTZ7NazSH4YSFHxfdXxkAEzKukvTA4vzZcsgtu7MzzCw2q6Hwxt+s94b5Nqs5tA09Qfwy9QSCEjfM9erjAJmlVu0IBZUSzbtddw7DMcokNdURwIvwUmN7Sr26AvL421HlWPUbl8FyJvc5kBzvx9E9HZ1DqdSglwquiDr4nqXSQEaxak9GeeGhjWYzE5gbubh5hTonWu1S5PqAi8Z4FQqm9OnpqWx00VcJdQf4P8/WGHRvVVkMzc0+F+9LK0ZjUHZl3nFVot0gYFlhdf6OXevscsOI0ec6J/YFxaQPqvb34w8pIN0Gj5LRYRNwT6gylBgbpNUaxRgH/v5z6t3ufjAquu9/CTU8gG+ordcG+m77va0EdvELNLqrKsJw0g3TSqXO8Qf3uQfhATM9D1SJ/1exjWSmSgI/XYSszrOCtY9Ry5e4++7x/zAyf1SKo8ud0daC/p+lOrrZK2zP8DcsZ8evk8VNJJmNRVsOWa2lPMxcivvmocpy6x+Mx13Sk4NKYqUhr7dGQp5T7yFL4b5iPmxey9Vvm2yPws5HcuUC1oke8BA6g2IxX/vYFTjONpz4wXyBoeqp1BzQcdS8JuHre6Haa0DzwaFWG53Kjq+kTYn3Mxey2TWkUzi/NfOZeWJw/2zq15Gk314RmSA40D2eyrbpYDC0G/zSEQi5cxLiWeqSSoO+sHqeW6hIT3bVP4oOuiX&u=U2FsdGVkX1/mKGqMO9mHbHl/M+3QzXGT5oKB68yXDItg8ROD0jSsOcpibdyZNEr1&y=U2FsdGVkX19sKQRD5JFtQchliZetFLabBsq+d5SREK8z/yD8DRmE80KETegcKx2M HTTP/1.1" 200 25
186.102.59.164 - - [25/Apr/2022:08:18:04 -0500] "GET /kwssiamovil/sm/acme/a?s=U2FsdGVkX1/Mqz5y+NC4CphgwTWGkV/M+to6FfxNmx3mOQGv5WY+K73k6UbEYVKFO3D7pN7lQeSGrbNMCxNLX52lqMm6NSSX+bPqeSeXcIGZoQ/hi5ceQuOZ6rS050Wut2qCbP0NISZ1vPlT1821EbNlubY7JubppZ05mFacA5A=&u=U2FsdGVkX1/mKGqMO9mHbHl/M+3QzXGT5oKB68yXDItg8ROD0jSsOcpibdyZNEr1&y=U2FsdGVkX19sKQRD5JFtQchliZetFLabBsq+d5SREK8z/yD8DRmE80KETegcKx2M HTTP/1.1" 200 25
186.102.59.164 - - [25/Apr/2022:08:18:04 -0500] "GET /kwssiamovil/sm/acme/a?s=U2FsdGVkX1/8u09tHmCAsdTfBUCYPrdyGeIpyKWis9XTc3wuK3qutASy5dsZz4vcl3kxiIYPLT7D984Ps1DlVzjHiDhzA/pyIqlrP1022UudsqT5cqXbXuf7ISBzO8QdFx/MWFynB6WAGo8DKn/5LAvNVM6OL0ZJX7fVZRIu7jU=&u=U2FsdGVkX1/mKGqMO9mHbHl/M+3QzXGT5oKB68yXDItg8ROD0jSsOcpibdyZNEr1&y=U2FsdGVkX19sKQRD5JFtQchliZetFLabBsq+d5SREK8z/yD8DRmE80KETegcKx2M HTTP/1.1" 200 25
186.102.59.164 - - [25/Apr/2022:08:18:05 -0500] "GET /kwssiamovil/sm/acme/a?s=U2FsdGVkX1/26ZDTW6TfdsipoTOyZZWHyZPwpNtsX62RfMvehZzkV6gWfV4Tq1UDBl3NZlsqmkf0oRXkTK5NwpvBCwQZRXKzLe2VcI6oifxhnH+v5g+64S25bdDQ//ExNSfxaUCJd9G1l1QjPJvqPAv/CZN8rIg8bYzG+Gu5raU=&u=U2FsdGVkX1/mKGqMO9mHbHl/M+3QzXGT5oKB68yXDItg8ROD0jSsOcpibdyZNEr1&y=U2FsdGVkX19sKQRD5JFtQchliZetFLabBsq+d5SREK8z/yD8DRmE80KETegcKx2M HTTP/1.1" 200 25
186.102.59.164 - - [25/Apr/2022:08:18:05 -0500] "GET /kwssiamovil/sm/acme/a?s=U2FsdGVkX1+BBnjgACHHEqDsWGKpvoPPE6n4mq3J6AVogrOADqnEFjqKgRynzOr0rFzZ7kazb+JQxiP+MQpxRf/e0Rm5XT5ZtSug4CfUByebeUhD7QorZ8YQkaB4HtoDiSMeNZ7EQvusXnW+v4EQmghKjVqzAKZgwey6pGfwi5rID1G++ZZ9/OLO2rfv+WfysX8BkHjONWw9KXwchvdFxQ==&u=U2FsdGVkX1/mKGqMO9mHbHl/M+3QzXGT5oKB68yXDItg8ROD0jSsOcpibdyZNEr1&y=U2FsdGVkX19sKQRD5JFtQchliZetFLabBsq+d5SREK8z/yD8DRmE80KETegcKx2M HTTP/1.1" 200 25
186.145.248.181 - - [25/Apr/2022:08:18:25 -0500] "GET /appsia/controlador HTTP/1.1" 200 4799
186.145.248.181 - - [25/Apr/2022:08:18:25 -0500] "GET /appsia/css/estilos.css HTTP/1.1" 200 4804
186.145.248.181 - - [25/Apr/2022:08:18:25 -0500] "GET /appsia/scripts/validarIngreso.js HTTP/1.1" 200 851
186.145.248.181 - - [25/Apr/2022:08:18:25 -0500] "GET /appsia/images/logo_bogota_p.png HTTP/1.1" 200 14951
186.145.248.181 - - [25/Apr/2022:08:18:25 -0500] "GET /appsia/images/cabezoteHojaVida.png HTTP/1.1" 200 32493
186.145.248.181 - - [25/Apr/2022:08:18:25 -0500] "GET /favicon.ico HTTP/1.1" 200 7782
186.145.248.181 - - [25/Apr/2022:08:18:35 -0500] "POST /appsia/controlador HTTP/1.1" 200 5437
186.145.248.181 - - [25/Apr/2022:08:18:37 -0500] "POST /appsia/controlador HTTP/1.1" 200 7793
186.145.248.181 - - [25/Apr/2022:08:18:46 -0500] "POST /appsia/controlador HTTP/1.1" 200 6658
186.145.248.181 - - [25/Apr/2022:08:18:49 -0500] "POST /appsia/controlador HTTP/1.1" 200 13579
172.22.2.4 - - [25/Apr/2022:08:19:06 -0500] "GET /BLA/boletinlegal/style.css HTTP/1.1" 200 9406
172.22.2.4 - - [25/Apr/2022:08:19:07 -0500] "GET /BLA/boletinlegal/styles2.css HTTP/1.1" 200 1838
172.22.2.4 - - [25/Apr/2022:08:19:07 -0500] "GET /BLA/boletinlegal/js/jquery.scrollTo-min.js HTTP/1.1" 200 1150
172.22.2.4 - - [25/Apr/2022:08:19:07 -0500] "GET /BLA/boletinlegal/js/jquery.js HTTP/1.1" 200 57254
172.22.2.4 - - [25/Apr/2022:08:19:07 -0500] "GET /BLA/boletinlegal/js/jquery.scrollShow.js HTTP/1.1" 200 4586
172.22.2.4 - - [25/Apr/2022:08:19:07 -0500] "GET /BLA/boletinlegal/images/cabezote%20BLEGAL.jpg HTTP/1.1" 200 118164
172.22.2.4 - - [25/Apr/2022:08:19:07 -0500] "GET /BLA/boletinlegal/images/historia.png HTTP/1.1" 200 52775
172.22.2.4 - - [25/Apr/2022:08:19:07 -0500] "GET /BLA/boletinlegal/images/registro-usuarios.png HTTP/1.1" 200 8106
172.22.2.4 - - [25/Apr/2022:08:19:07 -0500] "GET /BLA/boletinlegal/images/subscribe-icon-big.png HTTP/1.1" 200 47702
172.22.2.4 - - [25/Apr/2022:08:19:07 -0500] "GET /BLA/boletinlegal/images/arr_l.jpg HTTP/1.1" 200 1979
172.22.2.4 - - [25/Apr/2022:08:19:08 -0500] "GET /BLA/boletinlegal/images/menu_lft.gif HTTP/1.1" 200 1713
172.22.2.4 - - [25/Apr/2022:08:19:08 -0500] "GET /BLA/boletinlegal/images/text.jpg HTTP/1.1" 200 568
172.22.2.4 - - [25/Apr/2022:08:19:08 -0500] "GET /BLA/boletinlegal/images/body_bg.jpg HTTP/1.1" 200 1601
172.22.2.4 - - [25/Apr/2022:08:19:08 -0500] "GET /BLA/boletinlegal/images/menu_rght.gif HTTP/1.1" 200 1627
172.22.2.4 - - [25/Apr/2022:08:19:08 -0500] "GET /BLA/boletinlegal/images/bg_top.jpg HTTP/1.1" 200 522
172.22.2.4 - - [25/Apr/2022:08:19:08 -0500] "GET /BLA/boletinlegal/images/menu_bg.jpg HTTP/1.1" 200 620
172.22.2.4 - - [25/Apr/2022:08:19:08 -0500] "GET /BLA/boletinlegal/images/hover.jpg HTTP/1.1" 200 640
172.22.2.4 - - [25/Apr/2022:08:19:08 -0500] "GET /BLA/boletinlegal/images/launch.jpg HTTP/1.1" 200 14577
172.22.2.4 - - [25/Apr/2022:08:19:08 -0500] "GET /BLA/boletinlegal/images/screen_1.png HTTP/1.1" 200 202547
172.22.2.4 - - [25/Apr/2022:08:19:13 -0500] "GET /BLA/boletinlegal/images/arr_r.jpg HTTP/1.1" 200 1998
172.22.2.4 - - [25/Apr/2022:08:19:13 -0500] "GET /BLA/boletinlegal/images/screen_3.png HTTP/1.1" 200 210620
172.22.2.4 - - [25/Apr/2022:08:19:13 -0500] "GET /BLA/boletinlegal/images/screen_5.png HTTP/1.1" 200 368876
172.22.2.4 - - [25/Apr/2022:08:19:13 -0500] "GET /BLA/boletinlegal/images/screen_2.png HTTP/1.1" 200 362502
172.22.2.4 - - [25/Apr/2022:08:19:13 -0500] "GET /BLA/boletinlegal/images/footer_bg.jpg HTTP/1.1" 200 586
172.22.2.4 - - [25/Apr/2022:08:19:06 -0500] "GET /BLA/boletinlegal/ HTTP/1.1" 200 32715
5.45.207.144 - - [25/Apr/2022:08:19:50 -0500] "-" 408 -
213.180.203.77 - - [25/Apr/2022:08:19:55 -0500] "-" 408 -
5.45.207.72 - - [25/Apr/2022:08:20:01 -0500] "-" 408 -
201.245.192.253 - - [25/Apr/2022:08:20:06 -0500] "POST /appsia/controlador HTTP/1.1" 200 7771
5.45.207.140 - - [25/Apr/2022:08:20:06 -0500] "-" 408 -
181.71.18.84 - - [25/Apr/2022:08:20:07 -0500] "GET /BLA/resoluciones/index.php?dir=AUTOS+2021%2F HTTP/1.1" 200 365916
161.18.112.158 - - [25/Apr/2022:08:20:09 -0500] "GET /sipse/faces/faces/index.xhtml HTTP/1.1" 200 677
161.18.112.158 - - [25/Apr/2022:08:20:09 -0500] "GET /sipse/faces/javax.faces.resource/theme.css?ln=primefaces-sipse HTTP/1.1" 304 -
