!C99Shell v. 1.0 pre-release build #13!

Software: Apache. PHP/5.5.15 

uname -a: Windows NT SVR-DMZ 6.1 build 7600 (Windows Server 2008 R2 Enterprise Edition) i586 

SYSTEM 

Safe-mode: OFF (not secure)

E:\nuevo\apache\logs\   drwxrwxrwx
Free 5.02 GB of 239.26 GB (2.1%)
Detected drives: [ a ] [ c ] [ d ] [ e ] [ f ]
Home    Back    Forward    UPDIR    Refresh    Search    Buffer    Encoder    Tools    Proc.    FTP brute    Sec.    SQL    PHP-code    Update    Feedback    Self remove    Logout    


Viewing file:     access.2022.04.25.log (2.39 MB)      -rw-rw-rw-
Select action/file-type:
(+) | (+) | (+) | Code (+) | Session (+) | (+) | SDB (+) | (+) | (+) | (+) | (+) | (+) |
172.22.2.4 - - [24/Apr/2022:23:58:49 -0500] "HEAD /BLA/boletinlegal/ HTTP/1.1" 200 -
172.22.2.4 - - [24/Apr/2022:23:59:55 -0500] "GET /BLA/boletinlegal/ HTTP/1.1" 200 20427
172.22.2.4 - - [24/Apr/2022:23:59:39 -0500] "GET /BLA/boletinlegal/ HTTP/1.1" 200 54457
216.245.221.92 - - [25/Apr/2022:00:02:48 -0500] "HEAD / HTTP/1.1" 200 -
190.145.207.68 - - [25/Apr/2022:00:02:53 -0500] "GET /BLA/resoluciones/dlf/dirup.png HTTP/1.1" 200 644
190.145.207.68 - - [25/Apr/2022:00:02:53 -0500] "GET /BLA/resoluciones/index.php?dir=AUTOS+2021%2F HTTP/1.1" 200 365916
172.22.2.4 - - [25/Apr/2022:00:02:58 -0500] "GET /BLA/boletinlegal/actos.php HTTP/1.1" 200 9559
190.26.144.195 - - [25/Apr/2022:00:03:00 -0500] "GET /BLA/resoluciones/ HTTP/1.1" 200 13093
190.26.144.195 - - [25/Apr/2022:00:03:04 -0500] "GET /BLA/resoluciones/index.php?dir=RESOLUCIONES+2017%2F HTTP/1.1" 200 279005
172.22.2.4 - - [25/Apr/2022:00:02:54 -0500] "GET /BLA/boletinlegal/ HTTP/1.1" 200 36811
207.46.13.188 - - [25/Apr/2022:00:05:36 -0500] "GET /portaldeninos/noticias/ HTTP/1.1" 200 96250
207.46.13.188 - - [25/Apr/2022:00:05:55 -0500] "GET /portaldeninos/wp-content/plugins/gallery-videos/CSS/Total-Soft-Gallery-Video-Widget.css?ver=4.9.8 HTTP/1.1" 200 51554
40.77.167.7 - - [25/Apr/2022:00:05:58 -0500] "GET /portaldeninos/wp-content/themes/betheme/assets/animations/animations.min.css?ver=20.9.6 HTTP/1.1" 200 58508
207.46.13.161 - - [25/Apr/2022:00:05:58 -0500] "GET /portaldeninos/wp-content/uploads/useanyfont/uaf.css?ver=1589905315 HTTP/1.1" 200 408
157.55.39.211 - - [25/Apr/2022:00:05:59 -0500] "GET /portaldeninos/wp-includes/js/wp-emoji-release.min.js?ver=4.9.8 HTTP/1.1" 200 12026
40.77.167.7 - - [25/Apr/2022:00:06:00 -0500] "GET /portaldeninos/wp-includes/js/jquery/ui/accordion.min.js?ver=1.11.4 HTTP/1.1" 200 8584
172.22.2.4 - - [25/Apr/2022:00:04:39 -0500] "HEAD /BLA/boletinlegal/ HTTP/1.1" 200 -
172.22.2.4 - - [25/Apr/2022:00:05:29 -0500] "GET /BLA/boletinlegal/ HTTP/1.1" 200 61416
216.245.221.92 - - [25/Apr/2022:00:07:48 -0500] "HEAD / HTTP/1.1" 200 -
172.22.2.4 - - [25/Apr/2022:00:10:29 -0500] "HEAD /BLA/boletinlegal/ HTTP/1.1" 200 -
216.245.221.92 - - [25/Apr/2022:00:12:48 -0500] "HEAD / HTTP/1.1" 200 -
172.22.2.4 - - [25/Apr/2022:00:12:57 -0500] "POST /BLA/boletinlegal/Autodiscover/Autodiscover.xml HTTP/1.1" 404 1018
172.22.2.4 - - [25/Apr/2022:00:11:19 -0500] "GET /BLA/boletinlegal/ HTTP/1.1" 200 58588
152.61.192.232 - - [25/Apr/2022:00:15:55 -0500] "GET / HTTP/1.1" 200 319
152.61.128.50 - - [25/Apr/2022:00:17:05 -0500] "GET / HTTP/1.1" 200 319
216.245.221.92 - - [25/Apr/2022:00:17:48 -0500] "HEAD / HTTP/1.1" 200 -
172.22.2.4 - - [25/Apr/2022:00:16:19 -0500] "HEAD /BLA/boletinlegal/ HTTP/1.1" 200 -
172.22.2.4 - - [25/Apr/2022:00:17:09 -0500] "GET /BLA/boletinlegal/ HTTP/1.1" 200 60932
66.249.79.240 - - [25/Apr/2022:00:19:29 -0500] "-" 408 -
216.245.221.92 - - [25/Apr/2022:00:22:48 -0500] "HEAD / HTTP/1.1" 200 -
201.245.192.253 - - [25/Apr/2022:00:22:12 -0500] "POST /kwsrmcab/Wsrmcab HTTP/1.1" 200 44876
172.22.2.4 - - [25/Apr/2022:00:23:05 -0500] "GET /BLA/boletinlegal/sugerencias.php HTTP/1.1" 200 8615
172.22.2.4 - - [25/Apr/2022:00:23:20 -0500] "GET /BLA/boletinlegal/js/jquery.scrollTo-min.js HTTP/1.1" 200 1150
201.245.192.253 - - [25/Apr/2022:00:22:59 -0500] "POST /kwsrmcab/Wsrmcab HTTP/1.1" 200 43513
172.22.2.4 - - [25/Apr/2022:00:22:09 -0500] "HEAD /BLA/boletinlegal/ HTTP/1.1" 200 -
172.22.2.4 - - [25/Apr/2022:00:22:59 -0500] "GET /BLA/boletinlegal/ HTTP/1.1" 200 61416
216.245.221.92 - - [25/Apr/2022:00:27:48 -0500] "HEAD / HTTP/1.1" 200 -
172.22.2.4 - - [25/Apr/2022:00:27:24 -0500] "GET /BLA/boletinlegal/ HTTP/1.1" 200 58006
173.252.107.20 - - [25/Apr/2022:00:29:23 -0500] "GET /images/estacion-monitoreo-usme-29-marzo.jpg HTTP/1.1" 200 30383
173.252.107.6 - - [25/Apr/2022:00:29:23 -0500] "GET /images/operativos-control-residuos-hospitalarios-4-abril.jpeg HTTP/1.1" 200 58998
172.22.2.4 - - [25/Apr/2022:00:27:59 -0500] "HEAD /BLA/boletinlegal/ HTTP/1.1" 200 -
172.22.2.4 - - [25/Apr/2022:00:28:49 -0500] "GET /BLA/boletinlegal/ HTTP/1.1" 200 55877
66.249.79.236 - - [25/Apr/2022:00:30:54 -0500] "-" 408 -
216.245.221.92 - - [25/Apr/2022:00:32:48 -0500] "HEAD / HTTP/1.1" 200 -
201.245.192.253 - - [25/Apr/2022:00:32:11 -0500] "POST /kwsrmcab/Wsrmcab HTTP/1.1" 200 44876
201.245.192.253 - - [25/Apr/2022:00:33:02 -0500] "POST /kwsrmcab/Wsrmcab HTTP/1.1" 200 43513
66.249.79.188 - - [25/Apr/2022:00:34:07 -0500] "-" 408 -
172.22.2.4 - - [25/Apr/2022:00:33:49 -0500] "HEAD /BLA/boletinlegal/ HTTP/1.1" 200 -
172.22.2.4 - - [25/Apr/2022:00:34:39 -0500] "GET /BLA/boletinlegal/ HTTP/1.1" 200 59170
216.245.221.92 - - [25/Apr/2022:00:37:48 -0500] "HEAD / HTTP/1.1" 200 -
173.252.107.13 - - [25/Apr/2022:00:38:02 -0500] "GET /en-semana-santa-jardin-botanico-una-opcion-vital-para-reconectarse-y-vivir-la-naturaleza.html HTTP/1.1" 206 1012
173.252.107.21 - - [25/Apr/2022:00:38:02 -0500] "GET /en-semana-santa-jardin-botanico-una-opcion-vital-para-reconectarse-y-vivir-la-naturaleza.html HTTP/1.1" 206 1012
172.22.2.4 - - [25/Apr/2022:00:38:34 -0500] "GET /BLA/boletinlegal/style.css HTTP/1.1" 200 9406
172.22.2.4 - - [25/Apr/2022:00:38:35 -0500] "GET /BLA/boletinlegal/js/jquery.js HTTP/1.1" 200 57254
172.22.2.4 - - [25/Apr/2022:00:38:35 -0500] "GET /BLA/boletinlegal/styles2.css HTTP/1.1" 200 1838
172.22.2.4 - - [25/Apr/2022:00:38:35 -0500] "GET /BLA/boletinlegal/js/jquery.scrollTo-min.js HTTP/1.1" 200 1150
172.22.2.4 - - [25/Apr/2022:00:38:35 -0500] "GET /BLA/boletinlegal/js/jquery.scrollShow.js HTTP/1.1" 200 4586
172.22.2.4 - - [25/Apr/2022:00:38:37 -0500] "GET /BLA/boletinlegal/images/cabezote%20BLEGAL.jpg HTTP/1.1" 200 118164
172.22.2.4 - - [25/Apr/2022:00:38:37 -0500] "GET /BLA/boletinlegal/images/subscribe-icon-big.png HTTP/1.1" 200 47702
172.22.2.4 - - [25/Apr/2022:00:38:37 -0500] "GET /BLA/boletinlegal/images/historia.png HTTP/1.1" 200 52775
172.22.2.4 - - [25/Apr/2022:00:38:37 -0500] "GET /BLA/boletinlegal/images/registro-usuarios.png HTTP/1.1" 200 8106
172.22.2.4 - - [25/Apr/2022:00:38:38 -0500] "GET /BLA/boletinlegal/images/screen_1.png HTTP/1.1" 200 202547
172.22.2.4 - - [25/Apr/2022:00:38:38 -0500] "GET /BLA/boletinlegal/images/arr_l.jpg HTTP/1.1" 200 1979
172.22.2.4 - - [25/Apr/2022:00:38:38 -0500] "GET /BLA/boletinlegal/images/launch.jpg HTTP/1.1" 200 14577
172.22.2.4 - - [25/Apr/2022:00:38:38 -0500] "GET /BLA/boletinlegal/images/screen_2.png HTTP/1.1" 200 362502
172.22.2.4 - - [25/Apr/2022:00:38:38 -0500] "GET /BLA/boletinlegal/images/screen_3.png HTTP/1.1" 200 210620
172.22.2.4 - - [25/Apr/2022:00:38:40 -0500] "GET /BLA/boletinlegal/images/screen_5.png HTTP/1.1" 200 368876
172.22.2.4 - - [25/Apr/2022:00:38:40 -0500] "GET /BLA/boletinlegal/images/arr_r.jpg HTTP/1.1" 200 1998
172.22.2.4 - - [25/Apr/2022:00:38:40 -0500] "GET /BLA/boletinlegal/images/body_bg.jpg HTTP/1.1" 200 1601
172.22.2.4 - - [25/Apr/2022:00:38:42 -0500] "GET /BLA/boletinlegal/images/menu_lft.gif HTTP/1.1" 200 1713
172.22.2.4 - - [25/Apr/2022:00:38:42 -0500] "GET /BLA/boletinlegal/images/menu_rght.gif HTTP/1.1" 200 1627
172.22.2.4 - - [25/Apr/2022:00:38:42 -0500] "GET /BLA/boletinlegal/images/bg_top.jpg HTTP/1.1" 200 522
172.22.2.4 - - [25/Apr/2022:00:38:42 -0500] "GET /BLA/boletinlegal/images/menu_bg.jpg HTTP/1.1" 200 620
172.22.2.4 - - [25/Apr/2022:00:38:42 -0500] "GET /BLA/boletinlegal/images/text.jpg HTTP/1.1" 200 568
172.22.2.4 - - [25/Apr/2022:00:38:42 -0500] "GET /BLA/boletinlegal/images/hover.jpg HTTP/1.1" 200 640
172.22.2.4 - - [25/Apr/2022:00:38:42 -0500] "GET /BLA/boletinlegal/images/footer_bg.jpg HTTP/1.1" 200 586
172.22.2.4 - - [25/Apr/2022:00:38:45 -0500] "GET /BLA/boletinlegal/images/pdf.gif HTTP/1.1" 200 567
172.22.2.4 - - [25/Apr/2022:00:39:40 -0500] "GET /BLA/boletinlegal/actos.php HTTP/1.1" 200 9559
172.22.2.4 - - [25/Apr/2022:00:39:40 -0500] "GET /BLA/boletinlegal/js/ajax_actos.js HTTP/1.1" 200 1322
172.22.2.4 - - [25/Apr/2022:00:39:40 -0500] "GET /BLA/boletinlegal/niceforms.js HTTP/1.1" 200 22876
172.22.2.4 - - [25/Apr/2022:00:39:40 -0500] "GET /BLA/boletinlegal/niceforms-default.css HTTP/1.1" 200 6694
172.22.2.4 - - [25/Apr/2022:00:39:40 -0500] "GET /BLA/boletinlegal/js/lib.js HTTP/1.1" 200 6474
172.22.2.4 - - [25/Apr/2022:00:39:40 -0500] "GET /BLA/boletinlegal/js/popup.js HTTP/1.1" 200 1270
172.22.2.4 - - [25/Apr/2022:00:39:40 -0500] "GET /BLA/boletinlegal/js/jquery1.js HTTP/1.1" 200 29846
172.22.2.4 - - [25/Apr/2022:00:39:40 -0500] "GET /BLA/boletinlegal/images/green-yellow-blue-pink-th.png HTTP/1.1" 200 7394
172.22.2.4 - - [25/Apr/2022:00:39:40 -0500] "GET /BLA/boletinlegal/images/tel.png HTTP/1.1" 200 14477
172.22.2.4 - - [25/Apr/2022:00:39:40 -0500] "GET /BLA/boletinlegal/images/icono-email.png HTTP/1.1" 200 5544
172.22.2.4 - - [25/Apr/2022:00:39:40 -0500] "GET /BLA/boletinlegal/images/abajo.png HTTP/1.1" 200 96676
172.22.2.4 - - [25/Apr/2022:00:39:44 -0500] "GET /BLA/boletinlegal/images/footer_bg_l.jpg HTTP/1.1" 200 776
172.22.2.4 - - [25/Apr/2022:00:39:45 -0500] "GET /BLA/boletinlegal/img/0.png HTTP/1.1" 200 110
172.22.2.4 - - [25/Apr/2022:00:39:45 -0500] "GET /BLA/boletinlegal/img/select-left.png HTTP/1.1" 200 263
172.22.2.4 - - [25/Apr/2022:00:39:45 -0500] "GET /BLA/boletinlegal/img/select-right.png HTTP/1.1" 200 44019
172.22.2.4 - - [25/Apr/2022:00:39:45 -0500] "GET /BLA/boletinlegal/img/button-left.png HTTP/1.1" 200 57071
172.22.2.4 - - [25/Apr/2022:00:39:45 -0500] "GET /BLA/boletinlegal/img/button.png HTTP/1.1" 200 43241
172.22.2.4 - - [25/Apr/2022:00:39:45 -0500] "GET /BLA/boletinlegal/img/button-right.png HTTP/1.1" 200 57878
172.22.2.4 - - [25/Apr/2022:00:40:07 -0500] "GET /BLA/boletinlegal/consulta_actos.php?tipo=autos&no=6639&usuario=&sector=&fecha=2010&resuelve= HTTP/1.1" 200 1072
172.22.2.4 - - [25/Apr/2022:00:38:30 -0500] "GET /BLA/boletinlegal/ HTTP/1.1" 200 60932
186.155.89.244 - - [25/Apr/2022:00:40:48 -0500] "GET /BLA/resoluciones/AUTOS%202010/6639.pdf HTTP/1.1" 200 149335
172.22.2.4 - - [25/Apr/2022:00:39:39 -0500] "HEAD /BLA/boletinlegal/ HTTP/1.1" 200 -
172.22.2.4 - - [25/Apr/2022:00:40:29 -0500] "GET /BLA/boletinlegal/ HTTP/1.1" 200 59170
216.245.221.92 - - [25/Apr/2022:00:42:48 -0500] "HEAD / HTTP/1.1" 200 -
172.22.2.4 - - [25/Apr/2022:00:42:51 -0500] "GET /BLA/boletinlegal/consulta_actos.php?tipo=resoluciones&no=2297&usuario=&sector=&fecha=2019&resuelve= HTTP/1.1" 200 626
201.245.192.253 - - [25/Apr/2022:00:42:12 -0500] "POST /kwsrmcab/Wsrmcab HTTP/1.1" 200 44876
172.22.2.4 - - [25/Apr/2022:00:43:18 -0500] "GET /BLA/boletinlegal/consulta_actos.php?tipo=resoluciones&no=2297&usuario=&sector=&fecha=2019&resuelve= HTTP/1.1" 200 626
172.22.2.4 - - [25/Apr/2022:00:43:20 -0500] "GET /BLA/boletinlegal/consulta_actos.php?tipo=resoluciones&no=2297&usuario=&sector=&fecha=2019&resuelve= HTTP/1.1" 200 626
172.22.2.4 - - [25/Apr/2022:00:43:24 -0500] "GET /BLA/boletinlegal/consulta_actos.php?tipo=resoluciones&no=2297&usuario=&sector=&fecha=2019&resuelve= HTTP/1.1" 200 626
172.22.2.4 - - [25/Apr/2022:00:43:27 -0500] "GET /BLA/boletinlegal/consulta_actos.php?tipo=resoluciones&no=2297&usuario=&sector=SILVICULTURA&fecha=2019&resuelve= HTTP/1.1" 200 626
172.22.2.4 - - [25/Apr/2022:00:43:31 -0500] "GET /BLA/boletinlegal/actos.php HTTP/1.1" 200 9559
172.22.2.4 - - [25/Apr/2022:00:43:43 -0500] "GET /BLA/boletinlegal/consulta_actos.php?tipo=resoluciones&no=2297&usuario=&sector=SILVICULTURA&fecha=2019&resuelve= HTTP/1.1" 200 626
201.245.192.253 - - [25/Apr/2022:00:43:02 -0500] "POST /kwsrmcab/Wsrmcab HTTP/1.1" 200 43513
207.46.13.196 - - [25/Apr/2022:00:44:25 -0500] "GET /Publicaciones/2022EE27012.pdf HTTP/1.1" 404 227
172.22.2.4 - - [25/Apr/2022:00:46:31 -0500] "GET /BLA/boletinlegal/consulta_actos.php?tipo=autos&no=6625&usuario=&sector=&fecha=2010&resuelve= HTTP/1.1" 200 1079
186.155.89.244 - - [25/Apr/2022:00:46:42 -0500] "GET /BLA/resoluciones/AUTOS%202010/6625.pdf HTTP/1.1" 200 1761408
172.22.2.4 - - [25/Apr/2022:00:45:29 -0500] "HEAD /BLA/boletinlegal/ HTTP/1.1" 200 -
172.22.2.4 - - [25/Apr/2022:00:47:16 -0500] "GET /BLA/boletinlegal/consulta_actos.php?tipo=autos&no=0819&usuario=&sector=&fecha=2014&resuelve= HTTP/1.1" 200 1285
186.155.89.244 - - [25/Apr/2022:00:47:22 -0500] "GET /BLA/resoluciones/AUTOS%202014/0819.pdf HTTP/1.1" 200 167596
216.245.221.92 - - [25/Apr/2022:00:47:48 -0500] "HEAD / HTTP/1.1" 200 -
52.229.34.66 - - [25/Apr/2022:00:47:52 -0500] "GET /galeria/galeria/fotos/Huemdal-el-Tunjo4P.jpg HTTP/1.1" 200 18710
172.22.2.4 - - [25/Apr/2022:00:46:19 -0500] "GET /BLA/boletinlegal/ HTTP/1.1" 200 60932
172.22.2.4 - - [25/Apr/2022:00:48:40 -0500] "GET /BLA/boletinlegal/conceptos.php HTTP/1.1" 200 7443
172.22.2.4 - - [25/Apr/2022:00:48:59 -0500] "GET /BLA/boletinlegal/js/ajax_conceptos.js HTTP/1.1" 200 1326
130.211.54.158 - - [25/Apr/2022:00:50:01 -0500] "GET / HTTP/1.1" 200 319
69.171.251.9 - - [25/Apr/2022:00:51:04 -0500] "GET /images/negocios-verdes-3-marzo.jpg HTTP/1.1" 200 33179
207.46.13.82 - - [25/Apr/2022:00:51:37 -0500] "GET /Publicaciones/2022EE19389.pdf HTTP/1.1" 404 227
216.245.221.92 - - [25/Apr/2022:00:52:48 -0500] "HEAD / HTTP/1.1" 200 -
172.22.2.4 - - [25/Apr/2022:00:51:19 -0500] "HEAD /BLA/boletinlegal/ HTTP/1.1" 200 -
172.22.2.4 - - [25/Apr/2022:00:52:09 -0500] "GET /BLA/boletinlegal/ HTTP/1.1" 200 58588
172.22.2.4 - - [25/Apr/2022:00:55:36 -0500] "GET /BLA/boletinlegal/robots.txt HTTP/1.1" 404 1140
216.245.221.92 - - [25/Apr/2022:00:57:48 -0500] "HEAD / HTTP/1.1" 200 -
172.22.2.4 - - [25/Apr/2022:00:57:09 -0500] "HEAD /BLA/boletinlegal/ HTTP/1.1" 200 -
172.22.2.4 - - [25/Apr/2022:00:57:59 -0500] "GET /BLA/boletinlegal/ HTTP/1.1" 200 55089
152.61.192.232 - - [25/Apr/2022:01:01:05 -0500] "GET /arcgis/services/Calidad_del_Agua_WQI/MapServer/WMSServer?request=GetCapabilities&service=WMS HTTP/1.1" 503 1020
152.61.192.232 - - [25/Apr/2022:01:01:06 -0500] "GET /arcgis/services/Calidad_del_Agua_WQI/MapServer/WMSServer?SERVICE=WMS&REQUEST=GetCapabilities HTTP/1.1" 503 1020
152.61.192.232 - - [25/Apr/2022:01:01:07 -0500] "GET /arcgis/services/Calidad_del_Agua_WQI/MapServer/WMSServer?WMTVER=1.0.0&REQUEST=capabilities HTTP/1.1" 503 1020
172.22.2.4 - - [25/Apr/2022:00:59:38 -0500] "GET /BLA/boletinlegal/index.php HTTP/1.1" 200 63342
216.245.221.92 - - [25/Apr/2022:01:02:48 -0500] "HEAD / HTTP/1.1" 200 -
66.249.79.240 - - [25/Apr/2022:01:04:29 -0500] "-" 408 -
172.22.2.4 - - [25/Apr/2022:01:02:59 -0500] "HEAD /BLA/boletinlegal/ HTTP/1.1" 200 -
207.46.13.79 - - [25/Apr/2022:01:04:39 -0500] "GET / HTTP/1.1" 200 319
152.61.128.50 - - [25/Apr/2022:01:05:07 -0500] "GET /arcgis/services/Calidad_del_Agua_WQI/MapServer/WMSServer?request=GetCapabilities&service=WMS HTTP/1.1" 503 1020
152.61.128.50 - - [25/Apr/2022:01:05:09 -0500] "GET /arcgis/services/Calidad_del_Agua_WQI/MapServer/WMSServer?SERVICE=WMS&REQUEST=GetCapabilities HTTP/1.1" 503 1020
152.61.128.50 - - [25/Apr/2022:01:05:09 -0500] "GET /arcgis/services/Calidad_del_Agua_WQI/MapServer/WMSServer?WMTVER=1.0.0&REQUEST=capabilities HTTP/1.1" 503 1020
109.237.103.118 - - [25/Apr/2022:01:05:26 -0500] "GET /.aws/credentials HTTP/1.1" 404 1018
109.237.103.118 - - [25/Apr/2022:01:05:26 -0500] "\x16\x03\x01\x01D\x01" 400 226
172.22.2.4 - - [25/Apr/2022:01:03:49 -0500] "GET /BLA/boletinlegal/ HTTP/1.1" 200 61416
216.245.221.92 - - [25/Apr/2022:01:07:48 -0500] "HEAD / HTTP/1.1" 200 -
172.22.2.4 - - [25/Apr/2022:01:08:49 -0500] "HEAD /BLA/boletinlegal/ HTTP/1.1" 200 -
172.22.2.4 - - [25/Apr/2022:01:09:39 -0500] "GET /BLA/boletinlegal/ HTTP/1.1" 200 58588
172.22.2.4 - - [25/Apr/2022:01:12:46 -0500] "GET /BLA/boletinlegal/_ignition/execute-solution HTTP/1.1" 404 1018
216.245.221.92 - - [25/Apr/2022:01:12:48 -0500] "HEAD / HTTP/1.1" 200 -
172.22.2.4 - - [25/Apr/2022:01:13:51 -0500] "GET /BLA/boletinlegal/jurisprudencia/analisis/analisis%20c-595-2010.doc HTTP/1.1" 200 39424
207.46.13.115 - - [25/Apr/2022:01:15:35 -0500] "GET /bla/resoluciones/index.php?dir=decretos/&sort=name&order=desc HTTP/1.1" 200 6803
66.249.79.236 - - [25/Apr/2022:01:16:17 -0500] "-" 408 -
172.22.2.4 - - [25/Apr/2022:01:14:39 -0500] "HEAD /BLA/boletinlegal/ HTTP/1.1" 200 -
172.22.2.4 - - [25/Apr/2022:01:15:29 -0500] "GET /BLA/boletinlegal/ HTTP/1.1" 200 57044
216.245.221.92 - - [25/Apr/2022:01:17:48 -0500] "HEAD / HTTP/1.1" 200 -
103.178.237.132 - - [25/Apr/2022:01:22:06 -0500] "GET / HTTP/1.1" 200 319
172.22.2.4 - - [25/Apr/2022:01:20:29 -0500] "HEAD /BLA/boletinlegal/ HTTP/1.1" 200 -
172.22.2.4 - - [25/Apr/2022:01:22:30 -0500] "GET /BLA/boletinlegal/actos.php HTTP/1.1" 200 9559
172.22.2.4 - - [25/Apr/2022:01:22:30 -0500] "GET /BLA/boletinlegal/js/ajax_actos.js HTTP/1.1" 200 1322
172.22.2.4 - - [25/Apr/2022:01:22:30 -0500] "GET /BLA/boletinlegal/niceforms-default.css HTTP/1.1" 200 6694
172.22.2.4 - - [25/Apr/2022:01:22:30 -0500] "GET /BLA/boletinlegal/js/lib.js HTTP/1.1" 200 6474
172.22.2.4 - - [25/Apr/2022:01:22:30 -0500] "GET /BLA/boletinlegal/niceforms.js HTTP/1.1" 200 22876
172.22.2.4 - - [25/Apr/2022:01:22:30 -0500] "GET /BLA/boletinlegal/js/popup.js HTTP/1.1" 200 1270
172.22.2.4 - - [25/Apr/2022:01:22:30 -0500] "GET /BLA/boletinlegal/js/jquery1.js HTTP/1.1" 200 29846
172.22.2.4 - - [25/Apr/2022:01:22:30 -0500] "GET /BLA/boletinlegal/images/green-yellow-blue-pink-th.png HTTP/1.1" 200 7394
172.22.2.4 - - [25/Apr/2022:01:22:30 -0500] "GET /BLA/boletinlegal/images/abajo.png HTTP/1.1" 200 96676
172.22.2.4 - - [25/Apr/2022:01:22:30 -0500] "GET /BLA/boletinlegal/images/icono-email.png HTTP/1.1" 200 5544
172.22.2.4 - - [25/Apr/2022:01:22:30 -0500] "GET /BLA/boletinlegal/images/tel.png HTTP/1.1" 200 14477
172.22.2.4 - - [25/Apr/2022:01:22:30 -0500] "GET /BLA/boletinlegal/images/footer_bg_l.jpg HTTP/1.1" 200 776
172.22.2.4 - - [25/Apr/2022:01:22:30 -0500] "GET /BLA/boletinlegal/img/0.png HTTP/1.1" 200 110
172.22.2.4 - - [25/Apr/2022:01:22:30 -0500] "GET /BLA/boletinlegal/img/select-left.png HTTP/1.1" 200 263
172.22.2.4 - - [25/Apr/2022:01:22:30 -0500] "GET /BLA/boletinlegal/img/select-right.png HTTP/1.1" 200 44019
172.22.2.4 - - [25/Apr/2022:01:22:30 -0500] "GET /BLA/boletinlegal/img/button-left.png HTTP/1.1" 200 57071
172.22.2.4 - - [25/Apr/2022:01:22:30 -0500] "GET /BLA/boletinlegal/img/button.png HTTP/1.1" 200 43241
172.22.2.4 - - [25/Apr/2022:01:22:30 -0500] "GET /BLA/boletinlegal/img/button-right.png HTTP/1.1" 200 57878
172.22.2.4 - - [25/Apr/2022:01:22:37 -0500] "GET /BLA/boletinlegal/consulta_actos.php?tipo=autos&no=4038&usuario=&sector=&fecha=2011&resuelve= HTTP/1.1" 200 1077
216.245.221.92 - - [25/Apr/2022:01:22:48 -0500] "HEAD / HTTP/1.1" 200 -
172.22.2.4 - - [25/Apr/2022:01:21:19 -0500] "GET /BLA/boletinlegal/ HTTP/1.1" 200 57542
201.245.192.253 - - [25/Apr/2022:01:22:12 -0500] "POST /kwsrmcab/Wsrmcab HTTP/1.1" 200 45034
172.22.2.4 - - [25/Apr/2022:01:22:28 -0500] "GET /BLA/boletinlegal/ HTTP/1.1" 200 24523
172.22.2.4 - - [25/Apr/2022:01:23:32 -0500] "GET /BLA/boletinlegal/jurisprudencia/analisis/analisis%20c-595-2010.doc HTTP/1.1" 200 39424
172.22.2.4 - - [25/Apr/2022:01:22:57 -0500] "GET /BLA/boletinlegal/ HTTP/1.1" 200 36811
201.245.192.253 - - [25/Apr/2022:01:23:01 -0500] "POST /kwsrmcab/Wsrmcab HTTP/1.1" 200 43511
157.55.39.145 - - [25/Apr/2022:01:26:10 -0500] "GET /bla/resoluciones/autos%202008/3507.pdf HTTP/1.1" 200 2290106
34.147.80.190 - - [25/Apr/2022:01:26:31 -0500] "GET / HTTP/1.1" 200 319
191.156.61.152 - - [25/Apr/2022:01:27:00 -0500] "GET /en-dia-internacional-de-la-tierra-secretaria-de-ambiente-presenta-libro-digital-de-relatos-escritos-por-ciudadanos.html HTTP/1.1" 200 1033
172.22.2.4 - - [25/Apr/2022:01:27:05 -0500] "GET /BLA/boletinlegal/jurisprudencia/analisis/CUADRO%20SENTENCIA%20T-299%20DE%202008.doc HTTP/1.1" 200 40960
216.245.221.92 - - [25/Apr/2022:01:27:48 -0500] "HEAD / HTTP/1.1" 200 -
190.84.116.247 - - [25/Apr/2022:01:27:49 -0500] "GET /galeria/galeria/jquery.fancybox.css?v=2.1.5 HTTP/1.1" 200 4895
190.84.116.247 - - [25/Apr/2022:01:27:49 -0500] "GET /BLA/boletinlegal/js/jquery.scrollShow.js HTTP/1.1" 200 4586
190.84.116.247 - - [25/Apr/2022:01:27:50 -0500] "GET /galeria/galeria/jquery.fancybox.js?v=2.1.5 HTTP/1.1" 200 48706
172.22.2.4 - - [25/Apr/2022:01:26:19 -0500] "HEAD /BLA/boletinlegal/ HTTP/1.1" 200 -
172.22.2.4 - - [25/Apr/2022:01:27:09 -0500] "GET /BLA/boletinlegal/ HTTP/1.1" 200 59170
216.245.221.92 - - [25/Apr/2022:01:32:48 -0500] "HEAD / HTTP/1.1" 200 -
201.245.192.253 - - [25/Apr/2022:01:32:11 -0500] "POST /kwsrmcab/Wsrmcab HTTP/1.1" 200 45034
172.22.2.4 - - [25/Apr/2022:01:32:09 -0500] "HEAD /BLA/boletinlegal/ HTTP/1.1" 200 -
201.245.192.253 - - [25/Apr/2022:01:33:01 -0500] "POST /kwsrmcab/Wsrmcab HTTP/1.1" 200 43511
172.22.2.4 - - [25/Apr/2022:01:32:59 -0500] "GET /BLA/boletinlegal/ HTTP/1.1" 200 61416
40.77.167.29 - - [25/Apr/2022:01:34:51 -0500] "GET /BLA/resoluciones/AUTOS%202019/4494.pdf HTTP/1.1" 200 245952
66.249.79.240 - - [25/Apr/2022:01:35:19 -0500] "-" 408 -
216.245.221.92 - - [25/Apr/2022:01:37:48 -0500] "HEAD / HTTP/1.1" 200 -
172.22.2.4 - - [25/Apr/2022:01:37:59 -0500] "HEAD /BLA/boletinlegal/ HTTP/1.1" 200 -
172.22.2.4 - - [25/Apr/2022:01:38:49 -0500] "GET /BLA/boletinlegal/ HTTP/1.1" 200 59170
216.245.221.92 - - [25/Apr/2022:01:42:48 -0500] "HEAD / HTTP/1.1" 200 -
201.245.192.253 - - [25/Apr/2022:01:42:12 -0500] "POST /kwsrmcab/Wsrmcab HTTP/1.1" 200 45034
172.22.2.4 - - [25/Apr/2022:01:43:38 -0500] "GET /BLA/boletinlegal/actos.php HTTP/1.1" 200 9559
66.249.79.236 - - [25/Apr/2022:01:43:48 -0500] "-" 408 -
201.245.192.253 - - [25/Apr/2022:01:43:02 -0500] "POST /kwsrmcab/Wsrmcab HTTP/1.1" 200 43511
172.22.2.4 - - [25/Apr/2022:01:43:34 -0500] "GET /BLA/boletinlegal/ HTTP/1.1" 200 24523
172.22.2.4 - - [25/Apr/2022:01:44:36 -0500] "GET /BLA/boletinlegal/consulta_actos.php?tipo=resoluciones&no=3439&usuario=&sector=&fecha=2018&resuelve= HTTP/1.1" 200 1095
186.155.89.244 - - [25/Apr/2022:01:44:40 -0500] "GET /BLA/resoluciones/RESOLUCIONES%202018/3439.pdf HTTP/1.1" 200 278717
157.55.39.115 - - [25/Apr/2022:01:45:15 -0500] "-" 408 -
172.22.2.4 - - [25/Apr/2022:01:43:49 -0500] "HEAD /BLA/boletinlegal/ HTTP/1.1" 200 -
172.22.2.4 - - [25/Apr/2022:01:44:39 -0500] "GET /BLA/boletinlegal/ HTTP/1.1" 200 52945
192.241.214.242 - - [25/Apr/2022:01:46:48 -0500] "GET /manager/text/list HTTP/1.1" 404 1018
172.22.2.4 - - [25/Apr/2022:01:47:04 -0500] "GET /BLA/boletinlegal/ HTTP/1.1" 200 24523
216.245.221.92 - - [25/Apr/2022:01:47:48 -0500] "HEAD / HTTP/1.1" 200 -
172.22.2.4 - - [25/Apr/2022:01:49:39 -0500] "HEAD /BLA/boletinlegal/ HTTP/1.1" 200 -
172.22.2.4 - - [25/Apr/2022:01:50:29 -0500] "GET /BLA/boletinlegal/ HTTP/1.1" 200 61416
216.245.221.92 - - [25/Apr/2022:01:52:48 -0500] "HEAD / HTTP/1.1" 200 -
40.77.167.29 - - [25/Apr/2022:01:53:33 -0500] "GET /BLA/resoluciones/RESOLUCIONES%202016/0841.pdf HTTP/1.1" 200 372093
157.55.39.145 - - [25/Apr/2022:01:55:11 -0500] "GET /Publicaciones/2022EE25562.pdf HTTP/1.1" 404 227
172.22.2.4 - - [25/Apr/2022:01:55:11 -0500] "GET /BLA/boletinlegal/jurisprudencia/analisis/AnalisisC-746-12.docx HTTP/1.1" 200 22637
172.22.2.4 - - [25/Apr/2022:01:55:29 -0500] "HEAD /BLA/boletinlegal/ HTTP/1.1" 200 -
216.245.221.92 - - [25/Apr/2022:01:57:48 -0500] "HEAD / HTTP/1.1" 200 -
172.22.2.4 - - [25/Apr/2022:01:56:19 -0500] "GET /BLA/boletinlegal/ HTTP/1.1" 200 59688
66.249.79.236 - - [25/Apr/2022:02:00:24 -0500] "-" 408 -
216.245.221.92 - - [25/Apr/2022:02:02:48 -0500] "HEAD / HTTP/1.1" 200 -
172.22.2.4 - - [25/Apr/2022:02:01:19 -0500] "HEAD /BLA/boletinlegal/ HTTP/1.1" 200 -
172.22.2.4 - - [25/Apr/2022:02:02:09 -0500] "GET /BLA/boletinlegal/ HTTP/1.1" 200 61416
172.22.2.4 - - [25/Apr/2022:02:04:11 -0500] "GET /BLA/boletinlegal/doctrina.php HTTP/1.1" 200 5604
207.46.13.82 - - [25/Apr/2022:02:05:56 -0500] "GET /sipse/faces/faces/autenticacion.xhtml HTTP/1.1" 200 12491
216.245.221.92 - - [25/Apr/2022:02:07:48 -0500] "HEAD / HTTP/1.1" 200 -
172.22.2.4 - - [25/Apr/2022:02:07:09 -0500] "HEAD /BLA/boletinlegal/ HTTP/1.1" 200 -
207.46.13.82 - - [25/Apr/2022:02:08:57 -0500] "GET /appsia/controlador HTTP/1.1" 200 4799
207.46.13.82 - - [25/Apr/2022:02:09:15 -0500] "GET /appsia/images/logo_bogota_p.png HTTP/1.1" 200 14951
207.46.13.196 - - [25/Apr/2022:02:09:19 -0500] "GET /appsia/images/cabezoteHojaVida.png HTTP/1.1" 200 32493
172.22.2.4 - - [25/Apr/2022:02:07:59 -0500] "GET /BLA/boletinlegal/ HTTP/1.1" 200 60932
216.245.221.92 - - [25/Apr/2022:02:12:48 -0500] "HEAD / HTTP/1.1" 200 -
199.59.150.181 - - [25/Apr/2022:02:13:55 -0500] "GET /documents/10184/2325415/pieza-concurso-buenas-practicas-20-septiembre.jpg HTTP/1.1" 404 1030
192.241.220.59 - - [25/Apr/2022:02:14:25 -0500] "GET /manager/html HTTP/1.1" 404 1018
172.22.2.4 - - [25/Apr/2022:02:12:59 -0500] "HEAD /BLA/boletinlegal/ HTTP/1.1" 200 -
172.22.2.4 - - [25/Apr/2022:02:13:49 -0500] "GET /BLA/boletinlegal/ HTTP/1.1" 200 61416
173.252.95.4 - - [25/Apr/2022:02:16:01 -0500] "GET /secretaria-de-ambiente-libero-a-33-animales-silvestres-en-el-humedal-la-conejera.html?fbclid=IwAR2iao6G4ARtwBVNyFK69J2cwPkQeFmGkBxVJ8vRya1WlEAAU3xRc4lc9YE HTTP/1.1" 200 1095
216.245.221.92 - - [25/Apr/2022:02:17:48 -0500] "HEAD / HTTP/1.1" 200 -
157.55.39.145 - - [25/Apr/2022:02:20:15 -0500] "GET /bla/resoluciones/autos%202021/0001.pdf HTTP/1.1" 200 392909
172.22.2.4 - - [25/Apr/2022:02:18:49 -0500] "HEAD /BLA/boletinlegal/ HTTP/1.1" 200 -
186.102.60.188 - - [25/Apr/2022:02:20:30 -0500] "GET /sipse/faces/index.xhtml HTTP/1.1" 200 677
186.102.60.188 - - [25/Apr/2022:02:20:30 -0500] "GET /sipse/faces/javax.faces.resource/theme.css?ln=primefaces-sipse HTTP/1.1" 200 50058
186.102.60.188 - - [25/Apr/2022:02:20:31 -0500] "GET /favicon.ico HTTP/1.1" 200 7782
172.22.2.4 - - [25/Apr/2022:02:19:39 -0500] "GET /BLA/boletinlegal/ HTTP/1.1" 200 60932
207.46.13.148 - - [25/Apr/2022:02:21:23 -0500] "GET /en-esta-navidad-bogota-esta-mejorando-con-mas-espacios-verdes-para-el-disfrute-de-la-ciudadania.html HTTP/1.1" 200 1114
216.245.221.92 - - [25/Apr/2022:02:22:48 -0500] "HEAD / HTTP/1.1" 200 -
201.245.192.253 - - [25/Apr/2022:02:22:12 -0500] "POST /kwsrmcab/Wsrmcab HTTP/1.1" 200 45032
201.245.192.253 - - [25/Apr/2022:02:23:00 -0500] "POST /kwsrmcab/Wsrmcab HTTP/1.1" 200 43668
172.22.2.4 - - [25/Apr/2022:02:24:39 -0500] "HEAD /BLA/boletinlegal/ HTTP/1.1" 200 -
172.22.2.4 - - [25/Apr/2022:02:25:29 -0500] "GET /BLA/boletinlegal/ HTTP/1.1" 200 61416
216.245.221.92 - - [25/Apr/2022:02:27:48 -0500] "HEAD / HTTP/1.1" 200 -
17.121.115.48 - - [25/Apr/2022:02:29:07 -0500] "-" 408 -
157.55.39.199 - - [25/Apr/2022:02:31:14 -0500] "GET /BLA/resoluciones/RESOLUCIONES%202010/6226.pdf HTTP/1.1" 200 1974213
207.46.13.82 - - [25/Apr/2022:02:31:58 -0500] "GET /BLA/resoluciones/RESOLUCIONES%202016/0605.pdf HTTP/1.1" 304 -
172.22.2.4 - - [25/Apr/2022:02:30:29 -0500] "HEAD /BLA/boletinlegal/ HTTP/1.1" 200 -
216.245.221.92 - - [25/Apr/2022:02:32:48 -0500] "HEAD / HTTP/1.1" 200 -
172.22.2.4 - - [25/Apr/2022:02:31:19 -0500] "GET /BLA/boletinlegal/ HTTP/1.1" 200 51717
201.245.192.253 - - [25/Apr/2022:02:32:11 -0500] "POST /kwsrmcab/Wsrmcab HTTP/1.1" 200 45032
20.36.244.102 - - [25/Apr/2022:02:32:53 -0500] "GET /noticias/rssambiente.php HTTP/1.1" 406 -
201.245.192.253 - - [25/Apr/2022:02:33:01 -0500] "POST /kwsrmcab/Wsrmcab HTTP/1.1" 200 43668
66.249.79.240 - - [25/Apr/2022:02:34:28 -0500] "-" 408 -
172.22.2.4 - - [25/Apr/2022:02:36:22 -0500] "GET /BLA/boletinlegal/Directivas/2009/Directiva%20No.%20del%2023%20de%20Diciembre%20de%202009.pdf HTTP/1.1" 304 -
172.22.2.4 - - [25/Apr/2022:02:35:52 -0500] "GET /BLA/boletinlegal/ HTTP/1.1" 200 32715
216.245.221.92 - - [25/Apr/2022:02:37:48 -0500] "HEAD / HTTP/1.1" 200 -
172.22.2.4 - - [25/Apr/2022:02:36:19 -0500] "HEAD /BLA/boletinlegal/ HTTP/1.1" 200 -
172.22.2.4 - - [25/Apr/2022:02:37:09 -0500] "GET /BLA/boletinlegal/ HTTP/1.1" 200 52945
207.46.13.64 - - [25/Apr/2022:02:41:27 -0500] "GET /portaldeninos/wp-content/plugins/smart-slider-3/library/media/plugins/type/simple/simple/dist/smartslider-simple-type-frontend.min.js?1563274780 HTTP/1.1" 200 18726
66.249.79.236 - - [25/Apr/2022:02:41:58 -0500] "-" 408 -
216.245.221.92 - - [25/Apr/2022:02:42:47 -0500] "HEAD / HTTP/1.1" 200 -
201.245.192.253 - - [25/Apr/2022:02:42:11 -0500] "POST /kwsrmcab/Wsrmcab HTTP/1.1" 200 45032
201.245.192.253 - - [25/Apr/2022:02:42:56 -0500] "POST /kwsrmcab/Wsrmcab HTTP/1.1" 200 43668
172.22.2.4 - - [25/Apr/2022:02:42:09 -0500] "HEAD /BLA/boletinlegal/ HTTP/1.1" 200 -
172.22.2.4 - - [25/Apr/2022:02:42:59 -0500] "GET /BLA/boletinlegal/ HTTP/1.1" 200 58588
216.245.221.92 - - [25/Apr/2022:02:47:47 -0500] "HEAD / HTTP/1.1" 200 -
172.22.2.4 - - [25/Apr/2022:02:47:59 -0500] "HEAD /BLA/boletinlegal/ HTTP/1.1" 200 -
172.22.2.4 - - [25/Apr/2022:02:48:49 -0500] "GET /BLA/boletinlegal/ HTTP/1.1" 200 59170
66.249.79.236 - - [25/Apr/2022:02:52:21 -0500] "-" 408 -
216.245.221.92 - - [25/Apr/2022:02:52:47 -0500] "HEAD / HTTP/1.1" 200 -
172.22.2.4 - - [25/Apr/2022:02:54:19 -0500] "GET /BLA/boletinlegal/ HTTP/1.1" 200 32715
172.22.2.4 - - [25/Apr/2022:02:53:49 -0500] "HEAD /BLA/boletinlegal/ HTTP/1.1" 200 -
185.163.170.65 - - [25/Apr/2022:02:55:58 -0500] "GET /si-tienes-entre-14-y-25-anos-y-quieres-participar-inscribete-a-la-convocatoria-de-lideres-juveniles-para-la-cumbre-de-alcaldes-c40-2022.html HTTP/1.1" 200 1141
172.22.2.4 - - [25/Apr/2022:02:54:39 -0500] "GET /BLA/boletinlegal/ HTTP/1.1" 200 54457
216.245.221.92 - - [25/Apr/2022:02:57:47 -0500] "HEAD / HTTP/1.1" 200 -
172.22.2.4 - - [25/Apr/2022:02:59:39 -0500] "HEAD /BLA/boletinlegal/ HTTP/1.1" 200 -
172.22.2.4 - - [25/Apr/2022:03:00:29 -0500] "GET /BLA/boletinlegal/ HTTP/1.1" 200 60932
216.245.221.92 - - [25/Apr/2022:03:02:47 -0500] "HEAD / HTTP/1.1" 200 -
172.22.2.4 - - [25/Apr/2022:03:04:53 -0500] "GET /BLA/boletinlegal/actos.php HTTP/1.1" 200 9559
172.22.2.4 - - [25/Apr/2022:03:05:29 -0500] "HEAD /BLA/boletinlegal/ HTTP/1.1" 200 -
216.245.221.92 - - [25/Apr/2022:03:07:47 -0500] "HEAD / HTTP/1.1" 200 -
172.22.2.4 - - [25/Apr/2022:03:06:19 -0500] "GET /BLA/boletinlegal/ HTTP/1.1" 200 60932
207.46.13.82 - - [25/Apr/2022:03:11:21 -0500] "GET /BLA/resoluciones/RESOLUCIONES%202011/6971.pdf HTTP/1.1" 304 -
192.241.218.252 - - [25/Apr/2022:03:12:30 -0500] "GET /hudson HTTP/1.1" 404 1018
216.245.221.92 - - [25/Apr/2022:03:12:47 -0500] "HEAD / HTTP/1.1" 200 -
172.22.2.4 - - [25/Apr/2022:03:11:19 -0500] "HEAD /BLA/boletinlegal/ HTTP/1.1" 200 -
172.22.2.4 - - [25/Apr/2022:03:12:09 -0500] "GET /BLA/boletinlegal/ HTTP/1.1" 200 61416
207.46.13.188 - - [25/Apr/2022:03:14:24 -0500] "GET / HTTP/1.1" 200 319
216.245.221.92 - - [25/Apr/2022:03:17:47 -0500] "HEAD / HTTP/1.1" 200 -
172.22.2.4 - - [25/Apr/2022:03:17:09 -0500] "HEAD /BLA/boletinlegal/ HTTP/1.1" 200 -
172.22.2.4 - - [25/Apr/2022:03:17:59 -0500] "GET /BLA/boletinlegal/ HTTP/1.1" 200 59170
66.249.79.236 - - [25/Apr/2022:03:19:50 -0500] "-" 408 -
216.245.221.92 - - [25/Apr/2022:03:22:47 -0500] "HEAD / HTTP/1.1" 200 -
201.245.192.253 - - [25/Apr/2022:03:22:11 -0500] "POST /kwsrmcab/Wsrmcab HTTP/1.1" 200 44899
201.245.192.253 - - [25/Apr/2022:03:23:03 -0500] "POST /kwsrmcab/Wsrmcab HTTP/1.1" 200 43665
172.22.2.4 - - [25/Apr/2022:03:22:45 -0500] "GET /BLA/boletinlegal/ HTTP/1.1" 200 51004
172.22.2.4 - - [25/Apr/2022:03:22:59 -0500] "HEAD /BLA/boletinlegal/ HTTP/1.1" 200 -
172.22.2.4 - - [25/Apr/2022:03:23:49 -0500] "GET /BLA/boletinlegal/ HTTP/1.1" 200 55089
66.249.79.236 - - [25/Apr/2022:03:27:38 -0500] "-" 408 -
216.245.221.92 - - [25/Apr/2022:03:27:47 -0500] "HEAD / HTTP/1.1" 200 -
172.22.2.4 - - [25/Apr/2022:03:28:49 -0500] "HEAD /BLA/boletinlegal/ HTTP/1.1" 200 -
172.22.2.4 - - [25/Apr/2022:03:29:39 -0500] "GET /BLA/boletinlegal/ HTTP/1.1" 200 61416
172.22.2.4 - - [25/Apr/2022:03:31:22 -0500] "GET /BLA/boletinlegal/actos.php HTTP/1.1" 200 9559
216.245.221.92 - - [25/Apr/2022:03:32:47 -0500] "HEAD / HTTP/1.1" 200 -
201.245.192.253 - - [25/Apr/2022:03:32:11 -0500] "POST /kwsrmcab/Wsrmcab HTTP/1.1" 200 44899
201.245.192.253 - - [25/Apr/2022:03:33:01 -0500] "POST /kwsrmcab/Wsrmcab HTTP/1.1" 200 43665
66.249.79.236 - - [25/Apr/2022:03:35:29 -0500] "-" 408 -
172.22.2.4 - - [25/Apr/2022:03:34:39 -0500] "HEAD /BLA/boletinlegal/ HTTP/1.1" 200 -
172.22.2.4 - - [25/Apr/2022:03:35:29 -0500] "GET /BLA/boletinlegal/ HTTP/1.1" 200 59170
216.245.221.92 - - [25/Apr/2022:03:37:47 -0500] "HEAD / HTTP/1.1" 200 -
66.249.79.236 - - [25/Apr/2022:03:41:26 -0500] "-" 408 -
34.141.138.2 - - [25/Apr/2022:03:41:58 -0500] "GET / HTTP/1.1" 200 319
172.22.2.4 - - [25/Apr/2022:03:40:29 -0500] "HEAD /BLA/boletinlegal/ HTTP/1.1" 200 -
216.245.221.92 - - [25/Apr/2022:03:42:47 -0500] "HEAD / HTTP/1.1" 200 -
172.22.2.4 - - [25/Apr/2022:03:41:19 -0500] "GET /BLA/boletinlegal/ HTTP/1.1" 200 57044
201.245.192.253 - - [25/Apr/2022:03:42:11 -0500] "POST /kwsrmcab/Wsrmcab HTTP/1.1" 200 44899
201.245.192.253 - - [25/Apr/2022:03:43:02 -0500] "POST /kwsrmcab/Wsrmcab HTTP/1.1" 200 43665
31.148.130.128 - - [25/Apr/2022:03:45:08 -0500] "GET /BLA/resoluciones/RESOLUCIONES%202021/3528.pdf HTTP/1.1" 200 432869
71.6.232.6 - - [25/Apr/2022:03:45:11 -0500] "GET / HTTP/1.1" 200 319
79.110.73.235 - - [25/Apr/2022:03:45:31 -0500] "GET /BLA/resoluciones/RESOLUCIONES%202021/3529.pdf HTTP/1.1" 200 431547
216.245.221.92 - - [25/Apr/2022:03:47:47 -0500] "HEAD / HTTP/1.1" 200 -
172.22.2.4 - - [25/Apr/2022:03:46:19 -0500] "HEAD /BLA/boletinlegal/ HTTP/1.1" 200 -
172.22.2.4 - - [25/Apr/2022:03:47:09 -0500] "GET /BLA/boletinlegal/ HTTP/1.1" 200 55877
172.22.2.4 - - [25/Apr/2022:03:52:20 -0500] "GET /BLA/boletinlegal/jurisprudencia/analisis/AnalisisT-606-15.docx HTTP/1.1" 200 26698
172.22.2.4 - - [25/Apr/2022:03:52:21 -0500] "GET /BLA/boletinlegal/apple-touch-icon-120x120-precomposed.png HTTP/1.1" 404 1140
172.22.2.4 - - [25/Apr/2022:03:52:21 -0500] "GET /BLA/boletinlegal/apple-touch-icon-120x120.png HTTP/1.1" 404 1140
172.22.2.4 - - [25/Apr/2022:03:52:21 -0500] "GET /BLA/boletinlegal/apple-touch-icon-precomposed.png HTTP/1.1" 404 1140
172.22.2.4 - - [25/Apr/2022:03:52:21 -0500] "GET /BLA/boletinlegal/apple-touch-icon.png HTTP/1.1" 404 1140
172.22.2.4 - - [25/Apr/2022:03:52:21 -0500] "GET /BLA/boletinlegal/favicon.ico HTTP/1.1" 404 1140
172.22.2.4 - - [25/Apr/2022:03:52:21 -0500] "GET /BLA/boletinlegal/apple-touch-icon-120x120-precomposed.png HTTP/1.1" 404 1140
172.22.2.4 - - [25/Apr/2022:03:52:21 -0500] "GET /BLA/boletinlegal/apple-touch-icon-120x120.png HTTP/1.1" 404 1140
172.22.2.4 - - [25/Apr/2022:03:52:21 -0500] "GET /BLA/boletinlegal/apple-touch-icon-precomposed.png HTTP/1.1" 404 1140
172.22.2.4 - - [25/Apr/2022:03:52:21 -0500] "GET /BLA/boletinlegal/apple-touch-icon.png HTTP/1.1" 404 1140
172.22.2.4 - - [25/Apr/2022:03:52:21 -0500] "GET /BLA/boletinlegal/favicon.ico HTTP/1.1" 404 1140
216.245.221.92 - - [25/Apr/2022:03:52:47 -0500] "HEAD / HTTP/1.1" 200 -
172.22.2.4 - - [25/Apr/2022:03:53:34 -0500] "GET /BLA/boletinlegal/niceforms-default.css HTTP/1.1" 200 6694
172.22.2.4 - - [25/Apr/2022:03:53:35 -0500] "GET /BLA/boletinlegal/js/jquery1.js HTTP/1.1" 200 29846
172.22.2.4 - - [25/Apr/2022:03:53:35 -0500] "GET /BLA/boletinlegal/js/ajax_actos.js HTTP/1.1" 200 1322
172.22.2.4 - - [25/Apr/2022:03:52:08 -0500] "HEAD /BLA/boletinlegal/ HTTP/1.1" 200 -
172.22.2.4 - - [25/Apr/2022:03:52:59 -0500] "GET /BLA/boletinlegal/ HTTP/1.1" 200 61416
216.245.221.92 - - [25/Apr/2022:03:57:47 -0500] "HEAD / HTTP/1.1" 200 -
172.22.2.4 - - [25/Apr/2022:03:57:58 -0500] "HEAD /BLA/boletinlegal/ HTTP/1.1" 200 -
172.22.2.4 - - [25/Apr/2022:03:58:49 -0500] "GET /BLA/boletinlegal/ HTTP/1.1" 200 59170
66.249.79.238 - - [25/Apr/2022:04:02:39 -0500] "-" 408 -
216.245.221.92 - - [25/Apr/2022:04:02:47 -0500] "HEAD / HTTP/1.1" 200 -
107.174.138.169 - - [25/Apr/2022:04:03:34 -0500] "GET /wp-content/plugins/ad-inserter/ad-inserter.php?wall=dmFyX2R1bXAoNDM2MzQ1NzU0KTs= HTTP/1.1" 404 1018
107.174.138.169 - - [25/Apr/2022:04:03:34 -0500] "GET /cgi-bin/slicemap.php?wall=dmFyX2R1bXAoNDM2MzQ1NzU0KTs= HTTP/1.1" 404 1018
172.22.2.4 - - [25/Apr/2022:04:04:36 -0500] "GET /BLA/boletinlegal/Circulares/2012/Circular%20No.%2012%20del%2028%20de%20Agosto%20de%202012.pdf HTTP/1.1" 200 369945
172.22.2.4 - - [25/Apr/2022:04:03:49 -0500] "HEAD /BLA/boletinlegal/ HTTP/1.1" 200 -
172.22.2.4 - - [25/Apr/2022:04:04:39 -0500] "GET /BLA/boletinlegal/ HTTP/1.1" 200 55877
216.245.221.92 - - [25/Apr/2022:04:07:47 -0500] "HEAD / HTTP/1.1" 200 -
172.22.2.4 - - [25/Apr/2022:04:10:26 -0500] "GET /BLA/boletinlegal/jurisprudencia/analisis/CUADRO%20ANALISIS%20SENTENCIA%20T-411%20DE%201992.doc HTTP/1.1" 200 41984
172.22.2.4 - - [25/Apr/2022:04:09:38 -0500] "HEAD /BLA/boletinlegal/ HTTP/1.1" 200 -
172.22.2.4 - - [25/Apr/2022:04:10:29 -0500] "GET /BLA/boletinlegal/ HTTP/1.1" 200 61416
66.249.79.236 - - [25/Apr/2022:04:12:45 -0500] "-" 408 -
216.245.221.92 - - [25/Apr/2022:04:12:47 -0500] "HEAD / HTTP/1.1" 200 -
185.58.226.17 - - [25/Apr/2022:04:16:16 -0500] "GET /secretaria-de-ambiente-libero-a-33-animales-silvestres-en-el-humedal-la-conejera.html HTTP/1.1" 200 1095
172.22.2.4 - - [25/Apr/2022:04:15:28 -0500] "HEAD /BLA/boletinlegal/ HTTP/1.1" 200 -
207.46.13.82 - - [25/Apr/2022:04:17:26 -0500] "GET /Publicaciones/2022EE27824.pdf HTTP/1.1" 404 227
216.245.221.92 - - [25/Apr/2022:04:17:47 -0500] "HEAD / HTTP/1.1" 200 -
172.22.2.4 - - [25/Apr/2022:04:16:19 -0500] "GET /BLA/boletinlegal/ HTTP/1.1" 200 59170
172.22.2.4 - - [25/Apr/2022:04:18:43 -0500] "GET /BLA/boletinlegal/.env HTTP/1.1" 404 1018
66.249.79.236 - - [25/Apr/2022:04:18:43 -0500] "-" 408 -
66.249.79.160 - - [25/Apr/2022:04:21:27 -0500] "-" 408 -
216.245.221.92 - - [25/Apr/2022:04:22:47 -0500] "HEAD / HTTP/1.1" 200 -
172.22.2.4 - - [25/Apr/2022:04:21:18 -0500] "HEAD /BLA/boletinlegal/ HTTP/1.1" 200 -
201.245.192.253 - - [25/Apr/2022:04:22:11 -0500] "POST /kwsrmcab/Wsrmcab HTTP/1.1" 200 45039
84.26.67.231 - - [25/Apr/2022:04:23:42 -0500] "GET /BLA/resoluciones/RESOLUCIONES%202007/RES%202007%202901%20AL%203000/RESOLUCION%202906%20DE%202007.pdf HTTP/1.1" 200 591615
172.22.2.4 - - [25/Apr/2022:04:22:09 -0500] "GET /BLA/boletinlegal/ HTTP/1.1" 200 60932
201.245.192.253 - - [25/Apr/2022:04:23:02 -0500] "POST /kwsrmcab/Wsrmcab HTTP/1.1" 200 43674
207.46.13.115 - - [25/Apr/2022:04:27:03 -0500] "GET /BLA/resoluciones/AUTOS%202018/3211.pdf HTTP/1.1" 304 -
216.245.221.92 - - [25/Apr/2022:04:27:47 -0500] "HEAD / HTTP/1.1" 200 -
172.22.2.4 - - [25/Apr/2022:04:27:08 -0500] "HEAD /BLA/boletinlegal/ HTTP/1.1" 200 -
172.22.2.4 - - [25/Apr/2022:04:27:59 -0500] "GET /BLA/boletinlegal/ HTTP/1.1" 200 61416
66.249.79.236 - - [25/Apr/2022:04:31:14 -0500] "-" 408 -
216.245.221.92 - - [25/Apr/2022:04:32:47 -0500] "HEAD / HTTP/1.1" 200 -
201.245.192.253 - - [25/Apr/2022:04:32:11 -0500] "POST /kwsrmcab/Wsrmcab HTTP/1.1" 200 45039
201.245.192.253 - - [25/Apr/2022:04:32:59 -0500] "POST /kwsrmcab/Wsrmcab HTTP/1.1" 200 43674
172.22.2.4 - - [25/Apr/2022:04:32:58 -0500] "HEAD /BLA/boletinlegal/ HTTP/1.1" 200 -
172.22.2.4 - - [25/Apr/2022:04:33:49 -0500] "GET /BLA/boletinlegal/ HTTP/1.1" 200 61416
216.245.221.92 - - [25/Apr/2022:04:37:47 -0500] "HEAD / HTTP/1.1" 200 -
157.55.39.145 - - [25/Apr/2022:04:39:47 -0500] "GET /Publicaciones/2022EE25562.pdf HTTP/1.1" 404 227
40.77.190.27 - - [25/Apr/2022:04:40:20 -0500] "GET /BLA/boletinlegal/js/jquery.scrollShow.js HTTP/1.1" 200 4586
172.22.2.4 - - [25/Apr/2022:04:38:48 -0500] "HEAD /BLA/boletinlegal/ HTTP/1.1" 200 -
172.22.2.4 - - [25/Apr/2022:04:39:39 -0500] "GET /BLA/boletinlegal/ HTTP/1.1" 200 59170
66.249.79.236 - - [25/Apr/2022:04:41:22 -0500] "-" 408 -
216.245.221.92 - - [25/Apr/2022:04:42:47 -0500] "HEAD / HTTP/1.1" 200 -
201.245.192.253 - - [25/Apr/2022:04:42:11 -0500] "POST /kwsrmcab/Wsrmcab HTTP/1.1" 200 45039
201.245.192.253 - - [25/Apr/2022:04:43:00 -0500] "POST /kwsrmcab/Wsrmcab HTTP/1.1" 200 43674
40.77.167.29 - - [25/Apr/2022:04:44:11 -0500] "GET / HTTP/1.1" 200 319
172.22.2.4 - - [25/Apr/2022:04:44:38 -0500] "HEAD /BLA/boletinlegal/ HTTP/1.1" 200 -
88.160.187.148 - - [25/Apr/2022:04:46:48 -0500] "GET /secretaria-de-ambiente-libero-a-33-animales-silvestres-en-el-humedal-la-conejera.html HTTP/1.1" 200 1095
172.22.2.4 - - [25/Apr/2022:04:45:29 -0500] "GET /BLA/boletinlegal/ HTTP/1.1" 200 56300
216.245.221.92 - - [25/Apr/2022:04:47:47 -0500] "HEAD / HTTP/1.1" 200 -
40.77.167.29 - - [25/Apr/2022:04:49:01 -0500] "GET /BLA/resoluciones/index.php?dir=RESOLUCIONES+2002%2FRES+2002+751-800%2F HTTP/1.1" 200 12567
172.22.2.4 - - [25/Apr/2022:04:50:28 -0500] "HEAD /BLA/boletinlegal/ HTTP/1.1" 200 -
172.22.2.4 - - [25/Apr/2022:04:52:14 -0500] "GET /BLA/boletinlegal/styles2.css HTTP/1.1" 200 1838
172.22.2.4 - - [25/Apr/2022:04:52:14 -0500] "GET /BLA/boletinlegal/js/jquery.scrollShow.js HTTP/1.1" 200 4586
172.22.2.4 - - [25/Apr/2022:04:52:14 -0500] "GET /BLA/boletinlegal/js/jquery.js HTTP/1.1" 200 57254
172.22.2.4 - - [25/Apr/2022:04:52:14 -0500] "GET /BLA/boletinlegal/js/jquery.scrollTo-min.js HTTP/1.1" 200 1150
172.22.2.4 - - [25/Apr/2022:04:52:14 -0500] "GET /BLA/boletinlegal/style.css HTTP/1.1" 200 9406
172.22.2.4 - - [25/Apr/2022:04:52:14 -0500] "GET /BLA/boletinlegal/images/cabezote%20BLEGAL.jpg HTTP/1.1" 200 118164
172.22.2.4 - - [25/Apr/2022:04:52:14 -0500] "GET /BLA/boletinlegal/images/subscribe-icon-big.png HTTP/1.1" 200 47702
172.22.2.4 - - [25/Apr/2022:04:52:14 -0500] "GET /BLA/boletinlegal/images/registro-usuarios.png HTTP/1.1" 200 8106
172.22.2.4 - - [25/Apr/2022:04:52:14 -0500] "GET /BLA/boletinlegal/images/historia.png HTTP/1.1" 200 52775
172.22.2.4 - - [25/Apr/2022:04:52:14 -0500] "GET /BLA/boletinlegal/images/arr_l.jpg HTTP/1.1" 200 1979
172.22.2.4 - - [25/Apr/2022:04:52:14 -0500] "GET /BLA/boletinlegal/images/screen_1.png HTTP/1.1" 200 202547
172.22.2.4 - - [25/Apr/2022:04:52:14 -0500] "GET /BLA/boletinlegal/images/launch.jpg HTTP/1.1" 200 14577
172.22.2.4 - - [25/Apr/2022:04:52:16 -0500] "GET /BLA/boletinlegal/images/body_bg.jpg HTTP/1.1" 200 1601
172.22.2.4 - - [25/Apr/2022:04:52:16 -0500] "GET /BLA/boletinlegal/images/bg_top.jpg HTTP/1.1" 200 522
172.22.2.4 - - [25/Apr/2022:04:52:16 -0500] "GET /BLA/boletinlegal/images/menu_bg.jpg HTTP/1.1" 200 620
172.22.2.4 - - [25/Apr/2022:04:52:16 -0500] "GET /BLA/boletinlegal/images/menu_lft.gif HTTP/1.1" 200 1713
172.22.2.4 - - [25/Apr/2022:04:52:16 -0500] "GET /BLA/boletinlegal/images/menu_rght.gif HTTP/1.1" 200 1627
172.22.2.4 - - [25/Apr/2022:04:52:16 -0500] "GET /BLA/boletinlegal/images/hover.jpg HTTP/1.1" 200 640
172.22.2.4 - - [25/Apr/2022:04:52:16 -0500] "GET /BLA/boletinlegal/images/text.jpg HTTP/1.1" 200 568
172.22.2.4 - - [25/Apr/2022:04:52:19 -0500] "GET /BLA/boletinlegal/actos.php HTTP/1.1" 200 9559
172.22.2.4 - - [25/Apr/2022:04:52:19 -0500] "GET /BLA/boletinlegal/js/ajax_actos.js HTTP/1.1" 200 1322
172.22.2.4 - - [25/Apr/2022:04:52:19 -0500] "GET /BLA/boletinlegal/niceforms.js HTTP/1.1" 200 22876
172.22.2.4 - - [25/Apr/2022:04:52:19 -0500] "GET /BLA/boletinlegal/niceforms-default.css HTTP/1.1" 200 6694
172.22.2.4 - - [25/Apr/2022:04:52:19 -0500] "GET /BLA/boletinlegal/js/lib.js HTTP/1.1" 200 6474
172.22.2.4 - - [25/Apr/2022:04:52:19 -0500] "GET /BLA/boletinlegal/js/popup.js HTTP/1.1" 200 1270
172.22.2.4 - - [25/Apr/2022:04:52:19 -0500] "GET /BLA/boletinlegal/js/jquery1.js HTTP/1.1" 200 29846
172.22.2.4 - - [25/Apr/2022:04:52:19 -0500] "GET /BLA/boletinlegal/images/green-yellow-blue-pink-th.png HTTP/1.1" 200 7394
172.22.2.4 - - [25/Apr/2022:04:52:19 -0500] "GET /BLA/boletinlegal/images/abajo.png HTTP/1.1" 200 96676
172.22.2.4 - - [25/Apr/2022:04:52:19 -0500] "GET /BLA/boletinlegal/images/tel.png HTTP/1.1" 200 14477
172.22.2.4 - - [25/Apr/2022:04:52:19 -0500] "GET /BLA/boletinlegal/images/icono-email.png HTTP/1.1" 200 5544
172.22.2.4 - - [25/Apr/2022:04:52:19 -0500] "GET /BLA/boletinlegal/images/footer_bg.jpg HTTP/1.1" 200 586
172.22.2.4 - - [25/Apr/2022:04:52:19 -0500] "GET /BLA/boletinlegal/images/footer_bg_l.jpg HTTP/1.1" 200 776
172.22.2.4 - - [25/Apr/2022:04:52:19 -0500] "GET /BLA/boletinlegal/img/0.png HTTP/1.1" 200 110
172.22.2.4 - - [25/Apr/2022:04:52:19 -0500] "GET /BLA/boletinlegal/img/select-left.png HTTP/1.1" 200 263
172.22.2.4 - - [25/Apr/2022:04:52:19 -0500] "GET /BLA/boletinlegal/img/select-right.png HTTP/1.1" 200 44019
172.22.2.4 - - [25/Apr/2022:04:52:19 -0500] "GET /BLA/boletinlegal/img/button-left.png HTTP/1.1" 200 57071
172.22.2.4 - - [25/Apr/2022:04:52:19 -0500] "GET /BLA/boletinlegal/img/button.png HTTP/1.1" 200 43241
172.22.2.4 - - [25/Apr/2022:04:52:19 -0500] "GET /BLA/boletinlegal/img/button-right.png HTTP/1.1" 200 57878
172.22.2.4 - - [25/Apr/2022:04:52:19 -0500] "GET /BLA/boletinlegal/favicon.ico HTTP/1.1" 404 1326
199.59.150.182 - - [25/Apr/2022:04:52:20 -0500] "GET /documents/10184/2325415/pieza-concurso-buenas-practicas-20-septiembre.jpg HTTP/1.1" 404 1030
172.22.2.4 - - [25/Apr/2022:04:52:23 -0500] "GET /BLA/boletinlegal/images/screen_3.png HTTP/1.1" 200 210620
172.22.2.4 - - [25/Apr/2022:04:52:23 -0500] "GET /BLA/boletinlegal/images/screen_5.png HTTP/1.1" 200 368876
172.22.2.4 - - [25/Apr/2022:04:52:23 -0500] "GET /BLA/boletinlegal/images/screen_2.png HTTP/1.1" 200 362502
172.22.2.4 - - [25/Apr/2022:04:52:23 -0500] "GET /BLA/boletinlegal/images/arr_r.jpg HTTP/1.1" 200 1998
172.22.2.4 - - [25/Apr/2022:04:52:33 -0500] "GET /BLA/boletinlegal/images/pdf.gif HTTP/1.1" 200 567
216.245.221.92 - - [25/Apr/2022:04:52:47 -0500] "HEAD / HTTP/1.1" 200 -
172.22.2.4 - - [25/Apr/2022:04:51:19 -0500] "GET /BLA/boletinlegal/ HTTP/1.1" 200 51004
172.22.2.4 - - [25/Apr/2022:04:52:59 -0500] "GET /BLA/boletinlegal/consulta_actos.php?tipo=resoluciones&no=1727&usuario=&sector=&fecha=2018&resuelve= HTTP/1.1" 200 626
172.22.2.4 - - [25/Apr/2022:04:52:14 -0500] "GET /BLA/boletinlegal/ HTTP/1.1" 200 59688
172.22.2.4 - - [25/Apr/2022:04:54:10 -0500] "GET /BLA/boletinlegal/actos.php HTTP/1.1" 200 9559
172.22.2.4 - - [25/Apr/2022:04:54:26 -0500] "GET /BLA/boletinlegal/consulta_actos.php?tipo=autos&no=1727&usuario=&sector=&fecha=2018&resuelve= HTTP/1.1" 200 1342
172.22.2.4 - - [25/Apr/2022:04:54:08 -0500] "GET /BLA/boletinlegal/ HTTP/1.1" 200 24523
3.231.165.250 - - [25/Apr/2022:04:55:05 -0500] "GET /secretaria-de-ambiente-libero-a-33-animales-silvestres-en-el-humedal-la-conejera.html HTTP/1.1" 200 1095
172.22.2.4 - - [25/Apr/2022:04:55:09 -0500] "GET /BLA/boletinlegal/consulta_actos.php?tipo=resoluciones&no=0626&usuario=&sector=&fecha=2019&resuelve= HTTP/1.1" 200 626
172.22.2.4 - - [25/Apr/2022:04:55:17 -0500] "GET /BLA/boletinlegal/consulta_actos.php?tipo=resoluciones&no=0626&usuario=&sector=&fecha=2020&resuelve= HTTP/1.1" 200 626
172.22.2.4 - - [25/Apr/2022:04:55:19 -0500] "GET /BLA/boletinlegal/consulta_actos.php?tipo=resoluciones&no=0626&usuario=&sector=&fecha=2020&resuelve= HTTP/1.1" 200 626
172.22.2.4 - - [25/Apr/2022:04:55:20 -0500] "GET /BLA/boletinlegal/consulta_actos.php?tipo=resoluciones&no=0626&usuario=&sector=&fecha=2020&resuelve= HTTP/1.1" 200 626
216.245.221.92 - - [25/Apr/2022:04:57:47 -0500] "HEAD / HTTP/1.1" 200 -
172.22.2.4 - - [25/Apr/2022:04:56:18 -0500] "HEAD /BLA/boletinlegal/ HTTP/1.1" 200 -
172.22.2.4 - - [25/Apr/2022:04:57:09 -0500] "GET /BLA/boletinlegal/ HTTP/1.1" 200 60932
157.55.39.211 - - [25/Apr/2022:05:00:37 -0500] "GET /portaldeninos/parque-mirador-de-los-nevados/ HTTP/1.1" 200 89788
172.22.2.4 - - [25/Apr/2022:05:01:21 -0500] "GET /BLA/boletinlegal/consulta_actos.php?tipo=resoluciones&no=0626&usuario=&sector=&fecha=2018&resuelve= HTTP/1.1" 200 626
172.22.2.4 - - [25/Apr/2022:05:01:32 -0500] "GET /BLA/boletinlegal/consulta_actos.php?tipo=resoluciones&no=0626&usuario=&sector=&fecha=2019&resuelve= HTTP/1.1" 200 626
172.22.2.4 - - [25/Apr/2022:05:01:35 -0500] "GET /BLA/boletinlegal/actos.php HTTP/1.1" 200 9559
172.22.2.4 - - [25/Apr/2022:05:01:53 -0500] "GET /BLA/boletinlegal/consulta_actos.php?tipo=resoluciones&no=0626&usuario=&sector=&fecha=2018&resuelve= HTTP/1.1" 200 626
172.22.2.4 - - [25/Apr/2022:05:01:59 -0500] "GET /BLA/boletinlegal/consulta_actos.php?tipo=resoluciones&no=0626&usuario=&sector=&fecha=2019&resuelve= HTTP/1.1" 200 626
172.22.2.4 - - [25/Apr/2022:05:02:00 -0500] "GET /BLA/boletinlegal/consulta_actos.php?tipo=resoluciones&no=0626&usuario=&sector=&fecha=2019&resuelve= HTTP/1.1" 200 626
172.22.2.4 - - [25/Apr/2022:05:02:06 -0500] "GET /BLA/boletinlegal/consulta_actos.php?tipo=resoluciones&no=0626&usuario=&sector=&fecha=2020&resuelve= HTTP/1.1" 200 626
107.178.194.140 - - [25/Apr/2022:05:02:27 -0500] "HEAD /BLA/resoluciones/RESOLUCIONES%202007/RES%202007%20701%20AL%20800/RESOLUCION%200705%20DE%202007.pdf HTTP/1.1" 206 -
52.7.99.72 - - [25/Apr/2022:05:02:27 -0500] "GET /BLA/resoluciones/RESOLUCIONES%202007/RES%202007%20701%20AL%20800/RESOLUCION%200705%20DE%202007.pdf HTTP/1.1" 200 1060513
23.128.248.30 - - [25/Apr/2022:05:02:29 -0500] "GET /BLA/resoluciones/RESOLUCIONES%202007/RES%202007%20701%20AL%20800/RESOLUCION%200705%20DE%202007.pdf HTTP/1.1" 200 1060513
107.178.194.142 - - [25/Apr/2022:05:02:37 -0500] "GET /BLA/resoluciones/RESOLUCIONES%202007/RES%202007%20701%20AL%20800/RESOLUCION%200705%20DE%202007.pdf HTTP/1.1" 200 1060513
216.245.221.92 - - [25/Apr/2022:05:02:47 -0500] "HEAD / HTTP/1.1" 200 -
172.22.2.4 - - [25/Apr/2022:05:02:08 -0500] "HEAD /BLA/boletinlegal/ HTTP/1.1" 200 -
172.22.2.4 - - [25/Apr/2022:05:02:54 -0500] "GET /BLA/boletinlegal/ HTTP/1.1" 200 32715
172.22.2.4 - - [25/Apr/2022:05:02:59 -0500] "GET /BLA/boletinlegal/ HTTP/1.1" 200 55450
192.241.221.71 - - [25/Apr/2022:05:06:18 -0500] "GET /portal/redlion HTTP/1.1" 404 1018
17.121.112.40 - - [25/Apr/2022:05:07:01 -0500] "-" 408 -
192.241.212.97 - - [25/Apr/2022:05:07:32 -0500] "GET /actuator/health HTTP/1.1" 404 1018
