186.102.92.27 - - [28/Apr/2022:14:33:22 -0500] "GET /kwssiamovil/sm/acme/s?s=U2FsdGVkX1+o/U0LCfjfyow5PoP0fpwzkgPwU/cyIdWsQ+W0kqAoYIZrR5FFGQ3IJpgotgwI/lPzpLyKZsxs4yVXK6qSHtGq/gehF4OT0gbUI3Lu2ZZ/ZAmRPdtkpGHpvn2jL7z9CftcDULMeHGo5HjegFA/ygsmq4c1A+oYETCRooZzYmalzOTRj3xgP3WCe/dY8/JaCKjZ2VOVPDCC/sIAi26CIUxbNjUWGMK4jBPqgPj5/iMpLkCIX0mlfFw5MFChMXF0iI/kIJFVMnfFt0OVvNR2LafCPCv/B2bBUPQIz1j7yWv0+xK0g2CKhWUk1wOG2tPGvleGpxRG9mAJ6euRG2uiuHIKkuXY138SWhBeA4UrOr/45PnuDsL97rRc4col5SlaHKeEbeIlEs8X93kEa8IGNkVMJ3kpky6r/P7kVJEczvaTq4DxwvvxvJtN09h0nTnduxWaGql+3bgxR3yLUmMBBiBERa6Ly8n77d0n+B5EAF7aCzhx78vtLxH6SmNmFqhOGmHp0G4LUFfQ8kNs4aUBunb41lBPouedo5TedLUhaSM/UjsQvVW8+A65SjVWaUmpV40dvG9jiP/tFV/skwlM0VmMnuQ67d4OHXJIZ5DiG0UFP8tOaoFCMJMqZ8+2K9tVO63QQwmMK+/Phtx7L7MPSYC9RMJtaG5YTUbTOs2ghR7XQFkk7zcguUNepQeE/rH/3dGNa4PNfxQsNWLKyofgOoIy7QUtShkhWn7UZdfjjjjxnlS1ZxyG0jrYOQoFlSKbCHLA29kwksZvIEQhFzn7BUcS4lxiyEJASVKzfWKaalwZfHoHPeU4lSgBGqYK/9cjdU6PwqKLSA8Dpq2lFZusZ0yE4zSGKBUbzGyAvvM3n4SGXPEPlSX1sV+PprH8dcAz6as74VHJANgnBDtwbiGebif8BxN/tLP40HVX827X5X68XCS/0rH00Avxw+yOuOndABkfU7iN9aA8TEpNk8c3fVyRNSIzQCPRvOGpFJI5uU2DTeOZwGXuPOz/wGxt8sBC18UohoKf1U2fM5oTmciRnWZM/J/drM/DHMk8SFwq9WFYZdDVKuFM4Vpcy5pc3udITHN7oiFexWfd8uNESTwP5qCZuMycoxSwz3Zhw+8l3cu9rSbFJzueWgZa4Q+VIRwC8FaflSiEg6E81IQXlrBesxfEU/t/X3sqQaAsfsMDeDHaK+2VnE4aYYTOzWBISPJcMPo2TszhyASwKSagAD+Iv8eDORA3cEWbqEuUzvrNsbaq1HqDRWVp70UKIR2NmN1zI9KCholD4oCnq5eSAMRfwsZKIIsmEeLQzNeruD7Xa6XT++QDjuke08OrsutJ+tqHWu3F1xkeO3bOUTwDjRnza5ovswEKvF/KhX0=&u=U2FsdGVkX19Z1wK0liCQky+cp159Xrj27T8Vx/pAefFOqfVy34rScKeYTXG5A64Z&y=U2FsdGVkX18xK8kEDqZJk6QnXfRwmwGPJrw2vhmvBXJrV9ZX3+XKeYiMQ3fSczvd HTTP/1.1" 200 2307
186.102.92.27 - - [28/Apr/2022:14:33:22 -0500] "GET /kwssiamovil/sm/acme/s?s=U2FsdGVkX1+tyokJqUO+bWBFhxZ/lvn1O7rGSKFxYu4nIc+gRFdxbNLZUOexlXhVit1jFNLkFfKSZbeHntOXHQCFGC1fRK6aLVGziuWmOfedqLNUMDDPEPbnU+7eBQPOLfvtq41GvcDb9e/Xb+V1HaQFSU6NgZ2oTyBvLdy6yGf1kcACSfE9fT3/22wjlYJIusT/fdRTIlerYfgRjzIf84EqZHjQLUJd5jz9DKEY9KWCs1CxEJrK35nE73wfQbD79QkcwArZIJkzeG6QyX6DJBudE8VEcPWnT9B8usgyzog=&u=U2FsdGVkX19Z1wK0liCQky+cp159Xrj27T8Vx/pAefFOqfVy34rScKeYTXG5A64Z&y=U2FsdGVkX18xK8kEDqZJk6QnXfRwmwGPJrw2vhmvBXJrV9ZX3+XKeYiMQ3fSczvd HTTP/1.1" 200 176
190.90.132.144 - - [28/Apr/2022:14:33:22 -0500] "GET /BLA/boletinlegal/consulta_conceptos.php?no=&solicitante=&radicado_entrada=&fecha_concepto=2021&objeto= HTTP/1.1" 200 36487
186.102.92.27 - - [28/Apr/2022:14:33:22 -0500] "GET /kwssiamovil/sm/cjson/pre?f=1&x=U2FsdGVkX1/CEu3zJv0L1GHoqQQRpC4j7+zg+GCcLz0YjVEe+n/DRbUIhCP9FYiu HTTP/1.1" 200 30992
190.90.132.144 - - [28/Apr/2022:14:33:39 -0500] "GET /BLA/boletinlegal/consulta_conceptos.php?no=&solicitante=&radicado_entrada=&fecha_concepto=2020&objeto= HTTP/1.1" 200 53495
201.245.192.253 - - [28/Apr/2022:14:32:55 -0500] "POST /kwsrmcab/Wsrmcab HTTP/1.1" 200 46101
181.61.164.108 - - [28/Apr/2022:14:34:02 -0500] "GET /BLA/resoluciones/index.php?dir=RESOLUCIONES+2006%2FRES+2006+1951-2000%2F HTTP/1.1" 200 12349
181.61.164.108 - - [28/Apr/2022:14:34:06 -0500] "GET /BLA/resoluciones/RESOLUCIONES%202006/RES%202006%201951-2000/00001951.tif HTTP/1.1" 200 231524
181.61.164.108 - - [28/Apr/2022:14:34:07 -0500] "GET /BLA/resoluciones/RESOLUCIONES%202006/RES%202006%201951-2000/00001952.tif HTTP/1.1" 200 187898
181.61.164.108 - - [28/Apr/2022:14:34:09 -0500] "GET /BLA/resoluciones/RESOLUCIONES%202006/RES%202006%201951-2000/00001953.tif HTTP/1.1" 200 315294
181.61.164.108 - - [28/Apr/2022:14:34:10 -0500] "GET /BLA/resoluciones/RESOLUCIONES%202006/RES%202006%201951-2000/00001954.tif HTTP/1.1" 200 209466
181.61.164.108 - - [28/Apr/2022:14:34:11 -0500] "GET /BLA/resoluciones/RESOLUCIONES%202006/RES%202006%201951-2000/00001955.tif HTTP/1.1" 200 253396
181.61.164.108 - - [28/Apr/2022:14:34:12 -0500] "GET /BLA/resoluciones/RESOLUCIONES%202006/RES%202006%201951-2000/00001956.tif HTTP/1.1" 200 133796
181.61.164.108 - - [28/Apr/2022:14:34:13 -0500] "GET /BLA/resoluciones/RESOLUCIONES%202006/RES%202006%201951-2000/00001957.tif HTTP/1.1" 200 259400
181.61.164.108 - - [28/Apr/2022:14:34:14 -0500] "GET /BLA/resoluciones/RESOLUCIONES%202006/RES%202006%201951-2000/00001958.tif HTTP/1.1" 200 156062
181.61.164.108 - - [28/Apr/2022:14:34:15 -0500] "GET /BLA/resoluciones/RESOLUCIONES%202006/RES%202006%201951-2000/00001959.tif HTTP/1.1" 200 135918
181.61.164.108 - - [28/Apr/2022:14:34:16 -0500] "GET /BLA/resoluciones/RESOLUCIONES%202006/RES%202006%201951-2000/00001960.tif HTTP/1.1" 200 141130
181.61.164.108 - - [28/Apr/2022:14:34:16 -0500] "GET /BLA/resoluciones/RESOLUCIONES%202006/RES%202006%201951-2000/00001961.tif HTTP/1.1" 200 488734
181.61.164.108 - - [28/Apr/2022:14:34:18 -0500] "GET /BLA/resoluciones/RESOLUCIONES%202006/RES%202006%201951-2000/00001962.tif HTTP/1.1" 200 248150
181.61.164.108 - - [28/Apr/2022:14:34:19 -0500] "GET /BLA/resoluciones/RESOLUCIONES%202006/RES%202006%201951-2000/00001963.tif HTTP/1.1" 200 332702
181.61.164.108 - - [28/Apr/2022:14:34:20 -0500] "GET /BLA/resoluciones/RESOLUCIONES%202006/RES%202006%201951-2000/00001964.tif HTTP/1.1" 200 383000
181.61.164.108 - - [28/Apr/2022:14:34:21 -0500] "GET /BLA/resoluciones/RESOLUCIONES%202006/RES%202006%201951-2000/00001965.tif HTTP/1.1" 200 146460
181.61.164.108 - - [28/Apr/2022:14:34:22 -0500] "GET /BLA/resoluciones/RESOLUCIONES%202006/RES%202006%201951-2000/00001966.tif HTTP/1.1" 200 362996
186.28.103.86 - - [28/Apr/2022:14:34:24 -0500] "GET /BLA/resoluciones/RESOLUCIONES%202021/1433.pdf HTTP/1.1" 200 459678
186.28.103.86 - - [28/Apr/2022:14:34:24 -0500] "GET /BLA/resoluciones/RESOLUCIONES%202021/1433.pdf HTTP/1.1" 206 16384
181.61.164.108 - - [28/Apr/2022:14:34:24 -0500] "GET /BLA/resoluciones/RESOLUCIONES%202006/RES%202006%201951-2000/00001967.tif HTTP/1.1" 200 277468
181.61.164.108 - - [28/Apr/2022:14:34:26 -0500] "GET /BLA/resoluciones/RESOLUCIONES%202006/RES%202006%201951-2000/00001968.tif HTTP/1.1" 200 194668
181.61.164.108 - - [28/Apr/2022:14:34:27 -0500] "GET /BLA/resoluciones/RESOLUCIONES%202006/RES%202006%201951-2000/00001969.tif HTTP/1.1" 200 215696
181.61.164.108 - - [28/Apr/2022:14:34:28 -0500] "GET /BLA/resoluciones/RESOLUCIONES%202006/RES%202006%201951-2000/00001970.tif HTTP/1.1" 200 242930
181.61.164.108 - - [28/Apr/2022:14:34:29 -0500] "GET /BLA/resoluciones/RESOLUCIONES%202006/RES%202006%201951-2000/00001971.tif HTTP/1.1" 200 200246
181.61.164.108 - - [28/Apr/2022:14:34:30 -0500] "GET /BLA/resoluciones/RESOLUCIONES%202006/RES%202006%201951-2000/00001972.tif HTTP/1.1" 200 46490
181.61.164.108 - - [28/Apr/2022:14:34:31 -0500] "GET /BLA/resoluciones/RESOLUCIONES%202006/RES%202006%201951-2000/00001973.tif HTTP/1.1" 200 40694
181.61.164.108 - - [28/Apr/2022:14:34:32 -0500] "GET /BLA/resoluciones/RESOLUCIONES%202006/RES%202006%201951-2000/00001974.tif HTTP/1.1" 200 83872
181.61.164.108 - - [28/Apr/2022:14:34:33 -0500] "GET /BLA/resoluciones/RESOLUCIONES%202006/RES%202006%201951-2000/00001975.tif HTTP/1.1" 200 37054
181.61.164.108 - - [28/Apr/2022:14:34:35 -0500] "GET /BLA/resoluciones/RESOLUCIONES%202006/RES%202006%201951-2000/00001976.tif HTTP/1.1" 200 36816
201.245.192.253 - - [28/Apr/2022:14:33:47 -0500] "POST /kwsrmcab/Wsrmcab HTTP/1.1" 200 45064
181.61.164.108 - - [28/Apr/2022:14:34:36 -0500] "GET /BLA/resoluciones/RESOLUCIONES%202006/RES%202006%201951-2000/00001977.tif HTTP/1.1" 200 35360
181.61.164.108 - - [28/Apr/2022:14:34:37 -0500] "GET /BLA/resoluciones/RESOLUCIONES%202006/RES%202006%201951-2000/00001978.tif HTTP/1.1" 200 35946
181.61.164.108 - - [28/Apr/2022:14:34:42 -0500] "GET /BLA/resoluciones/RESOLUCIONES%202006/RES%202006%201951-2000/00001979.tif HTTP/1.1" 200 36304
181.61.164.108 - - [28/Apr/2022:14:34:47 -0500] "GET /BLA/resoluciones/RESOLUCIONES%202006/RES%202006%201951-2000/00001980.tif HTTP/1.1" 200 37370
172.22.2.4 - - [28/Apr/2022:14:34:50 -0500] "GET /BLA/boletinlegal/style.css HTTP/1.1" 200 9406
172.22.2.4 - - [28/Apr/2022:14:34:50 -0500] "GET /BLA/boletinlegal/styles2.css HTTP/1.1" 200 1838
172.22.2.4 - - [28/Apr/2022:14:34:50 -0500] "GET /BLA/boletinlegal/js/jquery.js HTTP/1.1" 200 57254
172.22.2.4 - - [28/Apr/2022:14:34:50 -0500] "GET /BLA/boletinlegal/js/jquery.scrollTo-min.js HTTP/1.1" 200 1150
172.22.2.4 - - [28/Apr/2022:14:34:50 -0500] "GET /BLA/boletinlegal/js/jquery.scrollShow.js HTTP/1.1" 200 4586
172.22.2.4 - - [28/Apr/2022:14:34:50 -0500] "GET /BLA/boletinlegal/images/cabezote%20BLEGAL.jpg HTTP/1.1" 200 118164
172.22.2.4 - - [28/Apr/2022:14:34:50 -0500] "GET /BLA/boletinlegal/images/subscribe-icon-big.png HTTP/1.1" 200 47702
172.22.2.4 - - [28/Apr/2022:14:34:50 -0500] "GET /BLA/boletinlegal/images/historia.png HTTP/1.1" 200 52775
172.22.2.4 - - [28/Apr/2022:14:34:50 -0500] "GET /BLA/boletinlegal/images/registro-usuarios.png HTTP/1.1" 200 8106
172.22.2.4 - - [28/Apr/2022:14:34:50 -0500] "GET /BLA/boletinlegal/images/arr_l.jpg HTTP/1.1" 200 1979
172.22.2.4 - - [28/Apr/2022:14:34:50 -0500] "GET /BLA/boletinlegal/images/screen_1.png HTTP/1.1" 200 202547
172.22.2.4 - - [28/Apr/2022:14:34:50 -0500] "GET /BLA/boletinlegal/images/launch.jpg HTTP/1.1" 200 14577
181.61.164.108 - - [28/Apr/2022:14:34:51 -0500] "GET /BLA/resoluciones/RESOLUCIONES%202006/RES%202006%201951-2000/00001981.tif HTTP/1.1" 200 36198
181.61.164.108 - - [28/Apr/2022:14:34:52 -0500] "GET /BLA/resoluciones/RESOLUCIONES%202006/RES%202006%201951-2000/00001982.tif HTTP/1.1" 200 36866
172.22.2.4 - - [28/Apr/2022:14:34:53 -0500] "GET /BLA/boletinlegal/images/body_bg.jpg HTTP/1.1" 200 1601
172.22.2.4 - - [28/Apr/2022:14:34:53 -0500] "GET /BLA/boletinlegal/images/menu_lft.gif HTTP/1.1" 200 1713
172.22.2.4 - - [28/Apr/2022:14:34:53 -0500] "GET /BLA/boletinlegal/images/menu_rght.gif HTTP/1.1" 200 1627
172.22.2.4 - - [28/Apr/2022:14:34:53 -0500] "GET /BLA/boletinlegal/images/bg_top.jpg HTTP/1.1" 200 522
172.22.2.4 - - [28/Apr/2022:14:34:53 -0500] "GET /BLA/boletinlegal/images/menu_bg.jpg HTTP/1.1" 200 620
172.22.2.4 - - [28/Apr/2022:14:34:53 -0500] "GET /BLA/boletinlegal/images/hover.jpg HTTP/1.1" 200 640
172.22.2.4 - - [28/Apr/2022:14:34:53 -0500] "GET /BLA/boletinlegal/images/text.jpg HTTP/1.1" 200 568
181.61.164.108 - - [28/Apr/2022:14:34:53 -0500] "GET /BLA/resoluciones/RESOLUCIONES%202006/RES%202006%201951-2000/00001983.tif HTTP/1.1" 200 54288
181.61.164.108 - - [28/Apr/2022:14:34:56 -0500] "GET /BLA/resoluciones/RESOLUCIONES%202006/RES%202006%201951-2000/00001984.tif HTTP/1.1" 200 35918
172.22.2.4 - - [28/Apr/2022:14:34:56 -0500] "GET /BLA/boletinlegal/images/screen_2.png HTTP/1.1" 200 362502
172.22.2.4 - - [28/Apr/2022:14:34:56 -0500] "GET /BLA/boletinlegal/actos.php HTTP/1.1" 200 9559
172.22.2.4 - - [28/Apr/2022:14:34:56 -0500] "GET /BLA/boletinlegal/images/screen_3.png HTTP/1.1" 200 210620
172.22.2.4 - - [28/Apr/2022:14:34:56 -0500] "GET /BLA/boletinlegal/images/screen_5.png HTTP/1.1" 200 368876
172.22.2.4 - - [28/Apr/2022:14:34:56 -0500] "GET /BLA/boletinlegal/images/arr_r.jpg HTTP/1.1" 200 1998
172.22.2.4 - - [28/Apr/2022:14:34:56 -0500] "GET /BLA/boletinlegal/js/ajax_actos.js HTTP/1.1" 200 1322
172.22.2.4 - - [28/Apr/2022:14:34:56 -0500] "GET /BLA/boletinlegal/niceforms.js HTTP/1.1" 200 22876
172.22.2.4 - - [28/Apr/2022:14:34:56 -0500] "GET /BLA/boletinlegal/niceforms-default.css HTTP/1.1" 200 6694
172.22.2.4 - - [28/Apr/2022:14:34:56 -0500] "GET /BLA/boletinlegal/js/lib.js HTTP/1.1" 200 6474
172.22.2.4 - - [28/Apr/2022:14:34:56 -0500] "GET /BLA/boletinlegal/js/popup.js HTTP/1.1" 200 1270
172.22.2.4 - - [28/Apr/2022:14:34:56 -0500] "GET /BLA/boletinlegal/js/jquery1.js HTTP/1.1" 200 29846
172.22.2.4 - - [28/Apr/2022:14:34:56 -0500] "GET /BLA/boletinlegal/images/green-yellow-blue-pink-th.png HTTP/1.1" 200 7394
172.22.2.4 - - [28/Apr/2022:14:34:56 -0500] "GET /BLA/boletinlegal/images/abajo.png HTTP/1.1" 200 96676
172.22.2.4 - - [28/Apr/2022:14:34:56 -0500] "GET /BLA/boletinlegal/images/tel.png HTTP/1.1" 200 14477
172.22.2.4 - - [28/Apr/2022:14:34:56 -0500] "GET /BLA/boletinlegal/images/icono-email.png HTTP/1.1" 200 5544
172.22.2.4 - - [28/Apr/2022:14:34:56 -0500] "GET /BLA/boletinlegal/images/footer_bg.jpg HTTP/1.1" 200 586
172.22.2.4 - - [28/Apr/2022:14:34:57 -0500] "GET /BLA/boletinlegal/images/footer_bg_l.jpg HTTP/1.1" 200 776
172.22.2.4 - - [28/Apr/2022:14:34:57 -0500] "GET /BLA/boletinlegal/img/select-left.png HTTP/1.1" 200 263
172.22.2.4 - - [28/Apr/2022:14:34:57 -0500] "GET /BLA/boletinlegal/img/0.png HTTP/1.1" 200 110
172.22.2.4 - - [28/Apr/2022:14:34:57 -0500] "GET /BLA/boletinlegal/img/select-right.png HTTP/1.1" 200 44019
172.22.2.4 - - [28/Apr/2022:14:34:57 -0500] "GET /BLA/boletinlegal/img/button-left.png HTTP/1.1" 200 57071
172.22.2.4 - - [28/Apr/2022:14:34:57 -0500] "GET /BLA/boletinlegal/img/button.png HTTP/1.1" 200 43241
172.22.2.4 - - [28/Apr/2022:14:34:57 -0500] "GET /BLA/boletinlegal/img/button-right.png HTTP/1.1" 200 57878
172.22.2.4 - - [28/Apr/2022:14:34:57 -0500] "GET /BLA/boletinlegal/favicon.ico HTTP/1.1" 404 1326
186.28.103.86 - - [28/Apr/2022:14:34:58 -0500] "GET /BLA/resoluciones/RESOLUCIONES%202021/1100.pdf HTTP/1.1" 200 385977
181.53.12.174 - - [28/Apr/2022:14:34:59 -0500] "GET /BLA/resoluciones/ HTTP/1.1" 200 13093
181.61.164.108 - - [28/Apr/2022:14:34:59 -0500] "GET /BLA/resoluciones/RESOLUCIONES%202006/RES%202006%201951-2000/00001985.tif HTTP/1.1" 200 111980
181.53.12.174 - - [28/Apr/2022:14:34:59 -0500] "GET /BLA/resoluciones/dlf/folder.png HTTP/1.1" 200 410
181.53.12.174 - - [28/Apr/2022:14:34:59 -0500] "GET /BLA/resoluciones/dlf/styles.css HTTP/1.1" 200 3049
181.53.12.174 - - [28/Apr/2022:14:34:59 -0500] "GET /BLA/resoluciones/dlf/bg.gif HTTP/1.1" 200 54
181.53.12.174 - - [28/Apr/2022:14:35:00 -0500] "GET /favicon.ico HTTP/1.1" 200 7782
181.61.164.108 - - [28/Apr/2022:14:35:00 -0500] "GET /BLA/resoluciones/RESOLUCIONES%202006/RES%202006%201951-2000/00001986.tif HTTP/1.1" 200 95326
181.61.164.108 - - [28/Apr/2022:14:35:01 -0500] "GET /BLA/resoluciones/RESOLUCIONES%202006/RES%202006%201951-2000/00001987.tif HTTP/1.1" 200 143322
181.61.164.108 - - [28/Apr/2022:14:35:02 -0500] "GET /BLA/resoluciones/RESOLUCIONES%202006/RES%202006%201951-2000/00001988.tif HTTP/1.1" 200 101190
181.61.164.108 - - [28/Apr/2022:14:35:03 -0500] "GET /BLA/resoluciones/RESOLUCIONES%202006/RES%202006%201951-2000/00001989.tif HTTP/1.1" 200 102824
172.22.2.4 - - [28/Apr/2022:14:35:04 -0500] "GET /BLA/boletinlegal/images/pdf.gif HTTP/1.1" 200 567
181.61.164.108 - - [28/Apr/2022:14:35:04 -0500] "GET /BLA/resoluciones/RESOLUCIONES%202006/RES%202006%201951-2000/00001990.tif HTTP/1.1" 200 8890
181.61.164.108 - - [28/Apr/2022:14:35:05 -0500] "GET /BLA/resoluciones/RESOLUCIONES%202006/RES%202006%201951-2000/00001991.tif HTTP/1.1" 200 37286
181.53.12.174 - - [28/Apr/2022:14:35:06 -0500] "GET /BLA/resoluciones/index.php?dir=RESOLUCIONES+2020%2F HTTP/1.1" 200 160722
181.53.12.174 - - [28/Apr/2022:14:35:06 -0500] "GET /BLA/resoluciones/dlf/dirup.png HTTP/1.1" 200 644
181.53.12.174 - - [28/Apr/2022:14:35:06 -0500] "GET /BLA/resoluciones/dlf/pdf.gif HTTP/1.1" 200 272
181.61.164.108 - - [28/Apr/2022:14:35:06 -0500] "GET /BLA/resoluciones/RESOLUCIONES%202006/RES%202006%201951-2000/00001992.tif HTTP/1.1" 200 31342
181.61.164.108 - - [28/Apr/2022:14:35:07 -0500] "GET /BLA/resoluciones/RESOLUCIONES%202006/RES%202006%201951-2000/00001993.tif HTTP/1.1" 200 33012
181.61.164.108 - - [28/Apr/2022:14:35:08 -0500] "GET /BLA/resoluciones/RESOLUCIONES%202006/RES%202006%201951-2000/00001994.tif HTTP/1.1" 200 29680
181.61.164.108 - - [28/Apr/2022:14:35:09 -0500] "GET /BLA/resoluciones/RESOLUCIONES%202006/RES%202006%201951-2000/00001995.tif HTTP/1.1" 200 269840
181.61.164.108 - - [28/Apr/2022:14:35:10 -0500] "GET /BLA/resoluciones/RESOLUCIONES%202006/RES%202006%201951-2000/00001996.tif HTTP/1.1" 200 232902
181.61.164.108 - - [28/Apr/2022:14:35:11 -0500] "GET /BLA/resoluciones/RESOLUCIONES%202006/RES%202006%201951-2000/00001997.tif HTTP/1.1" 200 339638
181.61.164.108 - - [28/Apr/2022:14:35:12 -0500] "GET /BLA/resoluciones/RESOLUCIONES%202006/RES%202006%201951-2000/00001998.tif HTTP/1.1" 200 250468
181.61.164.108 - - [28/Apr/2022:14:35:13 -0500] "GET /BLA/resoluciones/RESOLUCIONES%202006/RES%202006%201951-2000/00001999.tif HTTP/1.1" 200 235182
181.61.164.108 - - [28/Apr/2022:14:35:13 -0500] "GET /BLA/resoluciones/RESOLUCIONES%202006/RES%202006%201951-2000/00002000.tif HTTP/1.1" 200 179012
186.30.49.145 - - [28/Apr/2022:14:36:21 -0500] "GET /BLA/resoluciones/ HTTP/1.1" 200 13093
186.30.49.145 - - [28/Apr/2022:14:36:22 -0500] "GET /BLA/resoluciones/dlf/folder.png HTTP/1.1" 200 410
186.30.49.145 - - [28/Apr/2022:14:36:22 -0500] "GET /BLA/resoluciones/dlf/styles.css HTTP/1.1" 200 3049
186.30.49.145 - - [28/Apr/2022:14:36:22 -0500] "GET /BLA/resoluciones/dlf/bg.gif HTTP/1.1" 200 54
186.30.49.145 - - [28/Apr/2022:14:36:22 -0500] "GET /favicon.ico HTTP/1.1" 200 7782
172.22.2.4 - - [28/Apr/2022:14:36:24 -0500] "GET /BLA/boletinlegal/consulta_actos.php?tipo=resoluciones&no=&usuario=&sector=&fecha=2022&resuelve=sanci%F3n HTTP/1.1" 200 12563
186.30.49.145 - - [28/Apr/2022:14:36:27 -0500] "GET /BLA/resoluciones/index.php?dir=RESOLUCIONES+1992%2F HTTP/1.1" 200 2871
186.30.49.145 - - [28/Apr/2022:14:36:27 -0500] "GET /BLA/resoluciones/dlf/pdf.gif HTTP/1.1" 200 272
186.30.49.145 - - [28/Apr/2022:14:36:27 -0500] "GET /BLA/resoluciones/dlf/dirup.png HTTP/1.1" 200 644
172.22.2.4 - - [28/Apr/2022:14:34:49 -0500] "GET /BLA/boletinlegal/ HTTP/1.1" 200 63342
181.61.164.108 - - [28/Apr/2022:14:36:41 -0500] "GET /BLA/resoluciones/index.php?dir=RESOLUCIONES+2006%2FRES+2006+2001-2050%2F HTTP/1.1" 200 12363
181.61.164.108 - - [28/Apr/2022:14:36:43 -0500] "GET /BLA/resoluciones/RESOLUCIONES%202006/RES%202006%202001-2050/00002001.tif HTTP/1.1" 200 630086
181.61.164.108 - - [28/Apr/2022:14:36:44 -0500] "GET /BLA/resoluciones/RESOLUCIONES%202006/RES%202006%202001-2050/00002002.tif HTTP/1.1" 200 122864
181.61.164.108 - - [28/Apr/2022:14:36:45 -0500] "GET /BLA/resoluciones/RESOLUCIONES%202006/RES%202006%202001-2050/00002003.tif HTTP/1.1" 200 358840
181.61.164.108 - - [28/Apr/2022:14:36:46 -0500] "GET /BLA/resoluciones/RESOLUCIONES%202006/RES%202006%202001-2050/00002004.tif HTTP/1.1" 200 143866
181.61.164.108 - - [28/Apr/2022:14:36:47 -0500] "GET /BLA/resoluciones/RESOLUCIONES%202006/RES%202006%202001-2050/00002005.tif HTTP/1.1" 200 102274
181.61.164.108 - - [28/Apr/2022:14:36:48 -0500] "GET /BLA/resoluciones/RESOLUCIONES%202006/RES%202006%202001-2050/00002006.tif HTTP/1.1" 200 271304
181.61.164.108 - - [28/Apr/2022:14:36:49 -0500] "GET /BLA/resoluciones/RESOLUCIONES%202006/RES%202006%202001-2050/00002007.tif HTTP/1.1" 200 284146
172.22.2.4 - - [28/Apr/2022:14:36:49 -0500] "GET /BLA/boletinlegal/consulta_actos.php?tipo=resoluciones&no=&usuario=&sector=&fecha=2022&resuelve=resuelve HTTP/1.1" 200 5183
181.61.164.108 - - [28/Apr/2022:14:36:50 -0500] "GET /BLA/resoluciones/RESOLUCIONES%202006/RES%202006%202001-2050/00002008.tif HTTP/1.1" 200 131042
181.61.164.108 - - [28/Apr/2022:14:36:50 -0500] "GET /BLA/resoluciones/RESOLUCIONES%202006/RES%202006%202001-2050/00002009.tif HTTP/1.1" 200 53094
181.61.164.108 - - [28/Apr/2022:14:36:51 -0500] "GET /BLA/resoluciones/RESOLUCIONES%202006/RES%202006%202001-2050/00002010.tif HTTP/1.1" 200 178788
181.61.164.108 - - [28/Apr/2022:14:36:52 -0500] "GET /BLA/resoluciones/RESOLUCIONES%202006/RES%202006%202001-2050/00002011.tif HTTP/1.1" 200 246756
181.61.164.108 - - [28/Apr/2022:14:36:53 -0500] "GET /BLA/resoluciones/RESOLUCIONES%202006/RES%202006%202001-2050/00002012.tif HTTP/1.1" 200 36554
181.61.164.108 - - [28/Apr/2022:14:36:54 -0500] "GET /BLA/resoluciones/RESOLUCIONES%202006/RES%202006%202001-2050/00002013.tif HTTP/1.1" 200 95466
181.61.164.108 - - [28/Apr/2022:14:36:55 -0500] "GET /BLA/resoluciones/RESOLUCIONES%202006/RES%202006%202001-2050/00002014.tif HTTP/1.1" 200 312812
181.61.164.108 - - [28/Apr/2022:14:36:56 -0500] "GET /BLA/resoluciones/RESOLUCIONES%202006/RES%202006%202001-2050/00002015.tif HTTP/1.1" 200 27012
181.61.164.108 - - [28/Apr/2022:14:36:57 -0500] "GET /BLA/resoluciones/RESOLUCIONES%202006/RES%202006%202001-2050/00002016.tif HTTP/1.1" 200 223168
181.61.164.108 - - [28/Apr/2022:14:36:58 -0500] "GET /BLA/resoluciones/RESOLUCIONES%202006/RES%202006%202001-2050/00002017.tif HTTP/1.1" 200 664836
181.61.164.108 - - [28/Apr/2022:14:36:59 -0500] "GET /BLA/resoluciones/RESOLUCIONES%202006/RES%202006%202001-2050/00002018.tif HTTP/1.1" 200 621792
181.61.164.108 - - [28/Apr/2022:14:37:00 -0500] "GET /BLA/resoluciones/RESOLUCIONES%202006/RES%202006%202001-2050/00002019.tif HTTP/1.1" 200 573316
186.31.12.246 - - [28/Apr/2022:14:37:02 -0500] "GET /kwssiamovil/sm/ldap/au?x=U2FsdGVkX1+XC6dlGBxeSjN6Un6kyCU3UpM1eIXF4wFS/0dff2BrafEr5cwTIPJF&y=U2FsdGVkX1/S6ESnZbfYDTFwMFFe3A0+idNn1Oqf8jr84dzH9dfOJYonicrH6vHZ HTTP/1.1" 200 31
181.61.164.108 - - [28/Apr/2022:14:37:03 -0500] "GET /BLA/resoluciones/RESOLUCIONES%202006/RES%202006%202001-2050/00002020.tif HTTP/1.1" 200 50528
181.61.164.108 - - [28/Apr/2022:14:37:04 -0500] "GET /BLA/resoluciones/RESOLUCIONES%202006/RES%202006%202001-2050/00002021.tif HTTP/1.1" 200 308782
172.22.2.4 - - [28/Apr/2022:14:37:05 -0500] "GET /BLA/boletinlegal/consulta_actos.php?tipo=resoluciones&no=&usuario=&sector=&fecha=2022&resuelve=decomiso%20definitivo HTTP/1.1" 200 626
181.61.164.108 - - [28/Apr/2022:14:37:05 -0500] "GET /BLA/resoluciones/RESOLUCIONES%202006/RES%202006%202001-2050/00002022.tif HTTP/1.1" 200 452254
181.61.164.108 - - [28/Apr/2022:14:37:06 -0500] "GET /BLA/resoluciones/RESOLUCIONES%202006/RES%202006%202001-2050/00002023.tif HTTP/1.1" 200 97946
181.61.164.108 - - [28/Apr/2022:14:37:07 -0500] "GET /BLA/resoluciones/RESOLUCIONES%202006/RES%202006%202001-2050/00002024.tif HTTP/1.1" 200 24700
181.61.164.108 - - [28/Apr/2022:14:37:08 -0500] "GET /BLA/resoluciones/RESOLUCIONES%202006/RES%202006%202001-2050/00002025.tif HTTP/1.1" 200 143888
172.22.2.4 - - [28/Apr/2022:14:37:11 -0500] "GET /BLA/boletinlegal/consulta_actos.php?tipo=resoluciones&no=&usuario=&sector=&fecha=2021&resuelve=decomiso%20definitivo HTTP/1.1" 200 626
181.61.164.108 - - [28/Apr/2022:14:37:11 -0500] "GET /BLA/resoluciones/RESOLUCIONES%202006/RES%202006%202001-2050/00002026.tif HTTP/1.1" 200 1299288
181.61.164.108 - - [28/Apr/2022:14:37:13 -0500] "GET /BLA/resoluciones/RESOLUCIONES%202006/RES%202006%202001-2050/00002027.tif HTTP/1.1" 200 80714
181.61.164.108 - - [28/Apr/2022:14:37:14 -0500] "GET /BLA/resoluciones/RESOLUCIONES%202006/RES%202006%202001-2050/00002028.tif HTTP/1.1" 200 165530
186.31.12.246 - - [28/Apr/2022:14:37:15 -0500] "GET /kwssiamovil/sm/ldap/au?x=U2FsdGVkX1+vFy9UoPR90QiTuT4RgoEFfrGKqpfaUrk+ajspQ1/gwxMKXoF78AfD&y=U2FsdGVkX1/yfrohlK0ZzumaDg1nIDbeCCJuknuHs76SK5OLf9UKV7M+tnun0BIz HTTP/1.1" 200 30
186.31.12.246 - - [28/Apr/2022:14:37:15 -0500] "GET /kwssiamovil/sm/acme/s?s=U2FsdGVkX1/DKFvgYbakFfcTS8nozZcXSQA7YQg0IS7arDbspU7+76ZHNSw0erOFKyfdMHWANRoWqAwn1dSzJ2gSwFV3/dSi9yQAGaykc4k=&u=U2FsdGVkX19BgR3GRR8vTb1t0BMmvOnXigqUdAx70XyGpJD1phLiVI5LxA8QbAMM&y=U2FsdGVkX1/yfrohlK0ZzumaDg1nIDbeCCJuknuHs76SK5OLf9UKV7M+tnun0BIz HTTP/1.1" 200 97
186.31.12.246 - - [28/Apr/2022:14:37:15 -0500] "GET /kwssiamovil/sm/acme/s?s=U2FsdGVkX19wLxDSYgZbbk/hKbYOBbXLF0lOGvvq5lxj9/z0Hx/XYPMLOVnbGzkDodHx/ZlGdfUTwqxqH9jllg4BolEaLl5rTxIULiUvk7hLDgeKdLQgzZGXE2eA+FCB7RvIQuZ61tEUj1Ub9QdObaOJJIiYdY/ZEMv80JY4AKWDtnFQ7LOaC9IUKXBB5FVZZabG8UtVdabjW1GoLGCT6fTuUxPOvfoP61R9qoQJ+Iz2nrE1MTi9m3M8WFryFyX/u/RDQq4HaliOTlEjKAEYUPzzsxVgGjPDCbtQDfZH2ecEpT308TcZ8Qm/69eLjOQYTqb09N9aA/FG4v9ORhPdONK5qcEB3zIFLFdrAxgnoFlkVs9b4YgxT4feqhp4MGwaIxQnFh7/D1U4vEGPS3Dh5aOs5XyvtT7QoFleSAXPcWFNaF3o4whDTkjjngmTiKzGhqTxdrvPysKHyct3ZT4ev9aci55oCLzMPC7HTzIw8muRa0qre2tN8QK6bhAN+XM6KJZ9NJtLZ8a6rALkVTEOL1POv4VcKwzaLvD3q64omHCG3QU2vAOKgnl3Y8l1y8ORekRnOZP2dGF6EaypRG5mWcWf7yUEsz9Ec7FcQDMt5Bfgd496a6D2cmoCW1qGGm0xYHR4zZbu1fOeOqcibV8/XKQk1sKNNrj9MKoXwgknTkWzukwHJqqg3o8zgfXblMazD9YuHnToXXpi3JQ9BWGVzzor2QxDgbwehEWzkmcgt6LF7rxajv4uUwx/vsFMzdLez2aO1fRkWmOe9ymZBCPZuTu1YDAyJej7s4qbn+uBZpv2AjQNuoisBphKQ8WQww7c+1lNUg74XDORly+6apg6bKdo9ISeYS3Cju8vRmUauY/iD4PtBoQff7xs0/3h7AIqBShGc/jqawc6761axEF0jQsMBLJuS+hPk0MfZrq2kDqO9b8p+I684ddzAnJ9jV7l7lF7hYbhwuDRZwCJBc+4wT7tNcZqcc5zfWkOwgg4KE7iFGdyrXUoCxey2LKYwO2qKZ3wjL3wM+u+jcco3cWdhkI7XZkf1lVUVcssYBqo0JZST1BGIBKI/c/9fCqVjGpdwmdiRI5o76+pgsFApbudscJZ5nOCIdt8cbjK4b0H+RhFzsWAXqtTYs6M5i7u6CioNoHc87DeWNW/STdYRizcR46TGuWFNiujlqO+0z6u2uKdsNE95N+l+rlvRkwT264YTMdBDx66uZNNS8GOytHRhIGrXWZ+Q75qT1slw6W+En3HbXtzhmeaz7WC9QOcEcyDk1/6t+KcI74I2EumXxJjKbIzci/qwXUtXtV2UXaG7wOUDqMD7HRinvAdy21Q1i3OHAJA7GeRxzfyCxQanNUPuv3t4DD/8fivsF7Tnz1QEgo=&u=U2FsdGVkX19BgR3GRR8vTb1t0BMmvOnXigqUdAx70XyGpJD1phLiVI5LxA8QbAMM&y=U2FsdGVkX1/yfrohlK0ZzumaDg1nIDbeCCJuknuHs76SK5OLf9UKV7M+tnun0BIz HTTP/1.1" 200 3361
186.31.12.246 - - [28/Apr/2022:14:37:15 -0500] "GET /kwssiamovil/sm/acme/s?s=U2FsdGVkX19rGlfFjGSICyZffanX1+kWE3+DxHc1M1R8znWCupcB+ySzcoYLur54DdWTnBP6jsuFj2qjekOvN+790BLXjljvSZ/gocBAa1Q6mwOwVP6s6FG5J2SB1GJzogLWknyhx5+XOUieZS7nXIya9dHSMjsIm2AwqINRd0CKZANUo+a1slKdHJ0PeiagKkg3MnE6OZLwVyghjqpQyZcyu7mIISYamIhZuhXyBPxulsbp8WqFdlb1aphrRpYyT9m7x4WO5dKvsHDoknQ6tO/ibTlAMPwM183+vWh7mb8=&u=U2FsdGVkX19BgR3GRR8vTb1t0BMmvOnXigqUdAx70XyGpJD1phLiVI5LxA8QbAMM&y=U2FsdGVkX1/yfrohlK0ZzumaDg1nIDbeCCJuknuHs76SK5OLf9UKV7M+tnun0BIz HTTP/1.1" 200 176
181.61.164.108 - - [28/Apr/2022:14:37:15 -0500] "GET /BLA/resoluciones/RESOLUCIONES%202006/RES%202006%202001-2050/00002029.tif HTTP/1.1" 200 154662
172.22.2.4 - - [28/Apr/2022:14:37:15 -0500] "GET /BLA/boletinlegal/consulta_actos.php?tipo=resoluciones&no=&usuario=&sector=&fecha=2020&resuelve=decomiso%20definitivo HTTP/1.1" 200 626
186.31.12.246 - - [28/Apr/2022:14:37:15 -0500] "GET /kwssiamovil/sm/cjson/pre?f=1&x=U2FsdGVkX1+vFy9UoPR90QiTuT4RgoEFfrGKqpfaUrk+ajspQ1/gwxMKXoF78AfD HTTP/1.1" 200 30992
172.22.2.4 - - [28/Apr/2022:14:37:17 -0500] "GET /BLA/boletinlegal/consulta_actos.php?tipo=resoluciones&no=&usuario=&sector=&fecha=2020&resuelve=decomiso%20definitivo HTTP/1.1" 200 626
181.61.164.108 - - [28/Apr/2022:14:37:17 -0500] "GET /BLA/resoluciones/RESOLUCIONES%202006/RES%202006%202001-2050/00002030.tif HTTP/1.1" 200 457458
172.22.2.4 - - [28/Apr/2022:14:37:19 -0500] "GET /BLA/boletinlegal/consulta_actos.php?tipo=resoluciones&no=&usuario=&sector=&fecha=2020&resuelve=decomiso%20 HTTP/1.1" 200 1157
181.61.164.108 - - [28/Apr/2022:14:37:19 -0500] "GET /BLA/resoluciones/RESOLUCIONES%202006/RES%202006%202001-2050/00002031.tif HTTP/1.1" 200 314914
181.61.164.108 - - [28/Apr/2022:14:37:21 -0500] "GET /BLA/resoluciones/RESOLUCIONES%202006/RES%202006%202001-2050/00002032.tif HTTP/1.1" 200 333394
181.61.164.108 - - [28/Apr/2022:14:37:21 -0500] "GET /BLA/resoluciones/RESOLUCIONES%202006/RES%202006%202001-2050/00002033.tif HTTP/1.1" 200 469998
181.61.164.108 - - [28/Apr/2022:14:37:23 -0500] "GET /BLA/resoluciones/RESOLUCIONES%202006/RES%202006%202001-2050/00002034.tif HTTP/1.1" 200 194932
66.249.65.13 - - [28/Apr/2022:14:37:23 -0500] "-" 408 -
181.61.164.108 - - [28/Apr/2022:14:37:24 -0500] "GET /BLA/resoluciones/RESOLUCIONES%202006/RES%202006%202001-2050/00002035.tif HTTP/1.1" 200 198390
181.61.164.108 - - [28/Apr/2022:14:37:25 -0500] "GET /BLA/resoluciones/RESOLUCIONES%202006/RES%202006%202001-2050/00002036.tif HTTP/1.1" 200 187366
172.22.2.4 - - [28/Apr/2022:14:37:25 -0500] "GET /BLA/boletinlegal/consulta_actos.php?tipo=resoluciones&no=&usuario=&sector=&fecha=2021&resuelve=decomiso%20 HTTP/1.1" 200 626
181.61.164.108 - - [28/Apr/2022:14:37:25 -0500] "GET /BLA/resoluciones/RESOLUCIONES%202006/RES%202006%202001-2050/00002037.tif HTTP/1.1" 200 175364
172.22.2.4 - - [28/Apr/2022:14:37:26 -0500] "GET /BLA/boletinlegal/consulta_actos.php?tipo=resoluciones&no=&usuario=&sector=&fecha=2021&resuelve=decomiso%20 HTTP/1.1" 200 626
181.61.164.108 - - [28/Apr/2022:14:37:27 -0500] "GET /BLA/resoluciones/RESOLUCIONES%202006/RES%202006%202001-2050/00002038.tif HTTP/1.1" 200 165366
181.61.164.108 - - [28/Apr/2022:14:37:28 -0500] "GET /BLA/resoluciones/RESOLUCIONES%202006/RES%202006%202001-2050/00002039.tif HTTP/1.1" 200 161398
181.61.164.108 - - [28/Apr/2022:14:37:29 -0500] "GET /BLA/resoluciones/RESOLUCIONES%202006/RES%202006%202001-2050/00002040.tif HTTP/1.1" 200 193946
181.61.164.108 - - [28/Apr/2022:14:37:30 -0500] "GET /BLA/resoluciones/RESOLUCIONES%202006/RES%202006%202001-2050/00002041.tif HTTP/1.1" 200 197570
181.61.164.108 - - [28/Apr/2022:14:37:32 -0500] "GET /BLA/resoluciones/RESOLUCIONES%202006/RES%202006%202001-2050/00002042.tif HTTP/1.1" 200 164120
181.61.164.108 - - [28/Apr/2022:14:37:32 -0500] "GET /BLA/resoluciones/RESOLUCIONES%202006/RES%202006%202001-2050/00002043.tif HTTP/1.1" 200 155338
181.50.155.152 - - [28/Apr/2022:14:37:33 -0500] "GET /sipse/faces/index.xhtml HTTP/1.1" 200 677
181.50.155.152 - - [28/Apr/2022:14:37:33 -0500] "GET /sipse/faces/javax.faces.resource/theme.css?ln=primefaces-sipse HTTP/1.1" 304 -
181.50.155.152 - - [28/Apr/2022:14:37:33 -0500] "GET /sipse/faces/faces/autenticacion.xhtml HTTP/1.1" 200 12170
181.50.155.152 - - [28/Apr/2022:14:37:33 -0500] "GET /sipse/js/disable_browser_buttons.js HTTP/1.1" 304 -
181.50.155.152 - - [28/Apr/2022:14:37:33 -0500] "GET /sipse/js/funciones.js HTTP/1.1" 304 -
181.50.155.152 - - [28/Apr/2022:14:37:33 -0500] "GET /sipse/css/custom_css_sg.css HTTP/1.1" 304 -
181.50.155.152 - - [28/Apr/2022:14:37:33 -0500] "GET /sipse/faces/javax.faces.resource/primefaces.css?ln=primefaces&v=4.0 HTTP/1.1" 304 -
181.50.155.152 - - [28/Apr/2022:14:37:33 -0500] "GET /sipse/faces/javax.faces.resource/layout/layout.css?ln=primefaces&v=4.0 HTTP/1.1" 304 -
181.50.155.152 - - [28/Apr/2022:14:37:33 -0500] "GET /sipse/css/custom_css_sg_prime_login.css HTTP/1.1" 304 -
181.50.155.152 - - [28/Apr/2022:14:37:33 -0500] "GET /sipse/faces/javax.faces.resource/theme.css?ln=primefaces-sipse HTTP/1.1" 304 -
181.50.155.152 - - [28/Apr/2022:14:37:33 -0500] "GET /sipse/faces/javax.faces.resource/primefaces.js?ln=primefaces&v=4.0 HTTP/1.1" 304 -
181.50.155.152 - - [28/Apr/2022:14:37:33 -0500] "GET /sipse/faces/javax.faces.resource/jquery/jquery-plugins.js?ln=primefaces&v=4.0 HTTP/1.1" 304 -
181.50.155.152 - - [28/Apr/2022:14:37:33 -0500] "GET /sipse/faces/javax.faces.resource/layout/layout.js?ln=primefaces&v=4.0 HTTP/1.1" 304 -
181.50.155.152 - - [28/Apr/2022:14:37:33 -0500] "GET /sipse/faces/javax.faces.resource/jquery/jquery.js?ln=primefaces&v=4.0 HTTP/1.1" 304 -
181.61.164.108 - - [28/Apr/2022:14:37:33 -0500] "GET /BLA/resoluciones/RESOLUCIONES%202006/RES%202006%202001-2050/00002044.tif HTTP/1.1" 200 196542
181.50.155.152 - - [28/Apr/2022:14:37:33 -0500] "GET /sipse/css/imagen/loginimg.png HTTP/1.1" 304 -
181.50.155.152 - - [28/Apr/2022:14:37:33 -0500] "GET /sipse/css/imagen/logoSDG.png HTTP/1.1" 304 -
181.50.155.152 - - [28/Apr/2022:14:37:33 -0500] "GET /sipse/faces/javax.faces.resource/images/ui-icons_898989_256x240.png?ln=primefaces-aristo HTTP/1.1" 304 -
181.61.164.108 - - [28/Apr/2022:14:37:34 -0500] "GET /BLA/resoluciones/RESOLUCIONES%202006/RES%202006%202001-2050/00002045.tif HTTP/1.1" 200 163972
181.54.82.195 - - [28/Apr/2022:14:37:35 -0500] "GET /forest/ HTTP/1.1" 200 12041
181.61.164.108 - - [28/Apr/2022:14:37:35 -0500] "GET /BLA/resoluciones/RESOLUCIONES%202006/RES%202006%202001-2050/00002046.tif HTTP/1.1" 200 196210
216.245.221.92 - - [28/Apr/2022:14:37:35 -0500] "HEAD / HTTP/1.1" 200 -
181.61.164.108 - - [28/Apr/2022:14:37:36 -0500] "GET /BLA/resoluciones/RESOLUCIONES%202006/RES%202006%202001-2050/00002047.tif HTTP/1.1" 200 384148
181.61.164.108 - - [28/Apr/2022:14:37:37 -0500] "GET /BLA/resoluciones/RESOLUCIONES%202006/RES%202006%202001-2050/00002048.tif HTTP/1.1" 200 161162
181.61.164.108 - - [28/Apr/2022:14:37:38 -0500] "GET /BLA/resoluciones/RESOLUCIONES%202006/RES%202006%202001-2050/00002049.tif HTTP/1.1" 200 162408
181.61.164.108 - - [28/Apr/2022:14:37:39 -0500] "GET /BLA/resoluciones/RESOLUCIONES%202006/RES%202006%202001-2050/00002050.tif HTTP/1.1" 200 257370
181.54.82.195 - - [28/Apr/2022:14:37:43 -0500] "POST /forest/index.php HTTP/1.1" 200 12268
181.50.155.152 - - [28/Apr/2022:14:37:45 -0500] "POST /sipse/faces/autenticacion.xhtml HTTP/1.1" 200 2219
181.50.155.152 - - [28/Apr/2022:14:37:45 -0500] "GET /sipse/faces/javax.faces.resource/messages/messages.png?ln=primefaces&v=4.0 HTTP/1.1" 304 -
181.50.155.152 - - [28/Apr/2022:14:37:46 -0500] "POST /sipse/faces/autenticacion.xhtml HTTP/1.1" 200 16246
181.50.155.152 - - [28/Apr/2022:14:37:47 -0500] "GET /sipse/faces/javax.faces.resource/layout/layout.css?ln=primefaces&v=4.0 HTTP/1.1" 304 -
181.50.155.152 - - [28/Apr/2022:14:37:47 -0500] "GET /sipse/faces/javax.faces.resource/primefaces.css?ln=primefaces&v=4.0 HTTP/1.1" 304 -
181.50.155.152 - - [28/Apr/2022:14:37:47 -0500] "GET /sipse/css/custom_css_sg_prime.css HTTP/1.1" 304 -
181.50.155.152 - - [28/Apr/2022:14:37:47 -0500] "GET /sipse/faces/javax.faces.resource/theme.css?ln=primefaces-sipse HTTP/1.1" 304 -
181.50.155.152 - - [28/Apr/2022:14:37:47 -0500] "GET /sipse/js/jquery.min.js HTTP/1.1" 304 -
181.50.155.152 - - [28/Apr/2022:14:37:47 -0500] "GET /sipse/faces/javax.faces.resource/jquery/jquery.js?ln=primefaces&v=4.0 HTTP/1.1" 304 -
181.50.155.152 - - [28/Apr/2022:14:37:47 -0500] "GET /sipse/faces/javax.faces.resource/jquery/jquery-plugins.js?ln=primefaces&v=4.0 HTTP/1.1" 304 -
181.50.155.152 - - [28/Apr/2022:14:37:47 -0500] "GET /sipse/faces/javax.faces.resource/primefaces.js?ln=primefaces&v=4.0 HTTP/1.1" 304 -
181.50.155.152 - - [28/Apr/2022:14:37:47 -0500] "GET /sipse/faces/javax.faces.resource/layout/layout.js?ln=primefaces&v=4.0 HTTP/1.1" 304 -
181.50.155.152 - - [28/Apr/2022:14:37:47 -0500] "GET /sipse/imagenes/cargando.gif HTTP/1.1" 304 -
181.50.155.152 - - [28/Apr/2022:14:37:47 -0500] "GET /sipse/imagenes/logoAplicacion.jpg HTTP/1.1" 304 -
181.50.155.152 - - [28/Apr/2022:14:37:47 -0500] "GET /sipse/css/imagen/contrasena.png HTTP/1.1" 404 383
181.50.155.152 - - [28/Apr/2022:14:37:51 -0500] "GET /sipse/faces/javax.faces.resource/images/ui-bg_flat_0_2d5972_40x100.png?ln=primefaces-aristo HTTP/1.1" 304 -
181.50.155.152 - - [28/Apr/2022:14:37:51 -0500] "POST /sipse/faces/bienvenido.xhtml HTTP/1.1" 200 2073
172.22.2.4 - - [28/Apr/2022:14:37:51 -0500] "GET /BLA/boletinlegal/Circulares/2019/Circular%20No.%200015%20del%2003%20de%20Octubre%20de%202019.pdf HTTP/1.1" 200 165608
181.50.155.152 - - [28/Apr/2022:14:37:53 -0500] "POST /sipse/faces/bienvenido.xhtml HTTP/1.1" 200 38971
181.50.155.152 - - [28/Apr/2022:14:37:53 -0500] "GET /sipse/faces/javax.faces.resource/theme.css?ln=primefaces-sipse HTTP/1.1" 304 -
181.50.155.152 - - [28/Apr/2022:14:37:53 -0500] "GET /sipse/faces/javax.faces.resource/primefaces.css?ln=primefaces&v=4.0 HTTP/1.1" 304 -
181.50.155.152 - - [28/Apr/2022:14:37:53 -0500] "GET /sipse/faces/javax.faces.resource/layout/layout.css?ln=primefaces&v=4.0 HTTP/1.1" 304 -
181.50.155.152 - - [28/Apr/2022:14:37:53 -0500] "GET /sipse/faces/javax.faces.resource/jquery/jquery.js?ln=primefaces&v=4.0 HTTP/1.1" 304 -
181.50.155.152 - - [28/Apr/2022:14:37:53 -0500] "GET /sipse/faces/javax.faces.resource/jquery/jquery-plugins.js?ln=primefaces&v=4.0 HTTP/1.1" 304 -
181.50.155.152 - - [28/Apr/2022:14:37:53 -0500] "GET /sipse/faces/javax.faces.resource/primefaces.js?ln=primefaces&v=4.0 HTTP/1.1" 304 -
181.50.155.152 - - [28/Apr/2022:14:37:53 -0500] "GET /sipse/faces/javax.faces.resource/layout/layout.js?ln=primefaces&v=4.0 HTTP/1.1" 304 -
201.245.192.253 - - [28/Apr/2022:14:37:55 -0500] "GET /sipse/faces/javax.faces.resource/theme.css?ln=primefaces-sipse HTTP/1.1" 304 -
201.245.192.253 - - [28/Apr/2022:14:37:55 -0500] "GET /sipse/faces/javax.faces.resource/primefaces.css?ln=primefaces&v=4.0 HTTP/1.1" 304 -
201.245.192.253 - - [28/Apr/2022:14:37:55 -0500] "GET /sipse/faces/javax.faces.resource/layout/layout.css?ln=primefaces&v=4.0 HTTP/1.1" 304 -
201.245.192.253 - - [28/Apr/2022:14:37:55 -0500] "GET /sipse/faces/javax.faces.resource/jquery/jquery.js?ln=primefaces&v=4.0 HTTP/1.1" 304 -
201.245.192.253 - - [28/Apr/2022:14:37:55 -0500] "GET /sipse/faces/javax.faces.resource/primefaces.js?ln=primefaces&v=4.0 HTTP/1.1" 304 -
201.245.192.253 - - [28/Apr/2022:14:37:55 -0500] "GET /sipse/faces/javax.faces.resource/layout/layout.js?ln=primefaces&v=4.0 HTTP/1.1" 304 -
201.245.192.253 - - [28/Apr/2022:14:37:55 -0500] "GET /sipse/faces/javax.faces.resource/jquery/jquery-plugins.js?ln=primefaces&v=4.0 HTTP/1.1" 304 -
201.245.192.253 - - [28/Apr/2022:14:37:55 -0500] "GET /sipse/css/imagen/contrasena.png HTTP/1.1" 404 383
201.245.192.253 - - [28/Apr/2022:14:37:55 -0500] "GET /sipse/faces/javax.faces.resource/images/ui-icons_898989_256x240.png?ln=primefaces-aristo HTTP/1.1" 304 -
201.245.192.253 - - [28/Apr/2022:14:37:54 -0500] "POST /sipse/faces/presentacion/financiero/solicitudProceso/consultarHistorialSolProceso.xhtml HTTP/1.1" 200 149357
201.245.192.253 - - [28/Apr/2022:14:37:56 -0500] "GET /sipse/faces/javax.faces.resource/images/ui-bg_flat_0_2d5972_40x100.png?ln=primefaces-aristo HTTP/1.1" 304 -
201.245.192.253 - - [28/Apr/2022:14:37:56 -0500] "POST /sipse/faces/presentacion/financiero/solicitudProceso/consultarSolicitudProceso.xhtml HTTP/1.1" 200 61155
201.245.192.253 - - [28/Apr/2022:14:37:56 -0500] "GET /sipse/faces/javax.faces.resource/theme.css?ln=primefaces-sipse HTTP/1.1" 304 -
201.245.192.253 - - [28/Apr/2022:14:37:56 -0500] "GET /sipse/faces/javax.faces.resource/primefaces.css?ln=primefaces&v=4.0 HTTP/1.1" 304 -
201.245.192.253 - - [28/Apr/2022:14:37:56 -0500] "GET /sipse/faces/javax.faces.resource/layout/layout.css?ln=primefaces&v=4.0 HTTP/1.1" 304 -
201.245.192.253 - - [28/Apr/2022:14:37:56 -0500] "GET /sipse/faces/javax.faces.resource/jquery/jquery.js?ln=primefaces&v=4.0 HTTP/1.1" 304 -
201.245.192.253 - - [28/Apr/2022:14:37:56 -0500] "GET /sipse/faces/javax.faces.resource/jquery/jquery-plugins.js?ln=primefaces&v=4.0 HTTP/1.1" 304 -
201.245.192.253 - - [28/Apr/2022:14:37:56 -0500] "GET /sipse/faces/javax.faces.resource/primefaces.js?ln=primefaces&v=4.0 HTTP/1.1" 304 -
201.245.192.253 - - [28/Apr/2022:14:37:56 -0500] "GET /sipse/faces/javax.faces.resource/layout/layout.js?ln=primefaces&v=4.0 HTTP/1.1" 304 -
201.245.192.253 - - [28/Apr/2022:14:37:56 -0500] "POST /sipse/faces/presentacion/financiero/solicitudProceso/listarSolicitudProceso.xhtml HTTP/1.1" 200 1444
181.50.155.152 - - [28/Apr/2022:14:38:03 -0500] "POST /sipse/faces/presentacion/financiero/solicitudProceso/consultar.xhtml HTTP/1.1" 200 3171
181.50.155.152 - - [28/Apr/2022:14:38:06 -0500] "POST /sipse/faces/presentacion/financiero/solicitudProceso/consultar.xhtml HTTP/1.1" 200 27620
181.50.155.152 - - [28/Apr/2022:14:38:12 -0500] "GET /sipse/faces/javax.faces.resource/theme.css?ln=primefaces-sipse HTTP/1.1" 304 -
181.50.155.152 - - [28/Apr/2022:14:38:12 -0500] "GET /sipse/faces/javax.faces.resource/layout/layout.css?ln=primefaces&v=4.0 HTTP/1.1" 304 -
181.50.155.152 - - [28/Apr/2022:14:38:12 -0500] "GET /sipse/faces/javax.faces.resource/primefaces.css?ln=primefaces&v=4.0 HTTP/1.1" 304 -
181.50.155.152 - - [28/Apr/2022:14:38:12 -0500] "GET /sipse/faces/javax.faces.resource/jquery/jquery.js?ln=primefaces&v=4.0 HTTP/1.1" 304 -
181.50.155.152 - - [28/Apr/2022:14:38:12 -0500] "GET /sipse/faces/javax.faces.resource/jquery/jquery-plugins.js?ln=primefaces&v=4.0 HTTP/1.1" 304 -
181.50.155.152 - - [28/Apr/2022:14:38:12 -0500] "GET /sipse/faces/javax.faces.resource/primefaces.js?ln=primefaces&v=4.0 HTTP/1.1" 304 -
181.50.155.152 - - [28/Apr/2022:14:38:12 -0500] "GET /sipse/faces/javax.faces.resource/layout/layout.js?ln=primefaces&v=4.0 HTTP/1.1" 304 -
181.50.155.152 - - [28/Apr/2022:14:38:12 -0500] "POST /sipse/faces/presentacion/proyectos/proyecto/listarProyecto.xhtml HTTP/1.1" 200 21036
172.22.2.4 - - [28/Apr/2022:14:37:39 -0500] "GET /BLA/boletinlegal/ HTTP/1.1" 200 32715
181.50.155.152 - - [28/Apr/2022:14:38:24 -0500] "POST /sipse/faces/presentacion/proyectos/proyecto/listarProyecto.xhtml HTTP/1.1" 200 1661
181.50.155.152 - - [28/Apr/2022:14:38:25 -0500] "POST /sipse/faces/presentacion/proyectos/proyecto/listarProyecto.xhtml HTTP/1.1" 200 1673
181.50.155.152 - - [28/Apr/2022:14:38:31 -0500] "POST /sipse/faces/presentacion/proyectos/proyecto/listarProyecto.xhtml HTTP/1.1" 200 67596
181.50.155.152 - - [28/Apr/2022:14:38:31 -0500] "GET /sipse/faces/javax.faces.resource/theme.css?ln=primefaces-sipse HTTP/1.1" 304 -
181.50.155.152 - - [28/Apr/2022:14:38:31 -0500] "GET /sipse/faces/javax.faces.resource/primefaces.css?ln=primefaces&v=4.0 HTTP/1.1" 304 -
181.50.155.152 - - [28/Apr/2022:14:38:31 -0500] "GET /sipse/faces/javax.faces.resource/jquery/jquery.js?ln=primefaces&v=4.0 HTTP/1.1" 304 -
181.50.155.152 - - [28/Apr/2022:14:38:31 -0500] "GET /sipse/faces/javax.faces.resource/layout/layout.css?ln=primefaces&v=4.0 HTTP/1.1" 304 -
181.50.155.152 - - [28/Apr/2022:14:38:31 -0500] "GET /sipse/faces/javax.faces.resource/jquery/jquery-plugins.js?ln=primefaces&v=4.0 HTTP/1.1" 304 -
181.50.155.152 - - [28/Apr/2022:14:38:31 -0500] "GET /sipse/faces/javax.faces.resource/primefaces.js?ln=primefaces&v=4.0 HTTP/1.1" 304 -
181.50.155.152 - - [28/Apr/2022:14:38:31 -0500] "GET /sipse/faces/javax.faces.resource/layout/layout.js?ln=primefaces&v=4.0 HTTP/1.1" 304 -
181.50.155.152 - - [28/Apr/2022:14:38:31 -0500] "POST /sipse/faces/presentacion/proyectos/proyecto/listarConsultarProyectos.xhtml HTTP/1.1" 200 60992
181.50.155.152 - - [28/Apr/2022:14:38:31 -0500] "POST /sipse/faces/presentacion/proyectos/proyecto/listarConsultarProyectos.xhtml HTTP/1.1" 200 60992
181.50.155.152 - - [28/Apr/2022:14:38:37 -0500] "POST /sipse/faces/presentacion/proyectos/proyecto/listarConsultarProyectos.xhtml HTTP/1.1" 200 4228
181.50.155.152 - - [28/Apr/2022:14:38:38 -0500] "POST /sipse/faces/presentacion/proyectos/proyecto/listarConsultarProyectos.xhtml HTTP/1.1" 200 4232
181.50.155.152 - - [28/Apr/2022:14:38:38 -0500] "POST /sipse/faces/presentacion/proyectos/proyecto/listarConsultarProyectos.xhtml HTTP/1.1" 200 4228
181.50.155.152 - - [28/Apr/2022:14:38:44 -0500] "POST /sipse/faces/presentacion/proyectos/proyecto/listarConsultarProyectos.xhtml HTTP/1.1" 200 79502
181.50.155.152 - - [28/Apr/2022:14:38:45 -0500] "GET /sipse/faces/javax.faces.resource/theme.css?ln=primefaces-sipse HTTP/1.1" 304 -
181.50.155.152 - - [28/Apr/2022:14:38:45 -0500] "GET /sipse/faces/javax.faces.resource/primefaces.css?ln=primefaces&v=4.0 HTTP/1.1" 304 -
181.50.155.152 - - [28/Apr/2022:14:38:45 -0500] "GET /sipse/faces/javax.faces.resource/layout/layout.css?ln=primefaces&v=4.0 HTTP/1.1" 304 -
181.50.155.152 - - [28/Apr/2022:14:38:45 -0500] "GET /sipse/faces/javax.faces.resource/jquery/jquery.js?ln=primefaces&v=4.0 HTTP/1.1" 304 -
181.50.155.152 - - [28/Apr/2022:14:38:45 -0500] "GET /sipse/faces/javax.faces.resource/jquery/jquery-plugins.js?ln=primefaces&v=4.0 HTTP/1.1" 304 -
181.50.155.152 - - [28/Apr/2022:14:38:45 -0500] "GET /sipse/faces/javax.faces.resource/primefaces.js?ln=primefaces&v=4.0 HTTP/1.1" 304 -
181.50.155.152 - - [28/Apr/2022:14:38:45 -0500] "GET /sipse/faces/javax.faces.resource/layout/layout.js?ln=primefaces&v=4.0 HTTP/1.1" 304 -
181.50.155.152 - - [28/Apr/2022:14:38:45 -0500] "POST /sipse/faces/presentacion/proyectos/proyecto/proyecto.xhtml HTTP/1.1" 200 3345
181.50.155.152 - - [28/Apr/2022:14:38:48 -0500] "POST /sipse/faces/presentacion/proyectos/proyecto/proyecto.xhtml HTTP/1.1" 200 8248
186.30.49.145 - - [28/Apr/2022:14:39:42 -0500] "GET /BLA/resoluciones/index.php?dir=2018%2F HTTP/1.1" 200 1608
186.30.49.145 - - [28/Apr/2022:14:39:42 -0500] "GET /BLA/resoluciones/index.php?dir= HTTP/1.1" 200 13093
186.30.49.145 - - [28/Apr/2022:14:39:44 -0500] "GET /BLA/resoluciones/index.php?dir=2018%2F HTTP/1.1" 200 1608
186.30.49.145 - - [28/Apr/2022:14:39:45 -0500] "GET /BLA/resoluciones/index.php?dir= HTTP/1.1" 200 13093
186.30.49.145 - - [28/Apr/2022:14:39:51 -0500] "GET /BLA/resoluciones/index.php?dir=RESOLUCIONES+1992%2F HTTP/1.1" 200 2871
186.30.49.145 - - [28/Apr/2022:14:39:51 -0500] "GET /BLA/resoluciones/RESOLUCIONES%201992/RESOLUCION%2004%20DE%201992.pdf HTTP/1.1" 200 154689
181.50.155.152 - - [28/Apr/2022:14:39:54 -0500] "POST /sipse/faces/presentacion/proyectos/proyecto/proyecto.xhtml HTTP/1.1" 200 33349
181.50.155.152 - - [28/Apr/2022:14:39:54 -0500] "GET /sipse/faces/javax.faces.resource/theme.css?ln=primefaces-sipse HTTP/1.1" 304 -
181.50.155.152 - - [28/Apr/2022:14:39:54 -0500] "GET /sipse/faces/javax.faces.resource/primefaces.css?ln=primefaces&v=4.0 HTTP/1.1" 304 -
181.50.155.152 - - [28/Apr/2022:14:39:54 -0500] "GET /sipse/faces/javax.faces.resource/jquery/jquery.js?ln=primefaces&v=4.0 HTTP/1.1" 304 -
181.50.155.152 - - [28/Apr/2022:14:39:54 -0500] "GET /sipse/faces/javax.faces.resource/layout/layout.css?ln=primefaces&v=4.0 HTTP/1.1" 304 -
181.50.155.152 - - [28/Apr/2022:14:39:54 -0500] "GET /sipse/faces/javax.faces.resource/jquery/jquery-plugins.js?ln=primefaces&v=4.0 HTTP/1.1" 304 -
181.50.155.152 - - [28/Apr/2022:14:39:55 -0500] "GET /sipse/faces/javax.faces.resource/primefaces.js?ln=primefaces&v=4.0 HTTP/1.1" 304 -
181.50.155.152 - - [28/Apr/2022:14:39:55 -0500] "GET /sipse/faces/javax.faces.resource/layout/layout.js?ln=primefaces&v=4.0 HTTP/1.1" 304 -
181.50.155.152 - - [28/Apr/2022:14:39:55 -0500] "POST /sipse/faces/presentacion/sistema/reporte/listarReportes.xhtml HTTP/1.1" 200 26771
181.50.155.152 - - [28/Apr/2022:14:39:55 -0500] "POST /sipse/faces/presentacion/sistema/reporte/listarReportes.xhtml HTTP/1.1" 200 26771
181.50.155.152 - - [28/Apr/2022:14:39:55 -0500] "POST /sipse/faces/presentacion/sistema/reporte/listarReportes.xhtml HTTP/1.1" 200 26771
181.50.155.152 - - [28/Apr/2022:14:39:55 -0500] "POST /sipse/faces/presentacion/sistema/reporte/listarReportes.xhtml HTTP/1.1" 200 26771
181.50.155.152 - - [28/Apr/2022:14:40:00 -0500] "GET /sipse/faces/javax.faces.resource/theme.css?ln=primefaces-sipse HTTP/1.1" 304 -
181.50.155.152 - - [28/Apr/2022:14:40:00 -0500] "POST /sipse/faces/presentacion/sistema/reporte/listarReportes.xhtml HTTP/1.1" 200 24627
181.50.155.152 - - [28/Apr/2022:14:40:00 -0500] "GET /sipse/faces/javax.faces.resource/primefaces.css?ln=primefaces&v=4.0 HTTP/1.1" 304 -
181.50.155.152 - - [28/Apr/2022:14:40:00 -0500] "GET /sipse/faces/javax.faces.resource/layout/layout.css?ln=primefaces&v=4.0 HTTP/1.1" 304 -
181.50.155.152 - - [28/Apr/2022:14:40:00 -0500] "GET /sipse/faces/javax.faces.resource/jquery/jquery.js?ln=primefaces&v=4.0 HTTP/1.1" 304 -
181.50.155.152 - - [28/Apr/2022:14:40:00 -0500] "GET /sipse/faces/javax.faces.resource/primefaces.js?ln=primefaces&v=4.0 HTTP/1.1" 304 -
181.50.155.152 - - [28/Apr/2022:14:40:00 -0500] "GET /sipse/faces/javax.faces.resource/jquery/jquery-plugins.js?ln=primefaces&v=4.0 HTTP/1.1" 304 -
181.50.155.152 - - [28/Apr/2022:14:40:00 -0500] "GET /sipse/faces/javax.faces.resource/layout/layout.js?ln=primefaces&v=4.0 HTTP/1.1" 304 -
186.30.49.145 - - [28/Apr/2022:14:40:02 -0500] "GET /BLA/resoluciones/RESOLUCIONES%201992/0004.pdf HTTP/1.1" 200 154689
173.252.127.34 - - [28/Apr/2022:14:40:04 -0500] "GET /images/interpretes-humedales-principal-26-marzo.jpg HTTP/1.1" 200 40211
181.50.155.152 - - [28/Apr/2022:14:40:53 -0500] "POST /sipse/faces/presentacion/sistema/reporte/ventanaVerReporteParametros.xhtml HTTP/1.1" 200 33349
181.50.155.152 - - [28/Apr/2022:14:40:54 -0500] "GET /sipse/faces/javax.faces.resource/theme.css?ln=primefaces-sipse HTTP/1.1" 304 -
181.50.155.152 - - [28/Apr/2022:14:40:54 -0500] "GET /sipse/faces/javax.faces.resource/primefaces.css?ln=primefaces&v=4.0 HTTP/1.1" 304 -
181.50.155.152 - - [28/Apr/2022:14:40:54 -0500] "GET /sipse/faces/javax.faces.resource/layout/layout.css?ln=primefaces&v=4.0 HTTP/1.1" 304 -
181.50.155.152 - - [28/Apr/2022:14:40:54 -0500] "GET /sipse/faces/javax.faces.resource/jquery/jquery.js?ln=primefaces&v=4.0 HTTP/1.1" 304 -
181.50.155.152 - - [28/Apr/2022:14:40:54 -0500] "GET /sipse/faces/javax.faces.resource/jquery/jquery-plugins.js?ln=primefaces&v=4.0 HTTP/1.1" 304 -
181.50.155.152 - - [28/Apr/2022:14:40:54 -0500] "GET /sipse/faces/javax.faces.resource/primefaces.js?ln=primefaces&v=4.0 HTTP/1.1" 304 -
181.50.155.152 - - [28/Apr/2022:14:40:54 -0500] "GET /sipse/faces/javax.faces.resource/layout/layout.js?ln=primefaces&v=4.0 HTTP/1.1" 304 -
181.50.155.152 - - [28/Apr/2022:14:41:02 -0500] "GET /sipse/faces/javax.faces.resource/theme.css?ln=primefaces-sipse HTTP/1.1" 304 -
181.50.155.152 - - [28/Apr/2022:14:41:02 -0500] "GET /sipse/faces/javax.faces.resource/primefaces.css?ln=primefaces&v=4.0 HTTP/1.1" 304 -
181.50.155.152 - - [28/Apr/2022:14:41:02 -0500] "GET /sipse/faces/javax.faces.resource/jquery/jquery.js?ln=primefaces&v=4.0 HTTP/1.1" 304 -
181.50.155.152 - - [28/Apr/2022:14:41:02 -0500] "GET /sipse/faces/javax.faces.resource/layout/layout.js?ln=primefaces&v=4.0 HTTP/1.1" 304 -
181.50.155.152 - - [28/Apr/2022:14:41:02 -0500] "GET /sipse/faces/javax.faces.resource/layout/layout.css?ln=primefaces&v=4.0 HTTP/1.1" 304 -
181.50.155.152 - - [28/Apr/2022:14:41:02 -0500] "GET /sipse/faces/javax.faces.resource/jquery/jquery-plugins.js?ln=primefaces&v=4.0 HTTP/1.1" 304 -
181.50.155.152 - - [28/Apr/2022:14:41:02 -0500] "GET /sipse/faces/javax.faces.resource/primefaces.js?ln=primefaces&v=4.0 HTTP/1.1" 304 -
181.50.155.152 - - [28/Apr/2022:14:41:02 -0500] "POST /sipse/faces/presentacion/sistema/reporte/listarReportes.xhtml HTTP/1.1" 200 24637
186.30.49.145 - - [28/Apr/2022:14:41:20 -0500] "GET /BLA/resoluciones/ HTTP/1.1" 200 13093
181.50.155.152 - - [28/Apr/2022:14:41:29 -0500] "POST /sipse/faces/presentacion/sistema/reporte/ventanaVerReporteParametros.xhtml HTTP/1.1" 200 33349
181.50.155.152 - - [28/Apr/2022:14:41:29 -0500] "GET /sipse/faces/javax.faces.resource/theme.css?ln=primefaces-sipse HTTP/1.1" 304 -
181.50.155.152 - - [28/Apr/2022:14:41:29 -0500] "GET /sipse/faces/javax.faces.resource/layout/layout.css?ln=primefaces&v=4.0 HTTP/1.1" 304 -
181.50.155.152 - - [28/Apr/2022:14:41:29 -0500] "GET /sipse/faces/javax.faces.resource/primefaces.css?ln=primefaces&v=4.0 HTTP/1.1" 304 -
181.50.155.152 - - [28/Apr/2022:14:41:29 -0500] "GET /sipse/faces/javax.faces.resource/jquery/jquery.js?ln=primefaces&v=4.0 HTTP/1.1" 304 -
181.50.155.152 - - [28/Apr/2022:14:41:29 -0500] "GET /sipse/faces/javax.faces.resource/jquery/jquery-plugins.js?ln=primefaces&v=4.0 HTTP/1.1" 304 -
