186.91.250.224 - - [28/Apr/2022:03:39:08 -0500] "GET /portaldeninos/wp-content/themes/betheme/fonts/mfn-icons.woff?93978679 HTTP/1.1" 206 14574
186.91.250.224 - - [28/Apr/2022:03:39:08 -0500] "GET /portaldeninos/wp-content/themes/betheme/fonts/mfn-icons.ttf?93978679 HTTP/1.1" 206 1
186.91.250.224 - - [28/Apr/2022:03:39:08 -0500] "GET /portaldeninos/wp-content/themes/betheme/fonts/mfn-icons.ttf?93978679 HTTP/1.1" 206 14571
157.55.39.145 - - [28/Apr/2022:03:39:53 -0500] "GET /forest/ HTTP/1.1" 200 12041
66.249.65.13 - - [28/Apr/2022:03:40:28 -0500] "-" 408 -
165.227.90.27 - - [28/Apr/2022:03:40:31 -0500] "GET / HTTP/1.1" 200 319
172.22.2.4 - - [28/Apr/2022:03:39:06 -0500] "HEAD /BLA/boletinlegal/ HTTP/1.1" 200 -
216.245.221.92 - - [28/Apr/2022:03:40:53 -0500] "HEAD / HTTP/1.1" 200 -
172.22.2.4 - - [28/Apr/2022:03:39:57 -0500] "GET /BLA/boletinlegal/ HTTP/1.1" 200 59170
201.245.192.253 - - [28/Apr/2022:03:42:57 -0500] "POST /kwsrmcab/Wsrmcab HTTP/1.1" 200 45643
201.245.192.253 - - [28/Apr/2022:03:43:47 -0500] "POST /kwsrmcab/Wsrmcab HTTP/1.1" 200 45179
216.245.221.92 - - [28/Apr/2022:03:45:53 -0500] "HEAD / HTTP/1.1" 200 -
66.249.65.13 - - [28/Apr/2022:03:46:33 -0500] "-" 408 -
172.22.2.4 - - [28/Apr/2022:03:44:56 -0500] "HEAD /BLA/boletinlegal/ HTTP/1.1" 200 -
172.22.2.4 - - [28/Apr/2022:03:45:46 -0500] "GET /BLA/boletinlegal/ HTTP/1.1" 200 58588
216.245.221.92 - - [28/Apr/2022:03:50:53 -0500] "HEAD / HTTP/1.1" 200 -
172.22.2.4 - - [28/Apr/2022:03:50:46 -0500] "HEAD /BLA/boletinlegal/ HTTP/1.1" 200 -
66.249.65.13 - - [28/Apr/2022:03:52:43 -0500] "-" 408 -
172.22.2.4 - - [28/Apr/2022:03:51:36 -0500] "GET /BLA/boletinlegal/ HTTP/1.1" 200 54457
216.245.221.92 - - [28/Apr/2022:03:55:53 -0500] "HEAD / HTTP/1.1" 200 -
207.46.13.64 - - [28/Apr/2022:03:56:15 -0500] "GET /caminos-de-los-cerros-habilitados-en-esta-semana-santa-2022.html HTTP/1.1" 200 832
213.226.123.30 - - [28/Apr/2022:03:57:25 -0500] "POST /cgi-bin/.%2e/.%2e/.%2e/.%2e/bin/sh HTTP/1.1" 400 945
172.22.2.4 - - [28/Apr/2022:03:56:36 -0500] "HEAD /BLA/boletinlegal/ HTTP/1.1" 200 -
172.22.2.4 - - [28/Apr/2022:03:59:02 -0500] "GET /BLA/boletinlegal/jurisprudencia/analisis/AnalisisT-606-15.docx HTTP/1.1" 200 26698
172.22.2.4 - - [28/Apr/2022:03:59:03 -0500] "GET /BLA/boletinlegal/apple-touch-icon-120x120-precomposed.png HTTP/1.1" 404 1140
172.22.2.4 - - [28/Apr/2022:03:59:03 -0500] "GET /BLA/boletinlegal/apple-touch-icon-120x120.png HTTP/1.1" 404 1140
172.22.2.4 - - [28/Apr/2022:03:59:03 -0500] "GET /BLA/boletinlegal/apple-touch-icon-precomposed.png HTTP/1.1" 404 1140
172.22.2.4 - - [28/Apr/2022:03:59:03 -0500] "GET /BLA/boletinlegal/apple-touch-icon.png HTTP/1.1" 404 1140
172.22.2.4 - - [28/Apr/2022:03:59:03 -0500] "GET /BLA/boletinlegal/favicon.ico HTTP/1.1" 404 1140
172.22.2.4 - - [28/Apr/2022:03:59:03 -0500] "GET /BLA/boletinlegal/apple-touch-icon-120x120-precomposed.png HTTP/1.1" 404 1140
172.22.2.4 - - [28/Apr/2022:03:59:03 -0500] "GET /BLA/boletinlegal/apple-touch-icon-120x120.png HTTP/1.1" 404 1140
172.22.2.4 - - [28/Apr/2022:03:59:03 -0500] "GET /BLA/boletinlegal/apple-touch-icon-precomposed.png HTTP/1.1" 404 1140
172.22.2.4 - - [28/Apr/2022:03:59:03 -0500] "GET /BLA/boletinlegal/apple-touch-icon.png HTTP/1.1" 404 1140
172.22.2.4 - - [28/Apr/2022:03:59:03 -0500] "GET /BLA/boletinlegal/favicon.ico HTTP/1.1" 404 1140
172.22.2.4 - - [28/Apr/2022:03:57:26 -0500] "GET /BLA/boletinlegal/ HTTP/1.1" 200 59170
66.249.65.13 - - [28/Apr/2022:03:59:42 -0500] "-" 408 -
216.245.221.92 - - [28/Apr/2022:04:00:53 -0500] "HEAD / HTTP/1.1" 200 -
87.250.224.124 - - [28/Apr/2022:04:03:47 -0500] "-" 408 -
172.22.2.4 - - [28/Apr/2022:04:02:26 -0500] "HEAD /BLA/boletinlegal/ HTTP/1.1" 200 -
172.22.2.4 - - [28/Apr/2022:04:03:18 -0500] "GET /BLA/boletinlegal/ HTTP/1.1" 200 58588
66.249.65.13 - - [28/Apr/2022:04:05:41 -0500] "-" 408 -
216.245.221.92 - - [28/Apr/2022:04:05:53 -0500] "HEAD / HTTP/1.1" 200 -
87.250.224.114 - - [28/Apr/2022:04:06:47 -0500] "-" 408 -
23.251.102.82 - - [28/Apr/2022:04:06:50 -0500] "GET /portaldeninos/ HTTP/1.1" 200 109662
172.22.2.4 - - [28/Apr/2022:04:08:24 -0500] "GET /BLA/boletinlegal/favicon.ico HTTP/1.1" 404 1018
172.22.2.4 - - [28/Apr/2022:04:08:25 -0500] "GET /BLA/boletinlegal/robots.txt HTTP/1.1" 404 1018
172.22.2.4 - - [28/Apr/2022:04:08:26 -0500] "GET /BLA/boletinlegal/.well-known/security.txt HTTP/1.1" 404 1018
172.22.2.4 - - [28/Apr/2022:04:07:58 -0500] "GET /BLA/boletinlegal/ HTTP/1.1" 200 36811
75.127.0.144 - - [28/Apr/2022:04:09:56 -0500] "GET / HTTP/1.1" 200 319
172.22.2.4 - - [28/Apr/2022:04:08:16 -0500] "HEAD /BLA/boletinlegal/ HTTP/1.1" 200 -
172.22.2.4 - - [28/Apr/2022:04:09:08 -0500] "GET /BLA/boletinlegal/ HTTP/1.1" 200 59170
216.245.221.92 - - [28/Apr/2022:04:10:53 -0500] "HEAD / HTTP/1.1" 200 -
66.249.65.13 - - [28/Apr/2022:04:11:29 -0500] "-" 408 -
5.45.207.122 - - [28/Apr/2022:04:11:47 -0500] "-" 408 -
185.180.143.135 - - [28/Apr/2022:04:13:19 -0500] "GET / HTTP/1.1" 200 319
172.22.2.4 - - [28/Apr/2022:04:14:06 -0500] "HEAD /BLA/boletinlegal/ HTTP/1.1" 200 -
216.245.221.92 - - [28/Apr/2022:04:15:53 -0500] "HEAD / HTTP/1.1" 200 -
172.22.2.4 - - [28/Apr/2022:04:14:56 -0500] "GET /BLA/boletinlegal/ HTTP/1.1" 200 61416
66.249.65.13 - - [28/Apr/2022:04:17:22 -0500] "-" 408 -
172.22.2.4 - - [28/Apr/2022:04:20:18 -0500] "GET /BLA/boletinlegal/conceptos.php HTTP/1.1" 200 7443
172.22.2.4 - - [28/Apr/2022:04:20:31 -0500] "GET /BLA/boletinlegal/js/ajax_conceptos.js HTTP/1.1" 200 1326
216.245.221.92 - - [28/Apr/2022:04:20:53 -0500] "HEAD / HTTP/1.1" 200 -
172.22.2.4 - - [28/Apr/2022:04:19:56 -0500] "HEAD /BLA/boletinlegal/ HTTP/1.1" 200 -
172.22.2.4 - - [28/Apr/2022:04:20:46 -0500] "GET /BLA/boletinlegal/ HTTP/1.1" 200 59170
66.249.65.13 - - [28/Apr/2022:04:23:01 -0500] "-" 408 -
201.245.192.253 - - [28/Apr/2022:04:22:57 -0500] "POST /kwsrmcab/Wsrmcab HTTP/1.1" 200 45650
201.245.192.253 - - [28/Apr/2022:04:23:47 -0500] "POST /kwsrmcab/Wsrmcab HTTP/1.1" 200 45169
207.46.13.64 - - [28/Apr/2022:04:25:28 -0500] "GET / HTTP/1.1" 200 4720
216.245.221.92 - - [28/Apr/2022:04:25:53 -0500] "HEAD / HTTP/1.1" 200 -
157.55.39.199 - - [28/Apr/2022:04:25:54 -0500] "GET /BLA/resoluciones/RESOLUCIONES%202007/RES%202007%202901%20AL%203000/RESOLUCION%202906%20DE%202007.pdf HTTP/1.1" 304 -
172.22.2.4 - - [28/Apr/2022:04:25:46 -0500] "HEAD /BLA/boletinlegal/ HTTP/1.1" 200 -
172.22.2.4 - - [28/Apr/2022:04:26:36 -0500] "GET /BLA/boletinlegal/ HTTP/1.1" 200 56669
196.170.65.234 - - [28/Apr/2022:04:28:52 -0500] "GET /portaldeninos/wp-includes/js/wp-emoji-release.min.js?ver=4.9.8 HTTP/1.1" 200 12026
196.170.65.234 - - [28/Apr/2022:04:28:54 -0500] "GET /portaldeninos/wp-content/uploads/useanyfont/uaf.css?ver=1589905315 HTTP/1.1" 200 408
196.170.65.234 - - [28/Apr/2022:04:28:54 -0500] "GET /portaldeninos/wp-content/themes/betheme/style.css?ver=20.9.6 HTTP/1.1" 200 287
196.170.65.234 - - [28/Apr/2022:04:28:52 -0500] "GET /portaldeninos/wp-content/plugins/gallery-videos/CSS/Total-Soft-Gallery-Video-Widget.css?ver=4.9.8 HTTP/1.1" 200 51554
196.170.65.234 - - [28/Apr/2022:04:28:52 -0500] "GET /portaldeninos/wp-content/plugins/gallery-videos/CSS/totalsoft.css?ver=4.9.8 HTTP/1.1" 200 40622
196.170.65.234 - - [28/Apr/2022:04:28:54 -0500] "GET /portaldeninos/wp-content/themes/betheme/css/layout.css?ver=20.9.6 HTTP/1.1" 200 116639
196.170.65.234 - - [28/Apr/2022:04:28:56 -0500] "GET /portaldeninos/wp-content/themes/betheme/assets/animations/animations.min.css?ver=20.9.6 HTTP/1.1" 200 58508
196.170.65.234 - - [28/Apr/2022:04:28:54 -0500] "GET /portaldeninos/wp-content/themes/betheme/css/base.css?ver=20.9.6 HTTP/1.1" 200 57283
196.170.65.234 - - [28/Apr/2022:04:28:55 -0500] "GET /portaldeninos/wp-content/themes/betheme/css/shortcodes.css?ver=20.9.6 HTTP/1.1" 200 138889
196.170.65.234 - - [28/Apr/2022:04:28:57 -0500] "GET /portaldeninos/wp-content/themes/betheme/assets/ui/jquery.ui.all.css?ver=20.9.6 HTTP/1.1" 200 18765
196.170.65.234 - - [28/Apr/2022:04:28:58 -0500] "GET /portaldeninos/wp-content/themes/betheme/assets/jplayer/css/jplayer.blue.monday.css?ver=20.9.6 HTTP/1.1" 200 9834
196.170.65.234 - - [28/Apr/2022:04:28:59 -0500] "GET /portaldeninos/wp-content/plugins/google-analytics-for-wordpress/assets/js/frontend-gtag.min.js?ver=8.5.0 HTTP/1.1" 200 11801
196.170.65.234 - - [28/Apr/2022:04:28:58 -0500] "GET /portaldeninos/wp-content/themes/betheme/css/responsive.css?ver=20.9.6 HTTP/1.1" 200 55740
196.170.65.234 - - [28/Apr/2022:04:29:00 -0500] "GET /portaldeninos/wp-includes/js/jquery/jquery-migrate.min.js?ver=1.4.1 HTTP/1.1" 200 10056
196.170.65.234 - - [28/Apr/2022:04:29:00 -0500] "GET /portaldeninos/wp-includes/js/jquery/ui/core.min.js?ver=1.11.4 HTTP/1.1" 200 4000
196.170.65.234 - - [28/Apr/2022:04:29:00 -0500] "GET /portaldeninos/wp-content/plugins/gallery-videos/JS/modernizr.custom.js?ver=4.9.8 HTTP/1.1" 200 9019
196.170.65.234 - - [28/Apr/2022:04:29:00 -0500] "GET /portaldeninos/wp-includes/js/jquery/ui/widget.min.js?ver=1.11.4 HTTP/1.1" 200 6908
196.170.65.234 - - [28/Apr/2022:04:29:01 -0500] "GET /portaldeninos/wp-includes/js/jquery/ui/mouse.min.js?ver=1.11.4 HTTP/1.1" 200 3148
196.170.65.234 - - [28/Apr/2022:04:28:59 -0500] "GET /portaldeninos/wp-includes/js/jquery/jquery.js?ver=1.12.4 HTTP/1.1" 200 97184
196.170.65.234 - - [28/Apr/2022:04:29:00 -0500] "GET /portaldeninos/wp-content/plugins/gallery-videos/JS/Total-Soft-Gallery-Video-Widget.js?ver=4.9.8 HTTP/1.1" 200 80264
196.170.65.234 - - [28/Apr/2022:04:29:01 -0500] "GET /portaldeninos/wp-includes/js/jquery/ui/tabs.min.js?ver=1.11.4 HTTP/1.1" 200 12110
196.170.65.234 - - [28/Apr/2022:04:29:02 -0500] "GET /portaldeninos/wp-includes/js/jquery/ui/accordion.min.js?ver=1.11.4 HTTP/1.1" 200 8584
196.170.65.234 - - [28/Apr/2022:04:29:01 -0500] "GET /portaldeninos/wp-includes/js/jquery/ui/sortable.min.js?ver=1.11.4 HTTP/1.1" 200 24899
196.170.65.234 - - [28/Apr/2022:04:29:02 -0500] "GET /portaldeninos/wp-content/themes/betheme/js/menu.js?ver=20.9.6 HTTP/1.1" 200 2449
196.170.65.234 - - [28/Apr/2022:04:29:02 -0500] "GET /portaldeninos/wp-content/themes/betheme/assets/animations/animations.min.js?ver=20.9.6 HTTP/1.1" 200 1896
196.170.65.234 - - [28/Apr/2022:04:29:02 -0500] "GET /portaldeninos/wp-content/themes/betheme/assets/jplayer/jplayer.min.js?ver=20.9.6 HTTP/1.1" 200 52702
196.170.65.234 - - [28/Apr/2022:04:29:02 -0500] "GET /portaldeninos/wp-content/themes/betheme/js/scripts.js?ver=20.9.6 HTTP/1.1" 200 77162
196.170.65.234 - - [28/Apr/2022:04:29:02 -0500] "GET /portaldeninos/wp-content/themes/betheme/js/plugins.js?ver=20.9.6 HTTP/1.1" 200 197151
196.170.65.234 - - [28/Apr/2022:04:29:04 -0500] "GET /portaldeninos/wp-includes/js/wp-embed.min.js?ver=4.9.8 HTTP/1.1" 200 1398
196.170.65.234 - - [28/Apr/2022:04:29:04 -0500] "GET /portaldeninos/wp-content/themes/betheme/images/box_shadow.png HTTP/1.1" 200 108
196.170.65.234 - - [28/Apr/2022:04:29:04 -0500] "GET /portaldeninos/wp-content/themes/betheme/fonts/mfn-icons.woff?93978679 HTTP/1.1" 200 18098
196.170.65.234 - - [28/Apr/2022:04:29:05 -0500] "GET /portaldeninos/wp-content/themes/betheme/fonts/mfn-icons.ttf?93978679 HTTP/1.1" 200 88352
172.22.2.4 - - [28/Apr/2022:04:29:17 -0500] "GET /BLA/boletinlegal/robots.txt HTTP/1.1" 404 1037
172.22.2.4 - - [28/Apr/2022:04:29:18 -0500] "GET /BLA/boletinlegal/robots.txt HTTP/1.1" 404 1037
172.22.2.4 - - [28/Apr/2022:04:29:07 -0500] "GET /BLA/boletinlegal/index.php HTTP/1.1" 200 63729
157.245.70.127 - - [28/Apr/2022:04:30:49 -0500] "GET /ab2g HTTP/1.1" 400 946
157.245.70.127 - - [28/Apr/2022:04:30:49 -0500] "GET /ab2h HTTP/1.1" 400 946
216.245.221.92 - - [28/Apr/2022:04:30:53 -0500] "HEAD / HTTP/1.1" 200 -
66.249.65.13 - - [28/Apr/2022:04:32:42 -0500] "-" 408 -
172.22.2.4 - - [28/Apr/2022:04:31:36 -0500] "HEAD /BLA/boletinlegal/ HTTP/1.1" 200 -
201.245.192.253 - - [28/Apr/2022:04:32:57 -0500] "POST /kwsrmcab/Wsrmcab HTTP/1.1" 200 45650
172.22.2.4 - - [28/Apr/2022:04:32:26 -0500] "GET /BLA/boletinlegal/ HTTP/1.1" 200 61416
201.245.192.253 - - [28/Apr/2022:04:33:49 -0500] "POST /kwsrmcab/Wsrmcab HTTP/1.1" 200 45169
216.245.221.92 - - [28/Apr/2022:04:35:53 -0500] "HEAD / HTTP/1.1" 200 -
117.223.145.111 - - [28/Apr/2022:04:38:12 -0500] "GET /catalogoisis/ HTTP/1.1" 200 8575
117.223.145.111 - - [28/Apr/2022:04:38:15 -0500] "GET /catalogoisis/ HTTP/1.1" 200 8575
66.249.65.13 - - [28/Apr/2022:04:38:51 -0500] "-" 408 -
172.22.2.4 - - [28/Apr/2022:04:37:26 -0500] "HEAD /BLA/boletinlegal/ HTTP/1.1" 200 -
45.137.23.205 - - [28/Apr/2022:04:39:29 -0500] "GET / HTTP/1.1" 200 319
172.22.2.4 - - [28/Apr/2022:04:38:16 -0500] "GET /BLA/boletinlegal/ HTTP/1.1" 200 48513
216.245.221.92 - - [28/Apr/2022:04:40:53 -0500] "HEAD / HTTP/1.1" 200 -
201.245.192.253 - - [28/Apr/2022:04:42:57 -0500] "POST /kwsrmcab/Wsrmcab HTTP/1.1" 200 45650
201.245.192.253 - - [28/Apr/2022:04:43:48 -0500] "POST /kwsrmcab/Wsrmcab HTTP/1.1" 200 45169
172.22.2.4 - - [28/Apr/2022:04:43:16 -0500] "HEAD /BLA/boletinlegal/ HTTP/1.1" 200 -
172.22.2.4 - - [28/Apr/2022:04:44:07 -0500] "GET /BLA/boletinlegal/ HTTP/1.1" 200 58588
216.245.221.92 - - [28/Apr/2022:04:45:53 -0500] "HEAD / HTTP/1.1" 200 -
213.226.123.30 - - [28/Apr/2022:04:46:28 -0500] "GET / HTTP/1.1" 200 319
157.55.39.199 - - [28/Apr/2022:04:47:37 -0500] "GET /sipse/faces/javax.faces.resource/jquery/jquery-plugins.js;jsessionid=jhodcsccwe2pe9lqxvk80di7.undefined?ln=primefaces&v=4.0 HTTP/1.1" 200 220526
172.22.2.4 - - [28/Apr/2022:04:49:06 -0500] "HEAD /BLA/boletinlegal/ HTTP/1.1" 200 -
216.245.221.92 - - [28/Apr/2022:04:50:53 -0500] "HEAD / HTTP/1.1" 200 -
172.22.2.4 - - [28/Apr/2022:04:49:58 -0500] "GET /BLA/boletinlegal/ HTTP/1.1" 200 60486
172.22.2.4 - - [28/Apr/2022:04:52:26 -0500] "GET /BLA/boletinlegal/ HTTP/1.1" 200 40907
172.22.2.4 - - [28/Apr/2022:04:52:56 -0500] "GET /BLA/boletinlegal/ HTTP/1.1" 200 36811
216.245.221.92 - - [28/Apr/2022:04:55:53 -0500] "HEAD / HTTP/1.1" 200 -
172.22.2.4 - - [28/Apr/2022:04:54:56 -0500] "HEAD /BLA/boletinlegal/ HTTP/1.1" 200 -
172.22.2.4 - - [28/Apr/2022:04:55:46 -0500] "GET /BLA/boletinlegal/ HTTP/1.1" 200 53344
216.245.221.92 - - [28/Apr/2022:05:00:53 -0500] "HEAD / HTTP/1.1" 200 -
172.22.2.4 - - [28/Apr/2022:05:00:46 -0500] "HEAD /BLA/boletinlegal/ HTTP/1.1" 200 -
172.22.2.4 - - [28/Apr/2022:05:01:36 -0500] "GET /BLA/boletinlegal/ HTTP/1.1" 200 59688
216.245.221.92 - - [28/Apr/2022:05:05:53 -0500] "HEAD / HTTP/1.1" 200 -
172.22.2.4 - - [28/Apr/2022:05:06:36 -0500] "HEAD /BLA/boletinlegal/ HTTP/1.1" 200 -
172.22.2.4 - - [28/Apr/2022:05:07:26 -0500] "GET /BLA/boletinlegal/ HTTP/1.1" 200 59170
192.241.213.94 - - [28/Apr/2022:05:10:09 -0500] "GET /actuator/health HTTP/1.1" 404 1018
216.245.221.92 - - [28/Apr/2022:05:10:53 -0500] "HEAD / HTTP/1.1" 200 -
189.224.146.7 - - [28/Apr/2022:05:11:52 -0500] "GET /portaldeninos/wp-content/themes/betheme/style.css?ver=20.9.6 HTTP/1.1" 200 287
189.224.146.7 - - [28/Apr/2022:05:11:52 -0500] "GET /portaldeninos/wp-content/uploads/useanyfont/uaf.css?ver=1589905315 HTTP/1.1" 200 408
189.224.146.7 - - [28/Apr/2022:05:11:52 -0500] "GET /portaldeninos/wp-content/plugins/gallery-videos/CSS/Total-Soft-Gallery-Video-Widget.css?ver=4.9.8 HTTP/1.1" 200 51554
189.224.146.7 - - [28/Apr/2022:05:11:52 -0500] "GET /portaldeninos/wp-content/plugins/gallery-videos/CSS/totalsoft.css?ver=4.9.8 HTTP/1.1" 200 40622
189.224.146.7 - - [28/Apr/2022:05:11:52 -0500] "GET /portaldeninos/wp-content/themes/betheme/css/base.css?ver=20.9.6 HTTP/1.1" 200 57283
189.224.146.7 - - [28/Apr/2022:05:11:52 -0500] "GET /portaldeninos/wp-content/themes/betheme/assets/animations/animations.min.css?ver=20.9.6 HTTP/1.1" 200 58508
189.224.146.7 - - [28/Apr/2022:05:11:53 -0500] "GET /portaldeninos/wp-content/themes/betheme/assets/jplayer/css/jplayer.blue.monday.css?ver=20.9.6 HTTP/1.1" 200 9834
189.224.146.7 - - [28/Apr/2022:05:11:53 -0500] "GET /portaldeninos/wp-content/themes/betheme/assets/ui/jquery.ui.all.css?ver=20.9.6 HTTP/1.1" 200 18765
189.224.146.7 - - [28/Apr/2022:05:11:52 -0500] "GET /portaldeninos/wp-content/themes/betheme/css/layout.css?ver=20.9.6 HTTP/1.1" 200 116639
189.224.146.7 - - [28/Apr/2022:05:11:53 -0500] "GET /portaldeninos/wp-includes/js/jquery/ui/core.min.js?ver=1.11.4 HTTP/1.1" 200 4000
189.224.146.7 - - [28/Apr/2022:05:11:53 -0500] "GET /portaldeninos/wp-includes/js/jquery/jquery-migrate.min.js?ver=1.4.1 HTTP/1.1" 200 10056
189.224.146.7 - - [28/Apr/2022:05:11:52 -0500] "GET /portaldeninos/wp-content/themes/betheme/css/shortcodes.css?ver=20.9.6 HTTP/1.1" 200 138889
189.224.146.7 - - [28/Apr/2022:05:11:53 -0500] "GET /portaldeninos/wp-content/plugins/google-analytics-for-wordpress/assets/js/frontend-gtag.min.js?ver=8.5.0 HTTP/1.1" 200 11801
189.224.146.7 - - [28/Apr/2022:05:11:53 -0500] "GET /portaldeninos/wp-content/themes/betheme/css/responsive.css?ver=20.9.6 HTTP/1.1" 200 55740
189.224.146.7 - - [28/Apr/2022:05:11:53 -0500] "GET /portaldeninos/wp-content/plugins/gallery-videos/JS/modernizr.custom.js?ver=4.9.8 HTTP/1.1" 200 9019
189.224.146.7 - - [28/Apr/2022:05:11:53 -0500] "GET /portaldeninos/wp-includes/js/jquery/ui/widget.min.js?ver=1.11.4 HTTP/1.1" 200 6908
189.224.146.7 - - [28/Apr/2022:05:11:53 -0500] "GET /portaldeninos/wp-includes/js/jquery/ui/mouse.min.js?ver=1.11.4 HTTP/1.1" 200 3148
189.224.146.7 - - [28/Apr/2022:05:11:53 -0500] "GET /portaldeninos/wp-includes/js/jquery/jquery.js?ver=1.12.4 HTTP/1.1" 200 97184
189.224.146.7 - - [28/Apr/2022:05:11:53 -0500] "GET /portaldeninos/wp-includes/js/jquery/ui/accordion.min.js?ver=1.11.4 HTTP/1.1" 200 8584
189.224.146.7 - - [28/Apr/2022:05:11:53 -0500] "GET /portaldeninos/wp-content/plugins/gallery-videos/JS/Total-Soft-Gallery-Video-Widget.js?ver=4.9.8 HTTP/1.1" 200 80264
189.224.146.7 - - [28/Apr/2022:05:11:53 -0500] "GET /portaldeninos/wp-includes/js/jquery/ui/tabs.min.js?ver=1.11.4 HTTP/1.1" 200 12110
189.224.146.7 - - [28/Apr/2022:05:11:54 -0500] "GET /portaldeninos/wp-content/themes/betheme/js/menu.js?ver=20.9.6 HTTP/1.1" 200 2449
189.224.146.7 - - [28/Apr/2022:05:11:54 -0500] "GET /portaldeninos/wp-content/themes/betheme/assets/animations/animations.min.js?ver=20.9.6 HTTP/1.1" 200 1896
189.224.146.7 - - [28/Apr/2022:05:11:53 -0500] "GET /portaldeninos/wp-includes/js/jquery/ui/sortable.min.js?ver=1.11.4 HTTP/1.1" 200 24899
189.224.146.7 - - [28/Apr/2022:05:11:54 -0500] "GET /portaldeninos/wp-includes/js/wp-embed.min.js?ver=4.9.8 HTTP/1.1" 200 1398
189.224.146.7 - - [28/Apr/2022:05:11:54 -0500] "GET /portaldeninos/wp-includes/js/wp-emoji-release.min.js?ver=4.9.8 HTTP/1.1" 200 12026
189.224.146.7 - - [28/Apr/2022:05:11:54 -0500] "GET /portaldeninos/wp-content/themes/betheme/images/box_shadow.png HTTP/1.1" 200 108
189.224.146.7 - - [28/Apr/2022:05:11:53 -0500] "GET /portaldeninos/wp-content/themes/betheme/js/plugins.js?ver=20.9.6 HTTP/1.1" 200 197151
189.224.146.7 - - [28/Apr/2022:05:11:54 -0500] "GET /portaldeninos/wp-content/themes/betheme/js/scripts.js?ver=20.9.6 HTTP/1.1" 200 77162
189.224.146.7 - - [28/Apr/2022:05:11:54 -0500] "GET /portaldeninos/wp-content/themes/betheme/assets/jplayer/jplayer.min.js?ver=20.9.6 HTTP/1.1" 200 52702
189.224.146.7 - - [28/Apr/2022:05:11:54 -0500] "GET /portaldeninos/wp-content/themes/betheme/fonts/mfn-icons.woff?93978679 HTTP/1.1" 200 80932
189.224.146.7 - - [28/Apr/2022:05:11:54 -0500] "GET /portaldeninos/wp-content/themes/betheme/fonts/mfn-icons.ttf?93978679 HTTP/1.1" 200 95297
189.224.146.7 - - [28/Apr/2022:05:11:57 -0500] "GET /portaldeninos/wp-content/themes/betheme/fonts/mfn-icons.woff?93978679 HTTP/1.1" 206 1
157.55.39.199 - - [28/Apr/2022:05:12:30 -0500] "GET /BLA/resoluciones/RESOLUCIONES%202021/1825.pdf HTTP/1.1" 200 417310
186.84.88.173 - - [28/Apr/2022:05:12:54 -0500] "GET /BLA/resoluciones/ HTTP/1.1" 200 13093
186.84.88.173 - - [28/Apr/2022:05:12:54 -0500] "GET /BLA/resoluciones/dlf/styles.css HTTP/1.1" 200 3049
186.84.88.173 - - [28/Apr/2022:05:12:54 -0500] "GET /BLA/resoluciones/dlf/folder.png HTTP/1.1" 200 410
186.84.88.173 - - [28/Apr/2022:05:12:54 -0500] "GET /BLA/resoluciones/dlf/bg.gif HTTP/1.1" 200 54
186.84.88.173 - - [28/Apr/2022:05:12:54 -0500] "GET /favicon.ico HTTP/1.1" 200 7782
186.84.88.173 - - [28/Apr/2022:05:12:57 -0500] "GET /BLA/resoluciones/dlf/dirup.png HTTP/1.1" 200 644
186.84.88.173 - - [28/Apr/2022:05:12:57 -0500] "GET /BLA/resoluciones/dlf/pdf.gif HTTP/1.1" 200 272
186.84.88.173 - - [28/Apr/2022:05:12:57 -0500] "GET /BLA/resoluciones/index.php?dir=RESOLUCIONES+2018%2F HTTP/1.1" 200 262252
172.22.2.4 - - [28/Apr/2022:05:12:26 -0500] "HEAD /BLA/boletinlegal/ HTTP/1.1" 200 -
172.22.2.4 - - [28/Apr/2022:05:13:16 -0500] "GET /BLA/boletinlegal/ HTTP/1.1" 200 60486
207.46.13.82 - - [28/Apr/2022:05:15:33 -0500] "GET /galeria/galeria/jquery.fancybox.css?v=2.1.5 HTTP/1.1" 200 4895
216.245.221.92 - - [28/Apr/2022:05:15:53 -0500] "HEAD / HTTP/1.1" 200 -
34.90.174.150 - - [28/Apr/2022:05:17:07 -0500] "GET / HTTP/1.1" 200 319
173.252.107.20 - - [28/Apr/2022:05:19:22 -0500] "GET /images/Bolsaroja.jpeg HTTP/1.1" 200 63719
173.252.107.12 - - [28/Apr/2022:05:19:25 -0500] "GET /images/acopiadores-llantas-control-2-abril.jpeg HTTP/1.1" 200 34334
173.252.127.21 - - [28/Apr/2022:05:19:28 -0500] "GET /images/operativos-control-residuos-hospitalarios-4-abril.jpeg HTTP/1.1" 200 58998
172.22.2.4 - - [28/Apr/2022:05:18:16 -0500] "HEAD /BLA/boletinlegal/ HTTP/1.1" 200 -
172.22.2.4 - - [28/Apr/2022:05:20:31 -0500] "GET /BLA/boletinlegal/robots.txt HTTP/1.1" 404 1038
172.22.2.4 - - [28/Apr/2022:05:20:31 -0500] "GET /BLA/boletinlegal/jurisprudencia/analisis/ANALISIST-672-14.docx HTTP/1.1" 304 -
172.22.2.4 - - [28/Apr/2022:05:19:06 -0500] "GET /BLA/boletinlegal/ HTTP/1.1" 200 56669
216.245.221.92 - - [28/Apr/2022:05:20:53 -0500] "HEAD / HTTP/1.1" 200 -
201.245.192.253 - - [28/Apr/2022:05:22:57 -0500] "POST /kwsrmcab/Wsrmcab HTTP/1.1" 200 45503
213.226.123.30 - - [28/Apr/2022:05:24:21 -0500] "GET /actuator/gateway/routes HTTP/1.1" 404 1018
201.245.192.253 - - [28/Apr/2022:05:23:49 -0500] "POST /kwsrmcab/Wsrmcab HTTP/1.1" 200 45166
172.22.2.4 - - [28/Apr/2022:05:24:06 -0500] "HEAD /BLA/boletinlegal/ HTTP/1.1" 200 -
216.245.221.92 - - [28/Apr/2022:05:25:53 -0500] "HEAD / HTTP/1.1" 200 -
172.22.2.4 - - [28/Apr/2022:05:24:56 -0500] "GET /BLA/boletinlegal/ HTTP/1.1" 200 59170
40.77.167.29 - - [28/Apr/2022:05:26:48 -0500] "GET /sipse/faces/javax.faces.resource/primefaces.js;jsessionid=y++e-ijw5ihxylkmkh3bnptg.undefined?ln=primefaces&v=4.0 HTTP/1.1" 200 276924
216.245.221.92 - - [28/Apr/2022:05:30:53 -0500] "HEAD / HTTP/1.1" 200 -
172.22.2.4 - - [28/Apr/2022:05:29:56 -0500] "HEAD /BLA/boletinlegal/ HTTP/1.1" 200 -
40.77.167.29 - - [28/Apr/2022:05:31:57 -0500] "GET /bla/resoluciones/resoluciones%202012/0623.pdf HTTP/1.1" 304 -
172.22.2.4 - - [28/Apr/2022:05:30:46 -0500] "GET /BLA/boletinlegal/ HTTP/1.1" 200 59170
201.245.192.253 - - [28/Apr/2022:05:32:57 -0500] "POST /kwsrmcab/Wsrmcab HTTP/1.1" 200 45503
201.245.192.253 - - [28/Apr/2022:05:33:48 -0500] "POST /kwsrmcab/Wsrmcab HTTP/1.1" 200 45166
216.245.221.92 - - [28/Apr/2022:05:35:53 -0500] "HEAD / HTTP/1.1" 200 -
172.22.2.4 - - [28/Apr/2022:05:36:36 -0500] "GET /BLA/boletinlegal/Circulares/2018/Circular%20No.%2010%20del%2021%20de%20Septiembre%20de%202018.pdf HTTP/1.1" 200 163426
172.22.2.4 - - [28/Apr/2022:05:35:46 -0500] "HEAD /BLA/boletinlegal/ HTTP/1.1" 200 -
172.22.2.4 - - [28/Apr/2022:05:36:36 -0500] "GET /BLA/boletinlegal/ HTTP/1.1" 200 54457
52.191.172.118 - - [28/Apr/2022:05:38:20 -0500] "GET /portaldeninos/wp-content/uploads/2020/06/mapa-humedales-de-bogot%C3%A1-1.jpg HTTP/1.1" 200 1170768
216.245.221.92 - - [28/Apr/2022:05:40:53 -0500] "HEAD / HTTP/1.1" 200 -
66.249.65.17 - - [28/Apr/2022:05:42:28 -0500] "-" 408 -
198.199.95.154 - - [28/Apr/2022:05:42:28 -0500] "GET / HTTP/1.1" 200 319
172.22.2.4 - - [28/Apr/2022:05:41:36 -0500] "HEAD /BLA/boletinlegal/ HTTP/1.1" 200 -
201.245.192.253 - - [28/Apr/2022:05:42:57 -0500] "POST /kwsrmcab/Wsrmcab HTTP/1.1" 200 45503
172.22.2.4 - - [28/Apr/2022:05:42:26 -0500] "GET /BLA/boletinlegal/ HTTP/1.1" 200 61416
201.245.192.253 - - [28/Apr/2022:05:43:47 -0500] "POST /kwsrmcab/Wsrmcab HTTP/1.1" 200 45166
172.22.2.4 - - [28/Apr/2022:05:45:01 -0500] "GET /BLA/boletinlegal/robots.txt HTTP/1.1" 404 1038
172.22.2.4 - - [28/Apr/2022:05:45:02 -0500] "GET /BLA/boletinlegal/sitemap HTTP/1.1" 404 1038
172.22.2.4 - - [28/Apr/2022:05:45:09 -0500] "GET /BLA/boletinlegal/sitemap.txt HTTP/1.1" 404 1038
216.245.221.92 - - [28/Apr/2022:05:45:53 -0500] "HEAD / HTTP/1.1" 200 -
172.22.2.4 - - [28/Apr/2022:05:45:12 -0500] "GET /BLA/boletinlegal/ HTTP/1.1" 200 63729
172.22.2.4 - - [28/Apr/2022:05:47:26 -0500] "HEAD /BLA/boletinlegal/ HTTP/1.1" 200 -
172.22.2.4 - - [28/Apr/2022:05:48:16 -0500] "GET /BLA/boletinlegal/ HTTP/1.1" 200 59170
79.110.72.43 - - [28/Apr/2022:05:50:41 -0500] "GET /BLA/resoluciones/RESOLUCIONES%202016/1781.pdf HTTP/1.1" 200 280994
216.245.221.92 - - [28/Apr/2022:05:50:53 -0500] "HEAD / HTTP/1.1" 200 -
77.26.68.234 - - [28/Apr/2022:05:54:32 -0500] "GET /portaldeninos/wp-content/themes/betheme/style.css?ver=20.9.6 HTTP/1.1" 200 287
77.26.68.234 - - [28/Apr/2022:05:54:32 -0500] "GET /portaldeninos/wp-content/uploads/useanyfont/uaf.css?ver=1589905315 HTTP/1.1" 200 408
77.26.68.234 - - [28/Apr/2022:05:54:32 -0500] "GET /portaldeninos/wp-content/plugins/gallery-videos/CSS/totalsoft.css?ver=4.9.8 HTTP/1.1" 200 40622
77.26.68.234 - - [28/Apr/2022:05:54:32 -0500] "GET /portaldeninos/wp-content/themes/betheme/css/base.css?ver=20.9.6 HTTP/1.1" 200 57283
77.26.68.234 - - [28/Apr/2022:05:54:32 -0500] "GET /portaldeninos/wp-content/themes/betheme/assets/animations/animations.min.css?ver=20.9.6 HTTP/1.1" 200 58508
77.26.68.234 - - [28/Apr/2022:05:54:33 -0500] "GET /portaldeninos/wp-content/themes/betheme/assets/ui/jquery.ui.all.css?ver=20.9.6 HTTP/1.1" 200 18765
77.26.68.234 - - [28/Apr/2022:05:54:33 -0500] "GET /portaldeninos/wp-content/themes/betheme/assets/jplayer/css/jplayer.blue.monday.css?ver=20.9.6 HTTP/1.1" 200 9834
77.26.68.234 - - [28/Apr/2022:05:54:32 -0500] "GET /portaldeninos/wp-content/plugins/gallery-videos/CSS/Total-Soft-Gallery-Video-Widget.css?ver=4.9.8 HTTP/1.1" 200 51554
77.26.68.234 - - [28/Apr/2022:05:54:33 -0500] "GET /portaldeninos/wp-content/plugins/google-analytics-for-wordpress/assets/js/frontend-gtag.min.js?ver=8.5.0 HTTP/1.1" 200 11801
77.26.68.234 - - [28/Apr/2022:05:54:32 -0500] "GET /portaldeninos/wp-content/themes/betheme/css/shortcodes.css?ver=20.9.6 HTTP/1.1" 200 138889
77.26.68.234 - - [28/Apr/2022:05:54:33 -0500] "GET /portaldeninos/wp-includes/js/jquery/jquery-migrate.min.js?ver=1.4.1 HTTP/1.1" 200 10056
77.26.68.234 - - [28/Apr/2022:05:54:33 -0500] "GET /portaldeninos/wp-content/themes/betheme/css/responsive.css?ver=20.9.6 HTTP/1.1" 200 55740
77.26.68.234 - - [28/Apr/2022:05:54:33 -0500] "GET /portaldeninos/wp-includes/js/jquery/ui/core.min.js?ver=1.11.4 HTTP/1.1" 200 4000
77.26.68.234 - - [28/Apr/2022:05:54:33 -0500] "GET /portaldeninos/wp-content/plugins/gallery-videos/JS/modernizr.custom.js?ver=4.9.8 HTTP/1.1" 200 9019
77.26.68.234 - - [28/Apr/2022:05:54:34 -0500] "GET /portaldeninos/wp-includes/js/jquery/ui/widget.min.js?ver=1.11.4 HTTP/1.1" 200 6908
77.26.68.234 - - [28/Apr/2022:05:54:34 -0500] "GET /portaldeninos/wp-includes/js/jquery/ui/mouse.min.js?ver=1.11.4 HTTP/1.1" 200 3148
77.26.68.234 - - [28/Apr/2022:05:54:33 -0500] "GET /portaldeninos/wp-includes/js/jquery/jquery.js?ver=1.12.4 HTTP/1.1" 200 97184
77.26.68.234 - - [28/Apr/2022:05:54:34 -0500] "GET /portaldeninos/wp-includes/js/jquery/ui/accordion.min.js?ver=1.11.4 HTTP/1.1" 200 8584
77.26.68.234 - - [28/Apr/2022:05:54:33 -0500] "GET /portaldeninos/wp-content/plugins/gallery-videos/JS/Total-Soft-Gallery-Video-Widget.js?ver=4.9.8 HTTP/1.1" 200 80264
77.26.68.234 - - [28/Apr/2022:05:54:34 -0500] "GET /portaldeninos/wp-includes/js/jquery/ui/tabs.min.js?ver=1.11.4 HTTP/1.1" 200 12110
77.26.68.234 - - [28/Apr/2022:05:54:34 -0500] "GET /portaldeninos/wp-includes/js/jquery/ui/sortable.min.js?ver=1.11.4 HTTP/1.1" 200 24899
77.26.68.234 - - [28/Apr/2022:05:54:34 -0500] "GET /portaldeninos/wp-content/themes/betheme/js/menu.js?ver=20.9.6 HTTP/1.1" 200 2449
77.26.68.234 - - [28/Apr/2022:05:54:34 -0500] "GET /portaldeninos/wp-content/themes/betheme/assets/animations/animations.min.js?ver=20.9.6 HTTP/1.1" 200 1896
77.26.68.234 - - [28/Apr/2022:05:54:34 -0500] "GET /portaldeninos/wp-includes/js/wp-embed.min.js?ver=4.9.8 HTTP/1.1" 200 1398
77.26.68.234 - - [28/Apr/2022:05:54:34 -0500] "GET /portaldeninos/wp-content/themes/betheme/assets/jplayer/jplayer.min.js?ver=20.9.6 HTTP/1.1" 200 52702
77.26.68.234 - - [28/Apr/2022:05:54:34 -0500] "GET /portaldeninos/wp-content/themes/betheme/js/scripts.js?ver=20.9.6 HTTP/1.1" 200 77162
77.26.68.234 - - [28/Apr/2022:05:54:34 -0500] "GET /portaldeninos/wp-content/themes/betheme/js/plugins.js?ver=20.9.6 HTTP/1.1" 200 197151
77.26.68.234 - - [28/Apr/2022:05:54:37 -0500] "GET /portaldeninos/wp-includes/js/wp-emoji-release.min.js?ver=4.9.8 HTTP/1.1" 200 12026
77.26.68.234 - - [28/Apr/2022:05:54:32 -0500] "GET /portaldeninos/wp-content/themes/betheme/css/layout.css?ver=20.9.6 HTTP/1.1" 200 116639
77.26.68.234 - - [28/Apr/2022:05:54:37 -0500] "GET /portaldeninos/wp-content/themes/betheme/images/box_shadow.png HTTP/1.1" 200 108
77.26.68.234 - - [28/Apr/2022:05:54:38 -0500] "GET /portaldeninos/wp-content/themes/betheme/fonts/mfn-icons.woff?93978679 HTTP/1.1" 200 80932
77.26.68.234 - - [28/Apr/2022:05:54:38 -0500] "GET /portaldeninos/wp-content/themes/betheme/fonts/mfn-icons.ttf?93978679 HTTP/1.1" 200 97521
172.22.2.4 - - [28/Apr/2022:05:53:16 -0500] "HEAD /BLA/boletinlegal/ HTTP/1.1" 200 -
172.22.2.4 - - [28/Apr/2022:05:55:21 -0500] "GET /BLA/boletinlegal/robots.txt HTTP/1.1" 404 1140
172.22.2.4 - - [28/Apr/2022:05:54:06 -0500] "GET /BLA/boletinlegal/ HTTP/1.1" 200 59170
216.245.221.92 - - [28/Apr/2022:05:55:53 -0500] "HEAD / HTTP/1.1" 200 -
157.55.39.211 - - [28/Apr/2022:05:57:30 -0500] "GET /portaldeninos/agua-y-estructura-ecologica-principal/ HTTP/1.1" 200 87689
207.46.13.64 - - [28/Apr/2022:05:57:45 -0500] "GET /portaldeninos/wp-content/themes/betheme/js/menu.js?ver=20.9.6 HTTP/1.1" 200 2449
207.46.13.64 - - [28/Apr/2022:05:57:48 -0500] "GET /portaldeninos/wp-includes/js/jquery/ui/mouse.min.js?ver=1.11.4 HTTP/1.1" 200 3148
207.46.13.188 - - [28/Apr/2022:05:57:49 -0500] "GET /portaldeninos/wp-content/themes/betheme/assets/animations/animations.min.js?ver=20.9.6 HTTP/1.1" 200 1896
157.55.39.211 - - [28/Apr/2022:05:57:49 -0500] "GET /portaldeninos/wp-content/themes/betheme/assets/jplayer/jplayer.min.js?ver=20.9.6 HTTP/1.1" 200 52702
207.46.13.188 - - [28/Apr/2022:05:57:49 -0500] "GET /portaldeninos/wp-content/plugins/gallery-videos/CSS/Total-Soft-Gallery-Video-Widget.css?ver=4.9.8 HTTP/1.1" 200 51554
207.46.13.64 - - [28/Apr/2022:05:57:50 -0500] "GET /portaldeninos/wp-includes/js/jquery/ui/tabs.min.js?ver=1.11.4 HTTP/1.1" 200 12110
207.46.13.188 - - [28/Apr/2022:05:57:52 -0500] "GET /portaldeninos/wp-content/plugins/gallery-videos/JS/modernizr.custom.js?ver=4.9.8 HTTP/1.1" 200 9019
207.46.13.188 - - [28/Apr/2022:05:57:52 -0500] "GET /portaldeninos/wp-content/themes/betheme/css/shortcodes.css?ver=20.9.6 HTTP/1.1" 200 138889
157.55.39.211 - - [28/Apr/2022:05:57:52 -0500] "GET /portaldeninos/wp-content/themes/betheme/js/plugins.js?ver=20.9.6 HTTP/1.1" 200 197151
207.46.13.64 - - [28/Apr/2022:05:57:54 -0500] "GET /portaldeninos/wp-includes/js/jquery/ui/widget.min.js?ver=1.11.4 HTTP/1.1" 200 6908
207.46.13.188 - - [28/Apr/2022:05:57:55 -0500] "GET /portaldeninos/wp-content/themes/betheme/style.css?ver=20.9.6 HTTP/1.1" 200 287
207.46.13.188 - - [28/Apr/2022:05:57:55 -0500] "GET /portaldeninos/wp-content/themes/betheme/assets/jplayer/css/jplayer.blue.monday.css?ver=20.9.6 HTTP/1.1" 200 9834
157.55.39.211 - - [28/Apr/2022:05:57:55 -0500] "GET /portaldeninos/wp-includes/js/jquery/ui/sortable.min.js?ver=1.11.4 HTTP/1.1" 200 24899
40.77.167.7 - - [28/Apr/2022:05:57:56 -0500] "GET /portaldeninos/wp-content/themes/betheme/assets/animations/animations.min.css?ver=20.9.6 HTTP/1.1" 200 58508
207.46.13.188 - - [28/Apr/2022:05:57:58 -0500] "GET /portaldeninos/wp-includes/js/jquery/ui/core.min.js?ver=1.11.4 HTTP/1.1" 200 4000
157.55.39.211 - - [28/Apr/2022:05:57:58 -0500] "GET /portaldeninos/wp-includes/js/wp-emoji-release.min.js?ver=4.9.8 HTTP/1.1" 200 12026
207.46.13.188 - - [28/Apr/2022:05:57:58 -0500] "GET /portaldeninos/wp-content/themes/betheme/css/base.css?ver=20.9.6 HTTP/1.1" 200 57283
40.77.167.7 - - [28/Apr/2022:05:57:59 -0500] "GET /portaldeninos/wp-includes/js/jquery/ui/accordion.min.js?ver=1.11.4 HTTP/1.1" 200 8584
207.46.13.188 - - [28/Apr/2022:05:58:01 -0500] "GET /portaldeninos/wp-content/themes/betheme/css/responsive.css?ver=20.9.6 HTTP/1.1" 200 55740
40.77.167.7 - - [28/Apr/2022:05:58:02 -0500] "GET /portaldeninos/wp-includes/js/wp-embed.min.js?ver=4.9.8 HTTP/1.1" 200 1398
207.46.13.161 - - [28/Apr/2022:05:58:03 -0500] "GET /portaldeninos/wp-content/plugins/gallery-videos/CSS/totalsoft.css?ver=4.9.8 HTTP/1.1" 200 40622
207.46.13.188 - - [28/Apr/2022:05:58:04 -0500] "GET /portaldeninos/wp-includes/js/jquery/jquery-migrate.min.js?ver=1.4.1 HTTP/1.1" 200 10056
207.46.13.161 - - [28/Apr/2022:05:58:05 -0500] "GET /portaldeninos/wp-content/themes/betheme/assets/ui/jquery.ui.all.css?ver=20.9.6 HTTP/1.1" 200 18765
207.46.13.161 - - [28/Apr/2022:05:58:08 -0500] "GET /portaldeninos/wp-content/themes/betheme/css/layout.css?ver=20.9.6 HTTP/1.1" 200 116639
207.46.13.161 - - [28/Apr/2022:05:58:11 -0500] "GET /portaldeninos/wp-content/themes/betheme/js/scripts.js?ver=20.9.6 HTTP/1.1" 200 77162
207.46.13.161 - - [28/Apr/2022:05:58:14 -0500] "GET /portaldeninos/wp-content/uploads/useanyfont/uaf.css?ver=1589905315 HTTP/1.1" 200 408
207.46.13.161 - - [28/Apr/2022:05:58:17 -0500] "GET /portaldeninos/wp-includes/js/jquery/jquery.js?ver=1.12.4 HTTP/1.1" 200 97184
172.22.2.4 - - [28/Apr/2022:05:58:58 -0500] "GET /BLA/boletinlegal/ HTTP/1.1" 200 24523
172.22.2.4 - - [28/Apr/2022:05:59:06 -0500] "HEAD /BLA/boletinlegal/ HTTP/1.1" 200 -
216.245.221.92 - - [28/Apr/2022:06:00:53 -0500] "HEAD / HTTP/1.1" 200 -
172.22.2.4 - - [28/Apr/2022:05:59:56 -0500] "GET /BLA/boletinlegal/ HTTP/1.1" 200 57044
216.245.221.92 - - [28/Apr/2022:06:05:53 -0500] "HEAD / HTTP/1.1" 200 -
212.102.41.28 - - [28/Apr/2022:06:06:30 -0500] "GET /wp-login.php HTTP/1.1" 404 1018
172.22.2.4 - - [28/Apr/2022:06:04:56 -0500] "HEAD /BLA/boletinlegal/ HTTP/1.1" 200 -
94.102.61.10 - - [28/Apr/2022:06:07:14 -0500] "GET / HTTP/1.1" 200 319
191.95.60.68 - - [28/Apr/2022:06:07:24 -0500] "GET /portaldeninos/wp-content/plugins/gallery-videos/CSS/Total-Soft-Gallery-Video-Widget.css?ver=4.9.8 HTTP/1.1" 200 51554
191.95.60.68 - - [28/Apr/2022:06:07:24 -0500] "GET /portaldeninos/wp-content/plugins/gallery-videos/CSS/totalsoft.css?ver=4.9.8 HTTP/1.1" 200 40622
191.95.60.68 - - [28/Apr/2022:06:07:25 -0500] "GET /portaldeninos/wp-content/uploads/useanyfont/uaf.css?ver=1589905315 HTTP/1.1" 200 408
191.95.60.68 - - [28/Apr/2022:06:07:25 -0500] "GET /portaldeninos/wp-content/themes/betheme/style.css?ver=20.9.6 HTTP/1.1" 200 287
191.95.60.68 - - [28/Apr/2022:06:07:25 -0500] "GET /portaldeninos/wp-content/themes/betheme/assets/ui/jquery.ui.all.css?ver=20.9.6 HTTP/1.1" 200 18765
191.95.60.68 - - [28/Apr/2022:06:07:25 -0500] "GET /portaldeninos/wp-content/themes/betheme/assets/jplayer/css/jplayer.blue.monday.css?ver=20.9.6 HTTP/1.1" 200 9834
191.95.60.68 - - [28/Apr/2022:06:07:25 -0500] "GET /portaldeninos/wp-content/themes/betheme/css/base.css?ver=20.9.6 HTTP/1.1" 200 57283
191.95.60.68 - - [28/Apr/2022:06:07:25 -0500] "GET /portaldeninos/wp-content/themes/betheme/css/responsive.css?ver=20.9.6 HTTP/1.1" 200 55740
191.95.60.68 - - [28/Apr/2022:06:07:25 -0500] "GET /portaldeninos/wp-content/plugins/google-analytics-for-wordpress/assets/js/frontend-gtag.min.js?ver=8.5.0 HTTP/1.1" 200 11801
191.95.60.68 - - [28/Apr/2022:06:07:26 -0500] "GET /portaldeninos/wp-includes/js/jquery/jquery-migrate.min.js?ver=1.4.1 HTTP/1.1" 200 10056
191.95.60.68 - - [28/Apr/2022:06:07:26 -0500] "GET /portaldeninos/wp-includes/js/jquery/ui/core.min.js?ver=1.11.4 HTTP/1.1" 200 4000
172.22.2.4 - - [28/Apr/2022:06:05:46 -0500] "GET /BLA/boletinlegal/ HTTP/1.1" 200 61416
191.95.60.68 - - [28/Apr/2022:06:07:25 -0500] "GET /portaldeninos/wp-content/themes/betheme/assets/animations/animations.min.css?ver=20.9.6 HTTP/1.1" 200 58508
191.95.60.68 - - [28/Apr/2022:06:07:27 -0500] "GET /portaldeninos/wp-includes/js/jquery/ui/widget.min.js?ver=1.11.4 HTTP/1.1" 200 6908
191.95.60.68 - - [28/Apr/2022:06:07:25 -0500] "GET /portaldeninos/wp-content/themes/betheme/css/shortcodes.css?ver=20.9.6 HTTP/1.1" 200 138889
191.95.60.68 - - [28/Apr/2022:06:07:27 -0500] "GET /portaldeninos/wp-content/plugins/gallery-videos/JS/modernizr.custom.js?ver=4.9.8 HTTP/1.1" 200 9019
191.95.60.68 - - [28/Apr/2022:06:07:27 -0500] "GET /portaldeninos/wp-content/plugins/gallery-videos/JS/Total-Soft-Gallery-Video-Widget.js?ver=4.9.8 HTTP/1.1" 200 80264
191.95.60.68 - - [28/Apr/2022:06:07:27 -0500] "GET /portaldeninos/wp-includes/js/jquery/ui/mouse.min.js?ver=1.11.4 HTTP/1.1" 200 3148
191.95.60.68 - - [28/Apr/2022:06:07:27 -0500] "GET /portaldeninos/wp-includes/js/jquery/ui/tabs.min.js?ver=1.11.4 HTTP/1.1" 200 12110
191.95.60.68 - - [28/Apr/2022:06:07:27 -0500] "GET /portaldeninos/wp-includes/js/jquery/ui/sortable.min.js?ver=1.11.4 HTTP/1.1" 200 24899
191.95.60.68 - - [28/Apr/2022:06:07:28 -0500] "GET /portaldeninos/wp-includes/js/jquery/ui/accordion.min.js?ver=1.11.4 HTTP/1.1" 200 8584
191.95.60.68 - - [28/Apr/2022:06:07:28 -0500] "GET /portaldeninos/wp-content/themes/betheme/js/menu.js?ver=20.9.6 HTTP/1.1" 200 2449
191.95.60.68 - - [28/Apr/2022:06:07:28 -0500] "GET /portaldeninos/wp-content/themes/betheme/assets/animations/animations.min.js?ver=20.9.6 HTTP/1.1" 200 1896
191.95.60.68 - - [28/Apr/2022:06:07:26 -0500] "GET /portaldeninos/wp-includes/js/jquery/jquery.js?ver=1.12.4 HTTP/1.1" 200 97184
191.95.60.68 - - [28/Apr/2022:06:07:28 -0500] "GET /portaldeninos/wp-includes/js/wp-embed.min.js?ver=4.9.8 HTTP/1.1" 200 1398
191.95.60.68 - - [28/Apr/2022:06:07:25 -0500] "GET /portaldeninos/wp-content/themes/betheme/css/layout.css?ver=20.9.6 HTTP/1.1" 200 116639
191.95.60.68 - - [28/Apr/2022:06:07:28 -0500] "GET /portaldeninos/wp-content/themes/betheme/assets/jplayer/jplayer.min.js?ver=20.9.6 HTTP/1.1" 200 52702
191.95.60.68 - - [28/Apr/2022:06:07:28 -0500] "GET /portaldeninos/wp-content/themes/betheme/js/scripts.js?ver=20.9.6 HTTP/1.1" 200 77162
191.95.60.68 - - [28/Apr/2022:06:07:28 -0500] "GET /portaldeninos/wp-content/themes/betheme/js/plugins.js?ver=20.9.6 HTTP/1.1" 200 197151
191.95.60.68 - - [28/Apr/2022:06:07:30 -0500] "GET /portaldeninos/wp-content/themes/betheme/images/box_shadow.png HTTP/1.1" 200 108
191.95.60.68 - - [28/Apr/2022:06:07:30 -0500] "GET /portaldeninos/wp-includes/js/wp-emoji-release.min.js?ver=4.9.8 HTTP/1.1" 200 12026
191.95.60.68 - - [28/Apr/2022:06:07:31 -0500] "GET /portaldeninos/wp-content/themes/betheme/fonts/mfn-icons.woff?93978679 HTTP/1.1" 200 18098
191.95.60.68 - - [28/Apr/2022:06:07:31 -0500] "GET /portaldeninos/wp-content/themes/betheme/fonts/mfn-icons.ttf?93978679 HTTP/1.1" 200 124684
66.249.65.15 - - [28/Apr/2022:06:09:57 -0500] "-" 408 -
216.245.221.92 - - [28/Apr/2022:06:10:53 -0500] "HEAD / HTTP/1.1" 200 -
172.22.2.4 - - [28/Apr/2022:06:10:46 -0500] "HEAD /BLA/boletinlegal/ HTTP/1.1" 200 -
172.22.2.4 - - [28/Apr/2022:06:11:36 -0500] "GET /BLA/boletinlegal/ HTTP/1.1" 200 59170
40.77.202.100 - - [28/Apr/2022:06:13:42 -0500] "GET /portaldeninos/wp-content/themes/betheme/fonts/mfn-icons.woff?93978679 HTTP/1.1" 200 80932
216.245.221.92 - - [28/Apr/2022:06:15:53 -0500] "HEAD / HTTP/1.1" 200 -
172.22.2.4 - - [28/Apr/2022:06:17:05 -0500] "GET /BLA/boletinlegal/ HTTP/1.1" 200 32715
172.22.2.4 - - [28/Apr/2022:06:18:02 -0500] "GET /BLA/boletinlegal/doctrina.php HTTP/1.1" 200 5604
172.22.2.4 - - [28/Apr/2022:06:18:13 -0500] "GET /BLA/boletinlegal/js/jquery1.js HTTP/1.1" 200 29846
172.22.2.4 - - [28/Apr/2022:06:18:15 -0500] "GET /BLA/boletinlegal/js/popup.js HTTP/1.1" 200 1270
172.22.2.4 - - [28/Apr/2022:06:16:36 -0500] "HEAD /BLA/boletinlegal/ HTTP/1.1" 200 -
172.22.2.4 - - [28/Apr/2022:06:18:21 -0500] "GET /BLA/boletinlegal/js/lib.js HTTP/1.1" 200 6474
172.22.2.4 - - [28/Apr/2022:06:18:22 -0500] "GET /BLA/boletinlegal/js/ajax_doctrina.js HTTP/1.1" 200 772
172.22.2.4 - - [28/Apr/2022:06:18:24 -0500] "GET /BLA/boletinlegal/style.css HTTP/1.1" 200 9406
66.249.65.13 - - [28/Apr/2022:06:18:44 -0500] "-" 408 -
172.22.2.4 - - [28/Apr/2022:06:17:26 -0500] "GET /BLA/boletinlegal/ HTTP/1.1" 200 55450
216.245.221.92 - - [28/Apr/2022:06:20:53 -0500] "HEAD / HTTP/1.1" 200 -
201.245.192.253 - - [28/Apr/2022:06:22:57 -0500] "POST /kwsrmcab/Wsrmcab HTTP/1.1" 200 45510
186.84.89.155 - - [28/Apr/2022:06:23:58 -0500] "GET /kwssiamovil/sm/ldap/au?x=U2FsdGVkX1/YkwXXznt4bHO3Twjyx4UchXC2c0V+nsC18KJfD3oFasHmoyvHjwcQBkH30UDa17od9ktybYux0g==&y=U2FsdGVkX18QplWNAlw/miosp2micthl81fFMqVEIkfZVMry8ncaSTlAJWUGDZ1q HTTP/1.1" 200 30
186.84.89.155 - - [28/Apr/2022:06:23:59 -0500] "GET /kwssiamovil/sm/acme/s?s=U2FsdGVkX1+7/+eGXUxHPL7GbQjk6nh3dWJ61paz/0FgROZH/AFtU7n0KiMZKk4iBnObfWKlPHyX8LDD/mbtoxey7Qp1Bd81CMwostZb4yI=&u=U2FsdGVkX1+q+hXe4s9QBYQX7jz+3fKZs/9u0pfyUhU=&y=U2FsdGVkX18QplWNAlw/miosp2micthl81fFMqVEIkfZVMry8ncaSTlAJWUGDZ1q HTTP/1.1" 200 97
186.84.89.155 - - [28/Apr/2022:06:23:59 -0500] "GET /kwssiamovil/sm/acme/s?s=U2FsdGVkX1/GhZC9RJZA+D352yllf2zdamKAuUwiRMWk2gNdqZhTHMJqaXiDWzRRjGqNBpskIURT9ujsO0ehqA5aihuGeiSDVrU6WjJhq7DiAz1hln9wsGo4qtxbBSjJN5BLARjy6kCwFdKuTT/3uLlbpVgPcwp/YkA3iingS28yBQdnp6QRO5rL0B9A4JpbjdprZZMk6m+s1+9iNPNUQV7AO809XSuL9EXa9eDaFR9jxoJBO7mQZ0DnxskqsZxWnsoVBqEgY8QhdOu0l1AOkpkjejRhTo8W/T1nr+IlEBiZFR4diwa15yFMYNs6TLWd+HP6fe1lUJm+x6X4t97za1Ss5Wa8kTjqLJygWMyS+HV2oBbOIZcF+XgRJV8PJGPDVUT5/eVPYz4A9AUbt6HJTNlgU0WrXGHO9Lja5C2vnDgPJRengEZ6zLLw1sCDTQfh0R2KUc49jHXdHMX1BmBMUTLExGsTmUCKzdM5zlpZ/LnQgDIGbm27OuMRA/j9Gsm0TJcw/W6ssKQxzUfO+PLpfcsykvUkHC8TJHP6CokWEAt3WsNLEQ3Xd8O+yJG3b8G3uG6CTL6xW1Tu+GjPeJXfLoy3SuUpVm3itdiFa4H7vjEUZgEOJIHDsVy3ZskDSTHlX/kkoZJ12B424N8U2gHpytM6mqqkT0LExrFUgJQ/r3AabL3N6tyNZnsmAFoitIXcPEo0yaRzD4C2hyqrrdLjLVpjaolKDeWGN6ftajaehtW4otj4xhZY65STdCRMeVDEI1KWgQx0WpKFNa0h8ZnP8Qx72e065ndUxpJWeadma4CmILYKTmZkLEEtWHSEtbSY87lkY8Fcgj3gyQ84GXO3qTm7gYRmE/3JH3LNqQO5y0oPa9VVDC6ERsSoB1xDFgEPksijrnHA+56FVxVuzfliGS001UBOUvx+9Mo2gQ0MNNAy4augN/cFYeYpVPi0mBQzTywJpCt8y5J+d3Z6FutAGQfYlElH0x4hp5tXZJy0rKq3JpUEKliKky/JJDJqgdC8ZBkLFRmQSBEFT1Ug9b0Y2LaWVSYyebfqk+HzkFfEpp+DpeyL/3WDFO3sTLFANFK3GSYOsHNUrCBrsXDRQWk8R3tkZp0NV6wjG86oOzV82VzxRvB3VPO5C/8a4rH1LPgoNIgnBvSowoul+B1dHvyAdsPmQflWGxpumGXb4vzir2vLwb8BeX2hYDpPJ1WnVyew9kA8YTpLbGhgB4nEI7Q5M9HCH62zUlJvvL+hGr552jFCBNKwlOr6SwkpwXWnaByJXzaB4XAIMaTdWzk71iCju19w4+GnUW3qDhGt078doPpijY5tvk0d7/eBpK2sdzP8IUGGiRamSNTd9MH+6fedbIPZis1mWDsOmhtGR4KAUR0=&u=U2FsdGVkX1+q+hXe4s9QBYQX7jz+3fKZs/9u0pfyUhU=&y=U2FsdGVkX18QplWNAlw/miosp2micthl81fFMqVEIkfZVMry8ncaSTlAJWUGDZ1q HTTP/1.1" 200 367
186.84.89.155 - - [28/Apr/2022:06:23:59 -0500] "GET /kwssiamovil/sm/acme/s?s=U2FsdGVkX19/sZ0jX5duiNISZ6J/xFVLObeFypOXhRKWQIS0lq16AEwdfXD3ilsxF2ITIEu8r/pwle7/IiEi7bmB8d9eW3lU417fRPqKwLgbWH6H/tLWZAmvx0Yuo1iwzyrNa/gGCJdAl91p9DRJLNm4FeG8TqSegcH6DNVO8MveqWHLWNFSZQTAMuJZsD+BD3cS68xuhBsjwftpx9X1IbUwAXzd23eo1VOle3cvDD36cPFp/2DvbEYEu70h3+KV0HaetkdYnQUBjBvl5r0ZkxZgUModJ3lLWPGSybhJeBQ=&u=U2FsdGVkX1+q+hXe4s9QBYQX7jz+3fKZs/9u0pfyUhU=&y=U2FsdGVkX18QplWNAlw/miosp2micthl81fFMqVEIkfZVMry8ncaSTlAJWUGDZ1q HTTP/1.1" 200 176
186.84.89.155 - - [28/Apr/2022:06:23:59 -0500] "GET /kwssiamovil/sm/cjson/pre?f=1&x=U2FsdGVkX1/YkwXXznt4bHO3Twjyx4UchXC2c0V+nsC18KJfD3oFasHmoyvHjwcQBkH30UDa17od9ktybYux0g== HTTP/1.1" 200 30975
172.22.2.4 - - [28/Apr/2022:06:22:26 -0500] "HEAD /BLA/boletinlegal/ HTTP/1.1" 200 -
40.77.167.29 - - [28/Apr/2022:06:24:32 -0500] "GET /Publicaciones/2022EE22142.pdf HTTP/1.1" 404 227
201.245.192.253 - - [28/Apr/2022:06:23:50 -0500] "POST /kwsrmcab/Wsrmcab HTTP/1.1" 200 45170
172.22.2.4 - - [28/Apr/2022:06:23:16 -0500] "GET /BLA/boletinlegal/ HTTP/1.1" 200 61416
216.245.221.92 - - [28/Apr/2022:06:25:53 -0500] "HEAD / HTTP/1.1" 200 -
186.102.58.195 - - [28/Apr/2022:06:27:12 -0500] "GET /kwssiamovil/sm/ldap/au?x=U2FsdGVkX1/rE8fv3+yfkcaihh/ZQUkX9d+Hm6qa3KL/OSxEmb3ikj8tCSM1XUSt&y=U2FsdGVkX1+AsEzdJZ8lpZzLAuaQSLjtrzvjWtabubUA9flf9KBk4n8H+UaPLwVz HTTP/1.1" 200 30
186.102.58.195 - - [28/Apr/2022:06:27:12 -0500] "GET /kwssiamovil/sm/acme/s?s=U2FsdGVkX18PaT2mBr6MyXxCs2GaWnTMUxaLyrOHRmAqGqDkb6G7LpHL/IWEXAaAycASiwv14CE+SXsq4BOGkq8s3Qlpxs/1kbYqHqY+dZY=&u=U2FsdGVkX18xD+IaWmNoIdR3Pq44CTygoPO2j2UClwsyNJWQGN2HqUx2CBpXCOZk&y=U2FsdGVkX1+AsEzdJZ8lpZzLAuaQSLjtrzvjWtabubUA9flf9KBk4n8H+UaPLwVz HTTP/1.1" 200 97
186.102.58.195 - - [28/Apr/2022:06:27:12 -0500] "GET /kwssiamovil/sm/acme/s?s=U2FsdGVkX18Z3Ur81Np7boBA+mWWKFoJCK2SVTrm+dg3FpXaiviVDWU7HLTOY78ip2Sgw6Cgtxe44RRmDRqqBG+gtdkdERoyz0hQo/9+h85LGdtf9adBxib5LiMeI+IVXTrTzH3p4KcE4pE/cQk47T2XEA4yuX94XnJnYj0kdA4lVXsUYvjoNCkG11A6WphYWdNCWTEg9RxpcUZcaDR8sYuHAhKzVlHvSRtDFcX3eYHByE1oq8yP9fuO+MMbjiAZzphx4KdxB4K3M/EArnt+HCw84fqI3lkDplVzCDdQ5GXW0cn+owePMDF7TO0kYa+xjr/dYE832ufwABhzn7ONnH2vRy1aVE0AXo/Sd4k+rxyQGkQN7QBLs6+YXTOV80NBua+nPar3rutOAELXDf9fpzVHzY6QHn3JLxF2J2dkc1hDugtxLrh20hrZZIiwqWPN9slNnTegdFaovzLx455gIMZ4wv7QZeuLT2RJYS46bCrg4/5Iw6Bt8G15YMb9EA8NrIdXOMCeH2euImUuFYs9ciELoQqlrL6qidm1+BTx3AP1mjzE6369hBaDtZvEtlP2wRic7to7X+GuJ3V7JWjjoH7ZKVJs7m7UAUOppNUKIDNGBBi+UR9pgWC8Mez0uCuunv6DCyMMlO2LCKBAYGPUfX0fWFzQEW83ibbvk3gUyKq6Rw+7lEfQiklQmZugyxb4C3MDDrOHr7EwHWXuxkgV0fj25eaadnYliL7Qm3zgw2YqIhl/sf4LASl2tsGhsNQ+Da2XZz/Sj39QN8fjljsSOWGas72RTVC5t2QmDy3acXl6+aZF9jSKX1LDaBnuV6JWe8470FeMUuDwTZTQjdctDAzGwvWgTMXHpzhgOOynjm+Dxi418L1pzrq64j+M/DimUwfqFu2QcWcOaMdLqv5AUpxa6RCB0Y3YHuNjzasnNr+MvtkXwRpWy/19ao9BdrwRjpuaosWAniloBlYFbw6Jac62Lv6nkvVr6rp2q1+sdqZOgYrxif0xl8SqL1dAwypDdYydjgLY7EkKRYC0uKCjaZAKazN/ND70YSvwE6cRLnzS6nOytqePRLopYQeShXbq/rDGVb8dkF3rZV2uYSqRsBkmxfiWz1p3tZRIPPHGT5XxP+KThZC3RrFbaUJAHNWsImvimhPc8IIU6JTGBBS1JiDuzz/NWBgKQ2QcSDty8VLFvVsEcfs4M/AUVyvQZhld4M9zOpDzjLPG9zdfJWUQ/KsnA9rI1n+17qf04H/f3GlWqb3Aakh2g6BzbawubDd8ybAGdvfF+8DtIJO/LvNzPC5D/RPnZBy4gjCj+LHsoq2ugxDomd4ZF+wUfoT4yw9AFvok+CITUJ0ThUgAbVt5Em7pvIB8/aLfhmqAljBMiys=&u=U2FsdGVkX18xD+IaWmNoIdR3Pq44CTygoPO2j2UClwsyNJWQGN2HqUx2CBpXCOZk&y=U2FsdGVkX1+AsEzdJZ8lpZzLAuaQSLjtrzvjWtabubUA9flf9KBk4n8H+UaPLwVz HTTP/1.1" 200 2307
186.102.58.195 - - [28/Apr/2022:06:27:13 -0500] "GET /kwssiamovil/sm/acme/s?s=U2FsdGVkX1+Q3P24t7LrZf7/4ZHVCUpk2BaR/J9beyqL514gu9Uvh03qmE5zw251aAX0bem+elSJw3JBsoG6+yerx1pKGswgkCR1R/h/MUcg+iYvxRIts2gpibjqSe8RaCJ9/lwa3e1NGohxPZve78EfM7jftjCGiRVUjaGVb3CjFOc1SKZ4l3aClgqi9BbNmxT/eFdUsgHYj6eCygExK0pxBXLi+xpjbFcfbaoJom2b8PlGUsxgZQcxcQCKdSlq1yL5Hfj0DWBjJgv2GqlffvznR4vsCGjxNPnn4Uxmq8k=&u=U2FsdGVkX18xD+IaWmNoIdR3Pq44CTygoPO2j2UClwsyNJWQGN2HqUx2CBpXCOZk&y=U2FsdGVkX1+AsEzdJZ8lpZzLAuaQSLjtrzvjWtabubUA9flf9KBk4n8H+UaPLwVz HTTP/1.1" 200 176
186.102.58.195 - - [28/Apr/2022:06:27:13 -0500] "GET /kwssiamovil/sm/cjson/pre?f=1&x=U2FsdGVkX1/rE8fv3+yfkcaihh/ZQUkX9d+Hm6qa3KL/OSxEmb3ikj8tCSM1XUSt HTTP/1.1" 200 30975
66.249.65.13 - - [28/Apr/2022:06:27:46 -0500] "-" 408 -
172.22.2.4 - - [28/Apr/2022:06:28:16 -0500] "HEAD /BLA/boletinlegal/ HTTP/1.1" 200 -
172.22.2.4 - - [28/Apr/2022:06:29:06 -0500] "GET /BLA/boletinlegal/ HTTP/1.1" 200 61416
216.245.221.92 - - [28/Apr/2022:06:30:53 -0500] "HEAD / HTTP/1.1" 200 -
157.55.39.199 - - [28/Apr/2022:06:33:17 -0500] "GET /BLA/resoluciones/index.php?dir=RESOLUCIONES+2018%2F HTTP/1.1" 200 262252
201.245.192.253 - - [28/Apr/2022:06:32:56 -0500] "POST /kwsrmcab/Wsrmcab HTTP/1.1" 200 45510
138.59.172.169 - - [28/Apr/2022:06:33:50 -0500] "GET /portaldeninos/wp-content/themes/betheme/style.css?ver=20.9.6 HTTP/1.1" 200 287
138.59.172.169 - - [28/Apr/2022:06:33:50 -0500] "GET /portaldeninos/wp-content/uploads/useanyfont/uaf.css?ver=1589905315 HTTP/1.1" 200 408
138.59.172.169 - - [28/Apr/2022:06:33:50 -0500] "GET /portaldeninos/wp-content/plugins/gallery-videos/CSS/totalsoft.css?ver=4.9.8 HTTP/1.1" 200 40622
138.59.172.169 - - [28/Apr/2022:06:33:50 -0500] "GET /portaldeninos/wp-content/plugins/gallery-videos/CSS/Total-Soft-Gallery-Video-Widget.css?ver=4.9.8 HTTP/1.1" 200 51554
138.59.172.169 - - [28/Apr/2022:06:33:50 -0500] "GET /portaldeninos/wp-content/themes/betheme/css/base.css?ver=20.9.6 HTTP/1.1" 200 57283
138.59.172.169 - - [28/Apr/2022:06:33:52 -0500] "GET /portaldeninos/wp-content/themes/betheme/assets/jplayer/css/jplayer.blue.monday.css?ver=20.9.6 HTTP/1.1" 200 9834
138.59.172.169 - - [28/Apr/2022:06:33:51 -0500] "GET /portaldeninos/wp-content/themes/betheme/assets/ui/jquery.ui.all.css?ver=20.9.6 HTTP/1.1" 200 18765
138.59.172.169 - - [28/Apr/2022:06:33:50 -0500] "GET /portaldeninos/wp-content/themes/betheme/css/layout.css?ver=20.9.6 HTTP/1.1" 200 116639
138.59.172.169 - - [28/Apr/2022:06:33:52 -0500] "GET /portaldeninos/wp-content/plugins/google-analytics-for-wordpress/assets/js/frontend-gtag.min.js?ver=8.5.0 HTTP/1.1" 200 11801
138.59.172.169 - - [28/Apr/2022:06:33:50 -0500] "GET /portaldeninos/wp-content/themes/betheme/assets/animations/animations.min.css?ver=20.9.6 HTTP/1.1" 200 58508
138.59.172.169 - - [28/Apr/2022:06:33:52 -0500] "GET /portaldeninos/wp-includes/js/jquery/jquery-migrate.min.js?ver=1.4.1 HTTP/1.1" 200 10056
138.59.172.169 - - [28/Apr/2022:06:33:52 -0500] "GET /portaldeninos/wp-content/themes/betheme/css/responsive.css?ver=20.9.6 HTTP/1.1" 200 55740
138.59.172.169 - - [28/Apr/2022:06:33:53 -0500] "GET /portaldeninos/wp-includes/js/jquery/ui/core.min.js?ver=1.11.4 HTTP/1.1" 200 4000
138.59.172.169 - - [28/Apr/2022:06:33:53 -0500] "GET /portaldeninos/wp-content/plugins/gallery-videos/JS/modernizr.custom.js?ver=4.9.8 HTTP/1.1" 200 9019
138.59.172.169 - - [28/Apr/2022:06:33:53 -0500] "GET /portaldeninos/wp-includes/js/jquery/ui/widget.min.js?ver=1.11.4 HTTP/1.1" 200 6908
138.59.172.169 - - [28/Apr/2022:06:33:52 -0500] "GET /portaldeninos/wp-includes/js/jquery/jquery.js?ver=1.12.4 HTTP/1.1" 200 97184
138.59.172.169 - - [28/Apr/2022:06:33:53 -0500] "GET /portaldeninos/wp-includes/js/jquery/ui/mouse.min.js?ver=1.11.4 HTTP/1.1" 200 3148
