181.61.164.108 - - [28/Apr/2022:12:30:39 -0500] "GET /BLA/resoluciones/RESOLUCIONES%202006/RES%202006%201101-1150/00001120.tif HTTP/1.1" 200 145636
181.61.164.108 - - [28/Apr/2022:12:30:40 -0500] "GET /BLA/resoluciones/RESOLUCIONES%202006/RES%202006%201101-1150/00001121.tif HTTP/1.1" 200 131816
181.61.164.108 - - [28/Apr/2022:12:30:41 -0500] "GET /BLA/resoluciones/RESOLUCIONES%202006/RES%202006%201101-1150/00001122.tif HTTP/1.1" 200 130994
181.61.164.108 - - [28/Apr/2022:12:30:43 -0500] "GET /BLA/resoluciones/RESOLUCIONES%202006/RES%202006%201101-1150/00001123.tif HTTP/1.1" 200 130056
181.61.164.108 - - [28/Apr/2022:12:30:43 -0500] "GET /BLA/resoluciones/RESOLUCIONES%202006/RES%202006%201101-1150/00001124.tif HTTP/1.1" 200 130704
181.61.164.108 - - [28/Apr/2022:12:30:44 -0500] "GET /BLA/resoluciones/RESOLUCIONES%202006/RES%202006%201101-1150/00001125.tif HTTP/1.1" 200 129816
201.245.192.253 - - [28/Apr/2022:12:30:45 -0500] "GET /sipse/faces/javax.faces.resource/images/ui-bg_flat_0_2d5972_40x100.png?ln=primefaces-aristo HTTP/1.1" 304 -
201.245.192.253 - - [28/Apr/2022:12:30:45 -0500] "POST /sipse/faces/presentacion/financiero/solicitudProceso/consultarSolicitudProceso.xhtml HTTP/1.1" 200 61155
201.245.192.253 - - [28/Apr/2022:12:30:45 -0500] "GET /sipse/faces/javax.faces.resource/theme.css?ln=primefaces-sipse HTTP/1.1" 304 -
201.245.192.253 - - [28/Apr/2022:12:30:45 -0500] "GET /sipse/faces/javax.faces.resource/layout/layout.css?ln=primefaces&v=4.0 HTTP/1.1" 304 -
201.245.192.253 - - [28/Apr/2022:12:30:45 -0500] "GET /sipse/faces/javax.faces.resource/primefaces.css?ln=primefaces&v=4.0 HTTP/1.1" 304 -
201.245.192.253 - - [28/Apr/2022:12:30:45 -0500] "GET /sipse/faces/javax.faces.resource/jquery/jquery.js?ln=primefaces&v=4.0 HTTP/1.1" 304 -
201.245.192.253 - - [28/Apr/2022:12:30:45 -0500] "GET /sipse/faces/javax.faces.resource/jquery/jquery-plugins.js?ln=primefaces&v=4.0 HTTP/1.1" 304 -
201.245.192.253 - - [28/Apr/2022:12:30:45 -0500] "GET /sipse/faces/javax.faces.resource/primefaces.js?ln=primefaces&v=4.0 HTTP/1.1" 304 -
201.245.192.253 - - [28/Apr/2022:12:30:45 -0500] "GET /sipse/faces/javax.faces.resource/layout/layout.js?ln=primefaces&v=4.0 HTTP/1.1" 304 -
201.245.192.253 - - [28/Apr/2022:12:30:45 -0500] "GET /sipse/css/imagen/contrasena.png HTTP/1.1" 404 383
201.245.192.253 - - [28/Apr/2022:12:30:45 -0500] "POST /sipse/faces/presentacion/financiero/solicitudProceso/listarSolicitudProceso.xhtml HTTP/1.1" 200 1444
181.61.164.108 - - [28/Apr/2022:12:30:47 -0500] "GET /BLA/resoluciones/RESOLUCIONES%202006/RES%202006%201101-1150/00001126.tif HTTP/1.1" 200 131180
181.61.164.108 - - [28/Apr/2022:12:30:48 -0500] "GET /BLA/resoluciones/RESOLUCIONES%202006/RES%202006%201101-1150/00001127.tif HTTP/1.1" 200 138952
181.61.164.108 - - [28/Apr/2022:12:30:49 -0500] "GET /BLA/resoluciones/RESOLUCIONES%202006/RES%202006%201101-1150/00001128.tif HTTP/1.1" 200 236942
181.61.164.108 - - [28/Apr/2022:12:30:50 -0500] "GET /BLA/resoluciones/RESOLUCIONES%202006/RES%202006%201101-1150/00001129.tif HTTP/1.1" 200 105118
181.61.164.108 - - [28/Apr/2022:12:30:51 -0500] "GET /BLA/resoluciones/RESOLUCIONES%202006/RES%202006%201101-1150/00001130.tif HTTP/1.1" 200 133510
181.61.164.108 - - [28/Apr/2022:12:30:52 -0500] "GET /BLA/resoluciones/RESOLUCIONES%202006/RES%202006%201101-1150/00001131.tif HTTP/1.1" 200 176634
181.61.164.108 - - [28/Apr/2022:12:30:53 -0500] "GET /BLA/resoluciones/RESOLUCIONES%202006/RES%202006%201101-1150/00001132.tif HTTP/1.1" 200 139412
181.61.164.108 - - [28/Apr/2022:12:30:55 -0500] "GET /BLA/resoluciones/RESOLUCIONES%202006/RES%202006%201101-1150/00001133.tif HTTP/1.1" 200 215654
201.245.192.253 - - [28/Apr/2022:12:30:55 -0500] "POST /sipse/faces/presentacion/financiero/solicitudProceso/detalleSolicitudProcesoOtrosPagos.xhtml HTTP/1.1" 200 266914
181.61.164.108 - - [28/Apr/2022:12:30:56 -0500] "GET /BLA/resoluciones/RESOLUCIONES%202006/RES%202006%201101-1150/00001134.tif HTTP/1.1" 200 1399292
201.245.192.253 - - [28/Apr/2022:12:30:56 -0500] "POST /sipse/faces/presentacion/financiero/solicitudProceso/listarSolicitudProceso.xhtml HTTP/1.1" 200 105298
201.245.192.253 - - [28/Apr/2022:12:30:56 -0500] "GET /sipse/faces/javax.faces.resource/theme.css?ln=primefaces-sipse HTTP/1.1" 304 -
201.245.192.253 - - [28/Apr/2022:12:30:56 -0500] "GET /sipse/faces/javax.faces.resource/primefaces.css?ln=primefaces&v=4.0 HTTP/1.1" 304 -
201.245.192.253 - - [28/Apr/2022:12:30:56 -0500] "GET /sipse/faces/javax.faces.resource/layout/layout.css?ln=primefaces&v=4.0 HTTP/1.1" 304 -
201.245.192.253 - - [28/Apr/2022:12:30:56 -0500] "GET /sipse/faces/javax.faces.resource/jquery/jquery.js?ln=primefaces&v=4.0 HTTP/1.1" 304 -
201.245.192.253 - - [28/Apr/2022:12:30:56 -0500] "GET /sipse/faces/javax.faces.resource/jquery/jquery-plugins.js?ln=primefaces&v=4.0 HTTP/1.1" 304 -
201.245.192.253 - - [28/Apr/2022:12:30:56 -0500] "GET /sipse/faces/javax.faces.resource/primefaces.js?ln=primefaces&v=4.0 HTTP/1.1" 304 -
201.245.192.253 - - [28/Apr/2022:12:30:56 -0500] "GET /sipse/faces/javax.faces.resource/layout/layout.js?ln=primefaces&v=4.0 HTTP/1.1" 304 -
201.245.192.253 - - [28/Apr/2022:12:30:56 -0500] "GET /sipse/css/imagen/contrasena.png HTTP/1.1" 404 383
181.61.164.108 - - [28/Apr/2022:12:30:57 -0500] "GET /BLA/resoluciones/RESOLUCIONES%202006/RES%202006%201101-1150/00001135.tif HTTP/1.1" 200 195968
181.61.164.108 - - [28/Apr/2022:12:30:58 -0500] "GET /BLA/resoluciones/RESOLUCIONES%202006/RES%202006%201101-1150/00001136.tif HTTP/1.1" 200 182372
181.61.164.108 - - [28/Apr/2022:12:30:59 -0500] "GET /BLA/resoluciones/RESOLUCIONES%202006/RES%202006%201101-1150/00001137.tif HTTP/1.1" 200 218314
181.61.164.108 - - [28/Apr/2022:12:31:00 -0500] "GET /BLA/resoluciones/RESOLUCIONES%202006/RES%202006%201101-1150/00001138.tif HTTP/1.1" 200 237868
201.245.192.253 - - [28/Apr/2022:12:31:01 -0500] "POST /sipse/faces/presentacion/financiero/solicitudProceso/consultarSolicitudProceso.xhtml HTTP/1.1" 200 30210
201.245.192.253 - - [28/Apr/2022:12:31:01 -0500] "GET /sipse/faces/javax.faces.resource/theme.css?ln=primefaces-sipse HTTP/1.1" 304 -
201.245.192.253 - - [28/Apr/2022:12:31:01 -0500] "GET /sipse/faces/javax.faces.resource/primefaces.js?ln=primefaces&v=4.0 HTTP/1.1" 304 -
201.245.192.253 - - [28/Apr/2022:12:31:01 -0500] "GET /sipse/faces/javax.faces.resource/primefaces.css?ln=primefaces&v=4.0 HTTP/1.1" 304 -
201.245.192.253 - - [28/Apr/2022:12:31:01 -0500] "GET /sipse/faces/javax.faces.resource/jquery/jquery.js?ln=primefaces&v=4.0 HTTP/1.1" 304 -
201.245.192.253 - - [28/Apr/2022:12:31:01 -0500] "GET /sipse/faces/javax.faces.resource/jquery/jquery-plugins.js?ln=primefaces&v=4.0 HTTP/1.1" 304 -
201.245.192.253 - - [28/Apr/2022:12:31:01 -0500] "GET /sipse/faces/javax.faces.resource/layout/layout.css?ln=primefaces&v=4.0 HTTP/1.1" 304 -
201.245.192.253 - - [28/Apr/2022:12:31:01 -0500] "GET /sipse/faces/javax.faces.resource/layout/layout.js?ln=primefaces&v=4.0 HTTP/1.1" 304 -
201.245.192.253 - - [28/Apr/2022:12:31:01 -0500] "GET /sipse/css/imagen/contrasena.png HTTP/1.1" 404 383
201.245.192.253 - - [28/Apr/2022:12:31:01 -0500] "GET /sipse/faces/javax.faces.resource/images/ui-icons_898989_256x240.png?ln=primefaces-aristo HTTP/1.1" 304 -
181.61.164.108 - - [28/Apr/2022:12:31:01 -0500] "GET /BLA/resoluciones/RESOLUCIONES%202006/RES%202006%201101-1150/00001139.tif HTTP/1.1" 200 260500
181.61.164.108 - - [28/Apr/2022:12:31:02 -0500] "GET /BLA/resoluciones/RESOLUCIONES%202006/RES%202006%201101-1150/00001140.tif HTTP/1.1" 200 90700
181.61.164.108 - - [28/Apr/2022:12:31:03 -0500] "GET /BLA/resoluciones/RESOLUCIONES%202006/RES%202006%201101-1150/00001141.tif HTTP/1.1" 200 117818
181.61.164.108 - - [28/Apr/2022:12:31:05 -0500] "GET /BLA/resoluciones/RESOLUCIONES%202006/RES%202006%201101-1150/00001142.tif HTTP/1.1" 200 199086
181.61.164.108 - - [28/Apr/2022:12:31:07 -0500] "GET /BLA/resoluciones/RESOLUCIONES%202006/RES%202006%201101-1150/00001143.tif HTTP/1.1" 200 77804
181.61.164.108 - - [28/Apr/2022:12:31:09 -0500] "GET /BLA/resoluciones/RESOLUCIONES%202006/RES%202006%201101-1150/00001144.tif HTTP/1.1" 200 276220
181.61.164.108 - - [28/Apr/2022:12:31:10 -0500] "GET /BLA/resoluciones/RESOLUCIONES%202006/RES%202006%201101-1150/00001145.tif HTTP/1.1" 200 121374
181.61.164.108 - - [28/Apr/2022:12:31:11 -0500] "GET /BLA/resoluciones/RESOLUCIONES%202006/RES%202006%201101-1150/00001146.tif HTTP/1.1" 200 114644
181.61.164.108 - - [28/Apr/2022:12:31:12 -0500] "GET /BLA/resoluciones/RESOLUCIONES%202006/RES%202006%201101-1150/00001147.tif HTTP/1.1" 200 216074
181.61.164.108 - - [28/Apr/2022:12:31:13 -0500] "GET /BLA/resoluciones/RESOLUCIONES%202006/RES%202006%201101-1150/00001148.tif HTTP/1.1" 200 397602
181.61.164.108 - - [28/Apr/2022:12:31:15 -0500] "GET /BLA/resoluciones/RESOLUCIONES%202006/RES%202006%201101-1150/00001149.tif HTTP/1.1" 200 235200
181.61.164.108 - - [28/Apr/2022:12:31:17 -0500] "GET /BLA/resoluciones/RESOLUCIONES%202006/RES%202006%201101-1150/00001150.tif HTTP/1.1" 200 218262
161.18.191.81 - - [28/Apr/2022:12:31:44 -0500] "GET /BLA/resoluciones/ HTTP/1.1" 200 13093
161.18.191.81 - - [28/Apr/2022:12:31:52 -0500] "GET /BLA/resoluciones/index.php?dir=RESOLUCIONES+2007%2F HTTP/1.1" 200 35280
201.245.192.253 - - [28/Apr/2022:12:31:52 -0500] "POST /sipse/faces/presentacion/financiero/solicitudProceso/detalleSolicitudProcesoOtrosPagos.xhtml HTTP/1.1" 200 303340
201.245.192.253 - - [28/Apr/2022:12:32:05 -0500] "POST /sipse/faces/presentacion/financiero/solicitudProceso/detalleSolicitudProcesoOtrosPagos.xhtml HTTP/1.1" 200 3511
187.190.185.148 - - [28/Apr/2022:12:32:08 -0500] "GET /portaldeninos/wp-content/plugins/gallery-videos/CSS/Total-Soft-Gallery-Video-Widget.css?ver=4.9.8 HTTP/1.1" 200 51554
187.190.185.148 - - [28/Apr/2022:12:32:08 -0500] "GET /portaldeninos/wp-content/themes/betheme/images/box_shadow.png HTTP/1.1" 200 108
187.190.185.148 - - [28/Apr/2022:12:32:08 -0500] "GET /portaldeninos/wp-content/themes/betheme/fonts/mfn-icons.woff?93978679 HTTP/1.1" 200 80932
187.190.185.148 - - [28/Apr/2022:12:32:09 -0500] "GET /portaldeninos/wp-content/themes/betheme/fonts/mfn-icons.ttf?93978679 HTTP/1.1" 200 98769
173.252.95.12 - - [28/Apr/2022:12:32:18 -0500] "GET /distrito-firma-acuerdos-de-conservacion-con-academia-y-sociedad-civil-para-proteger-22-hectareas-en-suba-y-cerros-orientales.html HTTP/1.1" 206 1062
191.156.144.23 - - [28/Apr/2022:12:32:28 -0500] "GET /appsia/controlador?comando=ingresarMenuPrincipal&id=53113809&funcionario=YUDY+MARCELA+HERNANDEZ+LOPEZ&desde=53113809&hasta=53113809&version=53113809&accion=Regresar HTTP/1.1" 404 68
216.245.221.92 - - [28/Apr/2022:12:32:36 -0500] "HEAD / HTTP/1.1" 200 -
191.156.144.23 - - [28/Apr/2022:12:32:39 -0500] "GET /appsia/controlador?comando=ingresarMenuPrincipal&id=53113809&funcionario=YUDY+MARCELA+HERNANDEZ+LOPEZ&desde=53113809&hasta=53113809&version=53113809&accion=Regresar HTTP/1.1" 404 68
191.156.144.23 - - [28/Apr/2022:12:32:40 -0500] "GET /appsia/controlador?comando=ingresarMenuPrincipal&id=53113809&funcionario=YUDY+MARCELA+HERNANDEZ+LOPEZ&desde=53113809&hasta=53113809&version=53113809&accion=Regresar HTTP/1.1" 404 68
191.156.144.23 - - [28/Apr/2022:12:32:44 -0500] "GET /appsia/controlador?comando=ingresarMenuPrincipal&id=53113809&funcionario=YUDY+MARCELA+HERNANDEZ+LOPEZ&desde=53113809&hasta=53113809&version=53113809&accion=Regresar HTTP/1.1" 404 68
191.156.144.23 - - [28/Apr/2022:12:32:54 -0500] "GET /appsia/controlador HTTP/1.1" 200 4799
201.245.192.253 - - [28/Apr/2022:12:33:00 -0500] "POST /sipse/faces/presentacion/financiero/solicitudProceso/detalleSolicitudProcesoOtrosPagos.xhtml HTTP/1.1" 200 3511
191.156.144.23 - - [28/Apr/2022:12:33:00 -0500] "POST /appsia/controlador HTTP/1.1" 200 5437
191.156.144.23 - - [28/Apr/2022:12:33:05 -0500] "POST /appsia/controlador HTTP/1.1" 200 7785
200.118.62.168 - - [28/Apr/2022:12:33:08 -0500] "POST /sipse/faces/presentacion/financiero/solicitudProceso/consultarSolicitudProceso.xhtml HTTP/1.1" 200 193421
191.156.144.23 - - [28/Apr/2022:12:33:12 -0500] "POST /appsia/controlador HTTP/1.1" 200 6650
191.156.144.23 - - [28/Apr/2022:12:33:15 -0500] "POST /appsia/controlador HTTP/1.1" 200 10201
201.245.192.253 - - [28/Apr/2022:12:32:56 -0500] "POST /kwsrmcab/Wsrmcab HTTP/1.1" 200 46104
201.245.192.253 - - [28/Apr/2022:12:33:56 -0500] "POST /sipse/faces/presentacion/financiero/solicitudProceso/detalleSolicitudProcesoOtrosPagos.xhtml HTTP/1.1" 200 190
201.245.192.253 - - [28/Apr/2022:12:33:56 -0500] "GET /sipse/faces/presentacion/financiero/solicitudProceso/solicitudProcesoOtrosPagos.xhtml HTTP/1.1" 200 35832
201.245.192.253 - - [28/Apr/2022:12:33:56 -0500] "GET /sipse/faces/javax.faces.resource/theme.css?ln=primefaces-sipse HTTP/1.1" 304 -
201.245.192.253 - - [28/Apr/2022:12:33:56 -0500] "GET /sipse/faces/javax.faces.resource/primefaces.js?ln=primefaces&v=4.0 HTTP/1.1" 304 -
201.245.192.253 - - [28/Apr/2022:12:33:56 -0500] "GET /sipse/faces/javax.faces.resource/primefaces.css?ln=primefaces&v=4.0 HTTP/1.1" 304 -
201.245.192.253 - - [28/Apr/2022:12:33:56 -0500] "GET /sipse/faces/javax.faces.resource/jquery/jquery-plugins.js?ln=primefaces&v=4.0 HTTP/1.1" 304 -
201.245.192.253 - - [28/Apr/2022:12:33:56 -0500] "GET /sipse/faces/javax.faces.resource/jquery/jquery.js?ln=primefaces&v=4.0 HTTP/1.1" 304 -
201.245.192.253 - - [28/Apr/2022:12:33:56 -0500] "GET /sipse/faces/javax.faces.resource/layout/layout.css?ln=primefaces&v=4.0 HTTP/1.1" 304 -
201.245.192.253 - - [28/Apr/2022:12:33:56 -0500] "GET /sipse/faces/javax.faces.resource/layout/layout.js?ln=primefaces&v=4.0 HTTP/1.1" 304 -
201.245.192.253 - - [28/Apr/2022:12:33:56 -0500] "GET /sipse/css/imagen/contrasena.png HTTP/1.1" 404 383
201.245.192.253 - - [28/Apr/2022:12:33:56 -0500] "GET /sipse/faces/javax.faces.resource/images/ui-icons_898989_256x240.png?ln=primefaces-aristo HTTP/1.1" 304 -
201.245.192.253 - - [28/Apr/2022:12:33:56 -0500] "GET /sipse/faces/javax.faces.resource/messages/messages.png?ln=primefaces&v=4.0 HTTP/1.1" 304 -
201.245.192.253 - - [28/Apr/2022:12:34:04 -0500] "GET /sipse/faces/javax.faces.resource/images/ui-bg_flat_0_2d5972_40x100.png?ln=primefaces-aristo HTTP/1.1" 304 -
201.245.192.253 - - [28/Apr/2022:12:34:04 -0500] "POST /sipse/faces/presentacion/financiero/solicitudProceso/solicitudProcesoOtrosPagos.xhtml HTTP/1.1" 200 5585
201.245.192.253 - - [28/Apr/2022:12:34:08 -0500] "POST /sipse/faces/presentacion/financiero/solicitudProceso/solicitudProcesoOtrosPagos.xhtml HTTP/1.1" 200 46082
201.245.192.253 - - [28/Apr/2022:12:34:08 -0500] "GET /sipse/faces/javax.faces.resource/theme.css?ln=primefaces-sipse HTTP/1.1" 304 -
201.245.192.253 - - [28/Apr/2022:12:34:08 -0500] "GET /sipse/faces/javax.faces.resource/layout/layout.css?ln=primefaces&v=4.0 HTTP/1.1" 304 -
201.245.192.253 - - [28/Apr/2022:12:34:08 -0500] "GET /sipse/faces/javax.faces.resource/primefaces.css?ln=primefaces&v=4.0 HTTP/1.1" 304 -
201.245.192.253 - - [28/Apr/2022:12:34:08 -0500] "GET /sipse/faces/javax.faces.resource/jquery/jquery.js?ln=primefaces&v=4.0 HTTP/1.1" 304 -
201.245.192.253 - - [28/Apr/2022:12:34:08 -0500] "GET /sipse/faces/javax.faces.resource/jquery/jquery-plugins.js?ln=primefaces&v=4.0 HTTP/1.1" 304 -
201.245.192.253 - - [28/Apr/2022:12:34:08 -0500] "GET /sipse/faces/javax.faces.resource/primefaces.js?ln=primefaces&v=4.0 HTTP/1.1" 304 -
201.245.192.253 - - [28/Apr/2022:12:34:08 -0500] "GET /sipse/faces/javax.faces.resource/layout/layout.js?ln=primefaces&v=4.0 HTTP/1.1" 304 -
201.245.192.253 - - [28/Apr/2022:12:34:08 -0500] "GET /sipse/css/imagen/contrasena.png HTTP/1.1" 404 383
191.156.149.252 - - [28/Apr/2022:12:34:12 -0500] "GET /appsia/controlador?comando=ingresarMenuPrincipal&id=53113809&funcionario=YUDY+MARCELA+HERNANDEZ+LOPEZ&desde=53113809&hasta=53113809&version=53113809&accion=Regresar HTTP/1.1" 200 5437
201.245.192.253 - - [28/Apr/2022:12:34:12 -0500] "POST /sipse/faces/presentacion/financiero/solicitudProceso/consultar.xhtml HTTP/1.1" 200 12709
191.156.149.252 - - [28/Apr/2022:12:34:15 -0500] "POST /appsia/controlador HTTP/1.1" 200 7785
191.156.149.252 - - [28/Apr/2022:12:34:17 -0500] "POST /appsia/controlador HTTP/1.1" 200 6650
191.156.149.252 - - [28/Apr/2022:12:34:19 -0500] "POST /appsia/controlador HTTP/1.1" 200 11724
201.245.192.253 - - [28/Apr/2022:12:33:43 -0500] "POST /kwsrmcab/Wsrmcab HTTP/1.1" 200 44127
201.245.192.253 - - [28/Apr/2022:12:35:32 -0500] "GET /sipse/faces/javax.faces.resource/theme.css?ln=primefaces-sipse HTTP/1.1" 304 -
201.245.192.253 - - [28/Apr/2022:12:35:32 -0500] "GET /sipse/faces/javax.faces.resource/primefaces.css?ln=primefaces&v=4.0 HTTP/1.1" 304 -
201.245.192.253 - - [28/Apr/2022:12:35:32 -0500] "GET /sipse/faces/javax.faces.resource/jquery/jquery-plugins.js?ln=primefaces&v=4.0 HTTP/1.1" 304 -
201.245.192.253 - - [28/Apr/2022:12:35:32 -0500] "GET /sipse/faces/javax.faces.resource/jquery/jquery.js?ln=primefaces&v=4.0 HTTP/1.1" 304 -
201.245.192.253 - - [28/Apr/2022:12:35:32 -0500] "GET /sipse/faces/javax.faces.resource/layout/layout.css?ln=primefaces&v=4.0 HTTP/1.1" 304 -
201.245.192.253 - - [28/Apr/2022:12:35:32 -0500] "GET /sipse/faces/javax.faces.resource/primefaces.js?ln=primefaces&v=4.0 HTTP/1.1" 304 -
201.245.192.253 - - [28/Apr/2022:12:35:32 -0500] "GET /sipse/faces/javax.faces.resource/layout/layout.js?ln=primefaces&v=4.0 HTTP/1.1" 304 -
201.245.192.253 - - [28/Apr/2022:12:35:32 -0500] "POST /sipse/faces/presentacion/financiero/solicitudProceso/consultarHistorialSolProceso.xhtml HTTP/1.1" 200 149357
201.245.192.253 - - [28/Apr/2022:12:35:32 -0500] "GET /sipse/css/imagen/contrasena.png HTTP/1.1" 404 383
201.245.192.253 - - [28/Apr/2022:12:35:32 -0500] "GET /sipse/faces/javax.faces.resource/images/ui-icons_898989_256x240.png?ln=primefaces-aristo HTTP/1.1" 304 -
181.61.164.108 - - [28/Apr/2022:12:35:36 -0500] "GET /BLA/resoluciones/index.php?dir=RESOLUCIONES+2006%2FRES+2006+1151-1200%2F HTTP/1.1" 200 12365
201.245.192.253 - - [28/Apr/2022:12:35:38 -0500] "GET /sipse/faces/javax.faces.resource/images/ui-bg_flat_0_2d5972_40x100.png?ln=primefaces-aristo HTTP/1.1" 304 -
181.61.164.108 - - [28/Apr/2022:12:35:38 -0500] "GET /BLA/resoluciones/RESOLUCIONES%202006/RES%202006%201151-1200/00001151.tif HTTP/1.1" 200 162562
201.245.192.253 - - [28/Apr/2022:12:35:38 -0500] "POST /sipse/faces/presentacion/financiero/solicitudProceso/consultarSolicitudProceso.xhtml HTTP/1.1" 200 61155
201.245.192.253 - - [28/Apr/2022:12:35:38 -0500] "GET /sipse/faces/javax.faces.resource/theme.css?ln=primefaces-sipse HTTP/1.1" 304 -
201.245.192.253 - - [28/Apr/2022:12:35:38 -0500] "GET /sipse/faces/javax.faces.resource/primefaces.css?ln=primefaces&v=4.0 HTTP/1.1" 304 -
201.245.192.253 - - [28/Apr/2022:12:35:38 -0500] "GET /sipse/faces/javax.faces.resource/layout/layout.css?ln=primefaces&v=4.0 HTTP/1.1" 304 -
201.245.192.253 - - [28/Apr/2022:12:35:38 -0500] "GET /sipse/faces/javax.faces.resource/jquery/jquery.js?ln=primefaces&v=4.0 HTTP/1.1" 304 -
201.245.192.253 - - [28/Apr/2022:12:35:38 -0500] "GET /sipse/faces/javax.faces.resource/jquery/jquery-plugins.js?ln=primefaces&v=4.0 HTTP/1.1" 304 -
201.245.192.253 - - [28/Apr/2022:12:35:38 -0500] "GET /sipse/faces/javax.faces.resource/primefaces.js?ln=primefaces&v=4.0 HTTP/1.1" 304 -
201.245.192.253 - - [28/Apr/2022:12:35:38 -0500] "GET /sipse/faces/javax.faces.resource/layout/layout.js?ln=primefaces&v=4.0 HTTP/1.1" 304 -
201.245.192.253 - - [28/Apr/2022:12:35:38 -0500] "POST /sipse/faces/presentacion/financiero/solicitudProceso/listarSolicitudProceso.xhtml HTTP/1.1" 200 1444
181.61.164.108 - - [28/Apr/2022:12:35:39 -0500] "GET /BLA/resoluciones/RESOLUCIONES%202006/RES%202006%201151-1200/00001152.tif HTTP/1.1" 200 253830
201.245.192.253 - - [28/Apr/2022:12:35:39 -0500] "POST /sipse/faces/presentacion/financiero/solicitudProceso/consultarSolicitudProceso.xhtml HTTP/1.1" 200 61181
201.245.192.253 - - [28/Apr/2022:12:35:40 -0500] "GET /sipse/faces/javax.faces.resource/jquery/jquery.js?ln=primefaces&v=4.0 HTTP/1.1" 304 -
201.245.192.253 - - [28/Apr/2022:12:35:40 -0500] "GET /sipse/faces/javax.faces.resource/jquery/jquery-plugins.js?ln=primefaces&v=4.0 HTTP/1.1" 304 -
201.245.192.253 - - [28/Apr/2022:12:35:40 -0500] "GET /sipse/faces/javax.faces.resource/primefaces.js?ln=primefaces&v=4.0 HTTP/1.1" 304 -
201.245.192.253 - - [28/Apr/2022:12:35:40 -0500] "GET /sipse/faces/javax.faces.resource/layout/layout.js?ln=primefaces&v=4.0 HTTP/1.1" 304 -
201.245.192.253 - - [28/Apr/2022:12:35:40 -0500] "POST /sipse/faces/presentacion/financiero/solicitudProceso/listarSolicitudProceso.xhtml HTTP/1.1" 200 54566
201.245.192.253 - - [28/Apr/2022:12:35:40 -0500] "POST /sipse/faces/presentacion/financiero/solicitudProceso/listarSolicitudProceso.xhtml HTTP/1.1" 200 54566
201.245.192.253 - - [28/Apr/2022:12:35:41 -0500] "POST /sipse/faces/presentacion/financiero/solicitudProceso/listarSolicitudProceso.xhtml HTTP/1.1" 200 54566
201.245.192.253 - - [28/Apr/2022:12:35:41 -0500] "POST /sipse/faces/presentacion/financiero/solicitudProceso/listarSolicitudProceso.xhtml HTTP/1.1" 200 54566
181.61.164.108 - - [28/Apr/2022:12:35:41 -0500] "GET /BLA/resoluciones/RESOLUCIONES%202006/RES%202006%201151-1200/00001153.tif HTTP/1.1" 200 246554
201.245.192.253 - - [28/Apr/2022:12:35:41 -0500] "POST /sipse/faces/presentacion/financiero/solicitudProceso/listarSolicitudProceso.xhtml HTTP/1.1" 200 1444
201.245.192.253 - - [28/Apr/2022:12:35:41 -0500] "POST /sipse/faces/presentacion/financiero/solicitudProceso/listarSolicitudProceso.xhtml HTTP/1.1" 200 1444
201.245.192.253 - - [28/Apr/2022:12:35:41 -0500] "POST /sipse/faces/presentacion/financiero/solicitudProceso/listarSolicitudProceso.xhtml HTTP/1.1" 200 1444
201.245.192.253 - - [28/Apr/2022:12:35:41 -0500] "POST /sipse/faces/presentacion/financiero/solicitudProceso/listarSolicitudProceso.xhtml HTTP/1.1" 200 1448
201.245.192.253 - - [28/Apr/2022:12:35:41 -0500] "POST /sipse/faces/presentacion/financiero/solicitudProceso/listarSolicitudProceso.xhtml HTTP/1.1" 200 1444
201.245.192.253 - - [28/Apr/2022:12:35:42 -0500] "POST /sipse/faces/presentacion/financiero/solicitudProceso/listarSolicitudProceso.xhtml HTTP/1.1" 200 105291
201.245.192.253 - - [28/Apr/2022:12:35:43 -0500] "GET /sipse/faces/javax.faces.resource/theme.css?ln=primefaces-sipse HTTP/1.1" 304 -
201.245.192.253 - - [28/Apr/2022:12:35:43 -0500] "GET /sipse/faces/javax.faces.resource/primefaces.css?ln=primefaces&v=4.0 HTTP/1.1" 304 -
201.245.192.253 - - [28/Apr/2022:12:35:43 -0500] "GET /sipse/faces/javax.faces.resource/layout/layout.css?ln=primefaces&v=4.0 HTTP/1.1" 304 -
181.61.164.108 - - [28/Apr/2022:12:35:43 -0500] "GET /BLA/resoluciones/RESOLUCIONES%202006/RES%202006%201151-1200/00001154.tif HTTP/1.1" 200 316316
201.245.192.253 - - [28/Apr/2022:12:35:43 -0500] "GET /sipse/faces/javax.faces.resource/jquery/jquery.js?ln=primefaces&v=4.0 HTTP/1.1" 304 -
201.245.192.253 - - [28/Apr/2022:12:35:43 -0500] "GET /sipse/faces/javax.faces.resource/jquery/jquery-plugins.js?ln=primefaces&v=4.0 HTTP/1.1" 304 -
201.245.192.253 - - [28/Apr/2022:12:35:43 -0500] "GET /sipse/faces/javax.faces.resource/primefaces.js?ln=primefaces&v=4.0 HTTP/1.1" 304 -
201.245.192.253 - - [28/Apr/2022:12:35:43 -0500] "GET /sipse/faces/javax.faces.resource/layout/layout.js?ln=primefaces&v=4.0 HTTP/1.1" 304 -
201.245.192.253 - - [28/Apr/2022:12:35:44 -0500] "POST /sipse/faces/presentacion/financiero/solicitudProceso/listarSolicitudProceso.xhtml HTTP/1.1" 200 31443
181.61.164.108 - - [28/Apr/2022:12:35:45 -0500] "GET /BLA/resoluciones/RESOLUCIONES%202006/RES%202006%201151-1200/00001155.tif HTTP/1.1" 200 300956
200.118.62.168 - - [28/Apr/2022:12:35:46 -0500] "POST /sipse/faces/presentacion/financiero/solicitudProceso/consultarSolicitudProceso.xhtml HTTP/1.1" 200 18544
201.245.192.253 - - [28/Apr/2022:12:35:47 -0500] "POST /sipse/faces/presentacion/financiero/solicitudProceso/consultarSolicitudProceso.xhtml HTTP/1.1" 200 30210
201.245.192.253 - - [28/Apr/2022:12:35:47 -0500] "GET /sipse/faces/javax.faces.resource/theme.css?ln=primefaces-sipse HTTP/1.1" 304 -
201.245.192.253 - - [28/Apr/2022:12:35:47 -0500] "GET /sipse/faces/javax.faces.resource/primefaces.css?ln=primefaces&v=4.0 HTTP/1.1" 304 -
201.245.192.253 - - [28/Apr/2022:12:35:47 -0500] "GET /sipse/faces/javax.faces.resource/layout/layout.css?ln=primefaces&v=4.0 HTTP/1.1" 304 -
201.245.192.253 - - [28/Apr/2022:12:35:47 -0500] "GET /sipse/faces/javax.faces.resource/primefaces.js?ln=primefaces&v=4.0 HTTP/1.1" 304 -
201.245.192.253 - - [28/Apr/2022:12:35:47 -0500] "GET /sipse/faces/javax.faces.resource/layout/layout.js?ln=primefaces&v=4.0 HTTP/1.1" 304 -
201.245.192.253 - - [28/Apr/2022:12:35:47 -0500] "GET /sipse/faces/javax.faces.resource/jquery/jquery-plugins.js?ln=primefaces&v=4.0 HTTP/1.1" 304 -
201.245.192.253 - - [28/Apr/2022:12:35:47 -0500] "GET /sipse/faces/javax.faces.resource/jquery/jquery.js?ln=primefaces&v=4.0 HTTP/1.1" 304 -
181.61.164.108 - - [28/Apr/2022:12:35:48 -0500] "GET /BLA/resoluciones/RESOLUCIONES%202006/RES%202006%201151-1200/00001156.tif HTTP/1.1" 200 270080
181.61.164.108 - - [28/Apr/2022:12:35:49 -0500] "GET /BLA/resoluciones/RESOLUCIONES%202006/RES%202006%201151-1200/00001157.tif HTTP/1.1" 200 273364
181.61.164.108 - - [28/Apr/2022:12:35:51 -0500] "GET /BLA/resoluciones/RESOLUCIONES%202006/RES%202006%201151-1200/00001158.tif HTTP/1.1" 200 39306
181.61.164.108 - - [28/Apr/2022:12:35:52 -0500] "GET /BLA/resoluciones/RESOLUCIONES%202006/RES%202006%201151-1200/00001159.tif HTTP/1.1" 200 36448
181.61.164.108 - - [28/Apr/2022:12:35:54 -0500] "GET /BLA/resoluciones/RESOLUCIONES%202006/RES%202006%201151-1200/00001160.tif HTTP/1.1" 200 96448
181.61.164.108 - - [28/Apr/2022:12:35:55 -0500] "GET /BLA/resoluciones/RESOLUCIONES%202006/RES%202006%201151-1200/00001161.tif HTTP/1.1" 200 61368
181.61.164.108 - - [28/Apr/2022:12:35:56 -0500] "GET /BLA/resoluciones/RESOLUCIONES%202006/RES%202006%201151-1200/00001162.tif HTTP/1.1" 200 57060
181.61.164.108 - - [28/Apr/2022:12:35:57 -0500] "GET /BLA/resoluciones/RESOLUCIONES%202006/RES%202006%201151-1200/00001163.tif HTTP/1.1" 200 233726
181.61.164.108 - - [28/Apr/2022:12:35:58 -0500] "GET /BLA/resoluciones/RESOLUCIONES%202006/RES%202006%201151-1200/00001164.tif HTTP/1.1" 200 153160
181.61.164.108 - - [28/Apr/2022:12:36:00 -0500] "GET /BLA/resoluciones/RESOLUCIONES%202006/RES%202006%201151-1200/00001165.tif HTTP/1.1" 200 171038
181.61.164.108 - - [28/Apr/2022:12:36:01 -0500] "GET /BLA/resoluciones/RESOLUCIONES%202006/RES%202006%201151-1200/00001166.tif HTTP/1.1" 200 159460
181.61.164.108 - - [28/Apr/2022:12:36:02 -0500] "GET /BLA/resoluciones/RESOLUCIONES%202006/RES%202006%201151-1200/00001167.tif HTTP/1.1" 200 149664
181.61.164.108 - - [28/Apr/2022:12:36:03 -0500] "GET /BLA/resoluciones/RESOLUCIONES%202006/RES%202006%201151-1200/00001168.tif HTTP/1.1" 200 246018
181.237.60.227 - - [28/Apr/2022:12:36:04 -0500] "GET /sipse/faces/index.xhtml HTTP/1.1" 200 677
181.237.60.227 - - [28/Apr/2022:12:36:04 -0500] "GET /sipse/faces/javax.faces.resource/theme.css?ln=primefaces-sipse HTTP/1.1" 304 -
181.61.164.108 - - [28/Apr/2022:12:36:05 -0500] "GET /BLA/resoluciones/RESOLUCIONES%202006/RES%202006%201151-1200/00001169.tif HTTP/1.1" 200 152880
181.237.60.227 - - [28/Apr/2022:12:36:05 -0500] "GET /sipse/faces/faces/autenticacion.xhtml HTTP/1.1" 200 12170
181.237.60.227 - - [28/Apr/2022:12:36:05 -0500] "GET /sipse/css/custom_css_sg_prime_login.css HTTP/1.1" 200 443
181.237.60.227 - - [28/Apr/2022:12:36:05 -0500] "GET /sipse/js/disable_browser_buttons.js HTTP/1.1" 304 -
181.237.60.227 - - [28/Apr/2022:12:36:05 -0500] "GET /sipse/faces/javax.faces.resource/layout/layout.js?ln=primefaces&v=4.0 HTTP/1.1" 304 -
181.237.60.227 - - [28/Apr/2022:12:36:05 -0500] "GET /sipse/js/funciones.js HTTP/1.1" 304 -
181.237.60.227 - - [28/Apr/2022:12:36:05 -0500] "GET /sipse/faces/javax.faces.resource/theme.css?ln=primefaces-sipse HTTP/1.1" 304 -
181.237.60.227 - - [28/Apr/2022:12:36:05 -0500] "GET /sipse/css/custom_css_sg.css HTTP/1.1" 304 -
181.237.60.227 - - [28/Apr/2022:12:36:05 -0500] "GET /sipse/faces/javax.faces.resource/jquery/jquery.js?ln=primefaces&v=4.0 HTTP/1.1" 304 -
181.237.60.227 - - [28/Apr/2022:12:36:05 -0500] "GET /sipse/faces/javax.faces.resource/jquery/jquery-plugins.js?ln=primefaces&v=4.0 HTTP/1.1" 304 -
181.237.60.227 - - [28/Apr/2022:12:36:05 -0500] "GET /sipse/faces/javax.faces.resource/primefaces.js?ln=primefaces&v=4.0 HTTP/1.1" 304 -
181.237.60.227 - - [28/Apr/2022:12:36:05 -0500] "GET /sipse/faces/javax.faces.resource/layout/layout.css?ln=primefaces&v=4.0 HTTP/1.1" 200 542
181.237.60.227 - - [28/Apr/2022:12:36:05 -0500] "GET /sipse/faces/javax.faces.resource/primefaces.css?ln=primefaces&v=4.0 HTTP/1.1" 200 53295
181.237.60.227 - - [28/Apr/2022:12:36:05 -0500] "GET /sipse/faces/javax.faces.resource/images/ui-icons_898989_256x240.png?ln=primefaces-aristo HTTP/1.1" 200 5355
181.237.60.227 - - [28/Apr/2022:12:36:05 -0500] "GET /sipse/css/imagen/logoSDG.png HTTP/1.1" 200 53064
181.237.60.227 - - [28/Apr/2022:12:36:05 -0500] "GET /sipse/css/imagen/loginimg.png HTTP/1.1" 200 71635
181.61.164.108 - - [28/Apr/2022:12:36:06 -0500] "GET /BLA/resoluciones/RESOLUCIONES%202006/RES%202006%201151-1200/00001170.tif HTTP/1.1" 200 172902
181.237.60.227 - - [28/Apr/2022:12:36:06 -0500] "POST /sipse/faces/autenticacion.xhtml HTTP/1.1" 200 11988
181.237.60.227 - - [28/Apr/2022:12:36:06 -0500] "GET /sipse/css/custom_css_sg_prime.css HTTP/1.1" 200 5201
181.237.60.227 - - [28/Apr/2022:12:36:06 -0500] "GET /sipse/faces/javax.faces.resource/jquery/jquery.js?ln=primefaces&v=4.0 HTTP/1.1" 304 -
181.237.60.227 - - [28/Apr/2022:12:36:06 -0500] "GET /sipse/faces/javax.faces.resource/jquery/jquery-plugins.js?ln=primefaces&v=4.0 HTTP/1.1" 304 -
181.237.60.227 - - [28/Apr/2022:12:36:06 -0500] "GET /sipse/faces/javax.faces.resource/primefaces.js?ln=primefaces&v=4.0 HTTP/1.1" 304 -
181.237.60.227 - - [28/Apr/2022:12:36:06 -0500] "GET /sipse/faces/javax.faces.resource/layout/layout.js?ln=primefaces&v=4.0 HTTP/1.1" 304 -
181.237.60.227 - - [28/Apr/2022:12:36:07 -0500] "GET /sipse/faces/javax.faces.resource/messages/messages.png?ln=primefaces&v=4.0 HTTP/1.1" 200 27209
181.61.164.108 - - [28/Apr/2022:12:36:08 -0500] "GET /BLA/resoluciones/RESOLUCIONES%202006/RES%202006%201151-1200/00001171.tif HTTP/1.1" 200 154652
181.61.164.108 - - [28/Apr/2022:12:36:09 -0500] "GET /BLA/resoluciones/RESOLUCIONES%202006/RES%202006%201151-1200/00001172.tif HTTP/1.1" 200 155342
181.237.60.227 - - [28/Apr/2022:12:36:09 -0500] "POST /sipse/faces/presentacion/sistema/seguridad/seleccionRol.xhtml HTTP/1.1" 200 6423
181.61.164.108 - - [28/Apr/2022:12:36:10 -0500] "GET /BLA/resoluciones/RESOLUCIONES%202006/RES%202006%201151-1200/00001173.tif HTTP/1.1" 200 154028
181.237.60.227 - - [28/Apr/2022:12:36:10 -0500] "POST /sipse/faces/presentacion/sistema/seguridad/seleccionRol.xhtml HTTP/1.1" 200 18674
181.237.60.227 - - [28/Apr/2022:12:36:10 -0500] "GET /sipse/js/jquery.min.js HTTP/1.1" 304 -
181.237.60.227 - - [28/Apr/2022:12:36:10 -0500] "GET /sipse/faces/javax.faces.resource/jquery/jquery.js?ln=primefaces&v=4.0 HTTP/1.1" 304 -
181.237.60.227 - - [28/Apr/2022:12:36:10 -0500] "GET /sipse/faces/javax.faces.resource/jquery/jquery-plugins.js?ln=primefaces&v=4.0 HTTP/1.1" 304 -
181.237.60.227 - - [28/Apr/2022:12:36:10 -0500] "GET /sipse/faces/javax.faces.resource/primefaces.js?ln=primefaces&v=4.0 HTTP/1.1" 304 -
181.237.60.227 - - [28/Apr/2022:12:36:10 -0500] "GET /sipse/faces/javax.faces.resource/layout/layout.js?ln=primefaces&v=4.0 HTTP/1.1" 304 -
181.237.60.227 - - [28/Apr/2022:12:36:10 -0500] "GET /sipse/css/imagen/contrasena.png HTTP/1.1" 404 383
181.237.60.227 - - [28/Apr/2022:12:36:10 -0500] "GET /sipse/imagenes/cargando.gif HTTP/1.1" 200 36959
181.237.60.227 - - [28/Apr/2022:12:36:10 -0500] "GET /sipse/imagenes/logoAplicacion.jpg HTTP/1.1" 200 155084
181.61.164.108 - - [28/Apr/2022:12:36:11 -0500] "GET /BLA/resoluciones/RESOLUCIONES%202006/RES%202006%201151-1200/00001174.tif HTTP/1.1" 200 148014
181.237.60.227 - - [28/Apr/2022:12:36:11 -0500] "GET /sipse/faces/javax.faces.resource/images/ui-bg_flat_0_2d5972_40x100.png?ln=primefaces-aristo HTTP/1.1" 304 -
181.237.60.227 - - [28/Apr/2022:12:36:11 -0500] "POST /sipse/faces/bienvenido.xhtml HTTP/1.1" 200 3887
181.237.60.227 - - [28/Apr/2022:12:36:12 -0500] "POST /sipse/faces/bienvenido.xhtml HTTP/1.1" 200 51177
181.237.60.227 - - [28/Apr/2022:12:36:12 -0500] "GET /sipse/faces/javax.faces.resource/jquery/jquery.js?ln=primefaces&v=4.0 HTTP/1.1" 304 -
181.237.60.227 - - [28/Apr/2022:12:36:12 -0500] "GET /sipse/faces/javax.faces.resource/jquery/jquery-plugins.js?ln=primefaces&v=4.0 HTTP/1.1" 304 -
181.237.60.227 - - [28/Apr/2022:12:36:12 -0500] "GET /sipse/faces/javax.faces.resource/primefaces.js?ln=primefaces&v=4.0 HTTP/1.1" 304 -
181.237.60.227 - - [28/Apr/2022:12:36:12 -0500] "GET /sipse/faces/javax.faces.resource/layout/layout.js?ln=primefaces&v=4.0 HTTP/1.1" 304 -
181.237.60.227 - - [28/Apr/2022:12:36:12 -0500] "POST /sipse/faces/presentacion/financiero/solicitudProceso/consultarPorResponsable.xhtml HTTP/1.1" 200 43213
181.237.60.227 - - [28/Apr/2022:12:36:13 -0500] "GET /sipse/faces/javax.faces.resource/jquery/jquery.js?ln=primefaces&v=4.0 HTTP/1.1" 304 -
181.237.60.227 - - [28/Apr/2022:12:36:13 -0500] "GET /sipse/faces/javax.faces.resource/jquery/jquery-plugins.js?ln=primefaces&v=4.0 HTTP/1.1" 304 -
181.237.60.227 - - [28/Apr/2022:12:36:13 -0500] "GET /sipse/faces/javax.faces.resource/primefaces.js?ln=primefaces&v=4.0 HTTP/1.1" 304 -
181.237.60.227 - - [28/Apr/2022:12:36:13 -0500] "GET /sipse/faces/javax.faces.resource/layout/layout.js?ln=primefaces&v=4.0 HTTP/1.1" 304 -
181.237.60.227 - - [28/Apr/2022:12:36:13 -0500] "POST /sipse/faces/presentacion/financiero/solicitudProceso/consultar.xhtml HTTP/1.1" 200 36637
181.61.164.108 - - [28/Apr/2022:12:36:13 -0500] "GET /BLA/resoluciones/RESOLUCIONES%202006/RES%202006%201151-1200/00001175.tif HTTP/1.1" 200 165210
181.61.164.108 - - [28/Apr/2022:12:36:16 -0500] "GET /BLA/resoluciones/RESOLUCIONES%202006/RES%202006%201151-1200/00001176.tif HTTP/1.1" 200 166648
181.61.164.108 - - [28/Apr/2022:12:36:17 -0500] "GET /BLA/resoluciones/RESOLUCIONES%202006/RES%202006%201151-1200/00001177.tif HTTP/1.1" 200 166492
181.61.164.108 - - [28/Apr/2022:12:36:19 -0500] "GET /BLA/resoluciones/RESOLUCIONES%202006/RES%202006%201151-1200/00001178.tif HTTP/1.1" 200 165638
181.61.164.108 - - [28/Apr/2022:12:36:20 -0500] "GET /BLA/resoluciones/RESOLUCIONES%202006/RES%202006%201151-1200/00001179.tif HTTP/1.1" 200 175888
201.245.192.253 - - [28/Apr/2022:12:36:20 -0500] "POST /sipse/faces/presentacion/financiero/solicitudProceso/consultar.xhtml HTTP/1.1" 200 37213
201.245.192.253 - - [28/Apr/2022:12:36:20 -0500] "GET /sipse/faces/javax.faces.resource/theme.css?ln=primefaces-sipse HTTP/1.1" 304 -
201.245.192.253 - - [28/Apr/2022:12:36:20 -0500] "GET /sipse/faces/javax.faces.resource/primefaces.css?ln=primefaces&v=4.0 HTTP/1.1" 304 -
201.245.192.253 - - [28/Apr/2022:12:36:20 -0500] "GET /sipse/faces/javax.faces.resource/layout/layout.css?ln=primefaces&v=4.0 HTTP/1.1" 304 -
201.245.192.253 - - [28/Apr/2022:12:36:20 -0500] "GET /sipse/css/imagen/contrasena.png HTTP/1.1" 404 383
201.245.192.253 - - [28/Apr/2022:12:36:20 -0500] "GET /sipse/faces/javax.faces.resource/jquery/jquery.js?ln=primefaces&v=4.0 HTTP/1.1" 304 -
201.245.192.253 - - [28/Apr/2022:12:36:20 -0500] "GET /sipse/faces/javax.faces.resource/jquery/jquery-plugins.js?ln=primefaces&v=4.0 HTTP/1.1" 304 -
201.245.192.253 - - [28/Apr/2022:12:36:20 -0500] "GET /sipse/faces/javax.faces.resource/primefaces.js?ln=primefaces&v=4.0 HTTP/1.1" 304 -
201.245.192.253 - - [28/Apr/2022:12:36:20 -0500] "GET /sipse/faces/javax.faces.resource/layout/layout.js?ln=primefaces&v=4.0 HTTP/1.1" 304 -
201.245.192.253 - - [28/Apr/2022:12:36:20 -0500] "POST /sipse/faces/presentacion/financiero/solicitudProceso/solicitudProcesoOtrosPagos.xhtml HTTP/1.1" 200 30606
181.61.164.108 - - [28/Apr/2022:12:36:21 -0500] "GET /BLA/resoluciones/RESOLUCIONES%202006/RES%202006%201151-1200/00001180.tif HTTP/1.1" 200 164472
181.61.164.108 - - [28/Apr/2022:12:36:22 -0500] "GET /BLA/resoluciones/RESOLUCIONES%202006/RES%202006%201151-1200/00001181.tif HTTP/1.1" 200 171944
181.61.164.108 - - [28/Apr/2022:12:36:23 -0500] "GET /BLA/resoluciones/RESOLUCIONES%202006/RES%202006%201151-1200/00001182.tif HTTP/1.1" 200 161392
181.237.60.227 - - [28/Apr/2022:12:36:23 -0500] "POST /sipse/faces/presentacion/financiero/solicitudProceso/consultar.xhtml HTTP/1.1" 200 12880
201.245.192.253 - - [28/Apr/2022:12:36:24 -0500] "POST /sipse/faces/presentacion/financiero/solicitudProceso/solicitudProcesoOtrosPagos.xhtml HTTP/1.1" 200 184
201.245.192.253 - - [28/Apr/2022:12:36:24 -0500] "POST /sipse/faces/presentacion/financiero/solicitudProceso/solicitudProcesoOtrosPagos.xhtml HTTP/1.1" 200 184
201.245.192.253 - - [28/Apr/2022:12:36:24 -0500] "GET /sipse/faces/presentacion/financiero/solicitudAnulacion/solicitudAnulacion.xhtml HTTP/1.1" 200 12285
201.245.192.253 - - [28/Apr/2022:12:36:24 -0500] "POST /sipse/faces/presentacion/financiero/solicitudProceso/solicitudProcesoOtrosPagos.xhtml HTTP/1.1" 200 184
201.245.192.253 - - [28/Apr/2022:12:36:24 -0500] "GET /sipse/faces/presentacion/financiero/solicitudAnulacion/solicitudAnulacion.xhtml HTTP/1.1" 200 20277
201.245.192.253 - - [28/Apr/2022:12:36:24 -0500] "GET /sipse/faces/presentacion/financiero/solicitudAnulacion/solicitudAnulacion.xhtml HTTP/1.1" 200 40598
201.245.192.253 - - [28/Apr/2022:12:36:24 -0500] "GET /sipse/faces/javax.faces.resource/theme.css?ln=primefaces-sipse HTTP/1.1" 304 -
201.245.192.253 - - [28/Apr/2022:12:36:24 -0500] "GET /sipse/faces/javax.faces.resource/primefaces.js?ln=primefaces&v=4.0 HTTP/1.1" 304 -
201.245.192.253 - - [28/Apr/2022:12:36:24 -0500] "GET /sipse/faces/javax.faces.resource/jquery/jquery.js?ln=primefaces&v=4.0 HTTP/1.1" 304 -
201.245.192.253 - - [28/Apr/2022:12:36:24 -0500] "GET /sipse/faces/javax.faces.resource/layout/layout.css?ln=primefaces&v=4.0 HTTP/1.1" 304 -
201.245.192.253 - - [28/Apr/2022:12:36:24 -0500] "GET /sipse/faces/javax.faces.resource/jquery/jquery-plugins.js?ln=primefaces&v=4.0 HTTP/1.1" 304 -
201.245.192.253 - - [28/Apr/2022:12:36:24 -0500] "GET /sipse/faces/javax.faces.resource/primefaces.css?ln=primefaces&v=4.0 HTTP/1.1" 304 -
201.245.192.253 - - [28/Apr/2022:12:36:24 -0500] "GET /sipse/faces/javax.faces.resource/layout/layout.js?ln=primefaces&v=4.0 HTTP/1.1" 304 -
201.245.192.253 - - [28/Apr/2022:12:36:24 -0500] "GET /sipse/css/imagen/contrasena.png HTTP/1.1" 404 383
201.245.192.253 - - [28/Apr/2022:12:36:24 -0500] "POST /sipse/faces/presentacion/financiero/solicitudAnulacion/solicitudAnulacion.xhtml HTTP/1.1" 200 12471
181.61.164.108 - - [28/Apr/2022:12:36:24 -0500] "GET /BLA/resoluciones/RESOLUCIONES%202006/RES%202006%201151-1200/00001183.tif HTTP/1.1" 200 160140
181.61.164.108 - - [28/Apr/2022:12:36:25 -0500] "GET /BLA/resoluciones/RESOLUCIONES%202006/RES%202006%201151-1200/00001184.tif HTTP/1.1" 200 293020
181.237.60.227 - - [28/Apr/2022:12:36:27 -0500] "POST /sipse/faces/presentacion/financiero/solicitudProceso/consultar.xhtml HTTP/1.1" 200 12851
181.61.164.108 - - [28/Apr/2022:12:36:27 -0500] "GET /BLA/resoluciones/RESOLUCIONES%202006/RES%202006%201151-1200/00001185.tif HTTP/1.1" 200 159336
181.237.60.227 - - [28/Apr/2022:12:36:29 -0500] "POST /sipse/faces/presentacion/financiero/solicitudProceso/consultar.xhtml HTTP/1.1" 200 104257
181.237.60.227 - - [28/Apr/2022:12:36:29 -0500] "GET /sipse/faces/javax.faces.resource/jquery/jquery.js?ln=primefaces&v=4.0 HTTP/1.1" 304 -
181.237.60.227 - - [28/Apr/2022:12:36:29 -0500] "GET /sipse/faces/javax.faces.resource/jquery/jquery-plugins.js?ln=primefaces&v=4.0 HTTP/1.1" 304 -
181.237.60.227 - - [28/Apr/2022:12:36:29 -0500] "GET /sipse/faces/javax.faces.resource/primefaces.js?ln=primefaces&v=4.0 HTTP/1.1" 304 -
181.237.60.227 - - [28/Apr/2022:12:36:29 -0500] "GET /sipse/faces/javax.faces.resource/layout/layout.js?ln=primefaces&v=4.0 HTTP/1.1" 304 -
181.237.60.227 - - [28/Apr/2022:12:36:32 -0500] "POST /sipse/faces/presentacion/financiero/solicitudProceso/consultarSolicitudProceso.xhtml HTTP/1.1" 200 33885
181.237.60.227 - - [28/Apr/2022:12:36:32 -0500] "GET /sipse/faces/javax.faces.resource/theme.css?ln=primefaces-sipse HTTP/1.1" 304 -
181.237.60.227 - - [28/Apr/2022:12:36:32 -0500] "GET /sipse/faces/javax.faces.resource/jquery/jquery.js?ln=primefaces&v=4.0 HTTP/1.1" 304 -
181.237.60.227 - - [28/Apr/2022:12:36:32 -0500] "GET /sipse/faces/javax.faces.resource/jquery/jquery-plugins.js?ln=primefaces&v=4.0 HTTP/1.1" 304 -
181.237.60.227 - - [28/Apr/2022:12:36:32 -0500] "GET /sipse/faces/javax.faces.resource/primefaces.js?ln=primefaces&v=4.0 HTTP/1.1" 304 -
181.237.60.227 - - [28/Apr/2022:12:36:32 -0500] "GET /sipse/faces/javax.faces.resource/layout/layout.js?ln=primefaces&v=4.0 HTTP/1.1" 304 -
181.237.60.227 - - [28/Apr/2022:12:36:32 -0500] "GET /sipse/faces/javax.faces.resource/primefaces.css?ln=primefaces&v=4.0 HTTP/1.1" 304 -
181.237.60.227 - - [28/Apr/2022:12:36:32 -0500] "GET /sipse/faces/javax.faces.resource/layout/layout.css?ln=primefaces&v=4.0 HTTP/1.1" 304 -
181.237.60.227 - - [28/Apr/2022:12:36:32 -0500] "GET /sipse/faces/javax.faces.resource/images/ui-icons_898989_256x240.png?ln=primefaces-aristo HTTP/1.1" 200 5355
181.61.164.108 - - [28/Apr/2022:12:36:34 -0500] "GET /BLA/resoluciones/RESOLUCIONES%202006/RES%202006%201151-1200/00001186.tif HTTP/1.1" 200 162886
186.102.3.0 - - [28/Apr/2022:12:36:54 -0500] "GET /kwssiamovil/sm/ldap/au?x=U2FsdGVkX19uRcm9AVMeyDytr6gIyqHDONRjVaeBcuzMqw/HYc/ttUOiXtnzsLNQROaKwYB0mbWqPxxxH/1v2A==&y=U2FsdGVkX18OtE2fvVaEBgmXNorcHhtcF9zy327DSpD1gEw75ULS+Y8FURtAZK3B HTTP/1.1" 200 30
186.102.3.0 - - [28/Apr/2022:12:36:54 -0500] "GET /kwssiamovil/sm/acme/s?s=U2FsdGVkX1+7OF8Q2tPRCIQ9OmzxtnUzeTGcHVcmMl202TLu8rf0YbZiNe6aQvu2Ns5R1ALgytiVq10ILcFkfsF0zpRFZ6GSimkglW8wgBI=&u=U2FsdGVkX18d+CNOEpmVLYRt3Dp3mKIfzXD5IOHd3qY=&y=U2FsdGVkX18OtE2fvVaEBgmXNorcHhtcF9zy327DSpD1gEw75ULS+Y8FURtAZK3B HTTP/1.1" 200 97
186.102.3.0 - - [28/Apr/2022:12:36:54 -0500] "GET /kwssiamovil/sm/acme/s?s=U2FsdGVkX1+q+4i1wVnxzXvabO5Qrrfu1Ir1pJvKSwfyotV5whDtj34BEtoH/o9/3fOCfaCyYC6EHs5nT3BI/wd9S8DLk0/5hcukr/f8PFCfipFsgjze2HTWQzfCJf8rqJy59Ic7BTJw7DF+vk9auS4Gmz/MewykK1aURk3aWa873hC2I2AQCifGhV8wXLfA9iUyX5uCNFmqi80o/Cym0LqXwhvFukWQT/HVuIb55vVkcD83S2kflDjWhiLfPYcXC5t2lHDrrnxS7sFfvaTcFU5uNacnxgl/hGmC9MqFpliSlldjkTi6BjcST06t6BmChh+XIemgtBrvMDEnklVZz31QsUMdsEiFNH5OG4mdx5u9jJInEqydHzaQ1D1LiOx3oneBPIr6CdJ7Lp2qpAjKfcVe5r7FR7GKgI0bFB3R4OE7v+X5C10Gj0241yeNzO0ZHBwuKUj+n8euSPRXsPKpzH1aclW7l0hoCSSWMqyxmKxfcHA94M5xkGYdPJlJHTGsC8MuYH64HH5b/vWLJKx8qpvB7ALn+a36qDSwtyrKdyJHAQi9bFTHESbtoNfP4w+ip1/k4GHsHFk/z1ECNbMdtEFZdy8lwEVzqFJTkAHwCtGUXKDo68LTVgNa2Hka/xzUZd1W0CMoxRU4YTOlSB+8tSr0x1AnJ7JKDHQ5DpA1LP928MLIrGbJHPHoRVwE8RPOwom+EiP6yRQ+noSy20G6FKe4gn5jgeMb6vJtfFoJoKgaMa0JHTu+McLX+pBKOmoRvba+EdE7bmJv73SpZpC3MKULqgVfMfpNDHgmj78EIRadtSqeDT5brOn6nEtyIjNztuY/pd5kK/E4rzitfNqgASsd1/hSsC7ZLjOvCACLo/Z07r5N7ietm69dQSsTydb4djdiRIQZKfjyb4iW9VkbbmUX4EI54a22zH1ZbabfzgM1heiLd6+utvjBA1eB6zl3li6zidvwvsQph6PvLJL/RZhQLOrheanTLGWWMsjhyJtorwiscdrbn7ij9F0yzrSVXRkNhbjL0MVQWVABwlILK0i6EE34F9sW1+LKZDZxs/oiRZF6iRN7ehCAfg+DpJTQp2KqS3QDBkCM7OF/HLWcL09pZxpqVXHzWZ70tjsuMAcYKKMvSCnklq5ypla2pKIFc+TvjenV2YVShaGxMFJndNTemTLxh0uu8hAmUYWjhW6ILXhTFE9Uk3y4u7KSsvQeD6qhwu0QLl+zbVBHzYxNXHnMCia/o/b7Yg03ns0Ec9N5jjpLSSontzhcscJB2kkn9LT2Twsqq3DXZ4C/BMa1rdLCH/R7uf70fbc5KdqPqKaCAoLVk9cVkpuz9rkJqSvbaJm+kVZIApCmIzV/9MA3NSP9lo6i1aIBFSRzbskzqSo=&u=U2FsdGVkX18d+CNOEpmVLYRt3Dp3mKIfzXD5IOHd3qY=&y=U2FsdGVkX18OtE2fvVaEBgmXNorcHhtcF9zy327DSpD1gEw75ULS+Y8FURtAZK3B HTTP/1.1" 200 367
186.102.3.0 - - [28/Apr/2022:12:36:54 -0500] "GET /kwssiamovil/sm/acme/s?s=U2FsdGVkX18E/x4Mt1vo2iKY1oP/BGFR2NaiT9defCgP4Aib+XshPX2KWc70DCYnI+YNyZLhNWouwSfuS9ZVMUjbx0q8mRb7gVIE+/WIvVxfyn4VBWkpQflTU90c3c3pQNPZ69Gfrl//pDuj3tTp7s/HYNRiMYbsCsEFoDIdC/PppDmP43dxTUHVt0hb6rACDTK5ZAd2BFAugAweTmL9Av7cIOO0h3bze35YinQ8j0POg4p/v73DVHxZYc5GMn8zBhOLaSE+TpBNLnqCEBpYHkzArIRdR1EQf2K6fiVhkL0=&u=U2FsdGVkX18d+CNOEpmVLYRt3Dp3mKIfzXD5IOHd3qY=&y=U2FsdGVkX18OtE2fvVaEBgmXNorcHhtcF9zy327DSpD1gEw75ULS+Y8FURtAZK3B HTTP/1.1" 200 176
186.102.3.0 - - [28/Apr/2022:12:36:55 -0500] "GET /kwssiamovil/sm/cjson/pre?f=1&x=U2FsdGVkX19uRcm9AVMeyDytr6gIyqHDONRjVaeBcuzMqw/HYc/ttUOiXtnzsLNQROaKwYB0mbWqPxxxH/1v2A== HTTP/1.1" 200 30975
201.245.192.253 - - [28/Apr/2022:12:37:00 -0500] "POST /sipse/faces/presentacion/financiero/solicitudProceso/listarSolicitudProceso.xhtml HTTP/1.1" 200 911
201.245.192.253 - - [28/Apr/2022:12:37:02 -0500] "GET /sipse/faces/presentacion/financiero/solicitudProceso/faces/autenticacion HTTP/1.1" 302 -
201.245.192.253 - - [28/Apr/2022:12:37:02 -0500] "GET /sipse/faces/autenticacion.xhtml HTTP/1.1" 200 12170
201.245.192.253 - - [28/Apr/2022:12:37:02 -0500] "GET /sipse/faces/javax.faces.resource/theme.css?ln=primefaces-sipse HTTP/1.1" 304 -
201.245.192.253 - - [28/Apr/2022:12:37:02 -0500] "GET /sipse/faces/javax.faces.resource/primefaces.css?ln=primefaces&v=4.0 HTTP/1.1" 304 -
201.245.192.253 - - [28/Apr/2022:12:37:02 -0500] "GET /sipse/faces/javax.faces.resource/layout/layout.css?ln=primefaces&v=4.0 HTTP/1.1" 304 -
201.245.192.253 - - [28/Apr/2022:12:37:02 -0500] "GET /sipse/faces/javax.faces.resource/jquery/jquery.js?ln=primefaces&v=4.0 HTTP/1.1" 304 -
201.245.192.253 - - [28/Apr/2022:12:37:02 -0500] "GET /sipse/faces/javax.faces.resource/jquery/jquery-plugins.js?ln=primefaces&v=4.0 HTTP/1.1" 304 -
201.245.192.253 - - [28/Apr/2022:12:37:02 -0500] "GET /sipse/faces/javax.faces.resource/primefaces.js?ln=primefaces&v=4.0 HTTP/1.1" 304 -
201.245.192.253 - - [28/Apr/2022:12:37:02 -0500] "GET /sipse/faces/javax.faces.resource/layout/layout.js?ln=primefaces&v=4.0 HTTP/1.1" 304 -
201.245.192.253 - - [28/Apr/2022:12:37:05 -0500] "GET /sipse/faces/javax.faces.resource/images/ui-icons_898989_256x240.png?ln=primefaces-aristo HTTP/1.1" 304 -
181.61.164.108 - - [28/Apr/2022:12:37:32 -0500] "GET /BLA/resoluciones/RESOLUCIONES%202006/RES%202006%201151-1200/00001187.tif HTTP/1.1" 200 162302
181.61.164.108 - - [28/Apr/2022:12:37:33 -0500] "GET /BLA/resoluciones/RESOLUCIONES%202006/RES%202006%201151-1200/00001188.tif HTTP/1.1" 200 116778
216.245.221.92 - - [28/Apr/2022:12:37:36 -0500] "HEAD / HTTP/1.1" 200 -
181.61.164.108 - - [28/Apr/2022:12:37:36 -0500] "GET /BLA/resoluciones/RESOLUCIONES%202006/RES%202006%201151-1200/00001189.tif HTTP/1.1" 200 164982
181.61.164.108 - - [28/Apr/2022:12:37:37 -0500] "GET /BLA/resoluciones/RESOLUCIONES%202006/RES%202006%201151-1200/00001190.tif HTTP/1.1" 200 143344
181.61.164.108 - - [28/Apr/2022:12:37:40 -0500] "GET /BLA/resoluciones/RESOLUCIONES%202006/RES%202006%201151-1200/00001191.tif HTTP/1.1" 200 157812
181.61.164.108 - - [28/Apr/2022:12:37:42 -0500] "GET /BLA/resoluciones/RESOLUCIONES%202006/RES%202006%201151-1200/00001192.tif HTTP/1.1" 200 207324
181.61.164.108 - - [28/Apr/2022:12:37:44 -0500] "GET /BLA/resoluciones/RESOLUCIONES%202006/RES%202006%201151-1200/00001193.tif HTTP/1.1" 200 194624
201.245.192.253 - - [28/Apr/2022:12:37:45 -0500] "POST /sipse/faces/autenticacion.xhtml HTTP/1.1" 200 16680
181.61.164.108 - - [28/Apr/2022:12:37:45 -0500] "GET /BLA/resoluciones/RESOLUCIONES%202006/RES%202006%201151-1200/00001194.tif HTTP/1.1" 200 131334
201.245.192.253 - - [28/Apr/2022:12:37:45 -0500] "GET /sipse/faces/javax.faces.resource/jquery/jquery.js?ln=primefaces&v=4.0 HTTP/1.1" 304 -
201.245.192.253 - - [28/Apr/2022:12:37:45 -0500] "GET /sipse/faces/javax.faces.resource/jquery/jquery-plugins.js?ln=primefaces&v=4.0 HTTP/1.1" 304 -
201.245.192.253 - - [28/Apr/2022:12:37:46 -0500] "GET /sipse/faces/javax.faces.resource/primefaces.js?ln=primefaces&v=4.0 HTTP/1.1" 304 -
201.245.192.253 - - [28/Apr/2022:12:37:46 -0500] "GET /sipse/faces/javax.faces.resource/layout/layout.js?ln=primefaces&v=4.0 HTTP/1.1" 304 -
201.245.192.253 - - [28/Apr/2022:12:37:46 -0500] "GET /sipse/imagenes/logoAplicacion.jpg HTTP/1.1" 200 155084
201.245.192.253 - - [28/Apr/2022:12:37:46 -0500] "GET /sipse/faces/javax.faces.resource/messages/messages.png?ln=primefaces&v=4.0 HTTP/1.1" 200 27209
181.61.164.108 - - [28/Apr/2022:12:37:47 -0500] "GET /BLA/resoluciones/RESOLUCIONES%202006/RES%202006%201151-1200/00001195.tif HTTP/1.1" 200 131290
181.61.164.108 - - [28/Apr/2022:12:37:48 -0500] "GET /BLA/resoluciones/RESOLUCIONES%202006/RES%202006%201151-1200/00001196.tif HTTP/1.1" 200 141770
201.245.192.253 - - [28/Apr/2022:12:37:48 -0500] "GET /sipse/faces/javax.faces.resource/images/ui-bg_flat_0_2d5972_40x100.png?ln=primefaces-aristo HTTP/1.1" 304 -
201.245.192.253 - - [28/Apr/2022:12:37:48 -0500] "POST /sipse/faces/bienvenido.xhtml HTTP/1.1" 200 9754
181.61.164.108 - - [28/Apr/2022:12:37:48 -0500] "GET /BLA/resoluciones/RESOLUCIONES%202006/RES%202006%201151-1200/00001197.tif HTTP/1.1" 200 175662
201.245.192.253 - - [28/Apr/2022:12:37:49 -0500] "POST /sipse/faces/bienvenido.xhtml HTTP/1.1" 200 3255
181.61.164.108 - - [28/Apr/2022:12:37:50 -0500] "GET /BLA/resoluciones/RESOLUCIONES%202006/RES%202006%201151-1200/00001198.tif HTTP/1.1" 200 161398
181.61.164.108 - - [28/Apr/2022:12:37:51 -0500] "GET /BLA/resoluciones/RESOLUCIONES%202006/RES%202006%201151-1200/00001199.tif HTTP/1.1" 200 192176
201.245.192.253 - - [28/Apr/2022:12:37:50 -0500] "POST /sipse/faces/bienvenido.xhtml HTTP/1.1" 200 34569
201.245.192.253 - - [28/Apr/2022:12:37:51 -0500] "GET /sipse/faces/javax.faces.resource/jquery/jquery.js?ln=primefaces&v=4.0 HTTP/1.1" 304 -
201.245.192.253 - - [28/Apr/2022:12:37:51 -0500] "GET /sipse/faces/javax.faces.resource/jquery/jquery-plugins.js?ln=primefaces&v=4.0 HTTP/1.1" 304 -
201.245.192.253 - - [28/Apr/2022:12:37:51 -0500] "GET /sipse/faces/javax.faces.resource/primefaces.js?ln=primefaces&v=4.0 HTTP/1.1" 304 -
201.245.192.253 - - [28/Apr/2022:12:37:51 -0500] "GET /sipse/faces/javax.faces.resource/layout/layout.js?ln=primefaces&v=4.0 HTTP/1.1" 304 -
201.245.192.253 - - [28/Apr/2022:12:37:51 -0500] "POST /sipse/faces/presentacion/financiero/solicitudProceso/listarSolicitudProceso.xhtml HTTP/1.1" 200 1340
