172.22.2.4 - - [03/May/2022:09:49:59 -0500] "GET /BLA/boletinlegal/images/footer_bg.jpg HTTP/1.1" 200 586
181.61.164.108 - - [03/May/2022:09:49:59 -0500] "GET /BLA/resoluciones/RESOLUCIONES%202007/RES%202007%202201%20AL%202300/RESOLUCION%202256%20DE%202007.pdf HTTP/1.1" 200 726749
181.61.164.108 - - [03/May/2022:09:50:01 -0500] "GET /BLA/resoluciones/RESOLUCIONES%202007/RES%202007%202201%20AL%202300/RESOLUCION%202257%20DE%202007.pdf HTTP/1.1" 200 806724
172.22.2.4 - - [03/May/2022:09:50:01 -0500] "GET /BLA/boletinlegal/consulta_actos.php?tipo=resoluciones&no=&usuario=&sector=&fecha=2018&resuelve=TALA HTTP/1.1" 200 1083
181.61.164.108 - - [03/May/2022:09:50:03 -0500] "GET /BLA/resoluciones/RESOLUCIONES%202007/RES%202007%202201%20AL%202300/RESOLUCION%202258%20DE%202007.pdf HTTP/1.1" 200 549103
181.61.164.108 - - [03/May/2022:09:50:04 -0500] "GET /BLA/resoluciones/RESOLUCIONES%202007/RES%202007%202201%20AL%202300/RESOLUCION%202259%20DE%202007.pdf HTTP/1.1" 200 254142
181.61.164.108 - - [03/May/2022:09:50:06 -0500] "GET /BLA/resoluciones/RESOLUCIONES%202007/RES%202007%202201%20AL%202300/RESOLUCION%202260%20%20DE%202007.pdf HTTP/1.1" 200 621914
172.22.2.4 - - [03/May/2022:09:50:07 -0500] "GET /BLA/boletinlegal/consulta_actos.php?tipo=resoluciones&no=&usuario=&sector=&fecha=2017&resuelve=TALA HTTP/1.1" 200 626
172.22.2.4 - - [03/May/2022:09:50:12 -0500] "GET /BLA/boletinlegal/consulta_actos.php?tipo=resoluciones&no=&usuario=&sector=&fecha=2019&resuelve=TALA HTTP/1.1" 200 1327
172.22.2.4 - - [03/May/2022:09:50:23 -0500] "GET /BLA/boletinlegal/consulta_actos.php?tipo=resoluciones&no=&usuario=&sector=&fecha=2020&resuelve=TALA HTTP/1.1" 200 626
172.22.2.4 - - [03/May/2022:09:50:27 -0500] "GET /BLA/boletinlegal/consulta_actos.php?tipo=resoluciones&no=&usuario=&sector=&fecha=2021&resuelve=TALA HTTP/1.1" 200 1885
172.22.2.4 - - [03/May/2022:09:50:27 -0500] "GET /BLA/boletinlegal/images/background.gif HTTP/1.1" 200 -
172.22.2.4 - - [03/May/2022:09:50:38 -0500] "GET /BLA/boletinlegal/consulta_actos.php?tipo=resoluciones&no=&usuario=&sector=&fecha=2022&resuelve=TALA HTTP/1.1" 200 626
172.22.2.4 - - [03/May/2022:09:49:50 -0500] "GET /BLA/boletinlegal/ HTTP/1.1" 200 32715
172.22.2.4 - - [03/May/2022:09:50:42 -0500] "GET /BLA/boletinlegal/consulta_actos.php?tipo=resoluciones&no=&usuario=&sector=&fecha=2017&resuelve=TALA HTTP/1.1" 200 626
172.22.2.4 - - [03/May/2022:09:50:48 -0500] "GET /BLA/boletinlegal/consulta_actos.php?tipo=resoluciones&no=&usuario=&sector=&fecha=2016&resuelve=TALA HTTP/1.1" 200 1578
172.22.2.4 - - [03/May/2022:09:49:28 -0500] "HEAD /BLA/boletinlegal/ HTTP/1.1" 200 -
181.61.164.108 - - [03/May/2022:09:51:13 -0500] "GET /BLA/resoluciones/RESOLUCIONES%202007/RES%202007%202201%20AL%202300/RESOLUCION%202261%20DE%202007.pdf HTTP/1.1" 200 681143
181.61.164.108 - - [03/May/2022:09:51:14 -0500] "GET /BLA/resoluciones/RESOLUCIONES%202007/RES%202007%202201%20AL%202300/RESOLUCION%202262%20DE%202007.pdf HTTP/1.1" 200 341787
181.61.164.108 - - [03/May/2022:09:51:15 -0500] "GET /BLA/resoluciones/RESOLUCIONES%202007/RES%202007%202201%20AL%202300/RESOLUCION%202263%20DE%202007.pdf HTTP/1.1" 200 429511
181.61.164.108 - - [03/May/2022:09:51:16 -0500] "GET /BLA/resoluciones/RESOLUCIONES%202007/RES%202007%202201%20AL%202300/RESOLUCION%202264%20DE%202007.pdf HTTP/1.1" 200 159590
181.61.164.108 - - [03/May/2022:09:51:18 -0500] "GET /BLA/resoluciones/RESOLUCIONES%202007/RES%202007%202201%20AL%202300/RESOLUCION%202265%20DE%202007.pdf HTTP/1.1" 200 236725
181.61.164.108 - - [03/May/2022:09:51:19 -0500] "GET /BLA/resoluciones/RESOLUCIONES%202007/RES%202007%202201%20AL%202300/RESOLUCION%202266%20DE%202007.pdf HTTP/1.1" 200 962575
181.61.164.108 - - [03/May/2022:09:51:20 -0500] "GET /BLA/resoluciones/RESOLUCIONES%202007/RES%202007%202201%20AL%202300/RESOLUCION%202267_DE%202007.pdf HTTP/1.1" 200 1421417
181.61.164.108 - - [03/May/2022:09:51:22 -0500] "GET /BLA/resoluciones/RESOLUCIONES%202007/RES%202007%202201%20AL%202300/RESOLUCION%202268%20%20DE%202007.pdf HTTP/1.1" 200 226787
181.61.164.108 - - [03/May/2022:09:51:23 -0500] "GET /BLA/resoluciones/RESOLUCIONES%202007/RES%202007%202201%20AL%202300/RESOLUCION%202269%20DE%202007.pdf HTTP/1.1" 200 702188
172.22.2.4 - - [03/May/2022:09:51:23 -0500] "GET /BLA/boletinlegal/consulta_actos.php?tipo=resoluciones&no=&usuario=&sector=&fecha=2016&resuelve=ARBOL HTTP/1.1" 200 626
181.61.164.108 - - [03/May/2022:09:51:25 -0500] "GET /BLA/resoluciones/RESOLUCIONES%202007/RES%202007%202201%20AL%202300/RESOLUCION%202270%20DE%202007.pdf HTTP/1.1" 200 502473
181.61.164.108 - - [03/May/2022:09:51:26 -0500] "GET /BLA/resoluciones/RESOLUCIONES%202007/RES%202007%202201%20AL%202300/RESOLUCION%202271%20DE%202007.pdf HTTP/1.1" 200 309583
181.61.164.108 - - [03/May/2022:09:51:27 -0500] "GET /BLA/resoluciones/RESOLUCIONES%202007/RES%202007%202201%20AL%202300/RESOLUCION%202272%20DE%202007.pdf HTTP/1.1" 200 368616
181.61.164.108 - - [03/May/2022:09:51:29 -0500] "GET /BLA/resoluciones/RESOLUCIONES%202007/RES%202007%202201%20AL%202300/RESOLUCION%202273%20DE%202007.pdf HTTP/1.1" 200 440767
181.61.164.108 - - [03/May/2022:09:51:30 -0500] "GET /BLA/resoluciones/RESOLUCIONES%202007/RES%202007%202201%20AL%202300/RESOLUCION%202274%20DE%202007.pdf HTTP/1.1" 200 785153
172.22.2.4 - - [03/May/2022:09:51:30 -0500] "GET /BLA/boletinlegal/consulta_actos.php?tipo=resoluciones&no=&usuario=&sector=&fecha=2017&resuelve=ARBOL HTTP/1.1" 200 626
181.61.164.108 - - [03/May/2022:09:51:31 -0500] "GET /BLA/resoluciones/RESOLUCIONES%202007/RES%202007%202201%20AL%202300/RESOLUCION%202275%20DE%202007.pdf HTTP/1.1" 200 26487
181.61.164.108 - - [03/May/2022:09:51:33 -0500] "GET /BLA/resoluciones/RESOLUCIONES%202007/RES%202007%202201%20AL%202300/RESOLUCION%202276%20DE%202007.pdf HTTP/1.1" 200 121809
172.22.2.4 - - [03/May/2022:09:51:34 -0500] "GET /BLA/boletinlegal/consulta_actos.php?tipo=resoluciones&no=&usuario=&sector=&fecha=2018&resuelve=ARBOL HTTP/1.1" 200 1118
181.61.164.108 - - [03/May/2022:09:51:34 -0500] "GET /BLA/resoluciones/RESOLUCIONES%202007/RES%202007%202201%20AL%202300/RESOLUCION%202277%20DE%202007.pdf HTTP/1.1" 200 46938
181.61.164.108 - - [03/May/2022:09:51:36 -0500] "GET /BLA/resoluciones/RESOLUCIONES%202007/RES%202007%202201%20AL%202300/RESOLUCION%202278%20DE%202007.pdf HTTP/1.1" 200 27301
181.61.164.108 - - [03/May/2022:09:51:37 -0500] "GET /BLA/resoluciones/RESOLUCIONES%202007/RES%202007%202201%20AL%202300/RESOLUCION%202279%20DE%202007.pdf HTTP/1.1" 200 987219
172.22.2.4 - - [03/May/2022:09:51:37 -0500] "GET /BLA/boletinlegal/actos.php HTTP/1.1" 200 9559
172.22.2.4 - - [03/May/2022:09:51:38 -0500] "GET /BLA/boletinlegal/styles2.css HTTP/1.1" 200 1838
172.22.2.4 - - [03/May/2022:09:51:38 -0500] "GET /BLA/boletinlegal/js/ajax_actos.js HTTP/1.1" 200 1322
172.22.2.4 - - [03/May/2022:09:51:38 -0500] "GET /BLA/boletinlegal/niceforms-default.css HTTP/1.1" 200 6694
172.22.2.4 - - [03/May/2022:09:51:38 -0500] "GET /BLA/boletinlegal/style.css HTTP/1.1" 200 9406
172.22.2.4 - - [03/May/2022:09:51:38 -0500] "GET /BLA/boletinlegal/niceforms.js HTTP/1.1" 200 22876
172.22.2.4 - - [03/May/2022:09:51:38 -0500] "GET /BLA/boletinlegal/js/lib.js HTTP/1.1" 200 6474
172.22.2.4 - - [03/May/2022:09:51:38 -0500] "GET /BLA/boletinlegal/js/popup.js HTTP/1.1" 200 1270
172.22.2.4 - - [03/May/2022:09:51:38 -0500] "GET /BLA/boletinlegal/js/jquery1.js HTTP/1.1" 200 29846
172.22.2.4 - - [03/May/2022:09:51:38 -0500] "GET /BLA/boletinlegal/images/subscribe-icon-big.png HTTP/1.1" 200 47702
172.22.2.4 - - [03/May/2022:09:51:38 -0500] "GET /BLA/boletinlegal/images/cabezote%20BLEGAL.jpg HTTP/1.1" 200 118164
172.22.2.4 - - [03/May/2022:09:51:38 -0500] "GET /BLA/boletinlegal/images/historia.png HTTP/1.1" 200 52775
172.22.2.4 - - [03/May/2022:09:51:38 -0500] "GET /BLA/boletinlegal/images/registro-usuarios.png HTTP/1.1" 200 8106
172.22.2.4 - - [03/May/2022:09:51:38 -0500] "GET /BLA/boletinlegal/images/green-yellow-blue-pink-th.png HTTP/1.1" 200 7394
172.22.2.4 - - [03/May/2022:09:51:38 -0500] "GET /BLA/boletinlegal/images/abajo.png HTTP/1.1" 200 96676
172.22.2.4 - - [03/May/2022:09:51:38 -0500] "GET /BLA/boletinlegal/images/tel.png HTTP/1.1" 200 14477
172.22.2.4 - - [03/May/2022:09:51:38 -0500] "GET /BLA/boletinlegal/images/icono-email.png HTTP/1.1" 200 5544
172.22.2.4 - - [03/May/2022:09:51:38 -0500] "GET /BLA/boletinlegal/images/body_bg.jpg HTTP/1.1" 200 1601
172.22.2.4 - - [03/May/2022:09:51:38 -0500] "GET /BLA/boletinlegal/images/menu_lft.gif HTTP/1.1" 200 1713
172.22.2.4 - - [03/May/2022:09:51:38 -0500] "GET /BLA/boletinlegal/images/menu_rght.gif HTTP/1.1" 200 1627
172.22.2.4 - - [03/May/2022:09:51:38 -0500] "GET /BLA/boletinlegal/images/bg_top.jpg HTTP/1.1" 200 522
172.22.2.4 - - [03/May/2022:09:51:38 -0500] "GET /BLA/boletinlegal/images/menu_bg.jpg HTTP/1.1" 200 620
172.22.2.4 - - [03/May/2022:09:51:38 -0500] "GET /BLA/boletinlegal/images/hover.jpg HTTP/1.1" 200 640
172.22.2.4 - - [03/May/2022:09:51:38 -0500] "GET /BLA/boletinlegal/images/text.jpg HTTP/1.1" 200 568
172.22.2.4 - - [03/May/2022:09:51:38 -0500] "GET /BLA/boletinlegal/images/footer_bg.jpg HTTP/1.1" 200 586
172.22.2.4 - - [03/May/2022:09:51:38 -0500] "GET /BLA/boletinlegal/images/footer_bg_l.jpg HTTP/1.1" 200 776
172.22.2.4 - - [03/May/2022:09:51:38 -0500] "GET /BLA/boletinlegal/img/0.png HTTP/1.1" 200 110
172.22.2.4 - - [03/May/2022:09:51:38 -0500] "GET /BLA/boletinlegal/img/select-left.png HTTP/1.1" 200 263
172.22.2.4 - - [03/May/2022:09:51:38 -0500] "GET /BLA/boletinlegal/img/select-right.png HTTP/1.1" 200 44019
172.22.2.4 - - [03/May/2022:09:51:38 -0500] "GET /BLA/boletinlegal/img/button-left.png HTTP/1.1" 200 57071
172.22.2.4 - - [03/May/2022:09:51:38 -0500] "GET /BLA/boletinlegal/img/button-right.png HTTP/1.1" 200 57878
172.22.2.4 - - [03/May/2022:09:51:38 -0500] "GET /BLA/boletinlegal/img/button.png HTTP/1.1" 200 43241
172.22.2.4 - - [03/May/2022:09:51:38 -0500] "GET /BLA/boletinlegal/favicon.ico HTTP/1.1" 404 1326
181.61.164.108 - - [03/May/2022:09:51:41 -0500] "GET /BLA/resoluciones/RESOLUCIONES%202007/RES%202007%202201%20AL%202300/RESOLUCION%202280%20DE%202007.pdf HTTP/1.1" 200 781577
172.22.2.4 - - [03/May/2022:09:51:42 -0500] "GET /BLA/boletinlegal/consulta_actos.php?tipo=resoluciones&no=&usuario=&sector=&fecha=2020&resuelve=ARBOL HTTP/1.1" 200 626
181.61.164.108 - - [03/May/2022:09:51:44 -0500] "GET /BLA/resoluciones/RESOLUCIONES%202007/RES%202007%202201%20AL%202300/RESOLUCION%202281%20DE%202007.pdf HTTP/1.1" 200 640008
172.22.2.4 - - [03/May/2022:09:51:45 -0500] "GET /BLA/boletinlegal/consulta_actos.php?tipo=resoluciones&no=&usuario=&sector=&fecha=2019&resuelve=ARBOL HTTP/1.1" 200 626
181.61.164.108 - - [03/May/2022:09:51:48 -0500] "GET /BLA/resoluciones/RESOLUCIONES%202007/RES%202007%202201%20AL%202300/RESOLUCION%202282%20DE%202007.pdf HTTP/1.1" 200 490944
172.22.2.4 - - [03/May/2022:09:51:49 -0500] "GET /BLA/boletinlegal/consulta_actos.php?tipo=resoluciones&no=&usuario=&sector=&fecha=2020&resuelve=ARBOL HTTP/1.1" 200 626
181.61.164.108 - - [03/May/2022:09:51:50 -0500] "GET /BLA/resoluciones/RESOLUCIONES%202007/RES%202007%202201%20AL%202300/RESOLUCION%202283%20DE%202007.pdf HTTP/1.1" 200 535101
181.61.164.108 - - [03/May/2022:09:51:52 -0500] "GET /BLA/resoluciones/RESOLUCIONES%202007/RES%202007%202201%20AL%202300/RESOLUCION%202284%20DE%202007.pdf HTTP/1.1" 200 688079
172.22.2.4 - - [03/May/2022:09:51:52 -0500] "GET /BLA/boletinlegal/consulta_actos.php?tipo=resoluciones&no=&usuario=&sector=&fecha=2021&resuelve=ARBOL HTTP/1.1" 200 626
172.22.2.4 - - [03/May/2022:09:51:54 -0500] "GET /BLA/boletinlegal/consulta_actos.php?tipo=resoluciones&no=0535&usuario=&sector=&fecha=2020&resuelve= HTTP/1.1" 200 626
172.22.2.4 - - [03/May/2022:09:51:54 -0500] "GET /BLA/boletinlegal/consulta_actos.php?tipo=resoluciones&no=&usuario=&sector=&fecha=2022&resuelve=ARBOL HTTP/1.1" 200 626
172.22.2.4 - - [03/May/2022:09:51:58 -0500] "GET /BLA/boletinlegal/consulta_actos.php?tipo=resoluciones&no=&usuario=&sector=&fecha=2022&resuelve=ARBOLES HTTP/1.1" 200 626
216.245.221.92 - - [03/May/2022:09:51:58 -0500] "HEAD / HTTP/1.1" 200 -
172.22.2.4 - - [03/May/2022:09:50:19 -0500] "GET /BLA/boletinlegal/ HTTP/1.1" 200 54090
172.22.2.4 - - [03/May/2022:09:52:01 -0500] "GET /BLA/boletinlegal/consulta_actos.php?tipo=resoluciones&no=0535&usuario=ECOLCIN&sector=&fecha=2020&resuelve= HTTP/1.1" 200 626
172.22.2.4 - - [03/May/2022:09:52:01 -0500] "GET /BLA/boletinlegal/consulta_actos.php?tipo=resoluciones&no=&usuario=&sector=&fecha=2021&resuelve=ARBOLES HTTP/1.1" 200 626
181.61.164.108 - - [03/May/2022:09:52:02 -0500] "GET /BLA/resoluciones/RESOLUCIONES%202007/RES%202007%202201%20AL%202300/RESOLUCION%202285%20DE%202007.pdf HTTP/1.1" 200 671418
181.61.164.108 - - [03/May/2022:09:52:04 -0500] "GET /BLA/resoluciones/RESOLUCIONES%202007/RES%202007%202201%20AL%202300/RESOLUCION%202286%20DE%202007.pdf HTTP/1.1" 200 711447
172.22.2.4 - - [03/May/2022:09:52:04 -0500] "GET /BLA/boletinlegal/consulta_actos.php?tipo=resoluciones&no=&usuario=&sector=&fecha=2020&resuelve=ARBOLES HTTP/1.1" 200 626
181.61.164.108 - - [03/May/2022:09:52:07 -0500] "GET /BLA/resoluciones/RESOLUCIONES%202007/RES%202007%202201%20AL%202300/RESOLUCION%202287%20DE%202007.pdf HTTP/1.1" 200 713419
172.22.2.4 - - [03/May/2022:09:52:08 -0500] "GET /BLA/boletinlegal/consulta_actos.php?tipo=resoluciones&no=&usuario=&sector=&fecha=2019&resuelve=ARBOLES HTTP/1.1" 200 626
181.61.164.108 - - [03/May/2022:09:52:09 -0500] "GET /BLA/resoluciones/RESOLUCIONES%202007/RES%202007%202201%20AL%202300/RESOLUCION%202288%20DE%202007.pdf HTTP/1.1" 200 548358
181.61.164.108 - - [03/May/2022:09:52:10 -0500] "GET /BLA/resoluciones/RESOLUCIONES%202007/RES%202007%202201%20AL%202300/RESOLUCION%202289%20DE%202007.pdf HTTP/1.1" 200 879277
181.61.164.108 - - [03/May/2022:09:52:12 -0500] "GET /BLA/resoluciones/RESOLUCIONES%202007/RES%202007%202201%20AL%202300/RESOLUCION%202290%20DE%202007.pdf HTTP/1.1" 200 1053960
172.22.2.4 - - [03/May/2022:09:52:12 -0500] "GET /BLA/boletinlegal/consulta_actos.php?tipo=resoluciones&no=&usuario=&sector=&fecha=2018&resuelve=ARBOLES HTTP/1.1" 200 626
181.61.164.108 - - [03/May/2022:09:52:13 -0500] "GET /BLA/resoluciones/RESOLUCIONES%202007/RES%202007%202201%20AL%202300/RESOLUCION%202291%20DE%202007.pdf HTTP/1.1" 200 751119
181.61.164.108 - - [03/May/2022:09:52:15 -0500] "GET /BLA/resoluciones/RESOLUCIONES%202007/RES%202007%202201%20AL%202300/RESOLUCION%202292%20DE%202007.pdf HTTP/1.1" 200 888165
172.22.2.4 - - [03/May/2022:09:52:16 -0500] "GET /BLA/boletinlegal/consulta_actos.php?tipo=resoluciones&no=&usuario=&sector=&fecha=2017&resuelve=ARBOLES HTTP/1.1" 200 626
181.61.164.108 - - [03/May/2022:09:52:19 -0500] "GET /BLA/resoluciones/RESOLUCIONES%202007/RES%202007%202201%20AL%202300/RESOLUCION%202293%20DE%202007.pdf HTTP/1.1" 200 763025
172.22.2.4 - - [03/May/2022:09:52:21 -0500] "GET /BLA/boletinlegal/consulta_actos.php?tipo=resoluciones&no=&usuario=&sector=&fecha=2016&resuelve=ARBOLES HTTP/1.1" 200 626
181.61.164.108 - - [03/May/2022:09:52:21 -0500] "GET /BLA/resoluciones/RESOLUCIONES%202007/RES%202007%202201%20AL%202300/RESOLUCION%202294%20DE%202007.pdf HTTP/1.1" 200 85996
181.61.164.108 - - [03/May/2022:09:52:23 -0500] "GET /BLA/resoluciones/RESOLUCIONES%202007/RES%202007%202201%20AL%202300/RESOLUCION%202295%20DE%202007.pdf HTTP/1.1" 200 527536
181.61.164.108 - - [03/May/2022:09:52:26 -0500] "GET /BLA/resoluciones/RESOLUCIONES%202007/RES%202007%202201%20AL%202300/RESOLUCION%202296%20DE%202007.pdf HTTP/1.1" 200 356136
181.61.164.108 - - [03/May/2022:09:52:29 -0500] "GET /BLA/resoluciones/RESOLUCIONES%202007/RES%202007%202201%20AL%202300/RESOLUCION%202297%20DE%202007.pdf HTTP/1.1" 200 344654
181.61.164.108 - - [03/May/2022:09:52:30 -0500] "GET /BLA/resoluciones/RESOLUCIONES%202007/RES%202007%202201%20AL%202300/RESOLUCION%202298%20DE%202007.pdf HTTP/1.1" 200 372708
181.61.164.108 - - [03/May/2022:09:52:33 -0500] "GET /BLA/resoluciones/RESOLUCIONES%202007/RES%202007%202201%20AL%202300/RESOLUCION%202299%20%20DE%202007.pdf HTTP/1.1" 200 1002388
181.61.164.108 - - [03/May/2022:09:52:35 -0500] "GET /BLA/resoluciones/RESOLUCIONES%202007/RES%202007%202201%20AL%202300/RESOLUCION%202300%20DE%202007.pdf HTTP/1.1" 200 366034
172.22.2.4 - - [03/May/2022:09:52:38 -0500] "GET /BLA/boletinlegal/consulta_actos.php?tipo=resoluciones&no=&usuario=&sector=&fecha=2016&resuelve=%C1RBOLES HTTP/1.1" 200 626
172.22.2.4 - - [03/May/2022:09:52:41 -0500] "GET /BLA/boletinlegal/consulta_actos.php?tipo=resoluciones&no=&usuario=&sector=&fecha=2017&resuelve=%C1RBOLES HTTP/1.1" 200 626
172.22.2.4 - - [03/May/2022:09:52:44 -0500] "GET /BLA/boletinlegal/consulta_actos.php?tipo=resoluciones&no=&usuario=&sector=&fecha=2018&resuelve=%C1RBOLES HTTP/1.1" 200 626
172.22.2.4 - - [03/May/2022:09:52:47 -0500] "GET /BLA/boletinlegal/consulta_actos.php?tipo=resoluciones&no=&usuario=&sector=&fecha=2019&resuelve=%C1RBOLES HTTP/1.1" 200 626
172.22.2.4 - - [03/May/2022:09:52:50 -0500] "GET /BLA/boletinlegal/consulta_actos.php?tipo=resoluciones&no=&usuario=&sector=&fecha=2020&resuelve=%C1RBOLES HTTP/1.1" 200 626
172.22.2.4 - - [03/May/2022:09:52:57 -0500] "GET /BLA/boletinlegal/consulta_actos.php?tipo=resoluciones&no=&usuario=&sector=&fecha=2015&resuelve=%C1RBOLES HTTP/1.1" 200 626
172.22.2.4 - - [03/May/2022:09:53:02 -0500] "GET /BLA/boletinlegal/consulta_actos.php?tipo=resoluciones&no=&usuario=&sector=&fecha=2015&resuelve=TALA HTTP/1.1" 200 626
172.22.2.4 - - [03/May/2022:09:53:07 -0500] "GET /BLA/boletinlegal/consulta_actos.php?tipo=resoluciones&no=&usuario=&sector=&fecha=2016&resuelve=TALA HTTP/1.1" 200 1578
200.93.135.157 - - [03/May/2022:09:53:23 -0500] "GET /BLA/resoluciones/RESOLUCIONES%202016/2156.pdf HTTP/1.1" 200 278078
201.245.192.253 - - [03/May/2022:09:54:36 -0500] "GET /sipse/faces/faces/index.xhtml HTTP/1.1" 200 677
201.245.192.253 - - [03/May/2022:09:54:36 -0500] "GET /sipse/faces/javax.faces.resource/theme.css?ln=primefaces-sipse HTTP/1.1" 200 50058
201.245.192.253 - - [03/May/2022:09:54:36 -0500] "GET /favicon.ico HTTP/1.1" 200 7782
201.245.192.253 - - [03/May/2022:09:54:36 -0500] "GET /sipse/faces/faces/faces/autenticacion.xhtml HTTP/1.1" 200 12168
201.245.192.253 - - [03/May/2022:09:54:36 -0500] "GET /sipse/js/disable_browser_buttons.js HTTP/1.1" 200 3230
201.245.192.253 - - [03/May/2022:09:54:36 -0500] "GET /sipse/js/funciones.js HTTP/1.1" 200 12592
201.245.192.253 - - [03/May/2022:09:54:36 -0500] "GET /sipse/css/custom_css_sg.css HTTP/1.1" 200 9694
201.245.192.253 - - [03/May/2022:09:54:36 -0500] "GET /sipse/css/custom_css_sg_prime_login.css HTTP/1.1" 200 443
201.245.192.253 - - [03/May/2022:09:54:36 -0500] "GET /sipse/faces/javax.faces.resource/layout/layout.css?ln=primefaces&v=4.0 HTTP/1.1" 200 542
201.245.192.253 - - [03/May/2022:09:54:36 -0500] "GET /sipse/faces/javax.faces.resource/theme.css?ln=primefaces-sipse HTTP/1.1" 304 -
201.245.192.253 - - [03/May/2022:09:54:36 -0500] "GET /sipse/faces/javax.faces.resource/primefaces.css?ln=primefaces&v=4.0 HTTP/1.1" 200 53295
201.245.192.253 - - [03/May/2022:09:54:36 -0500] "GET /sipse/faces/javax.faces.resource/jquery/jquery.js?ln=primefaces&v=4.0 HTTP/1.1" 200 105384
201.245.192.253 - - [03/May/2022:09:54:36 -0500] "GET /sipse/faces/javax.faces.resource/layout/layout.js?ln=primefaces&v=4.0 HTTP/1.1" 200 87560
201.245.192.253 - - [03/May/2022:09:54:36 -0500] "GET /sipse/faces/javax.faces.resource/primefaces.js?ln=primefaces&v=4.0 HTTP/1.1" 200 276924
201.245.192.253 - - [03/May/2022:09:54:36 -0500] "GET /sipse/faces/javax.faces.resource/jquery/jquery-plugins.js?ln=primefaces&v=4.0 HTTP/1.1" 200 220526
201.245.192.253 - - [03/May/2022:09:54:37 -0500] "GET /sipse/css/imagen/logoSDG.png HTTP/1.1" 200 53064
201.245.192.253 - - [03/May/2022:09:54:37 -0500] "GET /sipse/css/imagen/loginimg.png HTTP/1.1" 200 71635
201.245.192.253 - - [03/May/2022:09:54:37 -0500] "GET /sipse/faces/javax.faces.resource/images/ui-icons_898989_256x240.png?ln=primefaces-aristo HTTP/1.1" 200 5355
201.245.192.253 - - [03/May/2022:09:54:40 -0500] "POST /sipse/faces/autenticacion.xhtml HTTP/1.1" 200 2220
201.245.192.253 - - [03/May/2022:09:54:40 -0500] "GET /sipse/faces/javax.faces.resource/messages/messages.png?ln=primefaces&v=4.0 HTTP/1.1" 200 27209
201.245.192.253 - - [03/May/2022:09:54:41 -0500] "POST /sipse/faces/autenticacion.xhtml HTTP/1.1" 200 16236
201.245.192.253 - - [03/May/2022:09:54:41 -0500] "GET /sipse/css/custom_css_sg_prime.css HTTP/1.1" 200 5201
201.245.192.253 - - [03/May/2022:09:54:41 -0500] "GET /sipse/faces/javax.faces.resource/primefaces.css?ln=primefaces&v=4.0 HTTP/1.1" 304 -
201.245.192.253 - - [03/May/2022:09:54:41 -0500] "GET /sipse/faces/javax.faces.resource/layout/layout.css?ln=primefaces&v=4.0 HTTP/1.1" 304 -
201.245.192.253 - - [03/May/2022:09:54:41 -0500] "GET /sipse/faces/javax.faces.resource/theme.css?ln=primefaces-sipse HTTP/1.1" 304 -
201.245.192.253 - - [03/May/2022:09:54:42 -0500] "GET /sipse/js/jquery.min.js HTTP/1.1" 200 85582
201.245.192.253 - - [03/May/2022:09:54:42 -0500] "GET /sipse/faces/javax.faces.resource/jquery/jquery.js?ln=primefaces&v=4.0 HTTP/1.1" 304 -
201.245.192.253 - - [03/May/2022:09:54:42 -0500] "GET /sipse/faces/javax.faces.resource/jquery/jquery-plugins.js?ln=primefaces&v=4.0 HTTP/1.1" 304 -
201.245.192.253 - - [03/May/2022:09:54:42 -0500] "GET /sipse/faces/javax.faces.resource/primefaces.js?ln=primefaces&v=4.0 HTTP/1.1" 304 -
201.245.192.253 - - [03/May/2022:09:54:42 -0500] "GET /sipse/faces/javax.faces.resource/layout/layout.js?ln=primefaces&v=4.0 HTTP/1.1" 304 -
201.245.192.253 - - [03/May/2022:09:54:42 -0500] "GET /sipse/css/imagen/contrasena.png HTTP/1.1" 404 383
201.245.192.253 - - [03/May/2022:09:54:42 -0500] "GET /sipse/imagenes/cargando.gif HTTP/1.1" 200 36959
201.245.192.253 - - [03/May/2022:09:54:42 -0500] "GET /sipse/imagenes/logoAplicacion.jpg HTTP/1.1" 200 155084
201.245.172.42 - - [03/May/2022:09:54:43 -0500] "GET /galeria/galeria/jquery.fancybox.css?v=2.1.5 HTTP/1.1" 200 4895
201.245.172.42 - - [03/May/2022:09:54:43 -0500] "GET /BLA/boletinlegal/js/jquery.scrollShow.js HTTP/1.1" 200 4586
201.245.172.42 - - [03/May/2022:09:54:43 -0500] "GET /galeria/galeria/jquery.fancybox.js?v=2.1.5 HTTP/1.1" 200 48706
201.245.192.253 - - [03/May/2022:09:54:43 -0500] "POST /sipse/faces/bienvenido.xhtml HTTP/1.1" 200 2658
201.245.192.253 - - [03/May/2022:09:54:43 -0500] "GET /sipse/faces/javax.faces.resource/images/ui-bg_flat_0_2d5972_40x100.png?ln=primefaces-aristo HTTP/1.1" 200 183
201.245.192.253 - - [03/May/2022:09:54:44 -0500] "POST /sipse/faces/bienvenido.xhtml HTTP/1.1" 200 60549
201.245.192.253 - - [03/May/2022:09:54:45 -0500] "GET /sipse/faces/javax.faces.resource/theme.css?ln=primefaces-sipse HTTP/1.1" 304 -
201.245.192.253 - - [03/May/2022:09:54:45 -0500] "GET /sipse/faces/javax.faces.resource/layout/layout.css?ln=primefaces&v=4.0 HTTP/1.1" 304 -
201.245.192.253 - - [03/May/2022:09:54:45 -0500] "GET /sipse/faces/javax.faces.resource/primefaces.css?ln=primefaces&v=4.0 HTTP/1.1" 304 -
201.245.192.253 - - [03/May/2022:09:54:45 -0500] "GET /sipse/faces/javax.faces.resource/jquery/jquery.js?ln=primefaces&v=4.0 HTTP/1.1" 304 -
201.245.192.253 - - [03/May/2022:09:54:45 -0500] "GET /sipse/faces/javax.faces.resource/jquery/jquery-plugins.js?ln=primefaces&v=4.0 HTTP/1.1" 304 -
201.245.192.253 - - [03/May/2022:09:54:45 -0500] "GET /sipse/faces/javax.faces.resource/primefaces.js?ln=primefaces&v=4.0 HTTP/1.1" 304 -
201.245.192.253 - - [03/May/2022:09:54:45 -0500] "GET /sipse/faces/javax.faces.resource/layout/layout.js?ln=primefaces&v=4.0 HTTP/1.1" 304 -
201.245.192.253 - - [03/May/2022:09:54:45 -0500] "POST /sipse/faces/presentacion/financiero/solicitudProceso/listarSolicitudProceso.xhtml HTTP/1.1" 200 1444
201.245.192.253 - - [03/May/2022:09:54:51 -0500] "POST /sipse/faces/presentacion/financiero/solicitudProceso/listarSolicitudProceso.xhtml HTTP/1.1" 200 125927
201.245.192.253 - - [03/May/2022:09:54:51 -0500] "GET /sipse/faces/javax.faces.resource/primefaces.css?ln=primefaces&v=4.0 HTTP/1.1" 304 -
201.245.192.253 - - [03/May/2022:09:54:51 -0500] "GET /sipse/faces/javax.faces.resource/theme.css?ln=primefaces-sipse HTTP/1.1" 304 -
201.245.192.253 - - [03/May/2022:09:54:51 -0500] "GET /sipse/faces/javax.faces.resource/layout/layout.css?ln=primefaces&v=4.0 HTTP/1.1" 304 -
201.245.192.253 - - [03/May/2022:09:54:51 -0500] "GET /sipse/faces/javax.faces.resource/jquery/jquery.js?ln=primefaces&v=4.0 HTTP/1.1" 304 -
201.245.192.253 - - [03/May/2022:09:54:51 -0500] "GET /sipse/faces/javax.faces.resource/jquery/jquery-plugins.js?ln=primefaces&v=4.0 HTTP/1.1" 304 -
201.245.192.253 - - [03/May/2022:09:54:51 -0500] "GET /sipse/faces/javax.faces.resource/primefaces.js?ln=primefaces&v=4.0 HTTP/1.1" 304 -
201.245.192.253 - - [03/May/2022:09:54:51 -0500] "GET /sipse/faces/javax.faces.resource/layout/layout.js?ln=primefaces&v=4.0 HTTP/1.1" 304 -
186.102.13.249 - - [03/May/2022:09:55:06 -0500] "GET /kwssiamovil/sm/acme/a?s=U2FsdGVkX19wYo03AsLkJT3ZJbxw3U+dUoQclq7MFwd7Bni1KrbvXgJZgHwyou3wxGMvnTbOU1PhQ85yrzPaB1kJiAfD4PjkiIjZXSLbBRsq3ku/+Lj3HS6icaaTKKTvZ7CkP1mFJOu0Cx9U0Q5DWbp/OE/lae3x/hSMe4qQwBJ7Ryd5rsVsirMbOWUG1BOVLy0nDJL3JCk5cBOlrNybgKkzsCUWt5N827H+fe9qttN6Sb4wIBRqLmaQzVuHSxdDLxO2FHyVXiRsrwF6Qm0upw==&u=U2FsdGVkX18u2uO8nJlsUHcaqacuuWKZR8cNEnz6rWc=&y=U2FsdGVkX1+MarxWDb0IdCUfay6z3M9KlSN4VnnlkSw= HTTP/1.1" 200 25
186.102.13.249 - - [03/May/2022:09:55:07 -0500] "GET /kwssiamovil/sm/acme/a?s=U2FsdGVkX1+YljFJ+0WiX8nLZOHCD67Agz5tdEDEunzAI+cFU+zg1B/lseYKxyAWmL/P87kQFlpKmI5i+wkSgHAMNSxu6WjALwgONJyD3EJl7l1hNhEqbfu17bUFVIUsU3YxiT4AuSc/rb4krqSMxknTtxj11cgXRKitg7RCKuHwGIdHVfg0e1FycO/isRSLHPkXvpjjQNpX3htkcQrHHMXNHXc3OPDXn68fbtrpP1Qb54gKDZB2LOZetgrjt2pUf1V6ZWgm44JYFinMFZOkhvgjkCvzf2BoTtWClikbOnIjny9V+R8PeDIznWdQZtsEeHCmF+HEsguC+mfxg1O3857YRuwe+h5bdjwOQr4OGaNL5JjZ9N+7f7ka8yAl9UXTwWoxSt9tSjkgqhczg5lXVORZjiKqDiVCVp9WFQs0b63DQk3gf2RwnvP185IVr8eVhra1i3Tr+yyjrsQyrCRZF+4Cny2yFZSP/NQo8mVNaQnYAR76MeUM4PFw6J/5mjZOPjGcCz/yDcEs/bENUWsngqItH4BtHx8vn7dXqAdU2sI+QoxdO5TKD8RE3bTW5MTfI8B8S4JSrz9vXdfpdEPSxqvRIK6rkOsDhMxVG2f21m9PW7PYygaYeAFyZpXlCv6uMQFpr781H/l3Va4wJXb3zvpPDvM8Mwxdtk5hooQXnTXA/E/YLi0Ad5oiHpcmfI5z+LwfuwDLg43nBuNMKpL4K8X4nIqyeLbZeuPqmRnOhJlQtRgR2BtXM8uM/C3n4UsKuLD+cPSIMgzD/0CEYpaJaUlx+JQe/+9MaYz96FasLQvMZlSaR03S/9YfuNC9gqRVkxRLZW2dYzMFXKKvhhO+I/5ajndsFPxhiMkC+wqwsbn4wYY3Ha68glZjmfNvmJrSrmHzNWKipseYsCejoKfSaOS0nuxw6nylnXFsLJPG2bYvaszI6OUtKrS+vt//5jheE3jEahyjCu8V3+vbtMUd7ElGsxVYHTnMs4RZUJAsL4IUl/8YEk3fTOlODyiHY9cc1wCCExOXM/93LmxbalwKSjJ5pu5Q/YkU2W+LHWr8bypFNIK6qU4rFwGN/pAN9v11GOYmtOGhfMyHk5zPWc6deBnDI6uHRgZbTbXpy9vv12SU1jeyb2qn+Zy6KZYZwQBvazDy/BhN2nWZi83wgOuqZEhEUIkiH/t0NYyeOzck0QuSDRJU/VXIxgqE/KpHNQ9Cd9smSJ5g8pI6fdKnKoLLi5gd8/D31kQS6qXuzVvc3xtFMFCCbP3+vNWMg+1tmEp/2vYz1iW+jahwMM8xsUz9YPBpTd1xd87S9guckTpP1QefZ6+OI29gBPpTHqVLZG2fCtdzZisYb9vnb/pnVClu6QXN0NH1Yt+xF0TZ+GWEzVN4tkmHkjG+hvho6O46d1mrX7563DRsWxBGSNSAxtyzYOpfESHsYp9oEglwXfb5C7n798LoBi/o3GJoqL8Rj2T3PTKmFOMVtPERZ4TNhl8g5Yb0ZfhL5AS6wwQzDW5Awvg=&u=U2FsdGVkX18u2uO8nJlsUHcaqacuuWKZR8cNEnz6rWc=&y=U2FsdGVkX1+MarxWDb0IdCUfay6z3M9KlSN4VnnlkSw= HTTP/1.1" 200 25
186.102.13.249 - - [03/May/2022:09:55:07 -0500] "GET /kwssiamovil/sm/acme/a?s=U2FsdGVkX1+rF+SBzRViAkwOuYl/z/G5dDHaz+sqjkPu9Y3BWW/JJe4M0zQKRef1VCs15AkL1YpG1Um5L8ZwSn7FHj6DABUCHk66aGIiAqjOgVdYh8x/ZRX688cTg1lUfmBxkrjiuazAjzzemiaq6GC9mWjtCi3cx4FPwUXuj7A=&u=U2FsdGVkX18u2uO8nJlsUHcaqacuuWKZR8cNEnz6rWc=&y=U2FsdGVkX1+MarxWDb0IdCUfay6z3M9KlSN4VnnlkSw= HTTP/1.1" 200 25
186.102.13.249 - - [03/May/2022:09:55:07 -0500] "GET /kwssiamovil/sm/acme/a?s=U2FsdGVkX1/uIfu4AyH0/EUY4e1iWyfAHEI/5rdnLlxaRKf5R1g5qHYLE+m9CdOJD4DCe0AbbUIvI4FcZiM0T2E+og8v5vBtd3XOSO1c8afta0yPPk/YwXhcE2wloSZDrpgBY3ud9jUUUw7JegWtLQ4g6IJaELy7eW/5Jl1jf7Y=&u=U2FsdGVkX18u2uO8nJlsUHcaqacuuWKZR8cNEnz6rWc=&y=U2FsdGVkX1+MarxWDb0IdCUfay6z3M9KlSN4VnnlkSw= HTTP/1.1" 200 25
34.90.59.247 - - [03/May/2022:09:55:07 -0500] "GET / HTTP/1.1" 200 319
186.102.13.249 - - [03/May/2022:09:55:07 -0500] "GET /kwssiamovil/sm/acme/a?s=U2FsdGVkX18juRdbjK/U02LlckbemGrvEb/4eDGLNqhaPe5/02qqaEQiFswW1gR5nwSRvb19IkggaxzpnzOKVAkNjTFJU9zsEnvvqFpa2C5Hn5YqF2yTmz/f+EcWujV1dtmpP4g1FsTmBlVTO5bCRRdME7ZmIbMiK9Ous/XJtyc=&u=U2FsdGVkX18u2uO8nJlsUHcaqacuuWKZR8cNEnz6rWc=&y=U2FsdGVkX1+MarxWDb0IdCUfay6z3M9KlSN4VnnlkSw= HTTP/1.1" 200 25
186.102.13.249 - - [03/May/2022:09:55:07 -0500] "GET /kwssiamovil/sm/acme/a?s=U2FsdGVkX1/6QiukjSTJ87403pdBkqGQjJLLQXIQBlRuBRvnnA1iFvn8HJhKnlP7bGWhncJlxnBCbMh3R0Vp4BamlgQHUYndPZJbS5dktkGZejVA/KHk8OnfoZ1n/6pO7FMIGxpX3wPQEbzBfz7intXh09YYO9sgwThxK+5JpGGn0KshTdtZXwLm8YNJExmX&u=U2FsdGVkX18u2uO8nJlsUHcaqacuuWKZR8cNEnz6rWc=&y=U2FsdGVkX1+MarxWDb0IdCUfay6z3M9KlSN4VnnlkSw= HTTP/1.1" 200 25
201.245.192.253 - - [03/May/2022:09:55:40 -0500] "POST /sipse/faces/presentacion/financiero/solicitudProceso/consultarSolicitudProceso.xhtml HTTP/1.1" 200 24160
201.245.192.253 - - [03/May/2022:09:55:52 -0500] "GET /sipse/faces/javax.faces.resource/theme.css?ln=primefaces-sipse HTTP/1.1" 304 -
201.245.192.253 - - [03/May/2022:09:55:52 -0500] "GET /sipse/faces/javax.faces.resource/primefaces.js?ln=primefaces&v=4.0 HTTP/1.1" 304 -
201.245.192.253 - - [03/May/2022:09:55:52 -0500] "GET /sipse/faces/javax.faces.resource/primefaces.css?ln=primefaces&v=4.0 HTTP/1.1" 304 -
201.245.192.253 - - [03/May/2022:09:55:52 -0500] "GET /sipse/faces/javax.faces.resource/jquery/jquery.js?ln=primefaces&v=4.0 HTTP/1.1" 304 -
201.245.192.253 - - [03/May/2022:09:55:52 -0500] "GET /sipse/faces/javax.faces.resource/layout/layout.css?ln=primefaces&v=4.0 HTTP/1.1" 304 -
201.245.192.253 - - [03/May/2022:09:55:52 -0500] "GET /sipse/faces/javax.faces.resource/jquery/jquery-plugins.js?ln=primefaces&v=4.0 HTTP/1.1" 304 -
201.245.192.253 - - [03/May/2022:09:55:52 -0500] "GET /sipse/faces/javax.faces.resource/layout/layout.js?ln=primefaces&v=4.0 HTTP/1.1" 304 -
201.245.192.253 - - [03/May/2022:09:55:55 -0500] "GET /sipse/faces/javax.faces.resource/spacer/dot_clear.gif?ln=primefaces&v=4.0 HTTP/1.1" 200 42
216.245.221.92 - - [03/May/2022:09:56:58 -0500] "HEAD / HTTP/1.1" 200 -
172.22.2.4 - - [03/May/2022:09:55:18 -0500] "HEAD /BLA/boletinlegal/ HTTP/1.1" 200 -
161.18.227.178 - - [03/May/2022:09:57:23 -0500] "GET /BLA/boletinlegal/js/jquery.scrollShow.js HTTP/1.1" 200 4586
161.18.227.178 - - [03/May/2022:09:57:23 -0500] "GET /galeria/galeria/jquery.fancybox.css?v=2.1.5 HTTP/1.1" 200 4895
161.18.227.178 - - [03/May/2022:09:57:23 -0500] "GET /galeria/galeria/jquery.fancybox.js?v=2.1.5 HTTP/1.1" 200 48706
181.61.164.108 - - [03/May/2022:09:57:48 -0500] "GET /BLA/resoluciones/index.php?dir=RESOLUCIONES+2007%2FRES+2007+2301+AL+2400%2F HTTP/1.1" 200 26611
172.22.2.4 - - [03/May/2022:09:56:09 -0500] "GET /BLA/boletinlegal/ HTTP/1.1" 200 60932
181.61.164.108 - - [03/May/2022:09:57:51 -0500] "GET /BLA/resoluciones/RESOLUCIONES%202007/RES%202007%202301%20AL%202400/RESOLUCION%202301%20DE%202007.pdf HTTP/1.1" 200 413842
181.61.164.108 - - [03/May/2022:09:57:52 -0500] "GET /BLA/resoluciones/RESOLUCIONES%202007/RES%202007%202301%20AL%202400/RESOLUCION%202302%20DE%202007.pdf HTTP/1.1" 200 414871
181.61.164.108 - - [03/May/2022:09:57:53 -0500] "GET /BLA/resoluciones/RESOLUCIONES%202007/RES%202007%202301%20AL%202400/RESOLUCION%202303%20DE%202007.pdf HTTP/1.1" 200 770779
181.61.164.108 - - [03/May/2022:09:57:54 -0500] "GET /BLA/resoluciones/RESOLUCIONES%202007/RES%202007%202301%20AL%202400/RESOLUCION%202304%20DE%202007.pdf HTTP/1.1" 200 1302226
186.84.194.78 - - [03/May/2022:09:57:55 -0500] "GET /forest/ HTTP/1.1" 200 12041
181.61.164.108 - - [03/May/2022:09:57:55 -0500] "GET /BLA/resoluciones/RESOLUCIONES%202007/RES%202007%202301%20AL%202400/RESOLUCION%202305%20DE%202007.pdf HTTP/1.1" 200 642614
181.61.164.108 - - [03/May/2022:09:57:56 -0500] "GET /BLA/resoluciones/RESOLUCIONES%202007/RES%202007%202301%20AL%202400/RESOLUCION%202306%20DE%202007.pdf HTTP/1.1" 200 872282
181.61.164.108 - - [03/May/2022:09:57:57 -0500] "GET /BLA/resoluciones/RESOLUCIONES%202007/RES%202007%202301%20AL%202400/RESOLUCION%202307%20DE%202007.pdf HTTP/1.1" 200 1530239
181.61.164.108 - - [03/May/2022:09:57:58 -0500] "GET /BLA/resoluciones/RESOLUCIONES%202007/RES%202007%202301%20AL%202400/RESOLUCION%202308%20DE%202007.pdf HTTP/1.1" 200 1052061
181.61.164.108 - - [03/May/2022:09:57:59 -0500] "GET /BLA/resoluciones/RESOLUCIONES%202007/RES%202007%202301%20AL%202400/RESOLUCION%202309%20DE%202007.pdf HTTP/1.1" 200 853803
181.61.164.108 - - [03/May/2022:09:58:01 -0500] "GET /BLA/resoluciones/RESOLUCIONES%202007/RES%202007%202301%20AL%202400/RESOLUCION%202310%20DE%202007.pdf HTTP/1.1" 200 560408
181.61.164.108 - - [03/May/2022:09:58:02 -0500] "GET /BLA/resoluciones/RESOLUCIONES%202007/RES%202007%202301%20AL%202400/RESOLUCION%202311%20DE%202007.pdf HTTP/1.1" 200 444496
181.61.164.108 - - [03/May/2022:09:58:03 -0500] "GET /BLA/resoluciones/RESOLUCIONES%202007/RES%202007%202301%20AL%202400/RESOLUCION%202312%20DE%202007.pdf HTTP/1.1" 200 641225
181.61.164.108 - - [03/May/2022:09:58:05 -0500] "GET /BLA/resoluciones/RESOLUCIONES%202007/RES%202007%202301%20AL%202400/RESOLUCION%202313%20DE%202007.pdf HTTP/1.1" 200 779380
181.61.164.108 - - [03/May/2022:09:58:06 -0500] "GET /BLA/resoluciones/RESOLUCIONES%202007/RES%202007%202301%20AL%202400/RESOLUCION%202314%20DE%202007.pdf HTTP/1.1" 200 471447
181.61.164.108 - - [03/May/2022:09:58:07 -0500] "GET /BLA/resoluciones/RESOLUCIONES%202007/RES%202007%202301%20AL%202400/RESOLUCION%202315%20DE%202007.pdf HTTP/1.1" 200 825795
181.61.164.108 - - [03/May/2022:09:58:08 -0500] "GET /BLA/resoluciones/RESOLUCIONES%202007/RES%202007%202301%20AL%202400/RESOLUCION%202316%20DE%202007.pdf HTTP/1.1" 200 968594
181.61.164.108 - - [03/May/2022:09:58:10 -0500] "GET /BLA/resoluciones/RESOLUCIONES%202007/RES%202007%202301%20AL%202400/RESOLUCION%202317%20DE%202007.pdf HTTP/1.1" 200 503906
181.237.60.227 - - [03/May/2022:09:58:12 -0500] "GET /sipse/faces/index.xhtml HTTP/1.1" 200 677
181.237.60.227 - - [03/May/2022:09:58:12 -0500] "GET /sipse/faces/javax.faces.resource/theme.css?ln=primefaces-sipse HTTP/1.1" 200 50058
181.61.164.108 - - [03/May/2022:09:58:12 -0500] "GET /BLA/resoluciones/RESOLUCIONES%202007/RES%202007%202301%20AL%202400/RESOLUCION%202318%20DE%202007.pdf HTTP/1.1" 200 502878
181.237.60.227 - - [03/May/2022:09:58:12 -0500] "GET /sipse/faces/faces/autenticacion.xhtml HTTP/1.1" 200 12168
181.237.60.227 - - [03/May/2022:09:58:12 -0500] "GET /sipse/faces/javax.faces.resource/theme.css?ln=primefaces-sipse HTTP/1.1" 304 -
181.237.60.227 - - [03/May/2022:09:58:12 -0500] "GET /sipse/js/disable_browser_buttons.js HTTP/1.1" 304 -
181.237.60.227 - - [03/May/2022:09:58:12 -0500] "GET /sipse/js/funciones.js HTTP/1.1" 304 -
181.237.60.227 - - [03/May/2022:09:58:12 -0500] "GET /sipse/css/custom_css_sg_prime_login.css HTTP/1.1" 304 -
181.237.60.227 - - [03/May/2022:09:58:12 -0500] "GET /sipse/faces/javax.faces.resource/layout/layout.css?ln=primefaces&v=4.0 HTTP/1.1" 304 -
181.237.60.227 - - [03/May/2022:09:58:12 -0500] "GET /sipse/css/custom_css_sg.css HTTP/1.1" 304 -
181.237.60.227 - - [03/May/2022:09:58:12 -0500] "GET /sipse/faces/javax.faces.resource/jquery/jquery.js?ln=primefaces&v=4.0 HTTP/1.1" 304 -
181.237.60.227 - - [03/May/2022:09:58:12 -0500] "GET /sipse/faces/javax.faces.resource/primefaces.js?ln=primefaces&v=4.0 HTTP/1.1" 304 -
181.237.60.227 - - [03/May/2022:09:58:12 -0500] "GET /sipse/faces/javax.faces.resource/jquery/jquery-plugins.js?ln=primefaces&v=4.0 HTTP/1.1" 304 -
181.237.60.227 - - [03/May/2022:09:58:12 -0500] "GET /sipse/faces/javax.faces.resource/layout/layout.js?ln=primefaces&v=4.0 HTTP/1.1" 304 -
181.237.60.227 - - [03/May/2022:09:58:12 -0500] "GET /sipse/faces/javax.faces.resource/primefaces.css?ln=primefaces&v=4.0 HTTP/1.1" 200 53295
181.237.60.227 - - [03/May/2022:09:58:12 -0500] "GET /sipse/faces/javax.faces.resource/images/ui-icons_898989_256x240.png?ln=primefaces-aristo HTTP/1.1" 200 5355
181.237.60.227 - - [03/May/2022:09:58:12 -0500] "GET /sipse/css/imagen/loginimg.png HTTP/1.1" 200 71635
181.237.60.227 - - [03/May/2022:09:58:12 -0500] "GET /sipse/css/imagen/logoSDG.png HTTP/1.1" 200 53064
181.61.164.108 - - [03/May/2022:09:58:13 -0500] "GET /BLA/resoluciones/RESOLUCIONES%202007/RES%202007%202301%20AL%202400/RESOLUCION%202319%20DE%202007.pdf HTTP/1.1" 200 354227
181.237.60.227 - - [03/May/2022:09:58:14 -0500] "POST /sipse/faces/autenticacion.xhtml HTTP/1.1" 200 11986
181.237.60.227 - - [03/May/2022:09:58:14 -0500] "GET /sipse/css/custom_css_sg_prime.css HTTP/1.1" 200 5201
181.237.60.227 - - [03/May/2022:09:58:14 -0500] "GET /sipse/faces/javax.faces.resource/jquery/jquery.js?ln=primefaces&v=4.0 HTTP/1.1" 304 -
181.237.60.227 - - [03/May/2022:09:58:14 -0500] "GET /sipse/faces/javax.faces.resource/jquery/jquery-plugins.js?ln=primefaces&v=4.0 HTTP/1.1" 304 -
181.237.60.227 - - [03/May/2022:09:58:14 -0500] "GET /sipse/faces/javax.faces.resource/primefaces.js?ln=primefaces&v=4.0 HTTP/1.1" 304 -
181.237.60.227 - - [03/May/2022:09:58:14 -0500] "GET /sipse/faces/javax.faces.resource/layout/layout.js?ln=primefaces&v=4.0 HTTP/1.1" 304 -
181.237.60.227 - - [03/May/2022:09:58:14 -0500] "GET /sipse/faces/javax.faces.resource/messages/messages.png?ln=primefaces&v=4.0 HTTP/1.1" 200 27209
181.237.60.227 - - [03/May/2022:09:58:16 -0500] "POST /sipse/faces/presentacion/sistema/seguridad/seleccionRol.xhtml HTTP/1.1" 200 6423
181.237.60.227 - - [03/May/2022:09:58:17 -0500] "POST /sipse/faces/presentacion/sistema/seguridad/seleccionRol.xhtml HTTP/1.1" 200 18672
181.237.60.227 - - [03/May/2022:09:58:17 -0500] "GET /sipse/js/jquery.min.js HTTP/1.1" 304 -
181.237.60.227 - - [03/May/2022:09:58:17 -0500] "GET /sipse/faces/javax.faces.resource/jquery/jquery.js?ln=primefaces&v=4.0 HTTP/1.1" 304 -
181.237.60.227 - - [03/May/2022:09:58:17 -0500] "GET /sipse/faces/javax.faces.resource/jquery/jquery-plugins.js?ln=primefaces&v=4.0 HTTP/1.1" 304 -
181.237.60.227 - - [03/May/2022:09:58:17 -0500] "GET /sipse/faces/javax.faces.resource/primefaces.js?ln=primefaces&v=4.0 HTTP/1.1" 304 -
181.237.60.227 - - [03/May/2022:09:58:17 -0500] "GET /sipse/faces/javax.faces.resource/layout/layout.js?ln=primefaces&v=4.0 HTTP/1.1" 304 -
181.237.60.227 - - [03/May/2022:09:58:17 -0500] "GET /sipse/imagenes/cargando.gif HTTP/1.1" 304 -
181.237.60.227 - - [03/May/2022:09:58:17 -0500] "GET /sipse/imagenes/logoAplicacion.jpg HTTP/1.1" 304 -
181.237.60.227 - - [03/May/2022:09:58:17 -0500] "GET /sipse/css/imagen/contrasena.png HTTP/1.1" 404 383
181.61.164.108 - - [03/May/2022:09:58:17 -0500] "GET /BLA/resoluciones/RESOLUCIONES%202007/RES%202007%202301%20AL%202400/RESOLUCION%202320%20DE%202007.pdf HTTP/1.1" 200 195963
181.237.60.227 - - [03/May/2022:09:58:20 -0500] "GET /sipse/faces/javax.faces.resource/images/ui-bg_flat_0_2d5972_40x100.png?ln=primefaces-aristo HTTP/1.1" 200 183
181.237.60.227 - - [03/May/2022:09:58:20 -0500] "POST /sipse/faces/bienvenido.xhtml HTTP/1.1" 200 4442
181.61.164.108 - - [03/May/2022:09:58:21 -0500] "GET /BLA/resoluciones/RESOLUCIONES%202007/RES%202007%202301%20AL%202400/RESOLUCION%202321%20DE%202007.pdf HTTP/1.1" 200 598947
181.237.60.227 - - [03/May/2022:09:58:22 -0500] "POST /sipse/faces/bienvenido.xhtml HTTP/1.1" 200 35150
181.237.60.227 - - [03/May/2022:09:58:22 -0500] "GET /sipse/faces/javax.faces.resource/jquery/jquery.js?ln=primefaces&v=4.0 HTTP/1.1" 304 -
181.237.60.227 - - [03/May/2022:09:58:22 -0500] "GET /sipse/faces/javax.faces.resource/jquery/jquery-plugins.js?ln=primefaces&v=4.0 HTTP/1.1" 304 -
181.237.60.227 - - [03/May/2022:09:58:22 -0500] "GET /sipse/faces/javax.faces.resource/primefaces.js?ln=primefaces&v=4.0 HTTP/1.1" 304 -
181.237.60.227 - - [03/May/2022:09:58:22 -0500] "GET /sipse/faces/javax.faces.resource/layout/layout.js?ln=primefaces&v=4.0 HTTP/1.1" 304 -
181.237.60.227 - - [03/May/2022:09:58:23 -0500] "POST /sipse/faces/presentacion/financiero/solicitudProceso/listarSolicitudProceso.xhtml HTTP/1.1" 200 1324
181.61.164.108 - - [03/May/2022:09:58:23 -0500] "GET /BLA/resoluciones/RESOLUCIONES%202007/RES%202007%202301%20AL%202400/RESOLUCION%202322%20DE%202007.pdf HTTP/1.1" 200 635595
181.61.164.108 - - [03/May/2022:09:58:25 -0500] "GET /BLA/resoluciones/RESOLUCIONES%202007/RES%202007%202301%20AL%202400/RESOLUCION%202323%20DE%202007.pdf HTTP/1.1" 200 515482
181.61.164.108 - - [03/May/2022:09:58:27 -0500] "GET /BLA/resoluciones/RESOLUCIONES%202007/RES%202007%202301%20AL%202400/RESOLUCION%202324%20DE%202007.pdf HTTP/1.1" 200 484718
181.61.164.108 - - [03/May/2022:09:58:29 -0500] "GET /BLA/resoluciones/RESOLUCIONES%202007/RES%202007%202301%20AL%202400/RESOLUCION%202325%20DE%202007.pdf HTTP/1.1" 200 350435
201.245.192.253 - - [03/May/2022:09:59:31 -0500] "POST /sipse/faces/presentacion/financiero/solicitudProceso/listarSolicitudProceso.xhtml HTTP/1.1" 200 26180
201.245.192.253 - - [03/May/2022:09:59:32 -0500] "POST /sipse/faces/presentacion/financiero/solicitudProceso/listarSolicitudProceso.xhtml HTTP/1.1" 200 26180
201.245.192.253 - - [03/May/2022:09:59:33 -0500] "POST /sipse/faces/presentacion/financiero/solicitudProceso/listarSolicitudProceso.xhtml HTTP/1.1" 200 26180
201.245.192.253 - - [03/May/2022:09:59:34 -0500] "POST /sipse/faces/presentacion/financiero/solicitudProceso/listarSolicitudProceso.xhtml HTTP/1.1" 200 26180
201.245.192.253 - - [03/May/2022:09:59:35 -0500] "POST /sipse/faces/presentacion/financiero/solicitudProceso/listarSolicitudProceso.xhtml HTTP/1.1" 200 26180
201.245.192.253 - - [03/May/2022:09:59:35 -0500] "POST /sipse/faces/presentacion/financiero/solicitudProceso/listarSolicitudProceso.xhtml HTTP/1.1" 200 1340
201.245.192.253 - - [03/May/2022:09:59:35 -0500] "POST /sipse/faces/presentacion/financiero/solicitudProceso/listarSolicitudProceso.xhtml HTTP/1.1" 200 1372
201.245.192.253 - - [03/May/2022:09:59:35 -0500] "POST /sipse/faces/presentacion/financiero/solicitudProceso/listarSolicitudProceso.xhtml HTTP/1.1" 200 1372
201.245.192.253 - - [03/May/2022:09:59:35 -0500] "POST /sipse/faces/presentacion/financiero/solicitudProceso/listarSolicitudProceso.xhtml HTTP/1.1" 200 1372
201.245.192.253 - - [03/May/2022:09:59:35 -0500] "POST /sipse/faces/presentacion/financiero/solicitudProceso/listarSolicitudProceso.xhtml HTTP/1.1" 200 1372
181.61.164.108 - - [03/May/2022:09:59:42 -0500] "GET /BLA/resoluciones/RESOLUCIONES%202007/RES%202007%202301%20AL%202400/RESOLUCION%202326%20DE%202007.pdf HTTP/1.1" 200 807605
181.61.164.108 - - [03/May/2022:09:59:43 -0500] "GET /BLA/resoluciones/RESOLUCIONES%202007/RES%202007%202301%20AL%202400/RESOLUCION%202327%20DE%202007.pdf HTTP/1.1" 200 633508
181.61.164.108 - - [03/May/2022:09:59:44 -0500] "GET /BLA/resoluciones/RESOLUCIONES%202007/RES%202007%202301%20AL%202400/RESOLUCION%202328%20DE%202007.pdf HTTP/1.1" 200 31011
181.61.164.108 - - [03/May/2022:09:59:46 -0500] "GET /BLA/resoluciones/RESOLUCIONES%202007/RES%202007%202301%20AL%202400/RESOLUCION%202329%20DE%202007.pdf HTTP/1.1" 200 28586
181.61.164.108 - - [03/May/2022:09:59:47 -0500] "GET /BLA/resoluciones/RESOLUCIONES%202007/RES%202007%202301%20AL%202400/RESOLUCION%202330%20DE%202007.pdf HTTP/1.1" 200 29576
181.61.164.108 - - [03/May/2022:09:59:48 -0500] "GET /BLA/resoluciones/RESOLUCIONES%202007/RES%202007%202301%20AL%202400/RESOLUCION%202331%20DE%202007.pdf HTTP/1.1" 200 109526
181.61.164.108 - - [03/May/2022:09:59:49 -0500] "GET /BLA/resoluciones/RESOLUCIONES%202007/RES%202007%202301%20AL%202400/RESOLUCION%202332%20DE%202007.pdf HTTP/1.1" 200 196836
181.61.164.108 - - [03/May/2022:09:59:50 -0500] "GET /BLA/resoluciones/RESOLUCIONES%202007/RES%202007%202301%20AL%202400/RESOLUCION%202333%20DE%202007.pdf HTTP/1.1" 200 19079
181.61.164.108 - - [03/May/2022:09:59:52 -0500] "GET /BLA/resoluciones/RESOLUCIONES%202007/RES%202007%202301%20AL%202400/RESOLUCION%202334%20DE%202007.pdf HTTP/1.1" 200 1598558
181.61.164.108 - - [03/May/2022:09:59:53 -0500] "GET /BLA/resoluciones/RESOLUCIONES%202007/RES%202007%202301%20AL%202400/RESOLUCION%202335%20DE%202007.pdf HTTP/1.1" 200 188887
181.61.164.108 - - [03/May/2022:09:59:55 -0500] "GET /BLA/resoluciones/RESOLUCIONES%202007/RES%202007%202301%20AL%202400/RESOLUCION%202336%20DE%202007.pdf HTTP/1.1" 200 264342
181.61.164.108 - - [03/May/2022:09:59:56 -0500] "GET /BLA/resoluciones/RESOLUCIONES%202007/RES%202007%202301%20AL%202400/RESOLUCION%202337%20DE%202007.pdf HTTP/1.1" 200 272182
181.61.164.108 - - [03/May/2022:09:59:58 -0500] "GET /BLA/resoluciones/RESOLUCIONES%202007/RES%202007%202301%20AL%202400/RESOLUCION%202338%20DE%202007.pdf HTTP/1.1" 200 325645
181.61.164.108 - - [03/May/2022:09:59:59 -0500] "GET /BLA/resoluciones/RESOLUCIONES%202007/RES%202007%202301%20AL%202400/RESOLUCION%202339%20DE%202007.pdf HTTP/1.1" 200 47836
181.61.164.108 - - [03/May/2022:10:00:00 -0500] "GET /BLA/resoluciones/RESOLUCIONES%202007/RES%202007%202301%20AL%202400/RESOLUCION%202341%20DE%202007.pdf HTTP/1.1" 200 62383
181.61.164.108 - - [03/May/2022:10:00:02 -0500] "GET /BLA/resoluciones/RESOLUCIONES%202007/RES%202007%202301%20AL%202400/RESOLUCION%202342%20DE%202007.pdf HTTP/1.1" 200 316401
181.61.164.108 - - [03/May/2022:10:00:03 -0500] "GET /BLA/resoluciones/RESOLUCIONES%202007/RES%202007%202301%20AL%202400/RESOLUCION%202343%20DE%202007.pdf HTTP/1.1" 200 316335
181.61.164.108 - - [03/May/2022:10:00:04 -0500] "GET /BLA/resoluciones/RESOLUCIONES%202007/RES%202007%202301%20AL%202400/RESOLUCION%202344%20DE%202007.pdf HTTP/1.1" 200 239096
181.61.164.108 - - [03/May/2022:10:00:06 -0500] "GET /BLA/resoluciones/RESOLUCIONES%202007/RES%202007%202301%20AL%202400/RESOLUCION%202345%20DE%202007.pdf HTTP/1.1" 200 239096
181.61.164.108 - - [03/May/2022:10:00:07 -0500] "GET /BLA/resoluciones/RESOLUCIONES%202007/RES%202007%202301%20AL%202400/RESOLUCION%202346%20DE%202007.pdf HTTP/1.1" 200 853491
181.61.164.108 - - [03/May/2022:10:00:08 -0500] "GET /BLA/resoluciones/RESOLUCIONES%202007/RES%202007%202301%20AL%202400/RESOLUCION%202347%20DE%202007.pdf HTTP/1.1" 200 381354
181.237.60.227 - - [03/May/2022:10:00:09 -0500] "POST /sipse/faces/presentacion/financiero/solicitudProceso/listarSolicitudProceso.xhtml HTTP/1.1" 200 1658
181.61.164.108 - - [03/May/2022:10:00:10 -0500] "GET /BLA/resoluciones/RESOLUCIONES%202007/RES%202007%202301%20AL%202400/RESOLUCION%202348%20DE%202007.pdf HTTP/1.1" 200 541855
181.61.164.108 - - [03/May/2022:10:00:12 -0500] "GET /BLA/resoluciones/RESOLUCIONES%202007/RES%202007%202301%20AL%202400/RESOLUCION%202349%20DE%202007.pdf HTTP/1.1" 200 870651
66.249.65.13 - - [03/May/2022:10:00:12 -0500] "-" 408 -
181.61.164.108 - - [03/May/2022:10:00:13 -0500] "GET /BLA/resoluciones/RESOLUCIONES%202007/RES%202007%202301%20AL%202400/RESOLUCION%202350%20DE%202007.pdf HTTP/1.1" 200 582444
181.61.164.108 - - [03/May/2022:10:00:15 -0500] "GET /BLA/resoluciones/RESOLUCIONES%202007/RES%202007%202301%20AL%202400/RESOLUCION%202351%20%20DE%202007.pdf HTTP/1.1" 200 388590
181.61.164.108 - - [03/May/2022:10:00:18 -0500] "GET /BLA/resoluciones/RESOLUCIONES%202007/RES%202007%202301%20AL%202400/RESOLUCION%202352%20DE%202007.pdf HTTP/1.1" 200 567044
181.61.164.108 - - [03/May/2022:10:00:20 -0500] "GET /BLA/resoluciones/RESOLUCIONES%202007/RES%202007%202301%20AL%202400/RESOLUCION%202353%20DE%202007.pdf HTTP/1.1" 200 756473
181.61.164.108 - - [03/May/2022:10:00:22 -0500] "GET /BLA/resoluciones/RESOLUCIONES%202007/RES%202007%202301%20AL%202400/RESOLUCION%202354%20DE%202007.pdf HTTP/1.1" 200 714088
181.61.164.108 - - [03/May/2022:10:00:23 -0500] "GET /BLA/resoluciones/RESOLUCIONES%202007/RES%202007%202301%20AL%202400/RESOLUCION%202355%20DE%202007.pdf HTTP/1.1" 200 563352
181.61.164.108 - - [03/May/2022:10:00:25 -0500] "GET /BLA/resoluciones/RESOLUCIONES%202007/RES%202007%202301%20AL%202400/RESOLUCION%202356%20DE%202007.pdf HTTP/1.1" 200 221509
181.61.164.108 - - [03/May/2022:10:00:27 -0500] "GET /BLA/resoluciones/RESOLUCIONES%202007/RES%202007%202301%20AL%202400/RESOLUCION%202357%20%20DE%202007.pdf HTTP/1.1" 200 911707
181.237.60.227 - - [03/May/2022:10:00:39 -0500] "GET /sipse/faces/index.xhtml HTTP/1.1" 200 677
181.237.60.227 - - [03/May/2022:10:00:39 -0500] "GET /sipse/faces/javax.faces.resource/theme.css?ln=primefaces-sipse HTTP/1.1" 200 50058
181.237.60.227 - - [03/May/2022:10:00:39 -0500] "GET /sipse/faces/faces/autenticacion.xhtml HTTP/1.1" 200 12175
181.237.60.227 - - [03/May/2022:10:00:39 -0500] "GET /sipse/faces/javax.faces.resource/jquery/jquery.js?ln=primefaces&v=4.0 HTTP/1.1" 304 -
181.237.60.227 - - [03/May/2022:10:00:39 -0500] "GET /sipse/faces/javax.faces.resource/layout/layout.css?ln=primefaces&v=4.0 HTTP/1.1" 304 -
181.237.60.227 - - [03/May/2022:10:00:39 -0500] "GET /sipse/faces/javax.faces.resource/jquery/jquery-plugins.js?ln=primefaces&v=4.0 HTTP/1.1" 304 -
181.237.60.227 - - [03/May/2022:10:00:39 -0500] "GET /sipse/faces/javax.faces.resource/layout/layout.js?ln=primefaces&v=4.0 HTTP/1.1" 304 -
181.237.60.227 - - [03/May/2022:10:00:39 -0500] "GET /sipse/faces/javax.faces.resource/primefaces.js?ln=primefaces&v=4.0 HTTP/1.1" 304 -
181.237.60.227 - - [03/May/2022:10:00:39 -0500] "GET /sipse/faces/javax.faces.resource/primefaces.css?ln=primefaces&v=4.0 HTTP/1.1" 200 53295
181.237.60.227 - - [03/May/2022:10:00:40 -0500] "GET /sipse/faces/javax.faces.resource/images/ui-icons_898989_256x240.png?ln=primefaces-aristo HTTP/1.1" 200 5355
181.237.60.227 - - [03/May/2022:10:00:41 -0500] "POST /sipse/faces/autenticacion.xhtml HTTP/1.1" 200 11986
181.237.60.227 - - [03/May/2022:10:00:41 -0500] "GET /sipse/faces/javax.faces.resource/jquery/jquery.js?ln=primefaces&v=4.0 HTTP/1.1" 304 -
181.237.60.227 - - [03/May/2022:10:00:41 -0500] "GET /sipse/faces/javax.faces.resource/jquery/jquery-plugins.js?ln=primefaces&v=4.0 HTTP/1.1" 304 -
181.237.60.227 - - [03/May/2022:10:00:41 -0500] "GET /sipse/faces/javax.faces.resource/primefaces.js?ln=primefaces&v=4.0 HTTP/1.1" 304 -
181.237.60.227 - - [03/May/2022:10:00:41 -0500] "GET /sipse/faces/javax.faces.resource/layout/layout.js?ln=primefaces&v=4.0 HTTP/1.1" 304 -
181.237.60.227 - - [03/May/2022:10:00:41 -0500] "GET /sipse/faces/javax.faces.resource/messages/messages.png?ln=primefaces&v=4.0 HTTP/1.1" 200 27209
181.237.60.227 - - [03/May/2022:10:00:42 -0500] "POST /sipse/faces/presentacion/sistema/seguridad/seleccionRol.xhtml HTTP/1.1" 200 18704
