181.237.60.227 - - [03/May/2022:10:13:03 -0500] "POST /sipsepre/faces/presentacion/financiero/solicitudProceso/listarSolicitudProceso.xhtml HTTP/1.1" 200 28308
181.237.60.227 - - [03/May/2022:10:13:04 -0500] "POST /sipsepre/faces/presentacion/financiero/solicitudProceso/listarSolicitudProceso.xhtml HTTP/1.1" 200 28308
181.237.60.227 - - [03/May/2022:10:13:04 -0500] "POST /sipsepre/faces/presentacion/financiero/solicitudProceso/listarSolicitudProceso.xhtml HTTP/1.1" 200 28308
181.237.60.227 - - [03/May/2022:10:13:05 -0500] "POST /sipsepre/faces/presentacion/financiero/solicitudProceso/listarSolicitudProceso.xhtml HTTP/1.1" 200 28308
181.237.60.227 - - [03/May/2022:10:13:05 -0500] "POST /sipsepre/faces/presentacion/financiero/solicitudProceso/listarSolicitudProceso.xhtml HTTP/1.1" 200 28300
201.245.192.253 - - [03/May/2022:10:13:06 -0500] "POST /sipse/faces/presentacion/financiero/solicitudProceso/consultarSolicitudProceso.xhtml HTTP/1.1" 200 23868
201.245.192.253 - - [03/May/2022:10:13:06 -0500] "GET /sipse/faces/javax.faces.resource/jquery/jquery.js?ln=primefaces&v=4.0 HTTP/1.1" 304 -
201.245.192.253 - - [03/May/2022:10:13:07 -0500] "GET /sipse/faces/javax.faces.resource/jquery/jquery-plugins.js?ln=primefaces&v=4.0 HTTP/1.1" 304 -
201.245.192.253 - - [03/May/2022:10:13:07 -0500] "GET /sipse/faces/javax.faces.resource/primefaces.js?ln=primefaces&v=4.0 HTTP/1.1" 304 -
201.245.192.253 - - [03/May/2022:10:13:07 -0500] "GET /sipse/faces/javax.faces.resource/layout/layout.js?ln=primefaces&v=4.0 HTTP/1.1" 304 -
199.16.157.182 - - [03/May/2022:10:13:08 -0500] "GET /dia-nacional-del-arbol-bogota-reverdece-con-la-proteccion-del-arbolado.html HTTP/1.1" 200 926
199.16.157.181 - - [03/May/2022:10:13:08 -0500] "GET /images/dia-arbol-principalbogota-29-abril.jpg HTTP/1.1" 200 67024
172.22.2.4 - - [03/May/2022:10:13:11 -0500] "GET /BLA/boletinlegal/styles2.css HTTP/1.1" 200 1838
172.22.2.4 - - [03/May/2022:10:13:11 -0500] "GET /BLA/boletinlegal/style.css HTTP/1.1" 200 9406
172.22.2.4 - - [03/May/2022:10:13:11 -0500] "GET /BLA/boletinlegal/js/jquery.js HTTP/1.1" 200 57254
172.22.2.4 - - [03/May/2022:10:13:11 -0500] "GET /BLA/boletinlegal/js/jquery.scrollTo-min.js HTTP/1.1" 200 1150
172.22.2.4 - - [03/May/2022:10:13:11 -0500] "GET /BLA/boletinlegal/js/jquery.scrollShow.js HTTP/1.1" 200 4586
172.22.2.4 - - [03/May/2022:10:13:11 -0500] "GET /BLA/boletinlegal/images/cabezote%20BLEGAL.jpg HTTP/1.1" 200 118164
172.22.2.4 - - [03/May/2022:10:13:11 -0500] "GET /BLA/boletinlegal/images/subscribe-icon-big.png HTTP/1.1" 200 47702
172.22.2.4 - - [03/May/2022:10:13:11 -0500] "GET /BLA/boletinlegal/images/historia.png HTTP/1.1" 200 52775
172.22.2.4 - - [03/May/2022:10:13:11 -0500] "GET /BLA/boletinlegal/images/registro-usuarios.png HTTP/1.1" 200 8106
172.22.2.4 - - [03/May/2022:10:13:11 -0500] "GET /BLA/boletinlegal/images/arr_l.jpg HTTP/1.1" 200 1979
172.22.2.4 - - [03/May/2022:10:13:11 -0500] "GET /BLA/boletinlegal/images/screen_1.png HTTP/1.1" 200 202547
172.22.2.4 - - [03/May/2022:10:13:11 -0500] "GET /BLA/boletinlegal/images/launch.jpg HTTP/1.1" 200 14577
201.245.192.253 - - [03/May/2022:10:13:09 -0500] "POST /sipse/faces/presentacion/financiero/solicitudProceso/asignarCargueContrato.xhtml HTTP/1.1" 200 47527
201.245.192.253 - - [03/May/2022:10:13:12 -0500] "GET /sipse/faces/javax.faces.resource/jquery/jquery.js?ln=primefaces&v=4.0 HTTP/1.1" 304 -
201.245.192.253 - - [03/May/2022:10:13:12 -0500] "GET /sipse/faces/javax.faces.resource/jquery/jquery-plugins.js?ln=primefaces&v=4.0 HTTP/1.1" 304 -
201.245.192.253 - - [03/May/2022:10:13:13 -0500] "GET /sipse/faces/javax.faces.resource/primefaces.js?ln=primefaces&v=4.0 HTTP/1.1" 304 -
201.245.192.253 - - [03/May/2022:10:13:13 -0500] "GET /sipse/faces/javax.faces.resource/layout/layout.js?ln=primefaces&v=4.0 HTTP/1.1" 304 -
201.245.192.253 - - [03/May/2022:10:13:13 -0500] "POST /sipse/faces/presentacion/financiero/solicitudProceso/listarSolicitudProceso.xhtml HTTP/1.1" 200 1412
201.245.192.253 - - [03/May/2022:10:13:15 -0500] "POST /sipse/faces/presentacion/financiero/solicitudProceso/listarSolicitudProceso.xhtml HTTP/1.1" 200 116223
201.245.192.253 - - [03/May/2022:10:13:17 -0500] "GET /sipse/faces/javax.faces.resource/jquery/jquery.js?ln=primefaces&v=4.0 HTTP/1.1" 304 -
201.245.192.253 - - [03/May/2022:10:13:17 -0500] "GET /sipse/faces/javax.faces.resource/jquery/jquery-plugins.js?ln=primefaces&v=4.0 HTTP/1.1" 304 -
201.245.192.253 - - [03/May/2022:10:13:17 -0500] "GET /sipse/faces/javax.faces.resource/primefaces.js?ln=primefaces&v=4.0 HTTP/1.1" 304 -
201.245.192.253 - - [03/May/2022:10:13:17 -0500] "GET /sipse/faces/javax.faces.resource/layout/layout.js?ln=primefaces&v=4.0 HTTP/1.1" 304 -
172.22.2.4 - - [03/May/2022:10:13:19 -0500] "GET /BLA/boletinlegal/images/screen_5.png HTTP/1.1" 200 368876
172.22.2.4 - - [03/May/2022:10:13:19 -0500] "GET /BLA/boletinlegal/images/screen_2.png HTTP/1.1" 200 362502
172.22.2.4 - - [03/May/2022:10:13:19 -0500] "GET /BLA/boletinlegal/images/screen_3.png HTTP/1.1" 200 210620
172.22.2.4 - - [03/May/2022:10:13:19 -0500] "GET /BLA/boletinlegal/images/arr_r.jpg HTTP/1.1" 200 1998
201.245.192.253 - - [03/May/2022:10:13:21 -0500] "POST /sipse/faces/presentacion/financiero/solicitudProceso/consultarSolicitudProceso.xhtml HTTP/1.1" 200 23935
201.245.192.253 - - [03/May/2022:10:13:21 -0500] "GET /sipse/faces/javax.faces.resource/jquery/jquery.js?ln=primefaces&v=4.0 HTTP/1.1" 304 -
201.245.192.253 - - [03/May/2022:10:13:21 -0500] "GET /sipse/faces/javax.faces.resource/jquery/jquery-plugins.js?ln=primefaces&v=4.0 HTTP/1.1" 304 -
201.245.192.253 - - [03/May/2022:10:13:21 -0500] "GET /sipse/faces/javax.faces.resource/primefaces.js?ln=primefaces&v=4.0 HTTP/1.1" 304 -
201.245.192.253 - - [03/May/2022:10:13:21 -0500] "GET /sipse/faces/javax.faces.resource/layout/layout.js?ln=primefaces&v=4.0 HTTP/1.1" 304 -
172.22.2.4 - - [03/May/2022:10:13:22 -0500] "GET /BLA/boletinlegal/images/menu_lft.gif HTTP/1.1" 200 1713
172.22.2.4 - - [03/May/2022:10:13:22 -0500] "GET /BLA/boletinlegal/images/body_bg.jpg HTTP/1.1" 200 1601
172.22.2.4 - - [03/May/2022:10:13:22 -0500] "GET /BLA/boletinlegal/images/menu_rght.gif HTTP/1.1" 200 1627
172.22.2.4 - - [03/May/2022:10:13:22 -0500] "GET /BLA/boletinlegal/images/bg_top.jpg HTTP/1.1" 200 522
172.22.2.4 - - [03/May/2022:10:13:22 -0500] "GET /BLA/boletinlegal/images/menu_bg.jpg HTTP/1.1" 200 620
172.22.2.4 - - [03/May/2022:10:13:22 -0500] "GET /BLA/boletinlegal/images/text.jpg HTTP/1.1" 200 568
172.22.2.4 - - [03/May/2022:10:13:22 -0500] "GET /BLA/boletinlegal/images/footer_bg.jpg HTTP/1.1" 200 586
172.22.2.4 - - [03/May/2022:10:13:22 -0500] "GET /BLA/boletinlegal/images/hover.jpg HTTP/1.1" 200 640
201.245.192.253 - - [03/May/2022:10:13:23 -0500] "POST /sipse/faces/presentacion/financiero/solicitudProceso/asignarCargueContrato.xhtml HTTP/1.1" 200 47519
201.245.192.253 - - [03/May/2022:10:13:26 -0500] "GET /sipse/faces/javax.faces.resource/jquery/jquery.js?ln=primefaces&v=4.0 HTTP/1.1" 304 -
201.245.192.253 - - [03/May/2022:10:13:26 -0500] "GET /sipse/faces/javax.faces.resource/jquery/jquery-plugins.js?ln=primefaces&v=4.0 HTTP/1.1" 304 -
201.245.192.253 - - [03/May/2022:10:13:26 -0500] "GET /sipse/faces/javax.faces.resource/primefaces.js?ln=primefaces&v=4.0 HTTP/1.1" 304 -
201.245.192.253 - - [03/May/2022:10:13:26 -0500] "GET /sipse/faces/javax.faces.resource/layout/layout.js?ln=primefaces&v=4.0 HTTP/1.1" 304 -
201.245.192.253 - - [03/May/2022:10:13:26 -0500] "POST /sipse/faces/presentacion/financiero/solicitudProceso/listarSolicitudProceso.xhtml HTTP/1.1" 200 1412
199.16.157.181 - - [03/May/2022:10:13:26 -0500] "GET /celebra-el-dia-del-arbol-conociendo-la-naturaleza-de-la-ciudad.html HTTP/1.1" 200 939
172.22.2.4 - - [03/May/2022:10:13:26 -0500] "GET /BLA/boletinlegal/actos.php HTTP/1.1" 200 9559
172.22.2.4 - - [03/May/2022:10:13:26 -0500] "GET /BLA/boletinlegal/js/ajax_actos.js HTTP/1.1" 200 1322
172.22.2.4 - - [03/May/2022:10:13:26 -0500] "GET /BLA/boletinlegal/js/popup.js HTTP/1.1" 200 1270
172.22.2.4 - - [03/May/2022:10:13:26 -0500] "GET /BLA/boletinlegal/js/lib.js HTTP/1.1" 200 6474
172.22.2.4 - - [03/May/2022:10:13:26 -0500] "GET /BLA/boletinlegal/niceforms-default.css HTTP/1.1" 200 6694
172.22.2.4 - - [03/May/2022:10:13:26 -0500] "GET /BLA/boletinlegal/niceforms.js HTTP/1.1" 200 22876
172.22.2.4 - - [03/May/2022:10:13:26 -0500] "GET /BLA/boletinlegal/js/jquery1.js HTTP/1.1" 200 29846
172.22.2.4 - - [03/May/2022:10:13:26 -0500] "GET /BLA/boletinlegal/images/green-yellow-blue-pink-th.png HTTP/1.1" 200 7394
172.22.2.4 - - [03/May/2022:10:13:26 -0500] "GET /BLA/boletinlegal/images/abajo.png HTTP/1.1" 200 96676
172.22.2.4 - - [03/May/2022:10:13:27 -0500] "GET /BLA/boletinlegal/images/tel.png HTTP/1.1" 200 14477
172.22.2.4 - - [03/May/2022:10:13:27 -0500] "GET /BLA/boletinlegal/images/icono-email.png HTTP/1.1" 200 5544
172.22.2.4 - - [03/May/2022:10:13:27 -0500] "GET /BLA/boletinlegal/images/footer_bg_l.jpg HTTP/1.1" 200 776
172.22.2.4 - - [03/May/2022:10:13:27 -0500] "GET /BLA/boletinlegal/img/0.png HTTP/1.1" 200 110
172.22.2.4 - - [03/May/2022:10:13:27 -0500] "GET /BLA/boletinlegal/img/select-left.png HTTP/1.1" 200 263
172.22.2.4 - - [03/May/2022:10:13:27 -0500] "GET /BLA/boletinlegal/img/button-right.png HTTP/1.1" 200 57878
172.22.2.4 - - [03/May/2022:10:13:27 -0500] "GET /BLA/boletinlegal/img/select-right.png HTTP/1.1" 200 44019
172.22.2.4 - - [03/May/2022:10:13:27 -0500] "GET /BLA/boletinlegal/img/button.png HTTP/1.1" 200 43241
172.22.2.4 - - [03/May/2022:10:13:27 -0500] "GET /BLA/boletinlegal/img/button-left.png HTTP/1.1" 200 57071
172.22.2.4 - - [03/May/2022:10:13:27 -0500] "GET /BLA/boletinlegal/favicon.ico HTTP/1.1" 404 1326
199.16.157.180 - - [03/May/2022:10:13:27 -0500] "GET /images/Naturalista.jpeg HTTP/1.1" 200 98048
172.22.2.4 - - [03/May/2022:10:13:35 -0500] "GET /BLA/boletinlegal/consulta_actos.php?tipo=autos&no=&usuario=&sector=&fecha=2022&resuelve=inicio HTTP/1.1" 200 47596
201.245.192.253 - - [03/May/2022:10:13:38 -0500] "POST /sipse/faces/presentacion/financiero/solicitudProceso/listarSolicitudProceso.xhtml HTTP/1.1" 200 117740
201.245.192.253 - - [03/May/2022:10:13:38 -0500] "GET /sipse/faces/javax.faces.resource/jquery/jquery.js?ln=primefaces&v=4.0 HTTP/1.1" 304 -
201.245.192.253 - - [03/May/2022:10:13:38 -0500] "GET /sipse/faces/javax.faces.resource/jquery/jquery-plugins.js?ln=primefaces&v=4.0 HTTP/1.1" 304 -
201.245.192.253 - - [03/May/2022:10:13:38 -0500] "GET /sipse/faces/javax.faces.resource/primefaces.js?ln=primefaces&v=4.0 HTTP/1.1" 304 -
201.245.192.253 - - [03/May/2022:10:13:38 -0500] "GET /sipse/faces/javax.faces.resource/layout/layout.js?ln=primefaces&v=4.0 HTTP/1.1" 304 -
181.61.164.108 - - [03/May/2022:10:13:40 -0500] "GET /BLA/resoluciones/RESOLUCIONES%202007/RES%202007%202401%20AL%202500/RESOLUCION%202457%20DE%202007.pdf HTTP/1.1" 200 935999
181.61.164.108 - - [03/May/2022:10:13:41 -0500] "GET /BLA/resoluciones/RESOLUCIONES%202007/RES%202007%202401%20AL%202500/RESOLUCION%202458%20DE%202007.pdf HTTP/1.1" 200 945921
201.245.192.253 - - [03/May/2022:10:13:42 -0500] "POST /sipse/faces/presentacion/financiero/solicitudProceso/consultarSolicitudProceso.xhtml HTTP/1.1" 200 23935
201.245.192.253 - - [03/May/2022:10:13:42 -0500] "GET /sipse/faces/javax.faces.resource/jquery/jquery.js?ln=primefaces&v=4.0 HTTP/1.1" 304 -
201.245.192.253 - - [03/May/2022:10:13:42 -0500] "GET /sipse/faces/javax.faces.resource/jquery/jquery-plugins.js?ln=primefaces&v=4.0 HTTP/1.1" 304 -
201.245.192.253 - - [03/May/2022:10:13:42 -0500] "GET /sipse/faces/javax.faces.resource/primefaces.js?ln=primefaces&v=4.0 HTTP/1.1" 304 -
201.245.192.253 - - [03/May/2022:10:13:42 -0500] "GET /sipse/faces/javax.faces.resource/layout/layout.js?ln=primefaces&v=4.0 HTTP/1.1" 304 -
181.61.164.108 - - [03/May/2022:10:13:42 -0500] "GET /BLA/resoluciones/RESOLUCIONES%202007/RES%202007%202401%20AL%202500/RESOLUCION%202459%20DE%202007.pdf HTTP/1.1" 200 858374
181.61.164.108 - - [03/May/2022:10:13:43 -0500] "GET /BLA/resoluciones/RESOLUCIONES%202007/RES%202007%202401%20AL%202500/RESOLUCION%202460%20DE%202007.pdf HTTP/1.1" 200 494781
186.154.24.21 - - [03/May/2022:10:13:44 -0500] "GET /BLA/resoluciones/AUTOS%202022/1330.pdf HTTP/1.1" 200 1399978
172.22.2.4 - - [03/May/2022:10:13:44 -0500] "GET /BLA/boletinlegal/consulta_actos.php?tipo=resoluciones&no=%20037&usuario=&sector=&fecha=2017&resuelve= HTTP/1.1" 200 626
181.61.164.108 - - [03/May/2022:10:13:44 -0500] "GET /BLA/resoluciones/RESOLUCIONES%202007/RES%202007%202401%20AL%202500/RESOLUCION%202461%20DE%202007.pdf HTTP/1.1" 200 1139373
181.61.164.108 - - [03/May/2022:10:13:45 -0500] "GET /BLA/resoluciones/RESOLUCIONES%202007/RES%202007%202401%20AL%202500/RESOLUCION%202462%20DE%202007.pdf HTTP/1.1" 200 549830
201.245.192.253 - - [03/May/2022:10:13:44 -0500] "POST /sipse/faces/presentacion/financiero/solicitudProceso/asignarCargueContrato.xhtml HTTP/1.1" 200 47511
201.245.192.253 - - [03/May/2022:10:13:46 -0500] "GET /sipse/faces/javax.faces.resource/jquery/jquery.js?ln=primefaces&v=4.0 HTTP/1.1" 304 -
201.245.192.253 - - [03/May/2022:10:13:46 -0500] "GET /sipse/faces/javax.faces.resource/jquery/jquery-plugins.js?ln=primefaces&v=4.0 HTTP/1.1" 304 -
201.245.192.253 - - [03/May/2022:10:13:46 -0500] "GET /sipse/faces/javax.faces.resource/primefaces.js?ln=primefaces&v=4.0 HTTP/1.1" 304 -
201.245.192.253 - - [03/May/2022:10:13:47 -0500] "GET /sipse/faces/javax.faces.resource/layout/layout.js?ln=primefaces&v=4.0 HTTP/1.1" 304 -
201.245.192.253 - - [03/May/2022:10:13:47 -0500] "POST /sipse/faces/presentacion/financiero/solicitudProceso/listarSolicitudProceso.xhtml HTTP/1.1" 200 1412
181.61.164.108 - - [03/May/2022:10:13:47 -0500] "GET /BLA/resoluciones/RESOLUCIONES%202007/RES%202007%202401%20AL%202500/RESOLUCION%202463%20%20DE%202007.pdf HTTP/1.1" 200 175549
181.61.164.108 - - [03/May/2022:10:13:48 -0500] "GET /BLA/resoluciones/RESOLUCIONES%202007/RES%202007%202401%20AL%202500/RESOLUCION%202464%20DE%202007.pdf HTTP/1.1" 200 298139
199.16.157.181 - - [03/May/2022:10:13:48 -0500] "GET /images/pieza-laurel-cera-28-abril.jpg HTTP/1.1" 200 46842
201.245.192.253 - - [03/May/2022:10:13:48 -0500] "POST /sipse/faces/presentacion/financiero/solicitudProceso/listarSolicitudProceso.xhtml HTTP/1.1" 200 122126
201.245.192.253 - - [03/May/2022:10:13:49 -0500] "GET /sipse/faces/javax.faces.resource/jquery/jquery.js?ln=primefaces&v=4.0 HTTP/1.1" 304 -
201.245.192.253 - - [03/May/2022:10:13:49 -0500] "GET /sipse/faces/javax.faces.resource/jquery/jquery-plugins.js?ln=primefaces&v=4.0 HTTP/1.1" 304 -
201.245.192.253 - - [03/May/2022:10:13:49 -0500] "GET /sipse/faces/javax.faces.resource/primefaces.js?ln=primefaces&v=4.0 HTTP/1.1" 304 -
181.61.164.108 - - [03/May/2022:10:13:49 -0500] "GET /BLA/resoluciones/RESOLUCIONES%202007/RES%202007%202401%20AL%202500/RESOLUCION%202465%20DE%202007.pdf HTTP/1.1" 200 369865
201.245.192.253 - - [03/May/2022:10:13:49 -0500] "GET /sipse/faces/javax.faces.resource/layout/layout.js?ln=primefaces&v=4.0 HTTP/1.1" 304 -
181.61.164.108 - - [03/May/2022:10:13:50 -0500] "GET /BLA/resoluciones/RESOLUCIONES%202007/RES%202007%202401%20AL%202500/RESOLUCION%202466%20DE%202007.pdf HTTP/1.1" 200 126440
181.61.164.108 - - [03/May/2022:10:13:51 -0500] "GET /BLA/resoluciones/RESOLUCIONES%202007/RES%202007%202401%20AL%202500/RESOLUCION%202467%20DE%202007.pdf HTTP/1.1" 200 399289
181.61.164.108 - - [03/May/2022:10:13:52 -0500] "GET /BLA/resoluciones/RESOLUCIONES%202007/RES%202007%202401%20AL%202500/RESOLUCION%202468%20DE%202007.pdf HTTP/1.1" 200 276366
172.22.2.4 - - [03/May/2022:10:13:53 -0500] "GET /BLA/boletinlegal/consulta_actos.php?tipo=resoluciones&no=3707&usuario=&sector=&fecha=2021&resuelve= HTTP/1.1" 200 1109
172.22.2.4 - - [03/May/2022:10:13:53 -0500] "GET /BLA/boletinlegal/consulta_actos.php?tipo=resoluciones&no=%20037&usuario=&sector=&fecha=2017&resuelve= HTTP/1.1" 200 626
181.61.164.108 - - [03/May/2022:10:13:54 -0500] "GET /BLA/resoluciones/RESOLUCIONES%202007/RES%202007%202401%20AL%202500/RESOLUCION%202469%20DE%202007.pdf HTTP/1.1" 200 166921
201.245.192.253 - - [03/May/2022:10:13:54 -0500] "POST /sipse/faces/presentacion/financiero/solicitudProceso/consultarSolicitudProceso.xhtml HTTP/1.1" 200 23935
201.245.192.253 - - [03/May/2022:10:13:54 -0500] "GET /sipse/faces/javax.faces.resource/jquery/jquery.js?ln=primefaces&v=4.0 HTTP/1.1" 304 -
201.245.192.253 - - [03/May/2022:10:13:54 -0500] "GET /sipse/faces/javax.faces.resource/jquery/jquery-plugins.js?ln=primefaces&v=4.0 HTTP/1.1" 304 -
201.245.192.253 - - [03/May/2022:10:13:54 -0500] "GET /sipse/faces/javax.faces.resource/primefaces.js?ln=primefaces&v=4.0 HTTP/1.1" 304 -
201.245.192.253 - - [03/May/2022:10:13:54 -0500] "GET /sipse/faces/javax.faces.resource/layout/layout.js?ln=primefaces&v=4.0 HTTP/1.1" 304 -
181.61.164.108 - - [03/May/2022:10:13:56 -0500] "GET /BLA/resoluciones/RESOLUCIONES%202007/RES%202007%202401%20AL%202500/RESOLUCION%202470%20DE%202007.pdf HTTP/1.1" 200 32862
181.61.164.108 - - [03/May/2022:10:13:58 -0500] "GET /BLA/resoluciones/RESOLUCIONES%202007/RES%202007%202401%20AL%202500/RESOLUCION%202471%20DE%202007.pdf HTTP/1.1" 200 154147
181.61.164.108 - - [03/May/2022:10:13:59 -0500] "GET /BLA/resoluciones/RESOLUCIONES%202007/RES%202007%202401%20AL%202500/RESOLUCION%202472%20DE%202007.pdf HTTP/1.1" 200 151782
172.22.2.4 - - [03/May/2022:10:13:59 -0500] "GET /BLA/boletinlegal/consulta_actos.php?tipo=resoluciones&no=%20037&usuario=&sector=&fecha=2017&resuelve= HTTP/1.1" 200 626
181.61.164.108 - - [03/May/2022:10:13:59 -0500] "GET /BLA/resoluciones/RESOLUCIONES%202007/RES%202007%202401%20AL%202500/RESOLUCION%202473%20DE%202007.pdf HTTP/1.1" 200 186311
201.245.192.253 - - [03/May/2022:10:13:58 -0500] "POST /sipse/faces/presentacion/financiero/solicitudProceso/asignarCargueContrato.xhtml HTTP/1.1" 200 47503
201.245.192.253 - - [03/May/2022:10:14:00 -0500] "GET /sipse/faces/javax.faces.resource/jquery/jquery.js?ln=primefaces&v=4.0 HTTP/1.1" 304 -
172.22.2.4 - - [03/May/2022:10:14:00 -0500] "GET /BLA/boletinlegal/consulta_actos.php?tipo=resoluciones&no=3612&usuario=&sector=&fecha=2021&resuelve= HTTP/1.1" 200 626
201.245.192.253 - - [03/May/2022:10:14:00 -0500] "GET /sipse/faces/javax.faces.resource/jquery/jquery-plugins.js?ln=primefaces&v=4.0 HTTP/1.1" 304 -
201.245.192.253 - - [03/May/2022:10:14:00 -0500] "GET /sipse/faces/javax.faces.resource/primefaces.js?ln=primefaces&v=4.0 HTTP/1.1" 304 -
201.245.192.253 - - [03/May/2022:10:14:00 -0500] "GET /sipse/faces/javax.faces.resource/layout/layout.js?ln=primefaces&v=4.0 HTTP/1.1" 304 -
172.22.2.4 - - [03/May/2022:10:14:00 -0500] "GET /BLA/boletinlegal/actos.php HTTP/1.1" 200 9559
201.245.192.253 - - [03/May/2022:10:14:00 -0500] "POST /sipse/faces/presentacion/financiero/solicitudProceso/listarSolicitudProceso.xhtml HTTP/1.1" 200 1412
181.61.164.108 - - [03/May/2022:10:14:01 -0500] "GET /BLA/resoluciones/RESOLUCIONES%202007/RES%202007%202401%20AL%202500/RESOLUCION%202474%20DE%202007.pdf HTTP/1.1" 200 541030
172.22.2.4 - - [03/May/2022:10:14:01 -0500] "GET /BLA/boletinlegal/favicon.ico HTTP/1.1" 404 1326
172.22.2.4 - - [03/May/2022:10:13:11 -0500] "GET /BLA/boletinlegal/ HTTP/1.1" 200 32715
191.95.165.241 - - [03/May/2022:10:14:02 -0500] "GET /BLA/resoluciones/ HTTP/1.1" 200 13093
172.22.2.4 - - [03/May/2022:10:14:03 -0500] "GET /BLA/boletinlegal/consulta_actos.php?tipo=resoluciones&no=%20037&usuario=&sector=&fecha=2018&resuelve= HTTP/1.1" 200 626
181.61.164.108 - - [03/May/2022:10:14:04 -0500] "GET /BLA/resoluciones/RESOLUCIONES%202007/RES%202007%202401%20AL%202500/RESOLUCION%202475%20DE%202007.pdf HTTP/1.1" 200 391272
172.22.2.4 - - [03/May/2022:10:14:04 -0500] "GET /BLA/boletinlegal/consulta_actos.php?tipo=resoluciones&no=%20037&usuario=&sector=&fecha=2018&resuelve= HTTP/1.1" 200 626
199.16.157.181 - - [03/May/2022:10:14:05 -0500] "GET /jornada-distrital-de-plantaciones-para-celebrar-el-dia-mundial-del-arbol.html HTTP/1.1" 200 1068
172.22.2.4 - - [03/May/2022:10:14:04 -0500] "GET /BLA/boletinlegal/consulta_actos.php?tipo=resoluciones&no=%20037&usuario=&sector=&fecha=2018&resuelve= HTTP/1.1" 200 626
199.16.157.181 - - [03/May/2022:10:14:05 -0500] "GET /images/plantacion-dia-arbol-jbb-principal-27-abril.jpg HTTP/1.1" 200 66723
172.22.2.4 - - [03/May/2022:10:14:05 -0500] "GET /BLA/boletinlegal/consulta_actos.php?tipo=resoluciones&no=%20037&usuario=&sector=&fecha=2018&resuelve= HTTP/1.1" 200 626
201.245.192.253 - - [03/May/2022:10:14:05 -0500] "POST /sipse/faces/presentacion/financiero/solicitudProceso/listarSolicitudProceso.xhtml HTTP/1.1" 200 116629
172.22.2.4 - - [03/May/2022:10:14:05 -0500] "GET /BLA/boletinlegal/consulta_actos.php?tipo=resoluciones&no=%20037&usuario=&sector=&fecha=2018&resuelve= HTTP/1.1" 200 626
201.245.192.253 - - [03/May/2022:10:14:05 -0500] "GET /sipse/faces/javax.faces.resource/jquery/jquery.js?ln=primefaces&v=4.0 HTTP/1.1" 304 -
201.245.192.253 - - [03/May/2022:10:14:05 -0500] "GET /sipse/faces/javax.faces.resource/jquery/jquery-plugins.js?ln=primefaces&v=4.0 HTTP/1.1" 304 -
201.245.192.253 - - [03/May/2022:10:14:05 -0500] "GET /sipse/faces/javax.faces.resource/primefaces.js?ln=primefaces&v=4.0 HTTP/1.1" 304 -
191.95.165.241 - - [03/May/2022:10:14:05 -0500] "GET /BLA/resoluciones/index.php?dir=RESOLUCIONES+2011%2F HTTP/1.1" 200 746483
201.245.192.253 - - [03/May/2022:10:14:06 -0500] "GET /sipse/faces/javax.faces.resource/layout/layout.js?ln=primefaces&v=4.0 HTTP/1.1" 304 -
201.245.192.253 - - [03/May/2022:10:14:10 -0500] "POST /sipse/faces/presentacion/financiero/solicitudProceso/consultarSolicitudProceso.xhtml HTTP/1.1" 200 23935
201.245.192.253 - - [03/May/2022:10:14:10 -0500] "GET /sipse/faces/javax.faces.resource/jquery/jquery.js?ln=primefaces&v=4.0 HTTP/1.1" 304 -
201.245.192.253 - - [03/May/2022:10:14:10 -0500] "GET /sipse/faces/javax.faces.resource/jquery/jquery-plugins.js?ln=primefaces&v=4.0 HTTP/1.1" 304 -
181.61.164.108 - - [03/May/2022:10:14:10 -0500] "GET /BLA/resoluciones/RESOLUCIONES%202007/RES%202007%202401%20AL%202500/RESOLUCION%202476%20DE%202007.pdf HTTP/1.1" 200 601020
201.245.192.253 - - [03/May/2022:10:14:10 -0500] "GET /sipse/faces/javax.faces.resource/primefaces.js?ln=primefaces&v=4.0 HTTP/1.1" 304 -
201.245.192.253 - - [03/May/2022:10:14:10 -0500] "GET /sipse/faces/javax.faces.resource/layout/layout.js?ln=primefaces&v=4.0 HTTP/1.1" 304 -
181.61.164.108 - - [03/May/2022:10:14:11 -0500] "GET /BLA/resoluciones/RESOLUCIONES%202007/RES%202007%202401%20AL%202500/RESOLUCION%202477%20DE%202007.pdf HTTP/1.1" 200 284530
181.61.164.108 - - [03/May/2022:10:14:12 -0500] "GET /BLA/resoluciones/RESOLUCIONES%202007/RES%202007%202401%20AL%202500/RESOLUCION%202478%20DE%202007.pdf HTTP/1.1" 200 154239
172.22.2.4 - - [03/May/2022:10:14:13 -0500] "GET /BLA/boletinlegal/consulta_actos.php?tipo=resoluciones&no=%20373&usuario=&sector=&fecha=2018&resuelve= HTTP/1.1" 200 626
201.245.192.253 - - [03/May/2022:10:14:12 -0500] "POST /sipse/faces/presentacion/financiero/solicitudProceso/asignarCargueContrato.xhtml HTTP/1.1" 200 47495
201.245.192.253 - - [03/May/2022:10:14:14 -0500] "GET /sipse/faces/javax.faces.resource/jquery/jquery.js?ln=primefaces&v=4.0 HTTP/1.1" 304 -
201.245.192.253 - - [03/May/2022:10:14:14 -0500] "GET /sipse/faces/javax.faces.resource/jquery/jquery-plugins.js?ln=primefaces&v=4.0 HTTP/1.1" 304 -
201.245.192.253 - - [03/May/2022:10:14:14 -0500] "GET /sipse/faces/javax.faces.resource/primefaces.js?ln=primefaces&v=4.0 HTTP/1.1" 304 -
201.245.192.253 - - [03/May/2022:10:14:14 -0500] "GET /sipse/faces/javax.faces.resource/layout/layout.js?ln=primefaces&v=4.0 HTTP/1.1" 304 -
181.61.164.108 - - [03/May/2022:10:14:14 -0500] "GET /BLA/resoluciones/RESOLUCIONES%202007/RES%202007%202401%20AL%202500/RESOLUCION%202479%20DE%202007.pdf HTTP/1.1" 200 500664
201.245.192.253 - - [03/May/2022:10:14:14 -0500] "POST /sipse/faces/presentacion/financiero/solicitudProceso/listarSolicitudProceso.xhtml HTTP/1.1" 200 1412
181.61.164.108 - - [03/May/2022:10:14:16 -0500] "GET /BLA/resoluciones/RESOLUCIONES%202007/RES%202007%202401%20AL%202500/RESOLUCION%202480%20DE%202007.pdf HTTP/1.1" 200 427053
172.22.2.4 - - [03/May/2022:10:14:16 -0500] "GET /BLA/boletinlegal/consulta_actos.php?tipo=resoluciones&no=%20373&usuario=&sector=&fecha=2018&resuelve= HTTP/1.1" 200 626
201.245.192.253 - - [03/May/2022:10:14:16 -0500] "POST /sipse/faces/presentacion/financiero/solicitudProceso/listarSolicitudProceso.xhtml HTTP/1.1" 200 112832
201.245.192.253 - - [03/May/2022:10:14:16 -0500] "GET /sipse/faces/javax.faces.resource/jquery/jquery.js?ln=primefaces&v=4.0 HTTP/1.1" 304 -
201.245.192.253 - - [03/May/2022:10:14:16 -0500] "GET /sipse/faces/javax.faces.resource/jquery/jquery-plugins.js?ln=primefaces&v=4.0 HTTP/1.1" 304 -
201.245.192.253 - - [03/May/2022:10:14:16 -0500] "GET /sipse/faces/javax.faces.resource/primefaces.js?ln=primefaces&v=4.0 HTTP/1.1" 304 -
201.245.192.253 - - [03/May/2022:10:14:17 -0500] "GET /sipse/faces/javax.faces.resource/layout/layout.js?ln=primefaces&v=4.0 HTTP/1.1" 304 -
172.22.2.4 - - [03/May/2022:10:14:18 -0500] "GET /BLA/boletinlegal/consulta_actos.php?tipo=resoluciones&no=3612&usuario=&sector=&fecha=2021&resuelve= HTTP/1.1" 200 626
199.16.157.180 - - [03/May/2022:10:14:18 -0500] "GET /lee-antes-de-compartir-secretaria-de-ambiente-y-establecimientos-de-comercio-nocturno-se-comprometen-a-una-rumba-con-menos-ruido.html HTTP/1.1" 200 1189
199.16.157.180 - - [03/May/2022:10:14:18 -0500] "GET /images/presentacion-ruidoambiental-publico-27-abril.jpg HTTP/1.1" 200 65335
172.22.2.4 - - [03/May/2022:10:14:19 -0500] "GET /BLA/boletinlegal/consulta_actos.php?tipo=resoluciones&no=%20373&usuario=&sector=&fecha=2017&resuelve= HTTP/1.1" 200 626
201.245.192.253 - - [03/May/2022:10:14:20 -0500] "POST /sipse/faces/presentacion/financiero/solicitudProceso/consultarSolicitudProceso.xhtml HTTP/1.1" 200 23935
201.245.192.253 - - [03/May/2022:10:14:20 -0500] "GET /sipse/faces/javax.faces.resource/jquery/jquery.js?ln=primefaces&v=4.0 HTTP/1.1" 304 -
201.245.192.253 - - [03/May/2022:10:14:20 -0500] "GET /sipse/faces/javax.faces.resource/jquery/jquery-plugins.js?ln=primefaces&v=4.0 HTTP/1.1" 304 -
201.245.192.253 - - [03/May/2022:10:14:20 -0500] "GET /sipse/faces/javax.faces.resource/primefaces.js?ln=primefaces&v=4.0 HTTP/1.1" 304 -
201.245.192.253 - - [03/May/2022:10:14:21 -0500] "GET /sipse/faces/javax.faces.resource/layout/layout.js?ln=primefaces&v=4.0 HTTP/1.1" 304 -
172.22.2.4 - - [03/May/2022:10:14:21 -0500] "GET /BLA/boletinlegal/consulta_actos.php?tipo=resoluciones&no=%20373&usuario=&sector=&fecha=2017&resuelve= HTTP/1.1" 200 626
201.245.192.253 - - [03/May/2022:10:14:22 -0500] "POST /sipse/faces/presentacion/financiero/solicitudProceso/asignarCargueContrato.xhtml HTTP/1.1" 200 47414
201.245.192.253 - - [03/May/2022:10:14:24 -0500] "GET /sipse/faces/javax.faces.resource/jquery/jquery.js?ln=primefaces&v=4.0 HTTP/1.1" 304 -
201.245.192.253 - - [03/May/2022:10:14:24 -0500] "GET /sipse/faces/javax.faces.resource/jquery/jquery-plugins.js?ln=primefaces&v=4.0 HTTP/1.1" 304 -
201.245.192.253 - - [03/May/2022:10:14:24 -0500] "GET /sipse/faces/javax.faces.resource/primefaces.js?ln=primefaces&v=4.0 HTTP/1.1" 304 -
201.245.192.253 - - [03/May/2022:10:14:24 -0500] "GET /sipse/faces/javax.faces.resource/layout/layout.js?ln=primefaces&v=4.0 HTTP/1.1" 304 -
201.245.192.253 - - [03/May/2022:10:14:25 -0500] "POST /sipse/faces/presentacion/financiero/solicitudProceso/listarSolicitudProceso.xhtml HTTP/1.1" 200 1412
172.22.2.4 - - [03/May/2022:10:14:25 -0500] "GET /BLA/boletinlegal/consulta_actos.php?tipo=resoluciones&no=%20373&usuario=&sector=&fecha=2019&resuelve= HTTP/1.1" 200 626
172.22.2.4 - - [03/May/2022:10:14:26 -0500] "GET /BLA/boletinlegal/consulta_actos.php?tipo=resoluciones&no=%20373&usuario=&sector=&fecha=2019&resuelve= HTTP/1.1" 200 626
172.22.2.4 - - [03/May/2022:10:14:27 -0500] "GET /BLA/boletinlegal/consulta_actos.php?tipo=resoluciones&no=%20373&usuario=&sector=&fecha=2019&resuelve= HTTP/1.1" 200 626
172.22.2.4 - - [03/May/2022:10:14:27 -0500] "GET /BLA/boletinlegal/consulta_actos.php?tipo=resoluciones&no=3707&usuario=&sector=&fecha=2021&resuelve= HTTP/1.1" 200 1109
172.22.2.4 - - [03/May/2022:10:14:28 -0500] "GET /BLA/boletinlegal/consulta_actos.php?tipo=resoluciones&no=%20373&usuario=&sector=&fecha=2019&resuelve= HTTP/1.1" 200 626
172.22.2.4 - - [03/May/2022:10:14:28 -0500] "GET /BLA/boletinlegal/consulta_actos.php?tipo=resoluciones&no=%20373&usuario=&sector=&fecha=2019&resuelve= HTTP/1.1" 200 626
201.245.192.253 - - [03/May/2022:10:14:28 -0500] "POST /sipse/faces/presentacion/financiero/solicitudProceso/listarSolicitudProceso.xhtml HTTP/1.1" 200 120315
201.245.192.253 - - [03/May/2022:10:14:28 -0500] "GET /sipse/faces/javax.faces.resource/jquery/jquery.js?ln=primefaces&v=4.0 HTTP/1.1" 304 -
201.245.192.253 - - [03/May/2022:10:14:28 -0500] "GET /sipse/faces/javax.faces.resource/jquery/jquery-plugins.js?ln=primefaces&v=4.0 HTTP/1.1" 304 -
201.245.192.253 - - [03/May/2022:10:14:28 -0500] "GET /sipse/faces/javax.faces.resource/primefaces.js?ln=primefaces&v=4.0 HTTP/1.1" 304 -
172.22.2.4 - - [03/May/2022:10:14:28 -0500] "GET /BLA/boletinlegal/consulta_actos.php?tipo=resoluciones&no=%20373&usuario=&sector=&fecha=2019&resuelve= HTTP/1.1" 200 626
201.245.192.253 - - [03/May/2022:10:14:28 -0500] "GET /sipse/faces/javax.faces.resource/layout/layout.js?ln=primefaces&v=4.0 HTTP/1.1" 304 -
172.22.2.4 - - [03/May/2022:10:12:48 -0500] "HEAD /BLA/boletinlegal/ HTTP/1.1" 200 -
172.22.2.4 - - [03/May/2022:10:14:28 -0500] "GET /BLA/boletinlegal/consulta_actos.php?tipo=resoluciones&no=%20373&usuario=&sector=&fecha=2019&resuelve= HTTP/1.1" 200 626
172.22.2.4 - - [03/May/2022:10:14:29 -0500] "GET /BLA/boletinlegal/consulta_actos.php?tipo=resoluciones&no=%20373&usuario=&sector=&fecha=2019&resuelve= HTTP/1.1" 200 626
172.22.2.4 - - [03/May/2022:10:14:35 -0500] "GET /BLA/boletinlegal/consulta_actos.php?tipo=resoluciones&no=%20373&usuario=&sector=&fecha=2016&resuelve= HTTP/1.1" 200 626
199.16.157.181 - - [03/May/2022:10:14:38 -0500] "GET /campana-para-evitar-que-el-alcantarillado-se-tapone-con-bolas-de-grasa-se-generen-inundaciones-y-se-contamine-el-ambiente.html HTTP/1.1" 200 1220
199.16.157.181 - - [03/May/2022:10:14:38 -0500] "GET /images/operativos-residuos-peligrosos-25-ABRIL.jpg HTTP/1.1" 200 35345
172.22.2.4 - - [03/May/2022:10:14:38 -0500] "GET /BLA/boletinlegal/consulta_actos.php?tipo=resoluciones&no=%20373&usuario=&sector=&fecha=2017&resuelve= HTTP/1.1" 200 626
172.22.2.4 - - [03/May/2022:10:14:38 -0500] "GET /BLA/boletinlegal/consulta_actos.php?tipo=resoluciones&no=%20373&usuario=&sector=&fecha=2017&resuelve= HTTP/1.1" 200 626
172.22.2.4 - - [03/May/2022:10:14:41 -0500] "GET /BLA/boletinlegal/robots.txt HTTP/1.1" 404 1038
172.22.2.4 - - [03/May/2022:10:14:42 -0500] "GET /BLA/boletinlegal/consulta_actos.php?tipo=resoluciones&no=%20373&usuario=&sector=&fecha=2018&resuelve= HTTP/1.1" 200 626
172.22.2.4 - - [03/May/2022:10:14:42 -0500] "GET /BLA/boletinlegal/consulta_actos.php?tipo=resoluciones&no=%20373&usuario=&sector=&fecha=2018&resuelve= HTTP/1.1" 200 626
172.22.2.4 - - [03/May/2022:10:14:44 -0500] "GET /BLA/boletinlegal/consulta_actos.php?tipo=resoluciones&no=%20373&usuario=&sector=&fecha=2019&resuelve= HTTP/1.1" 200 626
172.22.2.4 - - [03/May/2022:10:14:45 -0500] "GET /BLA/boletinlegal/consulta_actos.php?tipo=resoluciones&no=%20373&usuario=&sector=&fecha=2019&resuelve= HTTP/1.1" 200 626
199.16.157.181 - - [03/May/2022:10:14:50 -0500] "GET /bogota-y-estados-unidos-se-unieron-en-una-plantacion-de-arboles-para-celebrar-el-dia-de-la-tierra.html HTTP/1.1" 200 1179
199.16.157.181 - - [03/May/2022:10:14:51 -0500] "GET /images/plantacion-arboles-mirador-losnevados-25-abril.jpg HTTP/1.1" 200 83432
172.22.2.4 - - [03/May/2022:10:14:52 -0500] "GET /BLA/boletinlegal/consulta_actos.php?tipo=resoluciones&no=%20373&usuario=&sector=SILVICULTURA&fecha=2019&resuelve= HTTP/1.1" 200 626
172.22.2.4 - - [03/May/2022:10:14:58 -0500] "GET /BLA/boletinlegal/consulta_actos.php?tipo=resoluciones&no=&usuario=&sector=SILVICULTURA&fecha=2017&resuelve= HTTP/1.1" 200 161793
172.22.2.4 - - [03/May/2022:10:14:58 -0500] "GET /BLA/boletinlegal/images/pdf.gif HTTP/1.1" 200 567
172.22.2.4 - - [03/May/2022:10:14:58 -0500] "GET /BLA/boletinlegal/images/background.gif HTTP/1.1" 200 -
199.16.157.182 - - [03/May/2022:10:15:06 -0500] "GET /secretaria-de-ambiente-libero-a-33-animales-silvestres-en-el-humedal-la-conejera.html HTTP/1.1" 200 1095
199.16.157.181 - - [03/May/2022:10:15:06 -0500] "GET /images/liberacion-fauna-silvestre-23-abril.jpg HTTP/1.1" 200 52551
192.144.113.50 - - [03/May/2022:10:15:07 -0500] "GET /appsia/controlador HTTP/1.1" 200 4799
192.144.113.50 - - [03/May/2022:10:15:07 -0500] "GET /appsia/css/estilos.css HTTP/1.1" 200 4804
192.144.113.50 - - [03/May/2022:10:15:07 -0500] "GET /appsia/scripts/validarIngreso.js HTTP/1.1" 200 851
192.144.113.50 - - [03/May/2022:10:15:07 -0500] "GET /appsia/images/logo_bogota_p.png HTTP/1.1" 200 14951
192.144.113.50 - - [03/May/2022:10:15:07 -0500] "GET /appsia/images/cabezoteHojaVida.png HTTP/1.1" 200 32493
192.144.113.50 - - [03/May/2022:10:15:07 -0500] "GET /favicon.ico HTTP/1.1" 200 7782
201.245.192.253 - - [03/May/2022:10:15:16 -0500] "POST /sipse/faces/presentacion/financiero/solicitudProceso/consultarSolicitudProceso.xhtml HTTP/1.1" 200 174940
172.22.2.4 - - [03/May/2022:10:13:39 -0500] "GET /BLA/boletinlegal/ HTTP/1.1" 200 52945
199.16.157.180 - - [03/May/2022:10:15:21 -0500] "GET /distrito-academia-y-sector-privado-plantaron-100-arboles-para-conmemorar-el-dia-de-la-tierra.html HTTP/1.1" 200 1066
199.16.157.180 - - [03/May/2022:10:15:22 -0500] "GET /images/actividades-dia-tierra-22-abril.jpg HTTP/1.1" 200 77276
199.16.157.181 - - [03/May/2022:10:15:36 -0500] "GET /con-jornadas-de-plantacion-jardin-botanico-celebro-dia-mundial-de-la-tierra.html HTTP/1.1" 200 995
199.16.157.182 - - [03/May/2022:10:15:38 -0500] "GET /images/plantacion-jbb-22-abril.jpg HTTP/1.1" 200 52184
181.61.164.108 - - [03/May/2022:10:16:12 -0500] "GET /BLA/resoluciones/RESOLUCIONES%202007/RES%202007%202401%20AL%202500/RESOLUCION%202481%20DE%202007.pdf HTTP/1.1" 200 359231
181.61.164.108 - - [03/May/2022:10:16:13 -0500] "GET /BLA/resoluciones/RESOLUCIONES%202007/RES%202007%202401%20AL%202500/RESOLUCION%202482%20DE%202007.pdf HTTP/1.1" 200 489991
192.144.113.50 - - [03/May/2022:10:16:14 -0500] "GET /appsia/controlador HTTP/1.1" 200 4799
201.245.192.253 - - [03/May/2022:10:16:11 -0500] "POST /sipse/faces/presentacion/financiero/solicitudProceso/consultarSolicitudProceso.xhtml HTTP/1.1" 200 42956
181.61.164.108 - - [03/May/2022:10:16:15 -0500] "GET /BLA/resoluciones/RESOLUCIONES%202007/RES%202007%202401%20AL%202500/RESOLUCION%202483%20DE%202007.pdf HTTP/1.1" 200 413142
201.245.192.253 - - [03/May/2022:10:16:15 -0500] "GET /sipse/faces/javax.faces.resource/jquery/jquery.js?ln=primefaces&v=4.0 HTTP/1.1" 304 -
201.245.192.253 - - [03/May/2022:10:16:15 -0500] "GET /sipse/faces/javax.faces.resource/jquery/jquery-plugins.js?ln=primefaces&v=4.0 HTTP/1.1" 304 -
201.245.192.253 - - [03/May/2022:10:16:15 -0500] "GET /sipse/faces/javax.faces.resource/primefaces.js?ln=primefaces&v=4.0 HTTP/1.1" 304 -
201.245.192.253 - - [03/May/2022:10:16:15 -0500] "GET /sipse/faces/javax.faces.resource/layout/layout.js?ln=primefaces&v=4.0 HTTP/1.1" 304 -
181.61.164.108 - - [03/May/2022:10:16:16 -0500] "GET /BLA/resoluciones/RESOLUCIONES%202007/RES%202007%202401%20AL%202500/RESOLUCION%202484%20DE%202007.pdf HTTP/1.1" 200 559989
181.61.164.108 - - [03/May/2022:10:16:17 -0500] "GET /BLA/resoluciones/RESOLUCIONES%202007/RES%202007%202401%20AL%202500/RESOLUCION%202485%20DE%202007.pdf HTTP/1.1" 200 184638
181.61.164.108 - - [03/May/2022:10:16:18 -0500] "GET /BLA/resoluciones/RESOLUCIONES%202007/RES%202007%202401%20AL%202500/RESOLUCION%202486%20DE%202007.pdf HTTP/1.1" 200 935056
181.61.164.108 - - [03/May/2022:10:16:19 -0500] "GET /BLA/resoluciones/RESOLUCIONES%202007/RES%202007%202401%20AL%202500/RESOLUCION%202487%20DE%202007.pdf HTTP/1.1" 200 631941
181.61.164.108 - - [03/May/2022:10:16:20 -0500] "GET /BLA/resoluciones/RESOLUCIONES%202007/RES%202007%202401%20AL%202500/RESOLUCION%202488%20DE%202007.pdf HTTP/1.1" 200 387774
201.245.192.253 - - [03/May/2022:10:16:21 -0500] "POST /sipse/faces/presentacion/financiero/modificacionContrato/cargarModifiacion.xhtml HTTP/1.1" 200 5363
181.61.164.108 - - [03/May/2022:10:16:22 -0500] "GET /BLA/resoluciones/RESOLUCIONES%202007/RES%202007%202401%20AL%202500/RESOLUCION%202489%20DE%202007.pdf HTTP/1.1" 200 365145
172.22.2.4 - - [03/May/2022:10:14:43 -0500] "GET /BLA/boletinlegal/index.php HTTP/1.1" 200 58006
181.61.164.108 - - [03/May/2022:10:16:23 -0500] "GET /BLA/resoluciones/RESOLUCIONES%202007/RES%202007%202401%20AL%202500/RESOLUCION%202490%20DE%202007.pdf HTTP/1.1" 200 811857
201.245.192.253 - - [03/May/2022:10:16:23 -0500] "POST /sipse/faces/presentacion/financiero/modificacionContrato/cargarModifiacion.xhtml HTTP/1.1" 200 5456
181.61.164.108 - - [03/May/2022:10:16:25 -0500] "GET /BLA/resoluciones/RESOLUCIONES%202007/RES%202007%202401%20AL%202500/RESOLUCION%202491%20DE%202007.pdf HTTP/1.1" 200 340386
181.61.164.108 - - [03/May/2022:10:16:26 -0500] "GET /BLA/resoluciones/RESOLUCIONES%202007/RES%202007%202401%20AL%202500/RESOLUCION%202492%20%20DE%202007.pdf HTTP/1.1" 200 849826
201.245.192.253 - - [03/May/2022:10:16:27 -0500] "POST /sipse/faces/presentacion/financiero/modificacionContrato/cargarModifiacion.xhtml HTTP/1.1" 200 5508
192.144.113.50 - - [03/May/2022:10:16:30 -0500] "POST /appsia/controlador HTTP/1.1" 200 5437
181.61.164.108 - - [03/May/2022:10:16:30 -0500] "GET /BLA/resoluciones/RESOLUCIONES%202007/RES%202007%202401%20AL%202500/RESOLUCION%202493%20DE%202007.pdf HTTP/1.1" 200 948072
181.61.164.108 - - [03/May/2022:10:16:31 -0500] "GET /BLA/resoluciones/RESOLUCIONES%202007/RES%202007%202401%20AL%202500/RESOLUCION%202494%20DE%202007.pdf HTTP/1.1" 200 1140245
181.61.164.108 - - [03/May/2022:10:16:33 -0500] "GET /BLA/resoluciones/RESOLUCIONES%202007/RES%202007%202401%20AL%202500/RESOLUCION%202495%20DE%202007.pdf HTTP/1.1" 200 480105
181.61.164.108 - - [03/May/2022:10:16:35 -0500] "GET /BLA/resoluciones/RESOLUCIONES%202007/RES%202007%202401%20AL%202500/RESOLUCION%202496%20DE%202007.pdf HTTP/1.1" 200 437401
181.61.164.108 - - [03/May/2022:10:16:37 -0500] "GET /BLA/resoluciones/RESOLUCIONES%202007/RES%202007%202401%20AL%202500/RESOLUCION%202497%20DE%202007.pdf HTTP/1.1" 200 306096
181.61.164.108 - - [03/May/2022:10:16:38 -0500] "GET /BLA/resoluciones/RESOLUCIONES%202007/RES%202007%202401%20AL%202500/RESOLUCION%202498%20DE%202007.pdf HTTP/1.1" 200 457948
181.61.164.108 - - [03/May/2022:10:16:40 -0500] "GET /BLA/resoluciones/RESOLUCIONES%202007/RES%202007%202401%20AL%202500/RESOLUCION%202499%20DE%202007.pdf HTTP/1.1" 200 843943
201.245.192.253 - - [03/May/2022:10:16:40 -0500] "POST /sipse/faces/presentacion/financiero/modificacionContrato/cargarModifiacion.xhtml HTTP/1.1" 200 123459
201.245.192.253 - - [03/May/2022:10:16:41 -0500] "GET /sipse/faces/javax.faces.resource/jquery/jquery.js?ln=primefaces&v=4.0 HTTP/1.1" 304 -
201.245.192.253 - - [03/May/2022:10:16:41 -0500] "GET /sipse/faces/javax.faces.resource/jquery/jquery-plugins.js?ln=primefaces&v=4.0 HTTP/1.1" 304 -
201.245.192.253 - - [03/May/2022:10:16:41 -0500] "GET /sipse/faces/javax.faces.resource/primefaces.js?ln=primefaces&v=4.0 HTTP/1.1" 304 -
201.245.192.253 - - [03/May/2022:10:16:42 -0500] "GET /sipse/faces/javax.faces.resource/layout/layout.js?ln=primefaces&v=4.0 HTTP/1.1" 304 -
181.61.164.108 - - [03/May/2022:10:16:42 -0500] "GET /BLA/resoluciones/RESOLUCIONES%202007/RES%202007%202401%20AL%202500/RESOLUCION%202500%20DE%202007.pdf HTTP/1.1" 200 474154
201.245.192.253 - - [03/May/2022:10:16:45 -0500] "POST /sipse/faces/presentacion/financiero/solicitudProceso/consultarSolicitudProceso.xhtml HTTP/1.1" 200 44526
201.245.192.253 - - [03/May/2022:10:16:47 -0500] "GET /sipse/faces/javax.faces.resource/jquery/jquery.js?ln=primefaces&v=4.0 HTTP/1.1" 304 -
201.245.192.253 - - [03/May/2022:10:16:47 -0500] "GET /sipse/faces/javax.faces.resource/jquery/jquery-plugins.js?ln=primefaces&v=4.0 HTTP/1.1" 304 -
201.245.192.253 - - [03/May/2022:10:16:47 -0500] "GET /sipse/faces/javax.faces.resource/primefaces.js?ln=primefaces&v=4.0 HTTP/1.1" 304 -
201.245.192.253 - - [03/May/2022:10:16:47 -0500] "GET /sipse/faces/javax.faces.resource/layout/layout.js?ln=primefaces&v=4.0 HTTP/1.1" 304 -
201.245.192.253 - - [03/May/2022:10:16:47 -0500] "POST /sipse/faces/presentacion/financiero/solicitudProceso/listarSolicitudProceso.xhtml HTTP/1.1" 200 1400
192.144.113.50 - - [03/May/2022:10:16:50 -0500] "POST /appsia/controlador HTTP/1.1" 200 7727
192.144.113.50 - - [03/May/2022:10:16:50 -0500] "GET /appsia/images/logo_escudo.png HTTP/1.1" 200 36965
216.245.221.92 - - [03/May/2022:10:16:58 -0500] "HEAD / HTTP/1.1" 200 -
201.245.192.253 - - [03/May/2022:10:17:05 -0500] "GET /sipse/faces/faces/index.xhtml HTTP/1.1" 200 677
201.245.192.253 - - [03/May/2022:10:17:06 -0500] "GET /sipse/faces/javax.faces.resource/theme.css?ln=primefaces-sipse HTTP/1.1" 304 -
201.245.192.253 - - [03/May/2022:10:17:06 -0500] "GET /sipse/faces/faces/faces/autenticacion.xhtml HTTP/1.1" 200 12168
201.245.192.253 - - [03/May/2022:10:17:06 -0500] "GET /sipse/js/disable_browser_buttons.js HTTP/1.1" 304 -
201.245.192.253 - - [03/May/2022:10:17:06 -0500] "GET /sipse/css/custom_css_sg.css HTTP/1.1" 304 -
201.245.192.253 - - [03/May/2022:10:17:06 -0500] "GET /sipse/js/funciones.js HTTP/1.1" 304 -
201.245.192.253 - - [03/May/2022:10:17:06 -0500] "GET /sipse/css/custom_css_sg_prime_login.css HTTP/1.1" 304 -
201.245.192.253 - - [03/May/2022:10:17:06 -0500] "GET /sipse/faces/javax.faces.resource/theme.css?ln=primefaces-sipse HTTP/1.1" 304 -
201.245.192.253 - - [03/May/2022:10:17:06 -0500] "GET /sipse/faces/javax.faces.resource/primefaces.css?ln=primefaces&v=4.0 HTTP/1.1" 304 -
201.245.192.253 - - [03/May/2022:10:17:06 -0500] "GET /sipse/faces/javax.faces.resource/layout/layout.css?ln=primefaces&v=4.0 HTTP/1.1" 304 -
201.245.192.253 - - [03/May/2022:10:17:06 -0500] "GET /sipse/faces/javax.faces.resource/jquery/jquery-plugins.js?ln=primefaces&v=4.0 HTTP/1.1" 304 -
201.245.192.253 - - [03/May/2022:10:17:06 -0500] "GET /sipse/faces/javax.faces.resource/jquery/jquery.js?ln=primefaces&v=4.0 HTTP/1.1" 304 -
201.245.192.253 - - [03/May/2022:10:17:06 -0500] "GET /sipse/faces/javax.faces.resource/layout/layout.js?ln=primefaces&v=4.0 HTTP/1.1" 304 -
201.245.192.253 - - [03/May/2022:10:17:06 -0500] "GET /sipse/faces/javax.faces.resource/primefaces.js?ln=primefaces&v=4.0 HTTP/1.1" 304 -
201.245.192.253 - - [03/May/2022:10:17:06 -0500] "GET /sipse/css/imagen/logoSDG.png HTTP/1.1" 304 -
201.245.192.253 - - [03/May/2022:10:17:06 -0500] "GET /sipse/css/imagen/loginimg.png HTTP/1.1" 304 -
201.245.192.253 - - [03/May/2022:10:17:06 -0500] "GET /sipse/faces/javax.faces.resource/images/ui-icons_898989_256x240.png?ln=primefaces-aristo HTTP/1.1" 304 -
201.245.192.253 - - [03/May/2022:10:17:17 -0500] "POST /sipse/faces/autenticacion.xhtml HTTP/1.1" 200 16060
201.245.192.253 - - [03/May/2022:10:17:17 -0500] "GET /sipse/css/custom_css_sg_prime.css HTTP/1.1" 304 -
201.245.192.253 - - [03/May/2022:10:17:17 -0500] "GET /sipse/faces/javax.faces.resource/primefaces.css?ln=primefaces&v=4.0 HTTP/1.1" 304 -
201.245.192.253 - - [03/May/2022:10:17:17 -0500] "GET /sipse/faces/javax.faces.resource/layout/layout.css?ln=primefaces&v=4.0 HTTP/1.1" 304 -
201.245.192.253 - - [03/May/2022:10:17:17 -0500] "GET /sipse/faces/javax.faces.resource/theme.css?ln=primefaces-sipse HTTP/1.1" 304 -
201.245.192.253 - - [03/May/2022:10:17:17 -0500] "GET /sipse/js/jquery.min.js HTTP/1.1" 304 -
201.245.192.253 - - [03/May/2022:10:17:17 -0500] "GET /sipse/faces/javax.faces.resource/jquery/jquery.js?ln=primefaces&v=4.0 HTTP/1.1" 304 -
201.245.192.253 - - [03/May/2022:10:17:17 -0500] "GET /sipse/faces/javax.faces.resource/jquery/jquery-plugins.js?ln=primefaces&v=4.0 HTTP/1.1" 304 -
201.245.192.253 - - [03/May/2022:10:17:17 -0500] "GET /sipse/faces/javax.faces.resource/primefaces.js?ln=primefaces&v=4.0 HTTP/1.1" 304 -
201.245.192.253 - - [03/May/2022:10:17:17 -0500] "GET /sipse/faces/javax.faces.resource/layout/layout.js?ln=primefaces&v=4.0 HTTP/1.1" 304 -
201.245.192.253 - - [03/May/2022:10:17:17 -0500] "GET /sipse/imagenes/cargando.gif HTTP/1.1" 304 -
201.245.192.253 - - [03/May/2022:10:17:17 -0500] "GET /sipse/imagenes/logoAplicacion.jpg HTTP/1.1" 304 -
201.245.192.253 - - [03/May/2022:10:17:17 -0500] "GET /sipse/css/imagen/contrasena.png HTTP/1.1" 404 383
201.245.192.253 - - [03/May/2022:10:17:17 -0500] "GET /sipse/faces/javax.faces.resource/messages/messages.png?ln=primefaces&v=4.0 HTTP/1.1" 304 -
201.245.192.253 - - [03/May/2022:10:17:22 -0500] "GET /sipse/faces/javax.faces.resource/images/ui-bg_flat_0_2d5972_40x100.png?ln=primefaces-aristo HTTP/1.1" 304 -
201.245.192.253 - - [03/May/2022:10:17:22 -0500] "POST /sipse/faces/bienvenido.xhtml HTTP/1.1" 200 1471
201.245.192.253 - - [03/May/2022:10:17:22 -0500] "POST /sipse/faces/bienvenido.xhtml HTTP/1.1" 200 32012
201.245.192.253 - - [03/May/2022:10:17:25 -0500] "GET /sipse/faces/javax.faces.resource/theme.css?ln=primefaces-sipse HTTP/1.1" 304 -
201.245.192.253 - - [03/May/2022:10:17:25 -0500] "GET /sipse/faces/javax.faces.resource/primefaces.css?ln=primefaces&v=4.0 HTTP/1.1" 304 -
201.245.192.253 - - [03/May/2022:10:17:25 -0500] "GET /sipse/faces/javax.faces.resource/layout/layout.css?ln=primefaces&v=4.0 HTTP/1.1" 304 -
201.245.192.253 - - [03/May/2022:10:17:25 -0500] "GET /sipse/faces/javax.faces.resource/jquery/jquery.js?ln=primefaces&v=4.0 HTTP/1.1" 304 -
201.245.192.253 - - [03/May/2022:10:17:25 -0500] "GET /sipse/faces/javax.faces.resource/jquery/jquery-plugins.js?ln=primefaces&v=4.0 HTTP/1.1" 304 -
201.245.192.253 - - [03/May/2022:10:17:26 -0500] "GET /sipse/faces/javax.faces.resource/primefaces.js?ln=primefaces&v=4.0 HTTP/1.1" 304 -
201.245.192.253 - - [03/May/2022:10:17:26 -0500] "GET /sipse/faces/javax.faces.resource/layout/layout.js?ln=primefaces&v=4.0 HTTP/1.1" 304 -
201.245.192.253 - - [03/May/2022:10:17:27 -0500] "POST /sipse/faces/presentacion/financiero/solicitudProceso/listarSolicitudProceso.xhtml HTTP/1.1" 200 1340
201.245.192.253 - - [03/May/2022:10:17:41 -0500] "POST /sipse/faces/presentacion/financiero/solicitudProceso/listarSolicitudProceso.xhtml HTTP/1.1" 200 116110
201.245.192.253 - - [03/May/2022:10:17:42 -0500] "GET /sipse/faces/javax.faces.resource/jquery/jquery.js?ln=primefaces&v=4.0 HTTP/1.1" 304 -
201.245.192.253 - - [03/May/2022:10:17:42 -0500] "GET /sipse/faces/javax.faces.resource/jquery/jquery-plugins.js?ln=primefaces&v=4.0 HTTP/1.1" 304 -
201.245.192.253 - - [03/May/2022:10:17:42 -0500] "GET /sipse/faces/javax.faces.resource/primefaces.js?ln=primefaces&v=4.0 HTTP/1.1" 304 -
201.245.192.253 - - [03/May/2022:10:17:42 -0500] "GET /sipse/faces/javax.faces.resource/layout/layout.js?ln=primefaces&v=4.0 HTTP/1.1" 304 -
181.61.164.108 - - [03/May/2022:10:17:43 -0500] "GET /BLA/resoluciones/index.php?dir=RESOLUCIONES+2007%2FRES+2007+2501+AL+2600%2F HTTP/1.1" 200 26847
211.249.40.1 - - [03/May/2022:10:17:53 -0500] "GET /galeria/galeria/fotos/Humedal-la-conejera2P.jpg HTTP/1.1" 200 31007
201.245.192.253 - - [03/May/2022:10:18:05 -0500] "POST /sipse/faces/presentacion/financiero/solicitudProceso/listarSolicitudProceso.xhtml HTTP/1.1" 200 115287
201.245.192.253 - - [03/May/2022:10:18:05 -0500] "GET /sipse/faces/javax.faces.resource/theme.css?ln=primefaces-sipse HTTP/1.1" 304 -
201.245.192.253 - - [03/May/2022:10:18:05 -0500] "GET /sipse/faces/javax.faces.resource/primefaces.css?ln=primefaces&v=4.0 HTTP/1.1" 304 -
201.245.192.253 - - [03/May/2022:10:18:05 -0500] "GET /sipse/faces/javax.faces.resource/layout/layout.css?ln=primefaces&v=4.0 HTTP/1.1" 304 -
201.245.192.253 - - [03/May/2022:10:18:05 -0500] "GET /sipse/faces/javax.faces.resource/jquery/jquery.js?ln=primefaces&v=4.0 HTTP/1.1" 304 -
201.245.192.253 - - [03/May/2022:10:18:05 -0500] "GET /sipse/faces/javax.faces.resource/jquery/jquery-plugins.js?ln=primefaces&v=4.0 HTTP/1.1" 304 -
201.245.192.253 - - [03/May/2022:10:18:05 -0500] "GET /sipse/faces/javax.faces.resource/primefaces.js?ln=primefaces&v=4.0 HTTP/1.1" 304 -
201.245.192.253 - - [03/May/2022:10:18:05 -0500] "GET /sipse/faces/javax.faces.resource/layout/layout.js?ln=primefaces&v=4.0 HTTP/1.1" 304 -
201.245.192.253 - - [03/May/2022:10:18:10 -0500] "POST /sipse/faces/presentacion/financiero/solicitudProceso/consultarSolicitudProceso.xhtml HTTP/1.1" 200 2517391
201.245.192.253 - - [03/May/2022:10:18:24 -0500] "POST /sipse/faces/presentacion/financiero/solicitudProceso/consultarSolicitudProceso.xhtml HTTP/1.1" 200 454020
201.245.192.253 - - [03/May/2022:10:18:24 -0500] "POST /sipse/faces/presentacion/financiero/solicitudProceso/consultarSolicitudProceso.xhtml HTTP/1.1" 200 2517391
201.245.192.253 - - [03/May/2022:10:18:26 -0500] "POST /sipse/faces/presentacion/financiero/solicitudProceso/consultarSolicitudProceso.xhtml HTTP/1.1" 200 264132
201.245.192.253 - - [03/May/2022:10:18:30 -0500] "POST /sipse/faces/presentacion/financiero/solicitudProceso/consultarSolicitudProceso.xhtml HTTP/1.1" 200 28361
201.245.192.253 - - [03/May/2022:10:18:59 -0500] "POST /sipse/faces/presentacion/financiero/solicitudProceso/consultarSolicitudProceso.xhtml HTTP/1.1" 200 612416
172.22.2.4 - - [03/May/2022:10:19:00 -0500] "GET /BLA/boletinlegal/actos.php HTTP/1.1" 200 9559
172.22.2.4 - - [03/May/2022:10:19:01 -0500] "GET /BLA/boletinlegal/favicon.ico HTTP/1.1" 404 1326
201.245.192.253 - - [03/May/2022:10:19:12 -0500] "POST /sipse/faces/presentacion/financiero/solicitudProceso/consultarSolicitudProceso.xhtml HTTP/1.1" 200 323656
201.245.192.253 - - [03/May/2022:10:19:25 -0500] "POST /sipse/faces/presentacion/financiero/solicitudProceso/consultarSolicitudProceso.xhtml HTTP/1.1" 200 39925
201.245.192.253 - - [03/May/2022:10:19:25 -0500] "GET /sipse/faces/javax.faces.resource/jquery/jquery.js?ln=primefaces&v=4.0 HTTP/1.1" 304 -
