181.237.60.227 - - [03/May/2022:10:09:15 -0500] "GET /reportes_sipsepre/sdg/ServletReporte?reporte=memo_viabilidad&solicitud=14240&viabilidad=12839&pfdrid_c=false HTTP/1.1" 200 15729
181.61.164.108 - - [03/May/2022:10:09:27 -0500] "GET /BLA/resoluciones/RESOLUCIONES%202007/RES%202007%202401%20AL%202500/RESOLUCION%202417%20DE%202007.pdf HTTP/1.1" 200 380250
181.61.164.108 - - [03/May/2022:10:09:28 -0500] "GET /BLA/resoluciones/RESOLUCIONES%202007/RES%202007%202401%20AL%202500/RESOLUCION%202418%20DE%202007.pdf HTTP/1.1" 200 387306
172.22.2.4 - - [03/May/2022:10:07:49 -0500] "GET /BLA/boletinlegal/ HTTP/1.1" 200 60486
181.61.164.108 - - [03/May/2022:10:09:31 -0500] "GET /BLA/resoluciones/RESOLUCIONES%202007/RES%202007%202401%20AL%202500/RESOLUCION%202419%20DE%202007.pdf HTTP/1.1" 200 397855
181.61.164.108 - - [03/May/2022:10:09:32 -0500] "GET /BLA/resoluciones/RESOLUCIONES%202007/RES%202007%202401%20AL%202500/RESOLUCION%202420%20DE%202007.pdf HTTP/1.1" 200 306935
181.237.60.227 - - [03/May/2022:10:09:24 -0500] "GET /reportes_sipsepre/sdg/ServletReporte?reporte=memo_viabilidad&solicitud=14240&viabilidad=12839&pfdrid_c=false HTTP/1.1" 200 126124
181.61.164.108 - - [03/May/2022:10:09:35 -0500] "GET /BLA/resoluciones/RESOLUCIONES%202007/RES%202007%202401%20AL%202500/RESOLUCION%202421%20DE%202007.pdf HTTP/1.1" 200 711628
181.61.164.108 - - [03/May/2022:10:09:36 -0500] "GET /BLA/resoluciones/RESOLUCIONES%202007/RES%202007%202401%20AL%202500/RESOLUCION%202422%20DE%202007.pdf HTTP/1.1" 200 1374912
181.237.60.227 - - [03/May/2022:10:09:38 -0500] "POST /sipsepre/faces/presentacion/financiero/solicitudProceso/consultarSolicitudProceso.xhtml HTTP/1.1" 200 66445
181.61.164.108 - - [03/May/2022:10:09:38 -0500] "GET /BLA/resoluciones/RESOLUCIONES%202007/RES%202007%202401%20AL%202500/RESOLUCION%202423%20DE%202007.pdf HTTP/1.1" 200 213970
181.237.60.227 - - [03/May/2022:10:09:38 -0500] "GET /sipsepre/faces/javax.faces.resource/jquery/jquery.js?ln=primefaces&v=4.0 HTTP/1.1" 304 -
181.237.60.227 - - [03/May/2022:10:09:38 -0500] "GET /sipsepre/faces/javax.faces.resource/jquery/jquery-plugins.js?ln=primefaces&v=4.0 HTTP/1.1" 304 -
181.237.60.227 - - [03/May/2022:10:09:38 -0500] "GET /sipsepre/faces/javax.faces.resource/primefaces.js?ln=primefaces&v=4.0 HTTP/1.1" 304 -
181.237.60.227 - - [03/May/2022:10:09:38 -0500] "GET /sipsepre/faces/javax.faces.resource/layout/layout.js?ln=primefaces&v=4.0 HTTP/1.1" 304 -
181.237.60.227 - - [03/May/2022:10:09:38 -0500] "POST /sipsepre/faces/presentacion/financiero/solicitudProceso/listarSolicitudProceso.xhtml HTTP/1.1" 200 59798
181.237.60.227 - - [03/May/2022:10:09:39 -0500] "POST /sipsepre/faces/presentacion/financiero/solicitudProceso/listarSolicitudProceso.xhtml HTTP/1.1" 200 1448
181.237.60.227 - - [03/May/2022:10:09:39 -0500] "POST /sipsepre/faces/presentacion/financiero/solicitudProceso/listarSolicitudProceso.xhtml HTTP/1.1" 200 1444
181.61.164.108 - - [03/May/2022:10:09:40 -0500] "GET /BLA/resoluciones/RESOLUCIONES%202007/RES%202007%202401%20AL%202500/RESOLUCION%202424%20DE%202007.pdf HTTP/1.1" 200 360950
181.61.164.108 - - [03/May/2022:10:09:42 -0500] "GET /BLA/resoluciones/RESOLUCIONES%202007/RES%202007%202401%20AL%202500/RESOLUCION%202425%20DE%202007.pdf HTTP/1.1" 200 683572
181.237.60.227 - - [03/May/2022:10:09:44 -0500] "POST /sipsepre/faces/presentacion/financiero/solicitudProceso/listarSolicitudProceso.xhtml HTTP/1.1" 200 131170
181.237.60.227 - - [03/May/2022:10:09:45 -0500] "GET /sipsepre/faces/javax.faces.resource/jquery/jquery.js?ln=primefaces&v=4.0 HTTP/1.1" 304 -
181.237.60.227 - - [03/May/2022:10:09:45 -0500] "GET /sipsepre/faces/javax.faces.resource/jquery/jquery-plugins.js?ln=primefaces&v=4.0 HTTP/1.1" 304 -
181.237.60.227 - - [03/May/2022:10:09:45 -0500] "GET /sipsepre/faces/javax.faces.resource/primefaces.js?ln=primefaces&v=4.0 HTTP/1.1" 304 -
181.237.60.227 - - [03/May/2022:10:09:45 -0500] "GET /sipsepre/faces/javax.faces.resource/layout/layout.js?ln=primefaces&v=4.0 HTTP/1.1" 304 -
181.237.60.227 - - [03/May/2022:10:09:51 -0500] "POST /sipsepre/faces/presentacion/financiero/solicitudProceso/consultarSolicitudProceso.xhtml HTTP/1.1" 200 34601
181.237.60.227 - - [03/May/2022:10:09:51 -0500] "GET /sipsepre/faces/javax.faces.resource/theme.css?ln=primefaces-sipse HTTP/1.1" 304 -
181.237.60.227 - - [03/May/2022:10:09:51 -0500] "GET /sipsepre/faces/javax.faces.resource/jquery/jquery.js?ln=primefaces&v=4.0 HTTP/1.1" 304 -
181.237.60.227 - - [03/May/2022:10:09:51 -0500] "GET /sipsepre/faces/javax.faces.resource/primefaces.js?ln=primefaces&v=4.0 HTTP/1.1" 304 -
181.237.60.227 - - [03/May/2022:10:09:51 -0500] "GET /sipsepre/faces/javax.faces.resource/layout/layout.js?ln=primefaces&v=4.0 HTTP/1.1" 304 -
181.237.60.227 - - [03/May/2022:10:09:51 -0500] "GET /sipsepre/faces/javax.faces.resource/primefaces.css?ln=primefaces&v=4.0 HTTP/1.1" 304 -
181.237.60.227 - - [03/May/2022:10:09:51 -0500] "GET /sipsepre/faces/javax.faces.resource/jquery/jquery-plugins.js?ln=primefaces&v=4.0 HTTP/1.1" 304 -
181.237.60.227 - - [03/May/2022:10:09:51 -0500] "GET /sipsepre/faces/javax.faces.resource/layout/layout.css?ln=primefaces&v=4.0 HTTP/1.1" 304 -
181.237.60.227 - - [03/May/2022:10:09:51 -0500] "GET /sipsepre/faces/javax.faces.resource/images/ui-icons_898989_256x240.png?ln=primefaces-aristo HTTP/1.1" 304 -
181.237.60.227 - - [03/May/2022:10:09:45 -0500] "GET /reportes_sipsepre/sdg/ServletReporte?reporte=memo_viabilidad&solicitud=14240&viabilidad=12839&pfdrid_c=false HTTP/1.1" 200 15729
181.237.60.227 - - [03/May/2022:10:09:54 -0500] "POST /sipsepre/faces/presentacion/financiero/solicitudProceso/consultarHistorialSolProceso.xhtml HTTP/1.1" 200 177972
181.237.60.227 - - [03/May/2022:10:09:54 -0500] "GET /sipsepre/faces/javax.faces.resource/theme.css?ln=primefaces-sipse HTTP/1.1" 304 -
181.237.60.227 - - [03/May/2022:10:09:54 -0500] "GET /sipsepre/faces/javax.faces.resource/layout/layout.css?ln=primefaces&v=4.0 HTTP/1.1" 304 -
181.237.60.227 - - [03/May/2022:10:09:54 -0500] "GET /sipsepre/faces/javax.faces.resource/primefaces.css?ln=primefaces&v=4.0 HTTP/1.1" 304 -
181.237.60.227 - - [03/May/2022:10:09:54 -0500] "GET /sipsepre/faces/javax.faces.resource/jquery/jquery.js?ln=primefaces&v=4.0 HTTP/1.1" 304 -
181.237.60.227 - - [03/May/2022:10:09:54 -0500] "GET /sipsepre/faces/javax.faces.resource/jquery/jquery-plugins.js?ln=primefaces&v=4.0 HTTP/1.1" 304 -
181.237.60.227 - - [03/May/2022:10:09:54 -0500] "GET /sipsepre/faces/javax.faces.resource/primefaces.js?ln=primefaces&v=4.0 HTTP/1.1" 304 -
181.237.60.227 - - [03/May/2022:10:09:54 -0500] "GET /sipsepre/faces/javax.faces.resource/layout/layout.js?ln=primefaces&v=4.0 HTTP/1.1" 304 -
181.237.60.227 - - [03/May/2022:10:09:54 -0500] "GET /sipsepre/faces/javax.faces.resource/images/ui-icons_898989_256x240.png?ln=primefaces-aristo HTTP/1.1" 304 -
181.237.60.227 - - [03/May/2022:10:09:57 -0500] "GET /sipsepre/faces/javax.faces.resource/images/ui-bg_flat_0_2d5972_40x100.png?ln=primefaces-aristo HTTP/1.1" 304 -
181.237.60.227 - - [03/May/2022:10:09:58 -0500] "POST /sipsepre/faces/presentacion/financiero/solicitudProceso/consultarSolicitudProceso.xhtml HTTP/1.1" 200 6366
181.237.60.227 - - [03/May/2022:10:09:59 -0500] "GET /sipsepre/faces/javax.faces.resource/messages/messages.png?ln=primefaces&v=4.0 HTTP/1.1" 304 -
207.46.13.115 - - [03/May/2022:10:09:59 -0500] "GET /bla/resoluciones/autos%202021/2056.pdf HTTP/1.1" 200 370368
181.237.60.227 - - [03/May/2022:10:09:54 -0500] "GET /reportes_sipsepre/sdg/ServletReporte?reporte=memo_viabilidad&solicitud=14240&viabilidad=12839&pfdrid_c=false HTTP/1.1" 200 126124
172.22.2.4 - - [03/May/2022:10:10:04 -0500] "GET /BLA/boletinlegal/style.css HTTP/1.1" 200 9406
172.22.2.4 - - [03/May/2022:10:10:04 -0500] "GET /BLA/boletinlegal/styles2.css HTTP/1.1" 200 1838
172.22.2.4 - - [03/May/2022:10:10:04 -0500] "GET /BLA/boletinlegal/js/jquery.js HTTP/1.1" 200 57254
172.22.2.4 - - [03/May/2022:10:10:04 -0500] "GET /BLA/boletinlegal/js/jquery.scrollShow.js HTTP/1.1" 200 4586
172.22.2.4 - - [03/May/2022:10:10:04 -0500] "GET /BLA/boletinlegal/js/jquery.scrollTo-min.js HTTP/1.1" 200 1150
172.22.2.4 - - [03/May/2022:10:10:04 -0500] "GET /BLA/boletinlegal/images/cabezote%20BLEGAL.jpg HTTP/1.1" 200 118164
172.22.2.4 - - [03/May/2022:10:10:04 -0500] "GET /BLA/boletinlegal/images/subscribe-icon-big.png HTTP/1.1" 200 47702
172.22.2.4 - - [03/May/2022:10:10:04 -0500] "GET /BLA/boletinlegal/images/registro-usuarios.png HTTP/1.1" 200 8106
172.22.2.4 - - [03/May/2022:10:10:04 -0500] "GET /BLA/boletinlegal/images/arr_l.jpg HTTP/1.1" 200 1979
172.22.2.4 - - [03/May/2022:10:10:04 -0500] "GET /BLA/boletinlegal/images/historia.png HTTP/1.1" 200 52775
172.22.2.4 - - [03/May/2022:10:10:04 -0500] "GET /BLA/boletinlegal/images/screen_1.png HTTP/1.1" 200 202547
172.22.2.4 - - [03/May/2022:10:10:04 -0500] "GET /BLA/boletinlegal/images/launch.jpg HTTP/1.1" 200 14577
172.22.2.4 - - [03/May/2022:10:10:04 -0500] "GET /BLA/boletinlegal/images/body_bg.jpg HTTP/1.1" 200 1601
172.22.2.4 - - [03/May/2022:10:10:04 -0500] "GET /BLA/boletinlegal/images/menu_lft.gif HTTP/1.1" 200 1713
172.22.2.4 - - [03/May/2022:10:10:04 -0500] "GET /BLA/boletinlegal/images/menu_rght.gif HTTP/1.1" 200 1627
172.22.2.4 - - [03/May/2022:10:10:04 -0500] "GET /BLA/boletinlegal/images/bg_top.jpg HTTP/1.1" 200 522
172.22.2.4 - - [03/May/2022:10:10:04 -0500] "GET /BLA/boletinlegal/images/menu_bg.jpg HTTP/1.1" 200 620
172.22.2.4 - - [03/May/2022:10:10:04 -0500] "GET /BLA/boletinlegal/images/hover.jpg HTTP/1.1" 200 640
172.22.2.4 - - [03/May/2022:10:10:04 -0500] "GET /BLA/boletinlegal/images/text.jpg HTTP/1.1" 200 568
181.237.60.227 - - [03/May/2022:10:10:04 -0500] "POST /sipsepre/faces/presentacion/financiero/solicitudProceso/consultarSolicitudProceso.xhtml HTTP/1.1" 200 6419
172.22.2.4 - - [03/May/2022:10:10:07 -0500] "GET /BLA/boletinlegal/actos.php HTTP/1.1" 200 9559
172.22.2.4 - - [03/May/2022:10:10:07 -0500] "GET /BLA/boletinlegal/js/ajax_actos.js HTTP/1.1" 200 1322
172.22.2.4 - - [03/May/2022:10:10:07 -0500] "GET /BLA/boletinlegal/js/lib.js HTTP/1.1" 200 6474
172.22.2.4 - - [03/May/2022:10:10:07 -0500] "GET /BLA/boletinlegal/niceforms.js HTTP/1.1" 200 22876
172.22.2.4 - - [03/May/2022:10:10:07 -0500] "GET /BLA/boletinlegal/niceforms-default.css HTTP/1.1" 200 6694
172.22.2.4 - - [03/May/2022:10:10:07 -0500] "GET /BLA/boletinlegal/js/popup.js HTTP/1.1" 200 1270
172.22.2.4 - - [03/May/2022:10:10:07 -0500] "GET /BLA/boletinlegal/js/jquery1.js HTTP/1.1" 200 29846
172.22.2.4 - - [03/May/2022:10:10:07 -0500] "GET /BLA/boletinlegal/images/green-yellow-blue-pink-th.png HTTP/1.1" 200 7394
172.22.2.4 - - [03/May/2022:10:10:07 -0500] "GET /BLA/boletinlegal/images/abajo.png HTTP/1.1" 200 96676
172.22.2.4 - - [03/May/2022:10:10:07 -0500] "GET /BLA/boletinlegal/images/tel.png HTTP/1.1" 200 14477
172.22.2.4 - - [03/May/2022:10:10:07 -0500] "GET /BLA/boletinlegal/images/icono-email.png HTTP/1.1" 200 5544
172.22.2.4 - - [03/May/2022:10:10:07 -0500] "GET /BLA/boletinlegal/images/footer_bg.jpg HTTP/1.1" 200 586
172.22.2.4 - - [03/May/2022:10:10:07 -0500] "GET /BLA/boletinlegal/images/footer_bg_l.jpg HTTP/1.1" 200 776
172.22.2.4 - - [03/May/2022:10:10:07 -0500] "GET /BLA/boletinlegal/img/0.png HTTP/1.1" 200 110
172.22.2.4 - - [03/May/2022:10:10:07 -0500] "GET /BLA/boletinlegal/img/select-left.png HTTP/1.1" 200 263
172.22.2.4 - - [03/May/2022:10:10:07 -0500] "GET /BLA/boletinlegal/img/button.png HTTP/1.1" 200 43241
172.22.2.4 - - [03/May/2022:10:10:07 -0500] "GET /BLA/boletinlegal/img/button-left.png HTTP/1.1" 200 57071
172.22.2.4 - - [03/May/2022:10:10:07 -0500] "GET /BLA/boletinlegal/img/select-right.png HTTP/1.1" 200 44019
172.22.2.4 - - [03/May/2022:10:10:07 -0500] "GET /BLA/boletinlegal/img/button-right.png HTTP/1.1" 200 57878
172.22.2.4 - - [03/May/2022:10:10:07 -0500] "GET /BLA/boletinlegal/favicon.ico HTTP/1.1" 404 1326
66.249.65.13 - - [03/May/2022:10:10:12 -0500] "-" 408 -
181.237.60.227 - - [03/May/2022:10:10:13 -0500] "POST /sipsepre/faces/presentacion/financiero/solicitudProceso/consultarSolicitudProceso.xhtml HTTP/1.1" 200 6852
172.22.2.4 - - [03/May/2022:10:10:18 -0500] "GET /BLA/boletinlegal/consulta_actos.php?tipo=resoluciones&no=3546&usuario=&sector=&fecha=2021&resuelve= HTTP/1.1" 200 1128
181.237.60.227 - - [03/May/2022:10:10:16 -0500] "POST /sipsepre/faces/presentacion/financiero/solicitudProceso/consultarSolicitudProceso.xhtml HTTP/1.1" 200 66887
181.237.60.227 - - [03/May/2022:10:10:18 -0500] "GET /sipsepre/faces/javax.faces.resource/jquery/jquery.js?ln=primefaces&v=4.0 HTTP/1.1" 304 -
181.237.60.227 - - [03/May/2022:10:10:18 -0500] "GET /sipsepre/faces/javax.faces.resource/jquery/jquery-plugins.js?ln=primefaces&v=4.0 HTTP/1.1" 304 -
172.22.2.4 - - [03/May/2022:10:10:18 -0500] "GET /BLA/boletinlegal/images/pdf.gif HTTP/1.1" 200 567
181.237.60.227 - - [03/May/2022:10:10:18 -0500] "GET /sipsepre/faces/javax.faces.resource/primefaces.js?ln=primefaces&v=4.0 HTTP/1.1" 304 -
181.237.60.227 - - [03/May/2022:10:10:18 -0500] "GET /sipsepre/faces/javax.faces.resource/layout/layout.js?ln=primefaces&v=4.0 HTTP/1.1" 304 -
181.237.60.227 - - [03/May/2022:10:10:18 -0500] "POST /sipsepre/faces/presentacion/financiero/solicitudProceso/listarSolicitudProceso.xhtml HTTP/1.1" 200 1448
181.237.60.227 - - [03/May/2022:10:10:29 -0500] "POST /sipsepre/faces/presentacion/financiero/solicitudProceso/listarSolicitudProceso.xhtml HTTP/1.1" 200 20651
172.22.2.4 - - [03/May/2022:10:10:00 -0500] "GET /BLA/boletinlegal/ HTTP/1.1" 200 24523
181.237.60.227 - - [03/May/2022:10:10:34 -0500] "POST /sipsepre/faces/presentacion/financiero/solicitudProceso/listarSolicitudProceso.xhtml HTTP/1.1" 200 28397
181.237.60.227 - - [03/May/2022:10:10:40 -0500] "POST /sipsepre/faces/presentacion/financiero/solicitudProceso/listarSolicitudProceso.xhtml HTTP/1.1" 200 59798
181.237.60.227 - - [03/May/2022:10:10:40 -0500] "POST /sipsepre/faces/presentacion/financiero/solicitudProceso/listarSolicitudProceso.xhtml HTTP/1.1" 200 59798
181.237.60.227 - - [03/May/2022:10:10:40 -0500] "POST /sipsepre/faces/presentacion/financiero/solicitudProceso/listarSolicitudProceso.xhtml HTTP/1.1" 200 1448
181.237.60.227 - - [03/May/2022:10:10:40 -0500] "POST /sipsepre/faces/presentacion/financiero/solicitudProceso/listarSolicitudProceso.xhtml HTTP/1.1" 200 1444
172.22.2.4 - - [03/May/2022:10:10:51 -0500] "GET /BLA/boletinlegal/consulta_actos.php?tipo=resoluciones&no=3547&usuario=&sector=&fecha=2021&resuelve= HTTP/1.1" 200 1123
181.237.60.227 - - [03/May/2022:10:10:50 -0500] "POST /sipsepre/faces/presentacion/financiero/solicitudProceso/listarSolicitudProceso.xhtml HTTP/1.1" 200 134002
181.237.60.227 - - [03/May/2022:10:10:51 -0500] "GET /sipsepre/faces/javax.faces.resource/jquery/jquery.js?ln=primefaces&v=4.0 HTTP/1.1" 304 -
181.237.60.227 - - [03/May/2022:10:10:51 -0500] "GET /sipsepre/faces/javax.faces.resource/jquery/jquery-plugins.js?ln=primefaces&v=4.0 HTTP/1.1" 304 -
181.237.60.227 - - [03/May/2022:10:10:51 -0500] "GET /sipsepre/faces/javax.faces.resource/primefaces.js?ln=primefaces&v=4.0 HTTP/1.1" 304 -
181.237.60.227 - - [03/May/2022:10:10:51 -0500] "GET /sipsepre/faces/javax.faces.resource/layout/layout.js?ln=primefaces&v=4.0 HTTP/1.1" 304 -
201.245.192.253 - - [03/May/2022:10:10:54 -0500] "GET /appsia/controlador HTTP/1.1" 200 4799
201.245.192.253 - - [03/May/2022:10:10:54 -0500] "GET /appsia/css/estilos.css HTTP/1.1" 200 4804
201.245.192.253 - - [03/May/2022:10:10:54 -0500] "GET /appsia/scripts/validarIngreso.js HTTP/1.1" 200 851
201.245.192.253 - - [03/May/2022:10:10:54 -0500] "GET /appsia/images/logo_bogota_p.png HTTP/1.1" 200 14951
201.245.192.253 - - [03/May/2022:10:10:54 -0500] "GET /appsia/images/cabezoteHojaVida.png HTTP/1.1" 200 32493
201.245.192.253 - - [03/May/2022:10:10:54 -0500] "GET /favicon.ico HTTP/1.1" 200 7782
181.237.60.227 - - [03/May/2022:10:10:51 -0500] "GET /reportes_sipsepre/sdg/ServletReporte?reporte=memo_viabilidad&solicitud=14240&viabilidad=12839&pfdrid_c=false HTTP/1.1" 200 126124
181.237.60.227 - - [03/May/2022:10:11:03 -0500] "POST /sipsepre/faces/presentacion/financiero/solicitudProceso/consultarSolicitudProceso.xhtml HTTP/1.1" 200 40672
181.237.60.227 - - [03/May/2022:10:11:04 -0500] "GET /sipsepre/faces/javax.faces.resource/theme.css?ln=primefaces-sipse HTTP/1.1" 304 -
181.237.60.227 - - [03/May/2022:10:11:04 -0500] "GET /sipsepre/faces/javax.faces.resource/primefaces.css?ln=primefaces&v=4.0 HTTP/1.1" 304 -
181.237.60.227 - - [03/May/2022:10:11:04 -0500] "GET /sipsepre/faces/javax.faces.resource/layout/layout.css?ln=primefaces&v=4.0 HTTP/1.1" 304 -
181.237.60.227 - - [03/May/2022:10:11:04 -0500] "GET /sipsepre/faces/javax.faces.resource/layout/layout.js?ln=primefaces&v=4.0 HTTP/1.1" 304 -
181.237.60.227 - - [03/May/2022:10:11:04 -0500] "GET /sipsepre/faces/javax.faces.resource/jquery/jquery-plugins.js?ln=primefaces&v=4.0 HTTP/1.1" 304 -
181.237.60.227 - - [03/May/2022:10:11:04 -0500] "GET /sipsepre/faces/javax.faces.resource/primefaces.js?ln=primefaces&v=4.0 HTTP/1.1" 304 -
181.237.60.227 - - [03/May/2022:10:11:04 -0500] "GET /sipsepre/faces/javax.faces.resource/jquery/jquery.js?ln=primefaces&v=4.0 HTTP/1.1" 304 -
181.237.60.227 - - [03/May/2022:10:11:04 -0500] "GET /sipsepre/faces/javax.faces.resource/images/ui-icons_898989_256x240.png?ln=primefaces-aristo HTTP/1.1" 304 -
172.22.2.4 - - [03/May/2022:10:11:06 -0500] "GET /BLA/boletinlegal/styles2.css HTTP/1.1" 200 1838
172.22.2.4 - - [03/May/2022:10:11:06 -0500] "GET /BLA/boletinlegal/style.css HTTP/1.1" 200 9406
172.22.2.4 - - [03/May/2022:10:11:06 -0500] "GET /BLA/boletinlegal/js/jquery.js HTTP/1.1" 200 57254
172.22.2.4 - - [03/May/2022:10:11:06 -0500] "GET /BLA/boletinlegal/js/jquery.scrollTo-min.js HTTP/1.1" 200 1150
172.22.2.4 - - [03/May/2022:10:11:06 -0500] "GET /BLA/boletinlegal/js/jquery.scrollShow.js HTTP/1.1" 200 4586
172.22.2.4 - - [03/May/2022:10:11:06 -0500] "GET /BLA/boletinlegal/images/subscribe-icon-big.png HTTP/1.1" 200 47702
172.22.2.4 - - [03/May/2022:10:11:06 -0500] "GET /BLA/boletinlegal/images/cabezote%20BLEGAL.jpg HTTP/1.1" 200 118164
172.22.2.4 - - [03/May/2022:10:11:06 -0500] "GET /BLA/boletinlegal/images/historia.png HTTP/1.1" 200 52775
172.22.2.4 - - [03/May/2022:10:11:06 -0500] "GET /BLA/boletinlegal/images/registro-usuarios.png HTTP/1.1" 200 8106
172.22.2.4 - - [03/May/2022:10:11:06 -0500] "GET /BLA/boletinlegal/images/arr_l.jpg HTTP/1.1" 200 1979
172.22.2.4 - - [03/May/2022:10:11:06 -0500] "GET /BLA/boletinlegal/images/screen_1.png HTTP/1.1" 200 202547
172.22.2.4 - - [03/May/2022:10:11:07 -0500] "GET /BLA/boletinlegal/images/launch.jpg HTTP/1.1" 200 14577
172.22.2.4 - - [03/May/2022:10:11:07 -0500] "GET /BLA/boletinlegal/images/body_bg.jpg HTTP/1.1" 200 1601
172.22.2.4 - - [03/May/2022:10:11:07 -0500] "GET /BLA/boletinlegal/images/menu_lft.gif HTTP/1.1" 200 1713
172.22.2.4 - - [03/May/2022:10:11:07 -0500] "GET /BLA/boletinlegal/images/menu_rght.gif HTTP/1.1" 200 1627
172.22.2.4 - - [03/May/2022:10:11:07 -0500] "GET /BLA/boletinlegal/images/bg_top.jpg HTTP/1.1" 200 522
172.22.2.4 - - [03/May/2022:10:11:07 -0500] "GET /BLA/boletinlegal/images/menu_bg.jpg HTTP/1.1" 200 620
172.22.2.4 - - [03/May/2022:10:11:07 -0500] "GET /BLA/boletinlegal/images/hover.jpg HTTP/1.1" 200 640
172.22.2.4 - - [03/May/2022:10:11:07 -0500] "GET /BLA/boletinlegal/images/text.jpg HTTP/1.1" 200 568
172.22.2.4 - - [03/May/2022:10:11:09 -0500] "GET /BLA/boletinlegal/actos.php HTTP/1.1" 200 9559
172.22.2.4 - - [03/May/2022:10:11:09 -0500] "GET /BLA/boletinlegal/niceforms.js HTTP/1.1" 200 22876
172.22.2.4 - - [03/May/2022:10:11:09 -0500] "GET /BLA/boletinlegal/niceforms-default.css HTTP/1.1" 200 6694
172.22.2.4 - - [03/May/2022:10:11:09 -0500] "GET /BLA/boletinlegal/js/lib.js HTTP/1.1" 200 6474
172.22.2.4 - - [03/May/2022:10:11:09 -0500] "GET /BLA/boletinlegal/js/popup.js HTTP/1.1" 200 1270
172.22.2.4 - - [03/May/2022:10:11:09 -0500] "GET /BLA/boletinlegal/js/jquery1.js HTTP/1.1" 200 29846
172.22.2.4 - - [03/May/2022:10:11:09 -0500] "GET /BLA/boletinlegal/js/ajax_actos.js HTTP/1.1" 200 1322
172.22.2.4 - - [03/May/2022:10:11:09 -0500] "GET /BLA/boletinlegal/images/green-yellow-blue-pink-th.png HTTP/1.1" 200 7394
172.22.2.4 - - [03/May/2022:10:11:09 -0500] "GET /BLA/boletinlegal/images/abajo.png HTTP/1.1" 200 96676
172.22.2.4 - - [03/May/2022:10:11:09 -0500] "GET /BLA/boletinlegal/images/tel.png HTTP/1.1" 200 14477
172.22.2.4 - - [03/May/2022:10:11:09 -0500] "GET /BLA/boletinlegal/images/icono-email.png HTTP/1.1" 200 5544
172.22.2.4 - - [03/May/2022:10:11:09 -0500] "GET /BLA/boletinlegal/images/footer_bg.jpg HTTP/1.1" 200 586
172.22.2.4 - - [03/May/2022:10:11:09 -0500] "GET /BLA/boletinlegal/images/footer_bg_l.jpg HTTP/1.1" 200 776
172.22.2.4 - - [03/May/2022:10:11:09 -0500] "GET /BLA/boletinlegal/img/0.png HTTP/1.1" 200 110
172.22.2.4 - - [03/May/2022:10:11:09 -0500] "GET /BLA/boletinlegal/img/select-left.png HTTP/1.1" 200 263
172.22.2.4 - - [03/May/2022:10:11:09 -0500] "GET /BLA/boletinlegal/img/button-left.png HTTP/1.1" 200 57071
172.22.2.4 - - [03/May/2022:10:11:09 -0500] "GET /BLA/boletinlegal/img/select-right.png HTTP/1.1" 200 44019
172.22.2.4 - - [03/May/2022:10:11:09 -0500] "GET /BLA/boletinlegal/img/button.png HTTP/1.1" 200 43241
172.22.2.4 - - [03/May/2022:10:11:09 -0500] "GET /BLA/boletinlegal/img/button-right.png HTTP/1.1" 200 57878
172.22.2.4 - - [03/May/2022:10:11:09 -0500] "GET /BLA/boletinlegal/favicon.ico HTTP/1.1" 404 1326
201.245.192.253 - - [03/May/2022:10:11:11 -0500] "GET /sipse/faces/faces/autenticacion.xhtml HTTP/1.1" 200 12490
201.245.192.253 - - [03/May/2022:10:11:11 -0500] "GET /sipse/css/custom_css_sg.css HTTP/1.1" 200 9694
201.245.192.253 - - [03/May/2022:10:11:11 -0500] "GET /sipse/css/custom_css_sg_prime_login.css HTTP/1.1" 200 443
201.245.192.253 - - [03/May/2022:10:11:11 -0500] "GET /sipse/faces/javax.faces.resource/layout/layout.css;jsessionid=wP5mshIoKcOXJqXEnLW6LWe6.undefined?ln=primefaces&v=4.0 HTTP/1.1" 200 542
201.245.192.253 - - [03/May/2022:10:11:11 -0500] "GET /sipse/faces/javax.faces.resource/jquery/jquery.js;jsessionid=wP5mshIoKcOXJqXEnLW6LWe6.undefined?ln=primefaces&v=4.0 HTTP/1.1" 200 105384
201.245.192.253 - - [03/May/2022:10:11:11 -0500] "GET /sipse/faces/javax.faces.resource/primefaces.js;jsessionid=wP5mshIoKcOXJqXEnLW6LWe6.undefined?ln=primefaces&v=4.0 HTTP/1.1" 200 276924
181.237.60.227 - - [03/May/2022:10:11:11 -0500] "POST /sipsepre/faces/presentacion/financiero/solicitudProceso/consultarHistorialSolProceso.xhtml HTTP/1.1" 200 179796
181.237.60.227 - - [03/May/2022:10:11:11 -0500] "GET /sipsepre/faces/javax.faces.resource/layout/layout.css?ln=primefaces&v=4.0 HTTP/1.1" 304 -
181.237.60.227 - - [03/May/2022:10:11:11 -0500] "GET /sipsepre/faces/javax.faces.resource/theme.css?ln=primefaces-sipse HTTP/1.1" 304 -
181.237.60.227 - - [03/May/2022:10:11:11 -0500] "GET /sipsepre/faces/javax.faces.resource/primefaces.css?ln=primefaces&v=4.0 HTTP/1.1" 304 -
181.237.60.227 - - [03/May/2022:10:11:11 -0500] "GET /sipsepre/faces/javax.faces.resource/jquery/jquery-plugins.js?ln=primefaces&v=4.0 HTTP/1.1" 304 -
181.237.60.227 - - [03/May/2022:10:11:11 -0500] "GET /sipsepre/faces/javax.faces.resource/primefaces.js?ln=primefaces&v=4.0 HTTP/1.1" 304 -
201.245.192.253 - - [03/May/2022:10:11:11 -0500] "GET /sipse/faces/javax.faces.resource/primefaces.css;jsessionid=wP5mshIoKcOXJqXEnLW6LWe6.undefined?ln=primefaces&v=4.0 HTTP/1.1" 200 53295
181.237.60.227 - - [03/May/2022:10:11:11 -0500] "GET /sipsepre/faces/javax.faces.resource/jquery/jquery.js?ln=primefaces&v=4.0 HTTP/1.1" 304 -
181.237.60.227 - - [03/May/2022:10:11:11 -0500] "GET /sipsepre/faces/javax.faces.resource/layout/layout.js?ln=primefaces&v=4.0 HTTP/1.1" 304 -
201.245.192.253 - - [03/May/2022:10:11:11 -0500] "GET /sipse/faces/javax.faces.resource/layout/layout.js;jsessionid=wP5mshIoKcOXJqXEnLW6LWe6.undefined?ln=primefaces&v=4.0 HTTP/1.1" 200 87560
181.237.60.227 - - [03/May/2022:10:11:11 -0500] "GET /sipsepre/faces/javax.faces.resource/images/ui-icons_898989_256x240.png?ln=primefaces-aristo HTTP/1.1" 304 -
201.245.192.253 - - [03/May/2022:10:11:11 -0500] "GET /sipse/faces/javax.faces.resource/jquery/jquery-plugins.js;jsessionid=wP5mshIoKcOXJqXEnLW6LWe6.undefined?ln=primefaces&v=4.0 HTTP/1.1" 200 220526
157.55.39.145 - - [03/May/2022:10:11:13 -0500] "GET /forest/ HTTP/1.1" 200 12041
181.237.60.227 - - [03/May/2022:10:11:13 -0500] "GET /sipsepre/faces/javax.faces.resource/images/ui-bg_flat_0_2d5972_40x100.png?ln=primefaces-aristo HTTP/1.1" 304 -
172.22.2.4 - - [03/May/2022:10:11:13 -0500] "GET /BLA/boletinlegal/images/screen_2.png HTTP/1.1" 200 362502
172.22.2.4 - - [03/May/2022:10:11:13 -0500] "GET /BLA/boletinlegal/images/screen_3.png HTTP/1.1" 200 210620
172.22.2.4 - - [03/May/2022:10:11:13 -0500] "GET /BLA/boletinlegal/images/screen_5.png HTTP/1.1" 200 368876
172.22.2.4 - - [03/May/2022:10:11:13 -0500] "GET /BLA/boletinlegal/images/arr_r.jpg HTTP/1.1" 200 1998
181.237.60.227 - - [03/May/2022:10:11:13 -0500] "POST /sipsepre/faces/presentacion/financiero/solicitudProceso/consultarSolicitudProceso.xhtml HTTP/1.1" 200 66445
181.237.60.227 - - [03/May/2022:10:11:14 -0500] "GET /sipsepre/faces/javax.faces.resource/jquery/jquery.js?ln=primefaces&v=4.0 HTTP/1.1" 304 -
181.237.60.227 - - [03/May/2022:10:11:14 -0500] "GET /sipsepre/faces/javax.faces.resource/jquery/jquery-plugins.js?ln=primefaces&v=4.0 HTTP/1.1" 304 -
181.237.60.227 - - [03/May/2022:10:11:14 -0500] "GET /sipsepre/faces/javax.faces.resource/primefaces.js?ln=primefaces&v=4.0 HTTP/1.1" 304 -
181.237.60.227 - - [03/May/2022:10:11:14 -0500] "GET /sipsepre/faces/javax.faces.resource/layout/layout.js?ln=primefaces&v=4.0 HTTP/1.1" 304 -
172.22.2.4 - - [03/May/2022:10:11:14 -0500] "GET /BLA/boletinlegal/consulta_actos.php?tipo=resoluciones&no=3084&usuario=&sector=&fecha=2021&resuelve= HTTP/1.1" 200 1178
181.237.60.227 - - [03/May/2022:10:11:14 -0500] "POST /sipsepre/faces/presentacion/financiero/solicitudProceso/listarSolicitudProceso.xhtml HTTP/1.1" 200 1448
181.237.60.227 - - [03/May/2022:10:11:14 -0500] "POST /sipsepre/faces/presentacion/financiero/solicitudProceso/listarSolicitudProceso.xhtml HTTP/1.1" 200 1444
201.245.192.253 - - [03/May/2022:10:11:11 -0500] "GET /sipse/faces/javax.faces.resource/theme.css?ln=primefaces-sipse HTTP/1.1" 200 50058
201.245.192.253 - - [03/May/2022:10:11:14 -0500] "GET /sipse/css/imagen/logoSDG.png HTTP/1.1" 200 15714
201.245.192.253 - - [03/May/2022:10:11:14 -0500] "GET /sipse/css/imagen/loginimg.png HTTP/1.1" 200 16770
201.245.192.253 - - [03/May/2022:10:11:14 -0500] "GET /sipse/faces/javax.faces.resource/images/ui-icons_898989_256x240.png?ln=primefaces-aristo HTTP/1.1" 200 5355
201.245.192.253 - - [03/May/2022:10:11:14 -0500] "GET /favicon.ico HTTP/1.1" 200 7782
201.245.192.253 - - [03/May/2022:10:11:14 -0500] "GET /sipse/faces/faces/index.xhtml HTTP/1.1" 200 677
201.245.192.253 - - [03/May/2022:10:11:14 -0500] "GET /sipse/faces/javax.faces.resource/theme.css?ln=primefaces-sipse HTTP/1.1" 304 -
201.245.192.253 - - [03/May/2022:10:11:15 -0500] "GET /sipse/faces/faces/faces/autenticacion.xhtml HTTP/1.1" 200 12168
201.245.192.253 - - [03/May/2022:10:11:15 -0500] "GET /sipse/faces/javax.faces.resource/theme.css?ln=primefaces-sipse HTTP/1.1" 304 -
201.245.192.253 - - [03/May/2022:10:11:15 -0500] "GET /sipse/faces/javax.faces.resource/layout/layout.css?ln=primefaces&v=4.0 HTTP/1.1" 200 542
201.245.192.253 - - [03/May/2022:10:11:15 -0500] "GET /sipse/faces/javax.faces.resource/primefaces.css?ln=primefaces&v=4.0 HTTP/1.1" 200 53295
201.245.192.253 - - [03/May/2022:10:11:15 -0500] "GET /sipse/faces/javax.faces.resource/jquery/jquery.js?ln=primefaces&v=4.0 HTTP/1.1" 304 -
201.245.192.253 - - [03/May/2022:10:11:15 -0500] "GET /sipse/faces/javax.faces.resource/jquery/jquery-plugins.js?ln=primefaces&v=4.0 HTTP/1.1" 304 -
201.245.192.253 - - [03/May/2022:10:11:15 -0500] "GET /sipse/faces/javax.faces.resource/primefaces.js?ln=primefaces&v=4.0 HTTP/1.1" 304 -
201.245.192.253 - - [03/May/2022:10:11:15 -0500] "GET /sipse/faces/javax.faces.resource/layout/layout.js?ln=primefaces&v=4.0 HTTP/1.1" 304 -
201.245.192.253 - - [03/May/2022:10:11:15 -0500] "GET /sipse/faces/javax.faces.resource/images/ui-icons_898989_256x240.png?ln=primefaces-aristo HTTP/1.1" 304 -
201.245.192.253 - - [03/May/2022:10:11:16 -0500] "POST /appsia/controlador HTTP/1.1" 200 5437
181.237.60.227 - - [03/May/2022:10:11:16 -0500] "POST /sipsepre/faces/presentacion/financiero/solicitudProceso/listarSolicitudProceso.xhtml HTTP/1.1" 200 20655
181.237.60.227 - - [03/May/2022:10:11:11 -0500] "GET /reportes_sipsepre/sdg/ServletReporte?reporte=memo_viabilidad&solicitud=14240&viabilidad=12839&pfdrid_c=false HTTP/1.1" 200 15729
172.22.2.4 - - [03/May/2022:10:11:21 -0500] "GET /BLA/boletinlegal/images/pdf.gif HTTP/1.1" 200 567
201.245.192.253 - - [03/May/2022:10:11:22 -0500] "POST /sipse/faces/autenticacion.xhtml HTTP/1.1" 200 11363
201.245.192.253 - - [03/May/2022:10:11:22 -0500] "GET /sipse/css/custom_css_sg_prime.css HTTP/1.1" 200 5201
201.245.192.253 - - [03/May/2022:10:11:22 -0500] "GET /sipse/faces/javax.faces.resource/jquery/jquery.js?ln=primefaces&v=4.0 HTTP/1.1" 304 -
201.245.192.253 - - [03/May/2022:10:11:22 -0500] "GET /sipse/faces/javax.faces.resource/jquery/jquery-plugins.js?ln=primefaces&v=4.0 HTTP/1.1" 304 -
201.245.192.253 - - [03/May/2022:10:11:22 -0500] "GET /sipse/faces/javax.faces.resource/primefaces.js?ln=primefaces&v=4.0 HTTP/1.1" 304 -
201.245.192.253 - - [03/May/2022:10:11:22 -0500] "GET /sipse/faces/javax.faces.resource/layout/layout.js?ln=primefaces&v=4.0 HTTP/1.1" 304 -
201.245.192.253 - - [03/May/2022:10:11:22 -0500] "GET /sipse/faces/javax.faces.resource/messages/messages.png?ln=primefaces&v=4.0 HTTP/1.1" 200 27209
181.237.60.227 - - [03/May/2022:10:11:23 -0500] "POST /sipsepre/faces/presentacion/financiero/solicitudProceso/listarSolicitudProceso.xhtml HTTP/1.1" 200 28393
201.245.192.253 - - [03/May/2022:10:11:25 -0500] "POST /sipse/faces/presentacion/sistema/seguridad/seleccionRol.xhtml HTTP/1.1" 200 5801
201.245.192.253 - - [03/May/2022:10:11:26 -0500] "POST /sipse/faces/presentacion/sistema/seguridad/seleccionRol.xhtml HTTP/1.1" 200 16247
201.245.192.253 - - [03/May/2022:10:11:26 -0500] "GET /sipse/js/jquery.min.js HTTP/1.1" 200 85582
201.245.192.253 - - [03/May/2022:10:11:26 -0500] "GET /sipse/faces/javax.faces.resource/jquery/jquery.js?ln=primefaces&v=4.0 HTTP/1.1" 304 -
201.245.192.253 - - [03/May/2022:10:11:26 -0500] "GET /sipse/faces/javax.faces.resource/jquery/jquery-plugins.js?ln=primefaces&v=4.0 HTTP/1.1" 304 -
201.245.192.253 - - [03/May/2022:10:11:26 -0500] "GET /sipse/faces/javax.faces.resource/primefaces.js?ln=primefaces&v=4.0 HTTP/1.1" 304 -
201.245.192.253 - - [03/May/2022:10:11:26 -0500] "GET /sipse/faces/javax.faces.resource/layout/layout.js?ln=primefaces&v=4.0 HTTP/1.1" 304 -
201.245.192.253 - - [03/May/2022:10:11:26 -0500] "GET /sipse/css/imagen/contrasena.png HTTP/1.1" 404 383
201.245.192.253 - - [03/May/2022:10:11:26 -0500] "GET /sipse/imagenes/logoAplicacion.jpg HTTP/1.1" 200 155084
201.245.192.253 - - [03/May/2022:10:11:26 -0500] "GET /sipse/imagenes/cargando.gif HTTP/1.1" 200 36959
181.237.60.227 - - [03/May/2022:10:11:29 -0500] "POST /sipsepre/faces/presentacion/financiero/solicitudProceso/listarSolicitudProceso.xhtml HTTP/1.1" 200 248483
181.237.60.227 - - [03/May/2022:10:11:30 -0500] "GET /sipsepre/faces/javax.faces.resource/jquery/jquery.js?ln=primefaces&v=4.0 HTTP/1.1" 304 -
181.237.60.227 - - [03/May/2022:10:11:30 -0500] "GET /sipsepre/faces/javax.faces.resource/jquery/jquery-plugins.js?ln=primefaces&v=4.0 HTTP/1.1" 304 -
181.237.60.227 - - [03/May/2022:10:11:30 -0500] "GET /sipsepre/faces/javax.faces.resource/primefaces.js?ln=primefaces&v=4.0 HTTP/1.1" 304 -
181.237.60.227 - - [03/May/2022:10:11:30 -0500] "GET /sipsepre/faces/javax.faces.resource/layout/layout.js?ln=primefaces&v=4.0 HTTP/1.1" 304 -
201.245.192.253 - - [03/May/2022:10:11:33 -0500] "POST /appsia/controlador HTTP/1.1" 200 7729
201.245.192.253 - - [03/May/2022:10:11:33 -0500] "GET /appsia/images/logo_escudo.png HTTP/1.1" 200 36965
207.46.13.82 - - [03/May/2022:10:11:34 -0500] "GET /BLA/resoluciones/RESOLUCIONES%202006/RES%202006%201401-1450/00001440.tif HTTP/1.1" 200 227424
181.237.60.227 - - [03/May/2022:10:11:37 -0500] "POST /sipsepre/faces/presentacion/financiero/solicitudProceso/consultarSolicitudProceso.xhtml HTTP/1.1" 200 66882
181.237.60.227 - - [03/May/2022:10:11:37 -0500] "GET /sipsepre/faces/javax.faces.resource/jquery/jquery.js?ln=primefaces&v=4.0 HTTP/1.1" 304 -
181.237.60.227 - - [03/May/2022:10:11:37 -0500] "GET /sipsepre/faces/javax.faces.resource/jquery/jquery-plugins.js?ln=primefaces&v=4.0 HTTP/1.1" 304 -
181.237.60.227 - - [03/May/2022:10:11:37 -0500] "GET /sipsepre/faces/javax.faces.resource/primefaces.js?ln=primefaces&v=4.0 HTTP/1.1" 304 -
181.237.60.227 - - [03/May/2022:10:11:37 -0500] "GET /sipsepre/faces/javax.faces.resource/layout/layout.js?ln=primefaces&v=4.0 HTTP/1.1" 304 -
181.237.60.227 - - [03/May/2022:10:11:37 -0500] "GET /sipsepre/faces/javax.faces.resource/messages/messages.png?ln=primefaces&v=4.0 HTTP/1.1" 304 -
181.237.60.227 - - [03/May/2022:10:11:37 -0500] "POST /sipsepre/faces/presentacion/financiero/solicitudProceso/listarSolicitudProceso.xhtml HTTP/1.1" 200 1448
181.237.60.227 - - [03/May/2022:10:11:30 -0500] "GET /reportes_sipsepre/sdg/ServletReporte?reporte=memo_viabilidad&solicitud=14240&viabilidad=12839&pfdrid_c=false HTTP/1.1" 200 15729
201.245.192.253 - - [03/May/2022:10:11:38 -0500] "GET /sipse/faces/javax.faces.resource/images/ui-bg_flat_0_2d5972_40x100.png?ln=primefaces-aristo HTTP/1.1" 200 183
201.245.192.253 - - [03/May/2022:10:11:38 -0500] "POST /sipse/faces/bienvenido.xhtml HTTP/1.1" 200 1471
201.245.192.253 - - [03/May/2022:10:11:39 -0500] "POST /sipse/faces/bienvenido.xhtml HTTP/1.1" 200 46969
201.245.192.253 - - [03/May/2022:10:11:39 -0500] "GET /sipse/faces/javax.faces.resource/jquery/jquery.js?ln=primefaces&v=4.0 HTTP/1.1" 304 -
201.245.192.253 - - [03/May/2022:10:11:39 -0500] "GET /sipse/faces/javax.faces.resource/jquery/jquery-plugins.js?ln=primefaces&v=4.0 HTTP/1.1" 304 -
201.245.192.253 - - [03/May/2022:10:11:39 -0500] "GET /sipse/faces/javax.faces.resource/primefaces.js?ln=primefaces&v=4.0 HTTP/1.1" 304 -
201.245.192.253 - - [03/May/2022:10:11:40 -0500] "GET /sipse/faces/javax.faces.resource/layout/layout.js?ln=primefaces&v=4.0 HTTP/1.1" 304 -
201.245.192.253 - - [03/May/2022:10:11:40 -0500] "POST /sipse/faces/presentacion/financiero/solicitudProceso/listarSolicitudProceso.xhtml HTTP/1.1" 200 1412
181.63.223.77 - - [03/May/2022:10:11:40 -0500] "GET /appsia/controlador HTTP/1.1" 200 4799
208.100.26.244 - - [03/May/2022:10:11:42 -0500] "GET / HTTP/1.1" 200 319
181.237.60.227 - - [03/May/2022:10:11:45 -0500] "POST /sipsepre/faces/presentacion/financiero/solicitudProceso/listarSolicitudProceso.xhtml HTTP/1.1" 200 59798
181.237.60.227 - - [03/May/2022:10:11:45 -0500] "POST /sipsepre/faces/presentacion/financiero/solicitudProceso/listarSolicitudProceso.xhtml HTTP/1.1" 200 59798
181.237.60.227 - - [03/May/2022:10:11:45 -0500] "POST /sipsepre/faces/presentacion/financiero/solicitudProceso/listarSolicitudProceso.xhtml HTTP/1.1" 200 59798
181.237.60.227 - - [03/May/2022:10:11:45 -0500] "POST /sipsepre/faces/presentacion/financiero/solicitudProceso/listarSolicitudProceso.xhtml HTTP/1.1" 200 59798
181.237.60.227 - - [03/May/2022:10:11:46 -0500] "POST /sipsepre/faces/presentacion/financiero/solicitudProceso/listarSolicitudProceso.xhtml HTTP/1.1" 200 1448
181.237.60.227 - - [03/May/2022:10:11:46 -0500] "POST /sipsepre/faces/presentacion/financiero/solicitudProceso/listarSolicitudProceso.xhtml HTTP/1.1" 200 1444
181.237.60.227 - - [03/May/2022:10:11:46 -0500] "POST /sipsepre/faces/presentacion/financiero/solicitudProceso/listarSolicitudProceso.xhtml HTTP/1.1" 200 1444
181.237.60.227 - - [03/May/2022:10:11:46 -0500] "POST /sipsepre/faces/presentacion/financiero/solicitudProceso/listarSolicitudProceso.xhtml HTTP/1.1" 200 1448
181.63.223.77 - - [03/May/2022:10:11:47 -0500] "POST /appsia/controlador HTTP/1.1" 200 5437
181.237.60.227 - - [03/May/2022:10:11:50 -0500] "POST /sipsepre/faces/presentacion/financiero/solicitudProceso/listarSolicitudProceso.xhtml HTTP/1.1" 200 243445
181.237.60.227 - - [03/May/2022:10:11:50 -0500] "GET /sipsepre/faces/javax.faces.resource/jquery/jquery.js?ln=primefaces&v=4.0 HTTP/1.1" 304 -
181.237.60.227 - - [03/May/2022:10:11:50 -0500] "GET /sipsepre/faces/javax.faces.resource/jquery/jquery-plugins.js?ln=primefaces&v=4.0 HTTP/1.1" 304 -
181.237.60.227 - - [03/May/2022:10:11:50 -0500] "GET /sipsepre/faces/javax.faces.resource/primefaces.js?ln=primefaces&v=4.0 HTTP/1.1" 304 -
181.237.60.227 - - [03/May/2022:10:11:50 -0500] "GET /sipsepre/faces/javax.faces.resource/layout/layout.js?ln=primefaces&v=4.0 HTTP/1.1" 304 -
181.61.164.108 - - [03/May/2022:10:11:52 -0500] "GET /BLA/resoluciones/RESOLUCIONES%202007/RES%202007%202401%20AL%202500/RESOLUCION%202426%20DE%202007.pdf HTTP/1.1" 200 215513
181.237.60.227 - - [03/May/2022:10:11:53 -0500] "POST /sipsepre/faces/presentacion/financiero/solicitudProceso/consultarSolicitudProceso.xhtml HTTP/1.1" 200 66445
181.237.60.227 - - [03/May/2022:10:11:53 -0500] "GET /sipsepre/faces/javax.faces.resource/jquery/jquery.js?ln=primefaces&v=4.0 HTTP/1.1" 304 -
181.237.60.227 - - [03/May/2022:10:11:53 -0500] "GET /sipsepre/faces/javax.faces.resource/jquery/jquery-plugins.js?ln=primefaces&v=4.0 HTTP/1.1" 304 -
181.237.60.227 - - [03/May/2022:10:11:53 -0500] "GET /sipsepre/faces/javax.faces.resource/primefaces.js?ln=primefaces&v=4.0 HTTP/1.1" 304 -
181.237.60.227 - - [03/May/2022:10:11:53 -0500] "GET /sipsepre/faces/javax.faces.resource/layout/layout.js?ln=primefaces&v=4.0 HTTP/1.1" 304 -
181.61.164.108 - - [03/May/2022:10:11:53 -0500] "GET /BLA/resoluciones/RESOLUCIONES%202007/RES%202007%202401%20AL%202500/RESOLUCION%202427%20DE%202007.pdf HTTP/1.1" 200 747806
181.237.60.227 - - [03/May/2022:10:11:53 -0500] "POST /sipsepre/faces/presentacion/financiero/solicitudProceso/listarSolicitudProceso.xhtml HTTP/1.1" 200 59798
181.237.60.227 - - [03/May/2022:10:11:53 -0500] "POST /sipsepre/faces/presentacion/financiero/solicitudProceso/listarSolicitudProceso.xhtml HTTP/1.1" 200 59798
181.237.60.227 - - [03/May/2022:10:11:54 -0500] "POST /sipsepre/faces/presentacion/financiero/solicitudProceso/listarSolicitudProceso.xhtml HTTP/1.1" 200 59798
181.237.60.227 - - [03/May/2022:10:11:54 -0500] "POST /sipsepre/faces/presentacion/financiero/solicitudProceso/listarSolicitudProceso.xhtml HTTP/1.1" 200 59798
181.61.164.108 - - [03/May/2022:10:11:54 -0500] "GET /BLA/resoluciones/RESOLUCIONES%202007/RES%202007%202401%20AL%202500/RESOLUCION%202428%20DE%202007.pdf HTTP/1.1" 200 353529
181.237.60.227 - - [03/May/2022:10:11:54 -0500] "POST /sipsepre/faces/presentacion/financiero/solicitudProceso/listarSolicitudProceso.xhtml HTTP/1.1" 200 1448
181.237.60.227 - - [03/May/2022:10:11:54 -0500] "POST /sipsepre/faces/presentacion/financiero/solicitudProceso/listarSolicitudProceso.xhtml HTTP/1.1" 200 1444
181.237.60.227 - - [03/May/2022:10:11:55 -0500] "POST /sipsepre/faces/presentacion/financiero/solicitudProceso/listarSolicitudProceso.xhtml HTTP/1.1" 200 1444
181.237.60.227 - - [03/May/2022:10:11:55 -0500] "POST /sipsepre/faces/presentacion/financiero/solicitudProceso/listarSolicitudProceso.xhtml HTTP/1.1" 200 1448
181.237.60.227 - - [03/May/2022:10:11:55 -0500] "POST /sipsepre/faces/presentacion/financiero/solicitudProceso/listarSolicitudProceso.xhtml HTTP/1.1" 200 1444
181.61.164.108 - - [03/May/2022:10:11:55 -0500] "GET /BLA/resoluciones/RESOLUCIONES%202007/RES%202007%202401%20AL%202500/RESOLUCION%202429%20DE%202007.pdf HTTP/1.1" 200 184211
181.63.223.77 - - [03/May/2022:10:11:56 -0500] "POST /appsia/controlador HTTP/1.1" 200 7727
181.61.164.108 - - [03/May/2022:10:11:56 -0500] "GET /BLA/resoluciones/RESOLUCIONES%202007/RES%202007%202401%20AL%202500/RESOLUCION%202430%20DE%202007.pdf HTTP/1.1" 200 185250
181.61.164.108 - - [03/May/2022:10:11:58 -0500] "GET /BLA/resoluciones/RESOLUCIONES%202007/RES%202007%202401%20AL%202500/RESOLUCION%202431%20DE%202007.pdf HTTP/1.1" 200 648479
181.237.60.227 - - [03/May/2022:10:11:58 -0500] "POST /sipsepre/faces/presentacion/financiero/solicitudProceso/listarSolicitudProceso.xhtml HTTP/1.1" 200 1838
216.245.221.92 - - [03/May/2022:10:11:58 -0500] "HEAD / HTTP/1.1" 200 -
181.61.164.108 - - [03/May/2022:10:11:59 -0500] "GET /BLA/resoluciones/RESOLUCIONES%202007/RES%202007%202401%20AL%202500/RESOLUCION%202432%20DE%202007.pdf HTTP/1.1" 200 580573
181.237.60.227 - - [03/May/2022:10:11:50 -0500] "GET /reportes_sipsepre/sdg/ServletReporte?reporte=memo_viabilidad&solicitud=14240&viabilidad=12839&pfdrid_c=false HTTP/1.1" 200 15729
181.237.60.227 - - [03/May/2022:10:12:00 -0500] "POST /sipsepre/faces/presentacion/financiero/solicitudProceso/listarSolicitudProceso.xhtml HTTP/1.1" 200 28296
181.61.164.108 - - [03/May/2022:10:12:00 -0500] "GET /BLA/resoluciones/RESOLUCIONES%202007/RES%202007%202401%20AL%202500/RESOLUCION%202433%20DE%202007.pdf HTTP/1.1" 200 363102
181.61.164.108 - - [03/May/2022:10:12:02 -0500] "GET /BLA/resoluciones/RESOLUCIONES%202007/RES%202007%202401%20AL%202500/RESOLUCION%202434%20DE%202007.pdf HTTP/1.1" 200 560601
181.61.164.108 - - [03/May/2022:10:12:03 -0500] "GET /BLA/resoluciones/RESOLUCIONES%202007/RES%202007%202401%20AL%202500/RESOLUCION%202435%20DE%202007.pdf HTTP/1.1" 200 942525
181.61.164.108 - - [03/May/2022:10:12:04 -0500] "GET /BLA/resoluciones/RESOLUCIONES%202007/RES%202007%202401%20AL%202500/RESOLUCION%202436%20DE%202007.pdf HTTP/1.1" 200 489246
181.61.164.108 - - [03/May/2022:10:12:05 -0500] "GET /BLA/resoluciones/RESOLUCIONES%202007/RES%202007%202401%20AL%202500/RESOLUCION%202437%20DE%202007.pdf HTTP/1.1" 200 513081
181.61.164.108 - - [03/May/2022:10:12:08 -0500] "GET /BLA/resoluciones/RESOLUCIONES%202007/RES%202007%202401%20AL%202500/RESOLUCION%202438%20DE%202007.pdf HTTP/1.1" 200 533870
181.237.60.227 - - [03/May/2022:10:12:08 -0500] "POST /sipsepre/faces/presentacion/financiero/solicitudProceso/listarSolicitudProceso.xhtml HTTP/1.1" 200 15391
181.61.164.108 - - [03/May/2022:10:12:09 -0500] "GET /BLA/resoluciones/RESOLUCIONES%202007/RES%202007%202401%20AL%202500/RESOLUCION%202439%20DE%202007.pdf HTTP/1.1" 200 497599
181.61.164.108 - - [03/May/2022:10:12:11 -0500] "GET /BLA/resoluciones/RESOLUCIONES%202007/RES%202007%202401%20AL%202500/RESOLUCION%202440%20DE%202007.pdf HTTP/1.1" 200 318591
181.237.60.227 - - [03/May/2022:10:12:11 -0500] "POST /sipsepre/faces/presentacion/financiero/solicitudProceso/listarSolicitudProceso.xhtml HTTP/1.1" 200 28254
181.61.164.108 - - [03/May/2022:10:12:12 -0500] "GET /BLA/resoluciones/RESOLUCIONES%202007/RES%202007%202401%20AL%202500/RESOLUCION%202441%20DE%202007.pdf HTTP/1.1" 200 417437
181.61.164.108 - - [03/May/2022:10:12:14 -0500] "GET /BLA/resoluciones/RESOLUCIONES%202007/RES%202007%202401%20AL%202500/RESOLUCION%202442%20DE%202007.pdf HTTP/1.1" 200 393606
181.237.60.227 - - [03/May/2022:10:12:15 -0500] "POST /sipsepre/faces/presentacion/financiero/solicitudProceso/listarSolicitudProceso.xhtml HTTP/1.1" 200 17772
181.61.164.108 - - [03/May/2022:10:12:16 -0500] "GET /BLA/resoluciones/RESOLUCIONES%202007/RES%202007%202401%20AL%202500/RESOLUCION%202443%20DE%202007.pdf HTTP/1.1" 200 477640
181.61.164.108 - - [03/May/2022:10:12:17 -0500] "GET /BLA/resoluciones/RESOLUCIONES%202007/RES%202007%202401%20AL%202500/RESOLUCION%202444%20DE%202007.pdf HTTP/1.1" 200 764056
181.237.60.227 - - [03/May/2022:10:12:18 -0500] "POST /sipsepre/faces/presentacion/financiero/solicitudProceso/listarSolicitudProceso.xhtml HTTP/1.1" 200 28324
181.61.164.108 - - [03/May/2022:10:12:19 -0500] "GET /BLA/resoluciones/RESOLUCIONES%202007/RES%202007%202401%20AL%202500/RESOLUCION%202445%20%20DE%202007.pdf HTTP/1.1" 200 641507
181.237.60.227 - - [03/May/2022:10:12:20 -0500] "POST /sipsepre/faces/presentacion/financiero/solicitudProceso/listarSolicitudProceso.xhtml HTTP/1.1" 200 1862
181.61.164.108 - - [03/May/2022:10:12:20 -0500] "GET /BLA/resoluciones/RESOLUCIONES%202007/RES%202007%202401%20AL%202500/RESOLUCION%202446%20%20DE%202007.pdf HTTP/1.1" 200 692368
181.61.164.108 - - [03/May/2022:10:12:21 -0500] "GET /BLA/resoluciones/RESOLUCIONES%202007/RES%202007%202401%20AL%202500/RESOLUCION%202447%20DE%202007.pdf HTTP/1.1" 200 494064
181.237.60.227 - - [03/May/2022:10:12:22 -0500] "POST /sipsepre/faces/presentacion/financiero/solicitudProceso/listarSolicitudProceso.xhtml HTTP/1.1" 200 28304
181.61.164.108 - - [03/May/2022:10:12:23 -0500] "GET /BLA/resoluciones/RESOLUCIONES%202007/RES%202007%202401%20AL%202500/RESOLUCION%202448%20DE%202007.pdf HTTP/1.1" 200 277759
181.61.164.108 - - [03/May/2022:10:12:26 -0500] "GET /BLA/resoluciones/RESOLUCIONES%202007/RES%202007%202401%20AL%202500/RESOLUCION%202449%20DE%202007.pdf HTTP/1.1" 200 367688
181.61.164.108 - - [03/May/2022:10:12:28 -0500] "GET /BLA/resoluciones/RESOLUCIONES%202007/RES%202007%202401%20AL%202500/RESOLUCION%202450%20%20DE%202007.pdf HTTP/1.1" 200 220896
181.237.60.227 - - [03/May/2022:10:12:28 -0500] "POST /sipsepre/faces/presentacion/financiero/solicitudProceso/listarSolicitudProceso.xhtml HTTP/1.1" 200 15371
181.61.164.108 - - [03/May/2022:10:12:31 -0500] "GET /BLA/resoluciones/RESOLUCIONES%202007/RES%202007%202401%20AL%202500/RESOLUCION%202451%20DE%202007.pdf HTTP/1.1" 200 169893
172.22.2.4 - - [03/May/2022:10:12:32 -0500] "GET /BLA/boletinlegal/consulta_actos.php?tipo=resoluciones&no=3707&usuario=&sector=&fecha=2021&resuelve= HTTP/1.1" 200 1109
181.61.164.108 - - [03/May/2022:10:12:33 -0500] "GET /BLA/resoluciones/RESOLUCIONES%202007/RES%202007%202401%20AL%202500/RESOLUCION%202452%20DE%202007.pdf HTTP/1.1" 200 305784
199.16.157.180 - - [03/May/2022:10:12:34 -0500] "GET /suba-fontibon-y-ciudad-bolivar-son-las-localidades-en-las-que-mas-se-plantaron-arboles-durante-2021.html HTTP/1.1" 200 811
199.16.157.182 - - [03/May/2022:10:12:35 -0500] "GET /images/pieza-arbolado-29-abril.jpg HTTP/1.1" 200 54321
181.61.164.108 - - [03/May/2022:10:12:35 -0500] "GET /BLA/resoluciones/RESOLUCIONES%202007/RES%202007%202401%20AL%202500/RESOLUCION%202453%20DE%202007.pdf HTTP/1.1" 200 29539
181.61.164.108 - - [03/May/2022:10:12:37 -0500] "GET /BLA/resoluciones/RESOLUCIONES%202007/RES%202007%202401%20AL%202500/RESOLUCION%202454%20DE%202007.pdf HTTP/1.1" 200 344118
181.61.164.108 - - [03/May/2022:10:12:39 -0500] "GET /BLA/resoluciones/RESOLUCIONES%202007/RES%202007%202401%20AL%202500/RESOLUCION%202455%20%20DE%202007.pdf HTTP/1.1" 200 577988
181.61.164.108 - - [03/May/2022:10:12:42 -0500] "GET /BLA/resoluciones/RESOLUCIONES%202007/RES%202007%202401%20AL%202500/RESOLUCION%202456%20DE%202007.pdf HTTP/1.1" 200 577987
172.22.2.4 - - [03/May/2022:10:11:06 -0500] "GET /BLA/boletinlegal/ HTTP/1.1" 200 62201
172.22.2.4 - - [03/May/2022:10:12:47 -0500] "GET /BLA/boletinlegal/actos.php HTTP/1.1" 200 9559
186.154.24.21 - - [03/May/2022:10:12:50 -0500] "GET /BLA/resoluciones/ HTTP/1.1" 200 13093
186.154.24.21 - - [03/May/2022:10:12:50 -0500] "GET /BLA/resoluciones/dlf/styles.css HTTP/1.1" 200 3049
186.154.24.21 - - [03/May/2022:10:12:50 -0500] "GET /BLA/resoluciones/dlf/folder.png HTTP/1.1" 200 410
186.154.24.21 - - [03/May/2022:10:12:50 -0500] "GET /BLA/resoluciones/dlf/bg.gif HTTP/1.1" 200 54
181.237.60.227 - - [03/May/2022:10:12:55 -0500] "POST /sipsepre/faces/presentacion/financiero/solicitudProceso/listarSolicitudProceso.xhtml HTTP/1.1" 200 28304
181.237.60.227 - - [03/May/2022:10:12:56 -0500] "POST /sipsepre/faces/presentacion/financiero/solicitudProceso/listarSolicitudProceso.xhtml HTTP/1.1" 200 28300
181.237.60.227 - - [03/May/2022:10:12:57 -0500] "POST /sipsepre/faces/presentacion/financiero/solicitudProceso/listarSolicitudProceso.xhtml HTTP/1.1" 200 28304
181.237.60.227 - - [03/May/2022:10:12:58 -0500] "POST /sipsepre/faces/presentacion/financiero/solicitudProceso/listarSolicitudProceso.xhtml HTTP/1.1" 200 28304
181.237.60.227 - - [03/May/2022:10:12:58 -0500] "POST /sipsepre/faces/presentacion/financiero/solicitudProceso/listarSolicitudProceso.xhtml HTTP/1.1" 200 17744
172.22.2.4 - - [03/May/2022:10:13:00 -0500] "GET /BLA/boletinlegal/consulta_actos.php?tipo=autos&no=&usuario=&sector=&fecha=2022&resuelve=inicio+ HTTP/1.1" 200 47596
172.22.2.4 - - [03/May/2022:10:13:00 -0500] "GET /BLA/boletinlegal/images/background.gif HTTP/1.1" 200 -
181.237.60.227 - - [03/May/2022:10:13:02 -0500] "POST /sipsepre/faces/presentacion/financiero/solicitudProceso/listarSolicitudProceso.xhtml HTTP/1.1" 200 28304
181.237.60.227 - - [03/May/2022:10:13:02 -0500] "POST /sipsepre/faces/presentacion/financiero/solicitudProceso/listarSolicitudProceso.xhtml HTTP/1.1" 200 28312
181.237.60.227 - - [03/May/2022:10:13:02 -0500] "POST /sipsepre/faces/presentacion/financiero/solicitudProceso/listarSolicitudProceso.xhtml HTTP/1.1" 200 28304
201.245.192.253 - - [03/May/2022:10:13:02 -0500] "POST /sipse/faces/presentacion/financiero/solicitudProceso/listarSolicitudProceso.xhtml HTTP/1.1" 200 120428
181.237.60.227 - - [03/May/2022:10:13:02 -0500] "POST /sipsepre/faces/presentacion/financiero/solicitudProceso/listarSolicitudProceso.xhtml HTTP/1.1" 200 28308
201.245.192.253 - - [03/May/2022:10:13:03 -0500] "GET /sipse/faces/javax.faces.resource/jquery/jquery.js?ln=primefaces&v=4.0 HTTP/1.1" 304 -
201.245.192.253 - - [03/May/2022:10:13:03 -0500] "GET /sipse/faces/javax.faces.resource/jquery/jquery-plugins.js?ln=primefaces&v=4.0 HTTP/1.1" 304 -
201.245.192.253 - - [03/May/2022:10:13:03 -0500] "GET /sipse/faces/javax.faces.resource/primefaces.js?ln=primefaces&v=4.0 HTTP/1.1" 304 -
181.237.60.227 - - [03/May/2022:10:13:03 -0500] "POST /sipsepre/faces/presentacion/financiero/solicitudProceso/listarSolicitudProceso.xhtml HTTP/1.1" 200 28308
181.237.60.227 - - [03/May/2022:10:13:03 -0500] "POST /sipsepre/faces/presentacion/financiero/solicitudProceso/listarSolicitudProceso.xhtml HTTP/1.1" 200 28308
201.245.192.253 - - [03/May/2022:10:13:03 -0500] "GET /sipse/faces/javax.faces.resource/layout/layout.js?ln=primefaces&v=4.0 HTTP/1.1" 304 -
