!C99Shell v. 1.0 pre-release build #13!

Software: Apache. PHP/5.5.15 

uname -a: Windows NT SVR-DMZ 6.1 build 7600 (Windows Server 2008 R2 Enterprise Edition) i586 

SYSTEM 

Safe-mode: OFF (not secure)

E:\nuevo\apache\logs\   drwxrwxrwx
Free 8.02 GB of 239.26 GB (3.35%)
Detected drives: [ a ] [ c ] [ d ] [ e ] [ f ]
Home    Back    Forward    UPDIR    Refresh    Search    Buffer    Encoder    Tools    Proc.    FTP brute    Sec.    SQL    PHP-code    Update    Feedback    Self remove    Logout    


Viewing file:     access.2022.05.04.log (2.13 MB)      -rw-rw-rw-
Select action/file-type:
(+) | (+) | (+) | Code (+) | Session (+) | (+) | SDB (+) | (+) | (+) | (+) | (+) | (+) |
173.252.107.11 - - [04/May/2022:00:00:28 -0500] "GET /images/actividades-dia-tierra-22-abril.jpg HTTP/1.1" 200 77276
172.22.2.4 - - [03/May/2022:23:59:49 -0500] "GET /BLA/boletinlegal/ HTTP/1.1" 200 56669
216.245.221.92 - - [04/May/2022:00:01:56 -0500] "HEAD / HTTP/1.1" 200 -
181.55.143.123 - - [04/May/2022:00:02:17 -0500] "POST /sipse/faces/presentacion/financiero/solicitudProceso/crearModificarSolicitudProceso.xhtml HTTP/1.1" 200 4285
181.55.143.123 - - [04/May/2022:00:02:18 -0500] "POST /sipse/faces/presentacion/financiero/solicitudProceso/crearModificarSolicitudProceso.xhtml HTTP/1.1" 200 40735
181.55.143.123 - - [04/May/2022:00:02:18 -0500] "GET /sipse/faces/javax.faces.resource/theme.css?ln=primefaces-sipse HTTP/1.1" 304 -
181.55.143.123 - - [04/May/2022:00:02:18 -0500] "GET /sipse/faces/javax.faces.resource/layout/layout.css?ln=primefaces&v=4.0 HTTP/1.1" 304 -
181.55.143.123 - - [04/May/2022:00:02:18 -0500] "GET /sipse/faces/javax.faces.resource/primefaces.css?ln=primefaces&v=4.0 HTTP/1.1" 304 -
181.55.143.123 - - [04/May/2022:00:02:18 -0500] "GET /sipse/faces/javax.faces.resource/jquery/jquery.js?ln=primefaces&v=4.0 HTTP/1.1" 304 -
181.55.143.123 - - [04/May/2022:00:02:18 -0500] "GET /sipse/faces/javax.faces.resource/jquery/jquery-plugins.js?ln=primefaces&v=4.0 HTTP/1.1" 304 -
181.55.143.123 - - [04/May/2022:00:02:18 -0500] "GET /sipse/faces/javax.faces.resource/primefaces.js?ln=primefaces&v=4.0 HTTP/1.1" 304 -
181.55.143.123 - - [04/May/2022:00:02:18 -0500] "GET /sipse/faces/javax.faces.resource/layout/layout.js?ln=primefaces&v=4.0 HTTP/1.1" 304 -
181.55.143.123 - - [04/May/2022:00:02:18 -0500] "POST /sipse/faces/presentacion/financiero/solicitudProceso/consultar.xhtml HTTP/1.1" 200 34137
181.55.143.123 - - [04/May/2022:00:02:19 -0500] "POST /sipse/faces/presentacion/financiero/solicitudProceso/consultar.xhtml HTTP/1.1" 200 34137
172.22.2.4 - - [04/May/2022:00:00:55 -0500] "HEAD /BLA/boletinlegal/ HTTP/1.1" 200 -
172.22.2.4 - - [04/May/2022:00:01:46 -0500] "GET /BLA/boletinlegal/ HTTP/1.1" 200 60105
181.55.143.123 - - [04/May/2022:00:03:52 -0500] "POST /sipse/faces/presentacion/financiero/solicitudProceso/consultar.xhtml HTTP/1.1" 200 12691
181.55.143.123 - - [04/May/2022:00:04:00 -0500] "POST /sipse/faces/presentacion/financiero/solicitudProceso/consultar.xhtml HTTP/1.1" 200 119397
181.55.143.123 - - [04/May/2022:00:04:01 -0500] "GET /sipse/faces/javax.faces.resource/theme.css?ln=primefaces-sipse HTTP/1.1" 304 -
181.55.143.123 - - [04/May/2022:00:04:01 -0500] "GET /sipse/faces/javax.faces.resource/primefaces.css?ln=primefaces&v=4.0 HTTP/1.1" 304 -
181.55.143.123 - - [04/May/2022:00:04:01 -0500] "GET /sipse/faces/javax.faces.resource/layout/layout.css?ln=primefaces&v=4.0 HTTP/1.1" 304 -
181.55.143.123 - - [04/May/2022:00:04:01 -0500] "GET /sipse/faces/javax.faces.resource/jquery/jquery.js?ln=primefaces&v=4.0 HTTP/1.1" 304 -
181.55.143.123 - - [04/May/2022:00:04:01 -0500] "GET /sipse/faces/javax.faces.resource/jquery/jquery-plugins.js?ln=primefaces&v=4.0 HTTP/1.1" 304 -
181.55.143.123 - - [04/May/2022:00:04:01 -0500] "GET /sipse/faces/javax.faces.resource/primefaces.js?ln=primefaces&v=4.0 HTTP/1.1" 304 -
181.55.143.123 - - [04/May/2022:00:04:01 -0500] "GET /sipse/faces/javax.faces.resource/layout/layout.js?ln=primefaces&v=4.0 HTTP/1.1" 304 -
181.55.143.123 - - [04/May/2022:00:04:47 -0500] "POST /sipse/faces/presentacion/financiero/solicitudProceso/consultarSolicitudProceso.xhtml HTTP/1.1" 200 62235
181.55.143.123 - - [04/May/2022:00:04:47 -0500] "GET /sipse/faces/javax.faces.resource/theme.css?ln=primefaces-sipse HTTP/1.1" 304 -
181.55.143.123 - - [04/May/2022:00:04:47 -0500] "GET /sipse/faces/javax.faces.resource/primefaces.css?ln=primefaces&v=4.0 HTTP/1.1" 304 -
181.55.143.123 - - [04/May/2022:00:04:47 -0500] "GET /sipse/faces/javax.faces.resource/layout/layout.css?ln=primefaces&v=4.0 HTTP/1.1" 304 -
181.55.143.123 - - [04/May/2022:00:04:47 -0500] "GET /sipse/css/imagen/contrasena.png HTTP/1.1" 404 383
181.55.143.123 - - [04/May/2022:00:04:47 -0500] "GET /sipse/faces/javax.faces.resource/jquery/jquery.js?ln=primefaces&v=4.0 HTTP/1.1" 304 -
181.55.143.123 - - [04/May/2022:00:04:48 -0500] "GET /sipse/faces/javax.faces.resource/jquery/jquery-plugins.js?ln=primefaces&v=4.0 HTTP/1.1" 304 -
181.55.143.123 - - [04/May/2022:00:04:48 -0500] "GET /sipse/faces/javax.faces.resource/primefaces.js?ln=primefaces&v=4.0 HTTP/1.1" 304 -
181.55.143.123 - - [04/May/2022:00:04:48 -0500] "GET /sipse/faces/javax.faces.resource/layout/layout.js?ln=primefaces&v=4.0 HTTP/1.1" 304 -
181.55.143.123 - - [04/May/2022:00:04:48 -0500] "POST /sipse/faces/presentacion/financiero/solicitudProceso/listarSolicitudProceso.xhtml HTTP/1.1" 200 55607
181.55.143.123 - - [04/May/2022:00:04:48 -0500] "POST /sipse/faces/presentacion/financiero/solicitudProceso/listarSolicitudProceso.xhtml HTTP/1.1" 200 55607
181.55.143.123 - - [04/May/2022:00:04:49 -0500] "POST /sipse/faces/presentacion/financiero/solicitudProceso/listarSolicitudProceso.xhtml HTTP/1.1" 200 55607
181.55.143.123 - - [04/May/2022:00:04:50 -0500] "POST /sipse/faces/presentacion/financiero/solicitudProceso/listarSolicitudProceso.xhtml HTTP/1.1" 200 55607
181.55.143.123 - - [04/May/2022:00:04:50 -0500] "POST /sipse/faces/presentacion/financiero/solicitudProceso/listarSolicitudProceso.xhtml HTTP/1.1" 200 1444
181.55.143.123 - - [04/May/2022:00:04:51 -0500] "POST /sipse/faces/presentacion/financiero/solicitudProceso/listarSolicitudProceso.xhtml HTTP/1.1" 200 1444
181.55.143.123 - - [04/May/2022:00:04:51 -0500] "POST /sipse/faces/presentacion/financiero/solicitudProceso/listarSolicitudProceso.xhtml HTTP/1.1" 200 1444
181.55.143.123 - - [04/May/2022:00:04:52 -0500] "POST /sipse/faces/presentacion/financiero/solicitudProceso/listarSolicitudProceso.xhtml HTTP/1.1" 200 1448
181.55.143.123 - - [04/May/2022:00:04:52 -0500] "POST /sipse/faces/presentacion/financiero/solicitudProceso/listarSolicitudProceso.xhtml HTTP/1.1" 200 1444
181.55.143.123 - - [04/May/2022:00:04:56 -0500] "POST /sipse/faces/presentacion/financiero/solicitudProceso/listarSolicitudProceso.xhtml HTTP/1.1" 200 60214
181.55.143.123 - - [04/May/2022:00:04:56 -0500] "GET /sipse/faces/javax.faces.resource/theme.css?ln=primefaces-sipse HTTP/1.1" 304 -
181.55.143.123 - - [04/May/2022:00:04:56 -0500] "GET /sipse/faces/javax.faces.resource/primefaces.css?ln=primefaces&v=4.0 HTTP/1.1" 304 -
181.55.143.123 - - [04/May/2022:00:04:56 -0500] "GET /sipse/faces/javax.faces.resource/layout/layout.css?ln=primefaces&v=4.0 HTTP/1.1" 304 -
181.55.143.123 - - [04/May/2022:00:04:56 -0500] "GET /sipse/faces/javax.faces.resource/jquery/jquery.js?ln=primefaces&v=4.0 HTTP/1.1" 304 -
181.55.143.123 - - [04/May/2022:00:04:56 -0500] "GET /sipse/faces/javax.faces.resource/jquery/jquery-plugins.js?ln=primefaces&v=4.0 HTTP/1.1" 304 -
181.55.143.123 - - [04/May/2022:00:04:56 -0500] "GET /sipse/faces/javax.faces.resource/primefaces.js?ln=primefaces&v=4.0 HTTP/1.1" 304 -
181.55.143.123 - - [04/May/2022:00:04:56 -0500] "GET /sipse/faces/javax.faces.resource/layout/layout.js?ln=primefaces&v=4.0 HTTP/1.1" 304 -
181.55.143.123 - - [04/May/2022:00:04:56 -0500] "GET /sipse/css/imagen/contrasena.png HTTP/1.1" 404 383
181.55.143.123 - - [04/May/2022:00:05:02 -0500] "POST /sipse/faces/presentacion/financiero/solicitudProceso/crearModificarSolicitudProceso.xhtml HTTP/1.1" 200 26627
172.22.2.4 - - [04/May/2022:00:03:35 -0500] "HEAD /BLA/boletinlegal/ HTTP/1.1" 200 -
181.55.143.123 - - [04/May/2022:00:05:35 -0500] "POST /sipse/faces/presentacion/financiero/solicitudProceso/crearModificarSolicitudProceso.xhtml HTTP/1.1" 200 9362
216.245.221.92 - - [04/May/2022:00:06:56 -0500] "HEAD / HTTP/1.1" 200 -
186.84.228.28 - - [04/May/2022:00:07:23 -0500] "GET /somos-pioneros-en-la-inclusion-de-los-animales-de-compania-en-protocolos-de-emergencia.html HTTP/1.1" 200 1373
172.22.2.4 - - [04/May/2022:00:06:45 -0500] "HEAD /BLA/boletinlegal/ HTTP/1.1" 200 -
186.30.107.206 - - [04/May/2022:00:09:13 -0500] "GET /BLA/resoluciones/index.php?dir=AUTOS+2014%2F HTTP/1.1" 200 874389
172.22.2.4 - - [04/May/2022:00:07:36 -0500] "GET /BLA/boletinlegal/ HTTP/1.1" 200 60486
51.15.164.30 - - [04/May/2022:00:09:50 -0500] "HEAD /crisis-climatica-distrito-firmo-alianza-para-preservar-la-seguridad-hidrica-de-bogota-y-la-region.html HTTP/1.1" 200 -
217.182.175.162 - - [04/May/2022:00:09:51 -0500] "HEAD /somos-pioneros-en-la-inclusion-de-los-animales-de-compania-en-protocolos-de-emergencia.html HTTP/1.1" 200 -
217.182.175.162 - - [04/May/2022:00:09:51 -0500] "HEAD /bogota-y-cinco-departamentos-firman-alianza-para-garantizar-la-seguridad-hidrica-de-la-region.html HTTP/1.1" 200 -
51.15.164.30 - - [04/May/2022:00:09:55 -0500] "HEAD /dia-de-la-ninez-la-secretaria-de-ambiente-participo-en-el-festival-de-crianza-amorosa-juego.html HTTP/1.1" 200 -
186.30.107.206 - - [04/May/2022:00:10:28 -0500] "GET /BLA/resoluciones/index.php?dir=AUTOS+2015%2F HTTP/1.1" 200 85963
186.30.107.206 - - [04/May/2022:00:10:28 -0500] "GET /BLA/resoluciones/index.php?dir=AUTOS+2015%2F HTTP/1.1" 200 576181
186.30.107.206 - - [04/May/2022:00:11:20 -0500] "GET /BLA/resoluciones/index.php?dir=RESOLUCIONES+2015%2F HTTP/1.1" 200 129180
158.68.208.69 - - [04/May/2022:00:11:29 -0500] "GET / HTTP/1.1" 200 319
152.61.192.232 - - [04/May/2022:00:11:41 -0500] "GET / HTTP/1.1" 200 319
207.46.13.82 - - [04/May/2022:00:11:43 -0500] "GET /BLA/resoluciones/RESOLUCIONES%202005/00001096.tif HTTP/1.1" 200 221778
216.245.221.92 - - [04/May/2022:00:11:56 -0500] "HEAD / HTTP/1.1" 200 -
66.249.73.155 - - [04/May/2022:00:14:05 -0500] "-" 408 -
172.22.2.4 - - [04/May/2022:00:12:35 -0500] "HEAD /BLA/boletinlegal/ HTTP/1.1" 200 -
114.119.129.237 - - [04/May/2022:00:14:39 -0500] "-" 408 -
172.22.2.4 - - [04/May/2022:00:13:26 -0500] "GET /BLA/boletinlegal/ HTTP/1.1" 200 53344
114.119.139.148 - - [04/May/2022:00:15:10 -0500] "-" 408 -
152.61.128.50 - - [04/May/2022:00:15:18 -0500] "GET / HTTP/1.1" 200 319
114.119.147.246 - - [04/May/2022:00:15:41 -0500] "-" 408 -
216.245.221.92 - - [04/May/2022:00:16:56 -0500] "HEAD / HTTP/1.1" 200 -
173.252.107.2 - - [04/May/2022:00:18:01 -0500] "GET /images/actividades-dia-tierra-22-abril.jpg HTTP/1.1" 200 77276
207.46.13.64 - - [04/May/2022:00:18:10 -0500] "GET /images/humedales-agua-14-diciembre.jpg HTTP/1.1" 200 111054
173.252.107.8 - - [04/May/2022:00:18:13 -0500] "GET /images/operativos-control-residuos-hospitalarios-4-abril.jpeg HTTP/1.1" 200 58998
40.94.27.44 - - [04/May/2022:00:19:33 -0500] "GET /crisis-climatica-distrito-firmo-alianza-para-preservar-la-seguridad-hidrica-de-bogota-y-la-region.html HTTP/1.1" 200 1075
190.145.16.70 - - [04/May/2022:00:19:39 -0500] "GET /crisis-climatica-distrito-firmo-alianza-para-preservar-la-seguridad-hidrica-de-bogota-y-la-region.html HTTP/1.1" 304 -
172.22.2.4 - - [04/May/2022:00:18:25 -0500] "HEAD /BLA/boletinlegal/ HTTP/1.1" 200 -
172.22.2.4 - - [04/May/2022:00:19:15 -0500] "GET /BLA/boletinlegal/ HTTP/1.1" 200 58588
216.245.221.92 - - [04/May/2022:00:21:56 -0500] "HEAD / HTTP/1.1" 200 -
212.129.57.169 - - [04/May/2022:00:22:45 -0500] "GET /crisis-climatica-distrito-firmo-alianza-para-preservar-la-seguridad-hidrica-de-bogota-y-la-region.html HTTP/1.1" 200 1075
212.129.57.169 - - [04/May/2022:00:22:45 -0500] "GET /images/cambio-climatico-principal.jpg HTTP/1.1" 200 110243
201.245.192.253 - - [04/May/2022:00:22:37 -0500] "POST /kwsrmcab/Wsrmcab HTTP/1.1" 200 44830
201.245.192.253 - - [04/May/2022:00:23:32 -0500] "POST /kwsrmcab/Wsrmcab HTTP/1.1" 200 39625
216.245.221.92 - - [04/May/2022:00:26:56 -0500] "HEAD / HTTP/1.1" 200 -
172.22.2.4 - - [04/May/2022:00:32:09 -0500] "GET /BLA/boletinlegal/ HTTP/1.1" 200 20427
201.245.192.253 - - [04/May/2022:00:32:37 -0500] "POST /kwsrmcab/Wsrmcab HTTP/1.1" 200 44830
201.245.192.253 - - [04/May/2022:00:33:28 -0500] "POST /kwsrmcab/Wsrmcab HTTP/1.1" 200 39625
110.232.86.9 - - [04/May/2022:00:35:35 -0500] "GET / HTTP/1.1" 200 319
186.102.29.141 - - [04/May/2022:00:35:45 -0500] "GET /kwssiamovil/sm/ldap/au?x=U2FsdGVkX1/NbZut6/NlKm6WJTRCzFLcR7KXhbPOvzOXB1Nn5NDqiY+Nla435y0aMiCd/2zLoX225RaDQpHxRg==&y=U2FsdGVkX19rwyxRXm7hH+KSfJ89HAnP4gV1Wtg92cpD7wQgNg+PS/uEcytdy8Qi HTTP/1.1" 200 30
186.102.29.141 - - [04/May/2022:00:35:45 -0500] "GET /kwssiamovil/sm/acme/s?s=U2FsdGVkX18V3zG+U4YwXdrTneDicOaiHL0qj2DIyEprCDrC1vmt4burvclZCS+ldq8g0pVdboCc5eNFiOKHpBukckS1UgLkznW6W45+/Q8=&u=U2FsdGVkX1+MNHnYvtYYZsqQaAhCDDHbuE964nThQrw9hj80odIWQyTu35OtlIa1&y=U2FsdGVkX19rwyxRXm7hH+KSfJ89HAnP4gV1Wtg92cpD7wQgNg+PS/uEcytdy8Qi HTTP/1.1" 200 97
186.102.29.141 - - [04/May/2022:00:35:45 -0500] "GET /kwssiamovil/sm/acme/s?s=U2FsdGVkX18oaAA+Ma35BptfZkXUfYSq2KdO17QhHmndA6JTT6+91EdVM/687AR9+QyeMp4GqJihe0Eo51owjFj+w9KA6rNPbT9DfEbLmoWrtOxwoztJ1ZJUisanAke6shwYYaQJvPGJgZUMCJ8IjnDLmFtEm7W3Q3lBvr9F3dnmeqKN1IUt/i4uHU/jpMaMcLdle0HJBLbFaFxLhURPSrtxdWyb2vIb/2x9MtPHEOu/uMygQkgh3MZzZEJVDWrmVkNmRiDBAdXfMAMwRlkwWBH0Qxe+uonwyHAcuh9bRsKoncCphMuLvSa3NeeUvAYdxmqXVjt5TN1Q1QWG41SU09AAX7Nf+rEtWjaL3jrPfWE4rGykROlD9dFw64L8crmLPD/8fRX2kYVqyFhr456cI1ku3MR2XPjHZ+3f4+W6P0JfT7DUrbDOyEGzmytjHVvvYVLYdyS4IWU2l8isHbGdQyIfzLFyh5+W2oJki/CZsGfuMtzZzMrQ5AVztL4ElZ7LQL03YVOSwu3ZGK2HHeZ10v2I2Me8/JIhmJz8+vU/xs4vZFW5yRTYiCRSSZ/liZ0oXn09ujDdfmJGtaPGeg0FN79fVipiWX7ktdEnwcMM8Et+vmcETUP+fo0m8rR91Q6A8qlX+CvU3tkwEJ8CvFyGe9RcehksIQJQfO1XqYvgNfA6aAytSSTwgYIMIrXyzGVoYOUQ7MJGsKpnNWGC4tYzkbWhC1zKv35OHFAvA+Tq1vqwx74DNyHc0dTE4ltRKVKUeRk0WQHDL3ALwstN4/+KU0aFUo6wRwObRQ2xJkavgdbc42tDvbjAl9MS8mhauvl4AevOroLkkgpIpiHLL5PAlQzX67bDqmTOa3ymC5Bw9CfKb9oH2W9X6e6t4rPAAU45lrs9gZ73DFLu/Zt0IXjLoI+RBl7NyRNoFdaloW0og8R5XcBzCFKwP8twGI+7w0QBiv4Ha9jYO+F8gTsjBHF5BDlEOFLot4RYwtm+DFBJz52BbF9eBK6+VtHxQ+p4DY1o4qE/7zYCgyJ8+V0WD179E2cR+mrERtz/iqMMJPH7phgbCXhfYBt9gj9ibNoP+u4IE1nXuF+OCrM/3mwvnCHlTmS65OjnrcTSjzbUeYDZijNswmaugHLecr5TzEgfp1sp3IulRVevBNO/8isCrDCrTqURmVbd60fH78xxOl1snnxx91KeF9V6axCsWL5rZHHvmCxHMTC81S0PYRdrVI4zVgxRVx23F1P4ot1sNMQmYbgpFF67deJl0gmlbGRFjNCYuxRdesg3rVtHEvDX7pMl1Io9oBmvS09gPh9MV0bgP0HKjX79a0zemISfV95xsFHQ9yhqHWdg/8Z2wAcg7VVDvJei3bkg4iXHdOELLDvcfso=&u=U2FsdGVkX1+MNHnYvtYYZsqQaAhCDDHbuE964nThQrw9hj80odIWQyTu35OtlIa1&y=U2FsdGVkX19rwyxRXm7hH+KSfJ89HAnP4gV1Wtg92cpD7wQgNg+PS/uEcytdy8Qi HTTP/1.1" 200 6246
186.102.29.141 - - [04/May/2022:00:35:45 -0500] "GET /kwssiamovil/sm/acme/s?s=U2FsdGVkX19E6al/1CDA+3zFG1RldwvQ0ujTw9Ha//kUPvUOToicHA+qvCWpiXGEP4Xxxxb3E+IFONkqbTNqmi5S0Zq82vt1a7Z3wVGIzVSS2bwwBMJ29M7kdoauHCIs8+ibYbGogYgFVFe4NGCyfmoQqb4rrHxdOVoeHWh3t5m7/i/xojYVWdVQwEx3IJE7I/SLxKOW1a60NzqkFx1fJyJ7/Vzve3YIazSSaQIAim4HoACrYpwTAFepLT4ljG5IWrRA1hx0hSHG6gAYtkjxTlz26YRu0QssXpw8wvfqxWM=&u=U2FsdGVkX1+MNHnYvtYYZsqQaAhCDDHbuE964nThQrw9hj80odIWQyTu35OtlIa1&y=U2FsdGVkX19rwyxRXm7hH+KSfJ89HAnP4gV1Wtg92cpD7wQgNg+PS/uEcytdy8Qi HTTP/1.1" 200 176
186.102.29.141 - - [04/May/2022:00:35:46 -0500] "GET /kwssiamovil/sm/cjson/pre?f=1&x=U2FsdGVkX1/NbZut6/NlKm6WJTRCzFLcR7KXhbPOvzOXB1Nn5NDqiY+Nla435y0aMiCd/2zLoX225RaDQpHxRg== HTTP/1.1" 200 30992
172.22.2.4 - - [04/May/2022:00:34:15 -0500] "HEAD /BLA/boletinlegal/ HTTP/1.1" 200 -
172.22.2.4 - - [04/May/2022:00:35:05 -0500] "GET /BLA/boletinlegal/ HTTP/1.1" 200 60932
172.22.2.4 - - [04/May/2022:00:40:05 -0500] "HEAD /BLA/boletinlegal/ HTTP/1.1" 200 -
216.245.221.92 - - [04/May/2022:00:41:56 -0500] "HEAD / HTTP/1.1" 200 -
66.249.65.15 - - [04/May/2022:00:42:03 -0500] "-" 408 -
172.22.2.4 - - [04/May/2022:00:40:55 -0500] "GET /BLA/boletinlegal/ HTTP/1.1" 200 58588
201.245.192.253 - - [04/May/2022:00:42:37 -0500] "POST /kwsrmcab/Wsrmcab HTTP/1.1" 200 44830
40.77.167.29 - - [04/May/2022:00:43:33 -0500] "GET /BLA/resoluciones/00001423.tif HTTP/1.1" 404 1018
201.245.192.253 - - [04/May/2022:00:43:26 -0500] "POST /kwsrmcab/Wsrmcab HTTP/1.1" 200 39625
216.245.221.92 - - [04/May/2022:00:46:56 -0500] "HEAD / HTTP/1.1" 200 -
157.55.39.145 - - [04/May/2022:00:47:17 -0500] "GET /BLA/resoluciones/RESOLUCIONES%202006/RES%202006%201401-1450/00001438.tif HTTP/1.1" 200 360540
172.22.2.4 - - [04/May/2022:00:45:55 -0500] "HEAD /BLA/boletinlegal/ HTTP/1.1" 200 -
207.46.13.115 - - [04/May/2022:00:47:50 -0500] "GET /BLA/resoluciones/2239.tif HTTP/1.1" 404 1018
172.22.2.4 - - [04/May/2022:00:46:45 -0500] "GET /BLA/boletinlegal/ HTTP/1.1" 200 60932
69.171.251.1 - - [04/May/2022:00:51:04 -0500] "GET /images/culebra-sabanera-bogota-26-marzo.jpg HTTP/1.1" 200 22555
216.245.221.92 - - [04/May/2022:00:51:56 -0500] "HEAD / HTTP/1.1" 200 -
172.22.2.4 - - [04/May/2022:00:51:45 -0500] "HEAD /BLA/boletinlegal/ HTTP/1.1" 200 -
172.22.2.4 - - [04/May/2022:00:52:35 -0500] "GET /BLA/boletinlegal/ HTTP/1.1" 200 60932
152.61.192.232 - - [04/May/2022:00:54:53 -0500] "GET /arcgis/services/Calidad_del_Agua_WQI/MapServer/WMSServer?request=GetCapabilities&service=WMS HTTP/1.1" 503 1020
152.61.192.232 - - [04/May/2022:00:54:54 -0500] "GET /arcgis/services/Calidad_del_Agua_WQI/MapServer/WMSServer?SERVICE=WMS&REQUEST=GetCapabilities HTTP/1.1" 503 1020
152.61.192.232 - - [04/May/2022:00:54:54 -0500] "GET /arcgis/services/Calidad_del_Agua_WQI/MapServer/WMSServer?WMTVER=1.0.0&REQUEST=capabilities HTTP/1.1" 503 1020
216.245.221.92 - - [04/May/2022:00:56:56 -0500] "HEAD / HTTP/1.1" 200 -
66.249.65.17 - - [04/May/2022:00:58:21 -0500] "-" 408 -
172.22.2.4 - - [04/May/2022:00:57:35 -0500] "HEAD /BLA/boletinlegal/ HTTP/1.1" 200 -
172.22.2.4 - - [04/May/2022:00:58:25 -0500] "GET /BLA/boletinlegal/ HTTP/1.1" 200 53739
152.61.128.50 - - [04/May/2022:01:00:34 -0500] "GET /arcgis/services/Calidad_del_Agua_WQI/MapServer/WMSServer?request=GetCapabilities&service=WMS HTTP/1.1" 503 1020
152.61.128.50 - - [04/May/2022:01:00:35 -0500] "GET /arcgis/services/Calidad_del_Agua_WQI/MapServer/WMSServer?SERVICE=WMS&REQUEST=GetCapabilities HTTP/1.1" 503 1020
152.61.128.50 - - [04/May/2022:01:00:35 -0500] "GET /arcgis/services/Calidad_del_Agua_WQI/MapServer/WMSServer?WMTVER=1.0.0&REQUEST=capabilities HTTP/1.1" 503 1020
216.245.221.92 - - [04/May/2022:01:01:56 -0500] "HEAD / HTTP/1.1" 200 -
172.22.2.4 - - [04/May/2022:01:03:25 -0500] "HEAD /BLA/boletinlegal/ HTTP/1.1" 200 -
66.249.65.13 - - [04/May/2022:01:05:08 -0500] "-" 408 -
172.22.2.4 - - [04/May/2022:01:04:15 -0500] "GET /BLA/boletinlegal/ HTTP/1.1" 200 58588
217.182.175.162 - - [04/May/2022:01:06:18 -0500] "HEAD /crisis-climatica-distrito-firmo-alianza-para-preservar-la-seguridad-hidrica-de-bogota-y-la-region.html HTTP/1.1" 200 -
213.226.123.30 - - [04/May/2022:01:06:25 -0500] "GET /?XDEBUG_SESSION_START=phpstorm HTTP/1.1" 200 319
54.39.104.161 - - [04/May/2022:01:06:27 -0500] "GET /crisis-climatica-distrito-firmo-alianza-para-preservar-la-seguridad-hidrica-de-bogota-y-la-region.html HTTP/1.1" 200 1075
51.79.77.165 - - [04/May/2022:01:06:30 -0500] "GET /crisis-climatica-distrito-firmo-alianza-para-preservar-la-seguridad-hidrica-de-bogota-y-la-region.html HTTP/1.1" 200 1075
54.39.104.161 - - [04/May/2022:01:06:31 -0500] "GET /crisis-climatica-distrito-firmo-alianza-para-preservar-la-seguridad-hidrica-de-bogota-y-la-region.html HTTP/1.1" 200 1075
54.39.104.161 - - [04/May/2022:01:06:34 -0500] "GET /crisis-climatica-distrito-firmo-alianza-para-preservar-la-seguridad-hidrica-de-bogota-y-la-region.html HTTP/1.1" 200 1075
54.39.50.77 - - [04/May/2022:01:06:34 -0500] "GET /crisis-climatica-distrito-firmo-alianza-para-preservar-la-seguridad-hidrica-de-bogota-y-la-region.html HTTP/1.1" 200 1075
54.39.50.78 - - [04/May/2022:01:06:36 -0500] "GET /crisis-climatica-distrito-firmo-alianza-para-preservar-la-seguridad-hidrica-de-bogota-y-la-region.html HTTP/1.1" 200 1075
192.99.44.57 - - [04/May/2022:01:06:39 -0500] "GET /crisis-climatica-distrito-firmo-alianza-para-preservar-la-seguridad-hidrica-de-bogota-y-la-region.html HTTP/1.1" 200 1075
216.245.221.92 - - [04/May/2022:01:06:56 -0500] "HEAD / HTTP/1.1" 200 -
54.39.50.78 - - [04/May/2022:01:08:00 -0500] "GET /crisis-climatica-distrito-firmo-alianza-para-preservar-la-seguridad-hidrica-de-bogota-y-la-region.html HTTP/1.1" 200 1075
3.237.195.105 - - [04/May/2022:01:08:54 -0500] "HEAD /plan-de-accion-climatica-pac-de-bogota-aporta-en-cerca-del-90-al-cumplimiento-de-las-acciones-del-acuerdo-de-emergencia-climatica.html HTTP/1.1" 200 -
137.184.214.165 - - [04/May/2022:01:10:21 -0500] "GET / HTTP/1.1" 200 319
31.223.4.241 - - [04/May/2022:01:10:32 -0500] "HEAD /crisis-climatica-distrito-firmo-alianza-para-preservar-la-seguridad-hidrica-de-bogota-y-la-region.html HTTP/1.1" 200 -
66.249.65.13 - - [04/May/2022:01:10:52 -0500] "-" 408 -
172.22.2.4 - - [04/May/2022:01:09:15 -0500] "HEAD /BLA/boletinlegal/ HTTP/1.1" 200 -
186.83.179.161 - - [04/May/2022:01:11:34 -0500] "GET /somos-pioneros-en-la-inclusion-de-los-animales-de-compania-en-protocolos-de-emergencia.html?fbclid=IwAR2yt3KusFnXmCVlaMMjsGEZ-ZiORyoills3irPsTjLONEP9VDUJZOBO25I HTTP/1.1" 200 1373
172.22.2.4 - - [04/May/2022:01:10:05 -0500] "GET /BLA/boletinlegal/ HTTP/1.1" 200 60486
216.245.221.92 - - [04/May/2022:01:11:56 -0500] "HEAD / HTTP/1.1" 200 -
51.79.77.176 - - [04/May/2022:01:13:11 -0500] "GET /crisis-climatica-distrito-firmo-alianza-para-preservar-la-seguridad-hidrica-de-bogota-y-la-region.html HTTP/1.1" 200 1075
52.233.74.250 - - [04/May/2022:01:13:25 -0500] "GET /galeria/galeria/fotos/Entrenube4P.jpg HTTP/1.1" 200 10881
66.249.65.13 - - [04/May/2022:01:16:39 -0500] "-" 408 -
172.22.2.4 - - [04/May/2022:01:15:05 -0500] "HEAD /BLA/boletinlegal/ HTTP/1.1" 200 -
216.245.221.92 - - [04/May/2022:01:16:56 -0500] "HEAD / HTTP/1.1" 200 -
172.22.2.4 - - [04/May/2022:01:15:55 -0500] "GET /BLA/boletinlegal/ HTTP/1.1" 200 60486
157.55.39.141 - - [04/May/2022:01:18:11 -0500] "GET /Publicaciones/2022EE23678.pdf HTTP/1.1" 404 227
207.46.13.82 - - [04/May/2022:01:18:59 -0500] "GET /BLA/ HTTP/1.1" 200 538
157.55.39.199 - - [04/May/2022:01:21:44 -0500] "GET /BLA/resoluciones/0760.tif HTTP/1.1" 404 1018
216.245.221.92 - - [04/May/2022:01:21:56 -0500] "HEAD / HTTP/1.1" 200 -
207.46.13.115 - - [04/May/2022:01:22:13 -0500] "GET /BLA/resoluciones/RESOLUCIONES%202006/RES%202006%201401-1450/00001419.tif HTTP/1.1" 200 202024
207.46.13.115 - - [04/May/2022:01:22:33 -0500] "GET /BLA/resoluciones/RESOLUCIONES%202006/RES%202006%201401-1450/00001401.tif HTTP/1.1" 200 50692
172.22.2.4 - - [04/May/2022:01:20:55 -0500] "HEAD /BLA/boletinlegal/ HTTP/1.1" 200 -
66.249.65.13 - - [04/May/2022:01:22:40 -0500] "-" 408 -
172.22.2.4 - - [04/May/2022:01:21:45 -0500] "GET /BLA/boletinlegal/ HTTP/1.1" 200 58588
201.245.192.253 - - [04/May/2022:01:22:37 -0500] "POST /kwsrmcab/Wsrmcab HTTP/1.1" 200 44821
201.245.192.253 - - [04/May/2022:01:23:27 -0500] "POST /kwsrmcab/Wsrmcab HTTP/1.1" 200 39626
89.248.174.144 - - [04/May/2022:01:26:18 -0500] "GET / HTTP/1.1" 200 319
216.245.221.92 - - [04/May/2022:01:26:56 -0500] "HEAD / HTTP/1.1" 200 -
172.22.2.4 - - [04/May/2022:01:27:08 -0500] "GET /BLA/boletinlegal/jurisprudencia/analisis/analisis%20c-595-2010.doc HTTP/1.1" 200 39424
172.22.2.4 - - [04/May/2022:01:26:45 -0500] "HEAD /BLA/boletinlegal/ HTTP/1.1" 200 -
191.96.150.226 - - [04/May/2022:01:29:15 -0500] "GET / HTTP/1.1" 200 319
172.22.2.4 - - [04/May/2022:01:27:35 -0500] "GET /BLA/boletinlegal/ HTTP/1.1" 200 56669
172.22.2.4 - - [04/May/2022:01:29:15 -0500] "GET /BLA/boletinlegal/ HTTP/1.1" 200 32715
66.249.65.13 - - [04/May/2022:01:31:00 -0500] "-" 408 -
216.245.221.92 - - [04/May/2022:01:31:56 -0500] "HEAD / HTTP/1.1" 200 -
201.245.192.253 - - [04/May/2022:01:32:37 -0500] "POST /kwsrmcab/Wsrmcab HTTP/1.1" 200 44821
201.245.192.253 - - [04/May/2022:01:33:26 -0500] "POST /kwsrmcab/Wsrmcab HTTP/1.1" 200 39626
172.22.2.4 - - [04/May/2022:01:32:35 -0500] "HEAD /BLA/boletinlegal/ HTTP/1.1" 200 -
172.22.2.4 - - [04/May/2022:01:33:25 -0500] "GET /BLA/boletinlegal/ HTTP/1.1" 200 60932
40.77.167.29 - - [04/May/2022:01:35:07 -0500] "GET /BLA/resoluciones/0881.tif HTTP/1.1" 404 1018
216.245.221.92 - - [04/May/2022:01:36:56 -0500] "HEAD / HTTP/1.1" 200 -
66.249.65.13 - - [04/May/2022:01:39:23 -0500] "-" 408 -
172.22.2.4 - - [04/May/2022:01:38:25 -0500] "HEAD /BLA/boletinlegal/ HTTP/1.1" 200 -
172.22.2.4 - - [04/May/2022:01:39:15 -0500] "GET /BLA/boletinlegal/ HTTP/1.1" 200 58006
207.46.13.82 - - [04/May/2022:01:41:02 -0500] "GET /BLA/ HTTP/1.1" 200 538
216.245.221.92 - - [04/May/2022:01:41:56 -0500] "HEAD / HTTP/1.1" 200 -
172.22.2.4 - - [04/May/2022:01:42:08 -0500] "GET /BLA/boletinlegal/images/cabezote%20BLEGAL.jpg HTTP/1.1" 200 118164
201.245.192.253 - - [04/May/2022:01:42:37 -0500] "POST /kwsrmcab/Wsrmcab HTTP/1.1" 200 44821
201.245.192.253 - - [04/May/2022:01:43:28 -0500] "POST /kwsrmcab/Wsrmcab HTTP/1.1" 200 39626
172.22.2.4 - - [04/May/2022:01:44:15 -0500] "HEAD /BLA/boletinlegal/ HTTP/1.1" 200 -
172.22.2.4 - - [04/May/2022:01:45:05 -0500] "GET /BLA/boletinlegal/ HTTP/1.1" 200 58588
216.245.221.92 - - [04/May/2022:01:46:56 -0500] "HEAD / HTTP/1.1" 200 -
66.249.65.13 - - [04/May/2022:01:47:03 -0500] "-" 408 -
207.46.13.115 - - [04/May/2022:01:48:15 -0500] "GET /Publicaciones/2022EE22139.pdf HTTP/1.1" 404 227
207.46.13.188 - - [04/May/2022:01:49:26 -0500] "GET /portaldeninos/wp-content/uploads/2021/07/Banners-p%C3%A1gina-de-ni%C3%B1os-humedales-de-Bogot%C3%A1-768x38.jpg HTTP/1.1" 404 75240
34.90.207.243 - - [04/May/2022:01:50:16 -0500] "GET / HTTP/1.1" 200 319
172.22.2.4 - - [04/May/2022:01:50:18 -0500] "GET /BLA/boletinlegal/Circulares/2020/Circular%2000010%20del%2027%20de%20julio%20de%202020.pdf HTTP/1.1" 304 -
172.22.2.4 - - [04/May/2022:01:50:05 -0500] "HEAD /BLA/boletinlegal/ HTTP/1.1" 200 -
216.245.221.92 - - [04/May/2022:01:51:56 -0500] "HEAD / HTTP/1.1" 200 -
172.22.2.4 - - [04/May/2022:01:50:55 -0500] "GET /BLA/boletinlegal/ HTTP/1.1" 200 53344
66.249.65.13 - - [04/May/2022:01:54:26 -0500] "-" 408 -
213.226.123.30 - - [04/May/2022:01:55:02 -0500] "GET /console/ HTTP/1.1" 404 1018
216.245.221.92 - - [04/May/2022:01:56:56 -0500] "HEAD / HTTP/1.1" 200 -
172.22.2.4 - - [04/May/2022:01:55:55 -0500] "HEAD /BLA/boletinlegal/ HTTP/1.1" 200 -
172.22.2.4 - - [04/May/2022:01:56:45 -0500] "GET /BLA/boletinlegal/ HTTP/1.1" 200 60486
66.249.65.13 - - [04/May/2022:02:00:46 -0500] "-" 408 -
157.245.70.127 - - [04/May/2022:02:00:53 -0500] "GET /ab2g HTTP/1.1" 400 946
157.245.70.127 - - [04/May/2022:02:00:54 -0500] "GET /ab2h HTTP/1.1" 400 946
216.245.221.92 - - [04/May/2022:02:01:56 -0500] "HEAD / HTTP/1.1" 200 -
207.46.13.115 - - [04/May/2022:02:02:37 -0500] "GET /BLA/resoluciones/RESOLUCIONES%202006/2290.tif HTTP/1.1" 200 413756
172.22.2.4 - - [04/May/2022:02:01:45 -0500] "HEAD /BLA/boletinlegal/ HTTP/1.1" 200 -
193.118.53.218 - - [04/May/2022:02:03:31 -0500] "GET / HTTP/1.1" 200 319
172.22.2.4 - - [04/May/2022:02:02:35 -0500] "GET /BLA/boletinlegal/ HTTP/1.1" 200 58588
216.245.221.92 - - [04/May/2022:02:06:56 -0500] "HEAD / HTTP/1.1" 200 -
66.249.65.13 - - [04/May/2022:02:07:46 -0500] "-" 408 -
172.22.2.4 - - [04/May/2022:02:07:35 -0500] "HEAD /BLA/boletinlegal/ HTTP/1.1" 200 -
172.22.2.4 - - [04/May/2022:02:08:25 -0500] "GET /BLA/boletinlegal/ HTTP/1.1" 200 58588
216.245.221.92 - - [04/May/2022:02:11:56 -0500] "HEAD / HTTP/1.1" 200 -
66.249.65.13 - - [04/May/2022:02:13:51 -0500] "-" 408 -
172.22.2.4 - - [04/May/2022:02:13:25 -0500] "HEAD /BLA/boletinlegal/ HTTP/1.1" 200 -
172.22.2.4 - - [04/May/2022:02:14:15 -0500] "GET /BLA/boletinlegal/ HTTP/1.1" 200 58588
216.245.221.92 - - [04/May/2022:02:16:56 -0500] "HEAD / HTTP/1.1" 200 -
66.249.65.13 - - [04/May/2022:02:20:15 -0500] "-" 408 -
172.22.2.4 - - [04/May/2022:02:20:55 -0500] "GET /BLA/boletinlegal/bag2 HTTP/1.1" 404 1018
172.22.2.4 - - [04/May/2022:02:19:15 -0500] "HEAD /BLA/boletinlegal/ HTTP/1.1" 200 -
172.22.2.4 - - [04/May/2022:02:20:05 -0500] "GET /BLA/boletinlegal/ HTTP/1.1" 200 60486
216.245.221.92 - - [04/May/2022:02:21:56 -0500] "HEAD / HTTP/1.1" 200 -
201.245.192.253 - - [04/May/2022:02:22:36 -0500] "POST /kwsrmcab/Wsrmcab HTTP/1.1" 200 44824
201.245.192.253 - - [04/May/2022:02:23:26 -0500] "POST /kwsrmcab/Wsrmcab HTTP/1.1" 200 39627
66.249.65.13 - - [04/May/2022:02:25:53 -0500] "-" 408 -
172.22.2.4 - - [04/May/2022:02:25:05 -0500] "HEAD /BLA/boletinlegal/ HTTP/1.1" 200 -
216.245.221.92 - - [04/May/2022:02:26:56 -0500] "HEAD / HTTP/1.1" 200 -
172.22.2.4 - - [04/May/2022:02:25:55 -0500] "GET /BLA/boletinlegal/ HTTP/1.1" 200 57044
216.245.221.92 - - [04/May/2022:02:31:56 -0500] "HEAD / HTTP/1.1" 200 -
172.22.2.4 - - [04/May/2022:02:30:55 -0500] "HEAD /BLA/boletinlegal/ HTTP/1.1" 200 -
20.36.244.102 - - [04/May/2022:02:32:53 -0500] "GET /noticias/rssambiente.php HTTP/1.1" 406 -
216.70.112.60 - - [04/May/2022:02:33:19 -0500] "GET /crisis-climatica-distrito-firmo-alianza-para-preservar-la-seguridad-hidrica-de-bogota-y-la-region.html HTTP/1.1" 200 1075
201.245.192.253 - - [04/May/2022:02:32:36 -0500] "POST /kwsrmcab/Wsrmcab HTTP/1.1" 200 44824
172.22.2.4 - - [04/May/2022:02:31:45 -0500] "GET /BLA/boletinlegal/ HTTP/1.1" 200 58588
213.226.123.30 - - [04/May/2022:02:34:03 -0500] "POST /Autodiscover/Autodiscover.xml HTTP/1.1" 404 1018
66.249.65.13 - - [04/May/2022:02:34:14 -0500] "-" 408 -
201.245.192.253 - - [04/May/2022:02:33:27 -0500] "POST /kwsrmcab/Wsrmcab HTTP/1.1" 200 39627
172.22.2.4 - - [04/May/2022:02:33:44 -0500] "GET /BLA/boletinlegal/ HTTP/1.1" 200 32715
216.245.221.92 - - [04/May/2022:02:36:56 -0500] "HEAD / HTTP/1.1" 200 -
207.46.13.82 - - [04/May/2022:02:37:17 -0500] "GET /BLA/resoluciones/1415.tif HTTP/1.1" 404 1018
172.22.2.4 - - [04/May/2022:02:36:45 -0500] "HEAD /BLA/boletinlegal/ HTTP/1.1" 200 -
128.14.209.162 - - [04/May/2022:02:38:38 -0500] "GET /portaldeninos/ HTTP/1.1" 200 109662
172.22.2.4 - - [04/May/2022:02:37:35 -0500] "GET /BLA/boletinlegal/ HTTP/1.1" 200 58588
62.57.59.1 - - [04/May/2022:02:39:50 -0500] "GET /se-amplia-convocatoria-de-sembradoras-por-la-reactivaccion-para-que-20-organizaciones-ambientales-contraten-a-mas-de-mil-mujeres.html HTTP/1.1" 200 1100
66.249.65.13 - - [04/May/2022:02:40:09 -0500] "-" 408 -
157.55.39.199 - - [04/May/2022:02:40:42 -0500] "GET /BLA/resoluciones/00001439.tif HTTP/1.1" 404 1018
216.245.221.92 - - [04/May/2022:02:41:56 -0500] "HEAD / HTTP/1.1" 200 -
40.77.167.7 - - [04/May/2022:02:42:48 -0500] "GET /portaldeninos/wp-content/uploads/2020/11/La-Vaca-B-768x432.jpg HTTP/1.1" 200 71377
201.245.192.253 - - [04/May/2022:02:42:37 -0500] "POST /kwsrmcab/Wsrmcab HTTP/1.1" 200 44824
201.245.192.253 - - [04/May/2022:02:43:22 -0500] "POST /kwsrmcab/Wsrmcab HTTP/1.1" 200 39627
172.22.2.4 - - [04/May/2022:02:42:35 -0500] "HEAD /BLA/boletinlegal/ HTTP/1.1" 200 -
172.22.2.4 - - [04/May/2022:02:43:25 -0500] "GET /BLA/boletinlegal/ HTTP/1.1" 200 60932
17.121.115.177 - - [04/May/2022:02:46:23 -0500] "-" 408 -
66.249.65.13 - - [04/May/2022:02:46:38 -0500] "-" 408 -
216.245.221.92 - - [04/May/2022:02:46:56 -0500] "HEAD / HTTP/1.1" 200 -
172.22.2.4 - - [04/May/2022:02:46:59 -0500] "GET /BLA/boletinlegal/robots.txt HTTP/1.1" 404 1038
172.22.2.4 - - [04/May/2022:02:47:00 -0500] "GET /BLA/boletinlegal/jurisprudencia.php HTTP/1.1" 200 17573
173.252.107.118 - - [04/May/2022:02:47:18 -0500] "GET /cuco-americano-otra-ave-que-esta-en-epoca-de-migracion.html HTTP/1.1" 206 914
54.39.177.173 - - [04/May/2022:02:48:35 -0500] "GET /bogota-y-cinco-departamentos-firman-alianza-para-garantizar-la-seguridad-hidrica-de-la-region.html HTTP/1.1" 200 902
54.39.177.48 - - [04/May/2022:02:48:36 -0500] "GET /crisis-climatica-distrito-firmo-alianza-para-preservar-la-seguridad-hidrica-de-bogota-y-la-region.html HTTP/1.1" 200 1075
54.39.177.173 - - [04/May/2022:02:48:36 -0500] "GET /somos-pioneros-en-la-inclusion-de-los-animales-de-compania-en-protocolos-de-emergencia.html HTTP/1.1" 200 1373
172.22.2.4 - - [04/May/2022:02:48:25 -0500] "HEAD /BLA/boletinlegal/ HTTP/1.1" 200 -
160.36.59.217 - - [04/May/2022:02:50:05 -0500] "GET /galeria/galeria/jquery.fancybox.js?v=2.1.5 HTTP/1.1" 200 48706
160.36.59.217 - - [04/May/2022:02:50:05 -0500] "GET /BLA/boletinlegal/js/jquery.scrollShow.js HTTP/1.1" 200 4586
172.22.2.4 - - [04/May/2022:02:49:15 -0500] "GET /BLA/boletinlegal/ HTTP/1.1" 200 49718
216.245.221.92 - - [04/May/2022:02:51:56 -0500] "HEAD / HTTP/1.1" 200 -
172.22.2.4 - - [04/May/2022:02:53:39 -0500] "GET /BLA/boletinlegal/ HTTP/1.1" 200 51004
205.210.31.130 - - [04/May/2022:02:55:37 -0500] "\x16\x03\x01" 400 226
172.22.2.4 - - [04/May/2022:02:55:38 -0500] "GET /BLA/boletinlegal/js/jquery.scrollShow.js HTTP/1.1" 200 4586
172.22.2.4 - - [04/May/2022:02:55:40 -0500] "GET /BLA/boletinlegal/js/jquery.scrollTo-min.js HTTP/1.1" 200 1150
172.22.2.4 - - [04/May/2022:02:54:15 -0500] "HEAD /BLA/boletinlegal/ HTTP/1.1" 200 -
207.46.13.64 - - [04/May/2022:02:56:08 -0500] "GET /portaldeninos/wp-content/uploads/2021/11/monitoreo-animales-fauna-11-julio-960x750.jpg HTTP/1.1" 200 141559
172.22.2.4 - - [04/May/2022:02:55:05 -0500] "GET /BLA/boletinlegal/ HTTP/1.1" 200 53739
216.245.221.92 - - [04/May/2022:02:56:56 -0500] "HEAD / HTTP/1.1" 200 -
172.22.2.4 - - [04/May/2022:02:57:30 -0500] "GET /BLA/boletinlegal/jurisprudencia/analisis/AnalisisT-606-15.docx HTTP/1.1" 200 26698
172.22.2.4 - - [04/May/2022:02:57:31 -0500] "GET /BLA/boletinlegal/apple-touch-icon-120x120-precomposed.png HTTP/1.1" 404 1140
172.22.2.4 - - [04/May/2022:02:57:31 -0500] "GET /BLA/boletinlegal/apple-touch-icon-120x120.png HTTP/1.1" 404 1140
172.22.2.4 - - [04/May/2022:02:57:31 -0500] "GET /BLA/boletinlegal/apple-touch-icon-precomposed.png HTTP/1.1" 404 1140
172.22.2.4 - - [04/May/2022:02:57:31 -0500] "GET /BLA/boletinlegal/apple-touch-icon.png HTTP/1.1" 404 1140
172.22.2.4 - - [04/May/2022:02:57:31 -0500] "GET /BLA/boletinlegal/favicon.ico HTTP/1.1" 404 1140
172.22.2.4 - - [04/May/2022:02:57:31 -0500] "GET /BLA/boletinlegal/apple-touch-icon-120x120-precomposed.png HTTP/1.1" 404 1140
172.22.2.4 - - [04/May/2022:02:57:31 -0500] "GET /BLA/boletinlegal/apple-touch-icon-120x120.png HTTP/1.1" 404 1140
172.22.2.4 - - [04/May/2022:02:57:31 -0500] "GET /BLA/boletinlegal/apple-touch-icon-precomposed.png HTTP/1.1" 404 1140
172.22.2.4 - - [04/May/2022:02:57:31 -0500] "GET /BLA/boletinlegal/apple-touch-icon.png HTTP/1.1" 404 1140
172.22.2.4 - - [04/May/2022:02:57:31 -0500] "GET /BLA/boletinlegal/favicon.ico HTTP/1.1" 404 1140
66.249.65.13 - - [04/May/2022:02:58:15 -0500] "-" 408 -
172.22.2.4 - - [04/May/2022:03:00:05 -0500] "HEAD /BLA/boletinlegal/ HTTP/1.1" 200 -
216.245.221.92 - - [04/May/2022:03:01:56 -0500] "HEAD / HTTP/1.1" 200 -
172.22.2.4 - - [04/May/2022:03:00:55 -0500] "GET /BLA/boletinlegal/ HTTP/1.1" 200 58588
157.55.39.145 - - [04/May/2022:03:05:51 -0500] "GET /BLA/resoluciones/00001427.tif HTTP/1.1" 404 1018
216.245.221.92 - - [04/May/2022:03:06:56 -0500] "HEAD / HTTP/1.1" 200 -
172.22.2.4 - - [04/May/2022:03:05:55 -0500] "HEAD /BLA/boletinlegal/ HTTP/1.1" 200 -
172.22.2.4 - - [04/May/2022:03:06:45 -0500] "GET /BLA/boletinlegal/ HTTP/1.1" 200 60932
66.249.65.13 - - [04/May/2022:03:08:33 -0500] "-" 408 -
172.22.2.4 - - [04/May/2022:03:11:28 -0500] "GET /BLA/boletinlegal/style.css HTTP/1.1" 200 9406
172.22.2.4 - - [04/May/2022:03:11:28 -0500] "GET /BLA/boletinlegal/js/jquery.js HTTP/1.1" 200 57254
172.22.2.4 - - [04/May/2022:03:11:28 -0500] "GET /BLA/boletinlegal/styles2.css HTTP/1.1" 200 1838
216.245.221.92 - - [04/May/2022:03:11:56 -0500] "HEAD / HTTP/1.1" 200 -
172.22.2.4 - - [04/May/2022:03:11:45 -0500] "HEAD /BLA/boletinlegal/ HTTP/1.1" 200 -
172.22.2.4 - - [04/May/2022:03:12:35 -0500] "GET /BLA/boletinlegal/ HTTP/1.1" 200 60932
66.249.65.13 - - [04/May/2022:03:15:31 -0500] "-" 408 -
216.245.221.92 - - [04/May/2022:03:16:56 -0500] "HEAD / HTTP/1.1" 200 -
51.75.241.40 - - [04/May/2022:03:15:16 -0500] "GET /BLA/boletinlegal/ HTTP/1.1" 200 62940
40.77.167.29 - - [04/May/2022:03:16:58 -0500] "GET /BLA/resoluciones/RESOLUCIONES%202006/1869.tif HTTP/1.1" 200 424816
209.141.51.49 - - [04/May/2022:03:17:48 -0500] "GET /portaldeninos/ HTTP/1.1" 200 109662
211.95.50.4 - - [04/May/2022:03:17:53 -0500] "GET /portaldeninos/ HTTP/1.1" 200 109662
211.95.50.4 - - [04/May/2022:03:17:57 -0500] "GET /portaldeninos/wp-includes/js/jquery/ui/core.min.js?ver=1.11.4 HTTP/1.1" 200 4000
211.95.50.5 - - [04/May/2022:03:17:57 -0500] "GET /portaldeninos/wp-includes/js/jquery/jquery-migrate.min.js?ver=1.4.1 HTTP/1.1" 200 10056
211.95.50.5 - - [04/May/2022:03:17:57 -0500] "GET /portaldeninos/wp-content/plugins/gallery-videos/JS/modernizr.custom.js?ver=4.9.8 HTTP/1.1" 200 9019
211.95.50.5 - - [04/May/2022:03:17:57 -0500] "GET /portaldeninos/wp-content/plugins/google-analytics-for-wordpress/assets/js/frontend-gtag.min.js?ver=8.5.0 HTTP/1.1" 200 11801
211.95.50.4 - - [04/May/2022:03:17:57 -0500] "GET /portaldeninos/wp-content/plugins/gallery-videos/JS/Total-Soft-Gallery-Video-Widget.js?ver=4.9.8 HTTP/1.1" 200 80264
211.95.50.4 - - [04/May/2022:03:17:57 -0500] "GET /portaldeninos/wp-includes/js/jquery/jquery.js?ver=1.12.4 HTTP/1.1" 200 97184
211.95.50.5 - - [04/May/2022:03:17:59 -0500] "GET /portaldeninos/wp-includes/js/jquery/ui/widget.min.js?ver=1.11.4 HTTP/1.1" 200 6908
211.95.50.4 - - [04/May/2022:03:18:00 -0500] "GET /portaldeninos/wp-includes/js/jquery/ui/mouse.min.js?ver=1.11.4 HTTP/1.1" 200 3148
211.95.50.4 - - [04/May/2022:03:18:00 -0500] "GET /portaldeninos/wp-includes/js/wp-embed.min.js?ver=4.9.8 HTTP/1.1" 200 1398
211.95.50.4 - - [04/May/2022:03:18:00 -0500] "GET /portaldeninos/wp-includes/js/jquery/ui/position.min.js?ver=1.11.4 HTTP/1.1" 200 6527
211.95.50.4 - - [04/May/2022:03:18:00 -0500] "GET /portaldeninos/wp-content/themes/betheme/js/menu.js?ver=20.9.6 HTTP/1.1" 200 2449
211.95.50.4 - - [04/May/2022:03:18:00 -0500] "GET /portaldeninos/wp-content/themes/betheme/assets/animations/animations.min.js?ver=20.9.6 HTTP/1.1" 200 1896
211.95.50.4 - - [04/May/2022:03:18:00 -0500] "GET /portaldeninos/wp-includes/js/jquery/ui/accordion.min.js?ver=1.11.4 HTTP/1.1" 200 8584
211.95.50.5 - - [04/May/2022:03:18:00 -0500] "GET /portaldeninos/wp-includes/js/jquery/ui/tabs.min.js?ver=1.11.4 HTTP/1.1" 200 12110
211.95.50.5 - - [04/May/2022:03:18:00 -0500] "GET /portaldeninos/wp-includes/js/wp-emoji-release.min.js?ver=4.9.8 HTTP/1.1" 200 12026
211.95.50.5 - - [04/May/2022:03:18:00 -0500] "GET /portaldeninos/wp-content/themes/betheme/assets/jplayer/jplayer.min.js?ver=20.9.6 HTTP/1.1" 200 52702
211.95.50.5 - - [04/May/2022:03:18:00 -0500] "GET /portaldeninos/wp-content/plugins/popup-maker/assets/js/site.min.js?defer&ver=1.8.14 HTTP/1.1" 200 48457
211.95.50.5 - - [04/May/2022:03:18:00 -0500] "GET /portaldeninos/wp-content/themes/betheme/js/scripts.js?ver=20.9.6 HTTP/1.1" 200 77162
211.95.50.4 - - [04/May/2022:03:18:00 -0500] "GET /portaldeninos/wp-includes/js/jquery/ui/sortable.min.js?ver=1.11.4 HTTP/1.1" 200 24899
211.95.50.5 - - [04/May/2022:03:18:00 -0500] "GET /portaldeninos/wp-content/themes/betheme/js/plugins.js?ver=20.9.6 HTTP/1.1" 200 197151
172.22.2.4 - - [04/May/2022:03:17:35 -0500] "HEAD /BLA/boletinlegal/ HTTP/1.1" 200 -
172.22.2.4 - - [04/May/2022:03:18:25 -0500] "GET /BLA/boletinlegal/ HTTP/1.1" 200 60932
66.249.65.13 - - [04/May/2022:03:21:31 -0500] "-" 408 -
216.245.221.92 - - [04/May/2022:03:21:56 -0500] "HEAD / HTTP/1.1" 200 -
201.245.192.253 - - [04/May/2022:03:22:36 -0500] "POST /kwsrmcab/Wsrmcab HTTP/1.1" 200 44684
201.245.192.253 - - [04/May/2022:03:23:23 -0500] "POST /kwsrmcab/Wsrmcab HTTP/1.1" 200 39635
172.22.2.4 - - [04/May/2022:03:23:25 -0500] "HEAD /BLA/boletinlegal/ HTTP/1.1" 200 -
172.22.2.4 - - [04/May/2022:03:24:15 -0500] "GET /BLA/boletinlegal/ HTTP/1.1" 200 58588
164.92.97.240 - - [04/May/2022:03:26:13 -0500] "GET / HTTP/1.1" 200 319
164.92.97.240 - - [04/May/2022:03:26:28 -0500] "GET /wp-includes/wlwmanifest.xml HTTP/1.1" 404 1018
216.245.221.92 - - [04/May/2022:03:26:56 -0500] "HEAD / HTTP/1.1" 200 -
164.92.97.240 - - [04/May/2022:03:26:44 -0500] "GET /xmlrpc.php?rsd HTTP/1.1" 404 1018
191.96.150.226 - - [04/May/2022:03:27:08 -0500] "GET /wp-login.php HTTP/1.1" 404 1018
164.92.97.240 - - [04/May/2022:03:27:00 -0500] "GET / HTTP/1.1" 200 319
66.249.65.13 - - [04/May/2022:03:27:21 -0500] "-" 408 -
164.92.97.240 - - [04/May/2022:03:27:16 -0500] "GET /blog/wp-includes/wlwmanifest.xml HTTP/1.1" 404 1018
164.92.97.240 - - [04/May/2022:03:27:32 -0500] "GET /web/wp-includes/wlwmanifest.xml HTTP/1.1" 404 1018
164.92.97.240 - - [04/May/2022:03:27:48 -0500] "GET /wordpress/wp-includes/wlwmanifest.xml HTTP/1.1" 404 1018
164.92.97.240 - - [04/May/2022:03:28:03 -0500] "GET /website/wp-includes/wlwmanifest.xml HTTP/1.1" 404 1018
164.92.97.240 - - [04/May/2022:03:28:19 -0500] "GET /wp/wp-includes/wlwmanifest.xml HTTP/1.1" 404 1018
164.92.97.240 - - [04/May/2022:03:28:35 -0500] "GET /news/wp-includes/wlwmanifest.xml HTTP/1.1" 404 1018
164.92.97.240 - - [04/May/2022:03:28:51 -0500] "GET /2018/wp-includes/wlwmanifest.xml HTTP/1.1" 404 1018
186.80.52.96 - - [04/May/2022:03:29:14 -0500] "GET /BLA/resoluciones/Notificaciones/AUTOS%202022/985.pdf HTTP/1.1" 200 1957179
186.80.52.96 - - [04/May/2022:03:29:14 -0500] "GET /favicon.ico HTTP/1.1" 200 7782
164.92.97.240 - - [04/May/2022:03:29:07 -0500] "GET /2019/wp-includes/wlwmanifest.xml HTTP/1.1" 404 1018
164.92.97.240 - - [04/May/2022:03:29:23 -0500] "GET /shop/wp-includes/wlwmanifest.xml HTTP/1.1" 404 1018
164.92.97.240 - - [04/May/2022:03:29:39 -0500] "GET /wp1/wp-includes/wlwmanifest.xml HTTP/1.1" 404 1018
164.92.97.240 - - [04/May/2022:03:29:54 -0500] "GET /test/wp-includes/wlwmanifest.xml HTTP/1.1" 404 1018
164.92.97.240 - - [04/May/2022:03:30:10 -0500] "GET /media/wp-includes/wlwmanifest.xml HTTP/1.1" 404 1018
164.92.97.240 - - [04/May/2022:03:30:26 -0500] "GET /wp2/wp-includes/wlwmanifest.xml HTTP/1.1" 404 1018
172.22.2.4 - - [04/May/2022:03:29:15 -0500] "HEAD /BLA/boletinlegal/ HTTP/1.1" 200 -
164.92.97.240 - - [04/May/2022:03:30:42 -0500] "GET /site/wp-includes/wlwmanifest.xml HTTP/1.1" 404 1018
164.92.97.240 - - [04/May/2022:03:30:58 -0500] "GET /cms/wp-includes/wlwmanifest.xml HTTP/1.1" 404 1018
164.92.97.240 - - [04/May/2022:03:31:14 -0500] "GET /sito/wp-includes/wlwmanifest.xml HTTP/1.1" 404 1018
172.22.2.4 - - [04/May/2022:03:30:05 -0500] "GET /BLA/boletinlegal/ HTTP/1.1" 200 60932
216.245.221.92 - - [04/May/2022:03:31:56 -0500] "HEAD / HTTP/1.1" 200 -
66.249.65.13 - - [04/May/2022:03:33:01 -0500] "-" 408 -
198.235.24.13 - - [04/May/2022:03:33:22 -0500] "GET / HTTP/1.1" 200 319
201.245.192.253 - - [04/May/2022:03:32:36 -0500] "POST /kwsrmcab/Wsrmcab HTTP/1.1" 200 44684
201.245.192.253 - - [04/May/2022:03:33:26 -0500] "POST /kwsrmcab/Wsrmcab HTTP/1.1" 200 39635
213.226.123.30 - - [04/May/2022:03:35:21 -0500] "GET /_ignition/execute-solution HTTP/1.1" 404 1018
172.22.2.4 - - [04/May/2022:03:35:05 -0500] "HEAD /BLA/boletinlegal/ HTTP/1.1" 200 -
216.245.221.92 - - [04/May/2022:03:36:56 -0500] "HEAD / HTTP/1.1" 200 -
172.22.2.4 - - [04/May/2022:03:35:55 -0500] "GET /BLA/boletinlegal/ HTTP/1.1" 200 60932
66.249.65.13 - - [04/May/2022:03:39:09 -0500] "-" 408 -
213.168.250.107 - - [04/May/2022:03:39:50 -0500] "GET / HTTP/1.1" 200 319
216.245.221.92 - - [04/May/2022:03:41:56 -0500] "HEAD / HTTP/1.1" 200 -
172.22.2.4 - - [04/May/2022:03:40:55 -0500] "HEAD /BLA/boletinlegal/ HTTP/1.1" 200 -
201.245.192.253 - - [04/May/2022:03:42:37 -0500] "POST /kwsrmcab/Wsrmcab HTTP/1.1" 200 44684
172.22.2.4 - - [04/May/2022:03:41:45 -0500] "GET /BLA/boletinlegal/ HTTP/1.1" 200 60105
74.125.210.57 - - [04/May/2022:03:43:28 -0500] "GET /galeria/galeria/fotos/Soratama1G.jpg HTTP/1.1" 200 127762
201.245.192.253 - - [04/May/2022:03:43:21 -0500] "POST /kwsrmcab/Wsrmcab HTTP/1.1" 200 39635
66.249.65.13 - - [04/May/2022:03:45:27 -0500] "-" 408 -
216.245.221.92 - - [04/May/2022:03:46:56 -0500] "HEAD / HTTP/1.1" 200 -
172.22.2.4 - - [04/May/2022:03:46:45 -0500] "HEAD /BLA/boletinlegal/ HTTP/1.1" 200 -
173.252.127.11 - - [04/May/2022:03:48:47 -0500] "GET /images/cerros-bogota-2-mayo.jpg HTTP/1.1" 200 98367
173.252.127.21 - - [04/May/2022:03:48:47 -0500] "GET /images/cerros-bogota-2-mayo.jpg HTTP/1.1" 200 98367
172.22.2.4 - - [04/May/2022:03:47:35 -0500] "GET /BLA/boletinlegal/ HTTP/1.1" 200 56669
216.245.221.92 - - [04/May/2022:03:51:56 -0500] "HEAD / HTTP/1.1" 200 -
66.249.65.13 - - [04/May/2022:03:54:06 -0500] "-" 408 -
172.22.2.4 - - [04/May/2022:03:52:35 -0500] "HEAD /BLA/boletinlegal/ HTTP/1.1" 200 -
172.22.2.4 - - [04/May/2022:03:53:25 -0500] "GET /BLA/boletinlegal/ HTTP/1.1" 200 60932
170.130.187.18 - - [04/May/2022:03:55:25 -0500] "GET / HTTP/1.1" 200 319
216.245.221.92 - - [04/May/2022:03:56:56 -0500] "HEAD / HTTP/1.1" 200 -
172.22.2.4 - - [04/May/2022:03:59:06 -0500] "GET /BLA/boletinlegal/favicon.ico HTTP/1.1" 404 1038
66.249.65.15 - - [04/May/2022:03:59:57 -0500] "-" 408 -
172.22.2.4 - - [04/May/2022:03:58:25 -0500] "HEAD /BLA/boletinlegal/ HTTP/1.1" 200 -
172.22.2.4 - - [04/May/2022:03:59:15 -0500] "GET /BLA/boletinlegal/ HTTP/1.1" 200 60932
207.46.13.133 - - [04/May/2022:04:01:43 -0500] "GET /portaldeninos/ HTTP/1.1" 200 109662
216.245.221.92 - - [04/May/2022:04:01:56 -0500] "HEAD / HTTP/1.1" 200 -
66.249.65.13 - - [04/May/2022:04:05:42 -0500] "-" 408 -
172.22.2.4 - - [04/May/2022:04:04:15 -0500] "HEAD /BLA/boletinlegal/ HTTP/1.1" 200 -
172.22.2.4 - - [04/May/2022:04:05:05 -0500] "GET /BLA/boletinlegal/ HTTP/1.1" 200 55450
216.245.221.92 - - [04/May/2022:04:06:56 -0500] "HEAD / HTTP/1.1" 200 -
172.22.2.4 - - [04/May/2022:04:07:53 -0500] "GET /BLA/boletinlegal/jurisprudencia/analisis/Analisis%20jurisprudencial%20Sentencia%20C-366-11.doc HTTP/1.1" 304 -
34.141.147.93 - - [04/May/2022:04:09:57 -0500] "GET / HTTP/1.1" 200 319
172.22.2.4 - - [04/May/2022:04:10:05 -0500] "HEAD /BLA/boletinlegal/ HTTP/1.1" 200 -
216.245.221.92 - - [04/May/2022:04:11:56 -0500] "HEAD / HTTP/1.1" 200 -
172.22.2.4 - - [04/May/2022:04:10:55 -0500] "GET /BLA/boletinlegal/ HTTP/1.1" 200 58588
207.46.13.82 - - [04/May/2022:04:14:27 -0500] "GET /BLA/resoluciones/00001425.tif HTTP/1.1" 404 1018
66.249.65.13 - - [04/May/2022:04:14:33 -0500] "-" 408 -
216.245.221.92 - - [04/May/2022:04:16:56 -0500] "HEAD / HTTP/1.1" 200 -
172.22.2.4 - - [04/May/2022:04:15:55 -0500] "HEAD /BLA/boletinlegal/ HTTP/1.1" 200 -
207.46.13.82 - - [04/May/2022:04:17:37 -0500] "GET /BLA/resoluciones/0893.tif HTTP/1.1" 404 1018
186.80.52.106 - - [04/May/2022:04:18:03 -0500] "GET /mesa/contrasena.pdf HTTP/1.1" 200 443199
186.80.52.106 - - [04/May/2022:04:18:04 -0500] "GET /mesa/contrasena.pdf HTTP/1.1" 206 1
186.80.52.106 - - [04/May/2022:04:18:04 -0500] "GET /mesa/contrasena.pdf HTTP/1.1" 206 437631
172.22.2.4 - - [04/May/2022:04:16:45 -0500] "GET /BLA/boletinlegal/ HTTP/1.1" 200 60932
66.249.65.13 - - [04/May/2022:04:21:27 -0500] "-" 408 -
216.245.221.92 - - [04/May/2022:04:21:56 -0500] "HEAD / HTTP/1.1" 200 -
201.245.192.253 - - [04/May/2022:04:22:37 -0500] "POST /kwsrmcab/Wsrmcab HTTP/1.1" 200 44684
172.22.2.4 - - [04/May/2022:04:21:45 -0500] "HEAD /BLA/boletinlegal/ HTTP/1.1" 200 -
201.245.192.253 - - [04/May/2022:04:23:26 -0500] "POST /kwsrmcab/Wsrmcab HTTP/1.1" 200 39627
172.22.2.4 - - [04/May/2022:04:22:35 -0500] "GET /BLA/boletinlegal/ HTTP/1.1" 200 60486
216.245.221.92 - - [04/May/2022:04:26:56 -0500] "HEAD / HTTP/1.1" 200 -
172.22.2.4 - - [04/May/2022:04:27:35 -0500] "HEAD /BLA/boletinlegal/ HTTP/1.1" 200 -
66.249.65.13 - - [04/May/2022:04:29:27 -0500] "-" 408 -
172.22.2.4 - - [04/May/2022:04:28:25 -0500] "GET /BLA/boletinlegal/ HTTP/1.1" 200 60932
216.245.221.92 - - [04/May/2022:04:31:56 -0500] "HEAD / HTTP/1.1" 200 -
201.245.192.253 - - [04/May/2022:04:32:37 -0500] "POST /kwsrmcab/Wsrmcab HTTP/1.1" 200 44684
201.245.192.253 - - [04/May/2022:04:33:23 -0500] "POST /kwsrmcab/Wsrmcab HTTP/1.1" 200 39627
172.22.2.4 - - [04/May/2022:04:33:25 -0500] "HEAD /BLA/boletinlegal/ HTTP/1.1" 200 -
172.22.2.4 - - [04/May/2022:04:34:15 -0500] "GET /BLA/boletinlegal/ HTTP/1.1" 200 55089
216.245.221.92 - - [04/May/2022:04:36:56 -0500] "HEAD / HTTP/1.1" 200 -
213.226.123.30 - - [04/May/2022:04:36:59 -0500] "GET / HTTP/1.1" 200 319
207.46.13.115 - - [04/May/2022:04:39:51 -0500] "GET /Publicaciones/2022EE22139.pdf HTTP/1.1" 404 227
172.22.2.4 - - [04/May/2022:04:39:15 -0500] "HEAD /BLA/boletinlegal/ HTTP/1.1" 200 -
172.22.2.4 - - [04/May/2022:04:40:05 -0500] "GET /BLA/boletinlegal/ HTTP/1.1" 200 58588
172.22.2.4 - - [04/May/2022:04:41:45 -0500] "GET /BLA/boletinlegal/jurisprudencia/analisis/AnalisisC-035-16.docx HTTP/1.1" 304 -
205.210.31.23 - - [04/May/2022:04:41:49 -0500] "GET / HTTP/1.1" 200 319
216.245.221.92 - - [04/May/2022:04:41:55 -0500] "HEAD / HTTP/1.1" 200 -
201.245.192.253 - - [04/May/2022:04:42:37 -0500] "POST /kwsrmcab/Wsrmcab HTTP/1.1" 200 44684
66.249.65.13 - - [04/May/2022:04:43:50 -0500] "-" 408 -
201.245.192.253 - - [04/May/2022:04:43:27 -0500] "POST /kwsrmcab/Wsrmcab HTTP/1.1" 200 39627
172.22.2.4 - - [04/May/2022:04:45:05 -0500] "HEAD /BLA/boletinlegal/ HTTP/1.1" 200 -
216.245.221.92 - - [04/May/2022:04:46:55 -0500] "HEAD / HTTP/1.1" 200 -
201.245.192.253 - - [04/May/2022:04:47:32 -0500] "GET /sipse/ HTTP/1.1" 302 -
201.245.192.253 - - [04/May/2022:04:47:33 -0500] "GET /sipse/faces/autenticacion.xhtml HTTP/1.1" 200 12172
201.245.192.253 - - [04/May/2022:04:47:33 -0500] "GET /sipse/faces/javax.faces.resource/theme.css?ln=primefaces-sipse HTTP/1.1" 304 -
201.245.192.253 - - [04/May/2022:04:47:33 -0500] "GET /sipse/faces/javax.faces.resource/layout/layout.css?ln=primefaces&v=4.0 HTTP/1.1" 304 -
201.245.192.253 - - [04/May/2022:04:47:33 -0500] "GET /sipse/faces/javax.faces.resource/primefaces.css?ln=primefaces&v=4.0 HTTP/1.1" 304 -
201.245.192.253 - - [04/May/2022:04:47:33 -0500] "GET /sipse/faces/javax.faces.resource/layout/layout.js?ln=primefaces&v=4.0 HTTP/1.1" 304 -
