190.9.218.188 - - [04/May/2022:11:51:37 -0500] "GET /kwssiamovil/sm/acme/a?s=U2FsdGVkX18Wvzi83gcq/cGTPV7rW+2D5ymg5o1TwJGM5P4EpLbEYI2rjNLbwkqiLfpv70NUrMt2b/dV4t35JIn/QBaXTsJpm/R0Tjdj3rCr/tbF9ljyvr3B8MviCJUnIYDY5fzQldifXEZmoLukuOSPzRknB5h8diYN/pxR5pQ=&u=U2FsdGVkX1+W/emPwDG0pV+qw8vN9jGnga3S3GtNRIo=&y=U2FsdGVkX19BGuhnfQjHrp3jZeHtPJN+IXw9HuqriNUs2soN2ULTigCYzRXsNO/b HTTP/1.1" 200 25
190.9.218.188 - - [04/May/2022:11:51:37 -0500] "GET /kwssiamovil/sm/acme/a?s=U2FsdGVkX18/mBPmWXYbLQnmZVItyCMGA2ojqXODkjOE6Z5Jkx71q9A9aayyV9nFK1TeJasW8cMutMEQvUkbahYasukf2lccClvejt1gV1V1HO4pCZ638UdF9EU2oH1hA5XziVDl4mQSfVIA+MGrMRIhvFIQwHuCM91MSNZWZaI=&u=U2FsdGVkX1+W/emPwDG0pV+qw8vN9jGnga3S3GtNRIo=&y=U2FsdGVkX19BGuhnfQjHrp3jZeHtPJN+IXw9HuqriNUs2soN2ULTigCYzRXsNO/b HTTP/1.1" 200 25
190.9.218.188 - - [04/May/2022:11:51:37 -0500] "GET /kwssiamovil/sm/acme/a?s=U2FsdGVkX180Vqyqzyo42dUZebYtXLhYKbgmajyr/w7KZ9DQ1+Da+VIpslVWb1qfekqjEJcYwGDSKLtD8yu5S4kymaY1gG18gA1DkS88AvRW6lw8TdkS/cjyWMAfgpyTPCSEbnuc6wz4PBbxdi7oOG65Rt98pdbMvZd+xNZQkst7pgHi+seg4YkakdYnw9co&u=U2FsdGVkX1+W/emPwDG0pV+qw8vN9jGnga3S3GtNRIo=&y=U2FsdGVkX19BGuhnfQjHrp3jZeHtPJN+IXw9HuqriNUs2soN2ULTigCYzRXsNO/b HTTP/1.1" 200 25
172.22.2.4 - - [04/May/2022:11:51:42 -0500] "GET /BLA/boletinlegal/images/screen_5.png HTTP/1.1" 200 368876
172.22.2.4 - - [04/May/2022:11:51:42 -0500] "GET /BLA/boletinlegal/images/screen_2.png HTTP/1.1" 200 362502
172.22.2.4 - - [04/May/2022:11:51:42 -0500] "GET /BLA/boletinlegal/images/arr_r.jpg HTTP/1.1" 200 1998
172.22.2.4 - - [04/May/2022:11:51:42 -0500] "GET /BLA/boletinlegal/images/screen_3.png HTTP/1.1" 200 210620
172.22.2.4 - - [04/May/2022:11:51:50 -0500] "GET /BLA/boletinlegal/images/body_bg.jpg HTTP/1.1" 200 1601
172.22.2.4 - - [04/May/2022:11:51:50 -0500] "GET /BLA/boletinlegal/images/menu_rght.gif HTTP/1.1" 200 1627
172.22.2.4 - - [04/May/2022:11:51:50 -0500] "GET /BLA/boletinlegal/images/menu_lft.gif HTTP/1.1" 200 1713
172.22.2.4 - - [04/May/2022:11:51:50 -0500] "GET /BLA/boletinlegal/images/menu_bg.jpg HTTP/1.1" 200 620
172.22.2.4 - - [04/May/2022:11:51:50 -0500] "GET /BLA/boletinlegal/images/bg_top.jpg HTTP/1.1" 200 522
172.22.2.4 - - [04/May/2022:11:51:50 -0500] "GET /BLA/boletinlegal/images/hover.jpg HTTP/1.1" 200 640
172.22.2.4 - - [04/May/2022:11:51:50 -0500] "GET /BLA/boletinlegal/images/footer_bg.jpg HTTP/1.1" 200 586
172.22.2.4 - - [04/May/2022:11:51:50 -0500] "GET /BLA/boletinlegal/images/text.jpg HTTP/1.1" 200 568
172.22.2.4 - - [04/May/2022:11:51:52 -0500] "GET /BLA/boletinlegal/actos.php HTTP/1.1" 200 9559
172.22.2.4 - - [04/May/2022:11:51:52 -0500] "GET /BLA/boletinlegal/js/ajax_actos.js HTTP/1.1" 200 1322
172.22.2.4 - - [04/May/2022:11:51:52 -0500] "GET /BLA/boletinlegal/niceforms.js HTTP/1.1" 200 22876
172.22.2.4 - - [04/May/2022:11:51:52 -0500] "GET /BLA/boletinlegal/niceforms-default.css HTTP/1.1" 200 6694
172.22.2.4 - - [04/May/2022:11:51:52 -0500] "GET /BLA/boletinlegal/js/lib.js HTTP/1.1" 200 6474
172.22.2.4 - - [04/May/2022:11:51:52 -0500] "GET /BLA/boletinlegal/js/popup.js HTTP/1.1" 200 1270
172.22.2.4 - - [04/May/2022:11:51:52 -0500] "GET /BLA/boletinlegal/js/jquery1.js HTTP/1.1" 200 29846
172.22.2.4 - - [04/May/2022:11:51:52 -0500] "GET /BLA/boletinlegal/images/green-yellow-blue-pink-th.png HTTP/1.1" 200 7394
172.22.2.4 - - [04/May/2022:11:51:52 -0500] "GET /BLA/boletinlegal/images/abajo.png HTTP/1.1" 200 96676
172.22.2.4 - - [04/May/2022:11:51:52 -0500] "GET /BLA/boletinlegal/images/tel.png HTTP/1.1" 200 14477
172.22.2.4 - - [04/May/2022:11:51:52 -0500] "GET /BLA/boletinlegal/images/icono-email.png HTTP/1.1" 200 5544
172.22.2.4 - - [04/May/2022:11:51:52 -0500] "GET /BLA/boletinlegal/images/footer_bg_l.jpg HTTP/1.1" 200 776
172.22.2.4 - - [04/May/2022:11:51:52 -0500] "GET /BLA/boletinlegal/img/0.png HTTP/1.1" 200 110
172.22.2.4 - - [04/May/2022:11:51:52 -0500] "GET /BLA/boletinlegal/img/select-left.png HTTP/1.1" 200 263
172.22.2.4 - - [04/May/2022:11:51:52 -0500] "GET /BLA/boletinlegal/img/select-right.png HTTP/1.1" 200 44019
172.22.2.4 - - [04/May/2022:11:51:52 -0500] "GET /BLA/boletinlegal/img/button-left.png HTTP/1.1" 200 57071
172.22.2.4 - - [04/May/2022:11:51:52 -0500] "GET /BLA/boletinlegal/img/button.png HTTP/1.1" 200 43241
172.22.2.4 - - [04/May/2022:11:51:52 -0500] "GET /BLA/boletinlegal/img/button-right.png HTTP/1.1" 200 57878
172.22.2.4 - - [04/May/2022:11:51:52 -0500] "GET /BLA/boletinlegal/favicon.ico HTTP/1.1" 404 1326
172.22.2.4 - - [04/May/2022:11:51:53 -0500] "GET /BLA/boletinlegal/images/pdf.gif HTTP/1.1" 200 567
201.245.192.253 - - [04/May/2022:11:51:54 -0500] "GET /BLA/resoluciones/ HTTP/1.1" 200 13093
216.245.221.92 - - [04/May/2022:11:51:54 -0500] "HEAD / HTTP/1.1" 200 -
201.245.192.253 - - [04/May/2022:11:51:54 -0500] "GET /BLA/resoluciones/dlf/styles.css HTTP/1.1" 200 3049
201.245.192.253 - - [04/May/2022:11:51:54 -0500] "GET /BLA/resoluciones/dlf/folder.png HTTP/1.1" 200 410
201.245.192.253 - - [04/May/2022:11:51:55 -0500] "GET /BLA/resoluciones/dlf/bg.gif HTTP/1.1" 200 54
201.245.192.253 - - [04/May/2022:11:51:55 -0500] "GET /favicon.ico HTTP/1.1" 200 7782
201.245.192.253 - - [04/May/2022:11:52:09 -0500] "GET /BLA/resoluciones/index.php HTTP/1.1" 200 13093
201.245.192.253 - - [04/May/2022:11:52:14 -0500] "GET /BLA/resoluciones/index.php?dir=AUTOS+2008%2F HTTP/1.1" 200 569644
186.154.24.21 - - [04/May/2022:11:52:16 -0500] "GET /BLA/resoluciones/index.php?dir=RESOLUCIONES+2022%2F HTTP/1.1" 200 16664
186.154.24.21 - - [04/May/2022:11:52:19 -0500] "GET /BLA/resoluciones/RESOLUCIONES%202022/0046.pdf HTTP/1.1" 200 405139
201.245.192.253 - - [04/May/2022:11:52:22 -0500] "GET /BLA/resoluciones/AUTOS%202008/1783.pdf HTTP/1.1" 200 225787
172.22.2.4 - - [04/May/2022:11:50:54 -0500] "HEAD /BLA/boletinlegal/ HTTP/1.1" 200 -
172.22.2.4 - - [04/May/2022:11:51:34 -0500] "GET /BLA/boletinlegal/ HTTP/1.1" 200 36811
172.22.2.4 - - [04/May/2022:11:51:44 -0500] "GET /BLA/boletinlegal/ HTTP/1.1" 200 54457
161.18.112.158 - - [04/May/2022:11:53:34 -0500] "POST /sipse/faces/presentacion/financiero/solicitudProceso/listarSolicitudProceso.xhtml HTTP/1.1" 200 33945
161.18.112.158 - - [04/May/2022:11:53:34 -0500] "GET /sipse/faces/javax.faces.resource/theme.css?ln=primefaces-sipse HTTP/1.1" 304 -
161.18.112.158 - - [04/May/2022:11:53:34 -0500] "GET /sipse/faces/javax.faces.resource/primefaces.css?ln=primefaces&v=4.0 HTTP/1.1" 304 -
161.18.112.158 - - [04/May/2022:11:53:34 -0500] "GET /sipse/faces/javax.faces.resource/layout/layout.css?ln=primefaces&v=4.0 HTTP/1.1" 304 -
161.18.112.158 - - [04/May/2022:11:53:34 -0500] "GET /sipse/css/imagen/contrasena.png HTTP/1.1" 404 383
161.18.112.158 - - [04/May/2022:11:53:34 -0500] "GET /sipse/faces/javax.faces.resource/jquery/jquery.js?ln=primefaces&v=4.0 HTTP/1.1" 304 -
161.18.112.158 - - [04/May/2022:11:53:34 -0500] "GET /sipse/faces/javax.faces.resource/jquery/jquery-plugins.js?ln=primefaces&v=4.0 HTTP/1.1" 304 -
161.18.112.158 - - [04/May/2022:11:53:34 -0500] "GET /sipse/faces/javax.faces.resource/primefaces.js?ln=primefaces&v=4.0 HTTP/1.1" 304 -
161.18.112.158 - - [04/May/2022:11:53:34 -0500] "GET /sipse/faces/javax.faces.resource/layout/layout.js?ln=primefaces&v=4.0 HTTP/1.1" 304 -
161.18.112.158 - - [04/May/2022:11:53:34 -0500] "POST /sipse/faces/presentacion/financiero/solicitudProceso/solicitudProcesoOtrosPagos.xhtml HTTP/1.1" 200 27325
161.18.112.158 - - [04/May/2022:11:53:34 -0500] "POST /sipse/faces/presentacion/financiero/solicitudProceso/solicitudProcesoOtrosPagos.xhtml HTTP/1.1" 200 27325
161.18.112.158 - - [04/May/2022:11:53:35 -0500] "POST /sipse/faces/presentacion/financiero/solicitudProceso/solicitudProcesoOtrosPagos.xhtml HTTP/1.1" 200 27325
201.245.192.253 - - [04/May/2022:11:54:58 -0500] "GET /BLA/resoluciones/dlf/dirup.png HTTP/1.1" 200 644
201.245.192.253 - - [04/May/2022:11:54:59 -0500] "GET /BLA/resoluciones/dlf/pdf.gif HTTP/1.1" 200 272
201.245.192.253 - - [04/May/2022:11:54:58 -0500] "GET /BLA/resoluciones/index.php?dir=AUTOS+2012%2F HTTP/1.1" 200 270610
201.245.192.253 - - [04/May/2022:11:55:07 -0500] "GET /BLA/resoluciones/index.php?dir=AUTOS+2013%2F HTTP/1.1" 200 405635
172.22.2.4 - - [04/May/2022:11:55:15 -0500] "GET /BLA/boletinlegal/owa/auth.owa HTTP/1.1" 404 1018
172.22.2.4 - - [04/May/2022:11:55:15 -0500] "GET /BLA/boletinlegal/consulta_actos.php?tipo=resoluciones&no=&usuario=&sector=&fecha=2021&resuelve= HTTP/1.1" 200 1095823
201.245.192.253 - - [04/May/2022:11:55:16 -0500] "GET /BLA/resoluciones/index.php?dir=AUTOS+2014%2F HTTP/1.1" 200 874389
201.245.192.253 - - [04/May/2022:11:55:18 -0500] "GET /BLA/resoluciones/dlf/unknown.png HTTP/1.1" 200 266
172.22.2.4 - - [04/May/2022:11:55:18 -0500] "GET /BLA/boletinlegal/consulta_actos.php?tipo=resoluciones&no=&usuario=&sector=&fecha=2021&resuelve= HTTP/1.1" 200 1095823
186.102.4.72 - - [04/May/2022:11:55:20 -0500] "GET /kwssiamovil/sm/acme/a?s=U2FsdGVkX18td/BDECkMi8Omu2CQkQW4dDvQ0XqHg5EEJZb+oVM6gBU+Sz24P/sylhferiLkyOm6xR4TLuyOmDOt1gElo077oJjV71HdcruRC66DlnHeJ+qA7bFNtHcDz+3akVwChubktkCntbjK1SrOGNu3HWgIlMOvET0pBdAgf/tqyzc9X44f075saQUTE7RtE1G+XUYpv7JaFHu4TTQ+QxoL71p4byY+ZRECRvM+fbgUHOowqbZ/zM2PgKrOREa4C2C0SuBIKnO01xOK+Q==&u=U2FsdGVkX196uE8AW3jBKKzX8ZFjgW+ppKHyg17x5WlR8KaB7J+ge2q0ulMBWoe9&y=U2FsdGVkX19eDayyzMphOehcpgvEFw0hIYt7i2A7FXcdYIYW7+9Pj9pDL+R7W3LZ HTTP/1.1" 200 25
201.245.192.253 - - [04/May/2022:11:55:25 -0500] "GET /BLA/resoluciones/AUTOS%202014/1870.pdf HTTP/1.1" 200 431833
186.154.24.21 - - [04/May/2022:11:55:26 -0500] "GET /BLA/resoluciones/RESOLUCIONES%202021/5651.pdf HTTP/1.1" 200 401325
161.18.112.158 - - [04/May/2022:11:55:40 -0500] "POST /sipse/faces/presentacion/financiero/solicitudProceso/solicitudProcesoOtrosPagos.xhtml HTTP/1.1" 200 25583
161.18.112.158 - - [04/May/2022:11:55:40 -0500] "POST /sipse/faces/presentacion/financiero/solicitudProceso/solicitudProcesoOtrosPagos.xhtml HTTP/1.1" 200 25583
161.18.112.158 - - [04/May/2022:11:55:40 -0500] "POST /sipse/faces/presentacion/financiero/solicitudProceso/solicitudProcesoOtrosPagos.xhtml HTTP/1.1" 200 25583
161.18.112.158 - - [04/May/2022:11:55:40 -0500] "POST /sipse/faces/presentacion/financiero/solicitudProceso/solicitudProcesoOtrosPagos.xhtml HTTP/1.1" 200 25583
161.18.112.158 - - [04/May/2022:11:55:40 -0500] "POST /sipse/faces/presentacion/financiero/solicitudProceso/solicitudProcesoOtrosPagos.xhtml HTTP/1.1" 200 25583
161.18.112.158 - - [04/May/2022:11:55:41 -0500] "POST /sipse/faces/presentacion/financiero/solicitudProceso/solicitudProcesoOtrosPagos.xhtml HTTP/1.1" 200 2641
161.18.112.158 - - [04/May/2022:11:55:42 -0500] "POST /sipse/faces/presentacion/financiero/solicitudProceso/solicitudProcesoOtrosPagos.xhtml HTTP/1.1" 200 38965
161.18.112.158 - - [04/May/2022:11:55:42 -0500] "GET /sipse/faces/javax.faces.resource/theme.css?ln=primefaces-sipse HTTP/1.1" 304 -
161.18.112.158 - - [04/May/2022:11:55:42 -0500] "GET /sipse/faces/javax.faces.resource/layout/layout.css?ln=primefaces&v=4.0 HTTP/1.1" 304 -
161.18.112.158 - - [04/May/2022:11:55:42 -0500] "GET /sipse/faces/javax.faces.resource/primefaces.css?ln=primefaces&v=4.0 HTTP/1.1" 304 -
161.18.112.158 - - [04/May/2022:11:55:42 -0500] "GET /sipse/faces/javax.faces.resource/jquery/jquery.js?ln=primefaces&v=4.0 HTTP/1.1" 304 -
161.18.112.158 - - [04/May/2022:11:55:42 -0500] "GET /sipse/faces/javax.faces.resource/jquery/jquery-plugins.js?ln=primefaces&v=4.0 HTTP/1.1" 304 -
161.18.112.158 - - [04/May/2022:11:55:42 -0500] "GET /sipse/faces/javax.faces.resource/primefaces.js?ln=primefaces&v=4.0 HTTP/1.1" 304 -
161.18.112.158 - - [04/May/2022:11:55:42 -0500] "GET /sipse/faces/javax.faces.resource/layout/layout.js?ln=primefaces&v=4.0 HTTP/1.1" 304 -
161.18.112.158 - - [04/May/2022:11:55:42 -0500] "GET /sipse/css/imagen/contrasena.png HTTP/1.1" 404 383
161.18.112.158 - - [04/May/2022:11:55:42 -0500] "POST /sipse/faces/presentacion/financiero/solicitudProceso/consultar.xhtml HTTP/1.1" 200 32379
161.18.112.158 - - [04/May/2022:11:55:42 -0500] "POST /sipse/faces/presentacion/financiero/solicitudProceso/consultar.xhtml HTTP/1.1" 200 32379
161.18.112.158 - - [04/May/2022:11:55:42 -0500] "POST /sipse/faces/presentacion/financiero/solicitudProceso/consultar.xhtml HTTP/1.1" 200 32379
161.18.112.158 - - [04/May/2022:11:55:42 -0500] "POST /sipse/faces/presentacion/financiero/solicitudProceso/consultar.xhtml HTTP/1.1" 200 32379
161.18.112.158 - - [04/May/2022:11:55:46 -0500] "POST /sipse/faces/presentacion/financiero/solicitudProceso/consultar.xhtml HTTP/1.1" 200 12870
161.18.112.158 - - [04/May/2022:11:55:49 -0500] "POST /sipse/faces/presentacion/financiero/solicitudProceso/consultar.xhtml HTTP/1.1" 200 115908
161.18.112.158 - - [04/May/2022:11:55:49 -0500] "GET /sipse/faces/javax.faces.resource/theme.css?ln=primefaces-sipse HTTP/1.1" 304 -
161.18.112.158 - - [04/May/2022:11:55:49 -0500] "GET /sipse/faces/javax.faces.resource/primefaces.css?ln=primefaces&v=4.0 HTTP/1.1" 304 -
161.18.112.158 - - [04/May/2022:11:55:49 -0500] "GET /sipse/faces/javax.faces.resource/layout/layout.css?ln=primefaces&v=4.0 HTTP/1.1" 304 -
161.18.112.158 - - [04/May/2022:11:55:49 -0500] "GET /sipse/faces/javax.faces.resource/jquery/jquery.js?ln=primefaces&v=4.0 HTTP/1.1" 304 -
161.18.112.158 - - [04/May/2022:11:55:49 -0500] "GET /sipse/faces/javax.faces.resource/jquery/jquery-plugins.js?ln=primefaces&v=4.0 HTTP/1.1" 304 -
161.18.112.158 - - [04/May/2022:11:55:49 -0500] "GET /sipse/faces/javax.faces.resource/primefaces.js?ln=primefaces&v=4.0 HTTP/1.1" 304 -
161.18.112.158 - - [04/May/2022:11:55:49 -0500] "GET /sipse/faces/javax.faces.resource/layout/layout.js?ln=primefaces&v=4.0 HTTP/1.1" 304 -
161.18.112.158 - - [04/May/2022:11:55:49 -0500] "GET /sipse/css/imagen/contrasena.png HTTP/1.1" 404 383
201.245.192.253 - - [04/May/2022:11:56:04 -0500] "GET /BLA/resoluciones/index.php?dir=AUTOS+2012%2F HTTP/1.1" 200 270610
172.22.2.4 - - [04/May/2022:11:56:14 -0500] "GET /BLA/boletinlegal/consulta_actos.php?tipo=resoluciones&no=&usuario=&sector=&fecha=2022&resuelve= HTTP/1.1" 200 54738
190.9.218.188 - - [04/May/2022:11:56:30 -0500] "GET /kwssiamovil/sm/acme/a?s=U2FsdGVkX19DzW8XgMjeg2GsNQE76HQKVMD7NPgkypegmwMEr0YPS2/IJ2klv3VS7iQScqBV6jobv6N9OecLyasJ2k1r9B4bOrrcLZB/Vu3zUH6/VV3NHn6isTolefJi4BlY+rALRsCahr3JYDcDhQO9C9z4giZc3h8QR2Gqg9n+du5qidtnOIg1p/XOGIRmWRtlE9pxIca6Jwhk9bL4qtgtym7+wOYbRdPQ+xm9tMGeZwyRO/8lHlxUPe4jjxFSB7JWw02H6JpDtlAMfHCljQ==&u=U2FsdGVkX1+W/emPwDG0pV+qw8vN9jGnga3S3GtNRIo=&y=U2FsdGVkX19BGuhnfQjHrp3jZeHtPJN+IXw9HuqriNUs2soN2ULTigCYzRXsNO/b HTTP/1.1" 200 25
190.9.218.188 - - [04/May/2022:11:56:30 -0500] "GET /kwssiamovil/sm/acme/a?s=U2FsdGVkX19NJ5wK9H3kdROBXbSi4PtkoISz6vkCoG52kVcmJGVyHAHyJtKP+vHJlHRXsvZI7B1rYyzq2YzHmtqmIF5FXn6jSuMBzb/9Alv4nEP1eoGq6SUgXf/szkJL6rTeAeJum0OEfLQqhIxNW8HS84pfHudtcyUHt2BmEhIlNhhYmhRgDqGShaePabR5F2W9RM9vgfKIAjuz+NkjhDAvD88mYbIGmop2OPFj8MzV0VYuRSWwOUI/oVBN/A8ayFWfRIH+cOz/ivc88TnW5HFFlZAqzgyTcxHc/2GTYI6ARi/pARtoJE82W+Kb1loGV9UoQ7qpvHa3+R+F8lYefuWuCJ9rPfo0yHi8ETE8euRbY/dv3gVbhS1C6LqqXMoTH5X0EnE0uKWmdKj4HnSLJStewbLcOczsUhKvLSjO3QXvyLMcCvq1lzYnEGTAQ6AVUXcx+ouqyrBRyqS0pEqThu9Qs4Lg1d2EOq2gQLJdrSIQwvY22nxAelsY+/3M0W5/a+RluLLghTBU+1L+rMEzs1nHvehotruM9io6VKX01TXKVKpqMo1Ukj3RKkCciiwOjLSRdYkC39YWacN61I3lRE+jeefVyMXp8Z3nBL/T70Rk1pnaBtKsh2D6BYcKvYPshmEBh+f1miwX2yRfl3vSrPxQbmUNUVRyuXdrZzoKYLxJ5l8MKQsJ+X7ZLVIVOfhL8IFJrSvIFxzdK5kpzM3hrOLeD2DNnZsEB7PgrjyQdI+d+PRcswhJEWwdbeCVNrzcWVLFLI0m1xBfQMFEeuxUD+2eqPiO2Trvtz9VA/VPkok/jhznjQRpj02OGjODDucBMtD6hy3E1t5LDQ7dBRbw9upxjeEznEGk08tlTZj2SoSQv2HaCwH945KQm437qPzJKkCi+4eQKeCJowvyqEVZiiqVoEorp7/X6unKx1OnOpeg8XMPgYxAHmFJywpL160KuZixID6YRy1cgwFlM5jgbXLTgTaDE+qcDNiYhTwm72Db99FZcx+UqGDGh0NLA2DqK7LhO9bdJY0WY+1j+eH0OKzZY+hSDplga+Ou6Tr+ni67W05dSFDD4XsQxakIru/fTqxCWk92yPZ36rwonjtU5pJbwIsW9U2VVLGCfQudbQ3PL1Yg2o2+Zld0G9w1gKz1SlIkuk8BBEhOUtHY0kh7Rz82SyYQPE6RsAVItftalUn9pd6nxEVP4wvsTbBHKQS9E99/esZqTejioA4Vb62Rlih+nqq02F2lfffTFCFG/77+KU9NXtDeQfm3ngO1ayB9j75q0s2EkPf6sqdpcFYNcoEK88vGQ2Wfw0Fx63K9Z85VSmnr0tFI/TdQrfJd2N5U/le8VkiHpjWKvZ8dHZ3y1uqCnUMyGckxg9bS+3pWd3FqDfaLWsxETIYFCHSch2PEBAUtqQSfHUofqpwrQXOLqJpS5UJL2pUWJykOvXkMOY//GIC24kpvRHt6srMjcxzCfj8cIQ6F0oviCLbt+j+AGrsnHm/vd47/4gIZm3T2pm5HEpuB596w6dsmGadZMukX/b90ckArbTxulO+VobgVCHS2pUlyEsxWf1yqPMoK1L4OlaFTgZzBUWcPLmRfTiaHNQLfrnSIWJ0optyGWAq3C9UKtZqC+VepMDRsckHb9ZL1yEieund6hJXLre10pQ5L5HGhyuyN56whxO+CjozAIvu853hFaBe04Za4/yHzI47U2aHCOxPH/sX9FaQARvcGbtWHQU2vHm5s8+yqnJpleyQ3AVcPM5LKEtqPcAkNq8Kz+NKdX0kBSCSWIifj/FqkxMC7xORw8Rxc6SQEhS5WmF8mC/ujE+LQ7Q0O78kA1pJa8++TiDhZaQFGX7R0f7c7I1fISrU12PBSyZP/Wmw5bZZKn+kchIFsvacrVTcGpiosoypmrhUVyZyyPvyqKjlZZlxcssLjVABIttv+F/sD+9gRMRCSejH8xVh7732dhlUp3tlIwg5KAFv6T95ARbDhZxQt7En27i5L6nJ4IuxBYBddNq3XriefBZ9QzjtVfjTXdAdW8JmjfDrz/uzxfx9nMDP8OGnPtU4pL7V582SJPGhHIb8G3OczeD7vNJglSgOLeSUjWoLYgEI+cnyaMLH9vdm+E0YElWQqP3VzdpuZMDW95h+uENGM7XNWiFsbwNoUbmVqcg+ZOB0T9LbAqDEAYDaBwoVECM6sfWp5fcrE7U4w2CuWVkuwCiqrGS6dJTiX+oEe9BphVR2k3RmxI6DHTbYVXBexJKmvuu3pegqVie/JlSgb4I0pWqL4Pc0Ner0X43AjY4aI7OMzhFs4UOo3tcGqVxGQ/+pgAMgkp4SyD2jjRREEJn8SMOHZlxwj1gBYXssVZDaom5hf5TiSjSQ9W6BkpTUbqjOI+3+2K3xs0qT4WBzzxnwXebgCOqhVWdrQkVhA3+9aOlKpnx0il4Vt6I1vCWV3md69stHH+4iOsnyy89fXaqr7CcSL0Pv6vgBSJ+kebZXBAI05LaZMC08Iw+x4jDf6/J0/xCOEE2fcspJ+dtOqmq25cIY7bPYhKfKEsAwir4U5tF9sXddyBbw58utQ++i+JcG80caPErBSzugP4aFrW7441VHGbhw3Dw2roKflLDKtifCOVdGWfRv3EKu85mjvakXFItleVKEECRj6J7jqNGN+8i3aSkg+VAK1FkcaEmVJfrmgeRxZZeFhza0Eh/n3aIvZVq0hxeD/DVQzOwCP/9Z/eZz1oJzS2Yrjq7JskiQ74wqn6fcvnDsCGA8oWs5smJmr587OgPMLvrH6TsWUHAXbu71OqS7VycmUciGCGqqul6WLZq3sm1OHgC9tma9MXXFkt+hDA8eZUg+De0dNU/EGXpKNEBKmieJAKkglEXREpLzZ+lrllJ1RErizu3esEHyHMa7wK1WQ+uMw9GnJtz8apU0KKNXqtbL7B1IuMVBjG3c3MB5WrqByzLEPbQE8smp2PdXusSqbRhs/n5tEoiXwauUl/Vg+xgSRNXj2ET1BuyQHtAy+5RlC9VTZqQzN45jp1/HHqV5YsTt/X4RGxJ7IK4H4Z25UStPXC6f13XbwCzh4D2eVPI6mfNBJ6J1y54rONw9QeeZ4IxP1zx0b+ffqO9O7ER0KgF3UFieJXPZ22DbFakolLwXeDxsruerUpHEHL7sDNDh+um5/XBaouUGtk0W7MBOMA2rsC/97vHJ03EPoZLONXVin&u=U2FsdGVkX1+W/emPwDG0pV+qw8vN9jGnga3S3GtNRIo=&y=U2FsdGVkX19BGuhnfQjHrp3jZeHtPJN+IXw9HuqriNUs2soN2ULTigCYzRXsNO/b HTTP/1.1" 200 25
190.9.218.188 - - [04/May/2022:11:56:31 -0500] "GET /kwssiamovil/sm/acme/a?s=U2FsdGVkX1/hAn7GuzFelWz1uFBlZ0DdCg/jSxze43WXVcrGOJeRym82qm+ypYshMqKjnchSFL/x+db7vQ8FUOBVbsEdLDr/hGQTG3asxdQXADvO4Quji+F5j7E3WHG/Il08SryfVCF3oKqw4/vCG316y4Jw2MG2rXR6s+G/0dk=&u=U2FsdGVkX1+W/emPwDG0pV+qw8vN9jGnga3S3GtNRIo=&y=U2FsdGVkX19BGuhnfQjHrp3jZeHtPJN+IXw9HuqriNUs2soN2ULTigCYzRXsNO/b HTTP/1.1" 200 25
190.9.218.188 - - [04/May/2022:11:56:31 -0500] "GET /kwssiamovil/sm/acme/a?s=U2FsdGVkX1+Tn7lV+0es6KsUxqACTZfdSdiqA+TFeFD7NqnlnbZ2te3ckhwGYdHxsjMG6iXR9pOFnPFtXokq9dm9eUpRWVIfRGNpEhoApG6o1A5ObVPR4amfC0OxdOLMJyu2OgLIOPsvi9VIiXHXSCnjo95E2FFEJR0cmrOj0G0=&u=U2FsdGVkX1+W/emPwDG0pV+qw8vN9jGnga3S3GtNRIo=&y=U2FsdGVkX19BGuhnfQjHrp3jZeHtPJN+IXw9HuqriNUs2soN2ULTigCYzRXsNO/b HTTP/1.1" 200 25
190.9.218.188 - - [04/May/2022:11:56:31 -0500] "GET /kwssiamovil/sm/acme/a?s=U2FsdGVkX18xeJSOSS26ynVzhmnAAeTxuX7MghRsGBctBdjYUoMKQmfouy9bonPPWBMbg9RYE4BeSHeMpZnkoUJVO5Ntk0Xh2Gtp5M4qCDLBAFuG8ki9xUWB6TdgyDMl7iDcMH9pfwI4Ts26k5dSVZmNU7BOKLDCo4xdDMPaNRk=&u=U2FsdGVkX1+W/emPwDG0pV+qw8vN9jGnga3S3GtNRIo=&y=U2FsdGVkX19BGuhnfQjHrp3jZeHtPJN+IXw9HuqriNUs2soN2ULTigCYzRXsNO/b HTTP/1.1" 200 25
190.9.218.188 - - [04/May/2022:11:56:31 -0500] "GET /kwssiamovil/sm/acme/a?s=U2FsdGVkX19S2PhDmEuJfQm7s4WUxzy5A9ateuk4wHGJxV6Z2j3GiGCNPOh9eNkivjKjPZ5Ei0ayg98emTo4RyBvyiLFl+O8REOmXk4FsvgME2VLYckUeNIhj0Uup85BKRe0aX5ZR/zUWwhIDsC7sGr3s/MXyJS4/+Xk7ufuw/zWiyZPncIRbr4T8xkZZD/H&u=U2FsdGVkX1+W/emPwDG0pV+qw8vN9jGnga3S3GtNRIo=&y=U2FsdGVkX19BGuhnfQjHrp3jZeHtPJN+IXw9HuqriNUs2soN2ULTigCYzRXsNO/b HTTP/1.1" 200 25
186.102.4.72 - - [04/May/2022:11:56:44 -0500] "GET /kwssiamovil/sm/acme/a?s=U2FsdGVkX18YD2Lgh3v7fu5S2ZHEagVJHSxF4FofrajtS+nIk/uZ0+S93uzWvVVwHHU+dWwrf7xHOZV0DF4Ss9y64JT5T095uueWl7gexg4ImKFFX85hh5rqX7b2Q3qOoGdJnncXMc7qdqulL4YK8n6VdIDPxKcQWrb2bDJEVXfYssZJRMU881DvhCntrLAJ1nSwF3dFt0enVUoOk3sJ+3v0P8MQyBOQcysHbGmJ8mbIkPpE53IcjEYq2Z6Z7FjGcirdcdT9NKo0JzAWw7tdBA==&u=U2FsdGVkX196uE8AW3jBKKzX8ZFjgW+ppKHyg17x5WlR8KaB7J+ge2q0ulMBWoe9&y=U2FsdGVkX19eDayyzMphOehcpgvEFw0hIYt7i2A7FXcdYIYW7+9Pj9pDL+R7W3LZ HTTP/1.1" 200 25
201.245.192.253 - - [04/May/2022:11:56:51 -0500] "GET /BLA/resoluciones/index.php?dir=RESOLUCIONES+2012%2F HTTP/1.1" 200 140066
216.245.221.92 - - [04/May/2022:11:56:54 -0500] "HEAD / HTTP/1.1" 200 -
207.46.13.115 - - [04/May/2022:11:57:32 -0500] "GET /BLA/resoluciones/00001411.tif HTTP/1.1" 404 1018
186.102.4.72 - - [04/May/2022:11:57:38 -0500] "GET /kwssiamovil/sm/acme/a?s=U2FsdGVkX18L8RJCECQFZkKgXg/6i2R3YpmkiuTVhBMFHKuWt4kwFkOZJPdYr3+LaZ/pTNCh/Fbw6SoA+YS53LPEdwjmKRVuDBcKpP7agtGFPTXa1T4GZgSH+V7X1Nc3JBNdxR89Khnt3K+lz2ZAln00Z51MURzgq/rO240sUJTxMWpLVh2ngF1M3bQKc2AbxubxMn/e0o5jyVBwy5jUZajIyLBVPZEWjFYKAXn5rQIuOCxqseaaZ3TKcfzq097edFVge5vx0FjpYCumjonILw==&u=U2FsdGVkX196uE8AW3jBKKzX8ZFjgW+ppKHyg17x5WlR8KaB7J+ge2q0ulMBWoe9&y=U2FsdGVkX19eDayyzMphOehcpgvEFw0hIYt7i2A7FXcdYIYW7+9Pj9pDL+R7W3LZ HTTP/1.1" 200 25
186.154.24.21 - - [04/May/2022:11:57:47 -0500] "GET /BLA/resoluciones/RESOLUCIONES%202022/1323.pdf HTTP/1.1" 200 360743
181.57.181.90 - - [04/May/2022:11:57:51 -0500] "GET /portaldeninos/wp-content/plugins/gallery-videos/CSS/Total-Soft-Gallery-Video-Widget.css?ver=4.9.8 HTTP/1.1" 200 51554
181.57.181.90 - - [04/May/2022:11:57:51 -0500] "GET /portaldeninos/wp-content/plugins/gallery-videos/CSS/totalsoft.css?ver=4.9.8 HTTP/1.1" 200 40622
181.57.181.90 - - [04/May/2022:11:57:51 -0500] "GET /portaldeninos/wp-content/uploads/useanyfont/uaf.css?ver=1589905315 HTTP/1.1" 200 408
181.57.181.90 - - [04/May/2022:11:57:51 -0500] "GET /portaldeninos/wp-content/themes/betheme/style.css?ver=20.9.6 HTTP/1.1" 200 287
181.57.181.90 - - [04/May/2022:11:57:51 -0500] "GET /portaldeninos/wp-content/themes/betheme/css/base.css?ver=20.9.6 HTTP/1.1" 200 57283
181.57.181.90 - - [04/May/2022:11:57:51 -0500] "GET /portaldeninos/wp-content/themes/betheme/css/layout.css?ver=20.9.6 HTTP/1.1" 200 116639
181.57.181.90 - - [04/May/2022:11:57:51 -0500] "GET /portaldeninos/wp-content/themes/betheme/css/shortcodes.css?ver=20.9.6 HTTP/1.1" 200 138889
181.57.181.90 - - [04/May/2022:11:57:51 -0500] "GET /portaldeninos/wp-content/themes/betheme/assets/animations/animations.min.css?ver=20.9.6 HTTP/1.1" 200 58508
181.57.181.90 - - [04/May/2022:11:57:51 -0500] "GET /portaldeninos/wp-content/themes/betheme/assets/ui/jquery.ui.all.css?ver=20.9.6 HTTP/1.1" 200 18765
181.57.181.90 - - [04/May/2022:11:57:51 -0500] "GET /portaldeninos/wp-content/themes/betheme/assets/jplayer/css/jplayer.blue.monday.css?ver=20.9.6 HTTP/1.1" 200 9834
181.57.181.90 - - [04/May/2022:11:57:51 -0500] "GET /portaldeninos/wp-content/themes/betheme/css/responsive.css?ver=20.9.6 HTTP/1.1" 200 55740
181.57.181.90 - - [04/May/2022:11:57:51 -0500] "GET /portaldeninos/wp-content/plugins/google-analytics-for-wordpress/assets/js/frontend-gtag.min.js?ver=8.5.0 HTTP/1.1" 200 11801
181.57.181.90 - - [04/May/2022:11:57:51 -0500] "GET /portaldeninos/wp-includes/js/jquery/jquery.js?ver=1.12.4 HTTP/1.1" 200 97184
181.57.181.90 - - [04/May/2022:11:57:51 -0500] "GET /portaldeninos/wp-includes/js/jquery/jquery-migrate.min.js?ver=1.4.1 HTTP/1.1" 200 10056
181.57.181.90 - - [04/May/2022:11:57:51 -0500] "GET /portaldeninos/wp-includes/js/jquery/ui/core.min.js?ver=1.11.4 HTTP/1.1" 200 4000
181.57.181.90 - - [04/May/2022:11:57:51 -0500] "GET /portaldeninos/wp-content/plugins/gallery-videos/JS/modernizr.custom.js?ver=4.9.8 HTTP/1.1" 200 9019
181.57.181.90 - - [04/May/2022:11:57:51 -0500] "GET /portaldeninos/wp-includes/js/jquery/ui/widget.min.js?ver=1.11.4 HTTP/1.1" 200 6908
181.57.181.90 - - [04/May/2022:11:57:51 -0500] "GET /portaldeninos/wp-includes/js/jquery/ui/mouse.min.js?ver=1.11.4 HTTP/1.1" 200 3148
181.57.181.90 - - [04/May/2022:11:57:51 -0500] "GET /portaldeninos/wp-includes/js/jquery/ui/sortable.min.js?ver=1.11.4 HTTP/1.1" 200 24899
181.57.181.90 - - [04/May/2022:11:57:51 -0500] "GET /portaldeninos/wp-includes/js/jquery/ui/tabs.min.js?ver=1.11.4 HTTP/1.1" 200 12110
181.57.181.90 - - [04/May/2022:11:57:51 -0500] "GET /portaldeninos/wp-content/plugins/gallery-videos/JS/Total-Soft-Gallery-Video-Widget.js?ver=4.9.8 HTTP/1.1" 200 80264
181.57.181.90 - - [04/May/2022:11:57:51 -0500] "GET /portaldeninos/wp-includes/js/jquery/ui/accordion.min.js?ver=1.11.4 HTTP/1.1" 200 8584
181.57.181.90 - - [04/May/2022:11:57:51 -0500] "GET /portaldeninos/wp-content/themes/betheme/js/menu.js?ver=20.9.6 HTTP/1.1" 200 2449
181.57.181.90 - - [04/May/2022:11:57:51 -0500] "GET /portaldeninos/wp-content/themes/betheme/assets/animations/animations.min.js?ver=20.9.6 HTTP/1.1" 200 1896
181.57.181.90 - - [04/May/2022:11:57:51 -0500] "GET /portaldeninos/wp-content/themes/betheme/assets/jplayer/jplayer.min.js?ver=20.9.6 HTTP/1.1" 200 52702
181.57.181.90 - - [04/May/2022:11:57:51 -0500] "GET /portaldeninos/wp-content/themes/betheme/js/scripts.js?ver=20.9.6 HTTP/1.1" 200 77162
181.57.181.90 - - [04/May/2022:11:57:51 -0500] "GET /portaldeninos/wp-includes/js/wp-embed.min.js?ver=4.9.8 HTTP/1.1" 200 1398
181.57.181.90 - - [04/May/2022:11:57:51 -0500] "GET /portaldeninos/wp-includes/js/wp-emoji-release.min.js?ver=4.9.8 HTTP/1.1" 200 12026
181.57.181.90 - - [04/May/2022:11:57:51 -0500] "GET /portaldeninos/wp-content/themes/betheme/js/plugins.js?ver=20.9.6 HTTP/1.1" 200 197151
181.57.181.90 - - [04/May/2022:11:57:51 -0500] "GET /portaldeninos/wp-content/themes/betheme/images/box_shadow.png HTTP/1.1" 200 108
181.57.181.90 - - [04/May/2022:11:57:51 -0500] "GET /portaldeninos/wp-content/themes/betheme/fonts/mfn-icons.woff?93978679 HTTP/1.1" 200 80932
181.57.181.90 - - [04/May/2022:11:57:51 -0500] "GET /portaldeninos/wp-content/themes/betheme/fonts/mfn-icons.ttf?93978679 HTTP/1.1" 200 94049
181.57.181.90 - - [04/May/2022:11:57:52 -0500] "GET /portaldeninos/wp-content/themes/betheme/fonts/mfn-icons.woff?93978679 HTTP/1.1" 206 1
181.57.181.90 - - [04/May/2022:11:57:52 -0500] "GET /portaldeninos/wp-content/themes/betheme/fonts/mfn-icons.ttf?93978679 HTTP/1.1" 200 120861
186.102.4.72 - - [04/May/2022:11:58:11 -0500] "GET /kwssiamovil/sm/acme/a?s=U2FsdGVkX1/P3FYng2Qv4bFIlWgRlkmMnjd73hQOnEIyfTMK+WRSHhhNONgMIYctd3Sg1WBdWqdG4iDBDk+uiWilPq3DAn2N1GqMfMkiVlEEDiRzB1FgX5CgzLwiWCp6Er1Du1soNlLRP+HVOXjCVHoYd4LU+wxvhZ8fm6ZjqiXlaonALe0NXkYQQ9E0+dISxQW6xgmC/jNtv0RvpzUvHRkDkaBpfN4ob5f2HeSwCMjSIHdtzqcQAdH5rB4O+KjExhPyUEOZnBL5USn7rrt+4A==&u=U2FsdGVkX196uE8AW3jBKKzX8ZFjgW+ppKHyg17x5WlR8KaB7J+ge2q0ulMBWoe9&y=U2FsdGVkX19eDayyzMphOehcpgvEFw0hIYt7i2A7FXcdYIYW7+9Pj9pDL+R7W3LZ HTTP/1.1" 200 25
172.22.2.4 - - [04/May/2022:11:56:44 -0500] "HEAD /BLA/boletinlegal/ HTTP/1.1" 200 -
186.154.24.21 - - [04/May/2022:11:58:34 -0500] "GET /BLA/resoluciones/RESOLUCIONES%202022/0690.pdf HTTP/1.1" 200 541565
186.102.4.72 - - [04/May/2022:11:58:40 -0500] "GET /kwssiamovil/sm/acme/a?s=U2FsdGVkX1/LsG0RBtJS8MQe8qSlfd3SaN9huXrCKNOOViH+d1TEyfxIn+cqbZY5YpvmTM90MtyogIZESK/VNAY/2/BCJDDwBd114x9QqfTNsyR+DwfLSD/OiwYthEOhC+NL4bzZsiFSdXK0Lr1U05f2cr6AZSqWllt0r1aaYU4l4o7mVA/3fxYRiitQwZmWoDWYf/DMrL7SREhimrY8pXJVzoN3v2b4yuKkifN0cJomOTkT9JX0XMUOv5PjBEXX3Y74jFgG9M7xGwYIWebVvA==&u=U2FsdGVkX196uE8AW3jBKKzX8ZFjgW+ppKHyg17x5WlR8KaB7J+ge2q0ulMBWoe9&y=U2FsdGVkX19eDayyzMphOehcpgvEFw0hIYt7i2A7FXcdYIYW7+9Pj9pDL+R7W3LZ HTTP/1.1" 200 25
64.116.98.128 - - [04/May/2022:11:58:47 -0500] "GET /BLA/resoluciones/RESOLUCIONES%202022/0639.pdf HTTP/1.1" 200 493200
64.116.98.128 - - [04/May/2022:11:58:54 -0500] "GET /favicon.ico HTTP/1.1" 200 7782
186.102.44.142 - - [04/May/2022:11:59:13 -0500] "GET /kwssiamovil/sm/ldap/au?x=U2FsdGVkX19+OMDtryhuqL4gJ+MiXMpTOMyWWAvR9dfOosL8Hf3gVa3ZZnjJE6YB&y=U2FsdGVkX1+gjyTdygMfNh9EkGuZmz7KJjhweHHCR3ZHQUFcW7ckbNrK74mLsU5g HTTP/1.1" 200 30
186.102.44.142 - - [04/May/2022:11:59:13 -0500] "GET /kwssiamovil/sm/acme/s?s=U2FsdGVkX1889bMDHNFa2Qpqmr4TjLUTgmg4uXUpRY1Yf3m7WzvEzVNdA8h9ifbubIy+LlCUqZeUCw85oPi0z1t93Khk2PZBm4r+l+PDxa0=&u=U2FsdGVkX1+5HbYi6K3BOBwn/4YwpIQ9OEyYnfDiTQJBg27YLcQ9Mu5VyVlXYv4k&y=U2FsdGVkX1+gjyTdygMfNh9EkGuZmz7KJjhweHHCR3ZHQUFcW7ckbNrK74mLsU5g HTTP/1.1" 200 97
186.102.44.142 - - [04/May/2022:11:59:13 -0500] "GET /kwssiamovil/sm/acme/s?s=U2FsdGVkX18xkTE7MRtNprrrZVomwcEaoNWI0tUXPh+QxbuGE88Fss5wspMD8uzuVPpaeiwmIUuHMkKRFn0wC212dnQFzNGTREVzzHLccldQh6XSTZ11PJh+FbIBhE3njGlrln210JSqBhC6nvAL4CAZ/AfvAtaGQTWkNyc4dVO6/9tDk7shyhOMV0tDVFSxKG1R9wOOzRYfQu0/DqDxsn5dP2iPm5mVOO+Z5vFsOAbo0Ggsnp/H0P0RQ1iET4Ii9vpg9ruwMxOolBBdauOQfFq6zyL/NYJI2esHg6s0k+y+IP/UXyIPMcJ6ReF8FLkfEU7mXlLWp8KzIsaipa+1enH6U4gQbnDv22Mf/KQbB1rjMsnqtpcKYSzkrEAHsa0JjRa0xCGx6YUSN5AnvS13j+VlFdpgOFi0UWiSBxSiN7M/mnlNBalB0HBDm/l0qfZMjoCsWOsfGJM54WgY8v6vvWd3zwil1dNNTr4n88gk6uV7Ch5kKW9JtftYRK/Uiy4/uCxeGnmcQO2YUih5AlxOVr6IHBiBhqoeRu+pjC+DKX/j4Z9F/T1ur3sFsr9KTmjJicfv3IgfDzCUZscZYeVL76+pnlZqnjBAIOOErC/hL2QPpROm3EZsC9Jugzkrls5X5pWU7MHzlZaloJMW9jlUolAtcgWDCQqDftU7F9PzAnX+Fq2dOrufQyqcZ1j7x+qJMUIJwyUtEPvH/OBmtHB02xRfIYe+RPY2YCAPQHFHtI8VjPS71h865AMs+wczPTmIDze5x9ye9nMMmqKtLlOgJMrho/IY2GjdrKB6p7e+gwKhMWxM+EyI7n2ehigSd7kD6CkyCVv7CCTRkTtkbDz1HDzKqlr8n3/o9igMrdIVg6aHrs4xoFUXIXYqNHCxYBwMDspgqFj0CJ9fgvLPzUGht9Gg33u0awBgczFAZNS8chnDj5rkX88bPf/90Vydt34+8YKX9U97tz3gVhE7QygFUbJ22UQXV30xN6z5+X6ApSmNaASBFM1+N4i85RWtM/6jd7tBWUvDUDFJY+0sduwVvo6XqS0Ll5JupBJflJw6O+ficxNk0bn0a7+ooypKhxMnANIEqdAyRDWuDSNwNR4bAutodD0uw0/DkntLyynkvwbjGXY27Szwb9hPmIjQ1aB7qDps9Q8GXkXERH/4M2sYlZA4VIq1YJXwjCMoRIUgh8bgW4ZBgIP6ic7aq9/kFBL1ffuFnKsWPwIAgsIVieuml3/czrLkM+jFFZ2JRWn7qSSH8EU0vDw/3Y3yTtcpKDpCsufRZgM02W8Knha16IG8apemN9noW5JiOCnw5c9/LuCOFLfuNxCc2432a5aovgL7LrXEK3rz1toUHcCR2t+USxGVyo/Uox0yHbbG3QGleOU=&u=U2FsdGVkX1+5HbYi6K3BOBwn/4YwpIQ9OEyYnfDiTQJBg27YLcQ9Mu5VyVlXYv4k&y=U2FsdGVkX1+gjyTdygMfNh9EkGuZmz7KJjhweHHCR3ZHQUFcW7ckbNrK74mLsU5g HTTP/1.1" 200 4677
186.102.44.142 - - [04/May/2022:11:59:13 -0500] "GET /kwssiamovil/sm/acme/s?s=U2FsdGVkX19G3ZaKNE4Kju7+fMgNyRrAk7U5pMDKmVVzngS2NTwJG1ajMo//L+HWXpGsXAHS07sUi0pfWundHN8+v+1mSX1xpUqlwUCgbZ2WBU4+RQZP7ZdDNIpH692CQSZvlj9SzeBKPhF+1I7H2oTxUw/IhTNA71jHfg3gm0yEqZUookrVHqEkobwluBb5rumglw4sdetIvKWD31yxBHiRwaRdzdrBW9dU+XoY5O9KZQqTtLAE5PCarzb4HN0XFO3oqC7XeSA28m9KKFTbRy9VNvF/7fzdNenD9kZDFoc=&u=U2FsdGVkX1+5HbYi6K3BOBwn/4YwpIQ9OEyYnfDiTQJBg27YLcQ9Mu5VyVlXYv4k&y=U2FsdGVkX1+gjyTdygMfNh9EkGuZmz7KJjhweHHCR3ZHQUFcW7ckbNrK74mLsU5g HTTP/1.1" 200 176
172.22.2.4 - - [04/May/2022:11:57:34 -0500] "GET /BLA/boletinlegal/ HTTP/1.1" 200 58588
186.102.44.142 - - [04/May/2022:11:59:13 -0500] "GET /kwssiamovil/sm/cjson/pre?f=1&x=U2FsdGVkX19+OMDtryhuqL4gJ+MiXMpTOMyWWAvR9dfOosL8Hf3gVa3ZZnjJE6YB HTTP/1.1" 200 30992
186.102.4.72 - - [04/May/2022:11:59:25 -0500] "GET /kwssiamovil/sm/acme/a?s=U2FsdGVkX195XeH0KRFXZcKvz3ymc2Grq1ExShGkSnyHVrusYv+ao4ARpqo43lckGO2jmw3Uw32B7UKK628ZMgqjRFYHdC7yis8ovFjRm4FRYCE9yWhygdA7FbCpfELhAEsTtZkGT0Ytsup/ualuL87l2DoL16z+4ew87Flr8vDIhbxwm3laDtAkHI3I0RPy+rtG4tjULlezlxrC6TUjAoz9GiaO/MX6y5eZQZ20Q4Vv1QUO5yZgNDMER/tTgoeAmwBcqQGusZr4QKRyqJWLhg==&u=U2FsdGVkX196uE8AW3jBKKzX8ZFjgW+ppKHyg17x5WlR8KaB7J+ge2q0ulMBWoe9&y=U2FsdGVkX19eDayyzMphOehcpgvEFw0hIYt7i2A7FXcdYIYW7+9Pj9pDL+R7W3LZ HTTP/1.1" 200 25
186.154.24.21 - - [04/May/2022:11:59:35 -0500] "GET /BLA/resoluciones/RESOLUCIONES%202022/0196.pdf HTTP/1.1" 200 333152
173.252.111.9 - - [04/May/2022:11:59:44 -0500] "GET /distrito-hace-llamado-para-proteger-fauna-silvestre-y-animales-de-compania-en-este-puente-de-halloween.html HTTP/1.1" 206 928
128.1.248.26 - - [04/May/2022:11:59:46 -0500] "GET /Telerik.Web.UI.WebResource.axd?type=rau HTTP/1.1" 404 1018
69.171.249.1 - - [04/May/2022:11:59:46 -0500] "GET /images/trafico-fauna-silvestre-29-octubre.jpg HTTP/1.1" 200 64161
172.22.2.4 - - [04/May/2022:11:59:51 -0500] "GET /BLA/boletinlegal/consulta_conceptos.php?no=14&solicitante=&radicado_entrada=&fecha_concepto=2022&objeto= HTTP/1.1" 200 990
172.22.2.4 - - [04/May/2022:11:59:53 -0500] "GET /BLA/boletinlegal/conceptos/2022/14.pdf HTTP/1.1" 200 374003
172.22.2.4 - - [04/May/2022:11:59:54 -0500] "GET /BLA/boletinlegal/consulta_actos.php?tipo=resoluciones&no=&usuario=&sector=RUIDO&fecha=2022&resuelve= HTTP/1.1" 200 1320
186.102.4.72 - - [04/May/2022:11:59:59 -0500] "GET /kwssiamovil/sm/acme/a?s=U2FsdGVkX195cgsQFVKe/PuSsc2CCUrc/3tlU6PmzreNX3zOkhVYVLQjN8Q1mFo4ubpVLs1f8/qGG96v68DF84T49BMXTGNMmK3eKyxw2kqtdIEahtn2iA8PTvdYEjJgNAt0TPKxJqlj071pe2bxqxbeniVrsOD19aona8gt6s4o7tSP1/LMtMDZntInU6Vu0SV0reFKf5UZe2ZIRIQQHXTHflyHQFg9UMR5ZrMEytoWIeMgmrEI785rsatAabJRk/rEe7pCw5WSyEYASDIN1w==&u=U2FsdGVkX196uE8AW3jBKKzX8ZFjgW+ppKHyg17x5WlR8KaB7J+ge2q0ulMBWoe9&y=U2FsdGVkX19eDayyzMphOehcpgvEFw0hIYt7i2A7FXcdYIYW7+9Pj9pDL+R7W3LZ HTTP/1.1" 200 25
186.154.24.21 - - [04/May/2022:12:00:00 -0500] "GET /BLA/resoluciones/RESOLUCIONES%202022/0140.pdf HTTP/1.1" 200 439712
64.116.98.128 - - [04/May/2022:12:00:03 -0500] "GET /BLA/resoluciones/RESOLUCIONES%202022/1323.pdf HTTP/1.1" 200 360743
186.102.4.72 - - [04/May/2022:12:00:14 -0500] "GET /kwssiamovil/sm/acme/a?s=U2FsdGVkX19pX/RSFADgjFM3eaK+O8wJq/rln/tFU+1n0pVOIFBGavJXSQ20gaOnQh4PA4pvgOO5A14La2Guo5V7w1ZAicmpPjOalR9lrmgQtiYtw0xZL55y3JyJgPtB2SE8tsi3+LxaXWwTfwW2FWqOwNp9CnQqyT1qiPPqNLnwh1Cl0oWC8aiPuHrxnHv/34VILwiiJmxmxugKzx9AbFL/9rVUB0fQ1n+ZLAFP9eOixjJFXtrQFZe6ICEsQJxa2pV/4X5oQ7kycwyzrfxeBA==&u=U2FsdGVkX196uE8AW3jBKKzX8ZFjgW+ppKHyg17x5WlR8KaB7J+ge2q0ulMBWoe9&y=U2FsdGVkX19eDayyzMphOehcpgvEFw0hIYt7i2A7FXcdYIYW7+9Pj9pDL+R7W3LZ HTTP/1.1" 200 25
66.249.65.13 - - [04/May/2022:12:01:10 -0500] "-" 408 -
186.154.24.21 - - [04/May/2022:12:01:30 -0500] "GET /BLA/resoluciones/RESOLUCIONES%202020/2936.pdf HTTP/1.1" 200 552053
200.118.60.17 - - [04/May/2022:12:01:43 -0500] "GET /secretaria-de-ambiente-rechaza-actos-que-habrian-podido-afectar-la-fauna-y-flora-en-el-humedal-jaboque.html HTTP/1.1" 200 1121
186.154.24.21 - - [04/May/2022:12:01:51 -0500] "GET /BLA/resoluciones/RESOLUCIONES%202020/1984.pdf HTTP/1.1" 200 405255
216.245.221.92 - - [04/May/2022:12:01:54 -0500] "HEAD / HTTP/1.1" 200 -
190.9.218.188 - - [04/May/2022:12:01:55 -0500] "GET /kwssiamovil/sm/acme/a?s=U2FsdGVkX19vvEAERT1bS35+182Bs4ZtR3c+QlNANi1qIkY/ywsSON/8EqvM5tP2vZvlu5uJeyb57dfFAzceUstpnaezFxQK55HBkYptSBNbX3c0APuLwSMutONhZ2d8hKChDuAL9LQRxlRtiTWhg8nSP3UEE9DohjEermaWpYEU0QqwGOn7ysWeNnn6bGDRoooPO8aaFprk2S2j3GTRHEJrdvAA+NOId+lQCd/uMOu9uDsXwJuoz7MRjXMOtigvt2fasJlD0aF4+b2HrWsADQ==&u=U2FsdGVkX1+W/emPwDG0pV+qw8vN9jGnga3S3GtNRIo=&y=U2FsdGVkX19BGuhnfQjHrp3jZeHtPJN+IXw9HuqriNUs2soN2ULTigCYzRXsNO/b HTTP/1.1" 200 25
190.9.218.188 - - [04/May/2022:12:01:55 -0500] "GET /kwssiamovil/sm/acme/a?s=U2FsdGVkX1+3HKZT0u9z8rBDxgGKEt/JyuA2TPgZUOfG6yw0DV/aB5nywQf5ZYytW6eDEmRDM56SGCfSpu+Wt9PaFhnzSb60eTSa0AqkeOnSi4iEBnPOnT4xbySyjJjmyxYCUaSRDIJdV5Ren6DWg0LQA9qGm2Z3YR9mhw0S6nHZ6DZJudnxVKQ1SQBERWZgC3ShzX6SUMmeZhCWI4icVeh1lLYuGpC1ee4pVSPOFmxOXQkpZrIgdcTDqlfrvmkZG8nFgrFQWj1brEMdi1EOOTH9ph4CPJvO1yebCWhmjk+w/x6nidcfBa8T/mQVg5wfqjInhEZFb83q6ktMrheiWL2on4MnHRqX7PyMZHFqW4VuNoDzbOU0TG3ZeVnY+gNq9kVRbiw9wSF2v7yBzUJIUbsjx7DLSJY5A9N2D9JDcqjj4ElrHrqhyYQRBkinG4iVTLeSSVMGb0gXEZOwqVUMZCKPpTj1PLLtx5LfUjATzSVXp/bNKB2M/0/EIbeBBsxYAaNHmpwdmdzJ/YGuait78IkfpTTVLe1FYqrQ2sDHPZMYrfvv+rsbsmD+Wn+0FsGYgXTZMfqLiUPiLWfFdYZXBA28WyzuHxVxUaLQKy6IMt2giv7EapmpXZ5cSlxQtRQ6XO7NgktZZicVVeEO7+KOPc/BbmwkPXHqWcPBFcPog+IXpYGLfdl268lDit/JFNyH+Q6CqF+RqtbWXvrP/TaTAvMjyhH8UWctivlAQW+c+s8FijQR4LDchDX5mpZV8+ifiEZgnyGp/3AC3UOdvGHSfTw8buTXHyg22ZAeMchhlOTlk2toVO4AWBKFIzsrXL6grgua1dUmzRX08PdDqjogHomKwxjaygyvY7UD4JuKg+1cKMNvxpWMgcywC4tsw+bmgqGk5zV9idaPV22yr63LRh3CLeH090xGWc25tS0fTtivi2/80xOSh5lOFOaKABI8X5stxxRMgFWNpJVg5PpLeiFeyWF6tnM4ehJxStq/Q6IRXvLdi0qu2y0/aokDtva/9MjfUsI+LZtDu8Ix6EpKXWSdq0wQfMTnFx0L4PI5jcc1NUSuGEcwyl8UjMQX+Zupe/XR9cJxFqraGglYuTXHBBbA4MkgzrxnOwfGx3suh0nhtts5/nQNCkqV9cI32m02js96DRSlrnGf+LUHST1kTuTkNawcIqb9X49y2ucoxMbxG5mfcfad+7uTbC8V+963Xrr7TVr2k/fl34GY90F8IifaJsvvVjQLqycP5cCaykvegWa7bSdYRSW1jI1CeCSwaR9vZDyTUcUZ+lE3qILu8TfRJNnwpw8q/z4xKmyIM72/TqqoacySsxQv/gE6FTILpOpB30DU8vlQKCZELbJ+OwS3m6Xoj9/pCj9BIoHMUwtkNHTssYsBmdXZr7i7dX60p1WMzFN2wzLVPAeOTC1jnWvGFt9dhNETdVLGfFsDNaUIIMwJzqksDhU7XQpdLUc+xqJ6lyr6vf3C7EXUKjtx5y2ozPmEArYHZB1m+puZwwrXN9N+9k1XptIx5/11qYuSA7Njc0U0J5KBzcKx5j9qW+HlasjR2huriQn48/R5q5URZ3Jt2fiTFmT4HWCWzxaHc0PInLXSFtPv9fKkmOTtSUfKflqFL54IbpoAFXyseqTpkq2wonrGsZbeRO12a0rIFzhJ1MaCzEWPr8LEmr9nZn/zgMZBtU2+Ux0lJ7hq6YbcP4+OyYbplGKlNJPfLfjWeRCxqVN1TXF8nnNEpIOMaTc03hmbyEnPQAwwx47Hdi9AEKqraTJdjCn0GH6Nq6IxWBNrszBnFNOvKx7IlBInJanY619oJpxN/PXRvytMOJl0Ru1IQ1W5cUsx2LQJC9d87NnZpwcA1rAcCwOJOla0dqA6kZbqKedoRTUc/TilJ+fQiFd5xgW33cGik4AtIOJY2hCScQu49D5WnFlauzgS3x58fp3/sWNxMwb0WakvniiEGA0j261zlyOic+RX7cfwQpPtY0XGCfkbaueOkk5xFI/kbdeEehpAl6bKtIloQEM=&u=U2FsdGVkX1+W/emPwDG0pV+qw8vN9jGnga3S3GtNRIo=&y=U2FsdGVkX19BGuhnfQjHrp3jZeHtPJN+IXw9HuqriNUs2soN2ULTigCYzRXsNO/b HTTP/1.1" 200 25
190.9.218.188 - - [04/May/2022:12:01:55 -0500] "GET /kwssiamovil/sm/acme/a?s=U2FsdGVkX19R125BlgadDKUG0BnS57C3jZ/pBXWoraZjRwxgx4IoWNOyCTT4LslX3sOlY7kSQqsXJA6WxJA17XNL7wRgVtSsOSrCDX8Gpnl19STib9SbcwVjiQ3TxA3Cjy9biIkjwJRWyW+v2WOFvL0fpBeTDXVD0pVfXFnySgw=&u=U2FsdGVkX1+W/emPwDG0pV+qw8vN9jGnga3S3GtNRIo=&y=U2FsdGVkX19BGuhnfQjHrp3jZeHtPJN+IXw9HuqriNUs2soN2ULTigCYzRXsNO/b HTTP/1.1" 200 25
190.9.218.188 - - [04/May/2022:12:01:55 -0500] "GET /kwssiamovil/sm/acme/a?s=U2FsdGVkX19hcrMH83gNBkCvs1S4j9ita0Pj69Vmz1RWYQ+eYDp/hKXhOsP0RyHonUCVv7ewlwhvfKRD08gHSVvgAXEda2mgAbRwZlHJwZtkjSKSmIrLGO8I0xGPGzLcdHNbYuNPGVs31d8WG8ufowsg9QwZPdyCwEgkf1TqYbI=&u=U2FsdGVkX1+W/emPwDG0pV+qw8vN9jGnga3S3GtNRIo=&y=U2FsdGVkX19BGuhnfQjHrp3jZeHtPJN+IXw9HuqriNUs2soN2ULTigCYzRXsNO/b HTTP/1.1" 200 25
190.9.218.188 - - [04/May/2022:12:01:56 -0500] "GET /kwssiamovil/sm/acme/a?s=U2FsdGVkX1/lEggRZWKaj369KOgY1EZWxeHdxW+ExYHxnyquvMaYDQPazBhkwRD9b5fiAJFSCIFZ2rNjtt/KZZXjRmzlOF0hlMTw7WoGmhTVJkNJll4lBR0b+4SOrKBLSxJddGoFVAI36snz7mSwmSkHm32vWpK92JbnNVyM0/Y=&u=U2FsdGVkX1+W/emPwDG0pV+qw8vN9jGnga3S3GtNRIo=&y=U2FsdGVkX19BGuhnfQjHrp3jZeHtPJN+IXw9HuqriNUs2soN2ULTigCYzRXsNO/b HTTP/1.1" 200 25
190.9.218.188 - - [04/May/2022:12:01:56 -0500] "GET /kwssiamovil/sm/acme/a?s=U2FsdGVkX18RKzf9B4QhXMUqYizYtYfT1/kciooxQYsU4bgxjj2SfmOdGLSBidSZn9h5FYM/QjYFs3XZLwbGQWlTuNnhqO7i4w4BgC1iX1KGMtjeKi+6XqfcMaqOY2kiiF80MLOv4tO3dcUATm/SPDo0N5axeoLOVDL6zekGOO8QPK4TzN4Qrzs/AQI33Yon&u=U2FsdGVkX1+W/emPwDG0pV+qw8vN9jGnga3S3GtNRIo=&y=U2FsdGVkX19BGuhnfQjHrp3jZeHtPJN+IXw9HuqriNUs2soN2ULTigCYzRXsNO/b HTTP/1.1" 200 25
201.245.192.253 - - [04/May/2022:12:01:58 -0500] "GET /BLA/resoluciones/index.php?dir=RESOLUCIONES+2008%2F HTTP/1.1" 200 976272
172.22.2.4 - - [04/May/2022:12:02:00 -0500] "GET /BLA/boletinlegal/consulta_actos.php?tipo=resoluciones&no=&usuario=&sector=&fecha=2022&resuelve=revocatoria HTTP/1.1" 200 626
172.22.2.4 - - [04/May/2022:12:02:02 -0500] "GET /BLA/boletinlegal/consulta_actos.php?tipo=resoluciones&no=&usuario=&sector=&fecha=2022&resuelve= HTTP/1.1" 200 54738
186.154.24.21 - - [04/May/2022:12:02:05 -0500] "GET /BLA/resoluciones/RESOLUCIONES%202022/4267. HTTP/1.1" 404 1120
201.245.192.253 - - [04/May/2022:12:02:06 -0500] "GET /BLA/resoluciones/RESOLUCIONES%202008/3893.pdf HTTP/1.1" 200 407546
186.154.24.21 - - [04/May/2022:12:02:07 -0500] "GET /BLA/resoluciones/RESOLUCIONES%202022/4267. HTTP/1.1" 404 1120
172.22.2.4 - - [04/May/2022:12:02:33 -0500] "HEAD /BLA/boletinlegal/ HTTP/1.1" 200 -
172.22.2.4 - - [04/May/2022:12:03:24 -0500] "GET /BLA/boletinlegal/ HTTP/1.1" 200 58588
186.31.12.246 - - [04/May/2022:12:05:25 -0500] "OPTIONS /kwssiamovil/sm/setfile/f? HTTP/1.1" 200 13
186.31.12.246 - - [04/May/2022:12:05:26 -0500] "POST /kwssiamovil/sm/setfile/f? HTTP/1.1" 200 381
186.31.12.246 - - [04/May/2022:12:05:31 -0500] "OPTIONS /kwssiamovil/sm/setfile/f? HTTP/1.1" 200 13
186.31.12.246 - - [04/May/2022:12:05:31 -0500] "POST /kwssiamovil/sm/setfile/f? HTTP/1.1" 200 381
200.118.61.99 - - [04/May/2022:12:05:34 -0500] "GET /portaldeninos/wp-content/uploads/useanyfont/uaf.css?ver=1589905315 HTTP/1.1" 200 408
200.118.61.99 - - [04/May/2022:12:05:34 -0500] "GET /portaldeninos/wp-content/themes/betheme/style.css?ver=20.9.6 HTTP/1.1" 200 287
200.118.61.99 - - [04/May/2022:12:05:34 -0500] "GET /portaldeninos/wp-content/plugins/gallery-videos/CSS/Total-Soft-Gallery-Video-Widget.css?ver=4.9.8 HTTP/1.1" 200 51554
200.118.61.99 - - [04/May/2022:12:05:34 -0500] "GET /portaldeninos/wp-content/plugins/gallery-videos/CSS/totalsoft.css?ver=4.9.8 HTTP/1.1" 200 40622
200.118.61.99 - - [04/May/2022:12:05:34 -0500] "GET /portaldeninos/wp-content/themes/betheme/css/base.css?ver=20.9.6 HTTP/1.1" 200 57283
200.118.61.99 - - [04/May/2022:12:05:34 -0500] "GET /portaldeninos/wp-content/themes/betheme/assets/animations/animations.min.css?ver=20.9.6 HTTP/1.1" 200 58508
200.118.61.99 - - [04/May/2022:12:05:34 -0500] "GET /portaldeninos/wp-content/themes/betheme/assets/jplayer/css/jplayer.blue.monday.css?ver=20.9.6 HTTP/1.1" 200 9834
200.118.61.99 - - [04/May/2022:12:05:34 -0500] "GET /portaldeninos/wp-content/themes/betheme/assets/ui/jquery.ui.all.css?ver=20.9.6 HTTP/1.1" 200 18765
200.118.61.99 - - [04/May/2022:12:05:34 -0500] "GET /portaldeninos/wp-includes/js/jquery/jquery-migrate.min.js?ver=1.4.1 HTTP/1.1" 200 10056
200.118.61.99 - - [04/May/2022:12:05:34 -0500] "GET /portaldeninos/wp-content/themes/betheme/css/layout.css?ver=20.9.6 HTTP/1.1" 200 116639
200.118.61.99 - - [04/May/2022:12:05:34 -0500] "GET /portaldeninos/wp-content/plugins/google-analytics-for-wordpress/assets/js/frontend-gtag.min.js?ver=8.5.0 HTTP/1.1" 200 11801
200.118.61.99 - - [04/May/2022:12:05:34 -0500] "GET /portaldeninos/wp-content/themes/betheme/css/shortcodes.css?ver=20.9.6 HTTP/1.1" 200 138889
200.118.61.99 - - [04/May/2022:12:05:34 -0500] "GET /portaldeninos/wp-includes/js/jquery/ui/core.min.js?ver=1.11.4 HTTP/1.1" 200 4000
200.118.61.99 - - [04/May/2022:12:05:34 -0500] "GET /portaldeninos/wp-content/themes/betheme/css/responsive.css?ver=20.9.6 HTTP/1.1" 200 55740
200.118.61.99 - - [04/May/2022:12:05:34 -0500] "GET /portaldeninos/wp-content/plugins/gallery-videos/JS/modernizr.custom.js?ver=4.9.8 HTTP/1.1" 200 9019
200.118.61.99 - - [04/May/2022:12:05:34 -0500] "GET /portaldeninos/wp-includes/js/jquery/ui/widget.min.js?ver=1.11.4 HTTP/1.1" 200 6908
200.118.61.99 - - [04/May/2022:12:05:34 -0500] "GET /portaldeninos/wp-includes/js/jquery/ui/mouse.min.js?ver=1.11.4 HTTP/1.1" 200 3148
200.118.61.99 - - [04/May/2022:12:05:34 -0500] "GET /portaldeninos/wp-includes/js/jquery/ui/accordion.min.js?ver=1.11.4 HTTP/1.1" 200 8584
200.118.61.99 - - [04/May/2022:12:05:34 -0500] "GET /portaldeninos/wp-content/plugins/gallery-videos/JS/Total-Soft-Gallery-Video-Widget.js?ver=4.9.8 HTTP/1.1" 200 80264
200.118.61.99 - - [04/May/2022:12:05:34 -0500] "GET /portaldeninos/wp-includes/js/jquery/jquery.js?ver=1.12.4 HTTP/1.1" 200 97184
200.118.61.99 - - [04/May/2022:12:05:34 -0500] "GET /portaldeninos/wp-includes/js/jquery/ui/tabs.min.js?ver=1.11.4 HTTP/1.1" 200 12110
200.118.61.99 - - [04/May/2022:12:05:34 -0500] "GET /portaldeninos/wp-content/themes/betheme/js/menu.js?ver=20.9.6 HTTP/1.1" 200 2449
200.118.61.99 - - [04/May/2022:12:05:34 -0500] "GET /portaldeninos/wp-includes/js/jquery/ui/sortable.min.js?ver=1.11.4 HTTP/1.1" 200 24899
200.118.61.99 - - [04/May/2022:12:05:34 -0500] "GET /portaldeninos/wp-content/themes/betheme/assets/animations/animations.min.js?ver=20.9.6 HTTP/1.1" 200 1896
200.118.61.99 - - [04/May/2022:12:05:34 -0500] "GET /portaldeninos/wp-includes/js/wp-embed.min.js?ver=4.9.8 HTTP/1.1" 200 1398
200.118.61.99 - - [04/May/2022:12:05:34 -0500] "GET /portaldeninos/wp-content/themes/betheme/images/box_shadow.png HTTP/1.1" 200 108
200.118.61.99 - - [04/May/2022:12:05:34 -0500] "GET /portaldeninos/wp-content/themes/betheme/js/plugins.js?ver=20.9.6 HTTP/1.1" 200 197151
200.118.61.99 - - [04/May/2022:12:05:34 -0500] "GET /portaldeninos/wp-includes/js/wp-emoji-release.min.js?ver=4.9.8 HTTP/1.1" 200 12026
200.118.61.99 - - [04/May/2022:12:05:34 -0500] "GET /portaldeninos/wp-content/themes/betheme/assets/jplayer/jplayer.min.js?ver=20.9.6 HTTP/1.1" 200 52702
200.118.61.99 - - [04/May/2022:12:05:34 -0500] "GET /portaldeninos/wp-content/themes/betheme/js/scripts.js?ver=20.9.6 HTTP/1.1" 200 77162
200.118.61.99 - - [04/May/2022:12:05:34 -0500] "GET /portaldeninos/wp-content/themes/betheme/fonts/mfn-icons.woff?93978679 HTTP/1.1" 200 80932
200.118.61.99 - - [04/May/2022:12:05:34 -0500] "GET /portaldeninos/wp-content/themes/betheme/fonts/mfn-icons.ttf?93978679 HTTP/1.1" 200 111369
172.22.2.4 - - [04/May/2022:12:05:43 -0500] "GET /BLA/boletinlegal/consulta_actos.php?tipo=resoluciones&no=&usuario=&sector=RESIDUOS&fecha=2022&resuelve= HTTP/1.1" 200 1153
186.31.12.246 - - [04/May/2022:12:05:47 -0500] "GET /kwssiamovil/sm/acme/a?s=U2FsdGVkX1+74Ami56lbdAfoz/XogxMrldckPks7Srdtk5F21MWhLVPXjd9aOzKUXmmOZ8CBlsXTmeKo+g8vJck6vQS3U6Kb6C5h/OkOApfrr+qj+olLUUjYW6V0y8X5rNf1z6eQULtOp2BiaRUI/vOl+tPwAtsia5AqwXeDrWDgO5lIYzNI8IoPq8w2PF215gmdQYWwJ+HoymE/sUobM6n8F5GAluuqEoiYH8j20FWygiGAzfDASAfitFyt+7ardM3LddigSmd8ykBTIE7RUQ==&u=U2FsdGVkX1+rcolpKFAiRYiYmn/GE3MupGi+gpx5U81x9SzMIWLZ76aKXEI2zooa&y=U2FsdGVkX18jUQL4HlHi2ohEsckuuFSCsMQ838dz2sDWgn/ogCFpU0p767pklBQ0 HTTP/1.1" 200 25
