!C99Shell v. 1.0 pre-release build #13!

Software: Apache. PHP/5.5.15 

uname -a: Windows NT SVR-DMZ 6.1 build 7600 (Windows Server 2008 R2 Enterprise Edition) i586 

SYSTEM 

Safe-mode: OFF (not secure)

E:\nuevo\apache\logs\   drwxrwxrwx
Free 8.02 GB of 239.26 GB (3.35%)
Detected drives: [ a ] [ c ] [ d ] [ e ] [ f ]
Home    Back    Forward    UPDIR    Refresh    Search    Buffer    Encoder    Tools    Proc.    FTP brute    Sec.    SQL    PHP-code    Update    Feedback    Self remove    Logout    


Viewing file:     access.2022.05.06.log (2.33 MB)      -rw-rw-rw-
Select action/file-type:
(+) | (+) | (+) | Code (+) | Session (+) | (+) | SDB (+) | (+) | (+) | (+) | (+) | (+) |
181.236.214.112 - - [06/May/2022:00:00:25 -0500] "GET /primer-festival-de-la-papa-nativa-en-el-jardin-botanico-conozca-pruebe-y-disfrute-estos-manjares-criollos-y-saludables.html HTTP/1.1" 200 1116
34.141.192.120 - - [06/May/2022:00:00:59 -0500] "GET / HTTP/1.1" 200 319
216.245.221.92 - - [06/May/2022:00:01:49 -0500] "HEAD / HTTP/1.1" 200 -
172.22.2.4 - - [06/May/2022:00:00:48 -0500] "HEAD /BLA/boletinlegal/ HTTP/1.1" 200 -
181.61.209.241 - - [06/May/2022:00:02:29 -0500] "GET /primer-festival-de-la-papa-nativa-en-el-jardin-botanico-conozca-pruebe-y-disfrute-estos-manjares-criollos-y-saludables.html HTTP/1.1" 200 1116
66.249.65.17 - - [06/May/2022:00:02:46 -0500] "-" 408 -
172.22.2.4 - - [06/May/2022:00:01:38 -0500] "GET /BLA/boletinlegal/ HTTP/1.1" 200 53739
173.252.83.17 - - [06/May/2022:00:06:02 -0500] "GET /images/mercados-campesinos-5-mayo.jpg HTTP/1.1" 200 95848
216.245.221.92 - - [06/May/2022:00:06:49 -0500] "HEAD / HTTP/1.1" 200 -
172.22.2.4 - - [06/May/2022:00:06:38 -0500] "HEAD /BLA/boletinlegal/ HTTP/1.1" 200 -
172.22.2.4 - - [06/May/2022:00:07:28 -0500] "GET /BLA/boletinlegal/ HTTP/1.1" 200 60932
216.245.221.92 - - [06/May/2022:00:11:49 -0500] "HEAD / HTTP/1.1" 200 -
172.22.2.4 - - [06/May/2022:00:12:46 -0500] "GET /BLA/boletinlegal/Directivas/2018/Directiva%20No.%2027%20del%2028%20de%20diciembre%20de%202018.pdf HTTP/1.1" 304 -
172.22.2.4 - - [06/May/2022:00:12:28 -0500] "HEAD /BLA/boletinlegal/ HTTP/1.1" 200 -
172.22.2.4 - - [06/May/2022:00:13:18 -0500] "GET /BLA/boletinlegal/ HTTP/1.1" 200 42982
152.61.128.50 - - [06/May/2022:00:15:06 -0500] "GET / HTTP/1.1" 200 319
216.245.221.92 - - [06/May/2022:00:16:49 -0500] "HEAD / HTTP/1.1" 200 -
66.220.149.118 - - [06/May/2022:00:17:57 -0500] "GET /primer-festival-de-la-papa-nativa-en-el-jardin-botanico-conozca-pruebe-y-disfrute-estos-manjares-criollos-y-saludables.html HTTP/1.1" 206 1116
152.61.192.232 - - [06/May/2022:00:18:10 -0500] "GET / HTTP/1.1" 200 319
66.249.65.13 - - [06/May/2022:00:19:20 -0500] "-" 408 -
172.22.2.4 - - [06/May/2022:00:18:18 -0500] "HEAD /BLA/boletinlegal/ HTTP/1.1" 200 -
172.22.2.4 - - [06/May/2022:00:19:08 -0500] "GET /BLA/boletinlegal/ HTTP/1.1" 200 57542
216.245.221.92 - - [06/May/2022:00:21:49 -0500] "HEAD / HTTP/1.1" 200 -
191.156.228.151 - - [06/May/2022:00:22:55 -0500] "-" 408 -
201.245.192.253 - - [06/May/2022:00:22:28 -0500] "POST /kwsrmcab/Wsrmcab HTTP/1.1" 200 44670
201.245.192.253 - - [06/May/2022:00:23:15 -0500] "POST /kwsrmcab/Wsrmcab HTTP/1.1" 200 43145
172.22.2.4 - - [06/May/2022:00:24:08 -0500] "HEAD /BLA/boletinlegal/ HTTP/1.1" 200 -
173.252.127.120 - - [06/May/2022:00:26:23 -0500] "GET /primer-festival-de-la-papa-nativa-en-el-jardin-botanico-conozca-pruebe-y-disfrute-estos-manjares-criollos-y-saludables.html?fbclid=IwAR34bc6oq9AxzcMJxX5DeRWLXIdKsRg4vLWkrGF2ifmlzO8ITElq6yamT2M HTTP/1.1" 200 1116
172.22.2.4 - - [06/May/2022:00:24:58 -0500] "GET /BLA/boletinlegal/ HTTP/1.1" 200 60932
216.245.221.92 - - [06/May/2022:00:26:49 -0500] "HEAD / HTTP/1.1" 200 -
66.249.65.13 - - [06/May/2022:00:27:25 -0500] "-" 408 -
198.199.94.57 - - [06/May/2022:00:29:15 -0500] "GET / HTTP/1.1" 200 319
94.102.61.10 - - [06/May/2022:00:31:10 -0500] "GET / HTTP/1.1" 200 319
172.22.2.4 - - [06/May/2022:00:29:58 -0500] "HEAD /BLA/boletinlegal/ HTTP/1.1" 200 -
207.46.13.22 - - [06/May/2022:00:31:47 -0500] "GET /BLA/resoluciones/AUTOS%202021/5413.pdf HTTP/1.1" 304 -
216.245.221.92 - - [06/May/2022:00:31:49 -0500] "HEAD / HTTP/1.1" 200 -
172.22.2.4 - - [06/May/2022:00:30:48 -0500] "GET /BLA/boletinlegal/ HTTP/1.1" 200 60932
201.245.192.253 - - [06/May/2022:00:32:27 -0500] "POST /kwsrmcab/Wsrmcab HTTP/1.1" 200 44670
213.226.123.30 - - [06/May/2022:00:33:45 -0500] "GET / HTTP/1.1" 200 319
201.245.192.253 - - [06/May/2022:00:33:19 -0500] "POST /kwsrmcab/Wsrmcab HTTP/1.1" 200 43145
191.156.54.186 - - [06/May/2022:00:34:56 -0500] "GET /primer-festival-de-la-papa-nativa-en-el-jardin-botanico-conozca-pruebe-y-disfrute-estos-manjares-criollos-y-saludables.html?fbclid=IwAR0KAUV9fmFke_XPMqSzanKWVYX7-VT-GQvwsBUjXR3bPyD-U1uZLoB5D1Q HTTP/1.1" 200 1116
216.245.221.92 - - [06/May/2022:00:36:49 -0500] "HEAD / HTTP/1.1" 200 -
172.22.2.4 - - [06/May/2022:00:35:48 -0500] "HEAD /BLA/boletinlegal/ HTTP/1.1" 200 -
172.22.2.4 - - [06/May/2022:00:36:38 -0500] "GET /BLA/boletinlegal/ HTTP/1.1" 200 60932
216.245.221.92 - - [06/May/2022:00:41:49 -0500] "HEAD / HTTP/1.1" 200 -
172.22.2.4 - - [06/May/2022:00:43:03 -0500] "GET /BLA/boletinlegal/actos.php HTTP/1.1" 200 9559
201.245.192.253 - - [06/May/2022:00:42:27 -0500] "POST /kwsrmcab/Wsrmcab HTTP/1.1" 200 44670
172.22.2.4 - - [06/May/2022:00:41:38 -0500] "HEAD /BLA/boletinlegal/ HTTP/1.1" 200 -
172.22.2.4 - - [06/May/2022:00:43:21 -0500] "GET /BLA/boletinlegal/consulta_actos.php?tipo=resoluciones&no=&usuario=&sector=PEV&fecha=2022&resuelve=REVOCATORIA HTTP/1.1" 200 626
172.22.2.4 - - [06/May/2022:00:43:24 -0500] "GET /BLA/boletinlegal/jurisprudencia/analisis/AnalisisT-606-15.docx HTTP/1.1" 200 26698
172.22.2.4 - - [06/May/2022:00:43:25 -0500] "GET /BLA/boletinlegal/apple-touch-icon-120x120-precomposed.png HTTP/1.1" 404 1140
172.22.2.4 - - [06/May/2022:00:43:25 -0500] "GET /BLA/boletinlegal/apple-touch-icon-120x120.png HTTP/1.1" 404 1140
172.22.2.4 - - [06/May/2022:00:43:25 -0500] "GET /BLA/boletinlegal/apple-touch-icon-precomposed.png HTTP/1.1" 404 1140
172.22.2.4 - - [06/May/2022:00:43:25 -0500] "GET /BLA/boletinlegal/apple-touch-icon.png HTTP/1.1" 404 1140
172.22.2.4 - - [06/May/2022:00:43:25 -0500] "GET /BLA/boletinlegal/favicon.ico HTTP/1.1" 404 1140
172.22.2.4 - - [06/May/2022:00:43:25 -0500] "GET /BLA/boletinlegal/apple-touch-icon-120x120-precomposed.png HTTP/1.1" 404 1140
172.22.2.4 - - [06/May/2022:00:43:25 -0500] "GET /BLA/boletinlegal/apple-touch-icon-120x120.png HTTP/1.1" 404 1140
172.22.2.4 - - [06/May/2022:00:43:25 -0500] "GET /BLA/boletinlegal/apple-touch-icon-precomposed.png HTTP/1.1" 404 1140
172.22.2.4 - - [06/May/2022:00:43:25 -0500] "GET /BLA/boletinlegal/apple-touch-icon.png HTTP/1.1" 404 1140
172.22.2.4 - - [06/May/2022:00:43:25 -0500] "GET /BLA/boletinlegal/favicon.ico HTTP/1.1" 404 1140
172.22.2.4 - - [06/May/2022:00:43:26 -0500] "GET /BLA/boletinlegal/consulta_actos.php?tipo=resoluciones&no=&usuario=&sector=PEV&fecha=2021&resuelve=REVOCATORIA HTTP/1.1" 200 4767
47.197.199.13 - - [06/May/2022:00:43:30 -0500] "GET /primer-festival-de-la-papa-nativa-en-el-jardin-botanico-conozca-pruebe-y-disfrute-estos-manjares-criollos-y-saludables.html?fbclid=IwAR0tIIXCGb54OV_DenCIquvv_lQS_DYA5Yb73JPIL4J3Wz2dIEvtzH1ndCE HTTP/1.1" 200 1116
186.99.240.214 - - [06/May/2022:00:43:38 -0500] "GET /BLA/resoluciones/RESOLUCIONES%202021/0387.pdf HTTP/1.1" 200 486983
201.245.192.253 - - [06/May/2022:00:43:16 -0500] "POST /kwsrmcab/Wsrmcab HTTP/1.1" 200 43145
172.22.2.4 - - [06/May/2022:00:42:28 -0500] "GET /BLA/boletinlegal/ HTTP/1.1" 200 58588
172.22.2.4 - - [06/May/2022:00:44:55 -0500] "GET /BLA/boletinlegal/consulta_actos.php?tipo=resoluciones&no=&usuario=&sector=PEV&fecha=2020&resuelve=REVOCATORIA HTTP/1.1" 200 626
172.22.2.4 - - [06/May/2022:00:44:59 -0500] "GET /BLA/boletinlegal/consulta_actos.php?tipo=resoluciones&no=&usuario=&sector=PEV&fecha=2019&resuelve=REVOCATORIA HTTP/1.1" 200 16719
186.99.240.214 - - [06/May/2022:00:45:30 -0500] "GET /BLA/resoluciones/RESOLUCIONES%202019/1754.pdf HTTP/1.1" 200 330655
172.22.2.4 - - [06/May/2022:00:44:54 -0500] "GET /BLA/boletinlegal/ HTTP/1.1" 200 24523
172.22.2.4 - - [06/May/2022:00:46:11 -0500] "GET /BLA/boletinlegal/jurisprudencia/analisis/AnalisisT-606-15.docx HTTP/1.1" 200 26698
172.22.2.4 - - [06/May/2022:00:46:11 -0500] "GET /BLA/boletinlegal/apple-touch-icon-120x120-precomposed.png HTTP/1.1" 404 1140
172.22.2.4 - - [06/May/2022:00:46:11 -0500] "GET /BLA/boletinlegal/apple-touch-icon-120x120.png HTTP/1.1" 404 1140
172.22.2.4 - - [06/May/2022:00:46:11 -0500] "GET /BLA/boletinlegal/apple-touch-icon-precomposed.png HTTP/1.1" 404 1140
172.22.2.4 - - [06/May/2022:00:46:11 -0500] "GET /BLA/boletinlegal/apple-touch-icon.png HTTP/1.1" 404 1140
172.22.2.4 - - [06/May/2022:00:46:12 -0500] "GET /BLA/boletinlegal/favicon.ico HTTP/1.1" 404 1140
172.22.2.4 - - [06/May/2022:00:46:12 -0500] "GET /BLA/boletinlegal/apple-touch-icon-120x120-precomposed.png HTTP/1.1" 404 1140
172.22.2.4 - - [06/May/2022:00:46:12 -0500] "GET /BLA/boletinlegal/apple-touch-icon-120x120.png HTTP/1.1" 404 1140
172.22.2.4 - - [06/May/2022:00:46:12 -0500] "GET /BLA/boletinlegal/apple-touch-icon-precomposed.png HTTP/1.1" 404 1140
172.22.2.4 - - [06/May/2022:00:46:12 -0500] "GET /BLA/boletinlegal/apple-touch-icon.png HTTP/1.1" 404 1140
172.22.2.4 - - [06/May/2022:00:46:12 -0500] "GET /BLA/boletinlegal/favicon.ico HTTP/1.1" 404 1140
216.245.221.92 - - [06/May/2022:00:46:49 -0500] "HEAD / HTTP/1.1" 200 -
186.99.240.214 - - [06/May/2022:00:47:19 -0500] "GET /BLA/resoluciones/RESOLUCIONES%202019/0028.pdf HTTP/1.1" 200 327392
66.249.73.153 - - [06/May/2022:00:48:17 -0500] "-" 408 -
201.244.236.230 - - [06/May/2022:00:48:21 -0500] "GET /primer-festival-de-la-papa-nativa-en-el-jardin-botanico-conozca-pruebe-y-disfrute-estos-manjares-criollos-y-saludables.html HTTP/1.1" 200 1116
201.244.236.230 - - [06/May/2022:00:48:28 -0500] "GET /images/mercados-campesinos-5-mayo.jpg HTTP/1.1" 200 95848
181.53.210.244 - - [06/May/2022:00:48:47 -0500] "GET /portaldeninos/wp-content/themes/betheme/style.css?ver=20.9.6 HTTP/1.1" 200 287
181.53.210.244 - - [06/May/2022:00:48:47 -0500] "GET /portaldeninos/wp-content/uploads/useanyfont/uaf.css?ver=1589905315 HTTP/1.1" 200 408
181.53.210.244 - - [06/May/2022:00:48:47 -0500] "GET /portaldeninos/wp-content/plugins/gallery-videos/CSS/totalsoft.css?ver=4.9.8 HTTP/1.1" 200 40622
181.53.210.244 - - [06/May/2022:00:48:47 -0500] "GET /portaldeninos/wp-content/plugins/gallery-videos/CSS/Total-Soft-Gallery-Video-Widget.css?ver=4.9.8 HTTP/1.1" 200 51554
181.53.210.244 - - [06/May/2022:00:48:47 -0500] "GET /portaldeninos/wp-content/themes/betheme/css/base.css?ver=20.9.6 HTTP/1.1" 200 57283
181.53.210.244 - - [06/May/2022:00:48:47 -0500] "GET /portaldeninos/wp-content/themes/betheme/assets/jplayer/css/jplayer.blue.monday.css?ver=20.9.6 HTTP/1.1" 200 9834
181.53.210.244 - - [06/May/2022:00:48:47 -0500] "GET /portaldeninos/wp-content/themes/betheme/assets/ui/jquery.ui.all.css?ver=20.9.6 HTTP/1.1" 200 18765
181.53.210.244 - - [06/May/2022:00:48:47 -0500] "GET /portaldeninos/wp-content/themes/betheme/assets/animations/animations.min.css?ver=20.9.6 HTTP/1.1" 200 58508
181.53.210.244 - - [06/May/2022:00:48:47 -0500] "GET /portaldeninos/wp-includes/js/jquery/jquery-migrate.min.js?ver=1.4.1 HTTP/1.1" 200 10056
181.53.210.244 - - [06/May/2022:00:48:47 -0500] "GET /portaldeninos/wp-includes/js/jquery/ui/core.min.js?ver=1.11.4 HTTP/1.1" 200 4000
181.53.210.244 - - [06/May/2022:00:48:47 -0500] "GET /portaldeninos/wp-content/plugins/gallery-videos/JS/modernizr.custom.js?ver=4.9.8 HTTP/1.1" 200 9019
181.53.210.244 - - [06/May/2022:00:48:47 -0500] "GET /portaldeninos/wp-content/themes/betheme/css/responsive.css?ver=20.9.6 HTTP/1.1" 200 55740
181.53.210.244 - - [06/May/2022:00:48:47 -0500] "GET /portaldeninos/wp-content/themes/betheme/css/shortcodes.css?ver=20.9.6 HTTP/1.1" 200 138889
181.53.210.244 - - [06/May/2022:00:48:47 -0500] "GET /portaldeninos/wp-includes/js/jquery/ui/widget.min.js?ver=1.11.4 HTTP/1.1" 200 6908
181.53.210.244 - - [06/May/2022:00:48:47 -0500] "GET /portaldeninos/wp-includes/js/jquery/ui/mouse.min.js?ver=1.11.4 HTTP/1.1" 200 3148
181.53.210.244 - - [06/May/2022:00:48:47 -0500] "GET /portaldeninos/wp-includes/js/jquery/ui/accordion.min.js?ver=1.11.4 HTTP/1.1" 200 8584
181.53.210.244 - - [06/May/2022:00:48:47 -0500] "GET /portaldeninos/wp-includes/js/jquery/jquery.js?ver=1.12.4 HTTP/1.1" 200 97184
181.53.210.244 - - [06/May/2022:00:48:47 -0500] "GET /portaldeninos/wp-content/plugins/gallery-videos/JS/Total-Soft-Gallery-Video-Widget.js?ver=4.9.8 HTTP/1.1" 200 80264
181.53.210.244 - - [06/May/2022:00:48:47 -0500] "GET /portaldeninos/wp-includes/js/jquery/ui/tabs.min.js?ver=1.11.4 HTTP/1.1" 200 12110
181.53.210.244 - - [06/May/2022:00:48:47 -0500] "GET /portaldeninos/wp-includes/js/jquery/ui/sortable.min.js?ver=1.11.4 HTTP/1.1" 200 24899
181.53.210.244 - - [06/May/2022:00:48:47 -0500] "GET /portaldeninos/wp-content/themes/betheme/js/menu.js?ver=20.9.6 HTTP/1.1" 200 2449
181.53.210.244 - - [06/May/2022:00:48:47 -0500] "GET /portaldeninos/wp-content/themes/betheme/assets/animations/animations.min.js?ver=20.9.6 HTTP/1.1" 200 1896
181.53.210.244 - - [06/May/2022:00:48:47 -0500] "GET /portaldeninos/wp-includes/js/wp-embed.min.js?ver=4.9.8 HTTP/1.1" 200 1398
181.53.210.244 - - [06/May/2022:00:48:47 -0500] "GET /portaldeninos/wp-content/themes/betheme/css/layout.css?ver=20.9.6 HTTP/1.1" 200 116639
181.53.210.244 - - [06/May/2022:00:48:47 -0500] "GET /portaldeninos/wp-content/themes/betheme/js/scripts.js?ver=20.9.6 HTTP/1.1" 200 77162
181.53.210.244 - - [06/May/2022:00:48:47 -0500] "GET /portaldeninos/wp-content/themes/betheme/assets/jplayer/jplayer.min.js?ver=20.9.6 HTTP/1.1" 200 52702
181.53.210.244 - - [06/May/2022:00:48:47 -0500] "GET /portaldeninos/wp-content/themes/betheme/js/plugins.js?ver=20.9.6 HTTP/1.1" 200 197151
181.53.210.244 - - [06/May/2022:00:48:48 -0500] "GET /portaldeninos/wp-content/themes/betheme/images/box_shadow.png HTTP/1.1" 200 108
181.53.210.244 - - [06/May/2022:00:48:48 -0500] "GET /portaldeninos/wp-includes/js/wp-emoji-release.min.js?ver=4.9.8 HTTP/1.1" 200 12026
181.53.210.244 - - [06/May/2022:00:48:48 -0500] "GET /portaldeninos/wp-content/themes/betheme/fonts/mfn-icons.woff?93978679 HTTP/1.1" 200 80932
181.53.210.244 - - [06/May/2022:00:48:48 -0500] "GET /portaldeninos/wp-content/themes/betheme/fonts/mfn-icons.ttf?93978679 HTTP/1.1" 200 105529
40.77.167.100 - - [06/May/2022:00:49:00 -0500] "-" 408 -
172.22.2.4 - - [06/May/2022:00:47:28 -0500] "HEAD /BLA/boletinlegal/ HTTP/1.1" 200 -
172.22.2.4 - - [06/May/2022:00:48:18 -0500] "GET /BLA/boletinlegal/ HTTP/1.1" 200 60932
173.252.107.8 - - [06/May/2022:00:51:00 -0500] "GET /images/mercados-campesinos-5-mayo.jpg HTTP/1.1" 200 95848
216.245.221.92 - - [06/May/2022:00:51:49 -0500] "HEAD / HTTP/1.1" 200 -
172.22.2.4 - - [06/May/2022:00:52:19 -0500] "GET /BLA/boletinlegal/robots.txt HTTP/1.1" 404 1038
172.22.2.4 - - [06/May/2022:00:54:00 -0500] "GET /BLA/boletinlegal/consulta_actos.php?tipo=resoluciones&no=&usuario=&sector=PEV&fecha=2019&resuelve=REVOCATORIA HTTP/1.1" 200 16719
172.22.2.4 - - [06/May/2022:00:54:04 -0500] "GET /BLA/boletinlegal/consulta_actos.php?tipo=resoluciones&no=&usuario=&sector=PEV&fecha=2020&resuelve=REVOCATORIA HTTP/1.1" 200 626
172.22.2.4 - - [06/May/2022:00:54:10 -0500] "GET /BLA/boletinlegal/consulta_actos.php?tipo=resoluciones&no=&usuario=&sector=PEV&fecha=2020&resuelve=REVOCA HTTP/1.1" 200 2410
172.22.2.4 - - [06/May/2022:00:52:31 -0500] "GET /BLA/boletinlegal/ HTTP/1.1" 200 58006
172.22.2.4 - - [06/May/2022:00:54:17 -0500] "GET /BLA/boletinlegal/consulta_actos.php?tipo=resoluciones&no=&usuario=&sector=PEV&fecha=2020&resuelve=REVOCATORIA HTTP/1.1" 200 626
172.22.2.4 - - [06/May/2022:00:54:21 -0500] "GET /BLA/boletinlegal/consulta_actos.php?tipo=resoluciones&no=&usuario=&sector=PEV&fecha=2021&resuelve=REVOCATORIA HTTP/1.1" 200 4767
172.22.2.4 - - [06/May/2022:00:54:24 -0500] "GET /BLA/boletinlegal/consulta_actos.php?tipo=resoluciones&no=&usuario=&sector=PEV&fecha=2022&resuelve=REVOCATORIA HTTP/1.1" 200 626
172.22.2.4 - - [06/May/2022:00:54:27 -0500] "GET /BLA/boletinlegal/consulta_actos.php?tipo=resoluciones&no=&usuario=&sector=PEV&fecha=2021&resuelve=REVOCATORIA HTTP/1.1" 200 4767
186.99.240.214 - - [06/May/2022:00:54:47 -0500] "GET /BLA/resoluciones/RESOLUCIONES%202021/0233.pdf HTTP/1.1" 200 792886
172.22.2.4 - - [06/May/2022:00:53:18 -0500] "HEAD /BLA/boletinlegal/ HTTP/1.1" 200 -
186.80.52.46 - - [06/May/2022:00:55:12 -0500] "GET /primer-festival-de-la-papa-nativa-en-el-jardin-botanico-conozca-pruebe-y-disfrute-estos-manjares-criollos-y-saludables.html HTTP/1.1" 200 1116
186.99.240.214 - - [06/May/2022:00:55:29 -0500] "GET /BLA/resoluciones/RESOLUCIONES%202021/0263.pdf HTTP/1.1" 200 372842
172.22.2.4 - - [06/May/2022:00:54:08 -0500] "GET /BLA/boletinlegal/ HTTP/1.1" 200 58588
172.22.2.4 - - [06/May/2022:00:55:58 -0500] "GET /BLA/boletinlegal/jurisprudencia/analisis/G__Jurisp.%20Junio%202014_Sent%20Tutela%20Drumond.docx HTTP/1.1" 200 25380
216.245.221.92 - - [06/May/2022:00:56:49 -0500] "HEAD / HTTP/1.1" 200 -
191.95.1.194 - - [06/May/2022:00:57:01 -0500] "GET /primer-festival-de-la-papa-nativa-en-el-jardin-botanico-conozca-pruebe-y-disfrute-estos-manjares-criollos-y-saludables.html HTTP/1.1" 200 1116
66.249.65.15 - - [06/May/2022:00:57:52 -0500] "-" 408 -
172.22.2.4 - - [06/May/2022:00:59:44 -0500] "GET /BLA/boletinlegal/webfig/ HTTP/1.1" 404 1018
172.22.2.4 - - [06/May/2022:00:59:59 -0500] "GET /BLA/boletinlegal/actas/463597.pdf HTTP/1.1" 200 250044
69.63.184.117 - - [06/May/2022:01:00:10 -0500] "GET /mas-de-30-tinguas-fueron-liberadas-en-la-semana-de-los-humedales.html HTTP/1.1" 206 950
172.22.2.4 - - [06/May/2022:00:59:23 -0500] "GET /BLA/boletinlegal/ HTTP/1.1" 200 24523
172.22.2.4 - - [06/May/2022:00:59:08 -0500] "HEAD /BLA/boletinlegal/ HTTP/1.1" 200 -
89.248.174.144 - - [06/May/2022:01:00:58 -0500] "GET / HTTP/1.1" 200 319
172.22.2.4 - - [06/May/2022:00:59:58 -0500] "GET /BLA/boletinlegal/ HTTP/1.1" 200 53739
216.245.221.92 - - [06/May/2022:01:01:49 -0500] "HEAD / HTTP/1.1" 200 -
66.249.65.15 - - [06/May/2022:01:03:37 -0500] "-" 408 -
152.61.128.50 - - [06/May/2022:01:06:01 -0500] "GET /arcgis/services/Calidad_del_Agua_WQI/MapServer/WMSServer?request=GetCapabilities&service=WMS HTTP/1.1" 503 1020
152.61.128.50 - - [06/May/2022:01:06:02 -0500] "GET /arcgis/services/Calidad_del_Agua_WQI/MapServer/WMSServer?SERVICE=WMS&REQUEST=GetCapabilities HTTP/1.1" 503 1020
152.61.128.50 - - [06/May/2022:01:06:02 -0500] "GET /arcgis/services/Calidad_del_Agua_WQI/MapServer/WMSServer?WMTVER=1.0.0&REQUEST=capabilities HTTP/1.1" 503 1020
172.22.2.4 - - [06/May/2022:01:04:58 -0500] "HEAD /BLA/boletinlegal/ HTTP/1.1" 200 -
216.245.221.92 - - [06/May/2022:01:06:49 -0500] "HEAD / HTTP/1.1" 200 -
172.22.2.4 - - [06/May/2022:01:05:48 -0500] "GET /BLA/boletinlegal/ HTTP/1.1" 200 55877
207.46.13.64 - - [06/May/2022:01:08:14 -0500] "GET /caminos-de-los-cerros-habilitados-en-esta-semana-santa-2022.html HTTP/1.1" 200 832
66.249.65.13 - - [06/May/2022:01:09:22 -0500] "-" 408 -
216.245.221.92 - - [06/May/2022:01:11:49 -0500] "HEAD / HTTP/1.1" 200 -
172.22.2.4 - - [06/May/2022:01:10:48 -0500] "HEAD /BLA/boletinlegal/ HTTP/1.1" 200 -
191.156.156.119 - - [06/May/2022:01:12:42 -0500] "GET /primer-festival-de-la-papa-nativa-en-el-jardin-botanico-conozca-pruebe-y-disfrute-estos-manjares-criollos-y-saludables.html HTTP/1.1" 200 1116
172.22.2.4 - - [06/May/2022:01:11:38 -0500] "GET /BLA/boletinlegal/ HTTP/1.1" 200 58588
216.245.221.92 - - [06/May/2022:01:16:49 -0500] "HEAD / HTTP/1.1" 200 -
194.87.71.18 - - [06/May/2022:01:17:17 -0500] "GET / HTTP/1.1" 200 319
186.31.12.246 - - [06/May/2022:01:18:04 -0500] "OPTIONS /kwssiamovil/sm/setfile/f? HTTP/1.1" 200 13
186.31.12.246 - - [06/May/2022:01:18:05 -0500] "POST /kwssiamovil/sm/setfile/f? HTTP/1.1" 200 381
186.31.12.246 - - [06/May/2022:01:18:09 -0500] "OPTIONS /kwssiamovil/sm/setfile/f? HTTP/1.1" 200 13
186.31.12.246 - - [06/May/2022:01:18:09 -0500] "POST /kwssiamovil/sm/setfile/f? HTTP/1.1" 200 381
172.22.2.4 - - [06/May/2022:01:16:38 -0500] "HEAD /BLA/boletinlegal/ HTTP/1.1" 200 -
186.31.12.246 - - [06/May/2022:01:18:24 -0500] "GET /kwssiamovil/sm/acme/a?s=U2FsdGVkX190uOibsAI64O3vhn35dvwMrWJ+MX0zTldFBFJ4wdyhh01102WkLzS750QkbFQ1f2Ro7e+B87DVNoaTufVh1UMqhPLk2f314VZtLvnHiyAbIETxdaaWV0f5odoCg9DEw3Hvx5ODGnXEI+lHcgj3pm/MFmqFTJ0RP6Ne6WH0Y1mr+NhoDFq5ynmpNCiZIAfaFmJi1ed3Q3mMy+haKaNt18xl/7Mcf4gEuLDquKKljI0nFCQvtLzUVHcfd0Cbly1APHQEqn/Crk6iiw==&u=U2FsdGVkX18X/d80BBL9MRc+DreSzATjROGAV/q/nm8m29MQTM6THHn/Kp3XSPao&y=U2FsdGVkX1+QBY1mx9yumtBGb2IM3tzP3eQmcm1cTarbfN+Lk/B1T1ujEiGnOlEx HTTP/1.1" 200 25
186.31.12.246 - - [06/May/2022:01:18:24 -0500] "GET /kwssiamovil/sm/acme/a?s=U2FsdGVkX18rk4WQIimOXW5ixFORHLg5tH2gRff7TgQzGOpAdGl67nFnK3fsKC4oYOSwxJxqIuIOYaLwmQfmExYU+Ru2fzUaZIZbNmF0bhHh5elXELSSOuAqnGSv08iZuxh2Vq3zA7ugK5KtBWGb2ZiQzrQ9ga3AC4IIYIaiKf4e4rdrD85ReuCSMolYAl2ixgPbhIP6SaiQBibSFXza6QUnndKK8Dtaj2PeMN2ljYj5F9ZtWK3rGzgyFvUJ/buCzTqlssFXUWeYaFI5GYmDW8KHIf9DXRYkJDn6eMopLH+v+njHwk2tjBZgTlOKXq9zwE46OFULTVTlNQ3buS4Sjj1216iUVqj1u3K5oreTx/si5iFZALXOsHGJHwgVnVbz0PsLQ/FliQ71VDCbiEjOppjrspv2/he/SkXkw/9N8FpPgrcKB04kzTTgA/gxFAqocnNSI7vAFGEi7375Re0ACTzUNegmgO8w8BUGXnvbv7q23V7WmgQFNwh00tfk4gGsGaGtiCeWXowzvcCukMIYjBC4SZicuW0N7ohYddOeDgP6Lodn5Y+PyaVoeZWT2IpOBtF2Z8RTxH2NmsuvM//elp8omOvJ/Nnlzpwm8K1Vjmb9JiexqWr/gdBR7j2W4LONNT34FpnCuAm5Uu7K+8EK7hIrB1MferSHByoWCu8GgaI7iKKSlK2RIQDzgnHGsy+eg5peGBqnM1vutV1J1NSK8DpX76+6wvLs+5tV/CPRVak2BBZzOQcULJyOKmWbEYiXYpHY1+lvN8fj5b3ilbQL3hbJDJZIB8e1xbz6fZ3eEYfAlqRjclO7ajTz7oERa14rVOUnF3DDUTvuYCcgDIwk0FE+8LarYMYCtOuTOynTp6xBSIDvCSZYd26H4GqSADXYPN9+3jf+bai0TlZcJTOqN76fTJtq9g5ytauxNZYNuLrkRKV2ZrCaYZ+GXMIu9j7ld4qbWBOiYxzg152DdU+60d8yCDca/WS9m0V2VkCA5YQFEunX3qKIqR0XTxv3pqI/F5BGLEjUkKN/cmR0v6mKPyho/OqTeZtEluZFPDBesEO2fhv+Bz3GAwqh0Jo44U3E9NAElFZNCmSiKtoOY5VIihRrnr/aTZrszWiXEk5e51UPvMSmPgHnjgzmvmM/zy0jLL7D9X9PifPH0KptcRSmnoEUBOH/tXCqP32PN0De1Y09gyJHFVCGWjr0ZgkjIpGK5AbAAgaRzPAV5t6r/ujbq/ybgwtnt+1TjroOcb4HeBm2wgiSyG5LTONl04oq7r9mx7rxV0rA/k7YTeVcM1IPosfrYrUeTFfRw5QSQtvcU3Ay3DUGE4+GS6sRVrvhd6CyPUqn4RukZcJay3smHu8NiJNd2bWF+n6bIwP5g3YsHup38/XowHDXjqyhEEkuJyTS/quQ6qCvx88dog15WaOQmJDmKb5WXLb1lsY7G9lZN3g1bHHq5xddxdi6qJo8M01IpTBeywDFLJnValI8voDl4bn3walR7ktE7qNYI9ZVe99HBU/ZfWBmJ7HiuBdfpAaRTfR43mwOOkXI01CYPRPfOtn+iNaAVkCHw6AZPoiBjQRLOQPJiH2q9cgiG/cW6UeJWR7zl0Z9JjApK1BNiATqYTqAnLxmM/g8T0BnudwsbM5IXeYDheUGZmzTWxYubgdgdGox9Gtgk4TCpR7KWa2M51P2UA2s0tAeyoCFwdndl7lAv666oC+KfRtTVYxzdycjfR0jCdloQNUhRwZuarxULDGSpwjUzpyvqrggHt0hI/FNOITmqBnl/1OkbP2sdJEVhmDqAJAUV0gjjz+XSWdr2hCkcRGlmjJDkGlTij7oxY/ZMDe93TwwsxS8gYVZl94ufGc4POsKbIo3WguA3kdBFbOIQu9z77zSO4XZHaJUK/4dc4m/zZK3VuqwDvHOJvEp9ubeGbeGbdtkQWkmTpZYoQqKKlW2/YuLkg26X7sHmhxyb02XNaoj4XJ2S49dGgBncf7JYoIfCNTmL/ogzI9yKZJGGTOYV+YJf0Ocr5J7ngpqKwNsHjQ9evHw0HfBrgJYjNwrsVqKAVuxQEQlLVg4QisKiXJ4FmhA/YPwBHgvyxOhO84vBkNDJwWhJ9mABC6t2AEm9kloHLa2TA353FJ/zwlZa4h1FxKqdtySyrlw3aurw1VOVIv3iQW/luDyhAE+EebSxnUBXtIRFwD4ROwjPMniSxBO3NVYtxnFOdz+fVkdZVji18E/xn6cQ90h+kR0JzJt1AfDYlW8QHVAx5iTryWqiKMwBxdeFobfoYdNvwNsc8tcl1DFxMa29dFOVVa2wL7rdQehLhHrShPvWqp7Vr3Vu8hdHyQ6akf5jao25Si0gYMSYVt6LrexCDQrehE6x0OG6GVB90qWB9sYaV056B/A5pzLFyggY6AQb9Lk4ABZ8BFqoX5lsFzsRUUbh+3yLRH1lbGHreKH1WOgaHRCZLZE4wJm0n3EAfgr+xuiARw=&u=U2FsdGVkX18X/d80BBL9MRc+DreSzATjROGAV/q/nm8m29MQTM6THHn/Kp3XSPao&y=U2FsdGVkX1+QBY1mx9yumtBGb2IM3tzP3eQmcm1cTarbfN+Lk/B1T1ujEiGnOlEx HTTP/1.1" 200 25
186.31.12.246 - - [06/May/2022:01:18:24 -0500] "GET /kwssiamovil/sm/acme/a?s=U2FsdGVkX1/J3mSk21I7M8m5AIHBPdY+GjCzXzDIfhCMzBlvEoAJs7KvCKdw6XGFN3YVHYXZz94sEKdwkr+TnLwcKsd3xCingVg33qaJYQf5TAc5F/1j/8twq0XcboyAxNvgaynYg/rutCzCr9lvdm5Jyq2qHRPPZy9fSZJUwyw=&u=U2FsdGVkX18X/d80BBL9MRc+DreSzATjROGAV/q/nm8m29MQTM6THHn/Kp3XSPao&y=U2FsdGVkX1+QBY1mx9yumtBGb2IM3tzP3eQmcm1cTarbfN+Lk/B1T1ujEiGnOlEx HTTP/1.1" 200 25
186.31.12.246 - - [06/May/2022:01:18:25 -0500] "GET /kwssiamovil/sm/acme/a?s=U2FsdGVkX19O1o2wxeV9qZwOfGTZAg1KXjT2XDM1QlSCoIfNXyfc3oEXla0NX+GetkTn4mRyFF43KgJie6k9s9OmrOl+adiX0Eo0d3eomCSxlXXXk5sOxgoqVrrCYtQTn+rPEU3spvA+GisyZGcGZwks8bMTbk6pFRICKNgebQ8=&u=U2FsdGVkX18X/d80BBL9MRc+DreSzATjROGAV/q/nm8m29MQTM6THHn/Kp3XSPao&y=U2FsdGVkX1+QBY1mx9yumtBGb2IM3tzP3eQmcm1cTarbfN+Lk/B1T1ujEiGnOlEx HTTP/1.1" 200 25
186.31.12.246 - - [06/May/2022:01:18:25 -0500] "GET /kwssiamovil/sm/acme/a?s=U2FsdGVkX1+AtyDb/aH0F7wiMmOz0dabxTjt3i9SSLgymdAJVjAAIoSZbmQosCAlR8paKSLEx+bZNqzjERVp8HgQaHzGEXQ1C+ileHiWmhTsvrQxuju2Z2ymPeesFzljrIhBqr52rjOQXu9OrtfTSn2l1Lo5v6NjD3Iop+D8aw4=&u=U2FsdGVkX18X/d80BBL9MRc+DreSzATjROGAV/q/nm8m29MQTM6THHn/Kp3XSPao&y=U2FsdGVkX1+QBY1mx9yumtBGb2IM3tzP3eQmcm1cTarbfN+Lk/B1T1ujEiGnOlEx HTTP/1.1" 200 25
186.31.12.246 - - [06/May/2022:01:18:25 -0500] "GET /kwssiamovil/sm/acme/a?s=U2FsdGVkX18w2iSLxUN5mRzqIXAM2N6Ebxk6/h8T2RcV7j7LvOaAiHnfXCsW7zADu6GLy+x5IxW+vh+guhheSOyaBTcE5i7MPqOQDv3Pna6xTRES4KGUrmYL715tpfPY07hj/NjIAuc63p5HorbQrx14kSduoykyykSjV0rb1HtpMSKKQKMoJUjqKaqiUmaT&u=U2FsdGVkX18X/d80BBL9MRc+DreSzATjROGAV/q/nm8m29MQTM6THHn/Kp3XSPao&y=U2FsdGVkX1+QBY1mx9yumtBGb2IM3tzP3eQmcm1cTarbfN+Lk/B1T1ujEiGnOlEx HTTP/1.1" 200 25
186.31.12.246 - - [06/May/2022:01:18:25 -0500] "GET /kwssiamovil/sm/acme/a?s=U2FsdGVkX18SP6IdW4B9arEGmRgJHeU0Xm8QkFEFMbTi8PbhF3KgS1biKt+macXoa2PpqvHx4gehMuMGabHscHEQ1i45CrRbtM6xfEPx3u3zProiAWkSY8LFc1HdJQT4AF/ZKn0OMVL/E7bedWwy+17zoOZpq6q6cEhwvMA89MQnFmSg5QYh+lPpWCy2y8ISGYCkRb464WEYSe0Xf2uNaA==&u=U2FsdGVkX18X/d80BBL9MRc+DreSzATjROGAV/q/nm8m29MQTM6THHn/Kp3XSPao&y=U2FsdGVkX1+QBY1mx9yumtBGb2IM3tzP3eQmcm1cTarbfN+Lk/B1T1ujEiGnOlEx HTTP/1.1" 200 25
186.31.12.246 - - [06/May/2022:01:18:25 -0500] "GET /kwssiamovil/sm/acme/a?s=U2FsdGVkX18HqqrN0dCYmWxneJn9lmz6/CDimj+b0G4Wq9u6iqDocqGIKM8inCyKQhAPiC3Lq0dSk6kKSO/ngfPI9Errmr+itIb19Isqlhaqh0/nM0pppAbBJNlqrhnuFUeNOfef6k2+Fy7FY6uLTbKJh7YsDK1D0vfZsfu81NXfryW+ruJxfXPcB9Rsamj/79PmYDGF8+wZeRQJ46aj58wcH+S6bugrJRilbVoJvzWc7IdqkEZtY66a2SSwu3ZJtJzrZk68bvCMzvQ13DYQ5b0lFKmpvww19Scp+nHgi4knrtRh5ZOKxEQmJX4lCx1f8u5OsDaX+ySrj30kTWAY9dDTP6byiFzSLVG5esL4grhu+3JHjq9iaIyhGktUcLhveFEupJs3LT5D8gNI6vOzfoHxMfVWCh5mMPTJhxesMYVdUw3Sf4NVBD4rwIJiOD6V&u=U2FsdGVkX18X/d80BBL9MRc+DreSzATjROGAV/q/nm8m29MQTM6THHn/Kp3XSPao&y=U2FsdGVkX1+QBY1mx9yumtBGb2IM3tzP3eQmcm1cTarbfN+Lk/B1T1ujEiGnOlEx HTTP/1.1" 200 24
186.31.12.246 - - [06/May/2022:01:18:25 -0500] "GET /kwssiamovil/sm/acme/a?s=U2FsdGVkX1/5r1D/Se919L7tPCGeOqlhlP9QJCmNZU/HEjlek/zrwwuPzfBU3KRGJ0jD0zisUfrm0CHmVdTzbpWov5ZvZd709VtGcQB+IrGemjsBDuUhZtPQ4nGp/gxITiDM3j4em+8Xbq2LpA+WFu7IGmTzxR2pXjPAX/6BzelNy587CdVEnE3QESDMuMRj&u=U2FsdGVkX18X/d80BBL9MRc+DreSzATjROGAV/q/nm8m29MQTM6THHn/Kp3XSPao&y=U2FsdGVkX1+QBY1mx9yumtBGb2IM3tzP3eQmcm1cTarbfN+Lk/B1T1ujEiGnOlEx HTTP/1.1" 200 25
186.31.12.246 - - [06/May/2022:01:18:26 -0500] "GET /kwssiamovil/sm/acme/a?s=U2FsdGVkX18qCh1lxkqwxYlqaRlyIIT3A6C+5MQKIxrYdj0MfWXaftex7OxA0vjlbelKIG+tqihaFsIDrdl6XiAG5nNmmEacBPrr9p/H+2L+lYB8AG1qW6F48s+bnXkQIVaRn7n1STphUJ5IAsw/IWcM8fT8SDp38ns1s4CNz5x+LlkcSQGiABcZu+kysevImmOu984nKqTqzFZERbJVz1Mvy9zxUSGwivpcfXFttlXDdlR/KRc50Y5sGJcK5FQ1erV11vxiwJGPItXLDigNRS+FUThpSWq4CXGb9taWgDC+7cHU8A/r62YBIB5jYRePjo6OYrvv63ZYIeH8hXGM+DIT6YwLPaGTydfxpwXThMzUgYC6pEdEzCwVzJOLrMYt6mfzOUnzZ+uK0qGEt7164w==&u=U2FsdGVkX18X/d80BBL9MRc+DreSzATjROGAV/q/nm8m29MQTM6THHn/Kp3XSPao&y=U2FsdGVkX1+QBY1mx9yumtBGb2IM3tzP3eQmcm1cTarbfN+Lk/B1T1ujEiGnOlEx HTTP/1.1" 200 24
172.22.2.4 - - [06/May/2022:01:17:28 -0500] "GET /BLA/boletinlegal/ HTTP/1.1" 200 57542
172.22.2.4 - - [06/May/2022:01:18:52 -0500] "GET /BLA/boletinlegal/ HTTP/1.1" 200 20427
66.249.65.13 - - [06/May/2022:01:20:00 -0500] "-" 408 -
216.245.221.92 - - [06/May/2022:01:21:49 -0500] "HEAD / HTTP/1.1" 200 -
152.61.192.232 - - [06/May/2022:01:22:35 -0500] "GET /arcgis/services/Calidad_del_Agua_WQI/MapServer/WMSServer?request=GetCapabilities&service=WMS HTTP/1.1" 503 1020
152.61.192.232 - - [06/May/2022:01:22:36 -0500] "GET /arcgis/services/Calidad_del_Agua_WQI/MapServer/WMSServer?SERVICE=WMS&REQUEST=GetCapabilities HTTP/1.1" 503 1020
152.61.192.232 - - [06/May/2022:01:22:36 -0500] "GET /arcgis/services/Calidad_del_Agua_WQI/MapServer/WMSServer?WMTVER=1.0.0&REQUEST=capabilities HTTP/1.1" 503 1020
186.31.12.246 - - [06/May/2022:01:22:52 -0500] "GET /kwssiamovil/sm/acme/a?s=U2FsdGVkX1+50h9fvROqItOCkiIsjB6F0uyxrDLaDpp89wwrbRfY58bHYa+srYIceSACUFJfPq6xqkat/1+m31gPJojv+X1JyPKJ4Vr7ejZ/L666y8j70pCu2cqbIR+t4ai/bsHlrG97/vU/+1E/lo7Fha5B2Te4l/WSbgtIGDOu2x+tfrTso64OZ9jJH4HfqVxtQQk7kyg15C5EDbvv0dER4scGNKHCK9Ra94qB28rKo088yzVTYRL5YwvwM/n5HkytHgbn/FtDgA4T59zblw==&u=U2FsdGVkX18X/d80BBL9MRc+DreSzATjROGAV/q/nm8m29MQTM6THHn/Kp3XSPao&y=U2FsdGVkX1+QBY1mx9yumtBGb2IM3tzP3eQmcm1cTarbfN+Lk/B1T1ujEiGnOlEx HTTP/1.1" 200 25
186.31.12.246 - - [06/May/2022:01:22:53 -0500] "GET /kwssiamovil/sm/acme/a?s=U2FsdGVkX19XMx+jXUmgO7hJa2YL6MCPupehBdrKZXTdipVnwemlFUi7ZY+BC14YbkA5eO+AMFXNX+BdJBxeGsut7E3PhRAudnSS+3MCwt3kgGzRZddHbS14N50bKRIfuz1snDcJsfX3sx03JOWDM0atcU8TEmGD7l35PzoOo3VR98dfC6thUagXp41bnxpUM4JOXlHipJHlvkg73WQcm8FuhqzfhL+7sJ8V/pQRxpocYdjRYXCi9CWYa0eOsFF998tlBU2OyjV8rFk+VNPqM+xbaHgm2am6P+fshT4K/NpD9yNRhhUF+Utjm8+DUITg5iqwfoCuL4YYZGIEU/+NY/dYgRjFPgIBSytzGF2FQJEJZ9Ptzc+VdZD7by1vcvAVpLpksShOraN9x7B+pbWta8m/20q7ZX/q/XVJOz8kWPkSiNQYl1tcRyjMcxYBXhKaFAqrOELbPHntP5AdnxBoxkz2+fY+UV5iAn2FPRnwlB3Ysv1JigzT+1HpHojzWDJBjZUuIkuc1fxUrBJE2f7WorrT41oc/FBlzAIX3IhKr09RojiRri7kd3sdtPbw40vFMJCQq3aH0zieyJ3xd5I/MbP/cVXxsTn50WvNmxUYrH6xm/cqvrVKG6Of6pv67JCNDJsXu1zGd8apw+46elUDzpsqk1Rob/pXXMJYDcsWb1SY4wbF+47YmHKBiprzYD6RQ+B89c+kC6MctrfSgzCVjF4qMvB1wtY+NYIKe0cfxFrg7dSZumBVuXHVGnyO21ZFfAFNMy12RCYl+j5kt8lxKo055A6rOXK3pZ0ZEe2BrjMe/LuSN2SS1lOe0YClo00mtP95Bo4wiPlwb3Pr6QOmaFAR+mGuWYToOB5/+bX6PeJB79zr40QDa4aw5ArS7eiGkrlc8m0XxJniN06+vKsxsMwsxWMDFMQgYHn/4ppWX34rDDXSU+4/qJeKjW/gwuCjIuIWOwM51enx5sRuFCnCxS/zg3kc4Wr4PxlaZTxzBxQ5OHjKhAejnO50gzyXpsXX45UpDiVN+1Q2WwLHosU6MmfPuiOlpmPGnz2M5w+i+40QDBDLQtSrznNoe4XTVUrDH2opwCzo+dDWcRBKvSls0iSnX2gAo+dNQcpxxwn3KdP3sTxbZdeb1ZxYSyk3ZbQMrh5VQkPNS8sRQxiqxPagdRxO6FNJFg/7HrPyzfYSCVgnOVC0BV7QGKwo4her7xHyHR2+vp8iS6qbptKWDIzNTvMfkLeLBhNbcbIqXOnOFz5/uHK9vo4JCfQlHRjyAwxHkFhklsoQrgLmQ7e4RkVQzRyGMv6DTBK1BdgM17qyEGhabkz5eh4KD2t45YWjyW3v0Z3PfSTZR1rvyN8Ims0kBB7iu6adS6VnoYN1DrzqMt2YIAirb+SleR9vkNdNvnalmncBYelK7TrBuGkgSleBoEIs/32vIDf3G4CvXqdPVp1/YTyOFNhKFtri0e/sEUNEbCezpeaDnlNttTCjewDeIchwYpB1OY40NrRlGVXDLGA0izPgk0YrrK1icghpLdIbibIoY2YOoTwb77ft2XbD2g==&u=U2FsdGVkX18X/d80BBL9MRc+DreSzATjROGAV/q/nm8m29MQTM6THHn/Kp3XSPao&y=U2FsdGVkX1+QBY1mx9yumtBGb2IM3tzP3eQmcm1cTarbfN+Lk/B1T1ujEiGnOlEx HTTP/1.1" 200 25
186.31.12.246 - - [06/May/2022:01:22:53 -0500] "GET /kwssiamovil/sm/acme/a?s=U2FsdGVkX1/D7qYWnpZgLJ+HdiPuOw8Ctwegjp3Av/6BrYCsH3DgtMkme5V4VXnSPdNmq3J3PNcMNC1GBmgdERqh7wzKVjETmQFj/T7/gj6HgLXUIcE1frCeaNGtLt8flNUx3FAPsHHZcCUsqRJifBdSTrqdQI77GlAnIoK9w0c=&u=U2FsdGVkX18X/d80BBL9MRc+DreSzATjROGAV/q/nm8m29MQTM6THHn/Kp3XSPao&y=U2FsdGVkX1+QBY1mx9yumtBGb2IM3tzP3eQmcm1cTarbfN+Lk/B1T1ujEiGnOlEx HTTP/1.1" 200 25
186.31.12.246 - - [06/May/2022:01:22:53 -0500] "GET /kwssiamovil/sm/acme/a?s=U2FsdGVkX1+mds+NGaHcGvVf+zlqzL7y9W0jt6piIThtHkBGoUFGyGIjAJktYlHieEBB5r1guVN6gGa+Z6lLKzJOjxGq6O1J/mrGzxVGOt0g5X5TDbtGjUy+nYg/rarzkI3s1WgCbTMJM6iv1PiySWalJzOZ7ck3udafg3C+9gE=&u=U2FsdGVkX18X/d80BBL9MRc+DreSzATjROGAV/q/nm8m29MQTM6THHn/Kp3XSPao&y=U2FsdGVkX1+QBY1mx9yumtBGb2IM3tzP3eQmcm1cTarbfN+Lk/B1T1ujEiGnOlEx HTTP/1.1" 200 25
186.31.12.246 - - [06/May/2022:01:22:53 -0500] "GET /kwssiamovil/sm/acme/a?s=U2FsdGVkX18iuGS2p2ZXDMUCWKgKiYad0aErLuPm9r1X9PPBkNaE9KxaHCI+81AahuWxNLPGrrCgOoenQnZjRToBWnyWXl9pbQ8ooemj+Pzf2mk22gnkdG1u6HvUTsgG3KAh9Xqqze4GvVDGkxTR55iCN8Nrf+3lFyolBMnPD+A=&u=U2FsdGVkX18X/d80BBL9MRc+DreSzATjROGAV/q/nm8m29MQTM6THHn/Kp3XSPao&y=U2FsdGVkX1+QBY1mx9yumtBGb2IM3tzP3eQmcm1cTarbfN+Lk/B1T1ujEiGnOlEx HTTP/1.1" 200 25
186.31.12.246 - - [06/May/2022:01:22:53 -0500] "GET /kwssiamovil/sm/acme/a?s=U2FsdGVkX1/2jkM8cFPFq4npimE6gWB90MCBwJvJPBMhjDpwuEYMgMH8nPRAeQYwG88x21X8BE8NdizxOqhHav1ZzVxjJQoWftNMEcxXiVfYOtKMK5ubPZAaMT1HmOIXsZ7sIJiB0FKLXco1qt0JiPF135d+Jn2zZfAiQ9iFWUUmvLh3IlxJYtzsWgBW8Z9r&u=U2FsdGVkX18X/d80BBL9MRc+DreSzATjROGAV/q/nm8m29MQTM6THHn/Kp3XSPao&y=U2FsdGVkX1+QBY1mx9yumtBGb2IM3tzP3eQmcm1cTarbfN+Lk/B1T1ujEiGnOlEx HTTP/1.1" 200 25
201.245.192.253 - - [06/May/2022:01:22:27 -0500] "POST /kwsrmcab/Wsrmcab HTTP/1.1" 200 44682
207.46.13.115 - - [06/May/2022:01:23:51 -0500] "GET /Publicaciones/2022EE28307.pdf HTTP/1.1" 404 227
201.245.192.253 - - [06/May/2022:01:23:18 -0500] "POST /kwsrmcab/Wsrmcab HTTP/1.1" 200 43141
172.22.2.4 - - [06/May/2022:01:22:28 -0500] "HEAD /BLA/boletinlegal/ HTTP/1.1" 200 -
172.22.2.4 - - [06/May/2022:01:23:18 -0500] "GET /BLA/boletinlegal/ HTTP/1.1" 200 58588
216.245.221.92 - - [06/May/2022:01:26:49 -0500] "HEAD / HTTP/1.1" 200 -
172.22.2.4 - - [06/May/2022:01:26:50 -0500] "GET /BLA/boletinlegal/robots.txt HTTP/1.1" 404 1038
172.22.2.4 - - [06/May/2022:01:26:50 -0500] "GET /BLA/boletinlegal/Directivas/2019/Directiva%20No.%200001%20del%2011%20de%20junio%20de%202019.pdf HTTP/1.1" 200 228190
66.249.65.13 - - [06/May/2022:01:29:55 -0500] "-" 408 -
172.22.2.4 - - [06/May/2022:01:28:18 -0500] "HEAD /BLA/boletinlegal/ HTTP/1.1" 200 -
172.22.2.4 - - [06/May/2022:01:29:08 -0500] "GET /BLA/boletinlegal/ HTTP/1.1" 200 60932
216.245.221.92 - - [06/May/2022:01:31:49 -0500] "HEAD / HTTP/1.1" 200 -
201.245.192.253 - - [06/May/2022:01:32:27 -0500] "POST /kwsrmcab/Wsrmcab HTTP/1.1" 200 44682
201.245.192.253 - - [06/May/2022:01:33:18 -0500] "POST /kwsrmcab/Wsrmcab HTTP/1.1" 200 43141
172.22.2.4 - - [06/May/2022:01:34:08 -0500] "HEAD /BLA/boletinlegal/ HTTP/1.1" 200 -
66.249.65.13 - - [06/May/2022:01:36:03 -0500] "-" 408 -
172.22.2.4 - - [06/May/2022:01:34:58 -0500] "GET /BLA/boletinlegal/ HTTP/1.1" 200 58588
216.245.221.92 - - [06/May/2022:01:36:49 -0500] "HEAD / HTTP/1.1" 200 -
172.22.2.4 - - [06/May/2022:01:39:58 -0500] "HEAD /BLA/boletinlegal/ HTTP/1.1" 200 -
216.245.221.92 - - [06/May/2022:01:41:49 -0500] "HEAD / HTTP/1.1" 200 -
66.249.65.13 - - [06/May/2022:01:42:16 -0500] "-" 408 -
172.22.2.4 - - [06/May/2022:01:40:48 -0500] "GET /BLA/boletinlegal/ HTTP/1.1" 200 58006
201.245.192.253 - - [06/May/2022:01:42:27 -0500] "POST /kwsrmcab/Wsrmcab HTTP/1.1" 200 44682
201.245.192.253 - - [06/May/2022:01:43:19 -0500] "POST /kwsrmcab/Wsrmcab HTTP/1.1" 200 43141
54.39.177.173 - - [06/May/2022:01:46:23 -0500] "GET /feria-de-servicios-ambientales-llega-este-fin-de-semana-al-barrio-venecia.html HTTP/1.1" 200 856
54.39.177.48 - - [06/May/2022:01:46:23 -0500] "GET /mas-de-450-kilogramos-de-laurel-de-cera-fueron-recuperados-en-el-dia-de-la-santa-cruz.html HTTP/1.1" 200 976
54.39.177.173 - - [06/May/2022:01:46:23 -0500] "GET /secretaria-de-ambiente-adelanta-operativos-de-control-para-proteger-la-estructura-ecologica-principal.html HTTP/1.1" 200 994
54.39.177.173 - - [06/May/2022:01:46:24 -0500] "GET /primer-festival-de-la-papa-nativa-en-el-jardin-botanico-conozca-pruebe-y-disfrute-estos-manjares-criollos-y-saludables.html HTTP/1.1" 200 1116
216.245.221.92 - - [06/May/2022:01:46:49 -0500] "HEAD / HTTP/1.1" 200 -
172.22.2.4 - - [06/May/2022:01:45:48 -0500] "HEAD /BLA/boletinlegal/ HTTP/1.1" 200 -
181.53.12.68 - - [06/May/2022:01:47:43 -0500] "GET /primer-festival-de-la-papa-nativa-en-el-jardin-botanico-conozca-pruebe-y-disfrute-estos-manjares-criollos-y-saludables.html HTTP/1.1" 200 1116
172.22.2.4 - - [06/May/2022:01:46:38 -0500] "GET /BLA/boletinlegal/ HTTP/1.1" 200 58006
66.249.65.13 - - [06/May/2022:01:48:51 -0500] "-" 408 -
216.245.221.92 - - [06/May/2022:01:51:49 -0500] "HEAD / HTTP/1.1" 200 -
172.22.2.4 - - [06/May/2022:01:51:38 -0500] "HEAD /BLA/boletinlegal/ HTTP/1.1" 200 -
172.22.2.4 - - [06/May/2022:01:52:28 -0500] "GET /BLA/boletinlegal/ HTTP/1.1" 200 53739
66.249.65.13 - - [06/May/2022:01:54:31 -0500] "-" 408 -
172.22.2.4 - - [06/May/2022:01:53:40 -0500] "GET /BLA/boletinlegal/ HTTP/1.1" 200 60105
216.245.221.92 - - [06/May/2022:01:56:49 -0500] "HEAD / HTTP/1.1" 200 -
172.22.2.4 - - [06/May/2022:01:55:28 -0500] "GET /BLA/boletinlegal/ HTTP/1.1" 200 63342
172.22.2.4 - - [06/May/2022:01:57:28 -0500] "HEAD /BLA/boletinlegal/ HTTP/1.1" 200 -
172.22.2.4 - - [06/May/2022:01:58:18 -0500] "GET /BLA/boletinlegal/ HTTP/1.1" 200 60932
69.171.249.18 - - [06/May/2022:02:01:22 -0500] "GET /images/mercados-campesinos-5-mayo.jpg HTTP/1.1" 200 95848
216.245.221.92 - - [06/May/2022:02:01:49 -0500] "HEAD / HTTP/1.1" 200 -
66.249.65.13 - - [06/May/2022:02:02:58 -0500] "-" 408 -
172.22.2.4 - - [06/May/2022:02:03:18 -0500] "HEAD /BLA/boletinlegal/ HTTP/1.1" 200 -
172.22.2.4 - - [06/May/2022:02:04:08 -0500] "GET /BLA/boletinlegal/ HTTP/1.1" 200 60932
216.245.221.92 - - [06/May/2022:02:06:49 -0500] "HEAD / HTTP/1.1" 200 -
66.249.65.13 - - [06/May/2022:02:10:04 -0500] "-" 408 -
172.22.2.4 - - [06/May/2022:02:09:08 -0500] "HEAD /BLA/boletinlegal/ HTTP/1.1" 200 -
172.22.2.4 - - [06/May/2022:02:09:58 -0500] "GET /BLA/boletinlegal/ HTTP/1.1" 200 60932
216.245.221.92 - - [06/May/2022:02:11:49 -0500] "HEAD / HTTP/1.1" 200 -
172.22.2.4 - - [06/May/2022:02:14:58 -0500] "HEAD /BLA/boletinlegal/ HTTP/1.1" 200 -
66.249.65.13 - - [06/May/2022:02:16:46 -0500] "-" 408 -
216.245.221.92 - - [06/May/2022:02:16:49 -0500] "HEAD / HTTP/1.1" 200 -
172.22.2.4 - - [06/May/2022:02:15:48 -0500] "GET /BLA/boletinlegal/ HTTP/1.1" 200 60932
193.118.53.218 - - [06/May/2022:02:21:04 -0500] "GET / HTTP/1.1" 200 319
207.46.13.133 - - [06/May/2022:02:21:30 -0500] "GET /portaldeninos/ HTTP/1.1" 200 109662
216.245.221.92 - - [06/May/2022:02:21:49 -0500] "HEAD / HTTP/1.1" 200 -
172.22.2.4 - - [06/May/2022:02:20:48 -0500] "HEAD /BLA/boletinlegal/ HTTP/1.1" 200 -
66.249.65.13 - - [06/May/2022:02:22:39 -0500] "-" 408 -
172.22.2.4 - - [06/May/2022:02:23:07 -0500] "GET /BLA/boletinlegal/robots.txt HTTP/1.1" 404 1038
172.22.2.4 - - [06/May/2022:02:23:09 -0500] "GET /BLA/boletinlegal/Circulares/2021/CIRCULAR%20No.%2000006%20DEL%2005%20DE%20AGOSTO%20DEL%202021.pdf HTTP/1.1" 200 249615
172.22.2.4 - - [06/May/2022:02:23:12 -0500] "GET /BLA/boletinlegal/documentos-importantes.php HTTP/1.1" 200 4822
201.245.192.253 - - [06/May/2022:02:22:28 -0500] "POST /kwsrmcab/Wsrmcab HTTP/1.1" 200 44548
172.22.2.4 - - [06/May/2022:02:21:38 -0500] "GET /BLA/boletinlegal/ HTTP/1.1" 200 48513
66.249.90.192 - - [06/May/2022:02:23:24 -0500] "GET / HTTP/1.1" 200 4720
172.22.2.4 - - [06/May/2022:02:22:11 -0500] "GET /BLA/boletinlegal/ HTTP/1.1" 200 50207
34.147.37.121 - - [06/May/2022:02:23:57 -0500] "GET / HTTP/1.1" 200 319
201.245.192.253 - - [06/May/2022:02:23:15 -0500] "POST /kwsrmcab/Wsrmcab HTTP/1.1" 200 42842
216.245.221.92 - - [06/May/2022:02:26:49 -0500] "HEAD / HTTP/1.1" 200 -
186.31.12.246 - - [06/May/2022:02:28:14 -0500] "GET /kwssiamovil/sm/ldap/au?x=U2FsdGVkX19hQMfjuNSy7wnpPOjtUSqF3D7RUtYsdw/z+E7idm6sNDqQOkqN1caU&y=U2FsdGVkX1+eEKedEUy7OgduXLSImvdYgwL4KI0e35NPqKs1AsdkgBc+AcfTbKiG HTTP/1.1" 200 30
186.31.12.246 - - [06/May/2022:02:28:15 -0500] "GET /kwssiamovil/sm/acme/s?s=U2FsdGVkX1+Kdz2R2zZByNJkLplcc/AFHYON8ZcQaBWKZhpOgReinB6Jv0n43Jog3k/kkcQSLpvJbt6JQJNJxLGJhkJmqxs8AMj8T1W2Szk=&u=U2FsdGVkX19O7nS4SZm/Py3ECrRs6POX9sgLx+ck0traCgq06Zoc8VYDR4m5/2cB&y=U2FsdGVkX1+eEKedEUy7OgduXLSImvdYgwL4KI0e35NPqKs1AsdkgBc+AcfTbKiG HTTP/1.1" 200 97
186.31.12.246 - - [06/May/2022:02:28:15 -0500] "GET /kwssiamovil/sm/acme/s?s=U2FsdGVkX18lEGpoqCwRGISa40yGbiP2ZrO/nzByTK1Isk0R3gTYRv0fCvuIGNGdlip+PpAR/HnwY/Biis7WyRGhTZyoWgjkHdV4wDU2u+UuKn47UxSJusJQHKrNu1GzdCrl1uZmh2+WvyCfqM26fAUOQ3OT/WRGQ9UI6K/u8N8jGowgtH5kKrDFq7FhwhRUvOl40vP/bZCDuCp6dw+9NQ1MfEFIgV62dNs8YtYrqk6mqIZBmknSh/I4NRehBSSmDwZxGY8ny790XJYLDaWZ4TtLar0AZSAB5NqZb76q/JTwzmKXwK0SXPuGsQwIeyoCe9gPsDwslsUjPiGS/DZ5EKSsOGQkgc72hfdPJ5YmsU/qlNtOBNyvtXsnyQC35mi7lRwx62B3ykKKqt18aQRS3zZBWEUHgOUB4m4dKOYhZh4CxTex8DhVeFE8TiJ2nrWF2HVu9r63iuYX6aGQ6/gQ3KNKjQC2M4DG9qFc0hGHYBPP9c0OshghSvQ+/Iw8JdnD/QBsLAOu7D9cRgFwhaM8C1yLdtveYxGhMO1iGxvU5JZ9gGlcs47FQwvX0Q4IUYKIP9bQF2BzTTw+UbnfN6EUB2sy75h14MFFiISmJKsvxa311+wrW81gDR2ATMo5sowZxpVaiItic+hCv+c5R/AtZpHsRwA1geW22u6cbTCzhGBx4QhHlxbSPZ1P2POBY886xIDAoMwAF7yR+VidVW73NLAbenhKaHAjtXD/QLNUT4yG7cF1USlDcFRANOME0XY+lGOPVGa0Jg7XAvzDUex22c9Ex0fFndLV9vxZcumClzjbQXK3RwywJYpxNnC/bwYnPoGCUMv5P9qkdylBzKc7N+Kk87yYzZmyDCpUvjPx14yk7c3L9QH07RB5oJc0S2FiOQILNw3WCjJIHxmp+weuo9EPXBOFMewvr2olkdMUTIV/sM9RuaiKmTdbuvPUe4Gf7/g1q0By2vignK0Vh1+B1Gcfb86Gy7xQPIAbbtDfBxt15xl2tLSLZVxlIcisKH3DF26VHHpDJeOoQWmop/vBO4iE0soTZpwIVm4aalunowm98OT25VOL83wuGe0lPik2NtbSOEpa23ReWOUjDA9JCqcx7EB6XWy5WGC1hnjqjjP4EVjt+uPusPcYryosQXqC8LNtWvRfgaOnFKCFVYYSLOe8rWYEoPYJSNZFhrmf/ZEOzG/XnSmYes3d3i9qlxnnSCAuliYxKQzTxiGyx6o/aqKlUWShwBNiWYyhJfe6krIyRkSKyELluywtrbcMovsD7n7vWOfehEFduxp5TFpQDU2ea9iBsBSnJd7Aq4Tpc9dI7e8vwPMCo8EImykzb1ns7762IzJ3GvQHBoDwxQoQ3lpcID9/l9T7a/8Unx0i3+c=&u=U2FsdGVkX19O7nS4SZm/Py3ECrRs6POX9sgLx+ck0traCgq06Zoc8VYDR4m5/2cB&y=U2FsdGVkX1+eEKedEUy7OgduXLSImvdYgwL4KI0e35NPqKs1AsdkgBc+AcfTbKiG HTTP/1.1" 200 6704
186.31.12.246 - - [06/May/2022:02:28:15 -0500] "GET /kwssiamovil/sm/acme/s?s=U2FsdGVkX19c9dK7UHXJs7Ry1IGEWWFk8SvQy2I7sFpjctXsIQeQSYu1ri8gasODMU59EEE+f73ZixGoCd6FkPJ/EfUsvWzE+/GU3QlP0fUNDd186tVrs++Ut6J1uRVwEwg153htmrifPsYFelg4+8T+EZaWUPUF4h4NKxsdvaR7MerJthOt4WxBHX7mqZzrN57a+lxWKPIUU33n0taqg4CKTd8L/1amTgSt13hj+nfJ/FW7si9xflWdGY8nyUZOmO4yq6aqq7hIwTEqMnGLlci1rX4ZScI+uE7rYlgK8Po=&u=U2FsdGVkX19O7nS4SZm/Py3ECrRs6POX9sgLx+ck0traCgq06Zoc8VYDR4m5/2cB&y=U2FsdGVkX1+eEKedEUy7OgduXLSImvdYgwL4KI0e35NPqKs1AsdkgBc+AcfTbKiG HTTP/1.1" 200 176
186.31.12.246 - - [06/May/2022:02:28:15 -0500] "GET /kwssiamovil/sm/cjson/pre?f=1&x=U2FsdGVkX19hQMfjuNSy7wnpPOjtUSqF3D7RUtYsdw/z+E7idm6sNDqQOkqN1caU HTTP/1.1" 200 30992
66.249.65.13 - - [06/May/2022:02:28:18 -0500] "-" 408 -
172.22.2.4 - - [06/May/2022:02:26:38 -0500] "HEAD /BLA/boletinlegal/ HTTP/1.1" 200 -
172.22.2.4 - - [06/May/2022:02:27:28 -0500] "GET /BLA/boletinlegal/ HTTP/1.1" 200 60932
216.245.221.92 - - [06/May/2022:02:31:49 -0500] "HEAD / HTTP/1.1" 200 -
20.36.244.102 - - [06/May/2022:02:32:46 -0500] "GET /noticias/rssambiente.php HTTP/1.1" 406 -
201.245.192.253 - - [06/May/2022:02:32:28 -0500] "POST /kwsrmcab/Wsrmcab HTTP/1.1" 200 44548
172.22.2.4 - - [06/May/2022:02:32:28 -0500] "HEAD /BLA/boletinlegal/ HTTP/1.1" 200 -
201.245.192.253 - - [06/May/2022:02:33:19 -0500] "POST /kwsrmcab/Wsrmcab HTTP/1.1" 200 42842
66.249.65.13 - - [06/May/2022:02:34:38 -0500] "-" 408 -
172.22.2.4 - - [06/May/2022:02:33:18 -0500] "GET /BLA/boletinlegal/ HTTP/1.1" 200 58588
216.245.221.92 - - [06/May/2022:02:36:49 -0500] "HEAD / HTTP/1.1" 200 -
172.22.2.4 - - [06/May/2022:02:38:18 -0500] "HEAD /BLA/boletinlegal/ HTTP/1.1" 200 -
172.22.2.4 - - [06/May/2022:02:39:08 -0500] "GET /BLA/boletinlegal/ HTTP/1.1" 200 60932
66.249.65.13 - - [06/May/2022:02:41:28 -0500] "-" 408 -
216.245.221.92 - - [06/May/2022:02:41:49 -0500] "HEAD / HTTP/1.1" 200 -
156.146.49.147 - - [06/May/2022:02:41:55 -0500] "GET /wp-login.php HTTP/1.1" 404 1035
172.22.2.4 - - [06/May/2022:02:41:55 -0500] "GET /BLA/boletinlegal/wp-login.php HTTP/1.1" 404 1038
201.245.192.253 - - [06/May/2022:02:42:27 -0500] "POST /kwsrmcab/Wsrmcab HTTP/1.1" 200 44548
201.245.192.253 - - [06/May/2022:02:43:12 -0500] "POST /kwsrmcab/Wsrmcab HTTP/1.1" 200 42842
172.22.2.4 - - [06/May/2022:02:44:08 -0500] "HEAD /BLA/boletinlegal/ HTTP/1.1" 200 -
172.22.2.4 - - [06/May/2022:02:44:58 -0500] "GET /BLA/boletinlegal/ HTTP/1.1" 200 60932
216.245.221.92 - - [06/May/2022:02:46:49 -0500] "HEAD / HTTP/1.1" 200 -
66.249.65.13 - - [06/May/2022:02:47:07 -0500] "-" 408 -
69.171.249.15 - - [06/May/2022:02:47:36 -0500] "GET /campana-para-evitar-que-el-alcantarillado-se-tapone-con-bolas-de-grasa-se-generen-inundaciones-y-se-contamine-el-ambiente.html HTTP/1.1" 206 1220
172.22.2.4 - - [06/May/2022:02:49:58 -0500] "HEAD /BLA/boletinlegal/ HTTP/1.1" 200 -
216.245.221.92 - - [06/May/2022:02:51:49 -0500] "HEAD / HTTP/1.1" 200 -
172.22.2.4 - - [06/May/2022:02:50:48 -0500] "GET /BLA/boletinlegal/ HTTP/1.1" 200 58588
191.102.220.197 - - [06/May/2022:02:53:07 -0500] "GET /portaldeninos/wp-content/uploads/useanyfont/uaf.css?ver=1589905315 HTTP/1.1" 200 408
191.102.220.197 - - [06/May/2022:02:53:07 -0500] "GET /portaldeninos/wp-content/themes/betheme/style.css?ver=20.9.6 HTTP/1.1" 200 287
191.102.220.197 - - [06/May/2022:02:53:07 -0500] "GET /portaldeninos/wp-content/plugins/gallery-videos/CSS/totalsoft.css?ver=4.9.8 HTTP/1.1" 200 40622
191.102.220.197 - - [06/May/2022:02:53:07 -0500] "GET /portaldeninos/wp-content/plugins/gallery-videos/CSS/Total-Soft-Gallery-Video-Widget.css?ver=4.9.8 HTTP/1.1" 200 51554
191.102.220.197 - - [06/May/2022:02:53:07 -0500] "GET /portaldeninos/wp-content/themes/betheme/css/base.css?ver=20.9.6 HTTP/1.1" 200 57283
191.102.220.197 - - [06/May/2022:02:53:07 -0500] "GET /portaldeninos/wp-content/themes/betheme/assets/animations/animations.min.css?ver=20.9.6 HTTP/1.1" 200 58508
191.102.220.197 - - [06/May/2022:02:53:07 -0500] "GET /portaldeninos/wp-content/themes/betheme/assets/ui/jquery.ui.all.css?ver=20.9.6 HTTP/1.1" 200 18765
191.102.220.197 - - [06/May/2022:02:53:07 -0500] "GET /portaldeninos/wp-content/themes/betheme/assets/jplayer/css/jplayer.blue.monday.css?ver=20.9.6 HTTP/1.1" 200 9834
191.102.220.197 - - [06/May/2022:02:53:07 -0500] "GET /portaldeninos/wp-content/themes/betheme/css/layout.css?ver=20.9.6 HTTP/1.1" 200 116639
191.102.220.197 - - [06/May/2022:02:53:07 -0500] "GET /portaldeninos/wp-content/plugins/google-analytics-for-wordpress/assets/js/frontend-gtag.min.js?ver=8.5.0 HTTP/1.1" 200 11801
191.102.220.197 - - [06/May/2022:02:53:07 -0500] "GET /portaldeninos/wp-content/themes/betheme/css/responsive.css?ver=20.9.6 HTTP/1.1" 200 55740
191.102.220.197 - - [06/May/2022:02:53:07 -0500] "GET /portaldeninos/wp-includes/js/jquery/jquery-migrate.min.js?ver=1.4.1 HTTP/1.1" 200 10056
191.102.220.197 - - [06/May/2022:02:53:07 -0500] "GET /portaldeninos/wp-content/themes/betheme/css/shortcodes.css?ver=20.9.6 HTTP/1.1" 200 138889
191.102.220.197 - - [06/May/2022:02:53:07 -0500] "GET /portaldeninos/wp-includes/js/jquery/ui/core.min.js?ver=1.11.4 HTTP/1.1" 200 4000
191.102.220.197 - - [06/May/2022:02:53:07 -0500] "GET /portaldeninos/wp-includes/js/jquery/ui/widget.min.js?ver=1.11.4 HTTP/1.1" 200 6908
191.102.220.197 - - [06/May/2022:02:53:07 -0500] "GET /portaldeninos/wp-content/plugins/gallery-videos/JS/modernizr.custom.js?ver=4.9.8 HTTP/1.1" 200 9019
191.102.220.197 - - [06/May/2022:02:53:07 -0500] "GET /portaldeninos/wp-includes/js/jquery/ui/mouse.min.js?ver=1.11.4 HTTP/1.1" 200 3148
191.102.220.197 - - [06/May/2022:02:53:07 -0500] "GET /portaldeninos/wp-includes/js/jquery/jquery.js?ver=1.12.4 HTTP/1.1" 200 97184
191.102.220.197 - - [06/May/2022:02:53:07 -0500] "GET /portaldeninos/wp-includes/js/jquery/ui/accordion.min.js?ver=1.11.4 HTTP/1.1" 200 8584
191.102.220.197 - - [06/May/2022:02:53:07 -0500] "GET /portaldeninos/wp-content/plugins/gallery-videos/JS/Total-Soft-Gallery-Video-Widget.js?ver=4.9.8 HTTP/1.1" 200 80264
191.102.220.197 - - [06/May/2022:02:53:07 -0500] "GET /portaldeninos/wp-includes/js/jquery/ui/sortable.min.js?ver=1.11.4 HTTP/1.1" 200 24899
191.102.220.197 - - [06/May/2022:02:53:07 -0500] "GET /portaldeninos/wp-content/themes/betheme/js/menu.js?ver=20.9.6 HTTP/1.1" 200 2449
191.102.220.197 - - [06/May/2022:02:53:07 -0500] "GET /portaldeninos/wp-includes/js/jquery/ui/tabs.min.js?ver=1.11.4 HTTP/1.1" 200 12110
191.102.220.197 - - [06/May/2022:02:53:07 -0500] "GET /portaldeninos/wp-content/themes/betheme/assets/animations/animations.min.js?ver=20.9.6 HTTP/1.1" 200 1896
191.102.220.197 - - [06/May/2022:02:53:07 -0500] "GET /portaldeninos/wp-includes/js/wp-embed.min.js?ver=4.9.8 HTTP/1.1" 200 1398
191.102.220.197 - - [06/May/2022:02:53:07 -0500] "GET /portaldeninos/wp-content/themes/betheme/images/box_shadow.png HTTP/1.1" 200 108
191.102.220.197 - - [06/May/2022:02:53:07 -0500] "GET /portaldeninos/wp-includes/js/wp-emoji-release.min.js?ver=4.9.8 HTTP/1.1" 200 12026
191.102.220.197 - - [06/May/2022:02:53:07 -0500] "GET /portaldeninos/wp-content/themes/betheme/js/plugins.js?ver=20.9.6 HTTP/1.1" 200 197151
191.102.220.197 - - [06/May/2022:02:53:07 -0500] "GET /portaldeninos/wp-content/themes/betheme/assets/jplayer/jplayer.min.js?ver=20.9.6 HTTP/1.1" 200 52702
191.102.220.197 - - [06/May/2022:02:53:07 -0500] "GET /portaldeninos/wp-content/themes/betheme/js/scripts.js?ver=20.9.6 HTTP/1.1" 200 77162
191.102.220.197 - - [06/May/2022:02:53:08 -0500] "GET /portaldeninos/wp-content/themes/betheme/fonts/mfn-icons.woff?93978679 HTTP/1.1" 200 80932
191.102.220.197 - - [06/May/2022:02:53:08 -0500] "GET /portaldeninos/wp-content/themes/betheme/fonts/mfn-icons.ttf?93978679 HTTP/1.1" 200 104621
66.249.65.13 - - [06/May/2022:02:54:15 -0500] "-" 408 -
207.46.13.79 - - [06/May/2022:02:54:15 -0500] "GET / HTTP/1.1" 200 319
216.245.221.92 - - [06/May/2022:02:56:49 -0500] "HEAD / HTTP/1.1" 200 -
172.22.2.4 - - [06/May/2022:02:55:48 -0500] "HEAD /BLA/boletinlegal/ HTTP/1.1" 200 -
172.22.2.4 - - [06/May/2022:02:56:38 -0500] "GET /BLA/boletinlegal/ HTTP/1.1" 200 58588
216.245.221.92 - - [06/May/2022:03:01:49 -0500] "HEAD / HTTP/1.1" 200 -
172.22.2.4 - - [06/May/2022:03:01:38 -0500] "HEAD /BLA/boletinlegal/ HTTP/1.1" 200 -
172.22.2.4 - - [06/May/2022:03:02:28 -0500] "GET /BLA/boletinlegal/ HTTP/1.1" 200 60932
109.237.103.118 - - [06/May/2022:03:04:40 -0500] "GET /.aws/credentials HTTP/1.1" 404 1018
109.237.103.118 - - [06/May/2022:03:04:40 -0500] "\x16\x03\x01\x01D\x01" 400 226
66.249.65.15 - - [06/May/2022:03:04:45 -0500] "-" 408 -
172.22.2.4 - - [06/May/2022:03:06:40 -0500] "GET /BLA/boletinlegal/jurisprudencia/analisis/AnalisisT-606-15.docx HTTP/1.1" 200 26698
172.22.2.4 - - [06/May/2022:03:06:41 -0500] "GET /BLA/boletinlegal/apple-touch-icon-120x120-precomposed.png HTTP/1.1" 404 1140
172.22.2.4 - - [06/May/2022:03:06:41 -0500] "GET /BLA/boletinlegal/apple-touch-icon-120x120.png HTTP/1.1" 404 1140
172.22.2.4 - - [06/May/2022:03:06:41 -0500] "GET /BLA/boletinlegal/apple-touch-icon-precomposed.png HTTP/1.1" 404 1140
172.22.2.4 - - [06/May/2022:03:06:41 -0500] "GET /BLA/boletinlegal/apple-touch-icon.png HTTP/1.1" 404 1140
172.22.2.4 - - [06/May/2022:03:06:41 -0500] "GET /BLA/boletinlegal/favicon.ico HTTP/1.1" 404 1140
172.22.2.4 - - [06/May/2022:03:06:41 -0500] "GET /BLA/boletinlegal/apple-touch-icon-120x120-precomposed.png HTTP/1.1" 404 1140
172.22.2.4 - - [06/May/2022:03:06:42 -0500] "GET /BLA/boletinlegal/apple-touch-icon-120x120.png HTTP/1.1" 404 1140
