186.84.21.130 - - [07/May/2022:12:43:39 -0500] "GET /BLA/resoluciones/RESOLUCIONES%202018/2418.pdf HTTP/1.1" 200 249141
18.215.172.218 - - [07/May/2022:12:43:51 -0500] "GET /crisis-climatica-distrito-firmo-alianza-para-preservar-la-seguridad-hidrica-de-bogota-y-la-region.html HTTP/1.1" 200 1075
201.245.192.253 - - [07/May/2022:12:43:11 -0500] "POST /kwsrmcab/Wsrmcab HTTP/1.1" 200 46761
172.22.2.4 - - [07/May/2022:12:44:05 -0500] "GET /BLA/boletinlegal/jurisprudencia/analisis/analisis%20C-595-2010.doc HTTP/1.1" 200 39424
54.39.177.48 - - [07/May/2022:12:44:08 -0500] "-" 408 -
54.39.177.173 - - [07/May/2022:12:44:08 -0500] "-" 408 -
173.252.127.2 - - [07/May/2022:12:45:06 -0500] "GET /distrito-entrego-certificado-de-reconocimiento-a-mas-de-600-mujeres-que-reverdecen-tras-seis-meses-de-formacion-teorica-y-practica.html?fbclid=IwAR0nFKfAWUasjSwWy-k28cptdOucPJD4g_4Mw2lil8hdO2MYOSd3_Hflp6I HTTP/1.1" 200 1113
172.22.2.4 - - [07/May/2022:12:44:04 -0500] "HEAD /BLA/boletinlegal/ HTTP/1.1" 200 -
66.249.66.85 - - [07/May/2022:12:46:13 -0500] "-" 408 -
167.94.138.61 - - [07/May/2022:12:46:26 -0500] "GET / HTTP/1.1" 200 319
167.94.138.61 - - [07/May/2022:12:46:27 -0500] "GET / HTTP/1.1" 200 319
167.94.138.61 - - [07/May/2022:12:46:27 -0500] "PRI * HTTP/2.0" 400 946
172.22.2.4 - - [07/May/2022:12:44:54 -0500] "GET /BLA/boletinlegal/ HTTP/1.1" 200 60932
216.245.221.92 - - [07/May/2022:12:46:44 -0500] "HEAD / HTTP/1.1" 200 -
181.140.182.226 - - [07/May/2022:12:47:13 -0500] "GET /bogota-tendra-una-nueva-reciclaton-empresarial.html HTTP/1.1" 200 886
173.252.83.4 - - [07/May/2022:12:48:06 -0500] "GET /images/mercados-campesinos-5-mayo.jpg HTTP/1.1" 200 95848
199.59.150.181 - - [07/May/2022:12:50:23 -0500] "GET /documents/10184/2325415/pieza-concurso-buenas-practicas-20-septiembre.jpg HTTP/1.1" 404 1030
186.179.100.199 - - [07/May/2022:12:51:05 -0500] "GET /catalogoisis/ HTTP/1.1" 200 8575
186.179.100.199 - - [07/May/2022:12:51:07 -0500] "GET /catalogoisis/ HTTP/1.1" 200 8575
172.22.2.4 - - [07/May/2022:12:49:54 -0500] "HEAD /BLA/boletinlegal/ HTTP/1.1" 200 -
216.245.221.92 - - [07/May/2022:12:51:44 -0500] "HEAD / HTTP/1.1" 200 -
40.77.190.128 - - [07/May/2022:12:51:47 -0500] "GET /portaldeninos/wp-content/themes/betheme/fonts/mfn-icons.woff?93978679 HTTP/1.1" 200 80932
40.77.190.105 - - [07/May/2022:12:51:49 -0500] "GET /portaldeninos/wp-json/pum/v1/analytics/?event=open&pid=1126&_cache=1651945760822 HTTP/1.1" 204 -
172.22.2.4 - - [07/May/2022:12:50:44 -0500] "GET /BLA/boletinlegal/ HTTP/1.1" 200 58588
191.95.48.58 - - [07/May/2022:12:52:49 -0500] "GET /distrito-entrego-certificado-de-reconocimiento-a-mas-de-600-mujeres-que-reverdecen-tras-seis-meses-de-formacion-teorica-y-practica.html HTTP/1.1" 200 1113
216.245.221.92 - - [07/May/2022:12:56:44 -0500] "HEAD / HTTP/1.1" 200 -
172.22.2.4 - - [07/May/2022:12:55:44 -0500] "HEAD /BLA/boletinlegal/ HTTP/1.1" 200 -
66.249.66.85 - - [07/May/2022:12:58:02 -0500] "-" 408 -
191.156.181.0 - - [07/May/2022:12:58:06 -0500] "GET /bogota-tendra-una-nueva-reciclaton-empresarial.html HTTP/1.1" 200 886
172.22.2.4 - - [07/May/2022:12:56:34 -0500] "GET /BLA/boletinlegal/ HTTP/1.1" 200 59170
172.22.2.4 - - [07/May/2022:12:58:31 -0500] "GET /BLA/boletinlegal/consulta_actos.php?tipo=resoluciones&no=5225&usuario=&sector=&fecha=2021&resuelve= HTTP/1.1" 200 626
172.22.2.4 - - [07/May/2022:12:58:32 -0500] "GET /BLA/boletinlegal/consulta_actos.php?tipo=resoluciones&no=5225&usuario=&sector=&fecha=2021&resuelve= HTTP/1.1" 200 626
34.147.80.190 - - [07/May/2022:12:59:53 -0500] "GET / HTTP/1.1" 200 319
216.245.221.92 - - [07/May/2022:13:01:44 -0500] "HEAD / HTTP/1.1" 200 -
172.22.2.4 - - [07/May/2022:13:02:00 -0500] "GET /BLA/boletinlegal/styles2.css HTTP/1.1" 200 1838
172.22.2.4 - - [07/May/2022:13:02:00 -0500] "GET /BLA/boletinlegal/actos.php HTTP/1.1" 200 9559
172.22.2.4 - - [07/May/2022:13:02:00 -0500] "GET /BLA/boletinlegal/niceforms-default.css HTTP/1.1" 200 6694
172.22.2.4 - - [07/May/2022:13:02:00 -0500] "GET /BLA/boletinlegal/style.css HTTP/1.1" 200 9406
172.22.2.4 - - [07/May/2022:13:02:00 -0500] "GET /BLA/boletinlegal/js/ajax_actos.js HTTP/1.1" 200 1322
172.22.2.4 - - [07/May/2022:13:02:00 -0500] "GET /BLA/boletinlegal/niceforms.js HTTP/1.1" 200 22876
172.22.2.4 - - [07/May/2022:13:02:00 -0500] "GET /BLA/boletinlegal/js/lib.js HTTP/1.1" 200 6474
172.22.2.4 - - [07/May/2022:13:02:00 -0500] "GET /BLA/boletinlegal/js/popup.js HTTP/1.1" 200 1270
172.22.2.4 - - [07/May/2022:13:02:01 -0500] "GET /BLA/boletinlegal/js/jquery1.js HTTP/1.1" 200 29846
172.22.2.4 - - [07/May/2022:13:02:01 -0500] "GET /BLA/boletinlegal/images/cabezote%20BLEGAL.jpg HTTP/1.1" 200 118164
172.22.2.4 - - [07/May/2022:13:02:01 -0500] "GET /BLA/boletinlegal/images/subscribe-icon-big.png HTTP/1.1" 200 47702
172.22.2.4 - - [07/May/2022:13:02:01 -0500] "GET /BLA/boletinlegal/images/historia.png HTTP/1.1" 200 52775
172.22.2.4 - - [07/May/2022:13:02:01 -0500] "GET /BLA/boletinlegal/images/registro-usuarios.png HTTP/1.1" 200 8106
172.22.2.4 - - [07/May/2022:13:02:01 -0500] "GET /BLA/boletinlegal/images/green-yellow-blue-pink-th.png HTTP/1.1" 200 7394
172.22.2.4 - - [07/May/2022:13:02:01 -0500] "GET /BLA/boletinlegal/images/body_bg.jpg HTTP/1.1" 200 1601
172.22.2.4 - - [07/May/2022:13:02:01 -0500] "GET /BLA/boletinlegal/images/footer_bg.jpg HTTP/1.1" 200 586
172.22.2.4 - - [07/May/2022:13:02:01 -0500] "GET /BLA/boletinlegal/images/menu_rght.gif HTTP/1.1" 200 1627
172.22.2.4 - - [07/May/2022:13:02:01 -0500] "GET /BLA/boletinlegal/images/menu_lft.gif HTTP/1.1" 200 1713
172.22.2.4 - - [07/May/2022:13:02:01 -0500] "GET /BLA/boletinlegal/images/bg_top.jpg HTTP/1.1" 200 522
172.22.2.4 - - [07/May/2022:13:02:01 -0500] "GET /BLA/boletinlegal/images/menu_bg.jpg HTTP/1.1" 200 620
172.22.2.4 - - [07/May/2022:13:02:01 -0500] "GET /BLA/boletinlegal/images/text.jpg HTTP/1.1" 200 568
172.22.2.4 - - [07/May/2022:13:02:01 -0500] "GET /BLA/boletinlegal/images/hover.jpg HTTP/1.1" 200 640
172.22.2.4 - - [07/May/2022:13:02:01 -0500] "GET /BLA/boletinlegal/images/footer_bg_l.jpg HTTP/1.1" 200 776
172.22.2.4 - - [07/May/2022:13:02:02 -0500] "GET /BLA/boletinlegal/images/tel.png HTTP/1.1" 200 14477
172.22.2.4 - - [07/May/2022:13:02:02 -0500] "GET /BLA/boletinlegal/images/icono-email.png HTTP/1.1" 200 5544
172.22.2.4 - - [07/May/2022:13:02:02 -0500] "GET /BLA/boletinlegal/images/abajo.png HTTP/1.1" 200 96676
172.22.2.4 - - [07/May/2022:13:02:02 -0500] "GET /BLA/boletinlegal/img/0.png HTTP/1.1" 200 110
172.22.2.4 - - [07/May/2022:13:02:02 -0500] "GET /BLA/boletinlegal/img/select-left.png HTTP/1.1" 200 263
172.22.2.4 - - [07/May/2022:13:02:02 -0500] "GET /BLA/boletinlegal/img/button.png HTTP/1.1" 200 43241
172.22.2.4 - - [07/May/2022:13:02:02 -0500] "GET /BLA/boletinlegal/img/button-left.png HTTP/1.1" 200 57071
172.22.2.4 - - [07/May/2022:13:02:02 -0500] "GET /BLA/boletinlegal/img/select-right.png HTTP/1.1" 200 44019
172.22.2.4 - - [07/May/2022:13:02:02 -0500] "GET /BLA/boletinlegal/img/button-right.png HTTP/1.1" 200 57878
172.22.2.4 - - [07/May/2022:13:02:02 -0500] "GET /BLA/boletinlegal/favicon.ico HTTP/1.1" 404 1326
172.22.2.4 - - [07/May/2022:13:01:34 -0500] "HEAD /BLA/boletinlegal/ HTTP/1.1" 200 -
172.22.2.4 - - [07/May/2022:13:03:13 -0500] "GET /BLA/boletinlegal/ HTTP/1.1" 200 32715
172.22.2.4 - - [07/May/2022:13:02:24 -0500] "GET /BLA/boletinlegal/ HTTP/1.1" 200 51004
66.249.66.85 - - [07/May/2022:13:04:24 -0500] "-" 408 -
201.221.172.184 - - [07/May/2022:13:05:10 -0500] "GET /primer-festival-de-la-papa-nativa-en-el-jardin-botanico-conozca-pruebe-y-disfrute-estos-manjares-criollos-y-saludables.html HTTP/1.1" 200 1116
192.144.113.50 - - [07/May/2022:13:06:40 -0500] "GET /distrito-entrego-certificado-de-reconocimiento-a-mas-de-600-mujeres-que-reverdecen-tras-seis-meses-de-formacion-teorica-y-practica.html HTTP/1.1" 200 1113
216.245.221.92 - - [07/May/2022:13:06:44 -0500] "HEAD / HTTP/1.1" 200 -
172.22.2.4 - - [07/May/2022:13:07:24 -0500] "HEAD /BLA/boletinlegal/ HTTP/1.1" 200 -
172.22.2.4 - - [07/May/2022:13:09:45 -0500] "GET /BLA/boletinlegal/actos.php HTTP/1.1" 200 9559
172.22.2.4 - - [07/May/2022:13:09:45 -0500] "GET /BLA/boletinlegal/favicon.ico HTTP/1.1" 404 1326
161.18.166.242 - - [07/May/2022:13:09:47 -0500] "GET /BLA/resoluciones/ HTTP/1.1" 200 13093
161.18.166.242 - - [07/May/2022:13:09:48 -0500] "GET /favicon.ico HTTP/1.1" 200 7782
161.18.166.242 - - [07/May/2022:13:09:51 -0500] "GET /BLA/resoluciones/index.php?dir=AUTOS+2011%2F HTTP/1.1" 200 53195
161.18.166.242 - - [07/May/2022:13:09:51 -0500] "GET /BLA/resoluciones/index.php?dir=AUTOS+2011%2F HTTP/1.1" 200 629084
172.22.2.4 - - [07/May/2022:13:08:14 -0500] "GET /BLA/boletinlegal/ HTTP/1.1" 200 57542
161.18.166.242 - - [07/May/2022:13:10:07 -0500] "GET /BLA/resoluciones/AUTOS%202011/2148.pdf HTTP/1.1" 200 277178
172.22.2.4 - - [07/May/2022:13:09:43 -0500] "GET /BLA/boletinlegal/ HTTP/1.1" 200 24523
66.249.66.85 - - [07/May/2022:13:11:10 -0500] "-" 408 -
216.245.221.92 - - [07/May/2022:13:11:44 -0500] "HEAD / HTTP/1.1" 200 -
186.194.160.116 - - [07/May/2022:13:11:58 -0500] "GET /distrito-entrego-certificado-de-reconocimiento-a-mas-de-600-mujeres-que-reverdecen-tras-seis-meses-de-formacion-teorica-y-practica.html HTTP/1.1" 200 1113
199.59.150.181 - - [07/May/2022:13:12:03 -0500] "GET /documents/10184/2325415/pieza-concurso-buenas-practicas-20-septiembre.jpg HTTP/1.1" 404 1030
161.18.166.242 - - [07/May/2022:13:13:13 -0500] "GET /BLA/resoluciones/ HTTP/1.1" 200 13093
161.18.166.242 - - [07/May/2022:13:13:16 -0500] "GET /BLA/resoluciones/index.php?dir=AUTOS+2011%2F HTTP/1.1" 200 16331
161.18.166.242 - - [07/May/2022:13:13:16 -0500] "GET /BLA/resoluciones/index.php?dir=AUTOS+2011%2F HTTP/1.1" 200 629084
80.49.144.237 - - [07/May/2022:13:13:26 -0500] "GET / HTTP/1.1" 200 319
161.18.166.242 - - [07/May/2022:13:14:17 -0500] "GET /BLA/resoluciones/ HTTP/1.1" 200 13093
161.18.166.242 - - [07/May/2022:13:14:36 -0500] "GET /BLA/resoluciones/index.php?dir=RESOLUCIONES+2007%2F HTTP/1.1" 200 35450
172.22.2.4 - - [07/May/2022:13:13:14 -0500] "HEAD /BLA/boletinlegal/ HTTP/1.1" 200 -
161.18.166.242 - - [07/May/2022:13:15:17 -0500] "GET /BLA/resoluciones/index.php?dir=RESOLUCIONES+2007%2FRES+2007+1901+AL+2000%2F HTTP/1.1" 200 26856
161.18.166.242 - - [07/May/2022:13:15:27 -0500] "GET /BLA/resoluciones/RESOLUCIONES%202007/RES%202007%201901%20AL%202000/RESOLUCION%201979%20DE%202007.pdf HTTP/1.1" 200 112929
172.22.2.4 - - [07/May/2022:13:14:04 -0500] "GET /BLA/boletinlegal/ HTTP/1.1" 200 60932
216.245.221.92 - - [07/May/2022:13:16:43 -0500] "HEAD / HTTP/1.1" 200 -
199.16.157.183 - - [07/May/2022:13:16:44 -0500] "GET /documents/10184/2325415/pieza-concurso-buenas-practicas-20-septiembre.jpg HTTP/1.1" 404 1030
172.22.2.4 - - [07/May/2022:13:19:25 -0500] "GET /BLA/boletinlegal/consulta_actos.php?tipo=resoluciones&no=5646&usuario=&sector=&fecha=2021&resuelve= HTTP/1.1" 200 626
172.22.2.4 - - [07/May/2022:13:19:25 -0500] "GET /BLA/boletinlegal/consulta_actos.php?tipo=resoluciones&no=5646&usuario=&sector=&fecha=2021&resuelve= HTTP/1.1" 200 626
172.22.2.4 - - [07/May/2022:13:19:27 -0500] "GET /BLA/boletinlegal/consulta_actos.php?tipo=resoluciones&no=5646&usuario=&sector=&fecha=2021&resuelve= HTTP/1.1" 200 626
186.102.11.135 - - [07/May/2022:13:19:58 -0500] "GET /kwssiamovil/sm/ldap/au?x=U2FsdGVkX1/xeyJ4dQEH5MYleiQ0jnVa5BN0Fl0OwOpj6uv7RYsCMBjPKNbFAeAf&y=U2FsdGVkX1/Qq3zPM4kbrKUtFwrhsf5k55XrVYvRKd8= HTTP/1.1" 200 31
186.28.124.181 - - [07/May/2022:13:20:20 -0500] "OPTIONS /kwssiamovil/sm/setfile/f? HTTP/1.1" 200 13
186.102.11.135 - - [07/May/2022:13:20:22 -0500] "GET /kwssiamovil/sm/ldap/au?x=U2FsdGVkX19IDEc5NulE1tjR/89zrSUkbezT4JkNaxD0frLj0PIkoaiIObYLKw+b&y=U2FsdGVkX18JZ2jdkyXdOBFP1CRzqPKwsy8NGUtZknY= HTTP/1.1" 200 30
186.102.11.135 - - [07/May/2022:13:20:22 -0500] "GET /kwssiamovil/sm/acme/s?s=U2FsdGVkX1///1FErSeOn+CpVt3zwre0itqnVpo++dV2NrlWOJvqzwSlPmdArG6W3OLbV4BjGYK++AtRCnUo+pYe1hYtJh7FShrdfE/W+fo=&u=U2FsdGVkX19rQrKvIbPPb7gnD3vCUjKM1tcz6rLPhFY=&y=U2FsdGVkX18JZ2jdkyXdOBFP1CRzqPKwsy8NGUtZknY= HTTP/1.1" 200 97
186.102.11.135 - - [07/May/2022:13:20:22 -0500] "GET /kwssiamovil/sm/acme/s?s=U2FsdGVkX19l7B7Vg3Y8h6wfIDB34HJDqlXIPsuTOCbGSa4mlhP54chqJKlGnV0V39yUFiAyE27t+qshUt3dHpk9Dkm+6SrV/Xbo/bX7bxliaa6d3XlhR5uIdgVw1LqyybATU6yV+7HSOeQHg6HIfxFQ4SasF2G/cud+lLU/IolwSGQy97PVOjje4CE2Wjc3zqV1hdt55Ltghvhlnjdeky8LBaahD7ks2RAsV8tm6+E+KbfEKqsqTrI0gsuupWJze9pSJ31rsXrdomL+QPNxGUvyEVqfTkgPQAGxVnrlbLt+wyccyBm3lPoXlZ91DRYZm8D05Y0p4O0hel2V3cUb+3HN0D56263Cz/DnVvcfhcipBRwsWMDRO5RiYkDCHxq6A4eHg+fYl/1o0pXOidIiYu3gs7+GG0rG3M7RRCj3qAAHYwqWnLMgjylz+g4v7dHoTwaaTRMlYxuKNeO6GoUuSAt0ixB5BpAMN2jJVQ+SistHWVXRbZt9y12oGiNMdpuNfO0a4lB0765Aw9lqYfXUvTTiNE0gVYRLSfHk674Ep16lpV9LLMyT+pwmNs4StulSH9P+5D9hWbRd2PuQ5j/X6SMsl178jcXBCrBzOj6sOVjbL8wX0ZSu15GQpdfhljNTynIGhsZzY1MzfcAt+TQf3WNUy9URvqK3HIVo23f5t3uHlHotFb0AzI1SPMnt7Xx9ymIz0WD3FQf9/oSjP9O0EndTwHF6k3InQcU98cwk4kQeT1/vOq81vWl7Ww/krDdi8vid6eI/FGtwUTsUBK926U5bdECATkx5kZUp9lziisnIi6Zq/smhsYPlZoitOQjRx3XU21fsh4CuSryCr4Xw5NPK474Qq79GTT3dl6VAb5/LDJmSM+4UZCCEeS95dBHKFYfnJ0Aul1AkoaAkgZqk6TyanE0MRkMxssL2XnlDUGdDTm14FZCo9gaZj5EnDHmIPO0Vs00Fqv+rsaDAym/8g0e9GS1bLA1BUz2BTAfZ4F/A53zE1wOYyc9xh8/Xc/5FNFoVD7Zq9AoE4RPGXLxw+e1jJkevtsWDUO46t4iKuNuFU193a/9sV40IloRDi5UfmrhnxmCtHzwTz4MnCjFh8F9dy19PlTcS7rszsUCJu6V1H6waXykTub+/5ct4yd7g+78UBEVkDYSMXMpw2aRy4nwkIGQgUx6djTPi9x5E4yg7RE8jb3nIPpXpTRRNlO0F4y1ZF/h5A7K9XClZNUCP3+u38IO5ob/d2J13s/L7C1GKpdBuSDd2gTlUCYP5laALqbhoQzcWI/shWiYSSJGDXN0Zr/Y/rbaV6Fxgj/6xU0c7SJhCZyiAIAOuusvCvvDuv96je96f7W6Pxlb/LSK13+JqX+tqoY0zZQhnmIVdYc8=&u=U2FsdGVkX19rQrKvIbPPb7gnD3vCUjKM1tcz6rLPhFY=&y=U2FsdGVkX18JZ2jdkyXdOBFP1CRzqPKwsy8NGUtZknY= HTTP/1.1" 200 1409
186.102.11.135 - - [07/May/2022:13:20:23 -0500] "GET /kwssiamovil/sm/acme/s?s=U2FsdGVkX1+ML4OG233UV0mZ69C5sUj+IoJAC/O4/89fkOQidek92XSUZ0aHtZmFTw6P4dApE7C7sWpqh5DGUiXjRpMmBT0CFlhQo//8SLhUgw5y+B+YcjqQL/+mtrXHQXps7+y9SPFBGTJOoqJ+weHeLNK+QIEXr8jYBBxzZCXszsekEcdl08yFVlNFEi04z1FyoLjo+xdP3yTwIFupfFdwoSepd5MEaLun59QuOpGQfYccooogOVMnQqP0hBW8ae2D28O+X8BVUwi3LtoGEegR+r74cZNFg/XPaSbV0hU=&u=U2FsdGVkX19rQrKvIbPPb7gnD3vCUjKM1tcz6rLPhFY=&y=U2FsdGVkX18JZ2jdkyXdOBFP1CRzqPKwsy8NGUtZknY= HTTP/1.1" 200 176
186.28.124.181 - - [07/May/2022:13:20:21 -0500] "POST /kwssiamovil/sm/setfile/f? HTTP/1.1" 200 381
186.102.11.135 - - [07/May/2022:13:20:23 -0500] "GET /kwssiamovil/sm/cjson/pre?f=1&x=U2FsdGVkX19IDEc5NulE1tjR/89zrSUkbezT4JkNaxD0frLj0PIkoaiIObYLKw+b HTTP/1.1" 200 30992
186.28.124.181 - - [07/May/2022:13:20:37 -0500] "GET /kwssiamovil/sm/acme/a?s=U2FsdGVkX1/ahrk7mdXsTnPsFHC+CQxhXmH3te1ZC8m454j9ewaL2AiTP3FSks+j4Jr5TaJlScbsoa960gI6bQJL/PvgUYv1dYqX4/1MzHgxeNVb59QDQvweYwFd8+TN5DRZEZFu2F5p8TK+6bLbwggxDEIYHvTY/olqfB0PpySC/ebZ3yf+GKWSUuZWc90+kEXgLm3d5Uutczvdv37BRS2c5KMQAtVud0+tylyZRmB1M2maYSNTbJ6Zmxlm6CPH90jpjZ/hrZ94FaQZTHi6pA==&u=U2FsdGVkX1+yQ/7SjJjIgQgzZlfDfMmt1j/R0DeyTrA=&y=U2FsdGVkX1+OIMeUMyGD2Pi7rJeMDMyRPOYfXVIEGag= HTTP/1.1" 200 25
186.28.124.181 - - [07/May/2022:13:20:38 -0500] "GET /kwssiamovil/sm/acme/a?s=U2FsdGVkX1/MMKGO8bFxidpvmBHC6SUauz3FFyCVVlG51tu6XyFmnCOZYNFx6SXJ3K/qQasjUdwf5ADWEdg4mxDRK4TA/iUWxTkOP9St5dnczRvSM9qEdXof9Da5R0z/KWbspdy9TTLjm7VeKHY/QYZoxlBizndJPPfA9YBCmEWHZoZyXM/U7xTgHTOt9dTSFLS8+T5we8OizUSMTljKW/9ikbA5SJZLgUvjWjkk5raEemaRFnD1D04gKbT0dXWxH8WiJBwFYRX+/JjCUe5hoelhD+zS7x3zMeLqGQTEdeDNqLXuPS9hgrVxAi+mOjBKcOtQ84uBWYv/itX6fmZim7Z1IEF9FrxcMi8pNzcrUO8/nCWVuV+L9UjqtOqnc6KVrkr88szTZatpn8k8nQo6RE+/oLUgh33L1tRmWo+Pc14l3OEzucQX6XaGzSEJinqg2idZcREwO6bAVDo6s89csBzCmC7b9yWy3T6kAJCPDfUcQI3yOFVCP4x8vfaFovExJI/00SoMf4Zdd7Y+fFQ4Dd9E9LPGJ9VkwYfTKdRpPYQPHNmq+ZFRmHtw3lx4iumJkfNntG6eHr/udKy6yJcfAp/oIz7GTtq7acp4GtLWTFPBqgVT/v8VhgcXtOb2gmnXW47pBMK5J7DNXwWs6tIvKqejZFkHlF+JKdNtn2UnSFztfV4aA5IlcQenXYyvFkwhkxGBg0GyIOJbKil8o8cJPfIhj7Ci2tkzfu99JlEBhz1bkKKnAgw8YfvPigs/V6ZTgl4ZApcXPst6ZV6Ti+leCGAgcW+VHhbW3GQdBMs2aZlfbEIaffDwK5mt5PhDnbLqX0LlZ7lyWatcIx3gOp50wdgHuBC2qxoE9pmTc26bctPgGxTWHXvOV5saXT+xnhPdIAQNs8JrywKaXl2OT4BQLxwkE1be6W3bIVUDQ9VXwZVZRoybmFZH2AoMnpvg1Y47jqrwP6X0qmT6CC2xLvE5DVrB2vyn+h0vUPHsi5zoEsQvchtEkeF6TaxM+jnQ8k1+KfAslB/a6avV81Bpn225bcnpexdmwTDJK4NUarlDBPIICsz5HR2MBYsW4QeuZ9+IrxgGV20PhmLYWPADNqU4x5r+ICtkmA3S249RtOa+iKQW5QeRpqiSC7uoDN5Q9uJlLi9ciKW5lZvQGPYe4DM2wJi8E5QWAJeitRf3LKhMG6VIJI3dwRmaSdCS67i7KJWgg3bo/AwbJR5HVumksoFpN975sTUgNw41NXyXm+9eYdr2mMpPgSELLXLcfSpdABWybwKeUpA6+5CjzW7fESAmuwVBvWTBV1mLkAJLIfOZqgcipYkIBMs+OMy1jEOvMENl+83aIb5IWRjKQMEC5KDNGtBM0V0eT4U8Wqhm5La2hSO/jdY/ow7VWpmAIm5qRRCDFv9+AdFO5L2tlZNvgwieB2rsJ3nWSw0CiWLoXGB8/O4smiQWUxc4QyGby2GkG1Dzli+B3gc6lw2a1x7AO1o/HKTa8kBp6f5cNpgiU5x08OTY/bAuq5VhrDCJYfoHKIGyAtzD4uzsWQLZsAI66pNWp+Mt3+DIcIVgTDYsmGvDnrfza+1E7UwEkvkvjPXLe2OryQQ6ly5vW5wA3cpiHpQ3x0hwjwKPHlYyN7UKoJqdlkDVeEYDEj4CLQsiE8NwGeje5r0qcanHJyPUc8iZGJT2p6YAQgQshpkA89E6WhmPnVrqVifwBTuo64lZj8X+DmW2cgZdaQihvvRegWPwBnnVv9wt8BzOUOILeHkac9JK1q2SyQsiwaa3eIPbgC5A3zFQJwDn7Y5/gVTI9SxonkYNl18ucTZfVvzNf29lmVJ0yNp0406cjpADKJmf64XRpzwLD/z3Yh42E/6M7ewb0T8hFd71xJuq1iZINwEJQ/nNq9BBDn2gQRO9LtZP1PXaUNwdKYV1qpnhx0C8Aer2Q01ee35TDvI8zy0HzHBOKUmYxv6XYAI9O8i+bkILJF7Y3qXe9QmvjkMUjmW/BZ3OcD/20IazPuNk9OFrxrkE6bgpyxwzuKTFjziRMcJGKeBsh4EAn5GISgRjpWyDb+wlUi6MMSeRKLXJYKhjQY6FCeUEb7oe25zULLGrOwhSoJ6u8waon+Q//8pg08UZZI9CjN7PggzRuJYM1ys2GJBNv69pYVxX0sJ8CkR+VAq5FprodMeNZricuMhm/oIrkJNgJjB0XYLk6kYaEHyPNe7Fjk5BwtAGO4XonywcB2KGSYh/mJm1hdcrE+l7g5WV9hZYpzEchDKmJlmQ8qogKqbNDKIJfRbICUrPbS5cCVZ488MjveIMsa7GupNOkH4j2VElbgcuPBb01559pKP0wbhD7nBTeIZ7LX+AqJQQYnuULSoovhzx&u=U2FsdGVkX1+yQ/7SjJjIgQgzZlfDfMmt1j/R0DeyTrA=&y=U2FsdGVkX1+OIMeUMyGD2Pi7rJeMDMyRPOYfXVIEGag= HTTP/1.1" 200 25
186.28.124.181 - - [07/May/2022:13:20:38 -0500] "GET /kwssiamovil/sm/acme/a?s=U2FsdGVkX1/1RfjirbqZLWwvixw3Vba5rJkj7e0iSzBF916C/icDHggWSSk6kwcy+RpDEnK3oSgpbBmCKSfTPnYOnv0ZEHHgGs58pX+klNzSpNLSe+zDjTEPaf7LnlhZEQwu5YdiMx+aG34+dS9du9R1heF/9v+VswZ6ZX3H+D4=&u=U2FsdGVkX1+yQ/7SjJjIgQgzZlfDfMmt1j/R0DeyTrA=&y=U2FsdGVkX1+OIMeUMyGD2Pi7rJeMDMyRPOYfXVIEGag= HTTP/1.1" 200 25
186.28.124.181 - - [07/May/2022:13:20:38 -0500] "GET /kwssiamovil/sm/acme/a?s=U2FsdGVkX19jTYpAQd0gZ7L/fUZvD0310hPgzVrJ7MDqZSUWsK/KX1bbjrM+IPjz/SNtqXGmjZUBTL1+ObeELLEed9p3f7lNNNjUonBRyCRvVeeUOO/cKa6LMylraXlMWsk1/hb/TZmHZrekFqhJIKXdUgNFwG2keQXBeI/gCvs=&u=U2FsdGVkX1+yQ/7SjJjIgQgzZlfDfMmt1j/R0DeyTrA=&y=U2FsdGVkX1+OIMeUMyGD2Pi7rJeMDMyRPOYfXVIEGag= HTTP/1.1" 200 25
186.28.124.181 - - [07/May/2022:13:20:38 -0500] "GET /kwssiamovil/sm/acme/a?s=U2FsdGVkX18zPT2yw3YBubFHiR2ZYydObXK1P9x8rixpcOwcvpt0RW8tKeFd1S7doJ8KPVXasr8FDYn2hfX+JahmyWhBNdudl/swIRBRx4xequzq3j7wTQCzntaeWykB8AOEl9O0vVTOTb46Pr/NDVjDlvLDCRsUT7gexHXynT0=&u=U2FsdGVkX1+yQ/7SjJjIgQgzZlfDfMmt1j/R0DeyTrA=&y=U2FsdGVkX1+OIMeUMyGD2Pi7rJeMDMyRPOYfXVIEGag= HTTP/1.1" 200 25
186.28.124.181 - - [07/May/2022:13:20:39 -0500] "GET /kwssiamovil/sm/acme/a?s=U2FsdGVkX18W1cgTOVPrCieW99ucaCcbkT88uzL11ZeQRq6q8gQghB7lseaF+9w5bFvYmKeu7v7k+nr1z1cUTdXTBo50Lh6Mpv7qpP85lOJEq/1VmhoAmb2dTFiVjOE41c4qvyIu+aI5rj5IVY8N956sAxZJxwMOUhVsSkKGUkj4IESPznbZhSdhUkZFYqrN&u=U2FsdGVkX1+yQ/7SjJjIgQgzZlfDfMmt1j/R0DeyTrA=&y=U2FsdGVkX1+OIMeUMyGD2Pi7rJeMDMyRPOYfXVIEGag= HTTP/1.1" 200 25
186.28.124.181 - - [07/May/2022:13:20:39 -0500] "GET /kwssiamovil/sm/acme/a?s=U2FsdGVkX18ER5PeV8uf2W6HBH/HQJbrOqtQYGhqiqNTkkMQD4PFCbjtzjzKqaPysb9S16487pMyzD5N8NRWJqfrCgu8GcbNYaUkUI/vC6YeMpPWfAazIJMBUwdq7XQ4GmE7fQe5di2f2NhgcBTF12kImaAbKGC7TG9jmFefuyrLRs7/xNM+6Px/QaJbdXub9B8WvRyjjnDf8USxCp2otw==&u=U2FsdGVkX1+yQ/7SjJjIgQgzZlfDfMmt1j/R0DeyTrA=&y=U2FsdGVkX1+OIMeUMyGD2Pi7rJeMDMyRPOYfXVIEGag= HTTP/1.1" 200 25
186.28.124.181 - - [07/May/2022:13:20:39 -0500] "GET /kwssiamovil/sm/acme/a?s=U2FsdGVkX1+om7kTclHGd5KPeOBvfmKwzn2rKPn+pmEJvDxMDyfF/TGhwrI5TO3sUiQ3nwmmUYOguyAXBUzffF/eJIiqjS+eHe07Cis8UAKAX2QUJ3YOb4YFPjQo+4c16obKqKSCdd46/hOHt2LPtAOCj0OXN/Q4m8/Lpy+lSd306csOzIeuCH2//IzzIZ+F&u=U2FsdGVkX1+yQ/7SjJjIgQgzZlfDfMmt1j/R0DeyTrA=&y=U2FsdGVkX1+OIMeUMyGD2Pi7rJeMDMyRPOYfXVIEGag= HTTP/1.1" 200 25
172.22.2.4 - - [07/May/2022:13:19:04 -0500] "HEAD /BLA/boletinlegal/ HTTP/1.1" 200 -
186.30.62.25 - - [07/May/2022:13:21:32 -0500] "GET / HTTP/1.1" 200 4720
186.30.62.25 - - [07/May/2022:13:21:32 -0500] "GET /fonts/icomoon/style.css HTTP/1.1" 200 79820
186.30.62.25 - - [07/May/2022:13:21:32 -0500] "GET /css/style.css HTTP/1.1" 200 3473
186.30.62.25 - - [07/May/2022:13:21:32 -0500] "GET /css/bootstrap.min.css HTTP/1.1" 200 178212
186.30.62.25 - - [07/May/2022:13:21:32 -0500] "GET /js/url.js HTTP/1.1" 404 1198
172.22.2.4 - - [07/May/2022:13:19:54 -0500] "GET /BLA/boletinlegal/ HTTP/1.1" 200 59688
216.245.221.92 - - [07/May/2022:13:21:44 -0500] "HEAD / HTTP/1.1" 200 -
190.27.178.102 - - [07/May/2022:13:22:23 -0500] "GET /bogota-tendra-una-nueva-reciclaton-empresarial.html HTTP/1.1" 200 886
190.156.90.221 - - [07/May/2022:13:22:50 -0500] "GET /BLA/ HTTP/1.1" 200 538
186.102.11.135 - - [07/May/2022:13:22:51 -0500] "GET /kwssiamovil/sm/ldap/au?x=U2FsdGVkX18KqJNoi+/v2HHCnDPJZWeagLr8oa8fO/OfvQ87FziE5noxaWbvYHue&y=U2FsdGVkX19u1gPb5fyyafmHw93roe0jzJO1Epvdig4= HTTP/1.1" 200 30
186.102.11.135 - - [07/May/2022:13:22:51 -0500] "GET /kwssiamovil/sm/acme/s?s=U2FsdGVkX1/3E7WrfavvruXRxSQX0DZdW9JdKd1tm5ILPcRE3+6nO4iEzUl8QHWG5mzsF1M0vKoUfX+dKr5boZs6HgYZmx9Z8emIH0bwxvM=&u=U2FsdGVkX1/AZsuNNsZ58WQ73C2hWq81L7FNEaksOJY=&y=U2FsdGVkX19u1gPb5fyyafmHw93roe0jzJO1Epvdig4= HTTP/1.1" 200 97
186.102.11.135 - - [07/May/2022:13:22:51 -0500] "GET /kwssiamovil/sm/acme/s?s=U2FsdGVkX1+TSeXQGlk6YEuhzgk6Uq7jEBzwNTHj9FJ2fCVR3qtXq7Y4V6aMLK8iyayjfs4oTdf4V2iM2B1GfXqm4XOYG0aN4O/5LmEbgwhTG+ua36u75tN53Dv0S9XHcUklL6jyYkXZ75RK6SVfs0vP82nWjDfvBvYV1xhBLTOk39zMW4YlRn+V74d1+4YmN/nkTiNdK9e7K2BWd31SywWEAXGnvIWQRnGTGN3/Km6h6okgMj7Dbqz2fQvGLrSTU8zbGTICf+wU9u8+qsMzvSbkSASbmrlgmq1ymY+7GP2RZ6ywhVd+6SSyWmueaTPmjoUfM5dAqXcbpgJw9upuMMVC3XyL+/DB8TOdBgEtO+JYsn7pL5mYklREkla9CEn3y+HSJfajh6v290Ow2QLeDFe91k+aOLtJpGHIJnVrn6kQolQCClAmhOjNNJwjY21PBjpa6wla4YhfSwGAyZpykEKzyVU8uKmDJ/UTFAKj8pOsM2wL3ZGEpu2Pi8MwGRx3P/hECR6iMTB+bmANuFg1dt5/rQiN531MC9huGb7YHSmnx31FjaK//Vp5bs68bhBQP30TPUcXimzv5Lgw3uRyzzGS5nxr2JlLNS+0kLUhhPC5THDbqdIlk5fGKOjkkO05CoRJxOFy5jaSGjUEMH32Os1FqzMreNH3XQTt6iMzhTUXrG+VyKalilyn4B/+XunNaFwAi+ThL/1U61D7gvjA/i/N2klstmx1e4WN+iigTqHId63HDSzguYvtNT28H99A8Z1H+DUhwH6B0JD1kHCYMr/HXM2LAQihZW9s+KAH8/a2RPhU893hgJmDcNVG5tgyiaDz1clss4umU+1uLzEcItuh8ITO6B5mbM1SNrDut8fz87qMml8b8MQkd+/C6JTlQINLHn9WoOG9Ge2FnJqyKqqQUb2VZd5JBWMsqezuqEYPP6eYJR8Z5jSYgzc6Qe0qM9j7xndnjLUQrArbLRiO70t1zT/Ou0/Tohn1sfeBd9iyzrRaSPnJwBX74/4Q/AAAKcookO/EjR0SmxSy8oJesUT+EafXoX8U7xJI3u+LnvLtrthtudDutEeDzaEDqccLy+DnGb+PYqHkY1EUFYlPSsRf2CjeKhzjnPgpN4bkAsQkRdYCuUwVv5yHei+gu1xCv2BoT1xhsHq9PhIdUKiG+/Taes1QAXtifL7iBqpAAShV1ojhD3J8v+aG9zWxF0PhW0AR9oItQKukFAgWL+14M8nBRndq/cA7f6+Hc1sUq2q8WorRFDQ7rbjYeSKlVyYkGYhlhElnCicf1Ei1+17Y+/4U3kzWwODm/syTXfyJh3+3Z+bV+wwZcInqTwvGPsFEvik5QFEf7zE6sfy/XsJXgbjj5CLBYO7iRlew8hjxpR4=&u=U2FsdGVkX1/AZsuNNsZ58WQ73C2hWq81L7FNEaksOJY=&y=U2FsdGVkX19u1gPb5fyyafmHw93roe0jzJO1Epvdig4= HTTP/1.1" 200 1855
186.102.11.135 - - [07/May/2022:13:22:51 -0500] "GET /kwssiamovil/sm/acme/s?s=U2FsdGVkX1/SocLry05VkP1aACjeiNtAN/wUN6lEheOclBhQK+q7YrwysTEnhCAEk+nik7lKXvTxdUrQtseK3Zu9sYNJMgAeiMBD/uEbR16mu+ivfG9y1IttPu/ysbEUop0Vu21N0Jzxp3d/h62vessZq9jWIl4XgP99OI/T8KIVdsiffGekWJL2dIBloL4fQkRwioviJk24U5xoECk5eLI5sA/PMo1SDlZMm3vcIDYcTl1LMM4FMkm/anFTPTK4+OOTh7eWPlDCN5SoNqnpdCPF0qGow0U3F+bmF4X5FDU=&u=U2FsdGVkX1/AZsuNNsZ58WQ73C2hWq81L7FNEaksOJY=&y=U2FsdGVkX19u1gPb5fyyafmHw93roe0jzJO1Epvdig4= HTTP/1.1" 200 176
186.102.11.135 - - [07/May/2022:13:22:51 -0500] "GET /kwssiamovil/sm/cjson/pre?f=1&x=U2FsdGVkX18KqJNoi+/v2HHCnDPJZWeagLr8oa8fO/OfvQ87FziE5noxaWbvYHue HTTP/1.1" 200 30992
190.156.90.221 - - [07/May/2022:13:22:54 -0500] "GET /BLA/boletinlegal/actos.php HTTP/1.1" 200 9559
190.156.90.221 - - [07/May/2022:13:22:52 -0500] "GET /BLA/boletinlegal/index.php HTTP/1.1" 200 16331
201.245.192.253 - - [07/May/2022:13:22:20 -0500] "POST /kwsrmcab/Wsrmcab HTTP/1.1" 200 43748
66.249.66.85 - - [07/May/2022:13:23:54 -0500] "-" 408 -
201.245.192.253 - - [07/May/2022:13:23:11 -0500] "POST /kwsrmcab/Wsrmcab HTTP/1.1" 200 46752
172.22.2.4 - - [07/May/2022:13:24:03 -0500] "GET /BLA/boletinlegal/ HTTP/1.1" 200 24523
199.59.150.180 - - [07/May/2022:13:24:37 -0500] "GET /documents/10184/2325415/pieza-concurso-buenas-practicas-20-septiembre.jpg HTTP/1.1" 404 1030
199.59.150.181 - - [07/May/2022:13:24:52 -0500] "-" 408 -
191.156.227.81 - - [07/May/2022:13:25:18 -0500] "GET /primer-festival-de-la-papa-nativa-en-el-jardin-botanico-conozca-pruebe-y-disfrute-estos-manjares-criollos-y-saludables.html HTTP/1.1" 200 1116
69.63.189.119 - - [07/May/2022:13:26:23 -0500] "GET /crisis-climatica-distrito-firmo-alianza-para-preservar-la-seguridad-hidrica-de-bogota-y-la-region.html HTTP/1.1" 206 1075
69.63.189.116 - - [07/May/2022:13:26:23 -0500] "GET /crisis-climatica-distrito-firmo-alianza-para-preservar-la-seguridad-hidrica-de-bogota-y-la-region.html HTTP/1.1" 206 1075
172.22.2.4 - - [07/May/2022:13:24:54 -0500] "HEAD /BLA/boletinlegal/ HTTP/1.1" 200 -
216.245.221.92 - - [07/May/2022:13:26:44 -0500] "HEAD / HTTP/1.1" 200 -
172.22.2.4 - - [07/May/2022:13:25:44 -0500] "GET /BLA/boletinlegal/ HTTP/1.1" 200 58588
216.245.221.92 - - [07/May/2022:13:31:44 -0500] "HEAD / HTTP/1.1" 200 -
66.249.66.85 - - [07/May/2022:13:32:15 -0500] "-" 408 -
172.22.2.4 - - [07/May/2022:13:30:44 -0500] "HEAD /BLA/boletinlegal/ HTTP/1.1" 200 -
201.245.192.253 - - [07/May/2022:13:32:20 -0500] "POST /kwsrmcab/Wsrmcab HTTP/1.1" 200 43748
172.22.2.4 - - [07/May/2022:13:31:34 -0500] "GET /BLA/boletinlegal/ HTTP/1.1" 200 57044
201.245.192.253 - - [07/May/2022:13:33:13 -0500] "POST /kwsrmcab/Wsrmcab HTTP/1.1" 200 46752
216.245.221.92 - - [07/May/2022:13:36:44 -0500] "HEAD / HTTP/1.1" 200 -
186.102.19.239 - - [07/May/2022:13:36:56 -0500] "OPTIONS /kwssiamovil/sm/setfile/f? HTTP/1.1" 200 13
186.102.19.239 - - [07/May/2022:13:36:56 -0500] "POST /kwssiamovil/sm/setfile/f? HTTP/1.1" 200 381
186.102.19.239 - - [07/May/2022:13:37:03 -0500] "OPTIONS /kwssiamovil/sm/setfile/f? HTTP/1.1" 200 13
186.102.19.239 - - [07/May/2022:13:37:03 -0500] "POST /kwssiamovil/sm/setfile/f? HTTP/1.1" 200 381
186.102.19.239 - - [07/May/2022:13:37:07 -0500] "OPTIONS /kwssiamovil/sm/setfile/f? HTTP/1.1" 200 13
172.22.2.4 - - [07/May/2022:13:37:12 -0500] "GET /BLA/boletinlegal/style.css HTTP/1.1" 200 9406
172.22.2.4 - - [07/May/2022:13:37:12 -0500] "GET /BLA/boletinlegal/styles2.css HTTP/1.1" 200 1838
172.22.2.4 - - [07/May/2022:13:37:12 -0500] "GET /BLA/boletinlegal/js/jquery.js HTTP/1.1" 200 57254
172.22.2.4 - - [07/May/2022:13:37:12 -0500] "GET /BLA/boletinlegal/js/jquery.scrollShow.js HTTP/1.1" 200 4586
172.22.2.4 - - [07/May/2022:13:37:12 -0500] "GET /BLA/boletinlegal/js/jquery.scrollTo-min.js HTTP/1.1" 200 1150
172.22.2.4 - - [07/May/2022:13:37:12 -0500] "GET /BLA/boletinlegal/images/cabezote%20BLEGAL.jpg HTTP/1.1" 200 118164
172.22.2.4 - - [07/May/2022:13:37:12 -0500] "GET /BLA/boletinlegal/images/subscribe-icon-big.png HTTP/1.1" 200 47702
172.22.2.4 - - [07/May/2022:13:37:12 -0500] "GET /BLA/boletinlegal/images/historia.png HTTP/1.1" 200 52775
172.22.2.4 - - [07/May/2022:13:37:12 -0500] "GET /BLA/boletinlegal/images/registro-usuarios.png HTTP/1.1" 200 8106
172.22.2.4 - - [07/May/2022:13:37:12 -0500] "GET /BLA/boletinlegal/images/arr_l.jpg HTTP/1.1" 200 1979
172.22.2.4 - - [07/May/2022:13:37:12 -0500] "GET /BLA/boletinlegal/images/screen_1.png HTTP/1.1" 200 202547
172.22.2.4 - - [07/May/2022:13:37:12 -0500] "GET /BLA/boletinlegal/images/launch.jpg HTTP/1.1" 200 14577
186.102.19.239 - - [07/May/2022:13:37:07 -0500] "POST /kwssiamovil/sm/setfile/f? HTTP/1.1" 200 381
172.22.2.4 - - [07/May/2022:13:37:13 -0500] "GET /BLA/boletinlegal/images/body_bg.jpg HTTP/1.1" 200 1601
172.22.2.4 - - [07/May/2022:13:37:13 -0500] "GET /BLA/boletinlegal/images/menu_lft.gif HTTP/1.1" 200 1713
172.22.2.4 - - [07/May/2022:13:37:13 -0500] "GET /BLA/boletinlegal/images/menu_rght.gif HTTP/1.1" 200 1627
172.22.2.4 - - [07/May/2022:13:37:13 -0500] "GET /BLA/boletinlegal/images/bg_top.jpg HTTP/1.1" 200 522
172.22.2.4 - - [07/May/2022:13:37:13 -0500] "GET /BLA/boletinlegal/images/hover.jpg HTTP/1.1" 200 640
172.22.2.4 - - [07/May/2022:13:37:13 -0500] "GET /BLA/boletinlegal/images/menu_bg.jpg HTTP/1.1" 200 620
172.22.2.4 - - [07/May/2022:13:37:13 -0500] "GET /BLA/boletinlegal/images/text.jpg HTTP/1.1" 200 568
186.102.19.239 - - [07/May/2022:13:37:14 -0500] "OPTIONS /kwssiamovil/sm/setfile/f? HTTP/1.1" 200 13
172.22.2.4 - - [07/May/2022:13:37:14 -0500] "GET /BLA/boletinlegal/actos.php HTTP/1.1" 200 9559
172.22.2.4 - - [07/May/2022:13:37:14 -0500] "GET /BLA/boletinlegal/niceforms.js HTTP/1.1" 200 22876
172.22.2.4 - - [07/May/2022:13:37:14 -0500] "GET /BLA/boletinlegal/niceforms-default.css HTTP/1.1" 200 6694
172.22.2.4 - - [07/May/2022:13:37:14 -0500] "GET /BLA/boletinlegal/js/popup.js HTTP/1.1" 200 1270
172.22.2.4 - - [07/May/2022:13:37:14 -0500] "GET /BLA/boletinlegal/js/lib.js HTTP/1.1" 200 6474
172.22.2.4 - - [07/May/2022:13:37:14 -0500] "GET /BLA/boletinlegal/js/ajax_actos.js HTTP/1.1" 200 1322
172.22.2.4 - - [07/May/2022:13:37:14 -0500] "GET /BLA/boletinlegal/js/jquery1.js HTTP/1.1" 200 29846
172.22.2.4 - - [07/May/2022:13:37:14 -0500] "GET /BLA/boletinlegal/images/green-yellow-blue-pink-th.png HTTP/1.1" 200 7394
172.22.2.4 - - [07/May/2022:13:37:14 -0500] "GET /BLA/boletinlegal/images/abajo.png HTTP/1.1" 200 96676
172.22.2.4 - - [07/May/2022:13:37:14 -0500] "GET /BLA/boletinlegal/images/tel.png HTTP/1.1" 200 14477
172.22.2.4 - - [07/May/2022:13:37:14 -0500] "GET /BLA/boletinlegal/images/icono-email.png HTTP/1.1" 200 5544
172.22.2.4 - - [07/May/2022:13:37:14 -0500] "GET /BLA/boletinlegal/images/footer_bg.jpg HTTP/1.1" 200 586
172.22.2.4 - - [07/May/2022:13:37:14 -0500] "GET /BLA/boletinlegal/images/footer_bg_l.jpg HTTP/1.1" 200 776
172.22.2.4 - - [07/May/2022:13:37:14 -0500] "GET /BLA/boletinlegal/img/0.png HTTP/1.1" 200 110
172.22.2.4 - - [07/May/2022:13:37:14 -0500] "GET /BLA/boletinlegal/img/button-left.png HTTP/1.1" 200 57071
172.22.2.4 - - [07/May/2022:13:37:14 -0500] "GET /BLA/boletinlegal/img/select-right.png HTTP/1.1" 200 44019
172.22.2.4 - - [07/May/2022:13:37:14 -0500] "GET /BLA/boletinlegal/img/select-left.png HTTP/1.1" 200 263
172.22.2.4 - - [07/May/2022:13:37:14 -0500] "GET /BLA/boletinlegal/img/button.png HTTP/1.1" 200 43241
172.22.2.4 - - [07/May/2022:13:37:14 -0500] "GET /BLA/boletinlegal/img/button-right.png HTTP/1.1" 200 57878
172.22.2.4 - - [07/May/2022:13:37:14 -0500] "GET /BLA/boletinlegal/favicon.ico HTTP/1.1" 404 1326
200.119.54.99 - - [07/May/2022:13:37:16 -0500] "GET /BLA/resoluciones/ HTTP/1.1" 200 13093
200.119.54.99 - - [07/May/2022:13:37:16 -0500] "GET /BLA/resoluciones/dlf/styles.css HTTP/1.1" 200 3049
200.119.54.99 - - [07/May/2022:13:37:16 -0500] "GET /BLA/resoluciones/dlf/folder.png HTTP/1.1" 200 410
200.119.54.99 - - [07/May/2022:13:37:16 -0500] "GET /BLA/resoluciones/dlf/bg.gif HTTP/1.1" 200 54
200.119.54.99 - - [07/May/2022:13:37:16 -0500] "GET /favicon.ico HTTP/1.1" 200 7782
172.22.2.4 - - [07/May/2022:13:37:21 -0500] "GET /BLA/boletinlegal/images/arr_r.jpg HTTP/1.1" 200 1998
172.22.2.4 - - [07/May/2022:13:37:21 -0500] "GET /BLA/boletinlegal/images/screen_2.png HTTP/1.1" 200 362502
172.22.2.4 - - [07/May/2022:13:37:21 -0500] "GET /BLA/boletinlegal/images/screen_3.png HTTP/1.1" 200 210620
172.22.2.4 - - [07/May/2022:13:37:21 -0500] "GET /BLA/boletinlegal/images/screen_5.png HTTP/1.1" 200 368876
186.102.19.239 - - [07/May/2022:13:37:14 -0500] "POST /kwssiamovil/sm/setfile/f? HTTP/1.1" 200 381
200.119.54.99 - - [07/May/2022:13:37:31 -0500] "GET /BLA/resoluciones/dlf/dirup.png HTTP/1.1" 200 644
200.119.54.99 - - [07/May/2022:13:37:31 -0500] "GET /BLA/resoluciones/dlf/pdf.gif HTTP/1.1" 200 272
200.119.54.99 - - [07/May/2022:13:37:31 -0500] "GET /BLA/resoluciones/index.php?dir=RESOLUCIONES+2014%2F HTTP/1.1" 200 333168
200.119.54.99 - - [07/May/2022:13:37:32 -0500] "GET /BLA/resoluciones/dlf/unknown.png HTTP/1.1" 200 266
172.22.2.4 - - [07/May/2022:13:37:32 -0500] "GET /BLA/boletinlegal/images/pdf.gif HTTP/1.1" 200 567
186.102.19.239 - - [07/May/2022:13:37:52 -0500] "GET /kwssiamovil/sm/acme/a?s=U2FsdGVkX1/vqT5mCORqaBqjMov/8Xun7YvXZKManOvsPkN8x+Bd7ZkNdfA2rWaF7vxCkIk6pXzNyiirIURqGYwXMVOWUUkzZUB6Y+1P9MJdil/iTdeslYRD3dMTmMT5xfA9gcJYcjSh5kP/Sb0SFS5lfnKyfC/XxuXwBN9q7MbNK9rzBLPgwPJfoy5S7noCdJBck3Jaou9aAgxxZJqTdJDzjBwlEFo7xv6cYVYHkF+dVB2wD+rJF5FzyggsVxp6hIV35EZMnzyB1gwfSaJ7mQ==&u=U2FsdGVkX18zQS5Rxq9dUKSPbeczZs8LtnKkpaFFw1qkCNtNG3kH6fW+KCm4fEpz&y=U2FsdGVkX18+prORvbgcVAdIbO1Ci84MCDRq/IVJdAiloMtpDcCFNi6zERbKJPcq HTTP/1.1" 200 25
186.102.19.239 - - [07/May/2022:13:37:53 -0500] "GET /kwssiamovil/sm/acme/a?s=U2FsdGVkX1/X7Bkrit84RIKjUeleBP6S13OCTuIwjd91/9EiXFdkeyNvMZdczaP4sQHCeqUe8tu/Wo1lBOJQ1m/TwHXlc3LjCcrgWIwKeXJd2lN1V8v+MwMxgGHNhZpOL7dCaPR9LI7ONMVxAKNiF0waUWNfqX3PVdtN1JOXAdTjGNZO7+qWeaLa2yzlywTeVfH45MeYhmV1AhIaB8kzY+9Kd6LeP0rt6WyPxoM1x6xLQl0w4EvYpt2MZ/+Zu9D8ofHk2zOFIKU4j/DPbLubVFtm8wzMKeQk75RfJABSdhrQvMFHY9ZCezZNgDsSwx2u2G9HJAujjme4viWc9KvN7DupyR6iXKwj38obcyY7xEFGND4RKJW0oaSDKBgJq1P5p1XEg6DcNS4WfINYkFRROwQnAzv/jvZJaz0xsCv1QhRsE+AmKhIasOqYI8FJKOKQCfANe3RH4ZwPfo4++1SeZ7ivKwCtkiQn94Fqqp2sqDu6hJSh971zdya+6MM2HI2cOxRdZk0saOlZcd/IhvYoeSDldA9xmzwqZE2PxfDEeudt4h9fDrqverBBndNnuLkeuWRWdoaIhdWs8T4AFFt2FFIVPEIN01ypKmyHX8xHJ1lO/mySO8776/JNpEXu4YzDMeTUn0hrlD7TUdxwBJ1HlG8SKfC1hRoUplUBi+VAh1J5JWWGKaxYG36yIKh1JteRQMed9ExhqI610pf6FNJSAlVAq1rrF3sCFjrOnjRXG904zqIWE65FhQprN4eqPIPZ2gEBUNG7kTPUhyhZBmieqnVntfooEf73o3aIzJNriBoUeIUppyDow69K7XTMa4zkGUUN5YpoNSzrL2Z7kwTmaVZ3SQ4NPYUJUF6J06/71R+zLQE3BBCoXhoJDmqEpQkt3WasB8HGpRq8S7fBisCtzKMD/Wsm3UMrYn+svNROH4lxxLRluBeuumzbhCyllKcGWktP0b5/beKMk3nSeN7Vr0N6TdFJBop6lMFs1/m62VfR8802fOCtWtba6cPuOFP8IJ967GvR4Bx4fmy8IYyAFXL863TtwuQcxuz3n6p6k1Nwc19G8mIkPPCncKJFHwnIWByVb4nHyZU0woq3On9WT4qWj3kXTrRDLMiYnE7y7nTVTxeaHfg2+clirpLEITMeVHuVCPjUuObgVyp+61iBzDzmzhGhTaRgnneoBS0ZYyp401PDDsNxjYQmSAOtsmY/ymAfT4S+UmQZmr8RzLs1cMWJyB+nOfTyf4bDhJQtqtvrCBA5vz++Kgg6gGMTf2hpGFpwf75hcr30exQ0/uEYEzYDLp8UGjCtXPdOUpanCmfFFgO22hGvQbZJHHykW1XfzF0pxfSVRALGpCDbEfJA1nVi2wowoGjLR2m2mGecWKZs56w8yAnP6wwShO0G2Yx/uNXCkf0Yri6pGIP7BLCSiGaJOYPCvU+70tckVjyMS/Csn3ZnDiwFwTEQSAh7tlrWXvjfnHcIHeZC3uiPOPDwj+0V8ZCb7NsPD38Kdzt0e+Q=&u=U2FsdGVkX18zQS5Rxq9dUKSPbeczZs8LtnKkpaFFw1qkCNtNG3kH6fW+KCm4fEpz&y=U2FsdGVkX18+prORvbgcVAdIbO1Ci84MCDRq/IVJdAiloMtpDcCFNi6zERbKJPcq HTTP/1.1" 200 25
186.102.19.239 - - [07/May/2022:13:37:53 -0500] "GET /kwssiamovil/sm/acme/a?s=U2FsdGVkX1+9v6Xef0gw8OTi20Yw3IudnKICvsIhGVqqCRFSO+kke+pgZtvxtx4J4jltdjbjmDi+PqyrmzQEje4jR6gIc4V1yPiYPaay9tdZXcTtSO22IBXibO036pc0tRkdl6/nyCwTplUx7eBaB5YFG13nvyi6OGqTExHODUY=&u=U2FsdGVkX18zQS5Rxq9dUKSPbeczZs8LtnKkpaFFw1qkCNtNG3kH6fW+KCm4fEpz&y=U2FsdGVkX18+prORvbgcVAdIbO1Ci84MCDRq/IVJdAiloMtpDcCFNi6zERbKJPcq HTTP/1.1" 200 25
186.102.19.239 - - [07/May/2022:13:37:53 -0500] "GET /kwssiamovil/sm/acme/a?s=U2FsdGVkX1+vd8mchsdB2gioUx63jgdVpQA+PtXzebRgiBaNwJke7Kdw5VlSTJdoRt1ycO98tz1tukTCAi8Y/5H8XgHcwwRFH1Gzwrjb/eJDK+qtlo1aoizfFZREWoHb2gKjcY9tNjC7IEdeivJEUWhCmI0g8pBQUhf2+HiIQu4=&u=U2FsdGVkX18zQS5Rxq9dUKSPbeczZs8LtnKkpaFFw1qkCNtNG3kH6fW+KCm4fEpz&y=U2FsdGVkX18+prORvbgcVAdIbO1Ci84MCDRq/IVJdAiloMtpDcCFNi6zERbKJPcq HTTP/1.1" 200 25
186.102.19.239 - - [07/May/2022:13:37:53 -0500] "GET /kwssiamovil/sm/acme/a?s=U2FsdGVkX183rCdzvdv6t7cKxtWjtH/FgBhDs5z83o+4l9QIx8EPL39xk+wfJwxqT2k5VzlMRHKbEbWbQTARhmA4k2CFClOhMCjPJ8mRuqFmOxg0kq4gOYQYTX0l9evvlDq1NTOpu5X1HqqppPTmjcTnQU/BfvJ7pw+pKRZxH8A=&u=U2FsdGVkX18zQS5Rxq9dUKSPbeczZs8LtnKkpaFFw1qkCNtNG3kH6fW+KCm4fEpz&y=U2FsdGVkX18+prORvbgcVAdIbO1Ci84MCDRq/IVJdAiloMtpDcCFNi6zERbKJPcq HTTP/1.1" 200 25
186.102.19.239 - - [07/May/2022:13:37:54 -0500] "GET /kwssiamovil/sm/acme/a?s=U2FsdGVkX1+nGtrm6nhgkGz/27RnI+jj4gMwI0S1EEyJSnJK7wShDOSTTbDbfNThi4GYRXeqZgy4B5gj85j/Baaarslq1Uk922bcCHF312laj0fQJsGQSRzdR5pRl8gMSY9DbP69z39itIrquZh1VCf6cGEWY6jwELeV3IYTwd+q1t5YiSCgc3mgBiDo/M/S&u=U2FsdGVkX18zQS5Rxq9dUKSPbeczZs8LtnKkpaFFw1qkCNtNG3kH6fW+KCm4fEpz&y=U2FsdGVkX18+prORvbgcVAdIbO1Ci84MCDRq/IVJdAiloMtpDcCFNi6zERbKJPcq HTTP/1.1" 200 25
186.102.19.239 - - [07/May/2022:13:37:54 -0500] "GET /kwssiamovil/sm/acme/a?s=U2FsdGVkX18nzxVWUdK9z1HplIUkBWfvqMeWX2qn03DhMI/YUv8I+YfSqk79TEkQzI/u658+GzlFnXLvI+VYEedxPnzQaqH6gOlWKhzWV9Ra/6cKwuSnEX6aADOEvxYJ0E6qsawVxFrq50jmdvy2OXdDcLXNPGHXIWhw5KzHCRZxkAyxfh4vco7Ila2AZ3E91e3A4oDaRCqfc1esSeU/fw==&u=U2FsdGVkX18zQS5Rxq9dUKSPbeczZs8LtnKkpaFFw1qkCNtNG3kH6fW+KCm4fEpz&y=U2FsdGVkX18+prORvbgcVAdIbO1Ci84MCDRq/IVJdAiloMtpDcCFNi6zERbKJPcq HTTP/1.1" 200 25
186.102.19.239 - - [07/May/2022:13:37:54 -0500] "GET /kwssiamovil/sm/acme/a?s=U2FsdGVkX19Jx7alqj3I/TQEsEnOC3qwHEzeCMTNhDrAksHgvYXnsyU+fTC3H+7rNmBoUdDsf5BSvVe3pqtMEYX6BNeb8v2QBCa7VgTkhXmhDsYkjQigOcYvOuzFQKbeWl4JpNJPU/r31BdSKGAwwM3xIQCUYeI+wRYtOY9T1u5pB+E0fNoW5bRErevybUFj&u=U2FsdGVkX18zQS5Rxq9dUKSPbeczZs8LtnKkpaFFw1qkCNtNG3kH6fW+KCm4fEpz&y=U2FsdGVkX18+prORvbgcVAdIbO1Ci84MCDRq/IVJdAiloMtpDcCFNi6zERbKJPcq HTTP/1.1" 200 25
186.102.19.239 - - [07/May/2022:13:37:54 -0500] "GET /kwssiamovil/sm/acme/a?s=U2FsdGVkX1/k0sUOmGocYXhoMyY7vl68fdzJP86DPQBF5ucC+Fk/eHTcRt18FJxZ0XNmHUj+Fo3CFsRW46HoIDAqT8+KHJjYLz+5spJoxvziBT6vjkMSfaX7myiZj/pNZ/hKIvW0saj6WbZXmSGPppp/J+wcrL7/ch0HlODctJTs4p6ARib35/sHUWDYRCIiDQViKvQb5Lb9i/iHTCyGLF+YrGCvnmASM5RLWCobOIc=&u=U2FsdGVkX18zQS5Rxq9dUKSPbeczZs8LtnKkpaFFw1qkCNtNG3kH6fW+KCm4fEpz&y=U2FsdGVkX18+prORvbgcVAdIbO1Ci84MCDRq/IVJdAiloMtpDcCFNi6zERbKJPcq HTTP/1.1" 200 25
186.102.19.239 - - [07/May/2022:13:37:54 -0500] "GET /kwssiamovil/sm/acme/a?s=U2FsdGVkX1+AaMOA9mBpbIhn0x8+o5d/djOSKEvIIw38cgZeuHGtNlNscZAzHyRL7+M7dqDAlNUChCg8r8Hyfos2EajZ+ZIJR7GkLGi2YOHg7l//F2DbsGGDsk1MGGT6KRmaTFDLTjKYNL6HhScnc0lLDYNHcVtQQQBDE1Jua7+PIsYKTSwPsVu7tVfkQ7E2pHBxQ+t6dMFlzAy4RGslCw==&u=U2FsdGVkX18zQS5Rxq9dUKSPbeczZs8LtnKkpaFFw1qkCNtNG3kH6fW+KCm4fEpz&y=U2FsdGVkX18+prORvbgcVAdIbO1Ci84MCDRq/IVJdAiloMtpDcCFNi6zERbKJPcq HTTP/1.1" 200 25
186.102.19.239 - - [07/May/2022:13:37:55 -0500] "GET /kwssiamovil/sm/acme/a?s=U2FsdGVkX18XqmPo06W86mJnPdJLcYDrJcKefN1LtgLgepf9LyAe0PlbbMQBmQJDuvMITb/MAy0tx080/qmZYUa8qaE2rn4UPQK7zWAwF30XJK1sPpsCiUFlbV4iTcxqr6Z2srDTRtS8RJTZqPLs0gExlt+Lr/M2tuc89eQ2Eqe1HySKXx0lsuQHNupM0Ao2zZt5IwF+IytfLaUEKGsyx6P4RA6je8x+Rl7N8D/IsT4=&u=U2FsdGVkX18zQS5Rxq9dUKSPbeczZs8LtnKkpaFFw1qkCNtNG3kH6fW+KCm4fEpz&y=U2FsdGVkX18+prORvbgcVAdIbO1Ci84MCDRq/IVJdAiloMtpDcCFNi6zERbKJPcq HTTP/1.1" 200 25
186.102.19.239 - - [07/May/2022:13:37:55 -0500] "GET /kwssiamovil/sm/acme/a?s=U2FsdGVkX1/409H+indkxHJxwAYxs9iwbl411GbaO+2peMiFVreeXCCilFPwF9dRqepRA5UdC/PdOU9IJDfG5gng5vIDi1sckM1RBhQmXvcfRAw74WQMmzkfHxBCDorHEeNl6IV8ddW/1h7/GJmTgcPycwavdOD4ofTP/DvO5bLHHIOyIRvhUxA7cgNaTm1xfrlj+Nxqafu7Ds0s/EeHaw==&u=U2FsdGVkX18zQS5Rxq9dUKSPbeczZs8LtnKkpaFFw1qkCNtNG3kH6fW+KCm4fEpz&y=U2FsdGVkX18+prORvbgcVAdIbO1Ci84MCDRq/IVJdAiloMtpDcCFNi6zERbKJPcq HTTP/1.1" 200 25
186.102.19.239 - - [07/May/2022:13:37:55 -0500] "GET /kwssiamovil/sm/acme/a?s=U2FsdGVkX1/nKYIlfcQ5TtNEogMA9f7FnKAEOq0qRypgM/cQIljRUQh3Zdb8zty2tM7KHVyEF7CqW7lCsQy44PU7m1qz4Ew0MvkuAsM2JY5gbmE9aPhTAH8YnXo+qb2wT440neqoONFzGFdpEfnSXZFz+Y1JZ4yRZK+llihpFbkf+OW7ng8sh5uoawb9TacrkegwkYBOSNR8WFVFCUjggzIrc6pI5Ghh+OAn8NAPA54=&u=U2FsdGVkX18zQS5Rxq9dUKSPbeczZs8LtnKkpaFFw1qkCNtNG3kH6fW+KCm4fEpz&y=U2FsdGVkX18+prORvbgcVAdIbO1Ci84MCDRq/IVJdAiloMtpDcCFNi6zERbKJPcq HTTP/1.1" 200 25
186.102.19.239 - - [07/May/2022:13:37:55 -0500] "GET /kwssiamovil/sm/acme/a?s=U2FsdGVkX19YzhKuOzadDA6CrtmyppMeHAnZDfQdIQuqVMByhoTPPPeH4ffjM3qUowwMdRODU4/H3lMe/AAEe+xPIvbmMtTPfFHWG1phQKM7j7RnATxno5bpknUB8lDZ/aaa/fdlIochjEkQSKeBuVaFPUlTGa5busu6e+421rwkl3nJHekhjEbx99dxFd/TRYUP49Qxr46B76LuZufc0w==&u=U2FsdGVkX18zQS5Rxq9dUKSPbeczZs8LtnKkpaFFw1qkCNtNG3kH6fW+KCm4fEpz&y=U2FsdGVkX18+prORvbgcVAdIbO1Ci84MCDRq/IVJdAiloMtpDcCFNi6zERbKJPcq HTTP/1.1" 200 25
200.119.54.99 - - [07/May/2022:13:38:00 -0500] "GET /BLA/resoluciones/index.php?dir=RESOLUCIONES+2019%2F HTTP/1.1" 200 238097
172.22.2.4 - - [07/May/2022:13:36:34 -0500] "HEAD /BLA/boletinlegal/ HTTP/1.1" 200 -
186.102.19.239 - - [07/May/2022:13:38:22 -0500] "GET /kwssiamovil/sm/acme/u?s=U2FsdGVkX1832n23xkcolOO2P8cubHfRUu0V8usd8PxP//nJzZCpNElQ0nhoRTGvWuSwW5voScVm9PYmDxHC2hwGsol0LMw+CrBXZHFbs5jkS636JT+pXNUktYTW7yD+19TuXLiIOvjoA6fjdO8zHQ==&u=U2FsdGVkX18zQS5Rxq9dUKSPbeczZs8LtnKkpaFFw1qkCNtNG3kH6fW+KCm4fEpz&y=U2FsdGVkX18+prORvbgcVAdIbO1Ci84MCDRq/IVJdAiloMtpDcCFNi6zERbKJPcq HTTP/1.1" 200 60
172.22.2.4 - - [07/May/2022:13:37:12 -0500] "GET /BLA/boletinlegal/ HTTP/1.1" 200 43418
66.249.66.85 - - [07/May/2022:13:38:58 -0500] "-" 408 -
172.22.2.4 - - [07/May/2022:13:37:24 -0500] "GET /BLA/boletinlegal/ HTTP/1.1" 200 44924
157.55.39.199 - - [07/May/2022:13:39:11 -0500] "GET /bla/resoluciones/resoluciones%202009/3957.pdf HTTP/1.1" 200 1428643
216.245.221.92 - - [07/May/2022:13:41:43 -0500] "HEAD / HTTP/1.1" 200 -
220.124.66.186 - - [07/May/2022:13:43:03 -0500] "POST /editBlackAndWhiteList HTTP/1.1" 404 1018
201.245.192.253 - - [07/May/2022:13:42:20 -0500] "POST /kwsrmcab/Wsrmcab HTTP/1.1" 200 43748
186.80.101.156 - - [07/May/2022:13:43:34 -0500] "GET /distrito-entrego-certificado-de-reconocimiento-a-mas-de-600-mujeres-que-reverdecen-tras-seis-meses-de-formacion-teorica-y-practica.html HTTP/1.1" 200 1113
201.245.192.253 - - [07/May/2022:13:43:11 -0500] "POST /kwsrmcab/Wsrmcab HTTP/1.1" 200 46752
172.22.2.4 - - [07/May/2022:13:42:24 -0500] "HEAD /BLA/boletinlegal/ HTTP/1.1" 200 -
207.46.13.22 - - [07/May/2022:13:44:19 -0500] "GET /forest/ HTTP/1.1" 200 12041
172.22.2.4 - - [07/May/2022:13:43:28 -0500] "GET /BLA/boletinlegal/ HTTP/1.1" 200 32715
172.22.2.4 - - [07/May/2022:13:43:28 -0500] "GET /BLA/boletinlegal/ HTTP/1.1" 200 32715
172.22.2.4 - - [07/May/2022:13:43:29 -0500] "GET /BLA/boletinlegal/ HTTP/1.1" 200 32715
172.22.2.4 - - [07/May/2022:13:43:14 -0500] "GET /BLA/boletinlegal/ HTTP/1.1" 200 48513
216.245.221.92 - - [07/May/2022:13:46:43 -0500] "HEAD / HTTP/1.1" 200 -
172.22.2.4 - - [07/May/2022:13:48:14 -0500] "HEAD /BLA/boletinlegal/ HTTP/1.1" 200 -
172.22.2.4 - - [07/May/2022:13:50:35 -0500] "GET /BLA/boletinlegal/actos.php HTTP/1.1" 200 9559
172.22.2.4 - - [07/May/2022:13:49:04 -0500] "GET /BLA/boletinlegal/ HTTP/1.1" 200 60932
172.22.2.4 - - [07/May/2022:13:50:46 -0500] "GET /BLA/boletinlegal/consulta_actos.php?tipo=resoluciones&no=5456&usuario=&sector=&fecha=2011&resuelve= HTTP/1.1" 200 1116
186.99.240.214 - - [07/May/2022:13:50:48 -0500] "GET /BLA/resoluciones/RESOLUCIONES%202011/5456.pdf HTTP/1.1" 200 573168
216.245.221.92 - - [07/May/2022:13:51:43 -0500] "HEAD / HTTP/1.1" 200 -
66.249.66.85 - - [07/May/2022:13:53:38 -0500] "-" 408 -
185.239.215.0 - - [07/May/2022:13:54:16 -0500] "HEAD /distrito-entrego-certificado-de-reconocimiento-a-mas-de-600-mujeres-que-reverdecen-tras-seis-meses-de-formacion-teorica-y-practica.html HTTP/1.1" 200 -
185.239.215.0 - - [07/May/2022:13:54:16 -0500] "HEAD /distrito-entrego-certificado-de-reconocimiento-a-mas-de-600-mujeres-que-reverdecen-tras-seis-meses-de-formacion-teorica-y-practica.html HTTP/1.1" 200 -
185.239.215.0 - - [07/May/2022:13:54:17 -0500] "HEAD /distrito-entrego-certificado-de-reconocimiento-a-mas-de-600-mujeres-que-reverdecen-tras-seis-meses-de-formacion-teorica-y-practica.html HTTP/1.1" 200 -
185.239.215.0 - - [07/May/2022:13:54:17 -0500] "GET /distrito-entrego-certificado-de-reconocimiento-a-mas-de-600-mujeres-que-reverdecen-tras-seis-meses-de-formacion-teorica-y-practica.html HTTP/1.1" 200 1113
199.16.157.181 - - [07/May/2022:13:54:21 -0500] "GET /documents/10184/2325415/pieza-concurso-buenas-practicas-20-septiembre.jpg HTTP/1.1" 404 1030
45.8.166.197 - - [07/May/2022:13:54:34 -0500] "GET /documents/10184/2325415/pieza-concurso-buenas-practicas-20-septiembre.jpg HTTP/1.1" 404 1156
45.8.165.100 - - [07/May/2022:13:54:35 -0500] "GET /documents/10184/2325415/pieza-concurso-buenas-practicas-20-septiembre.jpg HTTP/1.1" 404 1156
45.8.167.170 - - [07/May/2022:13:54:35 -0500] "GET /documents/10184/2325415/pieza-concurso-buenas-practicas-20-septiembre.jpg HTTP/1.1" 404 1156
84.39.200.86 - - [07/May/2022:13:54:36 -0500] "GET /documents/10184/2325415/pieza-concurso-buenas-practicas-20-septiembre.jpg HTTP/1.1" 404 1156
45.8.166.170 - - [07/May/2022:13:54:37 -0500] "GET /documents/10184/2325415/pieza-concurso-buenas-practicas-20-septiembre.jpg HTTP/1.1" 404 1156
194.110.92.94 - - [07/May/2022:13:54:37 -0500] "GET /documents/10184/2325415/pieza-concurso-buenas-practicas-20-septiembre.jpg HTTP/1.1" 404 1156
45.8.166.167 - - [07/May/2022:13:54:37 -0500] "GET /documents/10184/2325415/pieza-concurso-buenas-practicas-20-septiembre.jpg HTTP/1.1" 404 1156
45.8.164.35 - - [07/May/2022:13:54:41 -0500] "GET /documents/10184/2325415/pieza-concurso-buenas-practicas-20-septiembre.jpg HTTP/1.1" 404 1156
185.239.215.84 - - [07/May/2022:13:54:42 -0500] "GET /documents/10184/2325415/pieza-concurso-buenas-practicas-20-septiembre.jpg HTTP/1.1" 404 1156
194.156.138.215 - - [07/May/2022:13:54:43 -0500] "GET /documents/10184/2325415/pieza-concurso-buenas-practicas-20-septiembre.jpg HTTP/1.1" 404 1156
45.8.166.3 - - [07/May/2022:13:54:44 -0500] "GET /documents/10184/2325415/pieza-concurso-buenas-practicas-20-septiembre.jpg HTTP/1.1" 404 1156
45.8.166.222 - - [07/May/2022:13:54:44 -0500] "GET /documents/10184/2325415/pieza-concurso-buenas-practicas-20-septiembre.jpg HTTP/1.1" 404 1156
185.239.215.213 - - [07/May/2022:13:54:45 -0500] "GET /documents/10184/2325415/pieza-concurso-buenas-practicas-20-septiembre.jpg HTTP/1.1" 404 1156
185.239.215.128 - - [07/May/2022:13:54:52 -0500] "GET /distrito-entrego-certificado-de-reconocimiento-a-mas-de-600-mujeres-que-reverdecen-tras-seis-meses-de-formacion-teorica-y-practica.html HTTP/1.1" 200 1113
45.8.164.121 - - [07/May/2022:13:54:55 -0500] "GET /documents/10184/2325415/pieza-concurso-buenas-practicas-20-septiembre.jpg HTTP/1.1" 404 1156
185.232.6.81 - - [07/May/2022:13:54:55 -0500] "GET /documents/10184/2325415/pieza-concurso-buenas-practicas-20-septiembre.jpg HTTP/1.1" 404 1156
185.232.6.56 - - [07/May/2022:13:54:56 -0500] "GET /documents/10184/2325415/pieza-concurso-buenas-practicas-20-septiembre.jpg HTTP/1.1" 404 1156
45.8.166.28 - - [07/May/2022:13:54:58 -0500] "GET /documents/10184/2325415/pieza-concurso-buenas-practicas-20-septiembre.jpg HTTP/1.1" 404 1156
45.8.165.83 - - [07/May/2022:13:55:32 -0500] "GET /images/graduacion-mujeres-7-mayo.jpg HTTP/1.1" 200 24888
172.22.2.4 - - [07/May/2022:13:54:04 -0500] "HEAD /BLA/boletinlegal/ HTTP/1.1" 200 -
172.22.2.4 - - [07/May/2022:13:55:05 -0500] "GET /BLA/boletinlegal/ HTTP/1.1" 200 24523
172.22.2.4 - - [07/May/2022:13:54:54 -0500] "GET /BLA/boletinlegal/ HTTP/1.1" 200 52081
216.245.221.92 - - [07/May/2022:13:56:43 -0500] "HEAD / HTTP/1.1" 200 -
181.128.97.167 - - [07/May/2022:13:57:34 -0500] "GET /primer-festival-de-la-papa-nativa-en-el-jardin-botanico-conozca-pruebe-y-disfrute-estos-manjares-criollos-y-saludables.html HTTP/1.1" 200 1116
199.59.150.182 - - [07/May/2022:13:59:29 -0500] "GET /documents/10184/2325415/pieza-concurso-buenas-practicas-20-septiembre.jpg HTTP/1.1" 404 1030
172.22.2.4 - - [07/May/2022:13:59:54 -0500] "HEAD /BLA/boletinlegal/ HTTP/1.1" 200 -
216.245.221.92 - - [07/May/2022:14:01:43 -0500] "HEAD / HTTP/1.1" 200 -
172.22.2.4 - - [07/May/2022:14:00:44 -0500] "GET /BLA/boletinlegal/ HTTP/1.1" 200 58588
172.22.2.4 - - [07/May/2022:14:05:11 -0500] "GET /BLA/boletinlegal/actos.php HTTP/1.1" 200 9559
161.18.166.242 - - [07/May/2022:14:05:13 -0500] "GET /BLA/resoluciones/ HTTP/1.1" 200 13093
161.18.166.242 - - [07/May/2022:14:05:15 -0500] "GET /BLA/resoluciones/index.php?dir=AUTOS+2013%2F HTTP/1.1" 200 405635
161.18.166.242 - - [07/May/2022:14:05:19 -0500] "GET /BLA/resoluciones/index.php?dir=AUTOS+2012%2F HTTP/1.1" 200 270610
172.22.2.4 - - [07/May/2022:14:05:10 -0500] "GET /BLA/boletinlegal/ HTTP/1.1" 200 24523
69.171.231.3 - - [07/May/2022:14:06:03 -0500] "GET /images/dia-arbol-principalbogota-29-abril.jpg HTTP/1.1" 200 67024
66.249.66.85 - - [07/May/2022:14:06:03 -0500] "-" 408 -
186.30.30.34 - - [07/May/2022:14:06:22 -0500] "GET /appsia/controlador HTTP/1.1" 200 4799
103.251.19.18 - - [07/May/2022:14:06:23 -0500] "GET /pot-2013/cartografia/anexo01_sistema_hidrico.pdf HTTP/1.1" 200 5860035
216.245.221.92 - - [07/May/2022:14:06:43 -0500] "HEAD / HTTP/1.1" 200 -
172.22.2.4 - - [07/May/2022:14:05:44 -0500] "HEAD /BLA/boletinlegal/ HTTP/1.1" 200 -
172.22.2.4 - - [07/May/2022:14:06:34 -0500] "GET /BLA/boletinlegal/ HTTP/1.1" 200 61416
186.30.30.34 - - [07/May/2022:14:10:21 -0500] "POST /appsia/controlador HTTP/1.1" 200 4621
186.30.30.34 - - [07/May/2022:14:10:24 -0500] "POST /appsia/controlador HTTP/1.1" 200 7731
216.245.221.92 - - [07/May/2022:14:11:43 -0500] "HEAD / HTTP/1.1" 200 -
172.22.2.4 - - [07/May/2022:14:11:34 -0500] "HEAD /BLA/boletinlegal/ HTTP/1.1" 200 -
172.22.2.4 - - [07/May/2022:14:12:24 -0500] "GET /BLA/boletinlegal/ HTTP/1.1" 200 60932
66.249.66.85 - - [07/May/2022:14:15:16 -0500] "-" 408 -
216.245.221.92 - - [07/May/2022:14:16:43 -0500] "HEAD / HTTP/1.1" 200 -
161.18.166.242 - - [07/May/2022:14:18:28 -0500] "GET /BLA/resoluciones/index.php?dir=AUTOS+2012%2F HTTP/1.1" 200 270610
172.22.2.4 - - [07/May/2022:14:17:23 -0500] "HEAD /BLA/boletinlegal/ HTTP/1.1" 200 -
172.22.2.4 - - [07/May/2022:14:18:14 -0500] "GET /BLA/boletinlegal/ HTTP/1.1" 200 59688
173.252.95.9 - - [07/May/2022:14:20:04 -0500] "GET /primer-festival-de-la-papa-nativa-en-el-jardin-botanico-conozca-pruebe-y-disfrute-estos-manjares-criollos-y-saludables.html?fbclid=IwAR1Y87nApvZ_fW4Bgm8Ukt4JyVZXJY_mL5M1JhxKYEl2hFTL-PxxvuVha2w HTTP/1.1" 200 1116
173.252.127.20 - - [07/May/2022:14:20:37 -0500] "GET /bogota-tendra-una-nueva-reciclaton-empresarial.html?fbclid=IwAR1M5M6V7XVN2ik9xdeYaTwbcNOCi9KpqopOn83_7gCM1ax_SVj5VnQ89dA HTTP/1.1" 200 886
176.113.115.48 - - [07/May/2022:14:21:15 -0500] "GET / HTTP/1.0" 200 319
172.22.2.4 - - [07/May/2022:14:21:03 -0500] "GET /BLA/boletinlegal/ HTTP/1.1" 200 32715
216.245.221.92 - - [07/May/2022:14:21:43 -0500] "HEAD / HTTP/1.1" 200 -
66.249.66.85 - - [07/May/2022:14:22:52 -0500] "-" 408 -
201.245.192.253 - - [07/May/2022:14:22:20 -0500] "POST /kwsrmcab/Wsrmcab HTTP/1.1" 200 44524
66.220.149.13 - - [07/May/2022:14:23:16 -0500] "GET /images/Brasil1.jpeg HTTP/1.1" 200 27965
172.22.2.4 - - [07/May/2022:14:23:51 -0500] "GET /BLA/boletinlegal/favicon.ico HTTP/1.1" 404 1238
201.245.192.253 - - [07/May/2022:14:23:11 -0500] "POST /kwsrmcab/Wsrmcab HTTP/1.1" 200 46749
172.22.2.4 - - [07/May/2022:14:23:13 -0500] "HEAD /BLA/boletinlegal/ HTTP/1.1" 200 -
172.22.2.4 - - [07/May/2022:14:24:04 -0500] "GET /BLA/boletinlegal/ HTTP/1.1" 200 59170
