201.245.192.253 - - [09/May/2022:12:02:41 -0500] "GET /sipse/faces/javax.faces.resource/fileupload/fileupload.css?ln=primefaces&v=4.0 HTTP/1.1" 304 -
201.245.192.253 - - [09/May/2022:12:02:41 -0500] "GET /sipse/faces/javax.faces.resource/primefaces.js?ln=primefaces&v=4.0 HTTP/1.1" 304 -
201.245.192.253 - - [09/May/2022:12:02:41 -0500] "GET /sipse/faces/javax.faces.resource/layout/layout.js?ln=primefaces&v=4.0 HTTP/1.1" 304 -
201.245.192.253 - - [09/May/2022:12:02:41 -0500] "GET /sipse/faces/javax.faces.resource/fileupload/fileupload.js?ln=primefaces&v=4.0 HTTP/1.1" 304 -
201.245.192.253 - - [09/May/2022:12:02:59 -0500] "GET /sipse/faces/javax.faces.resource/theme.css?ln=primefaces-sipse HTTP/1.1" 304 -
201.245.192.253 - - [09/May/2022:12:02:59 -0500] "GET /sipse/faces/javax.faces.resource/primefaces.css?ln=primefaces&v=4.0 HTTP/1.1" 304 -
201.245.192.253 - - [09/May/2022:12:02:59 -0500] "GET /sipse/faces/javax.faces.resource/jquery/jquery-plugins.js?ln=primefaces&v=4.0 HTTP/1.1" 304 -
201.245.192.253 - - [09/May/2022:12:02:59 -0500] "GET /sipse/faces/javax.faces.resource/layout/layout.css?ln=primefaces&v=4.0 HTTP/1.1" 304 -
201.245.192.253 - - [09/May/2022:12:02:59 -0500] "GET /sipse/faces/javax.faces.resource/jquery/jquery.js?ln=primefaces&v=4.0 HTTP/1.1" 304 -
201.245.192.253 - - [09/May/2022:12:02:59 -0500] "GET /sipse/faces/javax.faces.resource/primefaces.js?ln=primefaces&v=4.0 HTTP/1.1" 304 -
201.245.192.253 - - [09/May/2022:12:03:00 -0500] "GET /sipse/faces/javax.faces.resource/layout/layout.js?ln=primefaces&v=4.0 HTTP/1.1" 304 -
201.245.192.253 - - [09/May/2022:12:02:59 -0500] "POST /sipse/faces/presentacion/sistema/anexos/cargarAnexoSolicitudProceso.xhtml HTTP/1.1" 200 171518
201.245.192.253 - - [09/May/2022:12:03:04 -0500] "POST /sipse/faces/presentacion/financiero/solicitudProceso/consultarSolicitudProceso.xhtml HTTP/1.1" 200 19311
201.245.192.253 - - [09/May/2022:12:03:05 -0500] "GET /sipse/faces/javax.faces.resource/theme.css?ln=primefaces-sipse HTTP/1.1" 304 -
201.245.192.253 - - [09/May/2022:12:03:05 -0500] "GET /sipse/faces/javax.faces.resource/jquery/jquery-plugins.js?ln=primefaces&v=4.0 HTTP/1.1" 304 -
201.245.192.253 - - [09/May/2022:12:03:05 -0500] "GET /sipse/faces/javax.faces.resource/primefaces.js?ln=primefaces&v=4.0 HTTP/1.1" 304 -
201.245.192.253 - - [09/May/2022:12:03:05 -0500] "GET /sipse/faces/javax.faces.resource/layout/layout.css?ln=primefaces&v=4.0 HTTP/1.1" 304 -
201.245.192.253 - - [09/May/2022:12:03:05 -0500] "GET /sipse/faces/javax.faces.resource/jquery/jquery.js?ln=primefaces&v=4.0 HTTP/1.1" 304 -
201.245.192.253 - - [09/May/2022:12:03:05 -0500] "GET /sipse/faces/javax.faces.resource/primefaces.css?ln=primefaces&v=4.0 HTTP/1.1" 304 -
201.245.192.253 - - [09/May/2022:12:03:05 -0500] "GET /sipse/faces/javax.faces.resource/fileupload/fileupload.css?ln=primefaces&v=4.0 HTTP/1.1" 304 -
201.245.192.253 - - [09/May/2022:12:03:05 -0500] "GET /sipse/faces/javax.faces.resource/layout/layout.js?ln=primefaces&v=4.0 HTTP/1.1" 304 -
201.245.192.253 - - [09/May/2022:12:03:05 -0500] "GET /sipse/faces/javax.faces.resource/fileupload/fileupload.js?ln=primefaces&v=4.0 HTTP/1.1" 304 -
201.245.192.253 - - [09/May/2022:12:03:24 -0500] "GET /sipse/faces/javax.faces.resource/theme.css?ln=primefaces-sipse HTTP/1.1" 304 -
201.245.192.253 - - [09/May/2022:12:03:24 -0500] "GET /sipse/faces/javax.faces.resource/primefaces.css?ln=primefaces&v=4.0 HTTP/1.1" 304 -
201.245.192.253 - - [09/May/2022:12:03:24 -0500] "GET /sipse/faces/javax.faces.resource/jquery/jquery.js?ln=primefaces&v=4.0 HTTP/1.1" 304 -
201.245.192.253 - - [09/May/2022:12:03:24 -0500] "GET /sipse/faces/javax.faces.resource/layout/layout.css?ln=primefaces&v=4.0 HTTP/1.1" 304 -
201.245.192.253 - - [09/May/2022:12:03:24 -0500] "GET /sipse/faces/javax.faces.resource/jquery/jquery-plugins.js?ln=primefaces&v=4.0 HTTP/1.1" 304 -
201.245.192.253 - - [09/May/2022:12:03:24 -0500] "GET /sipse/faces/javax.faces.resource/primefaces.js?ln=primefaces&v=4.0 HTTP/1.1" 304 -
201.245.192.253 - - [09/May/2022:12:03:24 -0500] "GET /sipse/faces/javax.faces.resource/layout/layout.js?ln=primefaces&v=4.0 HTTP/1.1" 304 -
201.245.192.253 - - [09/May/2022:12:03:23 -0500] "POST /sipse/faces/presentacion/sistema/anexos/cargarAnexoSolicitudProceso.xhtml HTTP/1.1" 200 173297
186.154.162.248 - - [09/May/2022:12:03:24 -0500] "POST /appsia/controlador HTTP/1.1" 200 75868
201.245.192.253 - - [09/May/2022:12:03:27 -0500] "GET /sipse/faces/javax.faces.resource/primefaces.css?ln=primefaces&v=4.0 HTTP/1.1" 304 -
201.245.192.253 - - [09/May/2022:12:03:27 -0500] "GET /sipse/faces/javax.faces.resource/jquery/jquery.js?ln=primefaces&v=4.0 HTTP/1.1" 304 -
201.245.192.253 - - [09/May/2022:12:03:27 -0500] "GET /sipse/faces/javax.faces.resource/layout/layout.css?ln=primefaces&v=4.0 HTTP/1.1" 304 -
201.245.192.253 - - [09/May/2022:12:03:27 -0500] "GET /sipse/faces/javax.faces.resource/jquery/jquery-plugins.js?ln=primefaces&v=4.0 HTTP/1.1" 304 -
201.245.192.253 - - [09/May/2022:12:03:27 -0500] "GET /sipse/faces/javax.faces.resource/theme.css?ln=primefaces-sipse HTTP/1.1" 304 -
201.245.192.253 - - [09/May/2022:12:03:27 -0500] "GET /sipse/faces/javax.faces.resource/fileupload/fileupload.css?ln=primefaces&v=4.0 HTTP/1.1" 304 -
201.245.192.253 - - [09/May/2022:12:03:27 -0500] "GET /sipse/faces/javax.faces.resource/layout/layout.js?ln=primefaces&v=4.0 HTTP/1.1" 304 -
201.245.192.253 - - [09/May/2022:12:03:27 -0500] "GET /sipse/faces/javax.faces.resource/fileupload/fileupload.js?ln=primefaces&v=4.0 HTTP/1.1" 304 -
201.245.192.253 - - [09/May/2022:12:03:27 -0500] "GET /sipse/faces/javax.faces.resource/primefaces.js?ln=primefaces&v=4.0 HTTP/1.1" 304 -
201.245.192.253 - - [09/May/2022:12:03:27 -0500] "POST /sipse/faces/presentacion/financiero/solicitudProceso/consultarSolicitudProceso.xhtml HTTP/1.1" 200 19311
201.245.192.253 - - [09/May/2022:12:03:35 -0500] "GET /sipse/faces/javax.faces.resource/theme.css?ln=primefaces-sipse HTTP/1.1" 304 -
201.245.192.253 - - [09/May/2022:12:03:35 -0500] "GET /sipse/faces/javax.faces.resource/jquery/jquery-plugins.js?ln=primefaces&v=4.0 HTTP/1.1" 304 -
201.245.192.253 - - [09/May/2022:12:03:35 -0500] "GET /sipse/faces/javax.faces.resource/primefaces.css?ln=primefaces&v=4.0 HTTP/1.1" 304 -
201.245.192.253 - - [09/May/2022:12:03:35 -0500] "GET /sipse/faces/javax.faces.resource/jquery/jquery.js?ln=primefaces&v=4.0 HTTP/1.1" 304 -
201.245.192.253 - - [09/May/2022:12:03:35 -0500] "GET /sipse/faces/javax.faces.resource/layout/layout.css?ln=primefaces&v=4.0 HTTP/1.1" 304 -
201.245.192.253 - - [09/May/2022:12:03:35 -0500] "GET /sipse/faces/javax.faces.resource/layout/layout.js?ln=primefaces&v=4.0 HTTP/1.1" 304 -
201.245.192.253 - - [09/May/2022:12:03:35 -0500] "GET /sipse/faces/javax.faces.resource/primefaces.js?ln=primefaces&v=4.0 HTTP/1.1" 304 -
201.245.192.253 - - [09/May/2022:12:03:34 -0500] "POST /sipse/faces/presentacion/sistema/anexos/cargarAnexoSolicitudProceso.xhtml HTTP/1.1" 200 175105
181.61.164.108 - - [09/May/2022:12:03:41 -0500] "GET /BLA/resoluciones/index.php?dir=RESOLUCIONES+2007%2F HTTP/1.1" 200 35450
172.22.2.4 - - [09/May/2022:12:03:50 -0500] "GET /BLA/boletinlegal/actos.php HTTP/1.1" 200 9559
172.22.2.4 - - [09/May/2022:12:03:51 -0500] "GET /BLA/boletinlegal/favicon.ico HTTP/1.1" 404 1326
181.61.164.108 - - [09/May/2022:12:03:53 -0500] "GET /BLA/resoluciones/index.php?dir=RESOLUCIONES+2007%2FRES+2007+3201+AL+3300%2F HTTP/1.1" 200 27414
201.245.192.253 - - [09/May/2022:12:03:51 -0500] "POST /sipse/faces/presentacion/financiero/solicitudProceso/consultarSolicitudProceso.xhtml HTTP/1.1" 200 35340
201.245.192.253 - - [09/May/2022:12:03:54 -0500] "GET /sipse/faces/javax.faces.resource/theme.css?ln=primefaces-sipse HTTP/1.1" 304 -
201.245.192.253 - - [09/May/2022:12:03:54 -0500] "GET /sipse/faces/javax.faces.resource/layout/layout.css?ln=primefaces&v=4.0 HTTP/1.1" 304 -
201.245.192.253 - - [09/May/2022:12:03:54 -0500] "GET /sipse/faces/javax.faces.resource/primefaces.css?ln=primefaces&v=4.0 HTTP/1.1" 304 -
201.245.192.253 - - [09/May/2022:12:03:54 -0500] "GET /sipse/faces/javax.faces.resource/jquery/jquery.js?ln=primefaces&v=4.0 HTTP/1.1" 304 -
201.245.192.253 - - [09/May/2022:12:03:54 -0500] "GET /sipse/faces/javax.faces.resource/jquery/jquery-plugins.js?ln=primefaces&v=4.0 HTTP/1.1" 304 -
201.245.192.253 - - [09/May/2022:12:03:54 -0500] "GET /sipse/faces/javax.faces.resource/primefaces.js?ln=primefaces&v=4.0 HTTP/1.1" 304 -
201.245.192.253 - - [09/May/2022:12:03:54 -0500] "GET /sipse/faces/javax.faces.resource/layout/layout.js?ln=primefaces&v=4.0 HTTP/1.1" 304 -
201.245.192.253 - - [09/May/2022:12:03:54 -0500] "POST /sipse/faces/presentacion/financiero/solicitudProceso/listarSolicitudProceso.xhtml HTTP/1.1" 200 1356
172.22.2.4 - - [09/May/2022:12:04:00 -0500] "GET /BLA/boletinlegal/consulta_actos.php?tipo=resoluciones&no=&usuario=&sector=&fecha=2018&resuelve= HTTP/1.1" 200 896509
181.61.164.108 - - [09/May/2022:12:04:01 -0500] "GET /BLA/resoluciones/RESOLUCIONES%202007/RES%202007%203201%20AL%203300/RESOLUCION%20322_%20DE%202007.pdf HTTP/1.1" 200 2014639
181.61.164.108 - - [09/May/2022:12:04:02 -0500] "GET /BLA/resoluciones/RESOLUCIONES%202007/RES%202007%203201%20AL%203300/RESOLUCION%203201%20DE%202007.pdf HTTP/1.1" 200 235006
181.61.164.108 - - [09/May/2022:12:04:03 -0500] "GET /BLA/resoluciones/RESOLUCIONES%202007/RES%202007%203201%20AL%203300/RESOLUCION%203202%20DE%202007.pdf HTTP/1.1" 200 67421
181.61.164.108 - - [09/May/2022:12:04:04 -0500] "GET /BLA/resoluciones/RESOLUCIONES%202007/RES%202007%203201%20AL%203300/RESOLUCION%203203%20DE%202007.pdf HTTP/1.1" 200 845947
181.61.164.108 - - [09/May/2022:12:04:05 -0500] "GET /BLA/resoluciones/RESOLUCIONES%202007/RES%202007%203201%20AL%203300/RESOLUCION%203204%20DE%202007.pdf HTTP/1.1" 200 48748
181.61.164.108 - - [09/May/2022:12:04:06 -0500] "GET /BLA/resoluciones/RESOLUCIONES%202007/RES%202007%203201%20AL%203300/RESOLUCION%203205%20DE%202007.pdf HTTP/1.1" 200 47761
181.61.164.108 - - [09/May/2022:12:04:07 -0500] "GET /BLA/resoluciones/RESOLUCIONES%202007/RES%202007%203201%20AL%203300/RESOLUCION%203206%20%20DE%202007.pdf HTTP/1.1" 200 537538
181.61.164.108 - - [09/May/2022:12:04:08 -0500] "GET /BLA/resoluciones/RESOLUCIONES%202007/RES%202007%203201%20AL%203300/RESOLUCION%203207%20DE%202007.pdf HTTP/1.1" 200 1082689
201.245.192.253 - - [09/May/2022:12:04:10 -0500] "POST /appsia/controlador HTTP/1.1" 200 3604
201.245.192.253 - - [09/May/2022:12:04:10 -0500] "GET /appsia/jscripts/validarSolicitud.js HTTP/1.1" 404 68
181.61.164.108 - - [09/May/2022:12:04:10 -0500] "GET /BLA/resoluciones/RESOLUCIONES%202007/RES%202007%203201%20AL%203300/RESOLUCION%203208%20DE%202007.pdf HTTP/1.1" 200 211532
201.245.192.253 - - [09/May/2022:12:04:11 -0500] "POST /appsia/controlador HTTP/1.1" 200 4799
181.61.164.108 - - [09/May/2022:12:04:11 -0500] "GET /BLA/resoluciones/RESOLUCIONES%202007/RES%202007%203201%20AL%203300/RESOLUCION%203209%20DE%202007.pdf HTTP/1.1" 200 851385
181.61.164.108 - - [09/May/2022:12:04:12 -0500] "GET /BLA/resoluciones/RESOLUCIONES%202007/RES%202007%203201%20AL%203300/RESOLUCION%203210%20DE%202007.pdf HTTP/1.1" 200 113371
181.61.164.108 - - [09/May/2022:12:04:13 -0500] "GET /BLA/resoluciones/RESOLUCIONES%202007/RES%202007%203201%20AL%203300/RESOLUCION%203211%20%20DE%202007.pdf HTTP/1.1" 200 1336310
181.61.164.108 - - [09/May/2022:12:04:15 -0500] "GET /BLA/resoluciones/RESOLUCIONES%202007/RES%202007%203201%20AL%203300/RESOLUCION%203212%20DE%202007.pdf HTTP/1.1" 200 2126655
181.61.164.108 - - [09/May/2022:12:04:16 -0500] "GET /BLA/resoluciones/RESOLUCIONES%202007/RES%202007%203201%20AL%203300/RESOLUCION%203213%20DE%202007.pdf HTTP/1.1" 200 1043160
181.61.164.108 - - [09/May/2022:12:04:17 -0500] "GET /BLA/resoluciones/RESOLUCIONES%202007/RES%202007%203201%20AL%203300/RESOLUCION%203214%20DE%202007.pdf HTTP/1.1" 200 52729
181.61.164.108 - - [09/May/2022:12:04:19 -0500] "GET /BLA/resoluciones/RESOLUCIONES%202007/RES%202007%203201%20AL%203300/RESOLUCION%203215%20DE%202007.pdf HTTP/1.1" 200 505089
181.61.164.108 - - [09/May/2022:12:04:21 -0500] "GET /BLA/resoluciones/RESOLUCIONES%202007/RES%202007%203201%20AL%203300/RESOLUCION%203216%20DE%202007.pdf HTTP/1.1" 200 52212
181.61.164.108 - - [09/May/2022:12:04:23 -0500] "GET /BLA/resoluciones/RESOLUCIONES%202007/RES%202007%203201%20AL%203300/RESOLUCION%203217%20DE%202007.pdf HTTP/1.1" 200 257006
181.61.164.108 - - [09/May/2022:12:04:24 -0500] "GET /BLA/resoluciones/RESOLUCIONES%202007/RES%202007%203201%20AL%203300/RESOLUCION%203218%20DE%202007.pdf HTTP/1.1" 200 205949
181.61.164.108 - - [09/May/2022:12:04:26 -0500] "GET /BLA/resoluciones/RESOLUCIONES%202007/RES%202007%203201%20AL%203300/RESOLUCION%203219%20DE%202007.pdf HTTP/1.1" 200 368984
201.245.192.253 - - [09/May/2022:12:04:26 -0500] "POST /appsia/controlador HTTP/1.1" 200 3604
201.245.192.253 - - [09/May/2022:12:04:26 -0500] "GET /appsia/jscripts/validarSolicitud.js HTTP/1.1" 404 68
201.245.192.253 - - [09/May/2022:12:04:27 -0500] "POST /appsia/controlador HTTP/1.1" 200 4799
181.61.164.108 - - [09/May/2022:12:04:28 -0500] "GET /BLA/resoluciones/RESOLUCIONES%202007/RES%202007%203201%20AL%203300/RESOLUCION%203220%20DE%202007.pdf HTTP/1.1" 200 594184
172.22.2.4 - - [09/May/2022:12:04:28 -0500] "GET /BLA/boletinlegal/actos.php HTTP/1.1" 200 9559
181.61.164.108 - - [09/May/2022:12:04:34 -0500] "GET /BLA/resoluciones/RESOLUCIONES%202007/RES%202007%203201%20AL%203300/RESOLUCION%203221%20DE%202007.pdf HTTP/1.1" 200 455374
181.61.164.108 - - [09/May/2022:12:04:36 -0500] "GET /BLA/resoluciones/RESOLUCIONES%202007/RES%202007%203201%20AL%203300/RESOLUCION%203222%20%20DE%202007.pdf HTTP/1.1" 200 449300
172.22.2.4 - - [09/May/2022:12:04:37 -0500] "GET /BLA/boletinlegal/consulta_actos.php?tipo=autos&no=0243&usuario=&sector=&fecha=2022&resuelve= HTTP/1.1" 200 626
181.61.164.108 - - [09/May/2022:12:04:37 -0500] "GET /BLA/resoluciones/RESOLUCIONES%202007/RES%202007%203201%20AL%203300/RESOLUCION%203223%20DE%202007.pdf HTTP/1.1" 200 283072
172.22.2.4 - - [09/May/2022:12:04:38 -0500] "GET /BLA/boletinlegal/consulta_actos.php?tipo=autos&no=0243&usuario=&sector=&fecha=2022&resuelve= HTTP/1.1" 200 626
172.22.2.4 - - [09/May/2022:12:04:41 -0500] "GET /BLA/boletinlegal/consulta_actos.php?tipo=resoluciones&no=&usuario=&sector=RESIDUOS&fecha=2022&resuelve= HTTP/1.1" 200 1153
181.61.164.108 - - [09/May/2022:12:04:43 -0500] "GET /BLA/resoluciones/RESOLUCIONES%202007/RES%202007%203201%20AL%203300/RESOLUCION%203224%20DE%202007.pdf HTTP/1.1" 200 158794
181.61.164.108 - - [09/May/2022:12:04:44 -0500] "GET /BLA/resoluciones/RESOLUCIONES%202007/RES%202007%203201%20AL%203300/RESOLUCION%203225%20DE%202007.pdf HTTP/1.1" 200 62707
181.61.164.108 - - [09/May/2022:12:04:45 -0500] "GET /BLA/resoluciones/RESOLUCIONES%202007/RES%202007%203201%20AL%203300/RESOLUCION%203226%20DE%202007.pdf HTTP/1.1" 200 53665
181.61.164.108 - - [09/May/2022:12:04:46 -0500] "GET /BLA/resoluciones/RESOLUCIONES%202007/RES%202007%203201%20AL%203300/RESOLUCION%203228%20DE%202007.pdf HTTP/1.1" 200 853973
181.61.164.108 - - [09/May/2022:12:04:47 -0500] "GET /BLA/resoluciones/RESOLUCIONES%202007/RES%202007%203201%20AL%203300/RESOLUCION%203229%20DE%202007.pdf HTTP/1.1" 200 141816
201.245.192.253 - - [09/May/2022:12:04:48 -0500] "GET /BLA/resoluciones/RESOLUCIONES%202018/0981.pdf HTTP/1.1" 200 451354
181.237.58.219 - - [09/May/2022:12:04:49 -0500] "GET /documents/10184/2325415/pieza-concurso-buenas-practicas-20-septiembre.jpg HTTP/1.1" 404 1030
172.22.2.4 - - [09/May/2022:12:04:22 -0500] "GET /BLA/boletinlegal/ HTTP/1.1" 200 24523
186.29.82.49 - - [09/May/2022:12:05:16 -0500] "GET /kwssiamovil/sm/des/ldap/au?x=U2FsdGVkX1+1ZMr2uS/D3+qHKB1F+/Lyt03/3LRul37aqpNBD/2Z1jHYtIT3sHwU&y=U2FsdGVkX19L6xbha054Z21XPah/qaSv8tDMoDF+7zY/y28P3sTcoAy3ysLw4ejd HTTP/1.1" 200 30
186.29.82.49 - - [09/May/2022:12:05:16 -0500] "GET /kwssiamovil/sm/des/acme/s?s=U2FsdGVkX1+IIqf6ssX6AbWxQbWdqZr/tl5fh8+2BIohDJes9TCFq9ihIK+ZW47OvCERnZ5A5si9niDZxDzauYNjVL+V0wbGkaUrUroVLCY=&u=U2FsdGVkX1/F4T7SMI3sga9sLK+3b9hiTccBH//jWF8=&y=U2FsdGVkX19L6xbha054Z21XPah/qaSv8tDMoDF+7zY/y28P3sTcoAy3ysLw4ejd HTTP/1.1" 200 97
186.29.82.49 - - [09/May/2022:12:05:16 -0500] "GET /kwssiamovil/sm/des/acme/s?s=U2FsdGVkX1+LHd3bJnJlEqCObkBXPaZz4FXQ27ePSng8zyEmfArMyhRf4kmNUI3Hs72wrMt+SLhpKVb4IjrMjTxvT/FYPAeScaqHvzpeLQa9op234neeneRiJGoazUIW8xovUV/YdxrdN4epkDB2CfyBWfqhSC8ue8dYM8VVaJxJRJ8Nrg3mj90ppIijPo6GPoahBY7dDiln462zJ4blZgP3sSmC4wpLSk1IJFhVt82a1oTyNXv3zFYiYB0urB65LHTUXQTCZlPPR5OGGKFylqLZCjCdwn3gRvUQVxJczMh8LOoyzJo60x2HNaneDJWewHiS2iNyQDOgOFwP68EmbVEzCUQEmMKO5zk4nM0FlRrUFZftHzSQSdXWCQoUReO8kLXrBzXR2EhUHdgVYmNnDePfwCpr0/8KUs/BVUqp4Co6/o/Lx6LLQHQBIH7WcYLpdmsTLT8JjwS8mJ1PgCxCkF6jPmfK494i3aXlrYDuAZ+92D+/7SqWtUnVS9Zw/qOw7XrohJKwTGTKkQ4uB+pvfDnSn7Rij55woNZ6BsnyVtJKEp590P0DW44Jd/Wc42BtVUJCkVkIbYOEfPR2oAIQ5U+0GCPEpBiBrDaTpR2ALwPciu2UE6egY9Ldqy8jFhoreS/HDVmbwSsCQXaDIJzxUUNhJ5kKJxMTR1koJRzsdlxpc5S5O3asYhDZ7O+PANQ8VvOBoCwgSPfPbWF55+p4a8Mq1Gr/236LYG6hZ+UwVDqoxbKvbDSob0OS4+lrAM9Ml7NT/TrHu1XAuLkr92dQGj5vf7mhMmPS4vm4fsYBMiGAPl6PTzf3vkmTuvc0l5PMCNBpZbHHHNGj45pybDyRVTorrEdNOhH+6dWLPqnNT2KSB856gLkhEbsdJ23z+5+IqO7yQaIMxoP4+1g5KzelzOUkyzhzky0HsU3TPYugR++FhmQx0CojgoFqnEyv2ajZSEq8KlUXbrDciuXTGpnOEOVD8x8gP4w9nmWI14k2/yK2PQMVItj9lG+DsmTvRwpRzSVyAZP36nkUXZ+5Y3Dcu/gIfZTPO3KNnehQS7aYWBIiJOJmHHwTiRJVAqQoeytAUJrOKP48BBIwjhlAE7aSuTr1JKia8ro3zptABKPNO9a9EIzY0z24rw5ncAVnROhyXp7C+/OzY3moHb7pbT23a9GtNLFrJLQjxiXhNQoJ6ftcpJwejBun/TF4WXruFgXkQe04AVga4zpUB2Niwg3H/hMKYBaZWB9GCkH42b4ngKfuyhbjVlP9ypvfZXMOfrarPqrdGt7nKqaVC8imugJ7IDQ3iPlxXO97jGVjJONakhnokH3XCFHRP7KnSRpbEv83hfa2WM0l3iFP0vystjryhxZKkrAxRrOuAOn+NPDDiPo=&u=U2FsdGVkX1/F4T7SMI3sga9sLK+3b9hiTccBH//jWF8=&y=U2FsdGVkX19L6xbha054Z21XPah/qaSv8tDMoDF+7zY/y28P3sTcoAy3ysLw4ejd HTTP/1.1" 200 796
186.29.82.49 - - [09/May/2022:12:05:16 -0500] "GET /kwssiamovil/sm/des/acme/s?s=U2FsdGVkX1/3yOfN47bGo9r60UO1kHsKw7epBAL2X+6w9nqWzcv4m3sM0aMMiSLDWY6TiUlXtbwQL1OT28twnBqQeKixsGStDIxzWz9YqqYpbLsC/hrgzmqRUfqseQHhru+IU8sDly1hPrHM6/fpmQ==&u=U2FsdGVkX1/F4T7SMI3sga9sLK+3b9hiTccBH//jWF8=&y=U2FsdGVkX19L6xbha054Z21XPah/qaSv8tDMoDF+7zY/y28P3sTcoAy3ysLw4ejd HTTP/1.1" 200 92
186.29.82.49 - - [09/May/2022:12:05:16 -0500] "GET /kwssiamovil/sm/des/acme/s?s=U2FsdGVkX1/aCqY3Km0AvPp4zrZDXSnCJYYz6mM8Yy2yDrdICv6l8iCg3dzWnHPn86+0bWbLXGsTXGX3Yl3IjFXW107tYn3ySHZ7cheNBxOfDDFtylYUQTyk8rGNPUIO4+V1qbUxnUwo3AGixzXxu1ZIgbnscCVpRT+4VjrvR6RR4l7pQSw81LvKjiuBo99qUhZw3ylF9IQoZfQ+GT5b7kwpRkO8lhD3zTv+OHlx5i73PAjJ58yiusg6LicBuQgBQaHEtB+DheFDVDiIDLA2jC7t5WT7tYwiP+i/Ohgf9k8=&u=U2FsdGVkX1/F4T7SMI3sga9sLK+3b9hiTccBH//jWF8=&y=U2FsdGVkX19L6xbha054Z21XPah/qaSv8tDMoDF+7zY/y28P3sTcoAy3ysLw4ejd HTTP/1.1" 200 976
186.29.82.49 - - [09/May/2022:12:05:16 -0500] "GET /kwssiamovil/sm/des/cjson/pre?f=17&x=U2FsdGVkX1+1ZMr2uS/D3+qHKB1F+/Lyt03/3LRul37aqpNBD/2Z1jHYtIT3sHwU HTTP/1.1" 200 8461
186.29.82.49 - - [09/May/2022:12:05:16 -0500] "GET /kwssiamovil/sm/des/cjson/pre?f=1&x=U2FsdGVkX1+1ZMr2uS/D3+qHKB1F+/Lyt03/3LRul37aqpNBD/2Z1jHYtIT3sHwU HTTP/1.1" 200 28190
186.29.82.49 - - [09/May/2022:12:05:16 -0500] "GET /kwssiamovil/sm/des/cjson/pre?f=4&x=U2FsdGVkX1+1ZMr2uS/D3+qHKB1F+/Lyt03/3LRul37aqpNBD/2Z1jHYtIT3sHwU HTTP/1.1" 200 30802
186.29.82.49 - - [09/May/2022:12:05:16 -0500] "GET /kwssiamovil/sm/des/cjson/pre?f=6&x=U2FsdGVkX1+1ZMr2uS/D3+qHKB1F+/Lyt03/3LRul37aqpNBD/2Z1jHYtIT3sHwU HTTP/1.1" 200 32096
186.29.82.49 - - [09/May/2022:12:05:18 -0500] "GET /kwssiamovil/sm/des/cjson/pre?f=8&x=U2FsdGVkX1+1ZMr2uS/D3+qHKB1F+/Lyt03/3LRul37aqpNBD/2Z1jHYtIT3sHwU HTTP/1.1" 200 33004
186.29.82.49 - - [09/May/2022:12:05:16 -0500] "GET /kwssiamovil/sm/des/cjson/pre?f=5&x=U2FsdGVkX1+1ZMr2uS/D3+qHKB1F+/Lyt03/3LRul37aqpNBD/2Z1jHYtIT3sHwU HTTP/1.1" 200 88601
186.29.82.49 - - [09/May/2022:12:05:16 -0500] "GET /kwssiamovil/sm/des/cjson/pre?f=7&x=U2FsdGVkX1+1ZMr2uS/D3+qHKB1F+/Lyt03/3LRul37aqpNBD/2Z1jHYtIT3sHwU HTTP/1.1" 200 85434
186.29.82.49 - - [09/May/2022:12:05:16 -0500] "GET /kwssiamovil/sm/des/cjson/pre?f=3&x=U2FsdGVkX1+1ZMr2uS/D3+qHKB1F+/Lyt03/3LRul37aqpNBD/2Z1jHYtIT3sHwU HTTP/1.1" 200 86837
172.22.2.4 - - [09/May/2022:12:05:21 -0500] "GET /BLA/boletinlegal/consulta_actos.php?tipo=resoluciones&no=&usuario=&sector=PEV&fecha=2021&resuelve=banco%20agrario HTTP/1.1" 200 626
172.22.2.4 - - [09/May/2022:12:05:23 -0500] "GET /BLA/boletinlegal/consulta_actos.php?tipo=resoluciones&no=&usuario=&sector=PEV&fecha=2021&resuelve=banco%20agrario HTTP/1.1" 200 626
181.61.164.108 - - [09/May/2022:12:05:29 -0500] "GET /BLA/resoluciones/RESOLUCIONES%202007/RES%202007%203201%20AL%203300/RESOLUCION%203230%20DE%202007.pdf HTTP/1.1" 200 50985
172.22.2.4 - - [09/May/2022:12:05:30 -0500] "GET /BLA/boletinlegal/consulta_actos.php?tipo=resoluciones&no=&usuario=&sector=PEV&fecha=2021&resuelve=banco%20agrario HTTP/1.1" 200 626
181.61.164.108 - - [09/May/2022:12:05:30 -0500] "GET /BLA/resoluciones/RESOLUCIONES%202007/RES%202007%203201%20AL%203300/RESOLUCION%203231%20DE%202007.pdf HTTP/1.1" 200 28599
172.22.2.4 - - [09/May/2022:12:05:31 -0500] "GET /BLA/boletinlegal/consulta_actos.php?tipo=resoluciones&no=&usuario=&sector=PEV&fecha=2021&resuelve=banco%20agrario HTTP/1.1" 200 626
181.61.164.108 - - [09/May/2022:12:05:31 -0500] "GET /BLA/resoluciones/RESOLUCIONES%202007/RES%202007%203201%20AL%203300/RESOLUCION%203232%20DE%202007.pdf HTTP/1.1" 200 608479
201.245.192.253 - - [09/May/2022:12:05:33 -0500] "GET /BLA/resoluciones/RESOLUCIONES%202018/0970.pdf HTTP/1.1" 200 6731126
181.61.164.108 - - [09/May/2022:12:05:33 -0500] "GET /BLA/resoluciones/RESOLUCIONES%202007/RES%202007%203201%20AL%203300/RESOLUCION%203233%20DE%202007.pdf HTTP/1.1" 200 143038
172.22.2.4 - - [09/May/2022:12:05:34 -0500] "GET /BLA/boletinlegal/consulta_actos.php?tipo=autos&no=&usuario=&sector=PEV&fecha=2021&resuelve=banco%20agrario HTTP/1.1" 200 626
181.61.164.108 - - [09/May/2022:12:05:35 -0500] "GET /BLA/resoluciones/RESOLUCIONES%202007/RES%202007%203201%20AL%203300/RESOLUCION%203234%20DE%202007.pdf HTTP/1.1" 200 489337
181.61.164.108 - - [09/May/2022:12:05:35 -0500] "GET /BLA/resoluciones/RESOLUCIONES%202007/RES%202007%203201%20AL%203300/RESOLUCION%203235%20DE%202007.pdf HTTP/1.1" 200 361215
181.61.164.108 - - [09/May/2022:12:05:36 -0500] "GET /BLA/resoluciones/RESOLUCIONES%202007/RES%202007%203201%20AL%203300/RESOLUCION%203236%20DE%202007.pdf HTTP/1.1" 200 302352
181.61.164.108 - - [09/May/2022:12:05:37 -0500] "GET /BLA/resoluciones/RESOLUCIONES%202007/RES%202007%203201%20AL%203300/RESOLUCION%203237%20DE%202007.pdf HTTP/1.1" 200 926149
181.61.164.108 - - [09/May/2022:12:05:39 -0500] "GET /BLA/resoluciones/RESOLUCIONES%202007/RES%202007%203201%20AL%203300/RESOLUCION%203238%20DE%202007.pdf HTTP/1.1" 200 837279
181.61.164.108 - - [09/May/2022:12:05:40 -0500] "GET /BLA/resoluciones/RESOLUCIONES%202007/RES%202007%203201%20AL%203300/RESOLUCION%203239%20DE%202007.pdf HTTP/1.1" 200 689251
181.61.164.108 - - [09/May/2022:12:05:42 -0500] "GET /BLA/resoluciones/RESOLUCIONES%202007/RES%202007%203201%20AL%203300/RESOLUCION%203240%20DE%202007.pdf HTTP/1.1" 200 462623
181.61.164.108 - - [09/May/2022:12:05:44 -0500] "GET /BLA/resoluciones/RESOLUCIONES%202007/RES%202007%203201%20AL%203300/RESOLUCION%203241%20DE%202007.pdf HTTP/1.1" 200 526928
181.61.164.108 - - [09/May/2022:12:05:46 -0500] "GET /BLA/resoluciones/RESOLUCIONES%202007/RES%202007%203201%20AL%203300/RESOLUCION%203242%20DE%202007.pdf HTTP/1.1" 200 196763
181.61.164.108 - - [09/May/2022:12:05:47 -0500] "GET /BLA/resoluciones/RESOLUCIONES%202007/RES%202007%203201%20AL%203300/RESOLUCION%203243%20DE%202007.pdf HTTP/1.1" 200 220820
186.29.82.49 - - [09/May/2022:12:05:48 -0500] "GET /kwssiamovil/sm/des/ldap/au?x=U2FsdGVkX1+/3A3/FssBcd+di6OHiurbxi61ma7jfbldsmzkfqp/5NdLxdj+DClx&y=U2FsdGVkX19H/b2fW8h9SQ6z8f6/3yQAf5cwS5+uJXqnTFinF4elHE6iC7Sv0N3W HTTP/1.1" 200 30
186.29.82.49 - - [09/May/2022:12:05:48 -0500] "GET /kwssiamovil/sm/des/acme/s?s=U2FsdGVkX19Ex3SV9z/pt7AWrVpNKNDFL/SSMgYQ91dCdnIuNlUoEVcyR8kGhw+cnOs0w56PTgM2AGgM0hxAsZfsXB6NGrmlgMN9gWBtHuA=&u=U2FsdGVkX1+QOKIyJtrROOQGjz3nmnqBOIxWpfI3Fzg=&y=U2FsdGVkX19H/b2fW8h9SQ6z8f6/3yQAf5cwS5+uJXqnTFinF4elHE6iC7Sv0N3W HTTP/1.1" 200 97
186.29.82.49 - - [09/May/2022:12:05:48 -0500] "GET /kwssiamovil/sm/des/acme/s?s=U2FsdGVkX19HTqnc04pvYkRUkj6pCkLravz/hFgVqR0Gbnb/d0lBlSiIwILmle28AbeLelJCuC0TxyMYPqtlflk4riRTMWEDu9B177yoT0+GlSlElURE/5mqnq2vTUseUnV0+nAvPO+LLLDefda33eHajyzNw8wdeeQG4GuyLliWD0feJAx/HkfcfXYDhbbF7/G9XHIU9eDKVQniiwev7O4kArTRN5Dr8Jl69CdFX2jbztTPQNKMxdqy1VkSA0khblVfXo+MiS/zTzwQIUR00kQ4WqyIvxY/TstGrr8ss5FEo7tDh0T5NP1TIoaENXxd7DMGHJepIPqHlHjuXWQAAudzrGw0Ybjat7ldo8bGHrRpg1oxpsyDHdnA6udtl2LY+/FlVt0S2fmZuuwRpi2GRhlRDDURAN91KA2fkWB0wuIlNstxevgrZZJjdOLnRXChuqBxHUY4JJNOlrsJL2hqPL/NjHZ1tzAI9yudFmE9KIJG8qTYDOgWahYFXevZuP5LQn/p8il/f25/jAK9mdBPfKik5GiRMKEBBjPLv91sRnRjZTyrkl7OlYRNvbfwCqOwefYZcO0d1pbdPeMinlsfCIP67a2feMDgB/gr3d8BrMA2xDaz2ohHvjiT71yP8DmA8/XuF8ShQcevuH1Xm5w1qC+vKM1zqu02ML5gTmjMBzn7UqKUZSUxOU3KgH/0P43T2Esg+e/mnBrB3V7MUlR4/+2clDtMSaxbeBHAcLgSztNp7zVTvCe5DuD00VNx2/ELRu3HYkjYwJOFB9xDPlZBqKLtMxLdjQ+wyLX9fJdjK4N6tBiKaxFN1g3KOMdNZK2sPiwZ5uDoy1pT8OeJIBfBmjneTwNxzKrf0wW4X0CE0lN0wkTh/ezHW5UbAodYO9Qk1b0Wz9dm+eAdAlcmStv6MW1p/ZLtGYp59tuv3qpOmgFXKPGNhb0Uvj8IilsATc+X+9c97xfOjorG9jMcBQHG+h5+F5/hs26VVpdcP7KsVio8jeXK32u83cc5apFNE6H8fhXBN+Y2DIBs28qdHJ6ULUYsRsD8I54GD920XeIus/kjtmT7eVd+aql7ANSLYQHiOIxRrN4avpZ1m6Jrp+UgUuEHhwJfrVCD9mLui0sXYk6iSJj3dAtJRDMM3E+TRCl6z3QMZ6px773WCYugzmaKxL1/Kp1TQDzpZnTonPLgVT5B5+sD9jzrcabQ8SVo+JXpeyC2gAgjZ+YE0MqeBgHBFN0OgLXLLOqhgtnlnklb+R4kPeQ95PlsUQMqHuNv46Tvozt+GWN23Zeg+UPU0IhBHVYy2e0603osLNP6OEeVM4bh4vSmXRqGM/iYbGzXHg6H0QjxPRRAQyDN9kvyEDm1MvjXwPS1Qx7ZPlLbIA93zN4=&u=U2FsdGVkX1+QOKIyJtrROOQGjz3nmnqBOIxWpfI3Fzg=&y=U2FsdGVkX19H/b2fW8h9SQ6z8f6/3yQAf5cwS5+uJXqnTFinF4elHE6iC7Sv0N3W HTTP/1.1" 200 796
186.29.82.49 - - [09/May/2022:12:05:48 -0500] "GET /kwssiamovil/sm/des/acme/s?s=U2FsdGVkX1/m3dV2Yp6dFtQkhsi2Qb7OAod/3sItNHAJmNIUoxNR+b1EQt7vVW4bEvas7kwyj0z2+FrE+GPtsLQQIg8OqZsqemT6kLqbpiN69r4Xl8p6qC1VgP7j0rOtU4wa3efNZc8qHNjkOTYTnw==&u=U2FsdGVkX1+QOKIyJtrROOQGjz3nmnqBOIxWpfI3Fzg=&y=U2FsdGVkX19H/b2fW8h9SQ6z8f6/3yQAf5cwS5+uJXqnTFinF4elHE6iC7Sv0N3W HTTP/1.1" 200 92
186.29.82.49 - - [09/May/2022:12:05:48 -0500] "GET /kwssiamovil/sm/des/acme/s?s=U2FsdGVkX18YqddNBUiflkMPGMkLykJmb2iPbwuDMwPEFMEZomxyI9+YugCCFBCbha/PBpBSVYPhGvDBcYj7NfTaXtQE2Ga5pJ5IaOPWM5sy23JKSe71KdpLNLDpUz1DK/e2ffIPel2FfUb9ge8jLVlFaV47C/omkJLdRy+3VnVi6el+DtfwzNkNMyJWv5ObtHZr4fooByagaJBY//OcAnWLDK8y8xbHsTNQCD56emSayuxyfVf4gfsBIks/ywxADtmn3Xn8jvJtog2DglcgHMjmT5MvCEj6wAFTKkk7W8U=&u=U2FsdGVkX1+QOKIyJtrROOQGjz3nmnqBOIxWpfI3Fzg=&y=U2FsdGVkX19H/b2fW8h9SQ6z8f6/3yQAf5cwS5+uJXqnTFinF4elHE6iC7Sv0N3W HTTP/1.1" 200 976
186.29.82.49 - - [09/May/2022:12:05:48 -0500] "GET /kwssiamovil/sm/des/cjson/pre?f=17&x=U2FsdGVkX1+/3A3/FssBcd+di6OHiurbxi61ma7jfbldsmzkfqp/5NdLxdj+DClx HTTP/1.1" 200 8461
181.61.164.108 - - [09/May/2022:12:05:49 -0500] "GET /BLA/resoluciones/RESOLUCIONES%202007/RES%202007%203201%20AL%203300/RESOLUCION%203244%20DE%202007.pdf HTTP/1.1" 200 119636
186.29.82.49 - - [09/May/2022:12:05:48 -0500] "GET /kwssiamovil/sm/des/cjson/pre?f=1&x=U2FsdGVkX1+/3A3/FssBcd+di6OHiurbxi61ma7jfbldsmzkfqp/5NdLxdj+DClx HTTP/1.1" 200 28190
186.29.82.49 - - [09/May/2022:12:05:48 -0500] "GET /kwssiamovil/sm/des/cjson/pre?f=6&x=U2FsdGVkX1+/3A3/FssBcd+di6OHiurbxi61ma7jfbldsmzkfqp/5NdLxdj+DClx HTTP/1.1" 200 32096
186.29.82.49 - - [09/May/2022:12:05:48 -0500] "GET /kwssiamovil/sm/des/cjson/pre?f=4&x=U2FsdGVkX1+/3A3/FssBcd+di6OHiurbxi61ma7jfbldsmzkfqp/5NdLxdj+DClx HTTP/1.1" 200 30802
181.61.164.108 - - [09/May/2022:12:05:51 -0500] "GET /BLA/resoluciones/RESOLUCIONES%202007/RES%202007%203201%20AL%203300/RESOLUCION%203245%20DE%202007.pdf HTTP/1.1" 200 539408
186.29.82.49 - - [09/May/2022:12:05:50 -0500] "GET /kwssiamovil/sm/des/cjson/pre?f=8&x=U2FsdGVkX1+/3A3/FssBcd+di6OHiurbxi61ma7jfbldsmzkfqp/5NdLxdj+DClx HTTP/1.1" 200 33004
186.29.82.49 - - [09/May/2022:12:05:48 -0500] "GET /kwssiamovil/sm/des/cjson/pre?f=5&x=U2FsdGVkX1+/3A3/FssBcd+di6OHiurbxi61ma7jfbldsmzkfqp/5NdLxdj+DClx HTTP/1.1" 200 88601
186.29.82.49 - - [09/May/2022:12:05:49 -0500] "GET /kwssiamovil/sm/des/cjson/pre?f=7&x=U2FsdGVkX1+/3A3/FssBcd+di6OHiurbxi61ma7jfbldsmzkfqp/5NdLxdj+DClx HTTP/1.1" 200 85434
186.29.82.49 - - [09/May/2022:12:05:48 -0500] "GET /kwssiamovil/sm/des/cjson/pre?f=3&x=U2FsdGVkX1+/3A3/FssBcd+di6OHiurbxi61ma7jfbldsmzkfqp/5NdLxdj+DClx HTTP/1.1" 200 86837
172.22.2.4 - - [09/May/2022:12:05:55 -0500] "GET /BLA/boletinlegal/consulta_actos.php?tipo=autos&no=&usuario=&sector=PEV&fecha=2021&resuelve=banco%20agrario HTTP/1.1" 200 626
172.22.2.4 - - [09/May/2022:12:05:58 -0500] "GET /BLA/boletinlegal/consulta_actos.php?tipo=autos&no=&usuario=&sector=PEV&fecha=2021&resuelve=agrario HTTP/1.1" 200 626
172.22.2.4 - - [09/May/2022:12:05:59 -0500] "GET /BLA/boletinlegal/consulta_actos.php?tipo=autos&no=&usuario=&sector=PEV&fecha=2021&resuelve=agrario HTTP/1.1" 200 626
172.22.2.4 - - [09/May/2022:12:06:01 -0500] "GET /BLA/boletinlegal/consulta_actos.php?tipo=autos&no=&usuario=&sector=PEV&fecha=2021&resuelve=agrario HTTP/1.1" 200 626
172.22.2.4 - - [09/May/2022:12:06:02 -0500] "GET /BLA/boletinlegal/consulta_actos.php?tipo=autos&no=&usuario=&sector=PEV&fecha=2021&resuelve=agrario HTTP/1.1" 200 626
172.22.2.4 - - [09/May/2022:12:06:03 -0500] "GET /BLA/boletinlegal/consulta_actos.php?tipo=autos&no=&usuario=&sector=PEV&fecha=2021&resuelve=agrario HTTP/1.1" 200 626
172.22.2.4 - - [09/May/2022:12:06:03 -0500] "GET /BLA/boletinlegal/consulta_actos.php?tipo=autos&no=&usuario=&sector=PEV&fecha=2021&resuelve=agrario HTTP/1.1" 200 626
172.22.2.4 - - [09/May/2022:12:06:03 -0500] "GET /BLA/boletinlegal/consulta_actos.php?tipo=autos&no=&usuario=&sector=PEV&fecha=2021&resuelve=agrario HTTP/1.1" 200 626
172.22.2.4 - - [09/May/2022:12:06:04 -0500] "GET /BLA/boletinlegal/consulta_actos.php?tipo=autos&no=&usuario=&sector=PEV&fecha=2021&resuelve=agrario HTTP/1.1" 200 626
181.61.164.108 - - [09/May/2022:12:06:06 -0500] "GET /BLA/resoluciones/RESOLUCIONES%202007/RES%202007%203201%20AL%203300/RESOLUCION%203246%20DE%202007.pdf HTTP/1.1" 200 690500
181.61.164.108 - - [09/May/2022:12:06:07 -0500] "GET /BLA/resoluciones/RESOLUCIONES%202007/RES%202007%203201%20AL%203300/RESOLUCION%203247%20DE%202007.pdf HTTP/1.1" 200 937701
181.61.164.108 - - [09/May/2022:12:06:09 -0500] "GET /BLA/resoluciones/RESOLUCIONES%202007/RES%202007%203201%20AL%203300/RESOLUCION%203248%20DE%202007.pdf HTTP/1.1" 200 840297
181.61.164.108 - - [09/May/2022:12:06:10 -0500] "GET /BLA/resoluciones/RESOLUCIONES%202007/RES%202007%203201%20AL%203300/RESOLUCION%203249%20DE%202007.pdf HTTP/1.1" 200 496675
181.61.164.108 - - [09/May/2022:12:06:11 -0500] "GET /BLA/resoluciones/RESOLUCIONES%202007/RES%202007%203201%20AL%203300/RESOLUCION%203250%20DE%202007.pdf HTTP/1.1" 200 503305
181.61.164.108 - - [09/May/2022:12:06:12 -0500] "GET /BLA/resoluciones/RESOLUCIONES%202007/RES%202007%203201%20AL%203300/RESOLUCION%203251%20DE%202007.pdf HTTP/1.1" 200 676520
181.61.164.108 - - [09/May/2022:12:06:13 -0500] "GET /BLA/resoluciones/RESOLUCIONES%202007/RES%202007%203201%20AL%203300/RESOLUCION%203252%20DE%202007.pdf HTTP/1.1" 200 1037580
181.61.164.108 - - [09/May/2022:12:06:14 -0500] "GET /BLA/resoluciones/RESOLUCIONES%202007/RES%202007%203201%20AL%203300/RESOLUCION%203253%20DE%202007.pdf HTTP/1.1" 200 114334
181.61.164.108 - - [09/May/2022:12:06:16 -0500] "GET /BLA/resoluciones/RESOLUCIONES%202007/RES%202007%203201%20AL%203300/RESOLUCION%203254%20DE%202007.pdf HTTP/1.1" 200 2536442
181.61.164.108 - - [09/May/2022:12:06:17 -0500] "GET /BLA/resoluciones/RESOLUCIONES%202007/RES%202007%203201%20AL%203300/RESOLUCION%203255%20DE%202007.pdf HTTP/1.1" 200 120625
201.245.192.253 - - [09/May/2022:12:06:17 -0500] "POST /sipse/faces/presentacion/financiero/solicitudProceso/consultarHistorialSolProceso.xhtml HTTP/1.1" 200 57390
201.245.192.253 - - [09/May/2022:12:06:18 -0500] "GET /sipse/faces/javax.faces.resource/theme.css?ln=primefaces-sipse HTTP/1.1" 304 -
201.245.192.253 - - [09/May/2022:12:06:18 -0500] "GET /sipse/faces/javax.faces.resource/layout/layout.css?ln=primefaces&v=4.0 HTTP/1.1" 304 -
201.245.192.253 - - [09/May/2022:12:06:18 -0500] "GET /sipse/faces/javax.faces.resource/primefaces.css?ln=primefaces&v=4.0 HTTP/1.1" 304 -
201.245.192.253 - - [09/May/2022:12:06:18 -0500] "GET /sipse/css/imagen/contrasena.png HTTP/1.1" 404 383
201.245.192.253 - - [09/May/2022:12:06:18 -0500] "GET /sipse/faces/javax.faces.resource/jquery/jquery.js?ln=primefaces&v=4.0 HTTP/1.1" 304 -
201.245.192.253 - - [09/May/2022:12:06:18 -0500] "GET /sipse/faces/javax.faces.resource/jquery/jquery-plugins.js?ln=primefaces&v=4.0 HTTP/1.1" 304 -
201.245.192.253 - - [09/May/2022:12:06:18 -0500] "GET /sipse/faces/javax.faces.resource/primefaces.js?ln=primefaces&v=4.0 HTTP/1.1" 304 -
201.245.192.253 - - [09/May/2022:12:06:18 -0500] "GET /sipse/faces/javax.faces.resource/layout/layout.js?ln=primefaces&v=4.0 HTTP/1.1" 304 -
201.245.192.253 - - [09/May/2022:12:06:18 -0500] "GET /sipse/faces/javax.faces.resource/images/ui-icons_898989_256x240.png?ln=primefaces-aristo HTTP/1.1" 304 -
181.61.164.108 - - [09/May/2022:12:06:18 -0500] "GET /BLA/resoluciones/RESOLUCIONES%202007/RES%202007%203201%20AL%203300/RESOLUCION%203256%20DE%202007.pdf HTTP/1.1" 200 27804
201.245.192.253 - - [09/May/2022:12:06:18 -0500] "POST /sipse/faces/presentacion/financiero/solicitudProceso/solicitudProcesoOtrosPagos.xhtml HTTP/1.1" 200 50761
201.245.192.253 - - [09/May/2022:12:06:18 -0500] "GET /sipse/faces/javax.faces.resource/images/ui-bg_flat_0_2d5972_40x100.png?ln=primefaces-aristo HTTP/1.1" 304 -
201.245.192.253 - - [09/May/2022:12:06:18 -0500] "POST /sipse/faces/presentacion/financiero/solicitudProceso/solicitudProcesoOtrosPagos.xhtml HTTP/1.1" 200 50761
181.61.164.108 - - [09/May/2022:12:06:19 -0500] "GET /BLA/resoluciones/RESOLUCIONES%202007/RES%202007%203201%20AL%203300/RESOLUCION%203257%20DE%202007.pdf HTTP/1.1" 200 2739877
181.61.164.108 - - [09/May/2022:12:06:20 -0500] "GET /BLA/resoluciones/RESOLUCIONES%202007/RES%202007%203201%20AL%203300/RESOLUCION%203257%20%20DE%202007.pdf HTTP/1.1" 200 2739878
186.29.82.49 - - [09/May/2022:12:06:21 -0500] "GET /kwssiamovil/sm/des/ldap/au?x=U2FsdGVkX1+OzwZ0//stCfM4khZFv0psX0LxDpnUJOMEKsXYAsiGp4IHFgwPlXRx&y=U2FsdGVkX1/aUMt5StJte78PoU33nLXlh0mFJAg2QzU= HTTP/1.1" 200 30
181.61.164.108 - - [09/May/2022:12:06:24 -0500] "GET /BLA/resoluciones/RESOLUCIONES%202007/RES%202007%203201%20AL%203300/Resolucion%203257%20del%2030%20de%20octubre%20de%202007.pdf HTTP/1.1" 200 3274841
172.22.2.4 - - [09/May/2022:12:06:24 -0500] "GET /BLA/boletinlegal/consulta_actos.php?tipo=resoluciones&no=4969&usuario=&sector=SILVICULTURA&fecha=2021&resuelve= HTTP/1.1" 200 1101
181.61.164.108 - - [09/May/2022:12:06:25 -0500] "GET /BLA/resoluciones/RESOLUCIONES%202007/RES%202007%203201%20AL%203300/RESOLUCION%203258%20DE%202007.pdf HTTP/1.1" 200 380394
201.245.192.253 - - [09/May/2022:12:06:25 -0500] "POST /sipse/faces/presentacion/financiero/solicitudProceso/solicitudProcesoOtrosPagos.xhtml HTTP/1.1" 200 2043
181.61.164.108 - - [09/May/2022:12:06:27 -0500] "GET /BLA/resoluciones/RESOLUCIONES%202007/RES%202007%203201%20AL%203300/RESOLUCION%203259%20DE%202007.pdf HTTP/1.1" 200 98509
172.22.2.4 - - [09/May/2022:12:04:48 -0500] "HEAD /BLA/boletinlegal/ HTTP/1.1" 200 -
181.61.164.108 - - [09/May/2022:12:06:28 -0500] "GET /BLA/resoluciones/RESOLUCIONES%202007/RES%202007%203201%20AL%203300/RESOLUCION%203260%20DE%202007.pdf HTTP/1.1" 200 274338
172.22.2.4 - - [09/May/2022:12:06:28 -0500] "GET /BLA/boletinlegal/consulta_actos.php?tipo=resoluciones&no=4969&usuario=&sector=SILVICULTURA&fecha=2022&resuelve= HTTP/1.1" 200 626
181.61.164.108 - - [09/May/2022:12:06:29 -0500] "GET /BLA/resoluciones/RESOLUCIONES%202007/RES%202007%203201%20AL%203300/RESOLUCION%203261%20DE%202007.pdf HTTP/1.1" 200 344321
201.245.192.253 - - [09/May/2022:12:06:29 -0500] "GET /BLA/resoluciones/ HTTP/1.1" 200 13093
181.61.164.108 - - [09/May/2022:12:06:31 -0500] "GET /BLA/resoluciones/RESOLUCIONES%202007/RES%202007%203201%20AL%203300/RESOLUCION%203262%20DE%202007.pdf HTTP/1.1" 200 1280478
207.46.13.82 - - [09/May/2022:12:06:31 -0500] "GET /sipse/faces/faces/autenticacion.xhtml HTTP/1.1" 200 12489
181.61.164.108 - - [09/May/2022:12:06:33 -0500] "GET /BLA/resoluciones/RESOLUCIONES%202007/RES%202007%203201%20AL%203300/RESOLUCION%203263%20DE%202007.pdf HTTP/1.1" 200 320654
172.22.2.4 - - [09/May/2022:12:06:34 -0500] "GET /BLA/boletinlegal/consulta_actos.php?tipo=resoluciones&no=4969&usuario=&sector=SILVICULTURA&fecha=2021&resuelve= HTTP/1.1" 200 1101
181.61.164.108 - - [09/May/2022:12:06:34 -0500] "GET /BLA/resoluciones/RESOLUCIONES%202007/RES%202007%203201%20AL%203300/RESOLUCION%203264%20DE%202007.pdf HTTP/1.1" 200 420685
181.61.164.108 - - [09/May/2022:12:06:36 -0500] "GET /BLA/resoluciones/RESOLUCIONES%202007/RES%202007%203201%20AL%203300/RESOLUCION%203265%20DE%202007.pdf HTTP/1.1" 200 260781
216.245.221.92 - - [09/May/2022:12:06:37 -0500] "HEAD / HTTP/1.1" 200 -
181.61.164.108 - - [09/May/2022:12:06:38 -0500] "GET /BLA/resoluciones/RESOLUCIONES%202007/RES%202007%203201%20AL%203300/RESOLUCION%203266%20DE%202007.pdf HTTP/1.1" 200 1396236
181.61.164.108 - - [09/May/2022:12:06:39 -0500] "GET /BLA/resoluciones/RESOLUCIONES%202007/RES%202007%203201%20AL%203300/RESOLUCION%203267%20DE%202007.pdf HTTP/1.1" 200 419381
201.245.192.253 - - [09/May/2022:12:06:40 -0500] "POST /sipse/faces/presentacion/financiero/solicitudProceso/solicitudProcesoOtrosPagos.xhtml HTTP/1.1" 200 2047
181.61.164.108 - - [09/May/2022:12:06:41 -0500] "GET /BLA/resoluciones/RESOLUCIONES%202007/RES%202007%203201%20AL%203300/RESOLUCION%203268%20%20DE%202007.pdf HTTP/1.1" 200 409031
201.245.192.253 - - [09/May/2022:12:06:31 -0500] "GET /BLA/resoluciones/index.php?dir=RESOLUCIONES+2010%2F HTTP/1.1" 200 1307967
201.245.192.253 - - [09/May/2022:12:06:42 -0500] "POST /sipse/faces/presentacion/financiero/solicitudProceso/solicitudProcesoOtrosPagos.xhtml HTTP/1.1" 200 40732
201.245.192.253 - - [09/May/2022:12:06:42 -0500] "GET /sipse/faces/javax.faces.resource/theme.css?ln=primefaces-sipse HTTP/1.1" 304 -
201.245.192.253 - - [09/May/2022:12:06:42 -0500] "GET /sipse/faces/javax.faces.resource/primefaces.css?ln=primefaces&v=4.0 HTTP/1.1" 304 -
201.245.192.253 - - [09/May/2022:12:06:42 -0500] "GET /sipse/faces/javax.faces.resource/layout/layout.css?ln=primefaces&v=4.0 HTTP/1.1" 304 -
201.245.192.253 - - [09/May/2022:12:06:42 -0500] "GET /sipse/faces/javax.faces.resource/jquery/jquery.js?ln=primefaces&v=4.0 HTTP/1.1" 304 -
201.245.192.253 - - [09/May/2022:12:06:42 -0500] "GET /sipse/faces/javax.faces.resource/jquery/jquery-plugins.js?ln=primefaces&v=4.0 HTTP/1.1" 304 -
201.245.192.253 - - [09/May/2022:12:06:42 -0500] "GET /sipse/faces/javax.faces.resource/primefaces.js?ln=primefaces&v=4.0 HTTP/1.1" 304 -
201.245.192.253 - - [09/May/2022:12:06:42 -0500] "GET /sipse/faces/javax.faces.resource/layout/layout.js?ln=primefaces&v=4.0 HTTP/1.1" 304 -
201.245.192.253 - - [09/May/2022:12:06:42 -0500] "GET /sipse/css/imagen/contrasena.png HTTP/1.1" 404 383
201.245.192.253 - - [09/May/2022:12:06:42 -0500] "POST /sipse/faces/presentacion/financiero/solicitudProceso/consultar.xhtml HTTP/1.1" 200 34137
201.245.192.253 - - [09/May/2022:12:06:42 -0500] "POST /sipse/faces/presentacion/financiero/solicitudProceso/consultar.xhtml HTTP/1.1" 200 34137
201.245.192.253 - - [09/May/2022:12:06:43 -0500] "POST /sipse/faces/presentacion/financiero/solicitudProceso/consultar.xhtml HTTP/1.1" 200 34137
181.61.164.108 - - [09/May/2022:12:06:43 -0500] "GET /BLA/resoluciones/RESOLUCIONES%202007/RES%202007%203201%20AL%203300/RESOLUCION%203269%20DE%202007.pdf HTTP/1.1" 200 566604
201.245.192.253 - - [09/May/2022:12:06:46 -0500] "POST /sipse/faces/presentacion/financiero/solicitudProceso/consultar.xhtml HTTP/1.1" 200 12544
201.245.192.253 - - [09/May/2022:12:06:48 -0500] "POST /sipse/faces/presentacion/financiero/solicitudProceso/consultar.xhtml HTTP/1.1" 200 108713
201.245.192.253 - - [09/May/2022:12:06:49 -0500] "GET /sipse/faces/javax.faces.resource/theme.css?ln=primefaces-sipse HTTP/1.1" 304 -
201.245.192.253 - - [09/May/2022:12:06:49 -0500] "GET /sipse/faces/javax.faces.resource/layout/layout.css?ln=primefaces&v=4.0 HTTP/1.1" 304 -
201.245.192.253 - - [09/May/2022:12:06:49 -0500] "GET /sipse/faces/javax.faces.resource/primefaces.css?ln=primefaces&v=4.0 HTTP/1.1" 304 -
201.245.192.253 - - [09/May/2022:12:06:49 -0500] "GET /sipse/faces/javax.faces.resource/jquery/jquery.js?ln=primefaces&v=4.0 HTTP/1.1" 304 -
201.245.192.253 - - [09/May/2022:12:06:49 -0500] "GET /sipse/faces/javax.faces.resource/jquery/jquery-plugins.js?ln=primefaces&v=4.0 HTTP/1.1" 304 -
201.245.192.253 - - [09/May/2022:12:06:49 -0500] "GET /sipse/faces/javax.faces.resource/primefaces.js?ln=primefaces&v=4.0 HTTP/1.1" 304 -
201.245.192.253 - - [09/May/2022:12:06:49 -0500] "GET /sipse/faces/javax.faces.resource/layout/layout.js?ln=primefaces&v=4.0 HTTP/1.1" 304 -
201.245.192.253 - - [09/May/2022:12:06:49 -0500] "GET /sipse/css/imagen/contrasena.png HTTP/1.1" 404 383
201.245.192.253 - - [09/May/2022:12:06:53 -0500] "POST /sipse/faces/presentacion/financiero/solicitudProceso/consultarSolicitudProceso.xhtml HTTP/1.1" 200 131528
201.245.192.253 - - [09/May/2022:12:06:58 -0500] "GET /BLA/resoluciones/RESOLUCIONES%202010/4541.pdf HTTP/1.1" 200 578124
52.143.95.27 - - [09/May/2022:12:07:01 -0500] "GET /images/graduacion-mujeres-7-mayo.jpg HTTP/1.1" 200 24888
172.22.2.4 - - [09/May/2022:12:05:38 -0500] "GET /BLA/boletinlegal/ HTTP/1.1" 200 55089
172.22.2.4 - - [09/May/2022:12:07:27 -0500] "GET /BLA/boletinlegal/consulta_actos.php?tipo=resoluciones&no=4969&usuario=&sector=SILVICULTURA&fecha=2021&resuelve= HTTP/1.1" 200 1101
186.29.82.49 - - [09/May/2022:12:07:41 -0500] "GET /kwssiamovil/sm/des/ldap/au?x=U2FsdGVkX1+OweOQdy7p6EaiX5zHix0VCKYAdixezIh3JH1CRB8mwyzVc7F+Q+7D&y=U2FsdGVkX18HQHdmIHtMwkATnH7MbZe5l8lpLUOG+fMa7fn1fq1ytPhLYnRen0mH HTTP/1.1" 200 30
186.29.82.49 - - [09/May/2022:12:07:41 -0500] "GET /kwssiamovil/sm/des/acme/s?s=U2FsdGVkX19WY0RPgk2SYvWl1i/InTp1hUe9QSxqPVDmkRwhF1tIo1A8O3bukARFETqy4NRyHRAe/+82BGn/WVCe7oJ6HSz7jhsi5I7skI4=&u=U2FsdGVkX1+7+Q2I+f2s7hI8QemtNa9iwEuW93SvzlE=&y=U2FsdGVkX18HQHdmIHtMwkATnH7MbZe5l8lpLUOG+fMa7fn1fq1ytPhLYnRen0mH HTTP/1.1" 200 97
186.29.82.49 - - [09/May/2022:12:07:41 -0500] "GET /kwssiamovil/sm/des/acme/s?s=U2FsdGVkX188TcOKNJuvlraVJLZxT3505bsd+rwaJSVXH0tB5J5VDZSoBhRXPdc+fnaomDEYqE2vr3sZHHa90DR0iVoE24QxiYflFhWnyoJZUXNYycVp2z9Hsdt7IBuj/B/nvSE1pk337AiofbWFQfgpkcMTaxit+MJ5J6hNNhH5FJVMGgOfTm9mNRdlM8FGOxMx6Em1RdfCWQd819JUCbw1TLg9Opj6l2IEkO11e4ttQQ6gACLDSabW0NDeejxKsgUSoHP28TgnVBZ/qfG6iyddh85YtN/kD75TvMhLNypYHVOq3MDtAsEWPVtgwH2mQQL06rlcQ6LKONRI8dblJHNXc1exMJHce+ERW5TPEPywvzkjzlaBPNYBXEiuPt1fKcRToqSJzrpw26mTWNJ+XsWdQCe7Kht42KCr5GbMpZ1s1vLkRrxcnB4iWCQHXWscyal8cS/1dndbDQvwgxh0ZEobp3bTfhCUriguyMlV46bqoco2WD6Azy7uWoAICTis7KFBZwkJ4oBj8tWpAZhPalGhQWHnkV+gIS2WTzvhg0EUXnMbT32xZ2Ui6lezhy/FIZvUi1GJxTfNetVYfD2H+e/n7oGLGjqUPOiQU2rcL5ohI5qmakPQfZZYyuJeWXDWdPH49K3EVN/0PEbLX9eKIpto/c7N5frlNYEfIwJLHVCG+PUyYHERImhzj8DoDp2gFQylWqvulhh/rQHLmPTCy4/4v8T+x3aY9vvKX+v+GRPZ0sa7EMFVpBcO4+wV5nEbkOTQjB5CDd2gzOM0ZG1Jy+6BgZbPG6+DQsydMLSM4jeDXl6Gimsi8TmYeIwnvDHk2etwzkkjfux7xxr4O73xvNwCNHydNlPI23/b9OtdH9pl6evIabSl1EAAPXi9NobZWHB260ZE5WSiBc1aYeTw4Hyhf0AjGW1vCA2YvyPDrtn5E0dWwrU0GecHhDVFSbKA4DVCIL8jTe/1bJkptU3B+eMyscB1flirqZBq1sRIf7WvKgpEXI1Wk/ooUHZbKSSAHLqHWvXjsAY+sli3IcxNqsj2iN+sMVgd09+8/4hypOtOqRVqHy/shcdo9Rm2mBbA8OYl3XlRhZ0kzI62M45AZPcepT/wQIv0UUwg1hT9CNdUpUpnulAESZPyDb7P8wgejTdWtZNepXB9Ptj4IcLWQqGnufJOxCSy4MoZUbJrQoDKMnP7YjQ38CzV9IE6gJYWhCkBYcJ1E+HJxpYbbLbjKb0yhrL/fe9++2ixdPwQMUpzcbTUppobkPltpmlnfXENrxNONwWuJNEgwhDVFmABEXy0SWBXKWhEspQKXfc1ImtUtewTtekK+xwK/xQkZhlfRLGkRZWsE6Tt9cUO+T7BC/4KuMvBWGW7VBx/Oaea/Oc=&u=U2FsdGVkX1+7+Q2I+f2s7hI8QemtNa9iwEuW93SvzlE=&y=U2FsdGVkX18HQHdmIHtMwkATnH7MbZe5l8lpLUOG+fMa7fn1fq1ytPhLYnRen0mH HTTP/1.1" 200 796
186.29.82.49 - - [09/May/2022:12:07:41 -0500] "GET /kwssiamovil/sm/des/acme/s?s=U2FsdGVkX1/8HhKQE+SvQhUCj7C3i1iDqGMTvT5sOpH+BIm+c7hUKDpX4ObFtuMaaR+FarddNAzayqrKOlpFgkQJfuQZ+vbiVmB0gtsGump/wNQiHQ5dGSS765bn08t6dc1D/yJMjmToUC2v+K2Dgg==&u=U2FsdGVkX1+7+Q2I+f2s7hI8QemtNa9iwEuW93SvzlE=&y=U2FsdGVkX18HQHdmIHtMwkATnH7MbZe5l8lpLUOG+fMa7fn1fq1ytPhLYnRen0mH HTTP/1.1" 200 92
186.29.82.49 - - [09/May/2022:12:07:41 -0500] "GET /kwssiamovil/sm/des/acme/s?s=U2FsdGVkX1+gUE6wRwpHRCly69NXWf/e3QZIjRxKlpIyCCpxDFxzixpS99TWavZZm/3qyU8GNhIxmydfiv56ZIZSA2PxiHLeQUbQiOMRRGWc/19wTadNikZsZhQSpvUitLLiVYwgbSbILso9xD/dta5F9XHF/Ze4jBoJvrjOsziA+fHVbENkj88hPUsAVao+bSEPVR5wneHcQlNYySaz8TzzwV8d+9vU90WsOmqiPSNoAoTp1G4dGfYeT2wIVvZJ4HDOSQCuhKNN/IoxA7rwyuHHf3fwuqyszH0SS2rhjfY=&u=U2FsdGVkX1+7+Q2I+f2s7hI8QemtNa9iwEuW93SvzlE=&y=U2FsdGVkX18HQHdmIHtMwkATnH7MbZe5l8lpLUOG+fMa7fn1fq1ytPhLYnRen0mH HTTP/1.1" 200 976
186.29.82.49 - - [09/May/2022:12:07:41 -0500] "GET /kwssiamovil/sm/des/cjson/pre?f=17&x=U2FsdGVkX1+OweOQdy7p6EaiX5zHix0VCKYAdixezIh3JH1CRB8mwyzVc7F+Q+7D HTTP/1.1" 200 8461
186.29.82.49 - - [09/May/2022:12:07:41 -0500] "GET /kwssiamovil/sm/des/cjson/pre?f=1&x=U2FsdGVkX1+OweOQdy7p6EaiX5zHix0VCKYAdixezIh3JH1CRB8mwyzVc7F+Q+7D HTTP/1.1" 200 28190
186.29.82.49 - - [09/May/2022:12:07:41 -0500] "GET /kwssiamovil/sm/des/cjson/pre?f=4&x=U2FsdGVkX1+OweOQdy7p6EaiX5zHix0VCKYAdixezIh3JH1CRB8mwyzVc7F+Q+7D HTTP/1.1" 200 30802
186.29.82.49 - - [09/May/2022:12:07:41 -0500] "GET /kwssiamovil/sm/des/cjson/pre?f=6&x=U2FsdGVkX1+OweOQdy7p6EaiX5zHix0VCKYAdixezIh3JH1CRB8mwyzVc7F+Q+7D HTTP/1.1" 200 32096
186.29.82.49 - - [09/May/2022:12:07:43 -0500] "GET /kwssiamovil/sm/des/cjson/pre?f=8&x=U2FsdGVkX1+OweOQdy7p6EaiX5zHix0VCKYAdixezIh3JH1CRB8mwyzVc7F+Q+7D HTTP/1.1" 200 33004
186.29.82.49 - - [09/May/2022:12:07:41 -0500] "GET /kwssiamovil/sm/des/cjson/pre?f=5&x=U2FsdGVkX1+OweOQdy7p6EaiX5zHix0VCKYAdixezIh3JH1CRB8mwyzVc7F+Q+7D HTTP/1.1" 200 88601
186.29.82.49 - - [09/May/2022:12:07:42 -0500] "GET /kwssiamovil/sm/des/cjson/pre?f=7&x=U2FsdGVkX1+OweOQdy7p6EaiX5zHix0VCKYAdixezIh3JH1CRB8mwyzVc7F+Q+7D HTTP/1.1" 200 85434
186.29.82.49 - - [09/May/2022:12:07:41 -0500] "GET /kwssiamovil/sm/des/cjson/pre?f=3&x=U2FsdGVkX1+OweOQdy7p6EaiX5zHix0VCKYAdixezIh3JH1CRB8mwyzVc7F+Q+7D HTTP/1.1" 200 86837
172.22.2.4 - - [09/May/2022:12:07:50 -0500] "GET /BLA/boletinlegal/consulta_actos.php?tipo=resoluciones&no=5573&usuario=&sector=SILVICULTURA&fecha=2021&resuelve= HTTP/1.1" 200 1077
190.27.100.15 - - [09/May/2022:12:07:52 -0500] "GET /BLA/resoluciones/RESOLUCIONES%202021/5573.pdf HTTP/1.1" 200 448109
172.22.2.4 - - [09/May/2022:12:08:03 -0500] "GET /BLA/boletinlegal/actos.php HTTP/1.1" 200 9559
172.22.2.4 - - [09/May/2022:12:08:03 -0500] "GET /BLA/boletinlegal/styles2.css HTTP/1.1" 200 1838
172.22.2.4 - - [09/May/2022:12:08:03 -0500] "GET /BLA/boletinlegal/js/ajax_actos.js HTTP/1.1" 200 1322
172.22.2.4 - - [09/May/2022:12:08:03 -0500] "GET /BLA/boletinlegal/niceforms.js HTTP/1.1" 200 22876
172.22.2.4 - - [09/May/2022:12:08:03 -0500] "GET /BLA/boletinlegal/niceforms-default.css HTTP/1.1" 200 6694
172.22.2.4 - - [09/May/2022:12:08:03 -0500] "GET /BLA/boletinlegal/style.css HTTP/1.1" 200 9406
172.22.2.4 - - [09/May/2022:12:08:03 -0500] "GET /BLA/boletinlegal/js/lib.js HTTP/1.1" 200 6474
172.22.2.4 - - [09/May/2022:12:08:03 -0500] "GET /BLA/boletinlegal/js/popup.js HTTP/1.1" 200 1270
172.22.2.4 - - [09/May/2022:12:08:03 -0500] "GET /BLA/boletinlegal/js/jquery1.js HTTP/1.1" 200 29846
172.22.2.4 - - [09/May/2022:12:08:03 -0500] "GET /BLA/boletinlegal/images/cabezote%20BLEGAL.jpg HTTP/1.1" 200 118164
172.22.2.4 - - [09/May/2022:12:08:03 -0500] "GET /BLA/boletinlegal/images/subscribe-icon-big.png HTTP/1.1" 200 47702
172.22.2.4 - - [09/May/2022:12:08:03 -0500] "GET /BLA/boletinlegal/images/historia.png HTTP/1.1" 200 52775
172.22.2.4 - - [09/May/2022:12:08:03 -0500] "GET /BLA/boletinlegal/images/green-yellow-blue-pink-th.png HTTP/1.1" 200 7394
172.22.2.4 - - [09/May/2022:12:08:03 -0500] "GET /BLA/boletinlegal/images/registro-usuarios.png HTTP/1.1" 200 8106
172.22.2.4 - - [09/May/2022:12:08:03 -0500] "GET /BLA/boletinlegal/images/abajo.png HTTP/1.1" 200 96676
172.22.2.4 - - [09/May/2022:12:08:03 -0500] "GET /BLA/boletinlegal/images/tel.png HTTP/1.1" 200 14477
172.22.2.4 - - [09/May/2022:12:08:03 -0500] "GET /BLA/boletinlegal/images/icono-email.png HTTP/1.1" 200 5544
172.22.2.4 - - [09/May/2022:12:08:03 -0500] "GET /BLA/boletinlegal/images/body_bg.jpg HTTP/1.1" 200 1601
172.22.2.4 - - [09/May/2022:12:08:03 -0500] "GET /BLA/boletinlegal/images/menu_lft.gif HTTP/1.1" 200 1713
172.22.2.4 - - [09/May/2022:12:08:03 -0500] "GET /BLA/boletinlegal/images/menu_rght.gif HTTP/1.1" 200 1627
172.22.2.4 - - [09/May/2022:12:08:03 -0500] "GET /BLA/boletinlegal/images/bg_top.jpg HTTP/1.1" 200 522
172.22.2.4 - - [09/May/2022:12:08:03 -0500] "GET /BLA/boletinlegal/images/menu_bg.jpg HTTP/1.1" 200 620
172.22.2.4 - - [09/May/2022:12:08:03 -0500] "GET /BLA/boletinlegal/images/hover.jpg HTTP/1.1" 200 640
172.22.2.4 - - [09/May/2022:12:08:03 -0500] "GET /BLA/boletinlegal/images/text.jpg HTTP/1.1" 200 568
172.22.2.4 - - [09/May/2022:12:08:03 -0500] "GET /BLA/boletinlegal/images/footer_bg.jpg HTTP/1.1" 200 586
172.22.2.4 - - [09/May/2022:12:08:03 -0500] "GET /BLA/boletinlegal/images/footer_bg_l.jpg HTTP/1.1" 200 776
172.22.2.4 - - [09/May/2022:12:08:03 -0500] "GET /BLA/boletinlegal/img/0.png HTTP/1.1" 200 110
172.22.2.4 - - [09/May/2022:12:08:03 -0500] "GET /BLA/boletinlegal/img/select-left.png HTTP/1.1" 200 263
172.22.2.4 - - [09/May/2022:12:08:03 -0500] "GET /BLA/boletinlegal/img/select-right.png HTTP/1.1" 200 44019
172.22.2.4 - - [09/May/2022:12:08:03 -0500] "GET /BLA/boletinlegal/img/button-left.png HTTP/1.1" 200 57071
172.22.2.4 - - [09/May/2022:12:08:03 -0500] "GET /BLA/boletinlegal/img/button-right.png HTTP/1.1" 200 57878
172.22.2.4 - - [09/May/2022:12:08:03 -0500] "GET /BLA/boletinlegal/img/button.png HTTP/1.1" 200 43241
201.245.192.253 - - [09/May/2022:12:08:08 -0500] "POST /appsia/controlador HTTP/1.1" 200 3604
201.245.192.253 - - [09/May/2022:12:08:08 -0500] "GET /appsia/jscripts/validarSolicitud.js HTTP/1.1" 404 68
201.245.192.253 - - [09/May/2022:12:08:09 -0500] "POST /appsia/controlador HTTP/1.1" 200 4799
