172.22.2.4 - - [10/May/2022:12:27:59 -0500] "GET /BLA/boletinlegal/images/menu_lft.gif HTTP/1.1" 200 1713
172.22.2.4 - - [10/May/2022:12:27:59 -0500] "GET /BLA/boletinlegal/images/bg_top.jpg HTTP/1.1" 200 522
172.22.2.4 - - [10/May/2022:12:27:59 -0500] "GET /BLA/boletinlegal/images/menu_bg.jpg HTTP/1.1" 200 620
172.22.2.4 - - [10/May/2022:12:28:00 -0500] "GET /BLA/boletinlegal/images/hover.jpg HTTP/1.1" 200 640
172.22.2.4 - - [10/May/2022:12:28:00 -0500] "GET /BLA/boletinlegal/images/text.jpg HTTP/1.1" 200 568
172.22.2.4 - - [10/May/2022:12:28:05 -0500] "GET /BLA/boletinlegal/actos.php HTTP/1.1" 200 9559
172.22.2.4 - - [10/May/2022:12:28:05 -0500] "GET /BLA/boletinlegal/niceforms-default.css HTTP/1.1" 200 6694
172.22.2.4 - - [10/May/2022:12:28:05 -0500] "GET /BLA/boletinlegal/js/lib.js HTTP/1.1" 200 6474
172.22.2.4 - - [10/May/2022:12:28:05 -0500] "GET /BLA/boletinlegal/js/ajax_actos.js HTTP/1.1" 200 1322
172.22.2.4 - - [10/May/2022:12:28:05 -0500] "GET /BLA/boletinlegal/niceforms.js HTTP/1.1" 200 22876
172.22.2.4 - - [10/May/2022:12:28:05 -0500] "GET /BLA/boletinlegal/js/popup.js HTTP/1.1" 200 1270
172.22.2.4 - - [10/May/2022:12:28:05 -0500] "GET /BLA/boletinlegal/js/jquery1.js HTTP/1.1" 200 29846
172.22.2.4 - - [10/May/2022:12:28:05 -0500] "GET /BLA/boletinlegal/images/green-yellow-blue-pink-th.png HTTP/1.1" 200 7394
172.22.2.4 - - [10/May/2022:12:28:05 -0500] "GET /BLA/boletinlegal/images/abajo.png HTTP/1.1" 200 96676
172.22.2.4 - - [10/May/2022:12:28:05 -0500] "GET /BLA/boletinlegal/images/tel.png HTTP/1.1" 200 14477
172.22.2.4 - - [10/May/2022:12:28:05 -0500] "GET /BLA/boletinlegal/images/icono-email.png HTTP/1.1" 200 5544
172.22.2.4 - - [10/May/2022:12:28:05 -0500] "GET /BLA/boletinlegal/images/footer_bg.jpg HTTP/1.1" 200 586
172.22.2.4 - - [10/May/2022:12:28:05 -0500] "GET /BLA/boletinlegal/images/footer_bg_l.jpg HTTP/1.1" 200 776
172.22.2.4 - - [10/May/2022:12:28:05 -0500] "GET /BLA/boletinlegal/img/0.png HTTP/1.1" 200 110
172.22.2.4 - - [10/May/2022:12:28:05 -0500] "GET /BLA/boletinlegal/img/select-left.png HTTP/1.1" 200 263
172.22.2.4 - - [10/May/2022:12:28:05 -0500] "GET /BLA/boletinlegal/img/button-left.png HTTP/1.1" 200 57071
172.22.2.4 - - [10/May/2022:12:28:05 -0500] "GET /BLA/boletinlegal/img/select-right.png HTTP/1.1" 200 44019
172.22.2.4 - - [10/May/2022:12:28:05 -0500] "GET /BLA/boletinlegal/img/button.png HTTP/1.1" 200 43241
172.22.2.4 - - [10/May/2022:12:28:05 -0500] "GET /BLA/boletinlegal/img/button-right.png HTTP/1.1" 200 57878
172.22.2.4 - - [10/May/2022:12:28:05 -0500] "GET /BLA/boletinlegal/favicon.ico HTTP/1.1" 404 1326
172.22.2.4 - - [10/May/2022:12:27:59 -0500] "GET /BLA/boletinlegal/ HTTP/1.1" 200 24523
172.22.2.4 - - [10/May/2022:12:28:36 -0500] "GET /BLA/boletinlegal/consulta_actos.php?tipo=resoluciones&no=2406&usuario=&sector=&fecha=2014&resuelve= HTTP/1.1" 200 626
172.22.2.4 - - [10/May/2022:12:28:42 -0500] "GET /BLA/boletinlegal/consulta_actos.php?tipo=resoluciones&no=2406&usuario=&sector=&fecha=2014&resuelve= HTTP/1.1" 200 626
172.22.2.4 - - [10/May/2022:12:28:49 -0500] "GET /BLA/boletinlegal/consulta_actos.php?tipo=resoluciones&no=2406&usuario=&sector=AIRE&fecha=2014&resuelve= HTTP/1.1" 200 626
172.22.2.4 - - [10/May/2022:12:28:54 -0500] "GET /BLA/boletinlegal/consulta_actos.php?tipo=resoluciones&no=2406&usuario=&sector=AIRE&fecha=2014&resuelve= HTTP/1.1" 200 626
179.33.246.99 - - [10/May/2022:12:28:57 -0500] "GET /BLA/resoluciones/ HTTP/1.1" 200 13093
179.33.246.99 - - [10/May/2022:12:28:58 -0500] "GET /BLA/resoluciones/dlf/folder.png HTTP/1.1" 200 410
179.33.246.99 - - [10/May/2022:12:28:58 -0500] "GET /BLA/resoluciones/dlf/styles.css HTTP/1.1" 200 3049
179.33.246.99 - - [10/May/2022:12:28:58 -0500] "GET /BLA/resoluciones/dlf/bg.gif HTTP/1.1" 200 54
179.33.246.99 - - [10/May/2022:12:28:58 -0500] "GET /favicon.ico HTTP/1.1" 200 7782
201.245.192.253 - - [10/May/2022:12:28:59 -0500] "POST /sipse/faces/presentacion/financiero/solicitudProceso/consultarSolicitudProceso.xhtml HTTP/1.1" 200 34460
201.245.192.253 - - [10/May/2022:12:28:59 -0500] "GET /sipse/faces/javax.faces.resource/theme.css?ln=primefaces-sipse HTTP/1.1" 304 -
201.245.192.253 - - [10/May/2022:12:28:59 -0500] "GET /sipse/faces/javax.faces.resource/layout/layout.css?ln=primefaces&v=4.0 HTTP/1.1" 304 -
201.245.192.253 - - [10/May/2022:12:28:59 -0500] "GET /sipse/faces/javax.faces.resource/primefaces.css?ln=primefaces&v=4.0 HTTP/1.1" 304 -
201.245.192.253 - - [10/May/2022:12:28:59 -0500] "GET /sipse/faces/javax.faces.resource/jquery/jquery.js?ln=primefaces&v=4.0 HTTP/1.1" 304 -
201.245.192.253 - - [10/May/2022:12:28:59 -0500] "GET /sipse/faces/javax.faces.resource/jquery/jquery-plugins.js?ln=primefaces&v=4.0 HTTP/1.1" 304 -
201.245.192.253 - - [10/May/2022:12:28:59 -0500] "GET /sipse/faces/javax.faces.resource/primefaces.js?ln=primefaces&v=4.0 HTTP/1.1" 304 -
201.245.192.253 - - [10/May/2022:12:28:59 -0500] "GET /sipse/faces/javax.faces.resource/layout/layout.js?ln=primefaces&v=4.0 HTTP/1.1" 304 -
201.245.192.253 - - [10/May/2022:12:28:59 -0500] "GET /sipse/css/imagen/contrasena.png HTTP/1.1" 404 383
201.245.192.253 - - [10/May/2022:12:28:59 -0500] "POST /sipse/faces/presentacion/financiero/solicitudProceso/listarSolicitudProceso.xhtml HTTP/1.1" 200 27837
201.245.192.253 - - [10/May/2022:12:29:00 -0500] "POST /sipse/faces/presentacion/financiero/solicitudProceso/listarSolicitudProceso.xhtml HTTP/1.1" 200 27837
201.245.192.253 - - [10/May/2022:12:29:00 -0500] "POST /sipse/faces/presentacion/financiero/solicitudProceso/listarSolicitudProceso.xhtml HTTP/1.1" 200 1340
201.245.192.253 - - [10/May/2022:12:29:00 -0500] "POST /sipse/faces/presentacion/financiero/solicitudProceso/listarSolicitudProceso.xhtml HTTP/1.1" 200 1340
201.245.192.253 - - [10/May/2022:12:29:01 -0500] "POST /sipse/faces/presentacion/financiero/solicitudProceso/listarSolicitudProceso.xhtml HTTP/1.1" 200 1344
179.33.246.99 - - [10/May/2022:12:29:03 -0500] "GET /BLA/resoluciones/dlf/dirup.png HTTP/1.1" 200 644
179.33.246.99 - - [10/May/2022:12:29:03 -0500] "GET /BLA/resoluciones/dlf/pdf.gif HTTP/1.1" 200 272
179.33.246.99 - - [10/May/2022:12:29:02 -0500] "GET /BLA/resoluciones/index.php?dir=RESOLUCIONES+2014%2F HTTP/1.1" 200 333168
179.33.246.99 - - [10/May/2022:12:29:03 -0500] "GET /BLA/resoluciones/dlf/unknown.png HTTP/1.1" 200 266
186.112.30.52 - - [10/May/2022:12:29:11 -0500] "GET /BLA/resoluciones/index.php?dir= HTTP/1.1" 200 13093
186.112.30.52 - - [10/May/2022:12:29:14 -0500] "GET /BLA/resoluciones/index.php?dir=RESOLUCIONES+2018%2F HTTP/1.1" 200 262762
186.112.30.52 - - [10/May/2022:12:29:22 -0500] "GET /BLA/resoluciones/RESOLUCIONES%202018/3084.pdf HTTP/1.1" 200 229638
179.33.246.99 - - [10/May/2022:12:29:46 -0500] "GET /BLA/resoluciones/index.php?dir=RESOLUCIONES+2015%2F HTTP/1.1" 200 129180
179.33.246.99 - - [10/May/2022:12:29:55 -0500] "GET /BLA/resoluciones/RESOLUCIONES%202015/2728.pdf HTTP/1.1" 200 1174753
201.245.192.253 - - [10/May/2022:12:30:06 -0500] "GET /BLA/resoluciones/ HTTP/1.1" 200 13093
201.245.192.253 - - [10/May/2022:12:30:09 -0500] "GET /BLA/resoluciones/index.php?dir=RESOLUCIONES+2013%2F HTTP/1.1" 200 237258
172.22.2.4 - - [10/May/2022:12:30:13 -0500] "GET /BLA/boletinlegal/consulta_actos.php?tipo=resoluciones&no=0886&usuario=&sector=&fecha=2021&resuelve=00321 HTTP/1.1" 200 626
201.245.192.253 - - [10/May/2022:12:30:16 -0500] "GET /BLA/resoluciones/RESOLUCIONES%202013/2362.pdf HTTP/1.1" 200 782613
172.22.2.4 - - [10/May/2022:12:30:27 -0500] "GET /BLA/boletinlegal/consulta_actos.php?tipo=resoluciones&no=0321&usuario=&sector=&fecha=2021&resuelve= HTTP/1.1" 200 1139
201.245.192.253 - - [10/May/2022:12:30:30 -0500] "GET /BLA/resoluciones/RESOLUCIONES%202021/0321.pdf HTTP/1.1" 200 1675486
179.33.246.99 - - [10/May/2022:12:30:32 -0500] "GET /BLA/resoluciones/ HTTP/1.1" 200 13093
172.22.2.4 - - [10/May/2022:12:28:54 -0500] "HEAD /BLA/boletinlegal/ HTTP/1.1" 200 -
179.33.246.99 - - [10/May/2022:12:30:37 -0500] "GET /BLA/resoluciones/index.php?dir=RESOLUCIONES+2014%2F HTTP/1.1" 200 333168
172.22.2.4 - - [10/May/2022:12:30:38 -0500] "POST /BLA/boletinlegal/mifs/.;/services/LogService HTTP/1.1" 404 1158
172.22.2.4 - - [10/May/2022:12:29:44 -0500] "GET /BLA/boletinlegal/ HTTP/1.1" 200 58588
216.245.221.92 - - [10/May/2022:12:31:33 -0500] "HEAD / HTTP/1.1" 200 -
172.22.2.4 - - [10/May/2022:12:32:04 -0500] "GET /BLA/boletinlegal/consulta_actos.php?tipo=resoluciones&no=&usuario=&sector=AIRE&fecha=2014&resuelve=Centros%20de%20Diagnostico%20Automotor HTTP/1.1" 200 626
186.84.20.61 - - [10/May/2022:12:32:07 -0500] "GET /BLA/resoluciones/AUTOS%202022/1007.pdf HTTP/1.1" 200 389680
186.84.20.61 - - [10/May/2022:12:32:20 -0500] "GET /BLA/resoluciones/AUTOS%202022/0976.pdf HTTP/1.1" 200 386908
186.84.20.61 - - [10/May/2022:12:32:24 -0500] "GET /BLA/resoluciones/AUTOS%202022/0903.pdf HTTP/1.1" 200 394522
186.84.20.61 - - [10/May/2022:12:32:28 -0500] "GET /BLA/resoluciones/AUTOS%202022/0901.pdf HTTP/1.1" 200 370553
201.245.192.253 - - [10/May/2022:12:32:06 -0500] "POST /kwsrmcab/Wsrmcab HTTP/1.1" 200 44156
201.245.192.253 - - [10/May/2022:12:32:55 -0500] "POST /kwsrmcab/Wsrmcab HTTP/1.1" 200 43763
172.22.2.4 - - [10/May/2022:12:34:01 -0500] "GET /BLA/boletinlegal/apple-touch-icon-precomposed.png HTTP/1.1" 404 1140
172.22.2.4 - - [10/May/2022:12:34:01 -0500] "GET /BLA/boletinlegal/apple-touch-icon.png HTTP/1.1" 404 1140
172.22.2.4 - - [10/May/2022:12:34:01 -0500] "GET /BLA/boletinlegal/favicon.ico HTTP/1.1" 404 1140
172.22.2.4 - - [10/May/2022:12:34:07 -0500] "GET /BLA/boletinlegal/consulta_actos.php?tipo=resoluciones&no=0257&usuario=&sector=&fecha=2021&resuelve= HTTP/1.1" 200 1138
201.245.192.253 - - [10/May/2022:12:34:09 -0500] "GET /BLA/resoluciones/RESOLUCIONES%202021/0257.pdf HTTP/1.1" 200 390706
207.46.13.82 - - [10/May/2022:12:34:21 -0500] "GET /BLA/resoluciones/AUTOS%202016/1202.pdf HTTP/1.1" 304 -
186.84.20.61 - - [10/May/2022:12:34:35 -0500] "GET /BLA/resoluciones/AUTOS%202022/0483.pdf HTTP/1.1" 200 394789
186.84.20.61 - - [10/May/2022:12:34:39 -0500] "GET /BLA/resoluciones/AUTOS%202022/0482.pdf HTTP/1.1" 200 385867
172.22.2.4 - - [10/May/2022:12:33:31 -0500] "GET /BLA/boletinlegal/ HTTP/1.1" 200 49099
186.84.20.61 - - [10/May/2022:12:34:44 -0500] "GET /BLA/resoluciones/AUTOS%202022/0428.pdf HTTP/1.1" 200 483326
186.84.20.61 - - [10/May/2022:12:34:51 -0500] "GET /BLA/resoluciones/AUTOS%202022/0395.pdf HTTP/1.1" 200 396112
201.245.192.253 - - [10/May/2022:12:34:53 -0500] "POST /sipse/faces/autenticacion.xhtml HTTP/1.1" 200 16229
201.245.192.253 - - [10/May/2022:12:34:53 -0500] "GET /sipse/css/custom_css_sg_prime.css HTTP/1.1" 304 -
201.245.192.253 - - [10/May/2022:12:34:53 -0500] "GET /sipse/faces/javax.faces.resource/layout/layout.css?ln=primefaces&v=4.0 HTTP/1.1" 304 -
201.245.192.253 - - [10/May/2022:12:34:53 -0500] "GET /sipse/faces/javax.faces.resource/theme.css?ln=primefaces-sipse HTTP/1.1" 304 -
201.245.192.253 - - [10/May/2022:12:34:53 -0500] "GET /sipse/faces/javax.faces.resource/primefaces.css?ln=primefaces&v=4.0 HTTP/1.1" 304 -
201.245.192.253 - - [10/May/2022:12:34:53 -0500] "GET /sipse/js/jquery.min.js HTTP/1.1" 304 -
201.245.192.253 - - [10/May/2022:12:34:53 -0500] "GET /sipse/faces/javax.faces.resource/jquery/jquery.js?ln=primefaces&v=4.0 HTTP/1.1" 304 -
201.245.192.253 - - [10/May/2022:12:34:53 -0500] "GET /sipse/faces/javax.faces.resource/jquery/jquery-plugins.js?ln=primefaces&v=4.0 HTTP/1.1" 304 -
201.245.192.253 - - [10/May/2022:12:34:53 -0500] "GET /sipse/faces/javax.faces.resource/primefaces.js?ln=primefaces&v=4.0 HTTP/1.1" 304 -
201.245.192.253 - - [10/May/2022:12:34:53 -0500] "GET /sipse/faces/javax.faces.resource/layout/layout.js?ln=primefaces&v=4.0 HTTP/1.1" 304 -
201.245.192.253 - - [10/May/2022:12:34:53 -0500] "GET /sipse/imagenes/cargando.gif HTTP/1.1" 200 36959
201.245.192.253 - - [10/May/2022:12:34:53 -0500] "GET /sipse/css/imagen/contrasena.png HTTP/1.1" 404 383
201.245.192.253 - - [10/May/2022:12:34:53 -0500] "GET /sipse/imagenes/logoAplicacion.jpg HTTP/1.1" 200 155084
201.245.192.253 - - [10/May/2022:12:34:55 -0500] "GET /sipse/faces/javax.faces.resource/images/ui-bg_flat_0_2d5972_40x100.png?ln=primefaces-aristo HTTP/1.1" 304 -
201.245.192.253 - - [10/May/2022:12:34:55 -0500] "POST /sipse/faces/bienvenido.xhtml HTTP/1.1" 200 2658
201.245.192.253 - - [10/May/2022:12:34:55 -0500] "POST /sipse/faces/bienvenido.xhtml HTTP/1.1" 200 61147
201.245.192.253 - - [10/May/2022:12:34:58 -0500] "GET /sipse/faces/javax.faces.resource/primefaces.css?ln=primefaces&v=4.0 HTTP/1.1" 304 -
201.245.192.253 - - [10/May/2022:12:34:58 -0500] "GET /sipse/faces/javax.faces.resource/theme.css?ln=primefaces-sipse HTTP/1.1" 304 -
201.245.192.253 - - [10/May/2022:12:34:58 -0500] "GET /sipse/faces/javax.faces.resource/layout/layout.css?ln=primefaces&v=4.0 HTTP/1.1" 304 -
201.245.192.253 - - [10/May/2022:12:34:58 -0500] "GET /sipse/faces/javax.faces.resource/jquery/jquery.js?ln=primefaces&v=4.0 HTTP/1.1" 304 -
201.245.192.253 - - [10/May/2022:12:34:58 -0500] "GET /sipse/faces/javax.faces.resource/jquery/jquery-plugins.js?ln=primefaces&v=4.0 HTTP/1.1" 304 -
201.245.192.253 - - [10/May/2022:12:34:58 -0500] "GET /sipse/faces/javax.faces.resource/primefaces.js?ln=primefaces&v=4.0 HTTP/1.1" 304 -
201.245.192.253 - - [10/May/2022:12:34:58 -0500] "GET /sipse/faces/javax.faces.resource/layout/layout.js?ln=primefaces&v=4.0 HTTP/1.1" 304 -
201.245.192.253 - - [10/May/2022:12:34:58 -0500] "POST /sipse/faces/presentacion/financiero/solicitudProceso/listarSolicitudProceso.xhtml HTTP/1.1" 200 1444
201.245.192.253 - - [10/May/2022:12:35:57 -0500] "GET /BLA/resoluciones/ HTTP/1.1" 200 13093
201.245.192.253 - - [10/May/2022:12:35:59 -0500] "GET /BLA/resoluciones/index.php?dir=RESOLUCIONES+2009%2F HTTP/1.1" 200 1694101
172.22.2.4 - - [10/May/2022:12:34:44 -0500] "HEAD /BLA/boletinlegal/ HTTP/1.1" 200 -
201.245.192.253 - - [10/May/2022:12:36:26 -0500] "GET /BLA/resoluciones/RESOLUCIONES%202009/2914.pdf HTTP/1.1" 200 1314969
186.84.20.61 - - [10/May/2022:12:36:27 -0500] "GET /BLA/resoluciones/AUTOS%202022/0297.pdf HTTP/1.1" 200 397714
216.245.221.92 - - [10/May/2022:12:36:33 -0500] "HEAD / HTTP/1.1" 200 -
172.22.2.4 - - [10/May/2022:12:35:34 -0500] "GET /BLA/boletinlegal/ HTTP/1.1" 200 59170
172.22.2.4 - - [10/May/2022:12:37:23 -0500] "GET /BLA/boletinlegal/consulta_actos.php?tipo=autos&no=&usuario=&sector=PEV&fecha=2022&resuelve= HTTP/1.1" 200 11140
186.29.211.225 - - [10/May/2022:12:37:41 -0500] "GET /catalogoisis/ HTTP/1.1" 200 8575
186.29.211.225 - - [10/May/2022:12:37:42 -0500] "GET /catalogoisis/Css/Busqueda.css HTTP/1.1" 200 1995
186.29.211.225 - - [10/May/2022:12:37:42 -0500] "GET /catalogoisis/Js/AceptarLimpiar.js HTTP/1.1" 200 331
186.29.211.225 - - [10/May/2022:12:37:42 -0500] "GET /catalogoisis/Js/LimpiarCombinada.js HTTP/1.1" 200 207
186.29.211.225 - - [10/May/2022:12:37:42 -0500] "GET /catalogoisis/Js/CriterioCombinada.js HTTP/1.1" 200 1843
186.29.211.225 - - [10/May/2022:12:37:42 -0500] "GET /catalogoisis/Js/Cookies.js HTTP/1.1" 200 1369
186.29.211.225 - - [10/May/2022:12:37:42 -0500] "GET /catalogoisis/Js/Remote.js HTTP/1.1" 200 436
186.29.211.225 - - [10/May/2022:12:37:42 -0500] "GET /catalogoisis/Js/Numero.js HTTP/1.1" 200 398
186.29.211.225 - - [10/May/2022:12:37:42 -0500] "GET /catalogoisis/Js/Go.js HTTP/1.1" 200 364
186.29.211.225 - - [10/May/2022:12:37:42 -0500] "GET /catalogoisis/Js/Enter.js HTTP/1.1" 200 1208
186.29.211.225 - - [10/May/2022:12:37:42 -0500] "GET /catalogoisis/imagenes/br1c1.gif HTTP/1.1" 200 172
186.29.211.225 - - [10/May/2022:12:37:42 -0500] "GET /catalogoisis/imagenes/Turnbo1.gif HTTP/1.1" 200 227
186.29.211.225 - - [10/May/2022:12:37:42 -0500] "GET /catalogoisis/imagenes/br1c3.gif HTTP/1.1" 200 302
186.29.211.225 - - [10/May/2022:12:37:42 -0500] "GET /catalogoisis/imagenes/aceptar1.gif HTTP/1.1" 200 604
186.29.211.225 - - [10/May/2022:12:37:42 -0500] "GET /catalogoisis/imagenes/limpiar1.gif HTTP/1.1" 200 606
186.29.211.225 - - [10/May/2022:12:37:42 -0500] "GET /catalogoisis/imagenes/br3c1.gif HTTP/1.1" 200 177
186.29.211.225 - - [10/May/2022:12:37:42 -0500] "GET /catalogoisis/imagenes/br3c3.gif HTTP/1.1" 200 186
186.29.211.225 - - [10/May/2022:12:37:42 -0500] "GET /catalogoisis/imagenes/br3c2.gif HTTP/1.1" 200 285
186.29.211.225 - - [10/May/2022:12:37:42 -0500] "GET /catalogoisis/imagenes/br1c2.gif HTTP/1.1" 200 297
186.29.211.225 - - [10/May/2022:12:37:42 -0500] "GET /catalogoisis/imagenes/br2c1.gif HTTP/1.1" 200 297
186.29.211.225 - - [10/May/2022:12:37:42 -0500] "GET /catalogoisis/imagenes/br2c2.gif HTTP/1.1" 200 302
186.29.211.225 - - [10/May/2022:12:37:42 -0500] "GET /catalogoisis/imagenes/Header.gif HTTP/1.1" 200 30313
186.29.211.225 - - [10/May/2022:12:37:42 -0500] "GET /catalogoisis/imagenes/br2c3.gif HTTP/1.1" 200 416
186.29.211.225 - - [10/May/2022:12:37:42 -0500] "GET /favicon.ico HTTP/1.1" 200 7782
172.22.2.4 - - [10/May/2022:12:37:53 -0500] "GET /BLA/boletinlegal/consulta_actos.php?tipo=autos&no=&usuario=&sector=AIRE&fecha=2022&resuelve= HTTP/1.1" 200 7590
186.84.20.61 - - [10/May/2022:12:37:57 -0500] "GET /BLA/resoluciones/AUTOS%202022/1974.pdf HTTP/1.1" 200 368743
186.84.20.61 - - [10/May/2022:12:38:00 -0500] "GET /BLA/resoluciones/AUTOS%202022/1809.pdf HTTP/1.1" 200 501778
186.84.20.61 - - [10/May/2022:12:38:04 -0500] "GET /BLA/resoluciones/AUTOS%202022/1073.pdf HTTP/1.1" 200 388047
186.86.33.183 - - [10/May/2022:12:40:15 -0500] "GET /galeria/galeria/jquery.fancybox.css?v=2.1.5 HTTP/1.1" 200 4895
186.86.33.183 - - [10/May/2022:12:40:15 -0500] "GET /galeria/galeria/jquery.fancybox.js?v=2.1.5 HTTP/1.1" 200 48706
186.86.33.183 - - [10/May/2022:12:40:15 -0500] "GET /BLA/boletinlegal/js/jquery.scrollShow.js HTTP/1.1" 200 4586
186.86.33.183 - - [10/May/2022:12:40:24 -0500] "GET /galeria/carrusel/Carrusel/jquery.thumbnailScroller.css HTTP/1.1" 200 2066
186.86.33.183 - - [10/May/2022:12:40:25 -0500] "GET /galeria/carrusel/Carrusel/jquery-ui-1.8.13.custom.min.js HTTP/1.1" 200 10800
186.86.33.183 - - [10/May/2022:12:40:25 -0500] "GET /galeria/carrusel/Carrusel/jquery.thumbnailScroller.js HTTP/1.1" 200 8157
186.86.33.183 - - [10/May/2022:12:40:25 -0500] "GET /galeria/nivo-slider/demo/banner.html HTTP/1.1" 200 5446
186.86.33.183 - - [10/May/2022:12:40:25 -0500] "GET /galeria/nivo-slider/themes/default/default.css HTTP/1.1" 200 1569
186.86.33.183 - - [10/May/2022:12:40:25 -0500] "GET /galeria/nivo-slider/themes/pascal/pascal.css HTTP/1.1" 200 2258
186.86.33.183 - - [10/May/2022:12:40:25 -0500] "GET /galeria/nivo-slider/themes/orman/orman.css HTTP/1.1" 200 2152
186.86.33.183 - - [10/May/2022:12:40:25 -0500] "GET /galeria/nivo-slider/nivo-slider.css HTTP/1.1" 200 1507
186.86.33.183 - - [10/May/2022:12:40:25 -0500] "GET /galeria/nivo-slider/demo/style.css HTTP/1.1" 200 2222
186.86.33.183 - - [10/May/2022:12:40:25 -0500] "GET /galeria/nivo-slider/demo/scripts/jquery-1.7.1.min.js HTTP/1.1" 200 93868
186.86.33.183 - - [10/May/2022:12:40:26 -0500] "GET /galeria/nivo-slider/jquery.nivo.slider.pack.js HTTP/1.1" 200 11561
186.86.33.183 - - [10/May/2022:12:40:28 -0500] "GET /galeria/nivo-slider/demo/images/bannertortuga_optimized.jpg HTTP/1.1" 200 39066
186.86.33.183 - - [10/May/2022:12:40:28 -0500] "GET /galeria/nivo-slider/demo/images/Bannermujeresquereverdecen.jpg HTTP/1.1" 200 46558
186.86.33.183 - - [10/May/2022:12:40:43 -0500] "GET /galeria/nivo-slider/demo/images/4Simple_Slider.png HTTP/1.1" 200 11722
186.86.33.183 - - [10/May/2022:12:40:43 -0500] "GET /galeria/nivo-slider/demo/images/bannertrafico_optimized.jpg HTTP/1.1" 200 42578
186.86.33.183 - - [10/May/2022:12:40:44 -0500] "GET /galeria/nivo-slider/demo/images/Bannersedeelectronica.jpg HTTP/1.1" 200 40383
186.86.33.183 - - [10/May/2022:12:40:44 -0500] "GET /galeria/nivo-slider/demo/images/bannerrutaesperanza.jpg HTTP/1.1" 200 55560
186.86.33.183 - - [10/May/2022:12:40:44 -0500] "GET /galeria/nivo-slider/demo/images/banneraire2021.jpg HTTP/1.1" 200 265101
186.86.33.183 - - [10/May/2022:12:40:44 -0500] "GET /galeria/nivo-slider/demo/images/Bannerplasticosseptiembre.jpg HTTP/1.1" 200 45633
186.86.33.183 - - [10/May/2022:12:40:48 -0500] "GET /galeria/nivo-slider/demo/images/bannerresiduoshospitalariosagosto.jpg HTTP/1.1" 200 36499
186.86.33.183 - - [10/May/2022:12:40:52 -0500] "GET /galeria/nivo-slider/demo/images/banneraccionpopularcrr68.jpg HTTP/1.1" 200 51887
186.86.33.183 - - [10/May/2022:12:40:54 -0500] "GET /galeria/nivo-slider/demo/images/bannerclases2021.jpg HTTP/1.1" 200 68230
186.86.33.183 - - [10/May/2022:12:40:54 -0500] "GET /galeria/nivo-slider/demo/images/banneraccionpopular.jpeg HTTP/1.1" 200 41707
186.84.20.61 - - [10/May/2022:12:40:54 -0500] "GET /BLA/resoluciones/AUTOS%202022/0757.pdf HTTP/1.1" 200 372143
186.86.33.183 - - [10/May/2022:12:40:54 -0500] "GET /galeria/nivo-slider/demo/images/bannercapacitacionesbogota.jpg HTTP/1.1" 200 42416
186.86.33.183 - - [10/May/2022:12:40:55 -0500] "GET /galeria/nivo-slider/demo/images/Bannerenvases.jpg HTTP/1.1" 200 37316
186.86.33.183 - - [10/May/2022:12:41:01 -0500] "GET /galeria/nivo-slider/demo/images/Bannervirtualescanales.jpg HTTP/1.1" 200 174544
186.86.33.183 - - [10/May/2022:12:41:01 -0500] "GET /galeria/nivo-slider/themes/default/loading.gif HTTP/1.1" 200 1737
186.84.20.61 - - [10/May/2022:12:41:02 -0500] "GET /BLA/resoluciones/AUTOS%202022/0419.pdf HTTP/1.1" 200 458891
186.86.33.183 - - [10/May/2022:12:41:03 -0500] "GET /galeria/nivo-slider/themes/default/bullets.png HTTP/1.1" 200 1281
186.86.33.183 - - [10/May/2022:12:41:03 -0500] "GET /galeria/nivo-slider/themes/default/arrows.png HTTP/1.1" 200 824
172.22.2.4 - - [10/May/2022:12:41:18 -0500] "GET /BLA/boletinlegal/consulta_actos.php?tipo=autos&no=&usuario=&sector=RUIDO&fecha=2022&resuelve= HTTP/1.1" 200 2129
172.22.2.4 - - [10/May/2022:12:41:27 -0500] "GET /BLA/boletinlegal/consulta_actos.php?tipo=autos&no=&usuario=&sector=RESIDUOS&fecha=2022&resuelve= HTTP/1.1" 200 4693
186.29.211.225 - - [10/May/2022:12:41:28 -0500] "GET /catalogoisis/ HTTP/1.1" 200 8575
216.245.221.92 - - [10/May/2022:12:41:33 -0500] "HEAD / HTTP/1.1" 200 -
186.84.20.61 - - [10/May/2022:12:41:34 -0500] "GET /BLA/resoluciones/AUTOS%202022/1028.pdf HTTP/1.1" 200 390070
186.84.20.61 - - [10/May/2022:12:41:41 -0500] "GET /BLA/resoluciones/AUTOS%202022/0506.pdf HTTP/1.1" 200 382949
172.22.2.4 - - [10/May/2022:12:42:09 -0500] "GET /BLA/boletinlegal/consulta_actos.php?tipo=autos&no=&usuario=&sector=COMPETENCIA&fecha=2022&resuelve= HTTP/1.1" 200 3131
186.84.20.61 - - [10/May/2022:12:42:13 -0500] "GET /BLA/resoluciones/AUTOS%202022/2526.pdf HTTP/1.1" 200 299936
172.22.2.4 - - [10/May/2022:12:40:34 -0500] "HEAD /BLA/boletinlegal/ HTTP/1.1" 200 -
186.84.20.61 - - [10/May/2022:12:42:17 -0500] "GET /BLA/resoluciones/AUTOS%202022/1980.pdf HTTP/1.1" 200 310706
186.84.90.47 - - [10/May/2022:12:42:30 -0500] "GET /appsia/controlador HTTP/1.1" 200 4799
186.84.90.47 - - [10/May/2022:12:42:30 -0500] "GET /appsia/css/estilos.css HTTP/1.1" 200 4804
186.84.90.47 - - [10/May/2022:12:42:30 -0500] "GET /appsia/scripts/validarIngreso.js HTTP/1.1" 200 851
186.84.90.47 - - [10/May/2022:12:42:30 -0500] "GET /appsia/images/logo_bogota_p.png HTTP/1.1" 200 14951
186.84.90.47 - - [10/May/2022:12:42:30 -0500] "GET /appsia/images/cabezoteHojaVida.png HTTP/1.1" 200 32493
186.84.90.47 - - [10/May/2022:12:42:39 -0500] "POST /appsia/controlador HTTP/1.1" 200 5437
186.84.90.47 - - [10/May/2022:12:42:44 -0500] "POST /appsia/controlador HTTP/1.1" 200 7797
201.245.192.253 - - [10/May/2022:12:42:06 -0500] "POST /kwsrmcab/Wsrmcab HTTP/1.1" 200 44156
186.84.90.47 - - [10/May/2022:12:42:52 -0500] "POST /appsia/controlador HTTP/1.1" 200 6670
186.84.90.47 - - [10/May/2022:12:42:53 -0500] "POST /appsia/controlador HTTP/1.1" 200 10206
186.84.90.47 - - [10/May/2022:12:43:00 -0500] "GET /appsia/controlador?comando=ingresarMenuPrincipal&id=1070595846&funcionario=TATIANA+MARIA+DE+LA+ROCHE+TODARO&desde=1070595846&hasta=1070595846&version=1070595846&accion=Regresar HTTP/1.1" 200 5437
186.84.90.47 - - [10/May/2022:12:43:02 -0500] "POST /appsia/controlador HTTP/1.1" 200 7797
172.22.2.4 - - [10/May/2022:12:41:24 -0500] "GET /BLA/boletinlegal/ HTTP/1.1" 200 59170
186.84.90.47 - - [10/May/2022:12:43:07 -0500] "POST /appsia/controlador HTTP/1.1" 200 6670
186.84.90.47 - - [10/May/2022:12:43:08 -0500] "POST /appsia/controlador HTTP/1.1" 200 12544
201.245.192.253 - - [10/May/2022:12:42:53 -0500] "POST /kwsrmcab/Wsrmcab HTTP/1.1" 200 43763
186.84.90.47 - - [10/May/2022:12:43:53 -0500] "POST /appsia/controlador HTTP/1.1" 200 7797
186.84.90.47 - - [10/May/2022:12:44:00 -0500] "POST /appsia/controlador HTTP/1.1" 200 6670
186.84.90.47 - - [10/May/2022:12:44:01 -0500] "POST /appsia/controlador HTTP/1.1" 200 10206
186.84.90.47 - - [10/May/2022:12:44:12 -0500] "GET /appsia/controlador?comando=regresar&id=1070595846&funcionario=TATIANA+MARIA+DE+LA+ROCHE+TODARO&desde=1070595846&hasta=1070595846&version=1070595846 HTTP/1.1" 200 7797
186.84.90.47 - - [10/May/2022:12:44:26 -0500] "POST /appsia/controlador HTTP/1.1" 200 6670
186.84.90.47 - - [10/May/2022:12:44:28 -0500] "POST /appsia/controlador HTTP/1.1" 200 12544
66.249.70.59 - - [10/May/2022:12:45:27 -0500] "-" 408 -
216.245.221.92 - - [10/May/2022:12:46:33 -0500] "HEAD / HTTP/1.1" 200 -
66.249.70.47 - - [10/May/2022:12:46:40 -0500] "-" 408 -
186.84.90.47 - - [10/May/2022:12:46:41 -0500] "POST /appsia/controlador HTTP/1.1" 200 7797
186.84.90.47 - - [10/May/2022:12:46:47 -0500] "POST /appsia/controlador HTTP/1.1" 200 6670
186.84.90.47 - - [10/May/2022:12:46:48 -0500] "POST /appsia/controlador HTTP/1.1" 200 10947
201.245.192.253 - - [10/May/2022:12:47:17 -0500] "GET /BLA/resoluciones/ HTTP/1.1" 200 13093
186.84.90.47 - - [10/May/2022:12:47:23 -0500] "POST /appsia/controlador HTTP/1.1" 200 7797
201.245.192.253 - - [10/May/2022:12:47:29 -0500] "GET /BLA/resoluciones/index.php?dir=RESOLUCIONES+2011%2F HTTP/1.1" 200 746483
186.84.90.47 - - [10/May/2022:12:47:30 -0500] "POST /appsia/controlador HTTP/1.1" 200 6670
186.84.90.47 - - [10/May/2022:12:47:31 -0500] "POST /appsia/controlador HTTP/1.1" 200 10206
201.245.192.253 - - [10/May/2022:12:47:39 -0500] "GET /BLA/resoluciones/RESOLUCIONES%202011/5329.pdf HTTP/1.1" 200 563556
186.84.90.47 - - [10/May/2022:12:47:39 -0500] "POST /appsia/controlador HTTP/1.1" 200 7797
186.84.90.47 - - [10/May/2022:12:47:51 -0500] "POST /appsia/controlador HTTP/1.1" 200 6670
186.84.90.47 - - [10/May/2022:12:47:52 -0500] "POST /appsia/controlador HTTP/1.1" 200 12544
186.84.90.47 - - [10/May/2022:12:47:56 -0500] "POST /appsia/controlador HTTP/1.1" 200 7797
186.84.90.47 - - [10/May/2022:12:48:00 -0500] "POST /appsia/controlador HTTP/1.1" 200 5262
186.84.90.47 - - [10/May/2022:12:48:02 -0500] "GET /appsia/controlador?comando=regresar&id=1070595846&funcionario=TATIANA+MARIA+DE+LA+ROCHE+TODARO&desde=1070595846&hasta=1070595846&version=1070595846 HTTP/1.1" 200 7797
172.22.2.4 - - [10/May/2022:12:46:24 -0500] "HEAD /BLA/boletinlegal/ HTTP/1.1" 200 -
186.84.90.47 - - [10/May/2022:12:48:06 -0500] "POST /appsia/controlador HTTP/1.1" 200 6670
186.84.90.47 - - [10/May/2022:12:48:07 -0500] "POST /appsia/controlador HTTP/1.1" 200 10947
186.84.90.47 - - [10/May/2022:12:48:20 -0500] "POST /appsia/controlador HTTP/1.1" 200 7797
191.156.226.129 - - [10/May/2022:12:48:35 -0500] "GET /sipse/faces/faces/faces/faces/faces/faces/faces/faces/faces/faces/faces/faces/faces/faces/faces/faces/faces/faces/faces/faces/faces/faces/faces/faces/faces/faces/faces/faces/index.xhtml HTTP/1.1" 200 677
191.156.226.129 - - [10/May/2022:12:48:36 -0500] "GET /sipse/faces/javax.faces.resource/theme.css?ln=primefaces-sipse HTTP/1.1" 200 50058
191.156.226.129 - - [10/May/2022:12:48:37 -0500] "GET /favicon.ico HTTP/1.1" 200 7782
186.84.90.47 - - [10/May/2022:12:48:41 -0500] "POST /appsia/controlador HTTP/1.1" 200 6670
186.84.90.47 - - [10/May/2022:12:48:42 -0500] "POST /appsia/controlador HTTP/1.1" 200 10555
172.22.2.4 - - [10/May/2022:12:47:14 -0500] "GET /BLA/boletinlegal/ HTTP/1.1" 200 57542
186.84.90.47 - - [10/May/2022:12:49:25 -0500] "POST /appsia/controlador HTTP/1.1" 200 7797
186.84.90.47 - - [10/May/2022:12:49:40 -0500] "POST /appsia/controlador HTTP/1.1" 200 6670
186.84.90.47 - - [10/May/2022:12:49:41 -0500] "POST /appsia/controlador HTTP/1.1" 200 10207
172.22.2.4 - - [10/May/2022:12:49:54 -0500] "GET /BLA/boletinlegal/actos.php HTTP/1.1" 200 9559
201.245.192.253 - - [10/May/2022:12:49:56 -0500] "GET /BLA/resoluciones/ HTTP/1.1" 200 13093
201.245.192.253 - - [10/May/2022:12:50:18 -0500] "GET /BLA/resoluciones/index.php?dir=RESOLUCIONES+2018%2F HTTP/1.1" 200 262762
172.22.2.4 - - [10/May/2022:12:49:48 -0500] "GET /BLA/boletinlegal/ HTTP/1.1" 200 24523
216.245.221.92 - - [10/May/2022:12:51:33 -0500] "HEAD / HTTP/1.1" 200 -
201.245.192.253 - - [10/May/2022:12:51:34 -0500] "GET /BLA/resoluciones/ HTTP/1.1" 200 13093
201.245.192.253 - - [10/May/2022:12:51:41 -0500] "GET /BLA/resoluciones/index.php?dir=RESOLUCIONES+2018%2F HTTP/1.1" 200 262762
66.249.70.45 - - [10/May/2022:12:52:36 -0500] "-" 408 -
201.245.192.253 - - [10/May/2022:12:52:40 -0500] "GET /BLA/resoluciones/AUTOS%202008/3387.pdf HTTP/1.1" 200 103310
201.245.192.253 - - [10/May/2022:12:52:45 -0500] "GET /BLA/resoluciones/index.php HTTP/1.1" 200 13093
201.245.192.253 - - [10/May/2022:12:52:58 -0500] "GET /BLA/resoluciones/index.php?dir=RESOLUCIONES+2008%2F HTTP/1.1" 200 976272
201.245.192.253 - - [10/May/2022:12:53:07 -0500] "GET /BLA/resoluciones/RESOLUCIONES%202008/5039.pdf HTTP/1.1" 200 250630
201.245.192.253 - - [10/May/2022:12:53:40 -0500] "GET /BLA/resoluciones/ HTTP/1.1" 200 13093
201.245.192.253 - - [10/May/2022:12:53:44 -0500] "GET /BLA/resoluciones/index.php?dir=RESOLUCIONES+2009%2F HTTP/1.1" 200 1694101
172.22.2.4 - - [10/May/2022:12:52:14 -0500] "HEAD /BLA/boletinlegal/ HTTP/1.1" 200 -
201.245.192.253 - - [10/May/2022:12:53:56 -0500] "GET /BLA/resoluciones/index.php HTTP/1.1" 200 13093
201.245.192.253 - - [10/May/2022:12:54:02 -0500] "GET /BLA/resoluciones/RESOLUCIONES%202009/5790.pdf HTTP/1.1" 200 1136050
172.22.2.4 - - [10/May/2022:12:53:04 -0500] "GET /BLA/boletinlegal/ HTTP/1.1" 200 60932
201.245.192.253 - - [10/May/2022:12:54:55 -0500] "GET /BLA/resoluciones/ HTTP/1.1" 200 13093
201.245.192.253 - - [10/May/2022:12:54:57 -0500] "GET /BLA/resoluciones/index.php?dir=RESOLUCIONES+2018%2F HTTP/1.1" 200 262762
201.245.192.253 - - [10/May/2022:12:55:34 -0500] "GET /BLA/resoluciones/index.php?dir=RESOLUCIONES+2011%2F HTTP/1.1" 200 746483
186.84.90.47 - - [10/May/2022:12:55:53 -0500] "GET /appsia/controlador HTTP/1.1" 200 5437
186.84.90.47 - - [10/May/2022:12:55:54 -0500] "POST /appsia/controlador HTTP/1.1" 200 7797
186.84.90.47 - - [10/May/2022:12:56:00 -0500] "POST /appsia/controlador HTTP/1.1" 200 6670
186.84.90.47 - - [10/May/2022:12:56:01 -0500] "POST /appsia/controlador HTTP/1.1" 200 10595
201.245.192.253 - - [10/May/2022:12:56:09 -0500] "GET /BLA/resoluciones/index.php HTTP/1.1" 200 13093
186.84.90.47 - - [10/May/2022:12:56:14 -0500] "POST /appsia/controlador HTTP/1.1" 200 7797
186.84.90.47 - - [10/May/2022:12:56:19 -0500] "POST /appsia/controlador HTTP/1.1" 200 6670
186.84.90.47 - - [10/May/2022:12:56:20 -0500] "POST /appsia/controlador HTTP/1.1" 200 10596
216.245.221.92 - - [10/May/2022:12:56:33 -0500] "HEAD / HTTP/1.1" 200 -
172.22.2.4 - - [10/May/2022:12:57:00 -0500] "GET /BLA/boletinlegal/console/ HTTP/1.1" 404 1018
69.171.249.23 - - [10/May/2022:12:57:39 -0500] "GET /images/humedal-agua-lluvias-bogota-18-marzo.jpg HTTP/1.1" 200 146923
66.249.70.45 - - [10/May/2022:12:58:27 -0500] "-" 408 -
172.22.2.4 - - [10/May/2022:12:58:04 -0500] "HEAD /BLA/boletinlegal/ HTTP/1.1" 200 -
172.22.2.4 - - [10/May/2022:12:58:54 -0500] "GET /BLA/boletinlegal/ HTTP/1.1" 200 61416
216.245.221.92 - - [10/May/2022:13:01:33 -0500] "HEAD / HTTP/1.1" 200 -
207.46.13.115 - - [10/May/2022:13:01:57 -0500] "GET /BLA/resoluciones/00000352.tif HTTP/1.1" 404 1018
201.245.192.253 - - [10/May/2022:13:02:49 -0500] "GET /BLA/resoluciones/ HTTP/1.1" 200 13093
201.245.192.253 - - [10/May/2022:13:03:08 -0500] "GET /BLA/resoluciones/index.php?dir=RESOLUCIONES+2020%2F HTTP/1.1" 200 161062
172.105.189.111 - - [10/May/2022:13:04:09 -0500] "GET / HTTP/1.1" 200 319
66.249.70.45 - - [10/May/2022:13:04:37 -0500] "-" 408 -
157.55.39.89 - - [10/May/2022:13:05:10 -0500] "GET /BLA/resoluciones/AUTOS%202018/3582.pdf HTTP/1.1" 304 -
172.22.2.4 - - [10/May/2022:13:03:54 -0500] "HEAD /BLA/boletinlegal/ HTTP/1.1" 200 -
201.245.192.253 - - [10/May/2022:13:06:16 -0500] "GET /BLA/resoluciones/RESOLUCIONES%202020/2343.pdf HTTP/1.1" 200 333200
172.22.2.4 - - [10/May/2022:13:04:44 -0500] "GET /BLA/boletinlegal/ HTTP/1.1" 200 55089
216.245.221.92 - - [10/May/2022:13:06:33 -0500] "HEAD / HTTP/1.1" 200 -
192.168.171.99 - - [10/May/2022:13:07:02 -0500] "GET /BLA/boletinlegal/styles2.css HTTP/1.1" 200 1838
192.168.171.99 - - [10/May/2022:13:07:02 -0500] "GET /BLA/boletinlegal/js/jquery.scrollTo-min.js HTTP/1.1" 200 1150
192.168.171.99 - - [10/May/2022:13:07:02 -0500] "GET /BLA/boletinlegal/style.css HTTP/1.1" 200 9406
192.168.171.99 - - [10/May/2022:13:07:02 -0500] "GET /BLA/boletinlegal/js/jquery.js HTTP/1.1" 200 57254
192.168.171.99 - - [10/May/2022:13:07:02 -0500] "GET /BLA/boletinlegal/js/jquery.scrollShow.js HTTP/1.1" 200 4586
192.168.171.99 - - [10/May/2022:13:07:03 -0500] "GET /BLA/boletinlegal/images/arr_l.jpg HTTP/1.1" 200 1979
192.168.171.99 - - [10/May/2022:13:07:03 -0500] "GET /BLA/boletinlegal/images/subscribe-icon-big.png HTTP/1.1" 200 47702
192.168.171.99 - - [10/May/2022:13:07:03 -0500] "GET /BLA/boletinlegal/images/registro-usuarios.png HTTP/1.1" 200 8106
192.168.171.99 - - [10/May/2022:13:07:03 -0500] "GET /BLA/boletinlegal/images/historia.png HTTP/1.1" 200 52775
192.168.171.99 - - [10/May/2022:13:07:03 -0500] "GET /BLA/boletinlegal/images/cabezote%20BLEGAL.jpg HTTP/1.1" 200 118164
192.168.171.99 - - [10/May/2022:13:07:03 -0500] "GET /BLA/boletinlegal/images/screen_1.png HTTP/1.1" 200 202547
192.168.171.99 - - [10/May/2022:13:07:03 -0500] "GET /BLA/boletinlegal/images/launch.jpg HTTP/1.1" 200 14577
192.168.171.99 - - [10/May/2022:13:07:03 -0500] "GET /BLA/boletinlegal/images/body_bg.jpg HTTP/1.1" 200 1601
192.168.171.99 - - [10/May/2022:13:07:03 -0500] "GET /BLA/boletinlegal/images/menu_lft.gif HTTP/1.1" 200 1713
192.168.171.99 - - [10/May/2022:13:07:03 -0500] "GET /BLA/boletinlegal/images/menu_rght.gif HTTP/1.1" 200 1627
192.168.171.99 - - [10/May/2022:13:07:03 -0500] "GET /BLA/boletinlegal/images/bg_top.jpg HTTP/1.1" 200 522
192.168.171.99 - - [10/May/2022:13:07:03 -0500] "GET /BLA/boletinlegal/images/menu_bg.jpg HTTP/1.1" 200 620
192.168.171.99 - - [10/May/2022:13:07:03 -0500] "GET /BLA/boletinlegal/images/hover.jpg HTTP/1.1" 200 640
192.168.171.99 - - [10/May/2022:13:07:03 -0500] "GET /BLA/boletinlegal/images/text.jpg HTTP/1.1" 200 568
192.168.171.99 - - [10/May/2022:13:07:06 -0500] "GET /BLA/boletinlegal/actos.php HTTP/1.1" 200 9559
192.168.171.99 - - [10/May/2022:13:07:06 -0500] "GET /BLA/boletinlegal/js/ajax_actos.js HTTP/1.1" 200 1322
192.168.171.99 - - [10/May/2022:13:07:06 -0500] "GET /BLA/boletinlegal/niceforms.js HTTP/1.1" 200 22876
192.168.171.99 - - [10/May/2022:13:07:06 -0500] "GET /BLA/boletinlegal/niceforms-default.css HTTP/1.1" 200 6694
192.168.171.99 - - [10/May/2022:13:07:06 -0500] "GET /BLA/boletinlegal/js/popup.js HTTP/1.1" 200 1270
192.168.171.99 - - [10/May/2022:13:07:06 -0500] "GET /BLA/boletinlegal/js/lib.js HTTP/1.1" 200 6474
192.168.171.99 - - [10/May/2022:13:07:06 -0500] "GET /BLA/boletinlegal/js/jquery1.js HTTP/1.1" 200 29846
192.168.171.99 - - [10/May/2022:13:07:06 -0500] "GET /BLA/boletinlegal/images/green-yellow-blue-pink-th.png HTTP/1.1" 200 7394
192.168.171.99 - - [10/May/2022:13:07:06 -0500] "GET /BLA/boletinlegal/images/abajo.png HTTP/1.1" 200 96676
192.168.171.99 - - [10/May/2022:13:07:06 -0500] "GET /BLA/boletinlegal/images/icono-email.png HTTP/1.1" 200 5544
192.168.171.99 - - [10/May/2022:13:07:06 -0500] "GET /BLA/boletinlegal/images/footer_bg.jpg HTTP/1.1" 200 586
192.168.171.99 - - [10/May/2022:13:07:06 -0500] "GET /BLA/boletinlegal/images/footer_bg_l.jpg HTTP/1.1" 200 776
192.168.171.99 - - [10/May/2022:13:07:06 -0500] "GET /BLA/boletinlegal/images/tel.png HTTP/1.1" 200 14477
192.168.171.99 - - [10/May/2022:13:07:06 -0500] "GET /BLA/boletinlegal/img/0.png HTTP/1.1" 200 110
192.168.171.99 - - [10/May/2022:13:07:06 -0500] "GET /BLA/boletinlegal/img/select-left.png HTTP/1.1" 200 263
192.168.171.99 - - [10/May/2022:13:07:06 -0500] "GET /BLA/boletinlegal/img/button-left.png HTTP/1.1" 200 57071
192.168.171.99 - - [10/May/2022:13:07:06 -0500] "GET /BLA/boletinlegal/img/button.png HTTP/1.1" 200 43241
192.168.171.99 - - [10/May/2022:13:07:06 -0500] "GET /BLA/boletinlegal/img/select-right.png HTTP/1.1" 200 44019
192.168.171.99 - - [10/May/2022:13:07:06 -0500] "GET /BLA/boletinlegal/img/button-right.png HTTP/1.1" 200 57878
192.168.171.99 - - [10/May/2022:13:07:06 -0500] "GET /favicon.ico HTTP/1.1" 200 7782
192.168.171.99 - - [10/May/2022:13:07:02 -0500] "GET /BLA/boletinlegal/index.php HTTP/1.1" 200 16331
201.245.192.253 - - [10/May/2022:13:07:44 -0500] "GET /BLA/resoluciones/ HTTP/1.1" 200 13093
201.245.192.253 - - [10/May/2022:13:07:46 -0500] "GET /BLA/resoluciones/ HTTP/1.1" 200 13093
201.245.192.253 - - [10/May/2022:13:07:47 -0500] "GET /BLA/resoluciones/index.php?dir=RESOLUCIONES+2013%2F HTTP/1.1" 200 237258
201.245.192.253 - - [10/May/2022:13:07:50 -0500] "GET /BLA/resoluciones/index.php?dir=RESOLUCIONES+2021%2F HTTP/1.1" 200 354569
201.245.192.253 - - [10/May/2022:13:07:56 -0500] "GET /BLA/resoluciones/RESOLUCIONES%202021/0007.pdf HTTP/1.1" 200 350546
201.245.192.253 - - [10/May/2022:13:08:00 -0500] "GET /BLA/resoluciones/RESOLUCIONES%202013/2410.pdf HTTP/1.1" 200 683327
186.84.89.7 - - [10/May/2022:13:08:05 -0500] "GET /appsia/controlador HTTP/1.1" 200 4799
201.245.192.253 - - [10/May/2022:13:08:10 -0500] "GET /BLA/resoluciones/ HTTP/1.1" 200 13093
201.245.192.253 - - [10/May/2022:13:08:15 -0500] "GET /BLA/resoluciones/index.php?dir=RESOLUCIONES+2021%2F HTTP/1.1" 200 354569
201.245.192.253 - - [10/May/2022:13:08:38 -0500] "GET /BLA/resoluciones/RESOLUCIONES%202021/0707.pdf HTTP/1.1" 200 336756
186.80.186.208 - - [10/May/2022:13:08:39 -0500] "GET /BLA/resoluciones/ HTTP/1.1" 200 13093
66.249.70.45 - - [10/May/2022:13:08:45 -0500] "-" 408 -
186.80.186.208 - - [10/May/2022:13:09:26 -0500] "GET /BLA/resoluciones/index.php?dir= HTTP/1.1" 200 13093
201.245.192.253 - - [10/May/2022:13:09:27 -0500] "GET /BLA/resoluciones/ HTTP/1.1" 200 13093
186.102.98.72 - - [10/May/2022:13:09:29 -0500] "GET /appsia/controlado HTTP/1.1" 404 68
186.102.98.72 - - [10/May/2022:13:09:30 -0500] "GET /favicon.ico HTTP/1.1" 200 7782
201.245.192.253 - - [10/May/2022:13:09:31 -0500] "GET /BLA/resoluciones/ HTTP/1.1" 200 13093
201.245.192.253 - - [10/May/2022:13:09:31 -0500] "GET /BLA/resoluciones/dlf/folder.png HTTP/1.1" 200 410
201.245.192.253 - - [10/May/2022:13:09:31 -0500] "GET /BLA/resoluciones/dlf/styles.css HTTP/1.1" 200 3049
201.245.192.253 - - [10/May/2022:13:09:31 -0500] "GET /BLA/resoluciones/dlf/bg.gif HTTP/1.1" 200 54
201.245.192.253 - - [10/May/2022:13:09:31 -0500] "GET /favicon.ico HTTP/1.1" 200 7782
186.80.186.208 - - [10/May/2022:13:09:32 -0500] "GET /BLA/resoluciones/index.php?dir=RESOLUCIONES+2012%2F HTTP/1.1" 200 140066
186.84.89.7 - - [10/May/2022:13:09:45 -0500] "POST /appsia/controlador HTTP/1.1" 200 3600
186.84.89.7 - - [10/May/2022:13:09:45 -0500] "GET /appsia/jscripts/validarSolicitud.js HTTP/1.1" 404 68
201.245.192.253 - - [10/May/2022:13:09:45 -0500] "GET /BLA/resoluciones/ HTTP/1.1" 200 13093
201.245.192.253 - - [10/May/2022:13:09:50 -0500] "GET /BLA/resoluciones/index.php?dir=RESOLUCIONES+2021%2F HTTP/1.1" 200 354569
186.84.89.7 - - [10/May/2022:13:09:51 -0500] "POST /appsia/controlador HTTP/1.1" 200 4799
186.102.98.72 - - [10/May/2022:13:09:52 -0500] "GET /appsia/controlado HTTP/1.1" 404 68
186.84.89.7 - - [10/May/2022:13:10:08 -0500] "POST /appsia/controlador HTTP/1.1" 200 3600
186.84.89.7 - - [10/May/2022:13:10:08 -0500] "GET /appsia/jscripts/validarSolicitud.js HTTP/1.1" 404 68
186.80.186.208 - - [10/May/2022:13:10:16 -0500] "GET /BLA/resoluciones/RESOLUCIONES%202012/0739.pdf HTTP/1.1" 200 587481
186.84.89.7 - - [10/May/2022:13:10:17 -0500] "POST /appsia/controlador HTTP/1.1" 200 4799
191.156.183.178 - - [10/May/2022:13:10:20 -0500] "GET /css/textos.css HTTP/1.1" 404 1254
191.156.186.219 - - [10/May/2022:13:10:20 -0500] "GET /css/fondos.css HTTP/1.1" 404 1254
191.156.186.219 - - [10/May/2022:13:10:20 -0500] "GET /css/date_blue.css HTTP/1.1" 404 1254
186.80.186.208 - - [10/May/2022:13:10:21 -0500] "GET /BLA/resoluciones/RESOLUCIONES%202012/0739.pdf HTTP/1.1" 200 587481
191.156.186.219 - - [10/May/2022:13:10:23 -0500] "GET /css/bordes.css HTTP/1.1" 404 1254
35.204.45.56 - - [10/May/2022:13:10:37 -0500] "GET / HTTP/1.1" 200 319
201.245.192.253 - - [10/May/2022:13:10:42 -0500] "GET /BLA/resoluciones/ HTTP/1.1" 200 13093
201.245.192.253 - - [10/May/2022:13:10:44 -0500] "GET /BLA/resoluciones/index.php?dir=AUTOS+2021%2F HTTP/1.1" 200 379783
186.84.89.7 - - [10/May/2022:13:10:48 -0500] "POST /appsia/controlador HTTP/1.1" 200 5437
201.245.192.253 - - [10/May/2022:13:10:48 -0500] "GET /BLA/resoluciones/index.php?dir=RESOLUCIONES+2021%2F HTTP/1.1" 200 354569
201.245.192.253 - - [10/May/2022:13:11:02 -0500] "GET /BLA/resoluciones/RESOLUCIONES%202021/3537.pdf HTTP/1.1" 200 337709
186.102.98.72 - - [10/May/2022:13:11:15 -0500] "GET /appsia/controlado HTTP/1.1" 404 68
186.84.89.7 - - [10/May/2022:13:11:20 -0500] "POST /appsia/controlador HTTP/1.1" 200 4799
172.22.2.4 - - [10/May/2022:13:09:44 -0500] "HEAD /BLA/boletinlegal/ HTTP/1.1" 200 -
216.245.221.92 - - [10/May/2022:13:11:33 -0500] "HEAD / HTTP/1.1" 200 -
186.84.89.7 - - [10/May/2022:13:12:07 -0500] "POST /appsia/controlador HTTP/1.1" 200 3597
186.84.89.7 - - [10/May/2022:13:12:07 -0500] "GET /appsia/jscripts/validarSolicitud.js HTTP/1.1" 404 68
186.84.89.7 - - [10/May/2022:13:12:11 -0500] "POST /appsia/controlador HTTP/1.1" 200 4799
172.22.2.4 - - [10/May/2022:13:10:34 -0500] "GET /BLA/boletinlegal/ HTTP/1.1" 200 59170
186.84.89.7 - - [10/May/2022:13:12:31 -0500] "POST /appsia/controlador HTTP/1.1" 200 3597
186.84.89.7 - - [10/May/2022:13:12:31 -0500] "GET /appsia/jscripts/validarSolicitud.js HTTP/1.1" 404 68
186.84.89.7 - - [10/May/2022:13:12:37 -0500] "POST /appsia/controlador HTTP/1.1" 200 4799
186.84.89.7 - - [10/May/2022:13:12:46 -0500] "POST /appsia/controlador HTTP/1.1" 200 5437
181.59.107.226 - - [10/May/2022:13:12:46 -0500] "GET /catalogoisis/ HTTP/1.1" 200 8575
181.59.107.226 - - [10/May/2022:13:12:46 -0500] "GET /catalogoisis/Js/AceptarLimpiar.js HTTP/1.1" 200 331
181.59.107.226 - - [10/May/2022:13:12:46 -0500] "GET /catalogoisis/Css/Busqueda.css HTTP/1.1" 200 1995
181.59.107.226 - - [10/May/2022:13:12:46 -0500] "GET /catalogoisis/Js/LimpiarCombinada.js HTTP/1.1" 200 207
181.59.107.226 - - [10/May/2022:13:12:46 -0500] "GET /catalogoisis/Js/Cookies.js HTTP/1.1" 200 1369
181.59.107.226 - - [10/May/2022:13:12:46 -0500] "GET /catalogoisis/Js/CriterioCombinada.js HTTP/1.1" 200 1843
181.59.107.226 - - [10/May/2022:13:12:46 -0500] "GET /catalogoisis/Js/Go.js HTTP/1.1" 200 364
181.59.107.226 - - [10/May/2022:13:12:46 -0500] "GET /catalogoisis/Js/Remote.js HTTP/1.1" 200 436
181.59.107.226 - - [10/May/2022:13:12:46 -0500] "GET /catalogoisis/Js/Numero.js HTTP/1.1" 200 398
181.59.107.226 - - [10/May/2022:13:12:46 -0500] "GET /catalogoisis/Js/Enter.js HTTP/1.1" 200 1208
181.59.107.226 - - [10/May/2022:13:12:46 -0500] "GET /catalogoisis/imagenes/br1c3.gif HTTP/1.1" 200 302
181.59.107.226 - - [10/May/2022:13:12:46 -0500] "GET /catalogoisis/imagenes/aceptar1.gif HTTP/1.1" 200 604
181.59.107.226 - - [10/May/2022:13:12:46 -0500] "GET /catalogoisis/imagenes/Turnbo1.gif HTTP/1.1" 200 227
181.59.107.226 - - [10/May/2022:13:12:46 -0500] "GET /catalogoisis/imagenes/limpiar1.gif HTTP/1.1" 200 606
181.59.107.226 - - [10/May/2022:13:12:46 -0500] "GET /catalogoisis/imagenes/br1c1.gif HTTP/1.1" 200 172
181.59.107.226 - - [10/May/2022:13:12:46 -0500] "GET /catalogoisis/imagenes/br3c1.gif HTTP/1.1" 200 177
181.59.107.226 - - [10/May/2022:13:12:46 -0500] "GET /catalogoisis/imagenes/br3c3.gif HTTP/1.1" 200 186
181.59.107.226 - - [10/May/2022:13:12:46 -0500] "GET /catalogoisis/imagenes/br3c2.gif HTTP/1.1" 200 285
181.59.107.226 - - [10/May/2022:13:12:46 -0500] "GET /catalogoisis/imagenes/br1c2.gif HTTP/1.1" 200 297
181.59.107.226 - - [10/May/2022:13:12:46 -0500] "GET /catalogoisis/imagenes/br2c1.gif HTTP/1.1" 200 297
181.59.107.226 - - [10/May/2022:13:12:46 -0500] "GET /catalogoisis/imagenes/br2c2.gif HTTP/1.1" 200 302
181.59.107.226 - - [10/May/2022:13:12:46 -0500] "GET /catalogoisis/imagenes/Header.gif HTTP/1.1" 200 30313
181.59.107.226 - - [10/May/2022:13:12:46 -0500] "GET /catalogoisis/imagenes/br2c3.gif HTTP/1.1" 200 416
181.59.107.226 - - [10/May/2022:13:12:46 -0500] "GET /favicon.ico HTTP/1.1" 200 7782
181.59.107.226 - - [10/May/2022:13:12:47 -0500] "GET /catalogoisis/imagenes/aceptar2.gif HTTP/1.1" 200 586
186.84.89.7 - - [10/May/2022:13:12:51 -0500] "POST /appsia/controlador HTTP/1.1" 200 4799
186.84.89.7 - - [10/May/2022:13:13:07 -0500] "POST /appsia/controlador HTTP/1.1" 200 3597
186.84.89.7 - - [10/May/2022:13:13:07 -0500] "GET /appsia/jscripts/validarSolicitud.js HTTP/1.1" 404 68
186.84.89.7 - - [10/May/2022:13:13:09 -0500] "POST /appsia/controlador HTTP/1.1" 200 4799
186.84.89.7 - - [10/May/2022:13:13:17 -0500] "POST /appsia/controlador HTTP/1.1" 200 5437
186.84.89.7 - - [10/May/2022:13:13:55 -0500] "POST /appsia/controlador HTTP/1.1" 200 4799
157.55.39.141 - - [10/May/2022:13:14:07 -0500] "GET /BLA/resoluciones/00000388.tif HTTP/1.1" 404 1018
186.84.89.7 - - [10/May/2022:13:14:16 -0500] "POST /appsia/controlador HTTP/1.1" 200 3597
186.84.89.7 - - [10/May/2022:13:14:16 -0500] "GET /appsia/jscripts/validarSolicitud.js HTTP/1.1" 404 68
186.84.89.7 - - [10/May/2022:13:14:23 -0500] "POST /appsia/controlador HTTP/1.1" 200 4799
181.225.96.186 - - [10/May/2022:13:14:45 -0500] "GET /distrito-entrego-certificado-de-reconocimiento-a-mas-de-600-mujeres-que-reverdecen-tras-seis-meses-de-formacion-teorica-y-practica.html HTTP/1.1" 304 -
186.84.89.7 - - [10/May/2022:13:15:40 -0500] "POST /appsia/controlador HTTP/1.1" 200 5437
186.84.89.7 - - [10/May/2022:13:15:42 -0500] "POST /appsia/controlador HTTP/1.1" 200 3238
186.84.89.7 - - [10/May/2022:13:15:42 -0500] "GET /appsia/jscripts/validarSolicitud.js HTTP/1.1" 404 68
186.84.89.7 - - [10/May/2022:13:15:44 -0500] "POST /appsia/controlador HTTP/1.1" 200 5437
186.84.89.7 - - [10/May/2022:13:15:45 -0500] "POST /appsia/controlador HTTP/1.1" 200 7726
186.102.98.72 - - [10/May/2022:13:16:15 -0500] "GET /appsia/controlador HTTP/1.1" 200 4799
186.102.98.72 - - [10/May/2022:13:16:15 -0500] "GET /appsia/css/estilos.css HTTP/1.1" 200 4804
186.102.98.72 - - [10/May/2022:13:16:15 -0500] "GET /appsia/scripts/validarIngreso.js HTTP/1.1" 200 851
186.102.98.72 - - [10/May/2022:13:16:15 -0500] "GET /appsia/images/cabezoteHojaVida.png HTTP/1.1" 200 32493
186.102.98.72 - - [10/May/2022:13:16:15 -0500] "GET /appsia/images/logo_bogota_p.png HTTP/1.1" 200 14951
186.84.89.7 - - [10/May/2022:13:16:26 -0500] "POST /appsia/controlador HTTP/1.1" 200 5437
186.84.89.7 - - [10/May/2022:13:16:28 -0500] "POST /appsia/controlador HTTP/1.1" 200 4799
216.245.221.92 - - [10/May/2022:13:16:33 -0500] "HEAD / HTTP/1.1" 200 -
186.102.98.72 - - [10/May/2022:13:16:37 -0500] "POST /appsia/controlador HTTP/1.1" 200 3601
186.102.98.72 - - [10/May/2022:13:16:37 -0500] "GET /appsia/jscripts/validarSolicitud.js HTTP/1.1" 404 68
186.102.98.72 - - [10/May/2022:13:16:41 -0500] "POST /appsia/controlador HTTP/1.1" 200 4799
201.245.192.253 - - [10/May/2022:13:17:06 -0500] "GET /sipse/faces/faces/index.xhtml HTTP/1.1" 200 677
201.245.192.253 - - [10/May/2022:13:17:07 -0500] "GET /sipse/faces/javax.faces.resource/theme.css?ln=primefaces-sipse HTTP/1.1" 304 -
201.245.192.253 - - [10/May/2022:13:17:07 -0500] "GET /sipse/faces/faces/faces/autenticacion.xhtml HTTP/1.1" 200 12178
201.245.192.253 - - [10/May/2022:13:17:07 -0500] "GET /sipse/faces/javax.faces.resource/theme.css?ln=primefaces-sipse HTTP/1.1" 304 -
201.245.192.253 - - [10/May/2022:13:17:07 -0500] "GET /sipse/faces/javax.faces.resource/primefaces.css?ln=primefaces&v=4.0 HTTP/1.1" 304 -
201.245.192.253 - - [10/May/2022:13:17:07 -0500] "GET /sipse/faces/javax.faces.resource/jquery/jquery-plugins.js?ln=primefaces&v=4.0 HTTP/1.1" 304 -
201.245.192.253 - - [10/May/2022:13:17:07 -0500] "GET /sipse/faces/javax.faces.resource/layout/layout.css?ln=primefaces&v=4.0 HTTP/1.1" 304 -
201.245.192.253 - - [10/May/2022:13:17:07 -0500] "GET /sipse/faces/javax.faces.resource/primefaces.js?ln=primefaces&v=4.0 HTTP/1.1" 304 -
201.245.192.253 - - [10/May/2022:13:17:07 -0500] "GET /sipse/faces/javax.faces.resource/jquery/jquery.js?ln=primefaces&v=4.0 HTTP/1.1" 304 -
201.245.192.253 - - [10/May/2022:13:17:07 -0500] "GET /sipse/faces/javax.faces.resource/layout/layout.js?ln=primefaces&v=4.0 HTTP/1.1" 304 -
201.245.192.253 - - [10/May/2022:13:17:07 -0500] "GET /sipse/faces/javax.faces.resource/images/ui-icons_898989_256x240.png?ln=primefaces-aristo HTTP/1.1" 304 -
201.245.192.253 - - [10/May/2022:13:17:09 -0500] "POST /sipse/faces/autenticacion.xhtml HTTP/1.1" 200 2220
201.245.192.253 - - [10/May/2022:13:17:10 -0500] "GET /sipse/faces/javax.faces.resource/messages/messages.png?ln=primefaces&v=4.0 HTTP/1.1" 304 -
201.245.192.253 - - [10/May/2022:13:17:10 -0500] "POST /sipse/faces/autenticacion.xhtml HTTP/1.1" 200 16269
201.245.192.253 - - [10/May/2022:13:17:11 -0500] "GET /sipse/faces/javax.faces.resource/theme.css?ln=primefaces-sipse HTTP/1.1" 304 -
201.245.192.253 - - [10/May/2022:13:17:11 -0500] "GET /sipse/faces/javax.faces.resource/primefaces.css?ln=primefaces&v=4.0 HTTP/1.1" 304 -
201.245.192.253 - - [10/May/2022:13:17:11 -0500] "GET /sipse/faces/javax.faces.resource/layout/layout.css?ln=primefaces&v=4.0 HTTP/1.1" 304 -
