172.22.2.4 - - [14/May/2022:16:46:11 -0500] "GET /BLA/boletinlegal/images/body_bg.jpg HTTP/1.1" 200 1601
172.22.2.4 - - [14/May/2022:16:46:11 -0500] "GET /BLA/boletinlegal/images/menu_lft.gif HTTP/1.1" 200 1713
172.22.2.4 - - [14/May/2022:16:46:11 -0500] "GET /BLA/boletinlegal/images/menu_rght.gif HTTP/1.1" 200 1627
172.22.2.4 - - [14/May/2022:16:46:11 -0500] "GET /BLA/boletinlegal/images/text.jpg HTTP/1.1" 200 568
172.22.2.4 - - [14/May/2022:16:46:11 -0500] "GET /BLA/boletinlegal/images/bg_top.jpg HTTP/1.1" 200 522
172.22.2.4 - - [14/May/2022:16:46:11 -0500] "GET /BLA/boletinlegal/images/footer_bg.jpg HTTP/1.1" 200 586
172.22.2.4 - - [14/May/2022:16:46:11 -0500] "GET /BLA/boletinlegal/images/menu_bg.jpg HTTP/1.1" 200 620
172.22.2.4 - - [14/May/2022:16:46:11 -0500] "GET /BLA/boletinlegal/images/hover.jpg HTTP/1.1" 200 640
172.22.2.4 - - [14/May/2022:16:46:11 -0500] "GET /BLA/boletinlegal/images/footer_bg_l.jpg HTTP/1.1" 200 776
172.22.2.4 - - [14/May/2022:16:46:12 -0500] "GET /BLA/boletinlegal/img/0.png HTTP/1.1" 200 110
172.22.2.4 - - [14/May/2022:16:46:12 -0500] "GET /BLA/boletinlegal/img/select-left.png HTTP/1.1" 200 263
172.22.2.4 - - [14/May/2022:16:46:12 -0500] "GET /BLA/boletinlegal/img/select-right.png HTTP/1.1" 200 44019
172.22.2.4 - - [14/May/2022:16:46:12 -0500] "GET /BLA/boletinlegal/img/button-left.png HTTP/1.1" 200 57071
172.22.2.4 - - [14/May/2022:16:46:12 -0500] "GET /BLA/boletinlegal/img/button.png HTTP/1.1" 200 43241
172.22.2.4 - - [14/May/2022:16:46:12 -0500] "GET /BLA/boletinlegal/img/button-right.png HTTP/1.1" 200 57878
172.22.2.4 - - [14/May/2022:16:46:17 -0500] "GET /BLA/boletinlegal/images/screen_2.png HTTP/1.1" 200 362502
172.22.2.4 - - [14/May/2022:16:46:17 -0500] "GET /BLA/boletinlegal/images/screen_3.png HTTP/1.1" 200 210620
172.22.2.4 - - [14/May/2022:16:46:17 -0500] "GET /BLA/boletinlegal/images/screen_5.png HTTP/1.1" 200 368876
172.22.2.4 - - [14/May/2022:16:46:17 -0500] "GET /BLA/boletinlegal/images/arr_r.jpg HTTP/1.1" 200 1998
172.22.2.4 - - [14/May/2022:16:46:35 -0500] "GET /BLA/boletinlegal/consulta_actos.php?tipo=autos&no=&usuario=&sector=PEV&fecha=2021&resuelve=archivo HTTP/1.1" 200 6661
172.22.2.4 - - [14/May/2022:16:46:35 -0500] "GET /BLA/boletinlegal/images/background.gif HTTP/1.1" 200 -
34.147.77.153 - - [14/May/2022:16:47:02 -0500] "GET / HTTP/1.1" 200 319
186.154.24.21 - - [14/May/2022:16:47:23 -0500] "GET /BLA/resoluciones/AUTOS%202021/0342.pdf HTTP/1.1" 200 353428
186.154.24.21 - - [14/May/2022:16:47:26 -0500] "GET /BLA/resoluciones/AUTOS%202021/0340.pdf HTTP/1.1" 200 1006321
186.154.24.21 - - [14/May/2022:16:47:29 -0500] "GET /BLA/resoluciones/AUTOS%202021/0268.pdf HTTP/1.1" 200 301620
186.154.24.21 - - [14/May/2022:16:47:31 -0500] "GET /BLA/resoluciones/AUTOS%202021/0034.pdf HTTP/1.1" 200 1006321
216.245.221.92 - - [14/May/2022:16:47:39 -0500] "HEAD / HTTP/1.1" 200 -
172.22.2.4 - - [14/May/2022:16:46:10 -0500] "GET /BLA/boletinlegal/ HTTP/1.1" 200 63342
172.22.2.4 - - [14/May/2022:16:50:15 -0500] "GET /BLA/boletinlegal/jurisprudencia/analisis/AnalisisT-606-15.docx HTTP/1.1" 304 -
172.22.2.4 - - [14/May/2022:16:50:30 -0500] "GET /BLA/boletinlegal/consulta_actos.php?tipo=autos&no=&usuario=&sector=PEV&fecha=2020&resuelve=archivo HTTP/1.1" 200 12519
186.154.24.21 - - [14/May/2022:16:50:51 -0500] "GET /BLA/resoluciones/AUTOS%202020/3578.pdf HTTP/1.1" 200 340808
172.22.2.4 - - [14/May/2022:16:49:18 -0500] "HEAD /BLA/boletinlegal/ HTTP/1.1" 200 -
172.22.2.4 - - [14/May/2022:16:51:32 -0500] "GET /BLA/boletinlegal/consulta_actos.php?tipo=autos&no=&usuario=&sector=PEV&fecha=2020&resuelve=archivo HTTP/1.1" 200 12519
207.46.13.159 - - [14/May/2022:16:51:44 -0500] "GET /BLA/resoluciones/RESOLUCIONES%202019/3384.pdf HTTP/1.1" 304 -
172.22.2.4 - - [14/May/2022:16:50:09 -0500] "GET /BLA/boletinlegal/ HTTP/1.1" 200 58588
172.22.2.4 - - [14/May/2022:16:51:49 -0500] "GET /BLA/boletinlegal/consulta_actos.php?tipo=autos&no=&usuario=&sector=PEV&fecha=2020&resuelve=archivo HTTP/1.1" 200 12519
172.22.2.4 - - [14/May/2022:16:51:52 -0500] "GET /BLA/boletinlegal/consulta_actos.php?tipo=autos&no=&usuario=&sector=PEV&fecha=2020&resuelve=archivo HTTP/1.1" 200 12519
172.22.2.4 - - [14/May/2022:16:51:56 -0500] "GET /BLA/boletinlegal/consulta_actos.php?tipo=autos&no=&usuario=&sector=PEV&fecha=2019&resuelve=archivo HTTP/1.1" 200 7923
186.154.24.21 - - [14/May/2022:16:52:31 -0500] "GET /BLA/resoluciones/AUTOS%202019/4699.pdf HTTP/1.1" 200 345136
216.245.221.92 - - [14/May/2022:16:52:39 -0500] "HEAD / HTTP/1.1" 200 -
172.22.2.4 - - [14/May/2022:16:53:56 -0500] "GET /BLA/boletinlegal/consulta_actos.php?tipo=autos&no=&usuario=&sector=PEV&fecha=2022&resuelve= HTTP/1.1" 200 14314
172.22.2.4 - - [14/May/2022:16:54:13 -0500] "GET /BLA/boletinlegal/actos.php HTTP/1.1" 200 9559
172.22.2.4 - - [14/May/2022:16:54:13 -0500] "GET /BLA/boletinlegal/niceforms-default.css HTTP/1.1" 200 6694
172.22.2.4 - - [14/May/2022:16:54:15 -0500] "GET /BLA/boletinlegal/consulta_actos.php?tipo=autos&no=&usuario=&sector=&fecha=2022&resuelve= HTTP/1.1" 200 103626
172.22.2.4 - - [14/May/2022:16:54:16 -0500] "GET /BLA/boletinlegal/images/background.gif HTTP/1.1" 200 -
172.22.2.4 - - [14/May/2022:16:54:46 -0500] "GET /BLA/boletinlegal/consulta_actos.php?tipo=autos&no=&usuario=&sector=&fecha=2021&resuelve= HTTP/1.1" 200 1142393
186.154.24.21 - - [14/May/2022:16:55:02 -0500] "GET /BLA/resoluciones/AUTOS%202021/0034.pdf HTTP/1.1" 200 1006321
66.249.65.13 - - [14/May/2022:16:55:39 -0500] "-" 408 -
207.46.13.134 - - [14/May/2022:16:56:23 -0500] "GET /BLA/resoluciones/AUTOS%202019/3118.pdf HTTP/1.1" 304 -
172.22.2.4 - - [14/May/2022:16:55:08 -0500] "HEAD /BLA/boletinlegal/ HTTP/1.1" 200 -
109.154.179.246 - - [14/May/2022:16:57:10 -0500] "GET /portaldeninos/wp-content/uploads/useanyfont/uaf.css?ver=1589905315 HTTP/1.1" 200 408
109.154.179.246 - - [14/May/2022:16:57:10 -0500] "GET /portaldeninos/wp-content/themes/betheme/style.css?ver=20.9.6 HTTP/1.1" 200 287
109.154.179.246 - - [14/May/2022:16:57:10 -0500] "GET /portaldeninos/wp-content/plugins/gallery-videos/CSS/Total-Soft-Gallery-Video-Widget.css?ver=4.9.8 HTTP/1.1" 200 51554
109.154.179.246 - - [14/May/2022:16:57:10 -0500] "GET /portaldeninos/wp-content/plugins/gallery-videos/CSS/totalsoft.css?ver=4.9.8 HTTP/1.1" 200 40622
109.154.179.246 - - [14/May/2022:16:57:10 -0500] "GET /portaldeninos/wp-content/themes/betheme/css/base.css?ver=20.9.6 HTTP/1.1" 200 57283
109.154.179.246 - - [14/May/2022:16:57:10 -0500] "GET /portaldeninos/wp-content/themes/betheme/assets/animations/animations.min.css?ver=20.9.6 HTTP/1.1" 200 58508
109.154.179.246 - - [14/May/2022:16:57:11 -0500] "GET /portaldeninos/wp-content/themes/betheme/assets/jplayer/css/jplayer.blue.monday.css?ver=20.9.6 HTTP/1.1" 200 9834
109.154.179.246 - - [14/May/2022:16:57:11 -0500] "GET /portaldeninos/wp-content/themes/betheme/assets/ui/jquery.ui.all.css?ver=20.9.6 HTTP/1.1" 200 18765
109.154.179.246 - - [14/May/2022:16:57:10 -0500] "GET /portaldeninos/wp-content/themes/betheme/css/layout.css?ver=20.9.6 HTTP/1.1" 200 116639
109.154.179.246 - - [14/May/2022:16:57:11 -0500] "GET /portaldeninos/wp-includes/js/jquery/jquery-migrate.min.js?ver=1.4.1 HTTP/1.1" 200 10056
109.154.179.246 - - [14/May/2022:16:57:11 -0500] "GET /portaldeninos/wp-content/plugins/google-analytics-for-wordpress/assets/js/frontend-gtag.min.js?ver=8.5.0 HTTP/1.1" 200 11801
109.154.179.246 - - [14/May/2022:16:57:11 -0500] "GET /portaldeninos/wp-content/themes/betheme/css/responsive.css?ver=20.9.6 HTTP/1.1" 200 55740
109.154.179.246 - - [14/May/2022:16:57:11 -0500] "GET /portaldeninos/wp-includes/js/jquery/ui/core.min.js?ver=1.11.4 HTTP/1.1" 200 4000
109.154.179.246 - - [14/May/2022:16:57:10 -0500] "GET /portaldeninos/wp-content/themes/betheme/css/shortcodes.css?ver=20.9.6 HTTP/1.1" 200 138889
109.154.179.246 - - [14/May/2022:16:57:12 -0500] "GET /portaldeninos/wp-content/plugins/gallery-videos/JS/modernizr.custom.js?ver=4.9.8 HTTP/1.1" 200 9019
109.154.179.246 - - [14/May/2022:16:57:12 -0500] "GET /portaldeninos/wp-includes/js/jquery/ui/widget.min.js?ver=1.11.4 HTTP/1.1" 200 6908
109.154.179.246 - - [14/May/2022:16:57:12 -0500] "GET /portaldeninos/wp-includes/js/jquery/ui/mouse.min.js?ver=1.11.4 HTTP/1.1" 200 3148
109.154.179.246 - - [14/May/2022:16:57:11 -0500] "GET /portaldeninos/wp-includes/js/jquery/jquery.js?ver=1.12.4 HTTP/1.1" 200 97184
109.154.179.246 - - [14/May/2022:16:57:12 -0500] "GET /portaldeninos/wp-includes/js/jquery/ui/accordion.min.js?ver=1.11.4 HTTP/1.1" 200 8584
109.154.179.246 - - [14/May/2022:16:57:12 -0500] "GET /portaldeninos/wp-includes/js/jquery/ui/tabs.min.js?ver=1.11.4 HTTP/1.1" 200 12110
109.154.179.246 - - [14/May/2022:16:57:12 -0500] "GET /portaldeninos/wp-content/plugins/gallery-videos/JS/Total-Soft-Gallery-Video-Widget.js?ver=4.9.8 HTTP/1.1" 200 80264
109.154.179.246 - - [14/May/2022:16:57:12 -0500] "GET /portaldeninos/wp-content/themes/betheme/js/menu.js?ver=20.9.6 HTTP/1.1" 200 2449
109.154.179.246 - - [14/May/2022:16:57:12 -0500] "GET /portaldeninos/wp-includes/js/jquery/ui/sortable.min.js?ver=1.11.4 HTTP/1.1" 200 24899
109.154.179.246 - - [14/May/2022:16:57:12 -0500] "GET /portaldeninos/wp-content/themes/betheme/assets/animations/animations.min.js?ver=20.9.6 HTTP/1.1" 200 1896
109.154.179.246 - - [14/May/2022:16:57:12 -0500] "GET /portaldeninos/wp-includes/js/wp-embed.min.js?ver=4.9.8 HTTP/1.1" 200 1398
109.154.179.246 - - [14/May/2022:16:57:12 -0500] "GET /portaldeninos/wp-content/themes/betheme/images/box_shadow.png HTTP/1.1" 200 108
109.154.179.246 - - [14/May/2022:16:57:12 -0500] "GET /portaldeninos/wp-content/themes/betheme/assets/jplayer/jplayer.min.js?ver=20.9.6 HTTP/1.1" 200 52702
109.154.179.246 - - [14/May/2022:16:57:12 -0500] "GET /portaldeninos/wp-content/themes/betheme/js/scripts.js?ver=20.9.6 HTTP/1.1" 200 77162
109.154.179.246 - - [14/May/2022:16:57:12 -0500] "GET /portaldeninos/wp-content/themes/betheme/js/plugins.js?ver=20.9.6 HTTP/1.1" 200 197151
109.154.179.246 - - [14/May/2022:16:57:12 -0500] "GET /portaldeninos/wp-content/themes/betheme/fonts/mfn-icons.woff?93978679 HTTP/1.1" 200 80932
109.154.179.246 - - [14/May/2022:16:57:13 -0500] "GET /portaldeninos/wp-content/themes/betheme/fonts/mfn-icons.ttf?93978679 HTTP/1.1" 200 103489
172.22.2.4 - - [14/May/2022:16:55:59 -0500] "GET /BLA/boletinlegal/ HTTP/1.1" 200 54090
216.245.221.92 - - [14/May/2022:16:57:39 -0500] "HEAD / HTTP/1.1" 200 -
207.46.13.37 - - [14/May/2022:16:57:46 -0500] "GET /bla/resoluciones/notificaciones/autos%202016/03232.doc HTTP/1.1" 200 393314
207.46.13.37 - - [14/May/2022:16:58:56 -0500] "GET /bla/resoluciones/notificaciones/autos%202016/02082.pdf HTTP/1.1" 200 1046955
207.46.13.64 - - [14/May/2022:16:59:48 -0500] "GET /caminos-de-los-cerros-habilitados-en-esta-semana-santa-2022.html HTTP/1.1" 200 832
173.252.107.18 - - [14/May/2022:17:01:14 -0500] "GET /images/humedal-agua-lluvias-bogota-18-marzo.jpg HTTP/1.1" 200 146923
172.22.2.4 - - [14/May/2022:17:00:58 -0500] "HEAD /BLA/boletinlegal/ HTTP/1.1" 200 -
216.245.221.92 - - [14/May/2022:17:02:39 -0500] "HEAD / HTTP/1.1" 200 -
172.22.2.4 - - [14/May/2022:17:01:49 -0500] "GET /BLA/boletinlegal/ HTTP/1.1" 200 58588
198.235.24.31 - - [14/May/2022:17:04:02 -0500] "GET / HTTP/1.1" 200 319
66.220.149.7 - - [14/May/2022:17:04:37 -0500] "GET /distrito-entrego-certificado-de-reconocimiento-a-mas-de-600-mujeres-que-reverdecen-tras-seis-meses-de-formacion-teorica-y-practica.html?fbclid=IwAR1ZmGtaPvkfRKd8lq7tGJRqBjONcwWABGkUBPEj1TkChYZwZJUB_ugnQ1I HTTP/1.1" 200 1113
66.249.65.13 - - [14/May/2022:17:05:46 -0500] "-" 408 -
179.43.167.122 - - [14/May/2022:17:05:52 -0500] "HEAD / HTTP/1.0" 200 -
216.245.221.92 - - [14/May/2022:17:07:39 -0500] "HEAD / HTTP/1.1" 200 -
207.46.13.75 - - [14/May/2022:17:07:48 -0500] "GET /sipse/faces/faces/autenticacion.xhtml HTTP/1.1" 200 12492
172.22.2.4 - - [14/May/2022:17:06:48 -0500] "HEAD /BLA/boletinlegal/ HTTP/1.1" 200 -
172.22.2.4 - - [14/May/2022:17:07:39 -0500] "GET /BLA/boletinlegal/ HTTP/1.1" 200 57044
216.245.221.92 - - [14/May/2022:17:12:39 -0500] "HEAD / HTTP/1.1" 200 -
172.22.2.4 - - [14/May/2022:17:13:26 -0500] "GET /BLA/boletinlegal/owa/auth/x.js HTTP/1.1" 404 1018
172.22.2.4 - - [14/May/2022:17:14:09 -0500] "GET /BLA/boletinlegal/favicon.ico HTTP/1.1" 404 1238
172.22.2.4 - - [14/May/2022:17:12:38 -0500] "HEAD /BLA/boletinlegal/ HTTP/1.1" 200 -
172.22.2.4 - - [14/May/2022:17:13:29 -0500] "GET /BLA/boletinlegal/ HTTP/1.1" 200 54457
172.22.2.4 - - [14/May/2022:17:17:18 -0500] "GET /BLA/boletinlegal/owa/auth/logon.aspx HTTP/1.1" 404 1018
216.245.221.92 - - [14/May/2022:17:17:39 -0500] "HEAD / HTTP/1.1" 200 -
172.22.2.4 - - [14/May/2022:17:19:35 -0500] "GET /BLA/boletinlegal/ecp/Current/exporttool/microsoft.exchange.ediscovery.exporttool.application HTTP/1.1" 404 1018
172.22.2.4 - - [14/May/2022:17:18:28 -0500] "HEAD /BLA/boletinlegal/ HTTP/1.1" 200 -
186.80.49.246 - - [14/May/2022:17:20:44 -0500] "GET /bogota-tendra-la-primera-planta-de-termovalorizacion-de-colombia-la-cual-convertira-los-residuos-en-energia-para-la-ciudad.html HTTP/1.1" 200 883
172.22.2.4 - - [14/May/2022:17:19:19 -0500] "GET /BLA/boletinlegal/ HTTP/1.1" 200 59170
216.245.221.92 - - [14/May/2022:17:22:39 -0500] "HEAD / HTTP/1.1" 200 -
207.46.13.11 - - [14/May/2022:17:22:55 -0500] "GET /bla/resoluciones/notificaciones/autos%202016/00790.doc HTTP/1.1" 200 198152
201.245.192.253 - - [14/May/2022:17:22:46 -0500] "POST /kwsrmcab/Wsrmcab HTTP/1.1" 200 46908
66.249.65.17 - - [14/May/2022:17:24:14 -0500] "-" 408 -
201.245.192.253 - - [14/May/2022:17:23:37 -0500] "POST /kwsrmcab/Wsrmcab HTTP/1.1" 200 47392
172.22.2.4 - - [14/May/2022:17:24:18 -0500] "HEAD /BLA/boletinlegal/ HTTP/1.1" 200 -
172.22.2.4 - - [14/May/2022:17:25:09 -0500] "GET /BLA/boletinlegal/ HTTP/1.1" 200 60932
216.245.221.92 - - [14/May/2022:17:27:39 -0500] "HEAD / HTTP/1.1" 200 -
191.102.218.40 - - [14/May/2022:17:30:25 -0500] "GET /BLA/resoluciones/index.php?dir=RESOLUCIONES+2019%2F HTTP/1.1" 200 238267
207.46.13.11 - - [14/May/2022:17:31:46 -0500] "GET /menu/js/jquery.vaccordion.js HTTP/1.1" 404 1018
172.22.2.4 - - [14/May/2022:17:30:08 -0500] "HEAD /BLA/boletinlegal/ HTTP/1.1" 200 -
207.46.13.37 - - [14/May/2022:17:31:49 -0500] "GET /galeria/mapa/humedal.html? HTTP/1.1" 200 13190
172.22.2.4 - - [14/May/2022:17:30:59 -0500] "GET /BLA/boletinlegal/ HTTP/1.1" 200 56669
216.245.221.92 - - [14/May/2022:17:32:39 -0500] "HEAD / HTTP/1.1" 200 -
186.28.83.161 - - [14/May/2022:17:33:19 -0500] "GET /BLA/resoluciones/index.php?dir= HTTP/1.1" 200 13093
186.28.83.161 - - [14/May/2022:17:33:22 -0500] "GET /BLA/resoluciones/index.php?dir=AUTOS+2011%2F HTTP/1.1" 200 629247
201.245.192.253 - - [14/May/2022:17:32:46 -0500] "POST /kwsrmcab/Wsrmcab HTTP/1.1" 200 46908
186.28.83.161 - - [14/May/2022:17:33:45 -0500] "GET /BLA/resoluciones/AUTOS%202011/2909.pdf HTTP/1.1" 200 423079
201.245.192.253 - - [14/May/2022:17:33:36 -0500] "POST /kwsrmcab/Wsrmcab HTTP/1.1" 200 47392
200.118.60.112 - - [14/May/2022:17:36:09 -0500] "GET /si-te-gusta-la-pintura-el-dibujo-o-la-fotografia-el-concurso-a-vuelo-de-pajaro-es-para-ti.html HTTP/1.1" 200 861
207.46.13.134 - - [14/May/2022:17:37:28 -0500] "GET /bla/resoluciones/notificaciones/autos%202016/02106.pdf HTTP/1.1" 200 362323
172.22.2.4 - - [14/May/2022:17:35:58 -0500] "HEAD /BLA/boletinlegal/ HTTP/1.1" 200 -
216.245.221.92 - - [14/May/2022:17:37:39 -0500] "HEAD / HTTP/1.1" 200 -
172.22.2.4 - - [14/May/2022:17:36:49 -0500] "GET /BLA/boletinlegal/ HTTP/1.1" 200 55877
172.22.2.4 - - [14/May/2022:17:37:24 -0500] "GET /BLA/boletinlegal/ HTTP/1.1" 200 59170
207.46.13.159 - - [14/May/2022:17:41:08 -0500] "GET /BLA/resoluciones/AUTOS%202020/4382.pdf HTTP/1.1" 304 -
172.22.2.4 - - [14/May/2022:17:41:16 -0500] "GET /BLA/boletinlegal/Circulares/2022/CIRCULAR%20No.%2000003%20DEL%2007%20DE%20MARZO%20DEL%202022.pdf HTTP/1.1" 404 1038
172.22.2.4 - - [14/May/2022:17:41:20 -0500] "GET /BLA/boletinlegal/Circulares/2019/.pdf HTTP/1.1" 404 1218
172.22.2.4 - - [14/May/2022:17:41:29 -0500] "GET /BLA/boletinlegal/Circulares/2012/Circular%20No.%2010%20del%2026%20de%20Enero%20de%202012.pdf HTTP/1.1" 404 1218
69.171.231.4 - - [14/May/2022:17:42:26 -0500] "GET /distrito-avanza-y-ratifica-su-compromiso-con-la-descontaminacion-del-rio-bogota.html HTTP/1.1" 206 834
69.171.231.3 - - [14/May/2022:17:42:26 -0500] "GET /distrito-avanza-y-ratifica-su-compromiso-con-la-descontaminacion-del-rio-bogota.html HTTP/1.1" 206 834
216.245.221.92 - - [14/May/2022:17:42:39 -0500] "HEAD / HTTP/1.1" 200 -
172.22.2.4 - - [14/May/2022:17:41:48 -0500] "HEAD /BLA/boletinlegal/ HTTP/1.1" 200 -
201.245.192.253 - - [14/May/2022:17:42:46 -0500] "POST /kwsrmcab/Wsrmcab HTTP/1.1" 200 46908
207.46.13.37 - - [14/May/2022:17:43:50 -0500] "GET /bla/resoluciones/notificaciones/autos%202016/01325.doc HTTP/1.1" 200 389502
172.22.2.4 - - [14/May/2022:17:42:39 -0500] "GET /BLA/boletinlegal/ HTTP/1.1" 200 61416
201.245.192.253 - - [14/May/2022:17:43:37 -0500] "POST /kwsrmcab/Wsrmcab HTTP/1.1" 200 47392
66.249.65.17 - - [14/May/2022:17:44:34 -0500] "-" 408 -
172.22.2.4 - - [14/May/2022:17:45:02 -0500] "GET /BLA/boletinlegal/actos.php HTTP/1.1" 200 9559
172.22.2.4 - - [14/May/2022:17:45:03 -0500] "GET /BLA/boletinlegal/favicon.ico HTTP/1.1" 404 1326
172.22.2.4 - - [14/May/2022:17:45:10 -0500] "GET /BLA/boletinlegal/consulta_actos.php?tipo=resoluciones&no=0411&usuario=&sector=&fecha=2022&resuelve= HTTP/1.1" 200 1138
172.22.2.4 - - [14/May/2022:17:44:32 -0500] "GET /BLA/boletinlegal/ HTTP/1.1" 200 40907
216.245.221.92 - - [14/May/2022:17:47:39 -0500] "HEAD / HTTP/1.1" 200 -
172.22.2.4 - - [14/May/2022:17:47:38 -0500] "HEAD /BLA/boletinlegal/ HTTP/1.1" 200 -
191.96.150.226 - - [14/May/2022:17:49:41 -0500] "GET /wp-login.php HTTP/1.1" 404 1035
172.22.2.4 - - [14/May/2022:17:49:41 -0500] "GET /BLA/boletinlegal/wp-login.php HTTP/1.1" 404 1038
172.22.2.4 - - [14/May/2022:17:48:29 -0500] "GET /BLA/boletinlegal/ HTTP/1.1" 200 60932
207.46.13.134 - - [14/May/2022:17:51:19 -0500] "GET /bla/resoluciones/notificaciones/autos%202016/02031.doc HTTP/1.1" 200 601161
66.249.65.13 - - [14/May/2022:17:51:59 -0500] "-" 408 -
216.245.221.92 - - [14/May/2022:17:52:39 -0500] "HEAD / HTTP/1.1" 200 -
173.252.107.13 - - [14/May/2022:17:54:27 -0500] "GET /images/reciclaton-mayo-3-mayo.jpg HTTP/1.1" 200 278453
172.22.2.4 - - [14/May/2022:17:53:28 -0500] "HEAD /BLA/boletinlegal/ HTTP/1.1" 200 -
172.22.2.4 - - [14/May/2022:17:54:19 -0500] "GET /BLA/boletinlegal/ HTTP/1.1" 200 61416
50.244.46.217 - - [14/May/2022:17:57:03 -0500] "GET / HTTP/1.1" 200 319
216.245.221.92 - - [14/May/2022:17:57:39 -0500] "HEAD / HTTP/1.1" 200 -
172.22.2.4 - - [14/May/2022:17:57:43 -0500] "GET /BLA/boletinlegal/jurisprudencia/analisis/analisis%20C-595-2010.doc HTTP/1.1" 200 39424
207.46.13.11 - - [14/May/2022:17:57:48 -0500] "GET /bla/resoluciones/notificaciones/autos%202016/01512.doc HTTP/1.1" 200 360010
190.28.205.211 - - [14/May/2022:17:58:43 -0500] "GET /BLA/boletinlegal/conceptos/image.php HTTP/1.1" 404 1018
190.28.205.211 - - [14/May/2022:17:58:43 -0500] "GET /favicon.ico HTTP/1.1" 200 7782
190.28.205.211 - - [14/May/2022:17:58:50 -0500] "GET /BLA/boletinlegal/conceptos/image.php HTTP/1.1" 404 1018
190.28.205.211 - - [14/May/2022:17:58:55 -0500] "GET /BLA/boletinlegal/style.css HTTP/1.1" 200 9406
190.28.205.211 - - [14/May/2022:17:58:55 -0500] "GET /BLA/boletinlegal/styles2.css HTTP/1.1" 200 1838
190.28.205.211 - - [14/May/2022:17:58:55 -0500] "GET /BLA/boletinlegal/js/jquery.scrollTo-min.js HTTP/1.1" 200 1150
190.28.171.112 - - [14/May/2022:17:58:55 -0500] "GET /BLA/boletinlegal/js/jquery.js HTTP/1.1" 200 57254
190.28.171.112 - - [14/May/2022:17:58:55 -0500] "GET /BLA/boletinlegal/js/jquery.scrollShow.js HTTP/1.1" 200 4586
190.28.205.211 - - [14/May/2022:17:58:55 -0500] "GET /BLA/boletinlegal/js/jquery.scrollTo-min.js HTTP/1.1" 200 1150
190.28.205.211 - - [14/May/2022:17:58:55 -0500] "GET /BLA/boletinlegal/js/jquery.scrollShow.js HTTP/1.1" 200 4586
190.28.171.112 - - [14/May/2022:17:58:55 -0500] "GET /BLA/boletinlegal/images/historia.png HTTP/1.1" 200 52775
190.28.205.211 - - [14/May/2022:17:58:55 -0500] "GET /BLA/boletinlegal/images/registro-usuarios.png HTTP/1.1" 200 8106
190.28.205.211 - - [14/May/2022:17:58:55 -0500] "GET /BLA/boletinlegal/images/screen_1.png HTTP/1.1" 200 202547
190.28.171.112 - - [14/May/2022:17:58:55 -0500] "GET /BLA/boletinlegal/images/arr_l.jpg HTTP/1.1" 200 1979
190.28.205.211 - - [14/May/2022:17:58:55 -0500] "GET /BLA/boletinlegal/images/launch.jpg HTTP/1.1" 200 14577
190.28.205.211 - - [14/May/2022:17:58:55 -0500] "GET /BLA/boletinlegal/js/jquery.js HTTP/1.1" 200 57254
190.28.171.112 - - [14/May/2022:17:58:55 -0500] "GET /BLA/boletinlegal/images/body_bg.jpg HTTP/1.1" 200 1601
190.28.205.211 - - [14/May/2022:17:58:55 -0500] "GET /BLA/boletinlegal/images/cabezote%20BLEGAL.jpg HTTP/1.1" 200 118164
190.28.171.112 - - [14/May/2022:17:58:55 -0500] "GET /BLA/boletinlegal/images/subscribe-icon-big.png HTTP/1.1" 200 47702
190.28.205.211 - - [14/May/2022:17:58:55 -0500] "GET /BLA/boletinlegal/images/menu_lft.gif HTTP/1.1" 200 1713
190.28.171.112 - - [14/May/2022:17:58:55 -0500] "GET /BLA/boletinlegal/images/menu_rght.gif HTTP/1.1" 200 1627
190.28.171.112 - - [14/May/2022:17:58:55 -0500] "GET /BLA/boletinlegal/images/bg_top.jpg HTTP/1.1" 200 522
190.28.205.211 - - [14/May/2022:17:58:55 -0500] "GET /BLA/boletinlegal/images/menu_bg.jpg HTTP/1.1" 200 620
190.28.171.112 - - [14/May/2022:17:58:55 -0500] "GET /BLA/boletinlegal/images/hover.jpg HTTP/1.1" 200 640
190.28.171.112 - - [14/May/2022:17:58:55 -0500] "GET /BLA/boletinlegal/images/text.jpg HTTP/1.1" 200 568
207.46.13.159 - - [14/May/2022:17:59:00 -0500] "GET /bla/resoluciones/notificaciones/autos%202016/3183.pdf HTTP/1.1" 200 330090
190.28.205.211 - - [14/May/2022:17:59:02 -0500] "GET /BLA/boletinlegal/images/screen_2.png HTTP/1.1" 200 362502
190.28.205.211 - - [14/May/2022:17:59:02 -0500] "GET /BLA/boletinlegal/images/screen_3.png HTTP/1.1" 200 210620
190.28.171.112 - - [14/May/2022:17:59:02 -0500] "GET /BLA/boletinlegal/images/screen_5.png HTTP/1.1" 200 368876
190.28.171.112 - - [14/May/2022:17:59:02 -0500] "GET /BLA/boletinlegal/images/arr_r.jpg HTTP/1.1" 200 1998
190.28.205.211 - - [14/May/2022:17:59:02 -0500] "GET /BLA/boletinlegal/images/footer_bg.jpg HTTP/1.1" 200 586
190.28.171.112 - - [14/May/2022:17:59:10 -0500] "GET /BLA/boletinlegal/images/pdf.gif HTTP/1.1" 200 567
190.28.205.211 - - [14/May/2022:17:58:55 -0500] "GET /BLA/boletinlegal/ HTTP/1.1" 200 52945
172.22.2.4 - - [14/May/2022:17:59:18 -0500] "HEAD /BLA/boletinlegal/ HTTP/1.1" 200 -
172.22.2.4 - - [14/May/2022:18:00:09 -0500] "GET /BLA/boletinlegal/ HTTP/1.1" 200 59170
216.245.221.92 - - [14/May/2022:18:02:39 -0500] "HEAD / HTTP/1.1" 200 -
66.220.149.18 - - [14/May/2022:18:02:44 -0500] "GET /bogota-tendra-la-primera-planta-de-termovalorizacion-de-colombia-la-cual-convertira-los-residuos-en-energia-para-la-ciudad.html?fbclid=IwAR0CLvhlw6OUnu45mq-B_t4t_OMLmwO3BO0yXOgrBmdQ_Ie_6zY_ZKWqYGM HTTP/1.1" 200 883
192.241.212.173 - - [14/May/2022:18:06:31 -0500] "GET / HTTP/1.1" 200 319
172.22.2.4 - - [14/May/2022:18:05:08 -0500] "HEAD /BLA/boletinlegal/ HTTP/1.1" 200 -
66.249.65.13 - - [14/May/2022:18:07:35 -0500] "-" 408 -
172.22.2.4 - - [14/May/2022:18:05:59 -0500] "GET /BLA/boletinlegal/ HTTP/1.1" 200 60932
216.245.221.92 - - [14/May/2022:18:07:39 -0500] "HEAD / HTTP/1.1" 200 -
172.22.2.4 - - [14/May/2022:18:10:38 -0500] "GET /BLA/boletinlegal/style.css HTTP/1.1" 200 9406
172.22.2.4 - - [14/May/2022:18:10:38 -0500] "GET /BLA/boletinlegal/styles2.css HTTP/1.1" 200 1838
172.22.2.4 - - [14/May/2022:18:10:38 -0500] "GET /BLA/boletinlegal/js/jquery.js HTTP/1.1" 200 57254
172.22.2.4 - - [14/May/2022:18:10:38 -0500] "GET /BLA/boletinlegal/js/jquery.scrollTo-min.js HTTP/1.1" 200 1150
172.22.2.4 - - [14/May/2022:18:10:38 -0500] "GET /BLA/boletinlegal/js/jquery.scrollShow.js HTTP/1.1" 200 4586
172.22.2.4 - - [14/May/2022:18:10:38 -0500] "GET /BLA/boletinlegal/images/cabezote%20BLEGAL.jpg HTTP/1.1" 200 118164
172.22.2.4 - - [14/May/2022:18:10:38 -0500] "GET /BLA/boletinlegal/images/subscribe-icon-big.png HTTP/1.1" 200 47702
172.22.2.4 - - [14/May/2022:18:10:38 -0500] "GET /BLA/boletinlegal/images/historia.png HTTP/1.1" 200 52775
172.22.2.4 - - [14/May/2022:18:10:38 -0500] "GET /BLA/boletinlegal/images/registro-usuarios.png HTTP/1.1" 200 8106
172.22.2.4 - - [14/May/2022:18:10:38 -0500] "GET /BLA/boletinlegal/images/arr_l.jpg HTTP/1.1" 200 1979
172.22.2.4 - - [14/May/2022:18:10:39 -0500] "GET /BLA/boletinlegal/images/body_bg.jpg HTTP/1.1" 200 1601
172.22.2.4 - - [14/May/2022:18:10:39 -0500] "GET /BLA/boletinlegal/images/text.jpg HTTP/1.1" 200 568
172.22.2.4 - - [14/May/2022:18:10:39 -0500] "GET /BLA/boletinlegal/images/menu_bg.jpg HTTP/1.1" 200 620
172.22.2.4 - - [14/May/2022:18:10:39 -0500] "GET /BLA/boletinlegal/images/hover.jpg HTTP/1.1" 200 640
172.22.2.4 - - [14/May/2022:18:10:39 -0500] "GET /BLA/boletinlegal/images/launch.jpg HTTP/1.1" 200 14577
172.22.2.4 - - [14/May/2022:18:10:39 -0500] "GET /BLA/boletinlegal/images/menu_lft.gif HTTP/1.1" 200 1713
172.22.2.4 - - [14/May/2022:18:10:39 -0500] "GET /BLA/boletinlegal/images/bg_top.jpg HTTP/1.1" 200 522
172.22.2.4 - - [14/May/2022:18:10:39 -0500] "GET /BLA/boletinlegal/images/menu_rght.gif HTTP/1.1" 200 1627
172.22.2.4 - - [14/May/2022:18:10:39 -0500] "GET /BLA/boletinlegal/images/screen_1.png HTTP/1.1" 200 202547
172.22.2.4 - - [14/May/2022:18:10:45 -0500] "GET /BLA/boletinlegal/images/screen_2.png HTTP/1.1" 200 362502
172.22.2.4 - - [14/May/2022:18:10:45 -0500] "GET /BLA/boletinlegal/images/screen_3.png HTTP/1.1" 200 210620
172.22.2.4 - - [14/May/2022:18:10:45 -0500] "GET /BLA/boletinlegal/images/screen_5.png HTTP/1.1" 200 368876
172.22.2.4 - - [14/May/2022:18:10:45 -0500] "GET /BLA/boletinlegal/images/arr_r.jpg HTTP/1.1" 200 1998
172.22.2.4 - - [14/May/2022:18:10:45 -0500] "GET /BLA/boletinlegal/images/footer_bg.jpg HTTP/1.1" 200 586
172.22.2.4 - - [14/May/2022:18:10:53 -0500] "GET /BLA/boletinlegal/images/pdf.gif HTTP/1.1" 200 567
172.22.2.4 - - [14/May/2022:18:11:35 -0500] "GET /BLA/boletinlegal/normativa.php HTTP/1.1" 200 8292
172.22.2.4 - - [14/May/2022:18:11:35 -0500] "GET /BLA/boletinlegal/js/ajax_normativa.js HTTP/1.1" 200 1154
172.22.2.4 - - [14/May/2022:18:11:35 -0500] "GET /BLA/boletinlegal/niceforms-default.css HTTP/1.1" 200 6694
172.22.2.4 - - [14/May/2022:18:11:35 -0500] "GET /BLA/boletinlegal/niceforms.js HTTP/1.1" 200 22876
172.22.2.4 - - [14/May/2022:18:11:35 -0500] "GET /BLA/boletinlegal/images/abajo.png HTTP/1.1" 200 96676
172.22.2.4 - - [14/May/2022:18:11:35 -0500] "GET /BLA/boletinlegal/images/tel.png HTTP/1.1" 200 14477
172.22.2.4 - - [14/May/2022:18:11:35 -0500] "GET /BLA/boletinlegal/images/icono-email.png HTTP/1.1" 200 5544
172.22.2.4 - - [14/May/2022:18:11:36 -0500] "GET /BLA/boletinlegal/images/footer_bg_l.jpg HTTP/1.1" 200 776
172.22.2.4 - - [14/May/2022:18:11:36 -0500] "GET /BLA/boletinlegal/img/0.png HTTP/1.1" 200 110
172.22.2.4 - - [14/May/2022:18:11:36 -0500] "GET /BLA/boletinlegal/img/select-left.png HTTP/1.1" 200 263
172.22.2.4 - - [14/May/2022:18:11:36 -0500] "GET /BLA/boletinlegal/img/select-right.png HTTP/1.1" 200 44019
172.22.2.4 - - [14/May/2022:18:11:36 -0500] "GET /BLA/boletinlegal/img/button-left.png HTTP/1.1" 200 57071
172.22.2.4 - - [14/May/2022:18:11:36 -0500] "GET /BLA/boletinlegal/favicon.ico HTTP/1.1" 404 1334
172.22.2.4 - - [14/May/2022:18:11:36 -0500] "GET /BLA/boletinlegal/img/button.png HTTP/1.1" 200 43241
172.22.2.4 - - [14/May/2022:18:11:36 -0500] "GET /BLA/boletinlegal/img/button-right.png HTTP/1.1" 200 57878
172.22.2.4 - - [14/May/2022:18:10:38 -0500] "GET /BLA/boletinlegal/ HTTP/1.1" 200 53195
172.22.2.4 - - [14/May/2022:18:10:58 -0500] "HEAD /BLA/boletinlegal/ HTTP/1.1" 200 -
216.245.221.92 - - [14/May/2022:18:12:39 -0500] "HEAD / HTTP/1.1" 200 -
172.22.2.4 - - [14/May/2022:18:11:49 -0500] "GET /BLA/boletinlegal/ HTTP/1.1" 200 54090
186.113.69.73 - - [14/May/2022:18:15:09 -0500] "GET /si-te-gusta-la-pintura-el-dibujo-o-la-fotografia-el-concurso-a-vuelo-de-pajaro-es-para-ti.html HTTP/1.1" 200 861
216.245.221.92 - - [14/May/2022:18:17:39 -0500] "HEAD / HTTP/1.1" 200 -
172.22.2.4 - - [14/May/2022:18:16:48 -0500] "HEAD /BLA/boletinlegal/ HTTP/1.1" 200 -
172.22.2.4 - - [14/May/2022:18:17:48 -0500] "GET /BLA/boletinlegal/ HTTP/1.1" 200 24523
172.22.2.4 - - [14/May/2022:18:17:38 -0500] "GET /BLA/boletinlegal/ HTTP/1.1" 200 54457
216.245.221.92 - - [14/May/2022:18:22:39 -0500] "HEAD / HTTP/1.1" 200 -
207.46.13.11 - - [14/May/2022:18:23:32 -0500] "GET /BLA/resoluciones/index.php?dir=AUTOS+2008%2F HTTP/1.1" 200 569644
201.245.192.253 - - [14/May/2022:18:22:46 -0500] "POST /kwsrmcab/Wsrmcab HTTP/1.1" 200 46882
172.22.2.4 - - [14/May/2022:18:24:08 -0500] "GET /BLA/boletinlegal/jurisprudencia/analisis/analisis%20C-595-2010.doc HTTP/1.1" 200 39424
69.171.249.20 - - [14/May/2022:18:24:08 -0500] "GET /alcaldesa-claudia-lopez-presento-la-hoja-de-terminos-para-el-proceso-de-licitacion-de-la-planta-con-la-que-se-descontaminara-el-rio-bogota.html HTTP/1.1" 206 959
69.171.249.19 - - [14/May/2022:18:24:08 -0500] "GET /alcaldesa-claudia-lopez-presento-la-hoja-de-terminos-para-el-proceso-de-licitacion-de-la-planta-con-la-que-se-descontaminara-el-rio-bogota.html HTTP/1.1" 206 959
69.171.249.9 - - [14/May/2022:18:24:08 -0500] "GET /alcaldesa-claudia-lopez-presento-la-hoja-de-terminos-para-el-proceso-de-licitacion-de-la-planta-con-la-que-se-descontaminara-el-rio-bogota.html HTTP/1.1" 206 959
172.22.2.4 - - [14/May/2022:18:22:38 -0500] "HEAD /BLA/boletinlegal/ HTTP/1.1" 200 -
201.245.192.253 - - [14/May/2022:18:23:37 -0500] "POST /kwsrmcab/Wsrmcab HTTP/1.1" 200 47400
207.46.13.109 - - [14/May/2022:18:24:47 -0500] "GET /BLA/resoluciones/AUTOS%202018/0129.pdf HTTP/1.1" 304 -
207.46.13.134 - - [14/May/2022:18:24:52 -0500] "GET /bla/resoluciones/notificaciones/autos%202016/01100.doc HTTP/1.1" 200 287168
172.22.2.4 - - [14/May/2022:18:23:28 -0500] "GET /BLA/boletinlegal/ HTTP/1.1" 200 58588
51.15.164.30 - - [14/May/2022:18:25:44 -0500] "HEAD /dia-mundial-de-las-aves-migratorias-cuidado-y-proteccion-para-la-biodiversidad.html HTTP/1.1" 200 -
151.139.51.38 - - [14/May/2022:18:26:45 -0500] "GET /dia-mundial-de-las-aves-migratorias-cuidado-y-proteccion-para-la-biodiversidad.html HTTP/1.0" 200 1027
66.249.65.15 - - [14/May/2022:18:26:46 -0500] "-" 408 -
216.245.221.92 - - [14/May/2022:18:27:39 -0500] "HEAD / HTTP/1.1" 200 -
207.46.13.159 - - [14/May/2022:18:28:12 -0500] "GET /bla/resoluciones/notificaciones/autos%202016/03182.pdf HTTP/1.1" 200 365226
207.46.13.109 - - [14/May/2022:18:28:17 -0500] "GET /bla/resoluciones/notificaciones/autos%202016/02415.doc HTTP/1.1" 200 372629
172.22.2.4 - - [14/May/2022:18:29:49 -0500] "GET /BLA/boletinlegal/jurisprudencia/analisis/analisis%20C-595-2010.doc HTTP/1.1" 200 39424
172.22.2.4 - - [14/May/2022:18:28:28 -0500] "HEAD /BLA/boletinlegal/ HTTP/1.1" 200 -
207.46.13.134 - - [14/May/2022:18:30:33 -0500] "GET /bla/resoluciones/notificaciones/autos%202016/01222.doc HTTP/1.1" 200 379616
172.22.2.4 - - [14/May/2022:18:29:18 -0500] "GET /BLA/boletinlegal/ HTTP/1.1" 200 58588
191.76.249.48 - - [14/May/2022:18:31:14 -0500] "GET /si-te-gusta-la-pintura-el-dibujo-o-la-fotografia-el-concurso-a-vuelo-de-pajaro-es-para-ti.html?fbclid=IwAR3A9VIbkJdD5TYAjv1AAVsFXn16VVPLqTjFnQUz4Hq1c97OylHD0MIde6s HTTP/1.1" 200 861
207.46.13.109 - - [14/May/2022:18:31:17 -0500] "GET /BLA/resoluciones/AUTOS%202013/0505.pdf HTTP/1.1" 304 -
216.245.221.92 - - [14/May/2022:18:32:39 -0500] "HEAD / HTTP/1.1" 200 -
201.245.192.253 - - [14/May/2022:18:32:45 -0500] "POST /kwsrmcab/Wsrmcab HTTP/1.1" 200 46882
201.245.192.253 - - [14/May/2022:18:33:36 -0500] "POST /kwsrmcab/Wsrmcab HTTP/1.1" 200 47400
172.22.2.4 - - [14/May/2022:18:34:18 -0500] "HEAD /BLA/boletinlegal/ HTTP/1.1" 200 -
172.22.2.4 - - [14/May/2022:18:35:01 -0500] "GET /BLA/boletinlegal/ HTTP/1.1" 200 36811
172.22.2.4 - - [14/May/2022:18:35:08 -0500] "GET /BLA/boletinlegal/ HTTP/1.1" 200 55877
216.245.221.92 - - [14/May/2022:18:37:39 -0500] "HEAD / HTTP/1.1" 200 -
157.55.39.23 - - [14/May/2022:18:37:46 -0500] "-" 408 -
172.22.2.4 - - [14/May/2022:18:36:46 -0500] "GET /BLA/boletinlegal/ HTTP/1.1" 200 63342
217.182.175.162 - - [14/May/2022:18:39:03 -0500] "HEAD /dia-mundial-de-las-aves-migratorias-cuidado-y-proteccion-para-la-biodiversidad.html HTTP/1.1" 200 -
59.98.227.56 - - [14/May/2022:18:39:11 -0500] "GET / HTTP/1.1" 200 319
207.46.13.159 - - [14/May/2022:18:40:13 -0500] "GET /bla/resoluciones/notificaciones/autos%202016/02310.doc HTTP/1.1" 200 409190
172.22.2.4 - - [14/May/2022:18:40:39 -0500] "GET /BLA/boletinlegal/Circulares/2022/CIRCULAR%20No.%2000003%20DEL%2007%20DE%20MARZO%20DEL%202022.pdf HTTP/1.1" 404 1038
172.22.2.4 - - [14/May/2022:18:40:43 -0500] "GET /BLA/boletinlegal/Circulares/2019/.pdf HTTP/1.1" 404 1218
172.22.2.4 - - [14/May/2022:18:40:51 -0500] "GET /BLA/boletinlegal/Circulares/2012/Circular%20No.%2010%20del%2026%20de%20Enero%20de%202012.pdf HTTP/1.1" 404 1218
172.22.2.4 - - [14/May/2022:18:40:08 -0500] "HEAD /BLA/boletinlegal/ HTTP/1.1" 200 -
66.249.65.13 - - [14/May/2022:18:42:36 -0500] "-" 408 -
172.22.2.4 - - [14/May/2022:18:40:58 -0500] "GET /BLA/boletinlegal/ HTTP/1.1" 200 58588
216.245.221.92 - - [14/May/2022:18:42:39 -0500] "HEAD / HTTP/1.1" 200 -
201.245.192.253 - - [14/May/2022:18:42:45 -0500] "POST /kwsrmcab/Wsrmcab HTTP/1.1" 200 46882
186.102.6.43 - - [14/May/2022:18:43:55 -0500] "GET /dia-mundial-de-las-aves-migratorias-cuidado-y-proteccion-para-la-biodiversidad.html HTTP/1.1" 200 1027
201.245.192.253 - - [14/May/2022:18:43:36 -0500] "POST /kwsrmcab/Wsrmcab HTTP/1.1" 200 47400
190.24.58.134 - - [14/May/2022:18:44:30 -0500] "GET /appsia/controlador HTTP/1.1" 200 4799
190.24.58.134 - - [14/May/2022:18:44:31 -0500] "GET /appsia/css/estilos.css HTTP/1.1" 200 4804
190.24.58.134 - - [14/May/2022:18:44:31 -0500] "GET /appsia/scripts/validarIngreso.js HTTP/1.1" 200 851
190.24.58.134 - - [14/May/2022:18:44:31 -0500] "GET /appsia/images/logo_bogota_p.png HTTP/1.1" 200 14951
190.24.58.134 - - [14/May/2022:18:44:31 -0500] "GET /appsia/images/cabezoteHojaVida.png HTTP/1.1" 200 32493
190.24.58.134 - - [14/May/2022:18:44:31 -0500] "GET /favicon.ico HTTP/1.1" 200 7782
190.24.58.134 - - [14/May/2022:18:44:39 -0500] "POST /appsia/controlador HTTP/1.1" 200 5437
114.119.137.122 - - [14/May/2022:18:44:41 -0500] "-" 408 -
190.24.58.134 - - [14/May/2022:18:44:44 -0500] "POST /appsia/controlador HTTP/1.1" 200 7783
190.24.58.134 - - [14/May/2022:18:44:49 -0500] "POST /appsia/controlador HTTP/1.1" 200 5242
190.24.58.134 - - [14/May/2022:18:44:54 -0500] "GET /appsia/controlador?comando=regresar&id=79937990&funcionario=DIEGO+FRANCISCO+RUBIO+GOYES&desde=79937990&hasta=79937990&version=79937990 HTTP/1.1" 200 7783
190.24.58.134 - - [14/May/2022:18:45:01 -0500] "POST /appsia/controlador HTTP/1.1" 200 6648
190.24.58.134 - - [14/May/2022:18:45:04 -0500] "POST /appsia/controlador HTTP/1.1" 200 10955
114.119.132.248 - - [14/May/2022:18:45:13 -0500] "-" 408 -
114.119.135.229 - - [14/May/2022:18:45:44 -0500] "-" 408 -
172.22.2.4 - - [14/May/2022:18:45:58 -0500] "HEAD /BLA/boletinlegal/ HTTP/1.1" 200 -
216.245.221.92 - - [14/May/2022:18:47:39 -0500] "HEAD / HTTP/1.1" 200 -
172.22.2.4 - - [14/May/2022:18:46:48 -0500] "GET /BLA/boletinlegal/ HTTP/1.1" 200 60932
199.16.157.182 - - [14/May/2022:18:50:21 -0500] "GET /una-mujer-que-trabaja-por-la-equidad-de-genero-y-la-proteccion-del-ambiente-asi-es-amanda-rodriguez.html HTTP/1.1" 200 935
199.16.157.182 - - [14/May/2022:18:50:21 -0500] "GET /images/cronica-amanda-rodriguez-30-abril.jpg HTTP/1.1" 200 26304
66.220.149.22 - - [14/May/2022:18:50:52 -0500] "GET /avanzamos-en-la-conservacion-del-rio-bogota-con-megaobras-reverdecer-educacion-ambiental-control-y-monitoreo-secretaria-de-ambiente.html?fbclid=IwAR27h5VDnJIXDRF1g4lOwEGyZh-9MHSBCTCvRaj-d8X1M8tdig0ApgtK0D0 HTTP/1.1" 200 939
207.46.13.109 - - [14/May/2022:18:52:19 -0500] "GET /bla/resoluciones/notificaciones/autos%202016/02917.doc HTTP/1.1" 200 358720
216.245.221.92 - - [14/May/2022:18:52:39 -0500] "HEAD / HTTP/1.1" 200 -
207.46.13.134 - - [14/May/2022:18:52:45 -0500] "GET /Residuos/pinturas/files/guia_pinturas.pdf HTTP/1.1" 200 16736247
172.22.2.4 - - [14/May/2022:18:51:48 -0500] "HEAD /BLA/boletinlegal/ HTTP/1.1" 200 -
207.46.13.134 - - [14/May/2022:18:53:34 -0500] "GET /Residuos/pinturas/files/guia_pinturas.pdf HTTP/1.1" 200 16736247
157.55.39.175 - - [14/May/2022:18:54:07 -0500] "GET /portaldeninos/2021/07/11/asi-monitoreamos-las-condiciones-y-caracteristicas-de-algunos-animales/ HTTP/1.1" 200 101818
172.22.2.4 - - [14/May/2022:18:52:39 -0500] "GET /BLA/boletinlegal/ HTTP/1.1" 200 58588
157.55.39.151 - - [14/May/2022:18:54:28 -0500] "GET /portaldeninos/wp-includes/js/comment-reply.min.js?ver=4.9.8 HTTP/1.1" 200 1078
207.46.13.35 - - [14/May/2022:18:54:29 -0500] "GET /portaldeninos/wp-content/themes/betheme/fonts/mfn-icons.ttf?93978679 HTTP/1.1" 200 124684
172.22.2.4 - - [14/May/2022:18:56:24 -0500] "GET /BLA/boletinlegal/jurisprudencia/analisis/AnalisisT-606-15.docx HTTP/1.1" 200 26698
172.22.2.4 - - [14/May/2022:18:56:26 -0500] "GET /BLA/boletinlegal/apple-touch-icon-120x120-precomposed.png HTTP/1.1" 404 1140
172.22.2.4 - - [14/May/2022:18:56:26 -0500] "GET /BLA/boletinlegal/apple-touch-icon-120x120.png HTTP/1.1" 404 1140
172.22.2.4 - - [14/May/2022:18:56:26 -0500] "GET /BLA/boletinlegal/apple-touch-icon-precomposed.png HTTP/1.1" 404 1140
172.22.2.4 - - [14/May/2022:18:56:26 -0500] "GET /BLA/boletinlegal/apple-touch-icon.png HTTP/1.1" 404 1140
172.22.2.4 - - [14/May/2022:18:56:26 -0500] "GET /BLA/boletinlegal/favicon.ico HTTP/1.1" 404 1140
172.22.2.4 - - [14/May/2022:18:56:26 -0500] "GET /BLA/boletinlegal/apple-touch-icon-120x120-precomposed.png HTTP/1.1" 404 1140
172.22.2.4 - - [14/May/2022:18:56:26 -0500] "GET /BLA/boletinlegal/apple-touch-icon-120x120.png HTTP/1.1" 404 1140
172.22.2.4 - - [14/May/2022:18:56:26 -0500] "GET /BLA/boletinlegal/apple-touch-icon-precomposed.png HTTP/1.1" 404 1140
172.22.2.4 - - [14/May/2022:18:56:26 -0500] "GET /BLA/boletinlegal/apple-touch-icon.png HTTP/1.1" 404 1140
172.22.2.4 - - [14/May/2022:18:56:26 -0500] "GET /BLA/boletinlegal/favicon.ico HTTP/1.1" 404 1140
216.245.221.92 - - [14/May/2022:18:57:39 -0500] "HEAD / HTTP/1.1" 200 -
181.136.138.151 - - [14/May/2022:18:57:51 -0500] "GET /BLA/resoluciones/ HTTP/1.1" 200 13093
181.136.138.151 - - [14/May/2022:18:57:51 -0500] "GET /BLA/resoluciones/dlf/styles.css HTTP/1.1" 200 3049
181.136.138.151 - - [14/May/2022:18:57:51 -0500] "GET /BLA/resoluciones/dlf/folder.png HTTP/1.1" 200 410
181.136.138.151 - - [14/May/2022:18:57:51 -0500] "GET /BLA/resoluciones/dlf/bg.gif HTTP/1.1" 200 54
181.136.138.151 - - [14/May/2022:18:57:51 -0500] "GET /favicon.ico HTTP/1.1" 200 7782
181.136.138.151 - - [14/May/2022:18:57:55 -0500] "GET /BLA/resoluciones/dlf/dirup.png HTTP/1.1" 200 644
181.136.138.151 - - [14/May/2022:18:57:55 -0500] "GET /BLA/resoluciones/dlf/pdf.gif HTTP/1.1" 200 272
181.136.138.151 - - [14/May/2022:18:57:55 -0500] "GET /BLA/resoluciones/index.php?dir=RESOLUCIONES+2021%2F HTTP/1.1" 200 357127
181.136.138.151 - - [14/May/2022:18:58:00 -0500] "GET /BLA/resoluciones/index.php HTTP/1.1" 200 13093
181.136.138.151 - - [14/May/2022:18:58:06 -0500] "GET /BLA/resoluciones/index.php HTTP/1.1" 200 13093
181.136.138.151 - - [14/May/2022:18:58:09 -0500] "GET /BLA/resoluciones/index.php?dir=Notificaciones%2F HTTP/1.1" 200 9905
181.136.138.151 - - [14/May/2022:18:58:12 -0500] "GET /BLA/resoluciones/index.php?dir=Notificaciones%2FRESOLUCIONES+2021%2F HTTP/1.1" 200 104680
181.136.138.151 - - [14/May/2022:18:59:02 -0500] "GET /BLA/resoluciones/Notificaciones/RESOLUCIONES%202021/2071.pdf HTTP/1.1" 200 352699
172.22.2.4 - - [14/May/2022:18:57:38 -0500] "HEAD /BLA/boletinlegal/ HTTP/1.1" 200 -
186.102.66.6 - - [14/May/2022:18:59:21 -0500] "GET /catalogoisis/ HTTP/1.1" 200 8575
186.102.66.6 - - [14/May/2022:18:59:22 -0500] "GET /catalogoisis/Css/Busqueda.css HTTP/1.1" 200 1995
186.102.66.6 - - [14/May/2022:18:59:22 -0500] "GET /catalogoisis/Js/AceptarLimpiar.js HTTP/1.1" 200 331
186.102.66.6 - - [14/May/2022:18:59:22 -0500] "GET /catalogoisis/Js/CriterioCombinada.js HTTP/1.1" 200 1843
186.102.66.6 - - [14/May/2022:18:59:22 -0500] "GET /catalogoisis/Js/Cookies.js HTTP/1.1" 200 1369
186.102.66.6 - - [14/May/2022:18:59:22 -0500] "GET /catalogoisis/Js/LimpiarCombinada.js HTTP/1.1" 200 207
186.102.66.6 - - [14/May/2022:18:59:22 -0500] "GET /catalogoisis/Js/Remote.js HTTP/1.1" 200 436
186.102.66.6 - - [14/May/2022:18:59:22 -0500] "GET /catalogoisis/Js/Go.js HTTP/1.1" 200 364
186.102.66.6 - - [14/May/2022:18:59:22 -0500] "GET /catalogoisis/Js/Numero.js HTTP/1.1" 200 398
186.102.66.6 - - [14/May/2022:18:59:22 -0500] "GET /catalogoisis/Js/Enter.js HTTP/1.1" 200 1208
186.102.66.6 - - [14/May/2022:18:59:22 -0500] "GET /catalogoisis/imagenes/br1c1.gif HTTP/1.1" 200 172
186.102.66.6 - - [14/May/2022:18:59:22 -0500] "GET /catalogoisis/imagenes/br1c3.gif HTTP/1.1" 200 302
186.102.66.6 - - [14/May/2022:18:59:22 -0500] "GET /catalogoisis/imagenes/Turnbo1.gif HTTP/1.1" 200 227
186.102.66.6 - - [14/May/2022:18:59:22 -0500] "GET /catalogoisis/imagenes/aceptar1.gif HTTP/1.1" 200 604
186.102.66.6 - - [14/May/2022:18:59:22 -0500] "GET /catalogoisis/imagenes/br3c1.gif HTTP/1.1" 200 177
186.102.66.6 - - [14/May/2022:18:59:22 -0500] "GET /catalogoisis/imagenes/limpiar1.gif HTTP/1.1" 200 606
186.102.66.6 - - [14/May/2022:18:59:22 -0500] "GET /catalogoisis/imagenes/br3c2.gif HTTP/1.1" 200 285
186.102.66.6 - - [14/May/2022:18:59:22 -0500] "GET /catalogoisis/imagenes/br3c3.gif HTTP/1.1" 200 186
186.102.66.6 - - [14/May/2022:18:59:22 -0500] "GET /catalogoisis/imagenes/Header.gif HTTP/1.1" 200 30313
186.102.66.6 - - [14/May/2022:18:59:22 -0500] "GET /catalogoisis/imagenes/br1c2.gif HTTP/1.1" 200 297
186.102.66.6 - - [14/May/2022:18:59:22 -0500] "GET /catalogoisis/imagenes/br2c1.gif HTTP/1.1" 200 297
186.102.66.6 - - [14/May/2022:18:59:22 -0500] "GET /catalogoisis/imagenes/br2c2.gif HTTP/1.1" 200 302
186.102.66.6 - - [14/May/2022:18:59:23 -0500] "GET /catalogoisis/imagenes/br2c3.gif HTTP/1.1" 200 416
186.102.66.6 - - [14/May/2022:18:59:23 -0500] "GET /favicon.ico HTTP/1.1" 200 7782
172.22.2.4 - - [14/May/2022:18:58:29 -0500] "GET /BLA/boletinlegal/ HTTP/1.1" 200 58588
216.245.221.92 - - [14/May/2022:19:02:39 -0500] "HEAD / HTTP/1.1" 200 -
172.22.2.4 - - [14/May/2022:19:02:40 -0500] "GET /BLA/boletinlegal/consulta_normativa.php?tipo=&sector=vertimientos&ano=&resuelve= HTTP/1.1" 200 11611
172.22.2.4 - - [14/May/2022:19:02:41 -0500] "GET /BLA/boletinlegal/images/docs.png HTTP/1.1" 200 10288
172.22.2.4 - - [14/May/2022:19:02:41 -0500] "GET /BLA/boletinlegal/images/background.gif HTTP/1.1" 200 -
172.22.2.4 - - [14/May/2022:19:03:05 -0500] "GET /BLA/boletinlegal/consulta_normativa.php?tipo=&sector=Aire&ano=&resuelve= HTTP/1.1" 200 949
172.22.2.4 - - [14/May/2022:19:03:18 -0500] "GET /BLA/boletinlegal/consulta_normativa.php?tipo=&sector=residuos&ano=&resuelve= HTTP/1.1" 200 20100
207.46.13.134 - - [14/May/2022:19:03:57 -0500] "GET / HTTP/1.1" 200 319
66.249.65.13 - - [14/May/2022:19:03:57 -0500] "-" 408 -
172.22.2.4 - - [14/May/2022:19:02:44 -0500] "GET /BLA/boletinlegal/ HTTP/1.1" 200 57542
186.31.152.157 - - [14/May/2022:19:04:46 -0500] "GET /si-te-gusta-la-pintura-el-dibujo-o-la-fotografia-el-concurso-a-vuelo-de-pajaro-es-para-ti.html HTTP/1.1" 200 861
172.22.2.4 - - [14/May/2022:19:03:28 -0500] "HEAD /BLA/boletinlegal/ HTTP/1.1" 200 -
172.22.2.4 - - [14/May/2022:19:05:15 -0500] "GET /BLA/boletinlegal/jurisprudencia/analisis/AnalisisT-606-15.docx HTTP/1.1" 304 -
172.22.2.4 - - [14/May/2022:19:04:18 -0500] "GET /BLA/boletinlegal/ HTTP/1.1" 200 58588
172.22.2.4 - - [14/May/2022:19:06:57 -0500] "GET /BLA/boletinlegal/normativa.php HTTP/1.1" 200 8292
172.22.2.4 - - [14/May/2022:19:06:57 -0500] "GET /BLA/boletinlegal/normativa.php HTTP/1.1" 200 8292
172.22.2.4 - - [14/May/2022:19:06:58 -0500] "GET /BLA/boletinlegal/js/ajax_normativa.js HTTP/1.1" 200 1154
172.22.2.4 - - [14/May/2022:19:06:59 -0500] "GET /BLA/boletinlegal/niceforms-default.css HTTP/1.1" 200 6694
172.22.2.4 - - [14/May/2022:19:06:59 -0500] "GET /BLA/boletinlegal/js/ajax_normativa.js HTTP/1.1" 200 1154
172.22.2.4 - - [14/May/2022:19:07:00 -0500] "GET /BLA/boletinlegal/niceforms-default.css HTTP/1.1" 200 6694
34.91.68.122 - - [14/May/2022:19:07:22 -0500] "GET / HTTP/1.1" 200 319
216.245.221.92 - - [14/May/2022:19:07:39 -0500] "HEAD / HTTP/1.1" 200 -
172.22.2.4 - - [14/May/2022:19:09:18 -0500] "GET /BLA/boletinlegal/normativa.php HTTP/1.1" 200 8292
172.22.2.4 - - [14/May/2022:19:09:30 -0500] "GET /BLA/boletinlegal/consulta_normativa.php?tipo=&sector=residuos&ano=&resuelve= HTTP/1.1" 200 20100
172.22.2.4 - - [14/May/2022:19:09:15 -0500] "GET /BLA/boletinlegal/ HTTP/1.1" 200 24523
40.77.188.204 - - [14/May/2022:19:10:23 -0500] "GET /portaldeninos/wp-content/plugins/gallery-videos/JS/modernizr.custom.js?ver=4.9.8 HTTP/1.1" 200 9019
40.77.188.204 - - [14/May/2022:19:10:23 -0500] "GET /portaldeninos/wp-content/plugins/gallery-videos/CSS/totalsoft.css?ver=4.9.8 HTTP/1.1" 200 40622
40.77.188.204 - - [14/May/2022:19:10:24 -0500] "GET /portaldeninos/wp-content/themes/betheme/fonts/mfn-icons.woff?93978679 HTTP/1.1" 200 80932
172.22.2.4 - - [14/May/2022:19:09:18 -0500] "HEAD /BLA/boletinlegal/ HTTP/1.1" 200 -
172.22.2.4 - - [14/May/2022:19:10:09 -0500] "GET /BLA/boletinlegal/ HTTP/1.1" 200 58588
216.245.221.92 - - [14/May/2022:19:12:39 -0500] "HEAD / HTTP/1.1" 200 -
89.248.174.144 - - [14/May/2022:19:13:40 -0500] "GET / HTTP/1.1" 200 319
66.249.65.13 - - [14/May/2022:19:16:11 -0500] "-" 408 -
172.22.2.4 - - [14/May/2022:19:15:08 -0500] "HEAD /BLA/boletinlegal/ HTTP/1.1" 200 -
172.22.2.4 - - [14/May/2022:19:15:58 -0500] "GET /BLA/boletinlegal/ HTTP/1.1" 200 60932
216.245.221.92 - - [14/May/2022:19:17:39 -0500] "HEAD / HTTP/1.1" 200 -
54.218.118.126 - - [14/May/2022:19:18:57 -0500] "GET /BLA/resoluciones/ HTTP/1.1" 200 13093
173.79.36.192 - - [14/May/2022:19:22:20 -0500] "GET /dia-mundial-de-las-aves-migratorias-cuidado-y-proteccion-para-la-biodiversidad.html HTTP/1.1" 200 1027
172.22.2.4 - - [14/May/2022:19:20:58 -0500] "HEAD /BLA/boletinlegal/ HTTP/1.1" 200 -
216.245.221.92 - - [14/May/2022:19:22:39 -0500] "HEAD / HTTP/1.1" 200 -
54.188.123.232 - - [14/May/2022:19:23:04 -0500] "GET /BLA/resoluciones/Notificaciones/RESOLUCIONES%202021/2071.pdf HTTP/1.1" 200 352699
172.22.2.4 - - [14/May/2022:19:23:12 -0500] "GET /BLA/boletinlegal/favicon.ico HTTP/1.1" 404 1018
172.22.2.4 - - [14/May/2022:19:21:48 -0500] "GET /BLA/boletinlegal/ HTTP/1.1" 200 56300
172.22.2.4 - - [14/May/2022:19:22:49 -0500] "GET /BLA/boletinlegal/ HTTP/1.1" 200 32715
201.245.192.253 - - [14/May/2022:19:22:46 -0500] "POST /kwsrmcab/Wsrmcab HTTP/1.1" 200 46878
201.245.192.253 - - [14/May/2022:19:23:38 -0500] "POST /kwsrmcab/Wsrmcab HTTP/1.1" 200 47398
207.46.13.159 - - [14/May/2022:19:26:48 -0500] "GET /bla/resoluciones/index.php?dir=notificaciones/autos+2016 HTTP/1.1" 200 75776
216.245.221.92 - - [14/May/2022:19:27:39 -0500] "HEAD / HTTP/1.1" 200 -
207.46.13.159 - - [14/May/2022:19:27:58 -0500] "GET /BLA/resoluciones/AUTOS%202013/1692.pdf HTTP/1.1" 304 -
172.22.2.4 - - [14/May/2022:19:26:48 -0500] "HEAD /BLA/boletinlegal/ HTTP/1.1" 200 -
172.22.2.4 - - [14/May/2022:19:27:38 -0500] "GET /BLA/boletinlegal/ HTTP/1.1" 200 59170
172.22.2.4 - - [14/May/2022:19:31:03 -0500] "GET /BLA/boletinlegal/Circulares/2018/Circular%20No.%2010%20del%2021%20de%20Septiembre%20de%202018.pdf HTTP/1.1" 304 -
216.245.221.92 - - [14/May/2022:19:32:39 -0500] "HEAD / HTTP/1.1" 200 -
199.59.150.181 - - [14/May/2022:19:33:13 -0500] "GET /dia-mundial-de-las-aves-migratorias-cuidado-y-proteccion-para-la-biodiversidad.html HTTP/1.1" 200 1027
201.245.192.253 - - [14/May/2022:19:32:46 -0500] "POST /kwsrmcab/Wsrmcab HTTP/1.1" 200 46878
172.22.2.4 - - [14/May/2022:19:32:38 -0500] "HEAD /BLA/boletinlegal/ HTTP/1.1" 200 -
201.245.192.253 - - [14/May/2022:19:33:38 -0500] "POST /kwsrmcab/Wsrmcab HTTP/1.1" 200 47398
191.102.218.40 - - [14/May/2022:19:34:30 -0500] "GET /BLA/resoluciones/index.php?dir=RESOLUCIONES+2020%2F HTTP/1.1" 200 161232
172.22.2.4 - - [14/May/2022:19:33:28 -0500] "GET /BLA/boletinlegal/ HTTP/1.1" 200 54090
89.40.113.219 - - [14/May/2022:19:35:33 -0500] "GET /dia-mundial-de-las-aves-migratorias-cuidado-y-proteccion-para-la-biodiversidad.html HTTP/1.1" 200 1027
207.46.13.11 - - [14/May/2022:19:35:46 -0500] "GET /bla/resoluciones/resoluciones%202009/0454.pdf HTTP/1.1" 200 194612
172.22.2.4 - - [14/May/2022:19:36:48 -0500] "GET /BLA/boletinlegal/robots.txt HTTP/1.1" 404 1038
172.22.2.4 - - [14/May/2022:19:37:03 -0500] "GET /BLA/boletinlegal/actos.php HTTP/1.1" 200 9559
85.208.98.198 - - [14/May/2022:19:37:36 -0500] "GET /BLA/resoluciones/ HTTP/1.1" 200 13093
85.208.98.201 - - [14/May/2022:19:37:36 -0500] "GET /portaldeninos/ HTTP/1.1" 200 109666
216.245.221.92 - - [14/May/2022:19:37:39 -0500] "HEAD / HTTP/1.1" 200 -
172.22.2.4 - - [14/May/2022:19:36:48 -0500] "GET /BLA/boletinlegal/ HTTP/1.1" 200 36811
172.22.2.4 - - [14/May/2022:19:36:54 -0500] "GET /BLA/boletinlegal/ HTTP/1.1" 200 36811
172.22.2.4 - - [14/May/2022:19:36:59 -0500] "GET /BLA/boletinlegal/ HTTP/1.1" 200 50207
66.249.65.17 - - [14/May/2022:19:38:40 -0500] "-" 408 -
181.61.12.68 - - [14/May/2022:19:38:53 -0500] "GET /si-te-gusta-la-pintura-el-dibujo-o-la-fotografia-el-concurso-a-vuelo-de-pajaro-es-para-ti.html?fbclid=IwAR0p7dguVAJgskLh6X8tLhGvakhtJFDpfjTOq81BD3yfICEqvCUDQ0rUDkM HTTP/1.1" 200 861
85.208.98.197 - - [14/May/2022:19:39:33 -0500] "GET /catalogoisis/ HTTP/1.1" 200 8575
172.22.2.4 - - [14/May/2022:19:38:28 -0500] "HEAD /BLA/boletinlegal/ HTTP/1.1" 200 -
172.22.2.4 - - [14/May/2022:19:40:48 -0500] "GET /BLA/boletinlegal/Circulares/2022/CIRCULAR%20No.%2000003%20DEL%2007%20DE%20MARZO%20DEL%202022.pdf HTTP/1.1" 404 1038
85.208.98.200 - - [14/May/2022:19:40:51 -0500] "GET /galeria/carrusel/Carrusel/jquery-ui-%0A%0A1.8.13.custom.min.js HTTP/1.1" 403 1006
