!C99Shell v. 1.0 pre-release build #13!

Software: Apache. PHP/5.5.15 

uname -a: Windows NT SVR-DMZ 6.1 build 7600 (Windows Server 2008 R2 Enterprise Edition) i586 

SYSTEM 

Safe-mode: OFF (not secure)

E:\nuevo\apache\logs\   drwxrwxrwx
Free 9.41 GB of 239.26 GB (3.93%)
Detected drives: [ a ] [ c ] [ d ] [ e ] [ f ]
Home    Back    Forward    UPDIR    Refresh    Search    Buffer    Encoder    Tools    Proc.    FTP brute    Sec.    SQL    PHP-code    Update    Feedback    Self remove    Logout    


Viewing file:     access.2022.05.16.log (2.46 MB)      -rw-rw-rw-
Select action/file-type:
(+) | (+) | (+) | Code (+) | Session (+) | (+) | SDB (+) | (+) | (+) | (+) | (+) | (+) |
216.245.221.92 - - [16/May/2022:00:02:35 -0500] "HEAD / HTTP/1.1" 200 -
49.7.21.72 - - [16/May/2022:00:03:05 -0500] "-" 408 -
172.22.2.4 - - [16/May/2022:00:01:50 -0500] "HEAD /BLA/boletinlegal/ HTTP/1.1" 200 -
207.46.13.11 - - [16/May/2022:00:03:45 -0500] "GET /bla/resoluciones/notificaciones/autos%202016/02813.pdf HTTP/1.1" 200 384812
172.22.2.4 - - [16/May/2022:00:02:40 -0500] "GET /BLA/boletinlegal/ HTTP/1.1" 200 59170
207.46.13.159 - - [16/May/2022:00:05:17 -0500] "GET /BLA/resoluciones/RESOLUCIONES%202022/1409.pdf HTTP/1.1" 200 387511
207.46.13.134 - - [16/May/2022:00:07:33 -0500] "GET /bla/resoluciones/resoluciones%202022/0094.pdf HTTP/1.1" 200 363718
216.245.221.92 - - [16/May/2022:00:07:35 -0500] "HEAD / HTTP/1.1" 200 -
207.46.13.75 - - [16/May/2022:00:07:55 -0500] "GET /bla/resoluciones/resoluciones%201998/RESOLUCION%20105%20DE%201998.pdf HTTP/1.1" 200 94073
172.22.2.4 - - [16/May/2022:00:07:40 -0500] "HEAD /BLA/boletinlegal/ HTTP/1.1" 200 -
207.46.13.159 - - [16/May/2022:00:10:08 -0500] "GET /bla/resoluciones/notificaciones/autos%202016/03182.pdf HTTP/1.1" 200 365226
172.22.2.4 - - [16/May/2022:00:08:30 -0500] "GET /BLA/boletinlegal/ HTTP/1.1" 200 60932
207.46.13.37 - - [16/May/2022:00:11:20 -0500] "GET /bla/resoluciones/resoluciones%201998/resolucion%20239%20de%201998.pdf HTTP/1.1" 200 201007
216.245.221.92 - - [16/May/2022:00:12:35 -0500] "HEAD / HTTP/1.1" 200 -
207.46.13.11 - - [16/May/2022:00:12:46 -0500] "GET /BLA/resoluciones/index.php?dir=RESOLUCIONES+2019%2F HTTP/1.1" 200 238267
172.22.2.4 - - [16/May/2022:00:13:30 -0500] "HEAD /BLA/boletinlegal/ HTTP/1.1" 200 -
152.61.128.50 - - [16/May/2022:00:15:33 -0500] "GET / HTTP/1.1" 200 319
172.22.2.4 - - [16/May/2022:00:14:20 -0500] "GET /BLA/boletinlegal/ HTTP/1.1" 200 60932
190.27.146.97 - - [16/May/2022:00:17:27 -0500] "GET /portaldeninos/wp-content/plugins/gallery-videos/CSS/totalsoft.css?ver=4.9.8 HTTP/1.1" 200 40622
190.27.146.97 - - [16/May/2022:00:17:27 -0500] "GET /portaldeninos/wp-content/plugins/gallery-videos/CSS/Total-Soft-Gallery-Video-Widget.css?ver=4.9.8 HTTP/1.1" 200 51554
190.27.146.97 - - [16/May/2022:00:17:27 -0500] "GET /portaldeninos/wp-content/uploads/useanyfont/uaf.css?ver=1589905315 HTTP/1.1" 200 408
190.27.146.97 - - [16/May/2022:00:17:27 -0500] "GET /portaldeninos/wp-content/themes/betheme/style.css?ver=20.9.6 HTTP/1.1" 200 287
190.27.146.97 - - [16/May/2022:00:17:27 -0500] "GET /portaldeninos/wp-content/themes/betheme/css/base.css?ver=20.9.6 HTTP/1.1" 200 57283
190.27.146.97 - - [16/May/2022:00:17:27 -0500] "GET /portaldeninos/wp-content/themes/betheme/css/layout.css?ver=20.9.6 HTTP/1.1" 200 116639
190.27.146.97 - - [16/May/2022:00:17:27 -0500] "GET /portaldeninos/wp-content/themes/betheme/css/shortcodes.css?ver=20.9.6 HTTP/1.1" 200 138889
190.27.146.97 - - [16/May/2022:00:17:27 -0500] "GET /portaldeninos/wp-content/themes/betheme/assets/animations/animations.min.css?ver=20.9.6 HTTP/1.1" 200 58508
190.27.146.97 - - [16/May/2022:00:17:27 -0500] "GET /portaldeninos/wp-content/themes/betheme/assets/ui/jquery.ui.all.css?ver=20.9.6 HTTP/1.1" 200 18765
190.27.146.97 - - [16/May/2022:00:17:27 -0500] "GET /portaldeninos/wp-content/themes/betheme/assets/jplayer/css/jplayer.blue.monday.css?ver=20.9.6 HTTP/1.1" 200 9834
190.27.146.97 - - [16/May/2022:00:17:27 -0500] "GET /portaldeninos/wp-content/themes/betheme/css/responsive.css?ver=20.9.6 HTTP/1.1" 200 55740
190.27.146.97 - - [16/May/2022:00:17:27 -0500] "GET /portaldeninos/wp-content/plugins/google-analytics-for-wordpress/assets/js/frontend-gtag.min.js?ver=8.5.0 HTTP/1.1" 200 11801
190.27.146.97 - - [16/May/2022:00:17:27 -0500] "GET /portaldeninos/wp-includes/js/jquery/jquery-migrate.min.js?ver=1.4.1 HTTP/1.1" 200 10056
190.27.146.97 - - [16/May/2022:00:17:27 -0500] "GET /portaldeninos/wp-includes/js/jquery/jquery.js?ver=1.12.4 HTTP/1.1" 200 97184
190.27.146.97 - - [16/May/2022:00:17:27 -0500] "GET /portaldeninos/wp-includes/js/jquery/ui/core.min.js?ver=1.11.4 HTTP/1.1" 200 4000
190.27.146.97 - - [16/May/2022:00:17:27 -0500] "GET /portaldeninos/wp-content/plugins/gallery-videos/JS/modernizr.custom.js?ver=4.9.8 HTTP/1.1" 200 9019
190.27.146.97 - - [16/May/2022:00:17:27 -0500] "GET /portaldeninos/wp-content/plugins/gallery-videos/JS/Total-Soft-Gallery-Video-Widget.js?ver=4.9.8 HTTP/1.1" 200 80264
190.27.146.97 - - [16/May/2022:00:17:27 -0500] "GET /portaldeninos/wp-includes/js/jquery/ui/widget.min.js?ver=1.11.4 HTTP/1.1" 200 6908
190.27.146.97 - - [16/May/2022:00:17:27 -0500] "GET /portaldeninos/wp-includes/js/jquery/ui/mouse.min.js?ver=1.11.4 HTTP/1.1" 200 3148
190.27.146.97 - - [16/May/2022:00:17:27 -0500] "GET /portaldeninos/wp-includes/js/jquery/ui/tabs.min.js?ver=1.11.4 HTTP/1.1" 200 12110
190.27.146.97 - - [16/May/2022:00:17:27 -0500] "GET /portaldeninos/wp-includes/js/jquery/ui/sortable.min.js?ver=1.11.4 HTTP/1.1" 200 24899
190.27.146.97 - - [16/May/2022:00:17:27 -0500] "GET /portaldeninos/wp-includes/js/jquery/ui/accordion.min.js?ver=1.11.4 HTTP/1.1" 200 8584
190.27.146.97 - - [16/May/2022:00:17:27 -0500] "GET /portaldeninos/wp-content/themes/betheme/js/menu.js?ver=20.9.6 HTTP/1.1" 200 2449
190.27.146.97 - - [16/May/2022:00:17:27 -0500] "GET /portaldeninos/wp-content/themes/betheme/assets/animations/animations.min.js?ver=20.9.6 HTTP/1.1" 200 1896
190.27.146.97 - - [16/May/2022:00:17:27 -0500] "GET /portaldeninos/wp-content/themes/betheme/assets/jplayer/jplayer.min.js?ver=20.9.6 HTTP/1.1" 200 52702
190.27.146.97 - - [16/May/2022:00:17:27 -0500] "GET /portaldeninos/wp-content/themes/betheme/js/scripts.js?ver=20.9.6 HTTP/1.1" 200 77162
190.27.146.97 - - [16/May/2022:00:17:27 -0500] "GET /portaldeninos/wp-includes/js/wp-embed.min.js?ver=4.9.8 HTTP/1.1" 200 1398
190.27.146.97 - - [16/May/2022:00:17:27 -0500] "GET /portaldeninos/wp-content/themes/betheme/images/box_shadow.png HTTP/1.1" 200 108
190.27.146.97 - - [16/May/2022:00:17:27 -0500] "GET /portaldeninos/wp-includes/js/wp-emoji-release.min.js?ver=4.9.8 HTTP/1.1" 200 12026
190.27.146.97 - - [16/May/2022:00:17:27 -0500] "GET /portaldeninos/wp-content/themes/betheme/js/plugins.js?ver=20.9.6 HTTP/1.1" 200 197151
190.27.146.97 - - [16/May/2022:00:17:27 -0500] "GET /portaldeninos/wp-content/themes/betheme/fonts/mfn-icons.woff?93978679 HTTP/1.1" 200 80932
190.27.146.97 - - [16/May/2022:00:17:27 -0500] "GET /portaldeninos/wp-content/themes/betheme/fonts/mfn-icons.ttf?93978679 HTTP/1.1" 200 104069
216.245.221.92 - - [16/May/2022:00:17:35 -0500] "HEAD / HTTP/1.1" 200 -
207.46.13.159 - - [16/May/2022:00:17:39 -0500] "GET /bla/resoluciones/notificaciones/autos%202016/03202.pdf HTTP/1.1" 200 379607
152.61.192.232 - - [16/May/2022:00:18:59 -0500] "GET / HTTP/1.1" 200 319
172.22.2.4 - - [16/May/2022:00:19:20 -0500] "HEAD /BLA/boletinlegal/ HTTP/1.1" 200 -
172.22.2.4 - - [16/May/2022:00:20:10 -0500] "GET /BLA/boletinlegal/ HTTP/1.1" 200 61416
207.46.13.109 - - [16/May/2022:00:22:18 -0500] "GET /bla/resoluciones/notificaciones/autos%202016/00665.doc HTTP/1.1" 200 497113
207.46.13.75 - - [16/May/2022:00:22:20 -0500] "GET /sipse/faces/faces/autenticacion.xhtml HTTP/1.1" 200 12490
216.245.221.92 - - [16/May/2022:00:22:35 -0500] "HEAD / HTTP/1.1" 200 -
201.245.192.253 - - [16/May/2022:00:22:40 -0500] "POST /kwsrmcab/Wsrmcab HTTP/1.1" 200 46268
201.245.192.253 - - [16/May/2022:00:23:26 -0500] "POST /kwsrmcab/Wsrmcab HTTP/1.1" 200 43931
172.22.2.4 - - [16/May/2022:00:25:34 -0500] "GET /BLA/boletinlegal/actos.php HTTP/1.1" 200 9559
172.22.2.4 - - [16/May/2022:00:25:34 -0500] "GET /BLA/boletinlegal/styles2.css HTTP/1.1" 200 1838
172.22.2.4 - - [16/May/2022:00:25:34 -0500] "GET /BLA/boletinlegal/niceforms-default.css HTTP/1.1" 200 6694
172.22.2.4 - - [16/May/2022:00:25:34 -0500] "GET /BLA/boletinlegal/style.css HTTP/1.1" 200 9406
172.22.2.4 - - [16/May/2022:00:25:34 -0500] "GET /BLA/boletinlegal/niceforms.js HTTP/1.1" 200 22876
172.22.2.4 - - [16/May/2022:00:25:34 -0500] "GET /BLA/boletinlegal/js/popup.js HTTP/1.1" 200 1270
172.22.2.4 - - [16/May/2022:00:25:34 -0500] "GET /BLA/boletinlegal/js/ajax_actos.js HTTP/1.1" 200 1322
172.22.2.4 - - [16/May/2022:00:25:34 -0500] "GET /BLA/boletinlegal/js/lib.js HTTP/1.1" 200 6474
172.22.2.4 - - [16/May/2022:00:25:34 -0500] "GET /BLA/boletinlegal/js/jquery1.js HTTP/1.1" 200 29846
172.22.2.4 - - [16/May/2022:00:25:34 -0500] "GET /BLA/boletinlegal/images/subscribe-icon-big.png HTTP/1.1" 200 47702
172.22.2.4 - - [16/May/2022:00:25:34 -0500] "GET /BLA/boletinlegal/images/cabezote%20BLEGAL.jpg HTTP/1.1" 200 118164
172.22.2.4 - - [16/May/2022:00:25:34 -0500] "GET /BLA/boletinlegal/images/green-yellow-blue-pink-th.png HTTP/1.1" 200 7394
172.22.2.4 - - [16/May/2022:00:25:34 -0500] "GET /BLA/boletinlegal/images/registro-usuarios.png HTTP/1.1" 200 8106
172.22.2.4 - - [16/May/2022:00:25:34 -0500] "GET /BLA/boletinlegal/images/historia.png HTTP/1.1" 200 52775
172.22.2.4 - - [16/May/2022:00:25:34 -0500] "GET /BLA/boletinlegal/images/abajo.png HTTP/1.1" 200 96676
172.22.2.4 - - [16/May/2022:00:25:34 -0500] "GET /BLA/boletinlegal/images/icono-email.png HTTP/1.1" 200 5544
172.22.2.4 - - [16/May/2022:00:25:34 -0500] "GET /BLA/boletinlegal/images/body_bg.jpg HTTP/1.1" 200 1601
172.22.2.4 - - [16/May/2022:00:25:34 -0500] "GET /BLA/boletinlegal/images/tel.png HTTP/1.1" 200 14477
172.22.2.4 - - [16/May/2022:00:25:34 -0500] "GET /BLA/boletinlegal/images/menu_lft.gif HTTP/1.1" 200 1713
172.22.2.4 - - [16/May/2022:00:25:34 -0500] "GET /BLA/boletinlegal/images/menu_rght.gif HTTP/1.1" 200 1627
172.22.2.4 - - [16/May/2022:00:25:34 -0500] "GET /BLA/boletinlegal/images/text.jpg HTTP/1.1" 200 568
172.22.2.4 - - [16/May/2022:00:25:34 -0500] "GET /BLA/boletinlegal/images/hover.jpg HTTP/1.1" 200 640
172.22.2.4 - - [16/May/2022:00:25:34 -0500] "GET /BLA/boletinlegal/images/bg_top.jpg HTTP/1.1" 200 522
172.22.2.4 - - [16/May/2022:00:25:34 -0500] "GET /BLA/boletinlegal/images/menu_bg.jpg HTTP/1.1" 200 620
172.22.2.4 - - [16/May/2022:00:25:34 -0500] "GET /BLA/boletinlegal/images/footer_bg.jpg HTTP/1.1" 200 586
172.22.2.4 - - [16/May/2022:00:25:34 -0500] "GET /BLA/boletinlegal/images/footer_bg_l.jpg HTTP/1.1" 200 776
172.22.2.4 - - [16/May/2022:00:25:34 -0500] "GET /BLA/boletinlegal/img/0.png HTTP/1.1" 200 110
172.22.2.4 - - [16/May/2022:00:25:34 -0500] "GET /BLA/boletinlegal/img/select-right.png HTTP/1.1" 200 44019
172.22.2.4 - - [16/May/2022:00:25:34 -0500] "GET /BLA/boletinlegal/img/select-left.png HTTP/1.1" 200 263
172.22.2.4 - - [16/May/2022:00:25:34 -0500] "GET /BLA/boletinlegal/img/button-left.png HTTP/1.1" 200 57071
172.22.2.4 - - [16/May/2022:00:25:34 -0500] "GET /BLA/boletinlegal/img/button.png HTTP/1.1" 200 43241
172.22.2.4 - - [16/May/2022:00:25:34 -0500] "GET /BLA/boletinlegal/img/button-right.png HTTP/1.1" 200 57878
172.22.2.4 - - [16/May/2022:00:25:34 -0500] "GET /BLA/boletinlegal/favicon.ico HTTP/1.1" 404 1326
172.22.2.4 - - [16/May/2022:00:25:43 -0500] "GET /BLA/boletinlegal/consulta_actos.php?tipo=autos&no=3750&usuario=&sector=&fecha=2021&resuelve= HTTP/1.1" 200 626
172.22.2.4 - - [16/May/2022:00:25:51 -0500] "GET /BLA/boletinlegal/consulta_actos.php?tipo=autos&no=3750&usuario=&sector=&fecha=2021&resuelve= HTTP/1.1" 200 626
207.46.13.75 - - [16/May/2022:00:25:55 -0500] "GET /bla/resoluciones/resoluciones%201998/resolucion%201565%20de%201998.pdf HTTP/1.1" 200 89178
172.22.2.4 - - [16/May/2022:00:26:17 -0500] "GET /BLA/boletinlegal/consulta_actos.php?tipo=autos&no=3750&usuario=&sector=&fecha=2021&resuelve= HTTP/1.1" 200 626
172.22.2.4 - - [16/May/2022:00:25:10 -0500] "HEAD /BLA/boletinlegal/ HTTP/1.1" 200 -
207.46.13.134 - - [16/May/2022:00:26:57 -0500] "GET /bla/resoluciones/notificaciones/autos%202016/00219.doc HTTP/1.1" 200 190234
216.245.221.92 - - [16/May/2022:00:27:35 -0500] "HEAD / HTTP/1.1" 200 -
172.22.2.4 - - [16/May/2022:00:26:00 -0500] "GET /BLA/boletinlegal/ HTTP/1.1" 200 59170
66.249.73.153 - - [16/May/2022:00:27:53 -0500] "-" 408 -
207.46.13.159 - - [16/May/2022:00:28:50 -0500] "GET /bla/resoluciones/notificaciones/autos%202016/02116.doc HTTP/1.1" 200 619423
207.46.13.11 - - [16/May/2022:00:29:27 -0500] "GET /bla/resoluciones/resoluciones%201998/resolucion%20836%20de%201998.pdf HTTP/1.1" 200 35022
216.245.221.92 - - [16/May/2022:00:32:35 -0500] "HEAD / HTTP/1.1" 200 -
172.22.2.4 - - [16/May/2022:00:31:00 -0500] "HEAD /BLA/boletinlegal/ HTTP/1.1" 200 -
186.86.36.164 - - [16/May/2022:00:33:09 -0500] "GET /BLA/resoluciones/AUTOS%202021/0480.pdf HTTP/1.1" 200 389078
186.86.36.164 - - [16/May/2022:00:33:10 -0500] "GET /BLA/resoluciones/AUTOS%202021/0480.pdf HTTP/1.1" 206 1025
186.86.36.164 - - [16/May/2022:00:33:10 -0500] "GET /BLA/resoluciones/AUTOS%202021/0480.pdf HTTP/1.1" 200 389078
201.245.192.253 - - [16/May/2022:00:32:40 -0500] "POST /kwsrmcab/Wsrmcab HTTP/1.1" 200 46268
172.22.2.4 - - [16/May/2022:00:31:50 -0500] "GET /BLA/boletinlegal/ HTTP/1.1" 200 59170
201.245.192.253 - - [16/May/2022:00:33:31 -0500] "POST /kwsrmcab/Wsrmcab HTTP/1.1" 200 43931
172.22.2.4 - - [16/May/2022:00:34:47 -0500] "GET /BLA/boletinlegal/conceptos.php HTTP/1.1" 200 7443
157.55.39.175 - - [16/May/2022:00:36:22 -0500] "GET /portaldeninos/aula-ambiental-artistica-itinerante-auambari/ HTTP/1.1" 200 89507
40.113.202.73 - - [16/May/2022:00:36:37 -0500] "\x16\x03\x03" 400 226
40.113.202.73 - - [16/May/2022:00:36:37 -0500] "\x16\x03\x03" 400 226
42.236.10.72 - - [16/May/2022:00:37:28 -0500] "GET / HTTP/1.1" 200 319
216.245.221.92 - - [16/May/2022:00:37:35 -0500] "HEAD / HTTP/1.1" 200 -
172.22.2.4 - - [16/May/2022:00:37:45 -0500] "GET /BLA/boletinlegal/dqgqoeCXckuwPtxov HTTP/1.1" 404 1018
172.22.2.4 - - [16/May/2022:00:37:47 -0500] "GET /BLA/boletinlegal/dqgqoeCXckuwPtxov HTTP/1.1" 404 1018
172.22.2.4 - - [16/May/2022:00:38:30 -0500] "GET /BLA/boletinlegal/jurisprudencia.php HTTP/1.1" 200 17573
172.22.2.4 - - [16/May/2022:00:36:50 -0500] "HEAD /BLA/boletinlegal/ HTTP/1.1" 200 -
49.7.21.72 - - [16/May/2022:00:39:13 -0500] "-" 408 -
172.22.2.4 - - [16/May/2022:00:37:40 -0500] "GET /BLA/boletinlegal/ HTTP/1.1" 200 60932
207.46.13.134 - - [16/May/2022:00:39:38 -0500] "GET / HTTP/1.1" 200 319
207.46.13.11 - - [16/May/2022:00:40:59 -0500] "GET /bla/resoluciones/notificaciones/autos%202016/02416.doc HTTP/1.1" 200 375602
216.245.221.92 - - [16/May/2022:00:42:35 -0500] "HEAD / HTTP/1.1" 200 -
207.46.13.109 - - [16/May/2022:00:42:40 -0500] "GET /bla/resoluciones/notificaciones/autos%202016/03175.pdf HTTP/1.1" 200 360803
201.245.192.253 - - [16/May/2022:00:42:40 -0500] "POST /kwsrmcab/Wsrmcab HTTP/1.1" 200 46268
207.46.13.75 - - [16/May/2022:00:43:46 -0500] "GET /bla/resoluciones/resoluciones%201998/RESOLUCION%201127%20DE%201998.pdf HTTP/1.1" 200 118947
207.46.13.159 - - [16/May/2022:00:44:01 -0500] "GET /bla/resoluciones/notificaciones/autos%202016/02265.doc HTTP/1.1" 200 369362
207.46.13.75 - - [16/May/2022:00:44:16 -0500] "GET /bla/resoluciones/resoluciones%202022/0362.pdf HTTP/1.1" 200 6028983
172.22.2.4 - - [16/May/2022:00:42:40 -0500] "HEAD /BLA/boletinlegal/ HTTP/1.1" 200 -
201.245.192.253 - - [16/May/2022:00:43:31 -0500] "POST /kwsrmcab/Wsrmcab HTTP/1.1" 200 43931
172.22.2.4 - - [16/May/2022:00:43:30 -0500] "GET /BLA/boletinlegal/ HTTP/1.1" 200 57542
207.46.13.11 - - [16/May/2022:00:45:50 -0500] "GET /Publicaciones/2022EE26340.pdf HTTP/1.1" 404 227
216.245.221.92 - - [16/May/2022:00:47:35 -0500] "HEAD / HTTP/1.1" 200 -
103.219.152.227 - - [16/May/2022:00:48:00 -0500] "POST /boaform/admin/formLogin HTTP/1.1" 404 1186
172.22.2.4 - - [16/May/2022:00:48:30 -0500] "HEAD /BLA/boletinlegal/ HTTP/1.1" 200 -
172.22.2.4 - - [16/May/2022:00:49:20 -0500] "GET /BLA/boletinlegal/ HTTP/1.1" 200 59170
216.245.221.92 - - [16/May/2022:00:52:35 -0500] "HEAD / HTTP/1.1" 200 -
207.46.13.109 - - [16/May/2022:00:52:51 -0500] "GET /bla/resoluciones/notificaciones/autos%202016/02190.pdf HTTP/1.1" 200 820231
172.22.2.4 - - [16/May/2022:00:53:31 -0500] "GET /BLA/boletinlegal/robots.txt HTTP/1.1" 404 1037
172.22.2.4 - - [16/May/2022:00:53:31 -0500] "GET /BLA/boletinlegal/robots.txt HTTP/1.1" 404 1037
172.22.2.4 - - [16/May/2022:00:53:35 -0500] "GET /BLA/boletinlegal/images/arr_r.jpg HTTP/1.1" 200 1998
172.22.2.4 - - [16/May/2022:00:54:20 -0500] "HEAD /BLA/boletinlegal/ HTTP/1.1" 200 -
207.46.13.229 - - [16/May/2022:00:56:43 -0500] "-" 408 -
172.22.2.4 - - [16/May/2022:00:55:10 -0500] "GET /BLA/boletinlegal/ HTTP/1.1" 200 60932
190.157.41.2 - - [16/May/2022:00:57:07 -0500] "GET /galeria/galeria/jquery.fancybox.js?v=2.1.5 HTTP/1.1" 200 48706
190.157.41.2 - - [16/May/2022:00:57:07 -0500] "GET /galeria/galeria/jquery.fancybox.css?v=2.1.5 HTTP/1.1" 200 4895
190.157.41.2 - - [16/May/2022:00:57:07 -0500] "GET /BLA/boletinlegal/js/jquery.scrollShow.js HTTP/1.1" 200 4586
190.157.41.2 - - [16/May/2022:00:57:20 -0500] "GET /siipev/Diseno%20de%20Elementos%20de%20Mobiliario%20Urbano/Parte1.html? HTTP/1.1" 200 3594
190.157.41.2 - - [16/May/2022:00:57:20 -0500] "GET /siipev/Diseno%20de%20Elementos%20de%20Mobiliario%20Urbano/Diseno%20pertenecientes%20al%20mobiliario%20urbano%20M10-M160/Infografia/Parte1/M-10.png HTTP/1.1" 200 11175
190.157.41.2 - - [16/May/2022:00:57:20 -0500] "GET /siipev/Diseno%20de%20Elementos%20de%20Mobiliario%20Urbano/Diseno%20pertenecientes%20al%20mobiliario%20urbano%20M10-M160/Infografia/Parte1/M-160.png HTTP/1.1" 200 7332
216.245.221.92 - - [16/May/2022:00:57:35 -0500] "HEAD / HTTP/1.1" 200 -
207.46.13.109 - - [16/May/2022:00:58:22 -0500] "GET /bla/resoluciones/resoluciones%201998/1281.pdf HTTP/1.1" 200 60452
152.61.128.50 - - [16/May/2022:00:59:58 -0500] "GET /arcgis/services/Calidad_del_Agua_WQI/MapServer/WMSServer?request=GetCapabilities&service=WMS HTTP/1.1" 503 1020
152.61.128.50 - - [16/May/2022:00:59:59 -0500] "GET /arcgis/services/Calidad_del_Agua_WQI/MapServer/WMSServer?SERVICE=WMS&REQUEST=GetCapabilities HTTP/1.1" 503 1020
152.61.128.50 - - [16/May/2022:00:59:59 -0500] "GET /arcgis/services/Calidad_del_Agua_WQI/MapServer/WMSServer?WMTVER=1.0.0&REQUEST=capabilities HTTP/1.1" 503 1020
172.22.2.4 - - [16/May/2022:01:00:10 -0500] "HEAD /BLA/boletinlegal/ HTTP/1.1" 200 -
216.245.221.92 - - [16/May/2022:01:02:35 -0500] "HEAD / HTTP/1.1" 200 -
172.22.2.4 - - [16/May/2022:01:01:00 -0500] "GET /BLA/boletinlegal/ HTTP/1.1" 200 60932
157.55.39.182 - - [16/May/2022:01:03:45 -0500] "GET /inicio/100-capturados-en-flagrancia-por-contaminar-humedales-rios-canales-y-quebradas-de-bogota/ HTTP/1.1" 404 1049
190.66.101.124 - - [16/May/2022:01:04:58 -0500] "GET /kwssiamovil/sm/ldap/au?x=U2FsdGVkX1/9kRc+iEBdiBH1zZXh8DQwWR23SFzSLDYRQplX8wozjYEEdfOhIgm/&y=U2FsdGVkX1/KvLDWlcyS/5cHq6bQKpHZvE63TXNsKFXjtWppkxDXv8ZHxM00c94y HTTP/1.1" 200 30
190.66.101.124 - - [16/May/2022:01:04:59 -0500] "GET /kwssiamovil/sm/acme/s?s=U2FsdGVkX1+ocm6knn7H9iLdun2nVeWgi8n8vk7fZgjAJa+LJly2Bc48RKVgPzcREa6Xo1DplCttU3dLtxuyglClU3LOw2b0DvDIxVuqe6I=&u=U2FsdGVkX19a4tpCj6f+FvgDDsizzm+VqZqvRRRQm54SYyrMhxBJTNVn1AXlhg5g&y=U2FsdGVkX1/KvLDWlcyS/5cHq6bQKpHZvE63TXNsKFXjtWppkxDXv8ZHxM00c94y HTTP/1.1" 200 97
190.66.101.124 - - [16/May/2022:01:04:59 -0500] "GET /kwssiamovil/sm/acme/s?s=U2FsdGVkX193DZ4JfuEFd+MXlWeOjJkX1m80LKsENCqecovBl9/i4TbxHZ/avOO1O2FTDhUmoirPVIQ669kOMXYsyqPsoE5q6BMw4FtEscptMiehAiq8iKq9bWb4S98jwmTPTQvD/YvqRyJ3KX1a8I+yFgnGByDO0xjbZuX36CtG90+NqrBeUN+dpzCItbQG799Oy+48EcxrH8XhiSc4dPBdbUOA7IPT4FJsWpKGFSJDG2ZJcTFJpYxu9M+NidmhGu1QCS306AA/OhnC8CZMKQPvGRnxVg3Dcph00VQVtYk/+xm+FEaluV4qJhDxjLqrWq3K0io+Tjkzu82oug45BEV8BgjDxW1UyFYFJCLhKBHNw22AkRgMxETvkj8XTOAMChF3cH1ikeh9LXAu5QPlM7cktl+zLN5IgzUFTek7beS7xUdfajvNT9GK5uc3z+F+gV4vm+GpBzsf0j6OabsyqhPYTi/a2w0T9TZmcATWTQBOpOYdL81rvl65s7rCZRWEcIKq18+UhCIbzO9CroL75PlQeGdNYF5qMjwLeN09Jl80NH3RaOvbcCLwY90uTKL3buSa81I6eY/qabrpqq+jzoYhdMEYp5pPmj8DgwdBMtJi0xfB/HMjCamltX1h2gS36VpPvTnAAqklbsttnXrYoxUBgJFxn9RjFBwkTPVvTn1iypVRl4btZ8IcWcTJudPO5T9rOVOJueIHLDPm6rxAd6zBKPIlBWG0jO6wgvVV4KvIYaN5i0qCKZg0HCjJaYh24gD1a0Qdl5J58NUI1e3+XLZEBiA4oHGMt9dbvTnNOG05fD5rfh8CAP83H63SYPLmBD/F5hWS/SXeoXF+LyeljmXS6SDFxRmU4P9w4C6DCnod1G4juD3bpKXfZv8tsBvlLLjcnUictJDoJnpa1fEa1Qe/DLzUq7xEFhlrsahsZcN6JmapdtmOrCUd4E7xHST0FUO7VA4znt4JKUiZejbOL6DD8lrQtBlu11uC/av3RQKMrpjxmsmLkDlo+zs6Uorkmmy9fqWG96/FHEgSgGPio66tYg0Igzj+3p/gf17rVWFIZek9+LdHq0Kwmrv2w/i64tqV93lR5vkEypC7SXOOq/sRl5rPFMixd+Z1rRwJztbqDZrVALfgyeRqwLC801jzoXQkv/XCvnWaC7tuJ+RY+hyIkEhEEHXSmw/1Qz6J07GYHHpkq+PSQp9pnI6CtYs9IvASNQZlfhRh8zO0cdJBWhzpZ07J+bPePFNcvdgXiui+Q1G/K7veZWMQYIHl3NDwH6TcpucWCROw3zx4WQBjSlrFz/U+MCE7DF0xaSJ3Ba4qaULz33NHkMntOx+CDipO26HkMOHNdgRFLEpKqkEaL0W9YudraaMI41T/tm4om98=&u=U2FsdGVkX19a4tpCj6f+FvgDDsizzm+VqZqvRRRQm54SYyrMhxBJTNVn1AXlhg5g&y=U2FsdGVkX1/KvLDWlcyS/5cHq6bQKpHZvE63TXNsKFXjtWppkxDXv8ZHxM00c94y HTTP/1.1" 200 4669
190.66.101.124 - - [16/May/2022:01:04:59 -0500] "GET /kwssiamovil/sm/acme/s?s=U2FsdGVkX1/5uOhohXT6g/dbRlRkHNfnzM/uWcvRb4e1rxSp2vAguhXrA2nIHlSMTREbtIPZDkhY9DBT5onaUzAbu9sxUy247RNRpmOTGSs5A6/lxuY7ta+9rgigY8n3SLXhPN3WPaawx5f8tL4kSpTTUKMQlDNpEzd4LDDwyRBnEG70XUYqhhhM0ERy5FAJHDXoaenezsSZLt54zg9HUA5gzcuVPr9hzAK/CRNk1Uiw8bnzEPoK+zW/Q301iOOyNdToW1s3XaAAAcKZRrEdKWtGUperCpxjEcYW8V+d5tE=&u=U2FsdGVkX19a4tpCj6f+FvgDDsizzm+VqZqvRRRQm54SYyrMhxBJTNVn1AXlhg5g&y=U2FsdGVkX1/KvLDWlcyS/5cHq6bQKpHZvE63TXNsKFXjtWppkxDXv8ZHxM00c94y HTTP/1.1" 200 176
190.66.101.124 - - [16/May/2022:01:04:59 -0500] "GET /kwssiamovil/sm/cjson/pre?f=1&x=U2FsdGVkX1/9kRc+iEBdiBH1zZXh8DQwWR23SFzSLDYRQplX8wozjYEEdfOhIgm/ HTTP/1.1" 200 30992
207.46.13.159 - - [16/May/2022:01:06:04 -0500] "GET /bla/resoluciones/resoluciones%201998/0643.pdf HTTP/1.1" 200 59498
207.46.13.11 - - [16/May/2022:01:06:41 -0500] "GET /bla/resoluciones/notificaciones/autos%202016/00755.doc HTTP/1.1" 200 200086
216.245.221.92 - - [16/May/2022:01:07:35 -0500] "HEAD / HTTP/1.1" 200 -
172.22.2.4 - - [16/May/2022:01:06:00 -0500] "HEAD /BLA/boletinlegal/ HTTP/1.1" 200 -
172.22.2.4 - - [16/May/2022:01:06:50 -0500] "GET /BLA/boletinlegal/ HTTP/1.1" 200 60932
190.66.101.124 - - [16/May/2022:01:08:34 -0500] "OPTIONS /kwssiamovil/sm/setfile/f? HTTP/1.1" 200 13
190.66.101.124 - - [16/May/2022:01:08:34 -0500] "POST /kwssiamovil/sm/setfile/f? HTTP/1.1" 200 381
190.66.101.124 - - [16/May/2022:01:08:52 -0500] "GET /kwssiamovil/sm/acme/a?s=U2FsdGVkX199F5KKuF0HaB/2SQ0Evq8e585v8RuZY5Scxfgk+tsjZWUtB+vaqyfju8YNTUnOyELnv6x37ks6OP3t1Cev68LYmQRSYomy+byggRV+k0cN04inXkNCSnAJkM0dFVdd9U8k6+c/sAbbb8I6VvtMIkpG6CLhiM81CzPOtDuo7qYxa1iA+SHe/2X6S1lccLumloxaLlxPCd90JJkx8SONrCEHWNR3+QUMW8lkRwJPohF+EqgjIbn8MbdD5oDTvUfQwikS1FCAbjB/sQ==&u=U2FsdGVkX19a4tpCj6f+FvgDDsizzm+VqZqvRRRQm54SYyrMhxBJTNVn1AXlhg5g&y=U2FsdGVkX1/KvLDWlcyS/5cHq6bQKpHZvE63TXNsKFXjtWppkxDXv8ZHxM00c94y HTTP/1.1" 200 25
190.66.101.124 - - [16/May/2022:01:08:53 -0500] "GET /kwssiamovil/sm/acme/a?s=U2FsdGVkX1/YCXVUOhqShESXMOxUj3rvaSCUT+JOQ+i3kf5YK4yaH1xvNCba1CDiwRioJ1HeD9w7WEUDtvG8+mAUmIWgk90TCILBO0ZxUhb6PxvtJJ6VWEO6fW18d/vShlKilRdtomkkHWTd3TLFqyxpjqIm4nBQg8ZXnEOV2THRxA+uQECf5AQsOrfM7o+lpIl5VsvkIhfQ9QCqTCn95VmJeklRBSSZzoXTs/r7pIn07YMD1gHugOdj+X6qv53MBRYgLV+d/yGCJ4sgGenwms3TrXn40qjiDktT73i7YRt03BHqYRQGTu+I/3KvGcyaQ1RdJDTZs9dCxIbyalY03XcrlYes14vwD6B67j0obo3++R4X3pcAlIz+yTjQUuoUnlTHrYvuqrdIbsT7y1zClA/MXzUu1dO7zp+NwvszvhGNseVJs3Ib4elmNbnsmiQ8F7wgTIWiCEolM1839Zp6Wq122+r4FflliR0t/0OfwpTngSKKIugb2HpxmRJPrb4D3wjQ5WrhNQ/E7G2htNGytLE6P3D7gi4j1N/99ccWtVLP/PXGnHdFYJBQQTdqF8LdWeRC3qom4N3fEZt1n6P7WYRG2Cbaol3gsXuDV3OETC+K0hSUORzW2oaRlt86/0OLvx6YVcTFJ5FgiHelJWH9/4TBcCUlGriqTrWd/UVo/7LO6xFiHSuisE+MJAfkEtfoJehCWbi/RBCBOAcwovNu2g64CD2+TpNirO9QVI+O6jceLwR6I+j9nGuxba0T/tpK8ThsYT76QbUKAeQMr26pja23ylGBs0hWUAwW4K1jWZfhZt1kKm9a3feC10WhIL8dLk+VRrWyD9NwCUpwTgpfP/omSjOIOW97/wZCquN+YXKRfVOZKU/+qdD3JCu8JfsZ58y2YVioV8r3fFU48O0gYju7W/DlfXTSL0bD9DQc4bAlo7Bgpu5Nq6kkQl+q2tiScIE/V1KMxO8fcTktC3h7IeX6mZzx3KMCpi0uNUKl4IjWdZqu1CbbWJZUr5J/gSJzEguFqjq2eRBRhklCuEwJZicrc96bIGSCGgOmy1ZYv/H3ecdAAB9+dDYf+JoL4Vznv1Gx1H6410BqF7Up3K4fWVhHKZfaIzEz+VlrgIKmPyMWtjgnKmgp4KjXuw25hHMKJeLhwQQ5Jz8Onck8oxC6HAhzF1PD85eC9rrK55ZPGSALQL+i69KI/HD1clsi2dEl+NU7NwHrNoU4LN5+BGHTlsUrOT0P3IpOYgOxmbb3+dyJGnzsDFlGVgAxL5IJMhFz4afK5jJNIIeZuT8sTsz0RoFEwhcmt0vwlIH3FrshVNMt4IST7f00Y7WdJ/rGmk/G05XE3yFTpdT8uD4ILefV2rG6oKPrZ08NXVYHs67Hg7Ibu2Mz7P8xOe/6wYTM1sRlHHIJ87Ur7DyEUutVPEnMvHLfWX1VYYHqUltpewxn1nOKzFweW9OnXVSmONUTJgu1zTnutb7CqcqADWBc5ePW1JVPLcn2wEsZW03hwnv+p/8uReVQh0RMP32QF/5KbOxl/2DfhdB+TYQrVdHgoYDQtM/WdDAxZiFY+3p4F8ZLkmnYeQ3rc0MlZcYafFGzX4Wdo7C7FyMayaYwnYI/plW1enMGKCZQWWPH8SYlpjPC5hTXu7lw02m+ATDn5ORvx1iGBuHL0Q0+twI4aqBG7eQhM2nDJnJMRVLLxSmN3nqHuJegE6QxRZriOpuJ1JohoRRERLJXIbHpUgt8pHE78bPHNND9Y3RPS1UamGJX9xC7Q3T9QYS3lOPm1PD/h11q238+NvxDwHgN8U+pX2EeHR1PDWwRUqKgmZStFeo+6iRjEVgkmzy6PK+8QF0ox7FSZTK/KZ2YEyiJftlbe4fZaLQk3O12pUxKI7jxR//ZHkE+Y/Yh2ZSsH/hq9g6EWmGJgKabY+NKVaDq0M0rU4am/sGaclWy8HzHWalzBCgpB0eGEKWrQ8KPAS/fv4zI9EH3Z2mcDU8SmLB3azxCdDZu5DrU/fc40qg1qdFilvgQqGX0rkEA/ssR6IwtJIg/SbMODGjiECpSax1VE7eJzgw2w54lEDdbPMMqNMea/+6GTDbOIWOOCl48xIe7NLY5FKD/KdlXEoSX4O3xWygLlhWhN9dMMghQRqqu+lC+IzxbyM8y0pt5GTG8MQ64yQKa56SVQWeW/uFDY+gWIk4U7+AMDcyRNSM152Fo8l8FfHvfgZbKGmCL9z8QmS27t2sthzTMiW8Q7EkEDD2VByMyoKpbs93Uzy8cT/BQq9sriTGZ47tb217WdYmTHNn+f3J4xPs9fwAnSdYvqZIQS/q9YowfKcJdyLsGaFhbu8ASe0DeTyWiC/TD7SRchi1iY7U9CRI1mlW7&u=U2FsdGVkX19a4tpCj6f+FvgDDsizzm+VqZqvRRRQm54SYyrMhxBJTNVn1AXlhg5g&y=U2FsdGVkX1/KvLDWlcyS/5cHq6bQKpHZvE63TXNsKFXjtWppkxDXv8ZHxM00c94y HTTP/1.1" 200 25
190.66.101.124 - - [16/May/2022:01:08:53 -0500] "GET /kwssiamovil/sm/acme/a?s=U2FsdGVkX1+nXv0Grpiu0nJfby4vYspw/m6upzIAgdEgGn2puiL388/cmWD8yLkAPikd6By6N33nDe6US45Th/srqOOSI8Cm4E9/w9Z8CLOQkQf/+mPJ8D1gn8RvkdikBSVgS/pDzWig4pRjRFmg9jtWTKqU1/TZqSIU30Me/+8=&u=U2FsdGVkX19a4tpCj6f+FvgDDsizzm+VqZqvRRRQm54SYyrMhxBJTNVn1AXlhg5g&y=U2FsdGVkX1/KvLDWlcyS/5cHq6bQKpHZvE63TXNsKFXjtWppkxDXv8ZHxM00c94y HTTP/1.1" 200 25
190.66.101.124 - - [16/May/2022:01:08:53 -0500] "GET /kwssiamovil/sm/acme/a?s=U2FsdGVkX1/CGxp9TZoCNiOygEV0Vm7qwgt9gbTPVcKkrJRNk5CiK8PJ6dj9eR941EusmJwQIVNXv3u2hgGLBubnx+P4pMfBV6VlxdrVMkW1HeaRxEq0Cz0Xr2bEgjh5nD8jSgeSYSLXvd8MOiD0NQxcz9NLpoyzoL80FqjaQ/Y=&u=U2FsdGVkX19a4tpCj6f+FvgDDsizzm+VqZqvRRRQm54SYyrMhxBJTNVn1AXlhg5g&y=U2FsdGVkX1/KvLDWlcyS/5cHq6bQKpHZvE63TXNsKFXjtWppkxDXv8ZHxM00c94y HTTP/1.1" 200 25
190.66.101.124 - - [16/May/2022:01:08:53 -0500] "GET /kwssiamovil/sm/acme/a?s=U2FsdGVkX1+ytf5C0z1x6zS7V+ck+Scqkothw+KlXXLa9FwzLk7rs7G2Axk70kxVIfTZHXwux0sx9smH6D2XaHxmdH6V0nThkq1iNeklqYSNxWJXD3T/Mh4IfjAWCErkaQV9mlCaKzloPQGLRtxw9mY0qtmT1uKsmBsdzJ/akXI=&u=U2FsdGVkX19a4tpCj6f+FvgDDsizzm+VqZqvRRRQm54SYyrMhxBJTNVn1AXlhg5g&y=U2FsdGVkX1/KvLDWlcyS/5cHq6bQKpHZvE63TXNsKFXjtWppkxDXv8ZHxM00c94y HTTP/1.1" 200 25
190.66.101.124 - - [16/May/2022:01:08:54 -0500] "GET /kwssiamovil/sm/acme/a?s=U2FsdGVkX1/+QTKfVGZXtzLIv00OK+UTYRWIzrPCLdXXtTlVfz9pagJ3VHTWOm/6xuX3UA8JlyZQsBPsBeOpoeZLO81cvqgXcQLZtXK8NgUY2tAN+LAw8t3/GFbEGJywRbXQztPJ7Lt9VVgUlKp3jtT9qMEC3kO98VcJOoa+JSWPyO2oENA/TQORk4/0EPWs&u=U2FsdGVkX19a4tpCj6f+FvgDDsizzm+VqZqvRRRQm54SYyrMhxBJTNVn1AXlhg5g&y=U2FsdGVkX1/KvLDWlcyS/5cHq6bQKpHZvE63TXNsKFXjtWppkxDXv8ZHxM00c94y HTTP/1.1" 200 25
190.66.101.124 - - [16/May/2022:01:08:54 -0500] "GET /kwssiamovil/sm/acme/a?s=U2FsdGVkX1/Eb/+m2uRujONQKRVdAW4VdOD+EPUsFOenW84F+4rJbAqMG/Rc0rQ4NQ8TuZiBR1k3dwl7WDl30g264QP7X6VszM/lwvmSjnsHsCgB9w44iZ0K25UZ9yKyyKToOXsb9K7u0EzMUGSmNZTBerzjUoQSk3b6syIAx6lyIQBU1uZAMnK8t6Nr5Myt5XUYEP0kRJsa5VqvXktf3Q==&u=U2FsdGVkX19a4tpCj6f+FvgDDsizzm+VqZqvRRRQm54SYyrMhxBJTNVn1AXlhg5g&y=U2FsdGVkX1/KvLDWlcyS/5cHq6bQKpHZvE63TXNsKFXjtWppkxDXv8ZHxM00c94y HTTP/1.1" 200 25
190.66.101.124 - - [16/May/2022:01:08:54 -0500] "GET /kwssiamovil/sm/acme/a?s=U2FsdGVkX1+xjp5Rh9e6zUpfIxqpk2MuSDvWuGUaO8YPyMJvQSIBOukptaPjUGzPnrAZRMMNE2Gc5RygcE/TNfT3SJn8Xv3hNtjGhLzM2w18WYKe3zVjXBj2sJzdMOk3a1rfgtqvELXLsTToPHXbwTusJeE943h5wMr1xplZxBVZ0bxK1u8GAzUrj027+/b/&u=U2FsdGVkX19a4tpCj6f+FvgDDsizzm+VqZqvRRRQm54SYyrMhxBJTNVn1AXlhg5g&y=U2FsdGVkX1/KvLDWlcyS/5cHq6bQKpHZvE63TXNsKFXjtWppkxDXv8ZHxM00c94y HTTP/1.1" 200 25
172.22.2.4 - - [16/May/2022:01:09:06 -0500] "GET /BLA/boletinlegal/Circulares/2011/Circular%20No.%202%20del%2031%20de%20Mayo%20de%202011.pdf HTTP/1.1" 200 496778
207.46.13.109 - - [16/May/2022:01:09:31 -0500] "GET /BLA/resoluciones/AUTOS%202018/0082.pdf HTTP/1.1" 304 -
186.28.83.161 - - [16/May/2022:01:10:17 -0500] "GET /BLA/resoluciones/index.php?dir= HTTP/1.1" 200 13093
186.28.83.161 - - [16/May/2022:01:10:24 -0500] "GET /BLA/resoluciones/index.php?dir=AUTOS+2015%2F HTTP/1.1" 200 576181
186.28.83.161 - - [16/May/2022:01:10:25 -0500] "GET /BLA/resoluciones/dlf/unknown.png HTTP/1.1" 200 266
186.28.83.161 - - [16/May/2022:01:11:13 -0500] "GET /BLA/resoluciones/index.php?dir=AUTOS+2014%2F HTTP/1.1" 200 874715
207.46.13.159 - - [16/May/2022:01:11:34 -0500] "GET /bla/resoluciones/notificaciones/autos%202016/01536.pdf HTTP/1.1" 200 345821
207.46.13.37 - - [16/May/2022:01:11:55 -0500] "GET /bla/resoluciones/notificaciones/autos%202016/03145.pdf HTTP/1.1" 200 357199
207.46.13.37 - - [16/May/2022:01:12:05 -0500] "GET /BLA/resoluciones/index.php?dir=RESOLUCIONES+2018%2F HTTP/1.1" 200 263102
216.245.221.92 - - [16/May/2022:01:12:35 -0500] "HEAD / HTTP/1.1" 200 -
172.22.2.4 - - [16/May/2022:01:11:50 -0500] "HEAD /BLA/boletinlegal/ HTTP/1.1" 200 -
172.22.2.4 - - [16/May/2022:01:12:40 -0500] "GET /BLA/boletinlegal/ HTTP/1.1" 200 59170
207.46.13.159 - - [16/May/2022:01:14:24 -0500] "GET /BLA/resoluciones/index.php?dir=RESOLUCIONES+2016%2F HTTP/1.1" 200 167904
157.55.39.175 - - [16/May/2022:01:15:35 -0500] "GET /portaldeninos/aula-ambiental-artistica-itinerante-auambari/ HTTP/1.1" 200 89507
66.249.65.15 - - [16/May/2022:01:16:02 -0500] "-" 408 -
172.22.2.4 - - [16/May/2022:01:16:19 -0500] "GET /BLA/boletinlegal/autodiscover/autodiscover.json?@test.com/owa/?&Email=autodiscover/autodiscover.json%3F@test.com HTTP/1.1" 404 1018
49.7.21.72 - - [16/May/2022:01:17:03 -0500] "-" 408 -
207.46.13.109 - - [16/May/2022:01:17:03 -0500] "GET /bla/resoluciones/notificaciones/autos%202016/02985.doc HTTP/1.1" 200 359154
216.245.221.92 - - [16/May/2022:01:17:34 -0500] "HEAD / HTTP/1.1" 200 -
172.22.2.4 - - [16/May/2022:01:17:40 -0500] "HEAD /BLA/boletinlegal/ HTTP/1.1" 200 -
172.22.2.4 - - [16/May/2022:01:18:30 -0500] "GET /BLA/boletinlegal/ HTTP/1.1" 200 60486
216.245.221.92 - - [16/May/2022:01:22:34 -0500] "HEAD / HTTP/1.1" 200 -
69.171.249.19 - - [16/May/2022:01:22:41 -0500] "GET /images/pieza-mujeres-reverdecen-4-abril.jpg HTTP/1.1" 200 48916
201.245.192.253 - - [16/May/2022:01:22:40 -0500] "POST /kwsrmcab/Wsrmcab HTTP/1.1" 200 45795
207.46.13.11 - - [16/May/2022:01:24:13 -0500] "GET /bla/resoluciones/notificaciones/autos%202016/02988.pdf HTTP/1.1" 200 1515385
201.245.192.253 - - [16/May/2022:01:23:30 -0500] "POST /kwsrmcab/Wsrmcab HTTP/1.1" 200 43774
152.61.192.232 - - [16/May/2022:01:24:53 -0500] "GET /arcgis/services/Calidad_del_Agua_WQI/MapServer/WMSServer?request=GetCapabilities&service=WMS HTTP/1.1" 503 1020
152.61.192.232 - - [16/May/2022:01:24:54 -0500] "GET /arcgis/services/Calidad_del_Agua_WQI/MapServer/WMSServer?SERVICE=WMS&REQUEST=GetCapabilities HTTP/1.1" 503 1020
152.61.192.232 - - [16/May/2022:01:24:54 -0500] "GET /arcgis/services/Calidad_del_Agua_WQI/MapServer/WMSServer?WMTVER=1.0.0&REQUEST=capabilities HTTP/1.1" 503 1020
172.22.2.4 - - [16/May/2022:01:23:30 -0500] "HEAD /BLA/boletinlegal/ HTTP/1.1" 200 -
207.46.13.37 - - [16/May/2022:01:25:36 -0500] "GET /bla/resoluciones/notificaciones/autos%202016/01419.pdf HTTP/1.1" 200 319950
172.22.2.4 - - [16/May/2022:01:24:20 -0500] "GET /BLA/boletinlegal/ HTTP/1.1" 200 60105
207.46.13.11 - - [16/May/2022:01:26:12 -0500] "GET /BLA/resoluciones/index.php?dir=AUTOS+2020%2F HTTP/1.1" 200 324210
207.46.13.37 - - [16/May/2022:01:27:17 -0500] "GET /BLA/resoluciones/index.php?dir=AUTOS+2015%2F HTTP/1.1" 200 576181
216.245.221.92 - - [16/May/2022:01:27:34 -0500] "HEAD / HTTP/1.1" 200 -
207.46.13.11 - - [16/May/2022:01:27:53 -0500] "GET /bla/resoluciones/notificaciones/autos%202016/00112.doc HTTP/1.1" 200 196969
207.46.13.109 - - [16/May/2022:01:28:33 -0500] "GET /BLA/resoluciones/index.php?dir=AUTOS+2014%2F HTTP/1.1" 200 774091
172.22.2.4 - - [16/May/2022:01:29:20 -0500] "HEAD /BLA/boletinlegal/ HTTP/1.1" 200 -
172.22.2.4 - - [16/May/2022:01:30:10 -0500] "GET /BLA/boletinlegal/ HTTP/1.1" 200 53739
216.245.221.92 - - [16/May/2022:01:32:34 -0500] "HEAD / HTTP/1.1" 200 -
201.245.192.253 - - [16/May/2022:01:32:40 -0500] "POST /kwsrmcab/Wsrmcab HTTP/1.1" 200 45795
157.55.39.151 - - [16/May/2022:01:33:43 -0500] "GET /portaldeninos/wp-content/plugins/gallery-videos/CSS/Total-Soft-Gallery-Video-Widget.css?ver=4.9.8 HTTP/1.1" 200 51554
40.77.167.11 - - [16/May/2022:01:33:43 -0500] "GET /portaldeninos/wp-content/themes/betheme/assets/animations/animations.min.css?ver=20.9.6 HTTP/1.1" 200 58508
157.55.39.151 - - [16/May/2022:01:33:45 -0500] "GET /portaldeninos/wp-content/plugins/gallery-videos/JS/modernizr.custom.js?ver=4.9.8 HTTP/1.1" 200 9019
40.77.167.11 - - [16/May/2022:01:33:46 -0500] "GET /portaldeninos/wp-includes/js/jquery/ui/accordion.min.js?ver=1.11.4 HTTP/1.1" 200 8584
157.55.39.175 - - [16/May/2022:01:33:46 -0500] "GET /portaldeninos/wp-content/themes/betheme/assets/animations/animations.min.js?ver=20.9.6 HTTP/1.1" 200 1896
157.55.39.151 - - [16/May/2022:01:33:48 -0500] "GET /portaldeninos/wp-content/themes/betheme/assets/jplayer/css/jplayer.blue.monday.css?ver=20.9.6 HTTP/1.1" 200 9834
40.77.167.11 - - [16/May/2022:01:33:49 -0500] "GET /portaldeninos/wp-includes/js/wp-embed.min.js?ver=4.9.8 HTTP/1.1" 200 1398
157.55.39.175 - - [16/May/2022:01:33:48 -0500] "GET /portaldeninos/wp-content/themes/betheme/css/shortcodes.css?ver=20.9.6 HTTP/1.1" 200 138889
207.46.13.35 - - [16/May/2022:01:33:49 -0500] "GET /portaldeninos/wp-content/themes/betheme/assets/jplayer/jplayer.min.js?ver=20.9.6 HTTP/1.1" 200 52702
207.46.13.134 - - [16/May/2022:01:33:50 -0500] "GET /bla/resoluciones/notificaciones/autos%202016/02031.doc HTTP/1.1" 200 601161
157.55.39.175 - - [16/May/2022:01:33:51 -0500] "GET /portaldeninos/wp-content/themes/betheme/style.css?ver=20.9.6 HTTP/1.1" 200 287
157.55.39.151 - - [16/May/2022:01:33:51 -0500] "GET /portaldeninos/wp-content/themes/betheme/css/base.css?ver=20.9.6 HTTP/1.1" 200 57283
207.46.13.35 - - [16/May/2022:01:33:52 -0500] "GET /portaldeninos/wp-content/themes/betheme/js/plugins.js?ver=20.9.6 HTTP/1.1" 200 197151
207.46.13.38 - - [16/May/2022:01:33:52 -0500] "GET /portaldeninos/wp-content/plugins/gallery-videos/CSS/totalsoft.css?ver=4.9.8 HTTP/1.1" 200 40622
157.55.39.175 - - [16/May/2022:01:33:54 -0500] "GET /portaldeninos/wp-includes/js/jquery/ui/core.min.js?ver=1.11.4 HTTP/1.1" 200 4000
157.55.39.151 - - [16/May/2022:01:33:54 -0500] "GET /portaldeninos/wp-content/themes/betheme/css/responsive.css?ver=20.9.6 HTTP/1.1" 200 55740
207.46.13.35 - - [16/May/2022:01:33:55 -0500] "GET /portaldeninos/wp-includes/js/jquery/ui/sortable.min.js?ver=1.11.4 HTTP/1.1" 200 24899
207.46.13.38 - - [16/May/2022:01:33:55 -0500] "GET /portaldeninos/wp-content/themes/betheme/assets/ui/jquery.ui.all.css?ver=20.9.6 HTTP/1.1" 200 18765
157.55.39.151 - - [16/May/2022:01:33:57 -0500] "GET /portaldeninos/wp-includes/js/comment-reply.min.js?ver=4.9.8 HTTP/1.1" 200 1078
207.46.13.64 - - [16/May/2022:01:33:57 -0500] "GET /portaldeninos/wp-content/themes/betheme/js/menu.js?ver=20.9.6 HTTP/1.1" 200 2449
207.46.13.35 - - [16/May/2022:01:33:58 -0500] "GET /portaldeninos/wp-includes/js/wp-emoji-release.min.js?ver=4.9.8 HTTP/1.1" 200 12026
207.46.13.38 - - [16/May/2022:01:33:58 -0500] "GET /portaldeninos/wp-content/themes/betheme/css/layout.css?ver=20.9.6 HTTP/1.1" 200 116639
157.55.39.151 - - [16/May/2022:01:34:00 -0500] "GET /portaldeninos/wp-includes/js/jquery/jquery-migrate.min.js?ver=1.4.1 HTTP/1.1" 200 10056
207.46.13.64 - - [16/May/2022:01:34:00 -0500] "GET /portaldeninos/wp-includes/js/jquery/ui/mouse.min.js?ver=1.11.4 HTTP/1.1" 200 3148
207.46.13.38 - - [16/May/2022:01:34:01 -0500] "GET /portaldeninos/wp-content/themes/betheme/js/scripts.js?ver=20.9.6 HTTP/1.1" 200 77162
207.46.13.64 - - [16/May/2022:01:34:03 -0500] "GET /portaldeninos/wp-includes/js/jquery/ui/tabs.min.js?ver=1.11.4 HTTP/1.1" 200 12110
207.46.13.38 - - [16/May/2022:01:34:04 -0500] "GET /portaldeninos/wp-content/uploads/useanyfont/uaf.css?ver=1589905315 HTTP/1.1" 200 408
207.46.13.64 - - [16/May/2022:01:34:06 -0500] "GET /portaldeninos/wp-includes/js/jquery/ui/widget.min.js?ver=1.11.4 HTTP/1.1" 200 6908
207.46.13.38 - - [16/May/2022:01:34:07 -0500] "GET /portaldeninos/wp-includes/js/jquery/jquery.js?ver=1.12.4 HTTP/1.1" 200 97184
201.245.192.253 - - [16/May/2022:01:33:31 -0500] "POST /kwsrmcab/Wsrmcab HTTP/1.1" 200 43774
207.46.13.109 - - [16/May/2022:01:35:45 -0500] "GET /bla/resoluciones/notificaciones/autos%202016/02067.doc HTTP/1.1" 200 388254
172.22.2.4 - - [16/May/2022:01:35:09 -0500] "HEAD /BLA/boletinlegal/ HTTP/1.1" 200 -
216.245.221.92 - - [16/May/2022:01:37:34 -0500] "HEAD / HTTP/1.1" 200 -
172.22.2.4 - - [16/May/2022:01:36:00 -0500] "GET /BLA/boletinlegal/ HTTP/1.1" 200 59170
103.15.254.157 - - [16/May/2022:01:38:31 -0500] "GET /pot-2013/cartografia/anexo01_sistema_hidrico.pdf HTTP/1.1" 200 5860035
207.46.13.11 - - [16/May/2022:01:40:24 -0500] "GET /BLA/resoluciones/index.php?dir=RESOLUCIONES+2008%2F HTTP/1.1" 200 827339
66.249.65.13 - - [16/May/2022:01:42:28 -0500] "-" 408 -
216.245.221.92 - - [16/May/2022:01:42:34 -0500] "HEAD / HTTP/1.1" 200 -
172.22.2.4 - - [16/May/2022:01:40:59 -0500] "HEAD /BLA/boletinlegal/ HTTP/1.1" 200 -
172.22.2.4 - - [16/May/2022:01:41:50 -0500] "GET /BLA/boletinlegal/ HTTP/1.1" 200 58588
201.245.192.253 - - [16/May/2022:01:42:40 -0500] "POST /kwsrmcab/Wsrmcab HTTP/1.1" 200 45795
201.245.192.253 - - [16/May/2022:01:43:31 -0500] "POST /kwsrmcab/Wsrmcab HTTP/1.1" 200 43774
216.245.221.92 - - [16/May/2022:01:47:34 -0500] "HEAD / HTTP/1.1" 200 -
172.22.2.4 - - [16/May/2022:01:46:50 -0500] "HEAD /BLA/boletinlegal/ HTTP/1.1" 200 -
172.22.2.4 - - [16/May/2022:01:47:40 -0500] "GET /BLA/boletinlegal/ HTTP/1.1" 200 60932
40.77.189.251 - - [16/May/2022:01:49:44 -0500] "GET /portaldeninos/wp-content/themes/betheme/fonts/mfn-icons.woff?93978679 HTTP/1.1" 200 80932
216.245.221.92 - - [16/May/2022:01:52:34 -0500] "HEAD / HTTP/1.1" 200 -
172.22.2.4 - - [16/May/2022:01:52:39 -0500] "HEAD /BLA/boletinlegal/ HTTP/1.1" 200 -
172.22.2.4 - - [16/May/2022:01:53:30 -0500] "GET /BLA/boletinlegal/ HTTP/1.1" 200 60932
207.46.13.134 - - [16/May/2022:01:55:13 -0500] "GET /BLA/resoluciones/index.php?dir=AUTOS+2017%2F HTTP/1.1" 200 456575
172.22.2.4 - - [16/May/2022:01:56:09 -0500] "GET /BLA/boletinlegal/robots.txt HTTP/1.1" 404 1038
49.7.21.72 - - [16/May/2022:01:56:43 -0500] "-" 408 -
216.245.221.92 - - [16/May/2022:01:57:34 -0500] "HEAD / HTTP/1.1" 200 -
172.22.2.4 - - [16/May/2022:01:56:11 -0500] "GET /BLA/boletinlegal/index.php HTTP/1.1" 200 63342
172.22.2.4 - - [16/May/2022:01:58:29 -0500] "HEAD /BLA/boletinlegal/ HTTP/1.1" 200 -
172.22.2.4 - - [16/May/2022:01:59:20 -0500] "GET /BLA/boletinlegal/ HTTP/1.1" 200 57542
216.245.221.92 - - [16/May/2022:02:02:34 -0500] "HEAD / HTTP/1.1" 200 -
172.22.2.4 - - [16/May/2022:02:04:19 -0500] "HEAD /BLA/boletinlegal/ HTTP/1.1" 200 -
192.241.219.174 - - [16/May/2022:02:06:37 -0500] "GET /manager/text/list HTTP/1.1" 404 1018
172.22.2.4 - - [16/May/2022:02:05:10 -0500] "GET /BLA/boletinlegal/ HTTP/1.1" 200 58588
216.245.221.92 - - [16/May/2022:02:07:34 -0500] "HEAD / HTTP/1.1" 200 -
172.22.2.4 - - [16/May/2022:02:08:36 -0500] "GET /BLA/boletinlegal/ HTTP/1.1" 200 20427
172.22.2.4 - - [16/May/2022:02:10:09 -0500] "HEAD /BLA/boletinlegal/ HTTP/1.1" 200 -
207.46.13.134 - - [16/May/2022:02:11:55 -0500] "GET /bla/resoluciones/notificaciones/autos%202016/3046.pdf HTTP/1.1" 200 356311
216.245.221.92 - - [16/May/2022:02:12:34 -0500] "HEAD / HTTP/1.1" 200 -
172.22.2.4 - - [16/May/2022:02:11:00 -0500] "GET /BLA/boletinlegal/ HTTP/1.1" 200 58588
207.46.13.11 - - [16/May/2022:02:13:47 -0500] "GET /forest/ HTTP/1.1" 200 12041
207.46.13.134 - - [16/May/2022:02:14:26 -0500] "GET /bla/resoluciones/notificaciones/autos%202016/00668.doc HTTP/1.1" 200 195121
207.46.13.109 - - [16/May/2022:02:14:27 -0500] "GET /BLA/resoluciones/AUTOS%202018/0794.pdf HTTP/1.1" 304 -
207.46.13.109 - - [16/May/2022:02:14:57 -0500] "GET /BLA/resoluciones/index.php?dir=RESOLUCIONES+2014%2F HTTP/1.1" 200 333168
207.46.13.37 - - [16/May/2022:02:15:02 -0500] "GET /bla/resoluciones/notificaciones/autos%202016/02157.doc HTTP/1.1" 200 331501
207.46.13.109 - - [16/May/2022:02:16:28 -0500] "GET /BLA/resoluciones/index.php?dir=AUTOS+2018%2F HTTP/1.1" 200 433176
216.245.221.92 - - [16/May/2022:02:17:34 -0500] "HEAD / HTTP/1.1" 200 -
172.22.2.4 - - [16/May/2022:02:15:59 -0500] "HEAD /BLA/boletinlegal/ HTTP/1.1" 200 -
66.249.65.15 - - [16/May/2022:02:17:48 -0500] "-" 408 -
172.22.2.4 - - [16/May/2022:02:16:50 -0500] "GET /BLA/boletinlegal/ HTTP/1.1" 200 58006
34.90.53.228 - - [16/May/2022:02:20:37 -0500] "GET / HTTP/1.1" 200 319
207.46.13.109 - - [16/May/2022:02:21:18 -0500] "GET /BLA/resoluciones/index.php?dir=AUTOS+2019%2F HTTP/1.1" 200 344121
69.171.251.8 - - [16/May/2022:02:22:26 -0500] "GET /images/feria-servicios-12-mayo-principal.jpg HTTP/1.1" 200 44744
216.245.221.92 - - [16/May/2022:02:22:34 -0500] "HEAD / HTTP/1.1" 200 -
201.245.192.253 - - [16/May/2022:02:22:39 -0500] "POST /kwsrmcab/Wsrmcab HTTP/1.1" 200 45809
172.22.2.4 - - [16/May/2022:02:21:49 -0500] "HEAD /BLA/boletinlegal/ HTTP/1.1" 200 -
201.245.192.253 - - [16/May/2022:02:23:29 -0500] "POST /kwsrmcab/Wsrmcab HTTP/1.1" 200 43931
172.22.2.4 - - [16/May/2022:02:22:40 -0500] "GET /BLA/boletinlegal/ HTTP/1.1" 200 58588
207.46.13.11 - - [16/May/2022:02:24:28 -0500] "GET /bla/resoluciones/notificaciones/autos%202016/03080.pdf HTTP/1.1" 200 377297
216.245.221.92 - - [16/May/2022:02:27:34 -0500] "HEAD / HTTP/1.1" 200 -
172.22.2.4 - - [16/May/2022:02:27:39 -0500] "HEAD /BLA/boletinlegal/ HTTP/1.1" 200 -
172.22.2.4 - - [16/May/2022:02:28:30 -0500] "GET /BLA/boletinlegal/ HTTP/1.1" 200 60932
216.245.221.92 - - [16/May/2022:02:32:34 -0500] "HEAD / HTTP/1.1" 200 -
49.7.21.72 - - [16/May/2022:02:33:17 -0500] "-" 408 -
201.245.192.253 - - [16/May/2022:02:32:39 -0500] "POST /kwsrmcab/Wsrmcab HTTP/1.1" 200 45809
201.245.192.253 - - [16/May/2022:02:33:29 -0500] "POST /kwsrmcab/Wsrmcab HTTP/1.1" 200 43931
172.22.2.4 - - [16/May/2022:02:33:29 -0500] "HEAD /BLA/boletinlegal/ HTTP/1.1" 200 -
172.22.2.4 - - [16/May/2022:02:34:20 -0500] "GET /BLA/boletinlegal/ HTTP/1.1" 200 60932
216.245.221.92 - - [16/May/2022:02:37:34 -0500] "HEAD / HTTP/1.1" 200 -
192.241.222.191 - - [16/May/2022:02:37:41 -0500] "GET /manager/html HTTP/1.1" 404 1018
114.119.155.103 - - [16/May/2022:02:40:02 -0500] "-" 408 -
114.119.145.56 - - [16/May/2022:02:40:37 -0500] "-" 408 -
172.22.2.4 - - [16/May/2022:02:39:19 -0500] "HEAD /BLA/boletinlegal/ HTTP/1.1" 200 -
114.119.129.184 - - [16/May/2022:02:41:14 -0500] "-" 408 -
172.22.2.4 - - [16/May/2022:02:40:10 -0500] "GET /BLA/boletinlegal/ HTTP/1.1" 200 57044
216.245.221.92 - - [16/May/2022:02:42:34 -0500] "HEAD / HTTP/1.1" 200 -
201.245.192.253 - - [16/May/2022:02:42:39 -0500] "POST /kwsrmcab/Wsrmcab HTTP/1.1" 200 45809
157.55.39.115 - - [16/May/2022:02:43:31 -0500] "-" 408 -
201.245.192.253 - - [16/May/2022:02:43:24 -0500] "POST /kwsrmcab/Wsrmcab HTTP/1.1" 200 43931
207.46.13.11 - - [16/May/2022:02:45:30 -0500] "GET /BLA/resoluciones/index.php?dir=AUTOS+2013%2F HTTP/1.1" 200 405635
172.22.2.4 - - [16/May/2022:02:45:09 -0500] "HEAD /BLA/boletinlegal/ HTTP/1.1" 200 -
66.249.65.13 - - [16/May/2022:02:47:26 -0500] "-" 408 -
216.245.221.92 - - [16/May/2022:02:47:34 -0500] "HEAD / HTTP/1.1" 200 -
172.22.2.4 - - [16/May/2022:02:46:00 -0500] "GET /BLA/boletinlegal/ HTTP/1.1" 200 59170
207.46.13.37 - - [16/May/2022:02:51:34 -0500] "GET /bla/resoluciones/resoluciones%201998/0054.pdf HTTP/1.1" 200 36808
216.245.221.92 - - [16/May/2022:02:52:34 -0500] "HEAD / HTTP/1.1" 200 -
172.22.2.4 - - [16/May/2022:02:50:59 -0500] "HEAD /BLA/boletinlegal/ HTTP/1.1" 200 -
172.22.2.4 - - [16/May/2022:02:51:50 -0500] "GET /BLA/boletinlegal/ HTTP/1.1" 200 60932
40.77.167.40 - - [16/May/2022:02:55:06 -0500] "GET /bla/resoluciones/notificaciones/autos%202016/01455.doc HTTP/1.1" 200 379426
172.22.2.4 - - [16/May/2022:02:56:29 -0500] "GET /BLA/boletinlegal/jurisprudencia/analisis/analisis%20C-595-2010.doc HTTP/1.1" 304 -
216.245.221.92 - - [16/May/2022:02:57:34 -0500] "HEAD / HTTP/1.1" 200 -
172.22.2.4 - - [16/May/2022:02:57:56 -0500] "GET /BLA/boletinlegal/images/arr_r.jpg HTTP/1.1" 304 -
172.22.2.4 - - [16/May/2022:02:56:49 -0500] "HEAD /BLA/boletinlegal/ HTTP/1.1" 200 -
172.22.2.4 - - [16/May/2022:02:57:40 -0500] "GET /BLA/boletinlegal/ HTTP/1.1" 200 58588
216.245.221.92 - - [16/May/2022:03:02:34 -0500] "HEAD / HTTP/1.1" 200 -
207.46.13.134 - - [16/May/2022:03:02:40 -0500] "GET /bla/resoluciones/notificaciones/autos%202016/00651.doc HTTP/1.1" 200 193614
207.46.13.37 - - [16/May/2022:03:03:15 -0500] "GET /bla/resoluciones/index.php?dir=notificaciones/autos+2020 HTTP/1.1" 200 118625
172.22.2.4 - - [16/May/2022:03:02:39 -0500] "HEAD /BLA/boletinlegal/ HTTP/1.1" 200 -
172.22.2.4 - - [16/May/2022:03:03:30 -0500] "GET /BLA/boletinlegal/ HTTP/1.1" 200 59170
172.22.2.4 - - [16/May/2022:03:05:14 -0500] "GET /BLA/boletinlegal/jurisprudencia/analisis/ANALISIST-672-14.docx HTTP/1.1" 304 -
49.7.21.72 - - [16/May/2022:03:06:06 -0500] "-" 408 -
216.245.221.92 - - [16/May/2022:03:07:34 -0500] "HEAD / HTTP/1.1" 200 -
172.22.2.4 - - [16/May/2022:03:08:10 -0500] "GET /BLA/boletinlegal/jurisprudencia/analisis/AnalisisC-035-16.docx HTTP/1.1" 304 -
207.46.13.134 - - [16/May/2022:03:08:19 -0500] "GET /galeria/bibloteca/contentflow.js HTTP/1.1" 200 42804
207.46.13.37 - - [16/May/2022:03:09:26 -0500] "GET /bla/resoluciones/resoluciones%201998/resolucion%20787%20de%201998.pdf HTTP/1.1" 200 97287
172.22.2.4 - - [16/May/2022:03:08:29 -0500] "HEAD /BLA/boletinlegal/ HTTP/1.1" 200 -
172.22.2.4 - - [16/May/2022:03:09:20 -0500] "GET /BLA/boletinlegal/ HTTP/1.1" 200 58006
172.22.2.4 - - [16/May/2022:03:11:05 -0500] "GET /BLA/boletinlegal/jurisprudencia/analisis/CUADRO%20ANALISIS%20SENTENCIA%20T-411%20DE%201992.doc HTTP/1.1" 304 -
216.245.221.92 - - [16/May/2022:03:12:34 -0500] "HEAD / HTTP/1.1" 200 -
207.46.13.37 - - [16/May/2022:03:13:05 -0500] "GET /BLA/resoluciones/RESOLUCIONES%202006/RES%202006%201401-1450/00001404.tif HTTP/1.1" 200 173864
66.249.65.15 - - [16/May/2022:03:15:27 -0500] "-" 408 -
172.22.2.4 - - [16/May/2022:03:14:19 -0500] "HEAD /BLA/boletinlegal/ HTTP/1.1" 200 -
172.22.2.4 - - [16/May/2022:03:15:10 -0500] "GET /BLA/boletinlegal/ HTTP/1.1" 200 58588
216.245.221.92 - - [16/May/2022:03:17:34 -0500] "HEAD / HTTP/1.1" 200 -
172.22.2.4 - - [16/May/2022:03:19:51 -0500] "GET /BLA/boletinlegal/jurisprudencia/analisis/CUADRO%20ANALISIS%20SENTENCIA%20T-411%20DE%201992.doc HTTP/1.1" 304 -
172.22.2.4 - - [16/May/2022:03:20:09 -0500] "HEAD /BLA/boletinlegal/ HTTP/1.1" 200 -
216.245.221.92 - - [16/May/2022:03:22:34 -0500] "HEAD / HTTP/1.1" 200 -
172.22.2.4 - - [16/May/2022:03:21:00 -0500] "GET /BLA/boletinlegal/ HTTP/1.1" 200 59170
201.245.192.253 - - [16/May/2022:03:22:40 -0500] "POST /kwsrmcab/Wsrmcab HTTP/1.1" 200 46267
201.245.192.253 - - [16/May/2022:03:23:27 -0500] "POST /kwsrmcab/Wsrmcab HTTP/1.1" 200 43929
40.77.190.6 - - [16/May/2022:03:24:17 -0500] "GET /galeria/bibloteca/contentflow.css HTTP/1.1" 200 3201
40.77.189.209 - - [16/May/2022:03:24:17 -0500] "GET /galeria/bibloteca/mycontentflow.css HTTP/1.1" 200 3110
40.77.189.249 - - [16/May/2022:03:24:17 -0500] "GET /galeria/bibloteca/ContentFlowAddOn_white.js HTTP/1.1" 200 2497
40.77.190.118 - - [16/May/2022:03:24:18 -0500] "GET /galeria/bibloteca/ContentFlowAddOn_white.css HTTP/1.1" 200 3355
172.22.2.4 - - [16/May/2022:03:25:41 -0500] "GET /BLA/boletinlegal/jurisprudencia/analisis/AnalisisC-035-16.docx HTTP/1.1" 304 -
66.249.65.13 - - [16/May/2022:03:25:58 -0500] "-" 408 -
216.245.221.92 - - [16/May/2022:03:27:34 -0500] "HEAD / HTTP/1.1" 200 -
172.22.2.4 - - [16/May/2022:03:25:59 -0500] "HEAD /BLA/boletinlegal/ HTTP/1.1" 200 -
172.22.2.4 - - [16/May/2022:03:26:49 -0500] "GET /BLA/boletinlegal/ HTTP/1.1" 200 60932
172.22.2.4 - - [16/May/2022:03:31:31 -0500] "GET /BLA/boletinlegal/jurisprudencia/analisis/ANALISIST-672-14.docx HTTP/1.1" 304 -
216.245.221.92 - - [16/May/2022:03:32:34 -0500] "HEAD / HTTP/1.1" 200 -
192.241.215.206 - - [16/May/2022:03:33:13 -0500] "GET /hudson HTTP/1.1" 404 1018
40.77.167.40 - - [16/May/2022:03:33:19 -0500] "GET /bla/resoluciones/notificaciones/autos%202016/02284.doc HTTP/1.1" 200 348558
201.245.192.253 - - [16/May/2022:03:32:39 -0500] "POST /kwsrmcab/Wsrmcab HTTP/1.1" 200 46267
172.22.2.4 - - [16/May/2022:03:31:49 -0500] "HEAD /BLA/boletinlegal/ HTTP/1.1" 200 -
207.46.13.134 - - [16/May/2022:03:33:53 -0500] "GET /bla/resoluciones/notificaciones/autos%202016/00654.doc HTTP/1.1" 200 194258
201.245.192.253 - - [16/May/2022:03:33:28 -0500] "POST /kwsrmcab/Wsrmcab HTTP/1.1" 200 43929
172.22.2.4 - - [16/May/2022:03:32:40 -0500] "GET /BLA/boletinlegal/ HTTP/1.1" 200 51365
172.22.2.4 - - [16/May/2022:03:33:00 -0500] "GET /BLA/boletinlegal/ HTTP/1.1" 200 52945
34.194.141.3 - - [16/May/2022:03:35:07 -0500] "GET /galeria/galeria/fotos/Humedal-Tibanica3P.jpg HTTP/1.1" 200 28016
49.7.21.72 - - [16/May/2022:03:36:24 -0500] "-" 408 -
216.245.221.92 - - [16/May/2022:03:37:34 -0500] "HEAD / HTTP/1.1" 200 -
172.22.2.4 - - [16/May/2022:03:37:39 -0500] "HEAD /BLA/boletinlegal/ HTTP/1.1" 200 -
172.22.2.4 - - [16/May/2022:03:38:29 -0500] "GET /BLA/boletinlegal/ HTTP/1.1" 200 58588
207.46.13.75 - - [16/May/2022:03:41:49 -0500] "GET /BLA/ HTTP/1.1" 200 538
216.245.221.92 - - [16/May/2022:03:42:34 -0500] "HEAD / HTTP/1.1" 200 -
201.245.192.253 - - [16/May/2022:03:42:39 -0500] "POST /kwsrmcab/Wsrmcab HTTP/1.1" 200 46267
