172.22.2.4 - - [18/May/2022:02:34:46 -0500] "HEAD /BLA/boletinlegal/ HTTP/1.1" 200 -
172.22.2.4 - - [18/May/2022:02:35:36 -0500] "GET /BLA/boletinlegal/ HTTP/1.1" 200 61416
195.3.221.30 - - [18/May/2022:02:37:21 -0500] "-" 408 -
216.245.221.92 - - [18/May/2022:02:37:27 -0500] "HEAD / HTTP/1.1" 200 -
193.106.191.48 - - [18/May/2022:02:37:44 -0500] "GET /_ignition/execute-solution HTTP/1.1" 404 1018
66.249.65.13 - - [18/May/2022:02:39:26 -0500] "-" 408 -
172.22.2.4 - - [18/May/2022:02:40:36 -0500] "HEAD /BLA/boletinlegal/ HTTP/1.1" 200 -
216.245.221.92 - - [18/May/2022:02:42:27 -0500] "HEAD / HTTP/1.1" 200 -
172.22.2.4 - - [18/May/2022:02:41:26 -0500] "GET /BLA/boletinlegal/ HTTP/1.1" 200 60932
201.245.192.253 - - [18/May/2022:02:42:30 -0500] "POST /kwsrmcab/Wsrmcab HTTP/1.1" 200 46772
201.245.192.253 - - [18/May/2022:02:43:19 -0500] "POST /kwsrmcab/Wsrmcab HTTP/1.1" 200 43777
216.245.221.92 - - [18/May/2022:02:47:27 -0500] "HEAD / HTTP/1.1" 200 -
66.249.65.13 - - [18/May/2022:02:47:29 -0500] "-" 408 -
172.22.2.4 - - [18/May/2022:02:46:26 -0500] "HEAD /BLA/boletinlegal/ HTTP/1.1" 200 -
172.22.2.4 - - [18/May/2022:02:47:16 -0500] "GET /BLA/boletinlegal/ HTTP/1.1" 200 51004
157.55.39.43 - - [18/May/2022:02:51:06 -0500] "GET /bla/resoluciones/resoluciones%202022/0296.pdf HTTP/1.1" 200 338685
216.245.221.92 - - [18/May/2022:02:52:27 -0500] "HEAD / HTTP/1.1" 200 -
66.249.65.13 - - [18/May/2022:02:53:19 -0500] "-" 408 -
172.22.2.4 - - [18/May/2022:02:52:16 -0500] "HEAD /BLA/boletinlegal/ HTTP/1.1" 200 -
172.22.2.4 - - [18/May/2022:02:53:06 -0500] "GET /BLA/boletinlegal/ HTTP/1.1" 200 61416
193.106.191.48 - - [18/May/2022:02:55:34 -0500] "GET / HTTP/1.1" 200 319
172.22.2.4 - - [18/May/2022:02:56:09 -0500] "GET /BLA/boletinlegal/jurisprudencia/analisis/AnalisisT-606-15.docx HTTP/1.1" 200 26698
172.22.2.4 - - [18/May/2022:02:56:10 -0500] "GET /BLA/boletinlegal/apple-touch-icon-120x120-precomposed.png HTTP/1.1" 404 1140
172.22.2.4 - - [18/May/2022:02:56:10 -0500] "GET /BLA/boletinlegal/apple-touch-icon-120x120.png HTTP/1.1" 404 1140
172.22.2.4 - - [18/May/2022:02:56:10 -0500] "GET /BLA/boletinlegal/apple-touch-icon-precomposed.png HTTP/1.1" 404 1140
172.22.2.4 - - [18/May/2022:02:56:10 -0500] "GET /BLA/boletinlegal/apple-touch-icon.png HTTP/1.1" 404 1140
172.22.2.4 - - [18/May/2022:02:56:10 -0500] "GET /BLA/boletinlegal/favicon.ico HTTP/1.1" 404 1140
172.22.2.4 - - [18/May/2022:02:56:10 -0500] "GET /BLA/boletinlegal/apple-touch-icon-120x120-precomposed.png HTTP/1.1" 404 1140
172.22.2.4 - - [18/May/2022:02:56:10 -0500] "GET /BLA/boletinlegal/apple-touch-icon-120x120.png HTTP/1.1" 404 1140
172.22.2.4 - - [18/May/2022:02:56:11 -0500] "GET /BLA/boletinlegal/apple-touch-icon-precomposed.png HTTP/1.1" 404 1140
172.22.2.4 - - [18/May/2022:02:56:11 -0500] "GET /BLA/boletinlegal/apple-touch-icon.png HTTP/1.1" 404 1140
172.22.2.4 - - [18/May/2022:02:56:11 -0500] "GET /BLA/boletinlegal/favicon.ico HTTP/1.1" 404 1140
216.245.221.92 - - [18/May/2022:02:57:27 -0500] "HEAD / HTTP/1.1" 200 -
172.22.2.4 - - [18/May/2022:02:58:06 -0500] "HEAD /BLA/boletinlegal/ HTTP/1.1" 200 -
66.249.65.13 - - [18/May/2022:03:00:04 -0500] "-" 408 -
172.22.2.4 - - [18/May/2022:02:58:56 -0500] "GET /BLA/boletinlegal/ HTTP/1.1" 200 60932
216.245.221.92 - - [18/May/2022:03:02:27 -0500] "HEAD / HTTP/1.1" 200 -
172.22.2.4 - - [18/May/2022:03:03:56 -0500] "HEAD /BLA/boletinlegal/ HTTP/1.1" 200 -
172.22.2.4 - - [18/May/2022:03:04:46 -0500] "GET /BLA/boletinlegal/ HTTP/1.1" 200 61416
216.245.221.92 - - [18/May/2022:03:07:27 -0500] "HEAD / HTTP/1.1" 200 -
85.115.53.140 - - [18/May/2022:03:08:54 -0500] "GET /portaldeninos/wp-includes/js/jquery/ui/core.min.js?ver=1.11.4 HTTP/1.1" 200 4000
85.115.53.140 - - [18/May/2022:03:08:54 -0500] "GET /portaldeninos/wp-includes/js/jquery/jquery-migrate.min.js?ver=1.4.1 HTTP/1.1" 200 10056
85.115.53.140 - - [18/May/2022:03:08:54 -0500] "GET /portaldeninos/wp-content/plugins/google-analytics-for-wordpress/assets/js/frontend-gtag.min.js?ver=8.5.0 HTTP/1.1" 200 11801
85.115.53.140 - - [18/May/2022:03:08:54 -0500] "GET /portaldeninos/wp-content/themes/betheme/js/menu.js?ver=20.9.6 HTTP/1.1" 200 2449
85.115.53.140 - - [18/May/2022:03:08:54 -0500] "GET /portaldeninos/wp-content/plugins/gallery-videos/JS/modernizr.custom.js?ver=4.9.8 HTTP/1.1" 200 9019
85.115.53.140 - - [18/May/2022:03:08:54 -0500] "GET /portaldeninos/wp-includes/js/jquery/ui/mouse.min.js?ver=1.11.4 HTTP/1.1" 200 3148
85.115.53.140 - - [18/May/2022:03:08:54 -0500] "GET /portaldeninos/wp-includes/js/jquery/ui/widget.min.js?ver=1.11.4 HTTP/1.1" 200 6908
85.115.53.140 - - [18/May/2022:03:08:54 -0500] "GET /portaldeninos/wp-content/themes/betheme/assets/animations/animations.min.js?ver=20.9.6 HTTP/1.1" 200 1896
85.115.53.140 - - [18/May/2022:03:08:54 -0500] "GET /portaldeninos/wp-includes/js/jquery/ui/tabs.min.js?ver=1.11.4 HTTP/1.1" 200 12110
85.115.53.140 - - [18/May/2022:03:08:54 -0500] "GET /portaldeninos/wp-content/plugins/gallery-videos/JS/Total-Soft-Gallery-Video-Widget.js?ver=4.9.8 HTTP/1.1" 200 80264
85.115.53.140 - - [18/May/2022:03:08:54 -0500] "GET /portaldeninos/wp-includes/js/jquery/ui/sortable.min.js?ver=1.11.4 HTTP/1.1" 200 24899
85.115.53.140 - - [18/May/2022:03:08:54 -0500] "GET /portaldeninos/wp-includes/js/jquery/ui/accordion.min.js?ver=1.11.4 HTTP/1.1" 200 8584
85.115.53.140 - - [18/May/2022:03:08:54 -0500] "GET /portaldeninos/wp-content/themes/betheme/assets/jplayer/jplayer.min.js?ver=20.9.6 HTTP/1.1" 200 52702
85.115.53.140 - - [18/May/2022:03:08:54 -0500] "GET /portaldeninos/wp-includes/js/jquery/jquery.js?ver=1.12.4 HTTP/1.1" 200 97184
85.115.53.140 - - [18/May/2022:03:08:54 -0500] "GET /portaldeninos/wp-content/themes/betheme/js/plugins.js?ver=20.9.6 HTTP/1.1" 200 197151
66.249.65.13 - - [18/May/2022:03:10:35 -0500] "-" 408 -
172.22.2.4 - - [18/May/2022:03:09:46 -0500] "HEAD /BLA/boletinlegal/ HTTP/1.1" 200 -
172.22.2.4 - - [18/May/2022:03:10:36 -0500] "GET /BLA/boletinlegal/ HTTP/1.1" 200 60932
216.245.221.92 - - [18/May/2022:03:12:27 -0500] "HEAD / HTTP/1.1" 200 -
157.55.39.151 - - [18/May/2022:03:13:30 -0500] "GET / HTTP/1.1" 200 319
186.102.24.94 - - [18/May/2022:03:15:41 -0500] "GET /kwssiamovil/sm/acme/u?s=U2FsdGVkX1/9fPrPSiFJeMZRvaKn0rnwPF/TgzlQGGyf8/hRrEgzqQNPJrsgll0voD8mk3BWEjwcw8GEhfCOf+6HIWwlrj0I8BhmBlobupJXt+nyGamviXdtc/AlzXvPSUbH7M3eDlSX9YUIjygFSw==&u=U2FsdGVkX18TXWj/kxHN3SwnaBG/yMuOC+woyvKqhXCqk+/GtBflr4zKeXbYQ6me&y=U2FsdGVkX19ta8BDVDd/lVUup1wkqnvY3CGj0xCfWVs+hdSg4bmyh8KvSTWKH1kd HTTP/1.1" 200 60
66.249.65.13 - - [18/May/2022:03:16:35 -0500] "-" 408 -
172.22.2.4 - - [18/May/2022:03:15:36 -0500] "HEAD /BLA/boletinlegal/ HTTP/1.1" 200 -
216.245.221.92 - - [18/May/2022:03:17:27 -0500] "HEAD / HTTP/1.1" 200 -
172.22.2.4 - - [18/May/2022:03:16:26 -0500] "GET /BLA/boletinlegal/ HTTP/1.1" 200 59688
172.22.2.4 - - [18/May/2022:03:20:06 -0500] "GET /BLA/boletinlegal/robots.txt HTTP/1.1" 404 1038
172.22.2.4 - - [18/May/2022:03:20:49 -0500] "GET /BLA/boletinlegal/sugerencias.php HTTP/1.1" 200 8615
172.22.2.4 - - [18/May/2022:03:20:59 -0500] "GET /BLA/boletinlegal/js/jquery.js HTTP/1.1" 200 57254
172.22.2.4 - - [18/May/2022:03:21:10 -0500] "GET /BLA/boletinlegal/js/jquery.scrollTo-min.js HTTP/1.1" 200 1150
172.22.2.4 - - [18/May/2022:03:20:11 -0500] "GET /BLA/boletinlegal/ HTTP/1.1" 200 59170
216.245.221.92 - - [18/May/2022:03:22:27 -0500] "HEAD / HTTP/1.1" 200 -
172.22.2.4 - - [18/May/2022:03:21:26 -0500] "HEAD /BLA/boletinlegal/ HTTP/1.1" 200 -
201.245.192.253 - - [18/May/2022:03:22:30 -0500] "POST /kwsrmcab/Wsrmcab HTTP/1.1" 200 46926
66.249.65.13 - - [18/May/2022:03:23:25 -0500] "-" 408 -
172.22.2.4 - - [18/May/2022:03:22:16 -0500] "GET /BLA/boletinlegal/ HTTP/1.1" 200 57542
201.245.192.253 - - [18/May/2022:03:23:20 -0500] "POST /kwsrmcab/Wsrmcab HTTP/1.1" 200 43776
216.245.221.92 - - [18/May/2022:03:27:27 -0500] "HEAD / HTTP/1.1" 200 -
172.22.2.4 - - [18/May/2022:03:27:16 -0500] "HEAD /BLA/boletinlegal/ HTTP/1.1" 200 -
66.249.65.15 - - [18/May/2022:03:29:07 -0500] "-" 408 -
172.22.2.4 - - [18/May/2022:03:28:06 -0500] "GET /BLA/boletinlegal/ HTTP/1.1" 200 54457
216.245.221.92 - - [18/May/2022:03:32:27 -0500] "HEAD / HTTP/1.1" 200 -
201.245.192.253 - - [18/May/2022:03:32:29 -0500] "POST /kwsrmcab/Wsrmcab HTTP/1.1" 200 46926
185.220.103.120 - - [18/May/2022:03:33:28 -0500] "GET / HTTP/1.1" 200 319
185.220.100.255 - - [18/May/2022:03:33:30 -0500] "GET /favicon.ico HTTP/1.1" 200 7782
201.245.192.253 - - [18/May/2022:03:33:20 -0500] "POST /kwsrmcab/Wsrmcab HTTP/1.1" 200 43776
172.22.2.4 - - [18/May/2022:03:33:06 -0500] "HEAD /BLA/boletinlegal/ HTTP/1.1" 200 -
172.22.2.4 - - [18/May/2022:03:33:56 -0500] "GET /BLA/boletinlegal/ HTTP/1.1" 200 59170
66.249.65.13 - - [18/May/2022:03:35:54 -0500] "-" 408 -
172.22.2.4 - - [18/May/2022:03:36:58 -0500] "GET /BLA/boletinlegal/js/jquery.scrollShow.js HTTP/1.1" 200 4586
216.245.221.92 - - [18/May/2022:03:37:27 -0500] "HEAD / HTTP/1.1" 200 -
193.106.191.48 - - [18/May/2022:03:37:47 -0500] "POST /cgi-bin/.%2e/.%2e/.%2e/.%2e/bin/sh HTTP/1.1" 400 945
157.55.39.115 - - [18/May/2022:03:38:02 -0500] "-" 408 -
172.22.2.4 - - [18/May/2022:03:38:56 -0500] "HEAD /BLA/boletinlegal/ HTTP/1.1" 200 -
172.22.2.4 - - [18/May/2022:03:39:46 -0500] "GET /BLA/boletinlegal/ HTTP/1.1" 200 56669
216.245.221.92 - - [18/May/2022:03:42:27 -0500] "HEAD / HTTP/1.1" 200 -
128.14.136.18 - - [18/May/2022:03:42:56 -0500] "GET / HTTP/1.1" 200 319
201.245.192.253 - - [18/May/2022:03:42:29 -0500] "POST /kwsrmcab/Wsrmcab HTTP/1.1" 200 46926
201.245.192.253 - - [18/May/2022:03:43:20 -0500] "POST /kwsrmcab/Wsrmcab HTTP/1.1" 200 43776
149.18.24.132 - - [18/May/2022:03:44:26 -0500] "GET /wp-login.php HTTP/1.1" 404 1018
66.249.65.13 - - [18/May/2022:03:44:37 -0500] "-" 408 -
172.22.2.4 - - [18/May/2022:03:44:46 -0500] "HEAD /BLA/boletinlegal/ HTTP/1.1" 200 -
172.22.2.4 - - [18/May/2022:03:45:36 -0500] "GET /BLA/boletinlegal/ HTTP/1.1" 200 58588
216.245.221.92 - - [18/May/2022:03:47:27 -0500] "HEAD / HTTP/1.1" 200 -
207.46.13.134 - - [18/May/2022:03:48:43 -0500] "GET /bla/resoluciones/resoluciones%202022/0383.pdf HTTP/1.1" 200 347571
66.249.65.13 - - [18/May/2022:03:50:17 -0500] "-" 408 -
111.225.144.141 - - [18/May/2022:03:50:44 -0500] "GET /galeria/galeria/fotos/Humedal-la-conejera4P.jpg HTTP/1.1" 200 33365
207.46.13.74 - - [18/May/2022:03:52:14 -0500] "GET /bla/resoluciones/index.php?dir=resoluciones+1998 HTTP/1.1" 200 13225
172.22.2.4 - - [18/May/2022:03:50:36 -0500] "HEAD /BLA/boletinlegal/ HTTP/1.1" 200 -
216.245.221.92 - - [18/May/2022:03:52:27 -0500] "HEAD / HTTP/1.1" 200 -
172.22.2.4 - - [18/May/2022:03:51:26 -0500] "GET /BLA/boletinlegal/ HTTP/1.1" 200 60932
34.147.40.163 - - [18/May/2022:03:55:38 -0500] "GET / HTTP/1.1" 200 319
66.249.65.13 - - [18/May/2022:03:55:57 -0500] "-" 408 -
216.245.221.92 - - [18/May/2022:03:57:27 -0500] "HEAD / HTTP/1.1" 200 -
172.22.2.4 - - [18/May/2022:03:56:26 -0500] "HEAD /BLA/boletinlegal/ HTTP/1.1" 200 -
172.22.2.4 - - [18/May/2022:03:57:16 -0500] "GET /BLA/boletinlegal/ HTTP/1.1" 200 54457
216.245.221.92 - - [18/May/2022:04:02:27 -0500] "HEAD / HTTP/1.1" 200 -
69.63.189.3 - - [18/May/2022:04:02:42 -0500] "GET /secretaria-de-ambiente-realizara-jornada-de-reciclaton-y-educacion-ambiental-este-jueves-en-engativa.html HTTP/1.1" 206 994
172.22.2.4 - - [18/May/2022:04:02:16 -0500] "HEAD /BLA/boletinlegal/ HTTP/1.1" 200 -
66.249.65.13 - - [18/May/2022:04:04:14 -0500] "-" 408 -
172.22.2.4 - - [18/May/2022:04:03:06 -0500] "GET /BLA/boletinlegal/ HTTP/1.1" 200 61416
162.244.82.126 - - [18/May/2022:04:05:10 -0500] "GET / HTTP/1.1" 200 319
111.225.145.221 - - [18/May/2022:04:06:41 -0500] "GET /galeria/galeria/fotos/3humedal-Burro3P.jpg HTTP/1.1" 200 8564
216.245.221.92 - - [18/May/2022:04:07:27 -0500] "HEAD / HTTP/1.1" 200 -
172.22.2.4 - - [18/May/2022:04:08:06 -0500] "HEAD /BLA/boletinlegal/ HTTP/1.1" 200 -
172.22.2.4 - - [18/May/2022:04:10:18 -0500] "GET /BLA/boletinlegal/jurisprudencia/analisis/analisis%20C-595-2010.doc HTTP/1.1" 304 -
172.22.2.4 - - [18/May/2022:04:08:56 -0500] "GET /BLA/boletinlegal/ HTTP/1.1" 200 58588
157.55.39.8 - - [18/May/2022:04:11:02 -0500] "GET /bla/resoluciones/resoluciones%202022/0287.pdf HTTP/1.1" 200 335705
216.245.221.92 - - [18/May/2022:04:12:27 -0500] "HEAD / HTTP/1.1" 200 -
162.244.82.126 - - [18/May/2022:04:14:44 -0500] "GET / HTTP/1.1" 200 319
66.249.65.13 - - [18/May/2022:04:15:08 -0500] "-" 408 -
172.22.2.4 - - [18/May/2022:04:13:56 -0500] "HEAD /BLA/boletinlegal/ HTTP/1.1" 200 -
172.22.2.4 - - [18/May/2022:04:14:46 -0500] "GET /BLA/boletinlegal/ HTTP/1.1" 200 60932
216.245.221.92 - - [18/May/2022:04:17:27 -0500] "HEAD / HTTP/1.1" 200 -
207.46.13.134 - - [18/May/2022:04:17:36 -0500] "GET /bla/resoluciones/resoluciones%202022/0402.pdf HTTP/1.1" 200 334592
172.22.2.4 - - [18/May/2022:04:20:06 -0500] "GET /BLA/boletinlegal/robots.txt HTTP/1.1" 404 1038
172.22.2.4 - - [18/May/2022:04:19:46 -0500] "HEAD /BLA/boletinlegal/ HTTP/1.1" 200 -
66.249.65.13 - - [18/May/2022:04:21:45 -0500] "-" 408 -
172.22.2.4 - - [18/May/2022:04:20:08 -0500] "GET /BLA/boletinlegal/index.php HTTP/1.1" 200 51717
172.22.2.4 - - [18/May/2022:04:20:36 -0500] "GET /BLA/boletinlegal/ HTTP/1.1" 200 53344
216.245.221.92 - - [18/May/2022:04:22:27 -0500] "HEAD / HTTP/1.1" 200 -
201.245.192.253 - - [18/May/2022:04:22:30 -0500] "POST /kwsrmcab/Wsrmcab HTTP/1.1" 200 46937
201.245.192.253 - - [18/May/2022:04:23:20 -0500] "POST /kwsrmcab/Wsrmcab HTTP/1.1" 200 43780
173.252.111.10 - - [18/May/2022:04:25:11 -0500] "GET /actividades-para-celebrar-el-dia-del-rio-bogota.html HTTP/1.1" 206 805
173.252.111.17 - - [18/May/2022:04:25:11 -0500] "GET /actividades-para-celebrar-el-dia-del-rio-bogota.html HTTP/1.1" 206 805
186.102.24.94 - - [18/May/2022:04:26:58 -0500] "OPTIONS /kwssiamovil/sm/setfile/f? HTTP/1.1" 200 13
186.102.24.94 - - [18/May/2022:04:26:58 -0500] "POST /kwssiamovil/sm/setfile/f? HTTP/1.1" 200 381
186.102.24.94 - - [18/May/2022:04:27:09 -0500] "GET /kwssiamovil/sm/acme/a?s=U2FsdGVkX18CNdwh2X0HdvLhTRgtrvRh6o7NdO4YmTLfoej6MQCiEcsi6GvxzHOsjrPXO4zVL598N8J6Vy2HarDtBUu0RIudxLslgh8eMVP0wcVJE1TY7S6rPi2iVSb5wx6lWLRI5lvDOD6UIIVdZTQTj1JfEEnxTbQkSCJvOELFfF4BKobtIf4Y2iv9WxiorW9RhqVmoYXLTl+19lovxd3bGi4TZupQ4xUjfeXH8nui2meyafSt8MrLhTFXv5TZNv9MQ51hpSyBHyWPe8d4sQ==&u=U2FsdGVkX18TXWj/kxHN3SwnaBG/yMuOC+woyvKqhXCqk+/GtBflr4zKeXbYQ6me&y=U2FsdGVkX19ta8BDVDd/lVUup1wkqnvY3CGj0xCfWVs+hdSg4bmyh8KvSTWKH1kd HTTP/1.1" 200 25
186.102.24.94 - - [18/May/2022:04:27:10 -0500] "GET /kwssiamovil/sm/acme/a?s=U2FsdGVkX18zJ8HsPX2rgqcihFlm4+W0WhSF1UFIOFp0x+g0HIVEP8WAqgGvQnPCHLTGLWfVFj2j+aMeUhUmQHPJKQ0WCFrLMeadLFGM39hJLJQ1Z/kyGh2p0tdw4xQo2MjgvhpzmcNhAK/zFlGGx5D7iiZzCwPEkOXm3ZlN2Ylp1lmCj+cXlQ/9uwv2OMItwLjEOUI91rzWD2SWe+KItnBZIipWwXZFsB0qNGGcjjI7NZvHm37mlVNZJOMhsWgSDQ2SXRK5tNAh4aLD57BEOQuhbjAxZvVAzkXZfWcQSQoF+zq+rRK6gvdiqq+xvkOjFRPvXLICymwQGXyQvhA5Ja98C4OOBC/MvR4lH0YXh8bgJmXcNTcDI/zQHWR2XWCF+t+N/PfKnmYy58BtH2vDRXueQOaGZ82TVxwLvOuJRG/c/wiDIzzMRu4Iv/SCfGwW6kxrcO8rRPMfkpZhrLEnykEGaKJfDvAClWKBQZbk/YgLhfbqJtrQF1EXYUj6QW2nj3PDs+h8Th5dtFklRnJBk8eLWDXpCK0FyA0bVJVTZVGf1p9U33ZpHlEzW+hrlEdxmPMIjNyKr9wGnE8Yf0xuKlgeDy+N6Iodcenb21wlTeos3Ljr0gjPIp+sj+gZK74Qfy8PuIk2fIzGOzriIzs9x/LYZRDwqi83jSjKeZNW/YTGvdPCPgcfKK9CwR0tuTEEe1uhEnPJxJT/7ssCjUUyguNUKbEJBLiYY06PYMSlio5IfWXeHWLPui4SzfcHXd/poDJwv6hLSg3RD1pYAYNw8kZ+hA/XgHk2AsGUSSiFz5bDDvTvcmtZOCw1wcIZOoDiyFm2x0VKU6yVR6doJm0MGakXnQngJFFn/y/KyZ2UDuv5KaQMt9S3Nr1sFVM8JdVUEywVLdA309g6xrSf9Xeu0Cxt0ad7ex0s2pNCtoHESuEPdD/KTr1GA2kAuwooSiU09S+jsdOZm4ApTp+fa1y5zcMSWQgXLNB1MsgGyUizBjN+vBnPCNFTju74NDYKsAp5IUbf8k7fXoOEjK12kRARD2RplHiKL1OSqR9Z6nKEFIkG0+CWCgNwXnQxH2ujOhtJdDAuwRJTqDZHwjiTVEKfp6kHzzVenM2pmvwYg0ihB+stvEyEfRseVccnz1ZrvJEj+0eMWi+izCnluE1/JrvnJV0CoYf1SNryLLVFimMhcrq8yud4FMGT7OLP+cX9NyiMQFQLyY49Jj9vIO9R0UTKtT58crBFudoUn+1NXbn0FHcpPD89quCk6gQidunNhcIo0BDPGOEr8SvMRMUoIJoahlEJouoFhO3bb8s/vTQh+7fZXhKEXGTqOphxPQHWxNopCnA0J5YPvrDPdy6lBPcJyFprGjWnK8xzsiWm7v8gRhUix0Rj/VHiMMndi74okJlDP0RQNXJtjxddzBheVOOHPBllU4SeNmSrKbAE01NncFp2YkcQnjrvyR7D2JCjA8QamEociLk9ig53U6HrbrY9iCu0VpmW7Anzk2h3dR98bu/osSBbJBpAGxpIR/iOAqyaZRHkInNzIaiusAZYKiy3hnk2Mv+Qsfo9BS5o0PsNOwwAS34DF0s4Qkm7+T7F79Yk9K2yVGEMn50x1+7jN5Zp0OKlEGamB8EOwgUeLm+KVTCu3GF47jYlST1KMdoyhRD5xKSnJGzqT/zOEZK3nnl4hG7sp6Lljpn6kU8eOghQciBZlJ17d00+t49jOONRi9bKMykAwZdgHS5dBRmHSTFm/ffB9BLyW39lmn6JAIttC1/POlBOxGCYYXbk5r4gCO1QtB0MYSKjaoHlTLtnMGz4lLQW/LqZ3zLqdFJ1dYRPtwjkkYRuZ4nM6sqFRNC47HCN3Ws4ZXOu20xAycOHMC0/HGPt80HgK1uIHW8BIpi03F1pEKXT0Cgr5JuroascLC7GeaJ4l90ACUd7smTWmrDWBz+K5Yu6VRchHYB5+kMCDSsuIxJBEMTyBdeAXe55ADDIMXpQMmok9IVP+plVtsKcDhNO0XStaOILt9i379FSyvY9oLvuw0PjQZ+rTlAFenXL/evMOc9+nwLGtXDfuk+BSTrJdvvoDSMsbcMIv+7aCMblS0weczrG3nFvL6xi/VfLQ1nwX9cBuG51gGIbae7lMxwPAgCKJh4dX07TMqV60dhoQS19qgGabzSy7bkadRkkzl8GrSvx+/p7BMIQR7tJLwF7e2v4yL+AfKBAzsaMeAwxeLfZRIfkj/cDC6mUMzuKYt9LYxusyr+LKRLNiQQorrbztkRWgpSQAPg3Zz3LFv+JUn8oeqZhaIt9WTVBywy4&u=U2FsdGVkX18TXWj/kxHN3SwnaBG/yMuOC+woyvKqhXCqk+/GtBflr4zKeXbYQ6me&y=U2FsdGVkX19ta8BDVDd/lVUup1wkqnvY3CGj0xCfWVs+hdSg4bmyh8KvSTWKH1kd HTTP/1.1" 200 25
186.102.24.94 - - [18/May/2022:04:27:10 -0500] "GET /kwssiamovil/sm/acme/a?s=U2FsdGVkX19qBGtbsr1gP9SQtZEhV+E0IhChdPmAxey4qC+tZZX5iHcAUyr+gunR8aW/Uf+aGFRUqDtIMcrNBPd9ffTm5uAh+PHspi6112XEbVKsMwvWhwPipWMGNbI/V8LTG/vKQSrQkwCcXB2EiYcqBnWjUZIPquwmMnqxtcg=&u=U2FsdGVkX18TXWj/kxHN3SwnaBG/yMuOC+woyvKqhXCqk+/GtBflr4zKeXbYQ6me&y=U2FsdGVkX19ta8BDVDd/lVUup1wkqnvY3CGj0xCfWVs+hdSg4bmyh8KvSTWKH1kd HTTP/1.1" 200 25
186.102.24.94 - - [18/May/2022:04:27:10 -0500] "GET /kwssiamovil/sm/acme/a?s=U2FsdGVkX18qfpZHz29iOxKG/xSOORng4jTZMmL5HZLVyajjQXnqStwXQBTSqc4YLctDYFFp2EF9HcrPsPX2W/MnEU5/760S4T7w4R+0vICI3HXpX6SAZ9KlrB1SDpxS6PX0w16BK1DLBpA5MC9XWmfj6Mnwywbj+tPqF/RQcoU=&u=U2FsdGVkX18TXWj/kxHN3SwnaBG/yMuOC+woyvKqhXCqk+/GtBflr4zKeXbYQ6me&y=U2FsdGVkX19ta8BDVDd/lVUup1wkqnvY3CGj0xCfWVs+hdSg4bmyh8KvSTWKH1kd HTTP/1.1" 200 25
186.102.24.94 - - [18/May/2022:04:27:11 -0500] "GET /kwssiamovil/sm/acme/a?s=U2FsdGVkX1+upinNhrSKh4p4wecPLkd6wiM1tN1mTdBkI3jrr7KgX3kHaZr9SYXbHDW2xBCsyQ20OmbE2Se39u6vuJJzACBUhHY5tkFaaZH102jbkGO/W0kweE/95aDCnaSZ+afUuXGGgAaM3jsh3Yh4j8QFnfExJEkmbH3PWrQ=&u=U2FsdGVkX18TXWj/kxHN3SwnaBG/yMuOC+woyvKqhXCqk+/GtBflr4zKeXbYQ6me&y=U2FsdGVkX19ta8BDVDd/lVUup1wkqnvY3CGj0xCfWVs+hdSg4bmyh8KvSTWKH1kd HTTP/1.1" 200 25
186.102.24.94 - - [18/May/2022:04:27:11 -0500] "GET /kwssiamovil/sm/acme/a?s=U2FsdGVkX19oXpFb9VxaPyijopl6Bhi8KdK/3C5i7dfxdqc1Rd2+LWvm5bD46VpaGsRQ7J9KYvPY/QK2nIxKL2IIrrti6HKoR85p2x/A7byownC+/RXKSkKIMxjk4XMAkDUvsWpEPLuFcNCC3rHbaBX6uB5h74Ws76OEDWDysonwDsK+7FXuOxCGA+NvBvZw&u=U2FsdGVkX18TXWj/kxHN3SwnaBG/yMuOC+woyvKqhXCqk+/GtBflr4zKeXbYQ6me&y=U2FsdGVkX19ta8BDVDd/lVUup1wkqnvY3CGj0xCfWVs+hdSg4bmyh8KvSTWKH1kd HTTP/1.1" 200 25
186.102.24.94 - - [18/May/2022:04:27:11 -0500] "GET /kwssiamovil/sm/acme/a?s=U2FsdGVkX196FzDhJAmAsGl9j5mR6Hb+a+NyKWwCSHCYYKfBcXF3gAB572CIV8yVNXUmxt4dfMkMSgOaOf1rCsr7hz0S78DJ+w3rfPY1h7VAMlCk+bbOiYOMLgyxMX1kEEuzJ88eSgt6LOFeUlcd4Abisc2sCk+XkXcPYjxm3nRvh+ubEL8WZ/fs+bMdNYooDkyPuCiMBtAKEHLfJGQAIQ==&u=U2FsdGVkX18TXWj/kxHN3SwnaBG/yMuOC+woyvKqhXCqk+/GtBflr4zKeXbYQ6me&y=U2FsdGVkX19ta8BDVDd/lVUup1wkqnvY3CGj0xCfWVs+hdSg4bmyh8KvSTWKH1kd HTTP/1.1" 200 25
186.102.24.94 - - [18/May/2022:04:27:12 -0500] "GET /kwssiamovil/sm/acme/a?s=U2FsdGVkX18dP74GZWUwYHAafsGqD6fVMl1RVNEnHvEVsPNmrg0N4reY3qaXxkWrFYBXBh3dMoQBcLM6lAJDJSfoBCYI1zQo7r4aBePcT4Lls75Pamqi9hkMIgka/ql/3bfVZojNgsblOcDmS3Oxun4w7rLPSzbCpVze6yiPga2ZEfSdiTNsExhsgjEHev8T&u=U2FsdGVkX18TXWj/kxHN3SwnaBG/yMuOC+woyvKqhXCqk+/GtBflr4zKeXbYQ6me&y=U2FsdGVkX19ta8BDVDd/lVUup1wkqnvY3CGj0xCfWVs+hdSg4bmyh8KvSTWKH1kd HTTP/1.1" 200 25
172.22.2.4 - - [18/May/2022:04:25:36 -0500] "HEAD /BLA/boletinlegal/ HTTP/1.1" 200 -
114.119.154.81 - - [18/May/2022:04:27:23 -0500] "GET /portaldeninos/wp-content/uploads/useanyfont/uaf.css?ver=1589905315 HTTP/1.1" 200 408
114.119.154.81 - - [18/May/2022:04:27:23 -0500] "GET /portaldeninos/wp-content/themes/betheme/style.css?ver=20.9.6 HTTP/1.1" 200 287
114.119.154.81 - - [18/May/2022:04:27:23 -0500] "GET /portaldeninos/wp-content/plugins/gallery-videos/CSS/Total-Soft-Gallery-Video-Widget.css?ver=4.9.8 HTTP/1.1" 200 51554
114.119.154.81 - - [18/May/2022:04:27:23 -0500] "GET /portaldeninos/wp-content/themes/betheme/css/base.css?ver=20.9.6 HTTP/1.1" 200 57283
114.119.154.81 - - [18/May/2022:04:27:23 -0500] "GET /portaldeninos/wp-content/plugins/gallery-videos/CSS/totalsoft.css?ver=4.9.8 HTTP/1.1" 200 40622
114.119.154.81 - - [18/May/2022:04:27:23 -0500] "GET /portaldeninos/wp-content/themes/betheme/assets/animations/animations.min.css?ver=20.9.6 HTTP/1.1" 200 58508
114.119.154.81 - - [18/May/2022:04:27:24 -0500] "GET /portaldeninos/wp-content/themes/betheme/assets/jplayer/css/jplayer.blue.monday.css?ver=20.9.6 HTTP/1.1" 200 9834
114.119.154.81 - - [18/May/2022:04:27:23 -0500] "GET /portaldeninos/wp-content/themes/betheme/css/layout.css?ver=20.9.6 HTTP/1.1" 200 116639
114.119.154.81 - - [18/May/2022:04:27:24 -0500] "GET /portaldeninos/wp-content/themes/betheme/assets/ui/jquery.ui.all.css?ver=20.9.6 HTTP/1.1" 200 18765
114.119.154.81 - - [18/May/2022:04:27:24 -0500] "GET /portaldeninos/wp-content/themes/betheme/css/responsive.css?ver=20.9.6 HTTP/1.1" 200 55740
114.119.154.81 - - [18/May/2022:04:27:23 -0500] "GET /portaldeninos/wp-content/themes/betheme/css/shortcodes.css?ver=20.9.6 HTTP/1.1" 200 138889
114.119.154.81 - - [18/May/2022:04:27:25 -0500] "GET /portaldeninos/wp-content/plugins/gallery-videos/JS/modernizr.custom.js?ver=4.9.8 HTTP/1.1" 200 9019
114.119.154.81 - - [18/May/2022:04:27:25 -0500] "GET /portaldeninos/wp-includes/js/jquery/ui/core.min.js?ver=1.11.4 HTTP/1.1" 200 4000
114.119.154.81 - - [18/May/2022:04:27:25 -0500] "GET /portaldeninos/wp-content/plugins/google-analytics-for-wordpress/assets/js/frontend-gtag.min.js?ver=8.5.0 HTTP/1.1" 200 11801
114.119.154.81 - - [18/May/2022:04:27:25 -0500] "GET /portaldeninos/wp-includes/js/jquery/jquery-migrate.min.js?ver=1.4.1 HTTP/1.1" 200 10056
114.119.154.81 - - [18/May/2022:04:27:25 -0500] "GET /portaldeninos/wp-includes/js/jquery/jquery.js?ver=1.12.4 HTTP/1.1" 200 97184
114.119.154.81 - - [18/May/2022:04:27:25 -0500] "GET /portaldeninos/wp-content/plugins/gallery-videos/JS/Total-Soft-Gallery-Video-Widget.js?ver=4.9.8 HTTP/1.1" 200 80264
114.119.154.81 - - [18/May/2022:04:27:26 -0500] "GET /portaldeninos/wp-includes/js/jquery/ui/widget.min.js?ver=1.11.4 HTTP/1.1" 200 6908
114.119.154.81 - - [18/May/2022:04:27:26 -0500] "GET /portaldeninos/wp-includes/js/jquery/ui/mouse.min.js?ver=1.11.4 HTTP/1.1" 200 3148
114.119.154.81 - - [18/May/2022:04:27:26 -0500] "GET /portaldeninos/wp-includes/js/jquery/ui/tabs.min.js?ver=1.11.4 HTTP/1.1" 200 12110
114.119.154.81 - - [18/May/2022:04:27:26 -0500] "GET /portaldeninos/wp-includes/js/jquery/ui/sortable.min.js?ver=1.11.4 HTTP/1.1" 200 24899
114.119.154.81 - - [18/May/2022:04:27:27 -0500] "GET /portaldeninos/wp-content/themes/betheme/js/menu.js?ver=20.9.6 HTTP/1.1" 200 2449
216.245.221.92 - - [18/May/2022:04:27:27 -0500] "HEAD / HTTP/1.1" 200 -
114.119.154.81 - - [18/May/2022:04:27:28 -0500] "GET /portaldeninos/wp-includes/js/jquery/ui/accordion.min.js?ver=1.11.4 HTTP/1.1" 200 8584
114.119.154.81 - - [18/May/2022:04:27:28 -0500] "GET /portaldeninos/wp-content/themes/betheme/assets/animations/animations.min.js?ver=20.9.6 HTTP/1.1" 200 1896
114.119.154.81 - - [18/May/2022:04:27:27 -0500] "GET /portaldeninos/wp-content/themes/betheme/js/plugins.js?ver=20.9.6 HTTP/1.1" 200 197151
114.119.154.81 - - [18/May/2022:04:27:28 -0500] "GET /portaldeninos/wp-includes/js/wp-embed.min.js?ver=4.9.8 HTTP/1.1" 200 1398
114.119.154.81 - - [18/May/2022:04:27:28 -0500] "GET /portaldeninos/wp-content/themes/betheme/assets/jplayer/jplayer.min.js?ver=20.9.6 HTTP/1.1" 200 52702
114.119.154.81 - - [18/May/2022:04:27:28 -0500] "GET /portaldeninos/wp-content/themes/betheme/js/scripts.js?ver=20.9.6 HTTP/1.1" 200 77162
114.119.154.81 - - [18/May/2022:04:27:34 -0500] "GET /portaldeninos/wp-includes/js/wp-emoji-release.min.js?ver=4.9.8 HTTP/1.1" 200 12026
172.22.2.4 - - [18/May/2022:04:26:26 -0500] "GET /BLA/boletinlegal/ HTTP/1.1" 200 58588
193.106.191.48 - - [18/May/2022:04:30:54 -0500] "GET / HTTP/1.1" 200 319
216.245.221.92 - - [18/May/2022:04:32:27 -0500] "HEAD / HTTP/1.1" 200 -
172.22.2.4 - - [18/May/2022:04:31:26 -0500] "HEAD /BLA/boletinlegal/ HTTP/1.1" 200 -
201.245.192.253 - - [18/May/2022:04:32:29 -0500] "POST /kwsrmcab/Wsrmcab HTTP/1.1" 200 46937
172.22.2.4 - - [18/May/2022:04:32:16 -0500] "GET /BLA/boletinlegal/ HTTP/1.1" 200 56300
201.245.192.253 - - [18/May/2022:04:33:20 -0500] "POST /kwsrmcab/Wsrmcab HTTP/1.1" 200 43780
170.130.187.6 - - [18/May/2022:04:34:33 -0500] "GET / HTTP/1.1" 200 319
216.245.221.92 - - [18/May/2022:04:37:27 -0500] "HEAD / HTTP/1.1" 200 -
207.46.13.134 - - [18/May/2022:04:37:59 -0500] "GET / HTTP/1.1" 200 319
172.22.2.4 - - [18/May/2022:04:37:16 -0500] "HEAD /BLA/boletinlegal/ HTTP/1.1" 200 -
207.46.13.74 - - [18/May/2022:04:39:08 -0500] "GET /bla/resoluciones/resoluciones%202022/0161.pdf HTTP/1.1" 200 354680
172.22.2.4 - - [18/May/2022:04:38:06 -0500] "GET /BLA/boletinlegal/ HTTP/1.1" 200 60932
207.46.13.74 - - [18/May/2022:04:41:08 -0500] "GET /bla/resoluciones/resoluciones%202022/0318.pdf HTTP/1.1" 200 339168
216.245.221.92 - - [18/May/2022:04:42:27 -0500] "HEAD / HTTP/1.1" 200 -
201.245.192.253 - - [18/May/2022:04:42:29 -0500] "POST /kwsrmcab/Wsrmcab HTTP/1.1" 200 46937
201.245.192.253 - - [18/May/2022:04:43:19 -0500] "POST /kwsrmcab/Wsrmcab HTTP/1.1" 200 43780
172.22.2.4 - - [18/May/2022:04:43:06 -0500] "HEAD /BLA/boletinlegal/ HTTP/1.1" 200 -
186.216.134.198 - - [18/May/2022:04:45:17 -0500] "GET / HTTP/1.1" 400 946
172.22.2.4 - - [18/May/2022:04:43:56 -0500] "GET /BLA/boletinlegal/ HTTP/1.1" 200 60932
128.14.134.134 - - [18/May/2022:04:45:57 -0500] "GET / HTTP/1.1" 200 319
216.245.221.92 - - [18/May/2022:04:47:27 -0500] "HEAD / HTTP/1.1" 200 -
172.22.2.4 - - [18/May/2022:04:48:56 -0500] "HEAD /BLA/boletinlegal/ HTTP/1.1" 200 -
172.22.2.4 - - [18/May/2022:04:49:46 -0500] "GET /BLA/boletinlegal/ HTTP/1.1" 200 59688
216.245.221.92 - - [18/May/2022:04:52:27 -0500] "HEAD / HTTP/1.1" 200 -
172.22.2.4 - - [18/May/2022:04:54:46 -0500] "HEAD /BLA/boletinlegal/ HTTP/1.1" 200 -
172.22.2.4 - - [18/May/2022:04:55:36 -0500] "GET /BLA/boletinlegal/ HTTP/1.1" 200 60932
216.245.221.92 - - [18/May/2022:04:57:27 -0500] "HEAD / HTTP/1.1" 200 -
172.22.2.4 - - [18/May/2022:05:01:32 -0500] "GET /BLA/boletinlegal/doctrina.php HTTP/1.1" 200 5604
172.22.2.4 - - [18/May/2022:05:01:47 -0500] "GET /BLA/boletinlegal/js/ajax_doctrina.js HTTP/1.1" 200 772
172.22.2.4 - - [18/May/2022:05:00:36 -0500] "HEAD /BLA/boletinlegal/ HTTP/1.1" 200 -
216.245.221.92 - - [18/May/2022:05:02:27 -0500] "HEAD / HTTP/1.1" 200 -
157.55.39.8 - - [18/May/2022:05:02:47 -0500] "GET /bla/resoluciones/resoluciones%202022/0301.pdf HTTP/1.1" 200 347074
172.22.2.4 - - [18/May/2022:05:01:26 -0500] "GET /BLA/boletinlegal/ HTTP/1.1" 200 59170
40.77.167.40 - - [18/May/2022:05:07:02 -0500] "GET /bla/resoluciones/autos%202018/2030.pdf HTTP/1.1" 200 297015
88.80.189.72 - - [18/May/2022:05:07:11 -0500] "GET / HTTP/1.1" 200 319
216.245.221.92 - - [18/May/2022:05:07:27 -0500] "HEAD / HTTP/1.1" 200 -
207.46.13.134 - - [18/May/2022:05:07:51 -0500] "GET /BLA/resoluciones/AUTOS%202018/6590.pdf HTTP/1.1" 304 -
172.22.2.4 - - [18/May/2022:05:06:26 -0500] "HEAD /BLA/boletinlegal/ HTTP/1.1" 200 -
172.22.2.4 - - [18/May/2022:05:07:16 -0500] "GET /BLA/boletinlegal/ HTTP/1.1" 200 60932
173.252.127.13 - - [18/May/2022:05:09:48 -0500] "GET /pacto-por-la-madera-legal-gobernanza-forestal-el-camino-para-la-sostenibilidad.html HTTP/1.1" 206 1051
66.249.65.13 - - [18/May/2022:05:10:40 -0500] "-" 408 -
193.106.191.48 - - [18/May/2022:05:11:05 -0500] "GET /actuator/gateway/routes HTTP/1.1" 404 1018
157.55.39.8 - - [18/May/2022:05:11:58 -0500] "GET /BLA/resoluciones/index.php?dir=AUTOS+2008%2F HTTP/1.1" 200 569644
216.245.221.92 - - [18/May/2022:05:12:27 -0500] "HEAD / HTTP/1.1" 200 -
157.55.39.8 - - [18/May/2022:05:13:48 -0500] "GET /BLA/resoluciones/AUTOS%202013/3209.pdf HTTP/1.1" 304 -
172.22.2.4 - - [18/May/2022:05:12:16 -0500] "HEAD /BLA/boletinlegal/ HTTP/1.1" 200 -
172.22.2.4 - - [18/May/2022:05:13:06 -0500] "GET /BLA/boletinlegal/ HTTP/1.1" 200 58006
40.77.167.40 - - [18/May/2022:05:16:11 -0500] "GET /BLA/resoluciones/index.php?dir=AUTOS+2016%2F HTTP/1.1" 200 324613
207.46.13.37 - - [18/May/2022:05:16:34 -0500] "GET /BLA/resoluciones/dlf/styles.css HTTP/1.1" 200 3049
181.61.208.208 - - [18/May/2022:05:16:45 -0500] "GET /bogota-ya-cuenta-mas-de-70-negocios-verdes-verificados.html?fbclid=IwAR1RR5D_Aglh84SL00rQHxS6GZbIVyonzZc0YsY_pSMm-BN3gUJ8FdBHmBg HTTP/1.1" 200 992
172.22.2.4 - - [18/May/2022:05:16:47 -0500] "GET /BLA/boletinlegal/favicon.ico HTTP/1.1" 404 1018
172.22.2.4 - - [18/May/2022:05:16:48 -0500] "GET /BLA/boletinlegal/robots.txt HTTP/1.1" 404 1018
172.22.2.4 - - [18/May/2022:05:16:49 -0500] "GET /BLA/boletinlegal/.well-known/security.txt HTTP/1.1" 404 1018
172.22.2.4 - - [18/May/2022:05:16:14 -0500] "GET /BLA/boletinlegal/ HTTP/1.1" 200 40907
216.245.221.92 - - [18/May/2022:05:17:27 -0500] "HEAD / HTTP/1.1" 200 -
172.22.2.4 - - [18/May/2022:05:17:48 -0500] "GET /BLA/boletinlegal/robots.txt HTTP/1.1" 404 1038
172.22.2.4 - - [18/May/2022:05:17:48 -0500] "GET /BLA/boletinlegal/jurisprudencia/analisis/ANALISIST-672-14.docx HTTP/1.1" 304 -
172.22.2.4 - - [18/May/2022:05:18:06 -0500] "HEAD /BLA/boletinlegal/ HTTP/1.1" 200 -
172.22.2.4 - - [18/May/2022:05:18:56 -0500] "GET /BLA/boletinlegal/ HTTP/1.1" 200 60932
216.245.221.92 - - [18/May/2022:05:22:27 -0500] "HEAD / HTTP/1.1" 200 -
201.245.192.253 - - [18/May/2022:05:22:29 -0500] "POST /kwsrmcab/Wsrmcab HTTP/1.1" 200 46893
201.245.192.253 - - [18/May/2022:05:23:18 -0500] "POST /kwsrmcab/Wsrmcab HTTP/1.1" 200 43778
205.169.39.74 - - [18/May/2022:05:24:10 -0500] "GET /portaldeninos/wp-includes/js/wp-emoji-release.min.js?ver=4.9.8 HTTP/1.1" 200 12026
205.169.39.74 - - [18/May/2022:05:24:15 -0500] "GET /portaldeninos/wp-content/plugins/google-analytics-for-wordpress/assets/js/frontend-gtag.min.js?ver=8.5.0 HTTP/1.1" 200 11801
205.169.39.74 - - [18/May/2022:05:24:16 -0500] "GET /portaldeninos/wp-includes/js/jquery/jquery.js?ver=1.12.4 HTTP/1.1" 200 97184
205.169.39.74 - - [18/May/2022:05:24:18 -0500] "GET /portaldeninos/wp-includes/js/jquery/jquery-migrate.min.js?ver=1.4.1 HTTP/1.1" 200 10056
205.169.39.74 - - [18/May/2022:05:24:19 -0500] "GET /portaldeninos/wp-includes/js/jquery/ui/core.min.js?ver=1.11.4 HTTP/1.1" 200 4000
205.169.39.74 - - [18/May/2022:05:24:19 -0500] "GET /portaldeninos/wp-content/plugins/gallery-videos/JS/modernizr.custom.js?ver=4.9.8 HTTP/1.1" 200 9019
205.169.39.74 - - [18/May/2022:05:24:19 -0500] "GET /portaldeninos/wp-content/plugins/gallery-videos/JS/Total-Soft-Gallery-Video-Widget.js?ver=4.9.8 HTTP/1.1" 200 80264
205.169.39.74 - - [18/May/2022:05:24:21 -0500] "GET /portaldeninos/wp-includes/js/jquery/ui/widget.min.js?ver=1.11.4 HTTP/1.1" 200 6908
205.169.39.74 - - [18/May/2022:05:24:21 -0500] "GET /portaldeninos/wp-includes/js/jquery/ui/mouse.min.js?ver=1.11.4 HTTP/1.1" 200 3148
205.169.39.74 - - [18/May/2022:05:24:21 -0500] "GET /portaldeninos/wp-includes/js/jquery/ui/sortable.min.js?ver=1.11.4 HTTP/1.1" 200 24899
205.169.39.74 - - [18/May/2022:05:24:22 -0500] "GET /portaldeninos/wp-includes/js/jquery/ui/tabs.min.js?ver=1.11.4 HTTP/1.1" 200 12110
205.169.39.74 - - [18/May/2022:05:24:22 -0500] "GET /portaldeninos/wp-includes/js/jquery/ui/accordion.min.js?ver=1.11.4 HTTP/1.1" 200 8584
205.169.39.74 - - [18/May/2022:05:24:22 -0500] "GET /portaldeninos/wp-content/themes/betheme/js/plugins.js?ver=20.9.6 HTTP/1.1" 200 197151
205.169.39.74 - - [18/May/2022:05:24:25 -0500] "GET /portaldeninos/wp-content/themes/betheme/js/menu.js?ver=20.9.6 HTTP/1.1" 200 2449
205.169.39.74 - - [18/May/2022:05:24:25 -0500] "GET /portaldeninos/wp-content/themes/betheme/assets/animations/animations.min.js?ver=20.9.6 HTTP/1.1" 200 1896
205.169.39.74 - - [18/May/2022:05:24:25 -0500] "GET /portaldeninos/wp-content/themes/betheme/assets/jplayer/jplayer.min.js?ver=20.9.6 HTTP/1.1" 200 52702
205.169.39.74 - - [18/May/2022:05:24:26 -0500] "GET /portaldeninos/wp-content/themes/betheme/js/scripts.js?ver=20.9.6 HTTP/1.1" 200 77162
205.169.39.74 - - [18/May/2022:05:24:27 -0500] "GET /portaldeninos/wp-includes/js/wp-embed.min.js?ver=4.9.8 HTTP/1.1" 200 1398
172.22.2.4 - - [18/May/2022:05:23:56 -0500] "HEAD /BLA/boletinlegal/ HTTP/1.1" 200 -
172.22.2.4 - - [18/May/2022:05:24:46 -0500] "GET /BLA/boletinlegal/ HTTP/1.1" 200 61416
216.245.221.92 - - [18/May/2022:05:27:27 -0500] "HEAD / HTTP/1.1" 200 -
69.63.189.111 - - [18/May/2022:05:29:59 -0500] "GET /images/secretaria-rio-bogota-avances-12-mayo.jpg HTTP/1.1" 200 37281
172.22.2.4 - - [18/May/2022:05:29:46 -0500] "HEAD /BLA/boletinlegal/ HTTP/1.1" 200 -
172.22.2.4 - - [18/May/2022:05:30:36 -0500] "GET /BLA/boletinlegal/ HTTP/1.1" 200 60932
216.245.221.92 - - [18/May/2022:05:32:27 -0500] "HEAD / HTTP/1.1" 200 -
201.245.192.253 - - [18/May/2022:05:32:29 -0500] "POST /kwsrmcab/Wsrmcab HTTP/1.1" 200 46893
201.245.192.253 - - [18/May/2022:05:33:20 -0500] "POST /kwsrmcab/Wsrmcab HTTP/1.1" 200 43778
172.22.2.4 - - [18/May/2022:05:35:36 -0500] "HEAD /BLA/boletinlegal/ HTTP/1.1" 200 -
216.245.221.92 - - [18/May/2022:05:37:27 -0500] "HEAD / HTTP/1.1" 200 -
172.22.2.4 - - [18/May/2022:05:36:26 -0500] "GET /BLA/boletinlegal/ HTTP/1.1" 200 58588
207.46.13.74 - - [18/May/2022:05:41:17 -0500] "GET /sipse/faces/faces/autenticacion.xhtml HTTP/1.1" 200 12495
216.245.221.92 - - [18/May/2022:05:42:27 -0500] "HEAD / HTTP/1.1" 200 -
172.22.2.4 - - [18/May/2022:05:41:26 -0500] "HEAD /BLA/boletinlegal/ HTTP/1.1" 200 -
201.245.192.253 - - [18/May/2022:05:42:29 -0500] "POST /kwsrmcab/Wsrmcab HTTP/1.1" 200 46893
172.22.2.4 - - [18/May/2022:05:42:16 -0500] "GET /BLA/boletinlegal/ HTTP/1.1" 200 59170
201.245.192.253 - - [18/May/2022:05:43:19 -0500] "POST /kwsrmcab/Wsrmcab HTTP/1.1" 200 43778
157.55.39.8 - - [18/May/2022:05:46:21 -0500] "GET /bla/resoluciones/resoluciones%202022/0412.pdf HTTP/1.1" 200 354470
216.245.221.92 - - [18/May/2022:05:47:27 -0500] "HEAD / HTTP/1.1" 200 -
172.22.2.4 - - [18/May/2022:05:47:16 -0500] "HEAD /BLA/boletinlegal/ HTTP/1.1" 200 -
172.22.2.4 - - [18/May/2022:05:48:06 -0500] "GET /BLA/boletinlegal/ HTTP/1.1" 200 58006
216.245.221.92 - - [18/May/2022:05:52:27 -0500] "HEAD / HTTP/1.1" 200 -
114.119.153.152 - - [18/May/2022:05:52:52 -0500] "-" 408 -
114.119.139.1 - - [18/May/2022:05:53:22 -0500] "-" 408 -
114.119.143.114 - - [18/May/2022:05:53:54 -0500] "-" 408 -
207.46.13.37 - - [18/May/2022:05:54:08 -0500] "GET /bla/resoluciones/resoluciones%202022/0378.pdf HTTP/1.1" 200 329715
151.139.51.38 - - [18/May/2022:05:54:44 -0500] "GET /dia-mundial-de-las-aves-migratorias-cuidado-y-proteccion-para-la-biodiversidad.html HTTP/1.0" 200 1027
172.22.2.4 - - [18/May/2022:05:53:06 -0500] "HEAD /BLA/boletinlegal/ HTTP/1.1" 200 -
40.77.167.40 - - [18/May/2022:05:53:07 -0500] "GET /BLA/boletinlegal/index.php HTTP/1.1" 200 50207
212.192.246.130 - - [18/May/2022:05:54:51 -0500] "GET /muieblackcat HTTP/1.1" 404 1018
212.192.246.130 - - [18/May/2022:05:54:51 -0500] "GET //phpMyAdmin/scripts/setup.php HTTP/1.1" 403 1165
212.192.246.130 - - [18/May/2022:05:54:52 -0500] "GET //phpmyadmin/scripts/setup.php HTTP/1.1" 403 1165
212.192.246.130 - - [18/May/2022:05:54:52 -0500] "GET //pma/scripts/setup.php HTTP/1.1" 404 1018
212.192.246.130 - - [18/May/2022:05:54:52 -0500] "GET //myadmin/scripts/setup.php HTTP/1.1" 404 1018
212.192.246.130 - - [18/May/2022:05:54:53 -0500] "GET //MyAdmin/scripts/setup.php HTTP/1.1" 404 1018
172.22.2.4 - - [18/May/2022:05:53:56 -0500] "GET /BLA/boletinlegal/ HTTP/1.1" 200 54090
69.63.189.1 - - [18/May/2022:05:56:47 -0500] "GET /dia-mundial-del-reciclaje-residuos-especiales-y-peligrosos-deben-ser-dispuestos-en-puntos-autorizados.html HTTP/1.1" 206 843
69.63.189.117 - - [18/May/2022:05:56:47 -0500] "GET /dia-mundial-del-reciclaje-residuos-especiales-y-peligrosos-deben-ser-dispuestos-en-puntos-autorizados.html HTTP/1.1" 206 843
69.63.189.116 - - [18/May/2022:05:56:47 -0500] "GET /dia-mundial-del-reciclaje-residuos-especiales-y-peligrosos-deben-ser-dispuestos-en-puntos-autorizados.html HTTP/1.1" 206 843
69.63.189.118 - - [18/May/2022:05:56:48 -0500] "GET /images/pieza-dia-reciclaje-principal17-mayo.jpg HTTP/1.1" 200 86728
216.245.221.92 - - [18/May/2022:05:57:27 -0500] "HEAD / HTTP/1.1" 200 -
172.22.2.4 - - [18/May/2022:05:58:56 -0500] "HEAD /BLA/boletinlegal/ HTTP/1.1" 200 -
172.22.2.4 - - [18/May/2022:06:01:07 -0500] "GET /BLA/boletinlegal/robots.txt HTTP/1.1" 404 1038
173.252.87.10 - - [18/May/2022:06:01:15 -0500] "GET /dia-mundial-del-reciclaje-residuos-especiales-y-peligrosos-deben-ser-dispuestos-en-puntos-autorizados.html HTTP/1.1" 206 843
66.220.149.1 - - [18/May/2022:06:01:15 -0500] "GET /dia-mundial-del-reciclaje-residuos-especiales-y-peligrosos-deben-ser-dispuestos-en-puntos-autorizados.html HTTP/1.1" 206 843
69.63.189.116 - - [18/May/2022:06:01:16 -0500] "GET /images/pieza-dia-reciclaje-principal17-mayo.jpg HTTP/1.1" 200 86728
69.63.189.118 - - [18/May/2022:06:01:16 -0500] "GET /dia-mundial-del-reciclaje-residuos-especiales-y-peligrosos-deben-ser-dispuestos-en-puntos-autorizados.html HTTP/1.1" 206 843
69.63.189.116 - - [18/May/2022:06:01:18 -0500] "GET /dia-mundial-del-reciclaje-residuos-especiales-y-peligrosos-deben-ser-dispuestos-en-puntos-autorizados.html HTTP/1.1" 206 843
172.22.2.4 - - [18/May/2022:05:59:46 -0500] "GET /BLA/boletinlegal/ HTTP/1.1" 200 59170
157.55.39.8 - - [18/May/2022:06:02:13 -0500] "GET /bla/resoluciones/resoluciones%202022/0308.pdf HTTP/1.1" 200 339108
181.58.39.168 - - [18/May/2022:06:02:24 -0500] "GET /dia-mundial-del-reciclaje-residuos-especiales-y-peligrosos-deben-ser-dispuestos-en-puntos-autorizados.html HTTP/1.1" 200 843
181.58.39.168 - - [18/May/2022:06:02:24 -0500] "GET /images/pieza-dia-reciclaje-principal17-mayo.jpg HTTP/1.1" 200 86728
216.245.221.92 - - [18/May/2022:06:02:27 -0500] "HEAD / HTTP/1.1" 200 -
172.22.2.4 - - [18/May/2022:06:02:41 -0500] "GET /BLA/boletinlegal/actos.php HTTP/1.1" 200 9559
172.22.2.4 - - [18/May/2022:06:02:48 -0500] "GET /BLA/boletinlegal/jurisprudencia/analisis/CUADRO%20ANALISIS%20SENTENCIA%20T-411%20DE%201992.doc HTTP/1.1" 304 -
172.22.2.4 - - [18/May/2022:06:02:52 -0500] "GET /BLA/boletinlegal/js/ajax_actos.js HTTP/1.1" 200 1322
172.22.2.4 - - [18/May/2022:06:03:00 -0500] "GET /BLA/boletinlegal/niceforms.js HTTP/1.1" 200 22876
181.58.39.168 - - [18/May/2022:06:03:57 -0500] "GET /dia-mundial-del-reciclaje-residuos-especiales-y-peligrosos-deben-ser-dispuestos-en-puntos-autorizados.html HTTP/1.1" 200 843
40.77.167.40 - - [18/May/2022:06:05:17 -0500] "GET /bla/resoluciones/resoluciones%202022/0397.pdf HTTP/1.1" 200 355719
172.22.2.4 - - [18/May/2022:06:04:46 -0500] "HEAD /BLA/boletinlegal/ HTTP/1.1" 200 -
172.22.2.4 - - [18/May/2022:06:05:36 -0500] "GET /BLA/boletinlegal/ HTTP/1.1" 200 56300
216.245.221.92 - - [18/May/2022:06:07:27 -0500] "HEAD / HTTP/1.1" 200 -
207.46.13.64 - - [18/May/2022:06:09:57 -0500] "GET / HTTP/1.1" 200 4720
172.22.2.4 - - [18/May/2022:06:10:36 -0500] "HEAD /BLA/boletinlegal/ HTTP/1.1" 200 -
216.245.221.92 - - [18/May/2022:06:12:27 -0500] "HEAD / HTTP/1.1" 200 -
172.22.2.4 - - [18/May/2022:06:11:26 -0500] "GET /BLA/boletinlegal/ HTTP/1.1" 200 61416
181.53.13.60 - - [18/May/2022:06:13:13 -0500] "GET /kwssiamovil/sm/acme/a?s=U2FsdGVkX1+FbAyB45yCzLzTY6WQSImc/1v45fPIGNjrjEYs8eQpJsB/4w3NJxj4Z/VN+PZe7tbgkVGY3C+B5QU03d5T3kdYGGvt+s3/14/7AoX5wpVbN+1Zj4ZOOh0zQT42W1JPnS4xvNL4vnpoHEQRi4rgUw9UXb6trzSh11jUj4nM5XlgqqhqocEhPpFvfMAWf0LUj5f8jYO9o3shmC4K2tisO77DT1oxKEHXRhx5Kw48js4ABnUtFNrUajqAfqbb9XO++9PCggd2RoRC8g==&u=U2FsdGVkX19dgkmAPci7roM9cD+RODj0JU3Ux61pelg=&y=U2FsdGVkX19KmcoeZb2eULj3OSJQPIDN2XAJWLwnGyzo4/fMMgyb8FtyHk4R4ZUf HTTP/1.1" 200 25
181.53.13.60 - - [18/May/2022:06:13:13 -0500] "GET /kwssiamovil/sm/acme/a?s=U2FsdGVkX1+AVvsVVII/IOVur7Nv1L5CP3j2h0GCV7Fvy4SqbbABBtG1xrsRIQ9L3PzoUG6UKRu6wGhX2xNeHr/KVQsxDlDscw7iZZAlC6mu+EDbbkfGhmTZgp71z+jkt2gkTU6T6nn40F+HhnRJ4/AbzgVhe3337kaeenJlua35iktmxpPC6adO/hOkX5XFeAa2+JiNLsck+haKNRFN6desT43VO7TNYVvb4RPmevlqHozD4DV5UIsDRJ6sc/PeqHVhz8N2JYgFE30htQBF/k9GjoYCmufgeJjnrgRrLp297ireWsz+p8xV292kGRCXhlFWqiSwmjw0ymVH0v1q9OKIJypfE/XQ0sW3ac/EHCx0RwsEfZKio8s+emFI+ZEo63ruQpZ855H02W8kheAUQYy3HClLDHTtcUnX9+xjzYdOCe6WIYhk7WzNaicdv3KKz14VvkCAaX5fsoqoLo9fXi2VXmfUZskwhWdW45WtzLwIbi0Mr3uwGvyZcdFnWnUUeXKzS9cROyTMrwyRj6/e0MfuiCzxK0vuhCyDmLXqSozfhwR7hH95HBGs5P7LLTcj7pMQ4xrgE4CVHz9h8DW/c3lGrvFni5lWJF2hRLkNx8lO5s1g7DUW4RLa6FQ2P4iO7rv3tgf7oJaUizazRDaqKfmDh7ybmQNBkHfqbwa9CQZD4Bg2IKiJH2lJNgR/1JTgz8c8jyUqTNXoezHC892vtUjXUVV2bJ67G7ImwCaSGBU3y6QmWpwCFRLk7/Kk5rHbz+PVhqe+hxLwr4uxBB7KMqKj8r2moexRCavZovJ2gVyUG6zILDLakkN25zF78y6oTbiqXezR7oTrbw5uVbONUq+ehDcQxZUUdt393IqQqNaszH7kByHMRdldhX0k0HRZT3CnepaGc5iakq5jFaylqLh8xPhiGRFQJwBT0o2FwPaScMFBArjJrhfbVliKbDMBoFeF5UtDMgPtqAgfUyDBMrH3lmlM7xs2BAh51EuLFdxNguvvxT0fT6Yh08m3zkhg817IfWUF482mwyFfBOody00tUyM473xfjgwdavGoUXyoF5XdGSlnC5NzHjeB46CBQ/w0XxllOsDpai0NAESwdBKsjGxY1QYw5HDEHSlf3eBokWM1OVvdJinfFYuzp0zE7pis/+hxjPe13j9bznzZ7Vxw7HmSXwkFy3OrbABWq2dgDHF7/z7qEE+V/gi7gGWskm2tznedjmGSzFEJJupzuj0K0XLaTvJduf8dD7B3geS8x/ZNaoSAcugH1KBzOF3py8uXNXl4av4t/PO+dlwWBoWULSd9fxzV2z6lL6rfR2bHQWVTyeRkQh31sRGicuDEjslLq2MqHUU6nR9ouxIwGYVhMdeMGihanS6UlXtN/Hqs2bWK1wFPMGMZdK5UFSUethxFsm3RBL4MhmWrDcok9BAt5ZoAvwOgrqX4xstBOktmYu8Q7woNLdoWRF/hDAgMBVgDStW77UR1f28aOg3/wNrGBIGktVZOk5Yr8KpXk2vhndXF209o6/93/5y7SwBSMTrZ95X/jaXHNPjCfXKcKssCwv1YMMz9XryYRtxt98iQrIXdTb2h3DkorSe8cZa076ujFPRpJUKPywAFMtheGB6eNaznV6jpV/8R1MMNouCWHxIysuUVnDwh3ek2b1kLmBARtGVIT0+XypzDYm9BZbwJaNUdIydoePwJGczK8iPBViW+K/MA/6a67S9ehGVdnmuHEsChMRw67vIiHZ1XrMAjuMP3FPkNnfVcfByhrH2YLfOkt70eRRir3IsRmxUKleY/5NWJD1IhvX1YbkimWDVf3/qLS7JiAqE3AY8tNoa0n8vWVNAV/qxOpSn8jEihYn3a/jYX5+7z0SiwfkvqgtQXvm7AFA7vPCYFQumDovlYbVHc+uqIB16IhAO8qmZjCVqWnvmf2wguuN5sob9IJGxElH1T9/dDMpFoicj8EN8Z41NDpV5+nY9+i6deP4ZH&u=U2FsdGVkX19dgkmAPci7roM9cD+RODj0JU3Ux61pelg=&y=U2FsdGVkX19KmcoeZb2eULj3OSJQPIDN2XAJWLwnGyzo4/fMMgyb8FtyHk4R4ZUf HTTP/1.1" 200 25
181.53.13.60 - - [18/May/2022:06:13:13 -0500] "GET /kwssiamovil/sm/acme/a?s=U2FsdGVkX1+I3s2EaN3YqChqBWzO+whOHY5iqWsxpQEjpfGRixR8p0kZ2MU0Fug+BTb3dCRUZHyomY0Xxuv2kEAxz7q+wVYKEYheymqbdLAxEGBUi7YXGwGCyqr8hpxE1RugqlenVizbhE5uPMZQGF6Ms/IPXfYU8Ixy2HN6qLk=&u=U2FsdGVkX19dgkmAPci7roM9cD+RODj0JU3Ux61pelg=&y=U2FsdGVkX19KmcoeZb2eULj3OSJQPIDN2XAJWLwnGyzo4/fMMgyb8FtyHk4R4ZUf HTTP/1.1" 200 25
181.53.13.60 - - [18/May/2022:06:13:14 -0500] "GET /kwssiamovil/sm/acme/a?s=U2FsdGVkX1/+PDdMzSkECdGJ2vFmwc8XOYV+mpzzvvsolL/dYgwO2BfhkgtsqrAhLaNyTufSSRJmqVSzRFStiCa76eYFeQwpgIxz42x9OYOrpXnzV3NyhdQAf0IsRoBkVS+ZfuI3sumt3AWOwAH1D9TUaRMTeAskKGOnko7GRZk=&u=U2FsdGVkX19dgkmAPci7roM9cD+RODj0JU3Ux61pelg=&y=U2FsdGVkX19KmcoeZb2eULj3OSJQPIDN2XAJWLwnGyzo4/fMMgyb8FtyHk4R4ZUf HTTP/1.1" 200 25
181.53.13.60 - - [18/May/2022:06:13:14 -0500] "GET /kwssiamovil/sm/acme/a?s=U2FsdGVkX1+eSFcodRXcNoKs/BmO25mjmEz7A7S3BDg359acWpz4gwiIbV+zd6sBF7JKwOV8ND/ZXNH+6btshOmFe1sXvZPJRKjQRzhf6D0zN9sPGsyd6nxBy71wIojjOesrMHNJj39N8+uFP28/5AOCTXCqMd/fWJTahoKqx10=&u=U2FsdGVkX19dgkmAPci7roM9cD+RODj0JU3Ux61pelg=&y=U2FsdGVkX19KmcoeZb2eULj3OSJQPIDN2XAJWLwnGyzo4/fMMgyb8FtyHk4R4ZUf HTTP/1.1" 200 25
181.53.13.60 - - [18/May/2022:06:13:14 -0500] "GET /kwssiamovil/sm/acme/a?s=U2FsdGVkX18RiN/hFG/+KlP358IcdnjF6HMm3ifsb5fD5CKZ2i+HvFembGEyGaP3tWTlv1rtfmMDs85QXo04xi6kYYR7ib3T4VOhk15qAfGUI5Bp34IHH0HH7fh1Tw4kc6fw5dykphP+ub0C+AsjpwgqD7u1rh+l4Ka9KOABUOnDFKnHDkA7gMG+fkQ0VzX3&u=U2FsdGVkX19dgkmAPci7roM9cD+RODj0JU3Ux61pelg=&y=U2FsdGVkX19KmcoeZb2eULj3OSJQPIDN2XAJWLwnGyzo4/fMMgyb8FtyHk4R4ZUf HTTP/1.1" 200 25
216.245.221.92 - - [18/May/2022:06:17:27 -0500] "HEAD / HTTP/1.1" 200 -
40.77.167.40 - - [18/May/2022:06:17:48 -0500] "GET /BLA/resoluciones/AUTOS%202018/5819.pdf HTTP/1.1" 304 -
172.22.2.4 - - [18/May/2022:06:16:26 -0500] "HEAD /BLA/boletinlegal/ HTTP/1.1" 200 -
181.56.221.235 - - [18/May/2022:06:18:27 -0500] "GET /dia-mundial-del-reciclaje-residuos-especiales-y-peligrosos-deben-ser-dispuestos-en-puntos-autorizados.html HTTP/1.1" 200 843
172.22.2.4 - - [18/May/2022:06:17:16 -0500] "GET /BLA/boletinlegal/ HTTP/1.1" 200 58588
216.245.221.92 - - [18/May/2022:06:22:27 -0500] "HEAD / HTTP/1.1" 200 -
201.245.192.253 - - [18/May/2022:06:22:29 -0500] "POST /kwsrmcab/Wsrmcab HTTP/1.1" 200 46779
207.46.13.134 - - [18/May/2022:06:23:48 -0500] "GET /bla/resoluciones/resoluciones%202022/0408.pdf HTTP/1.1" 200 373875
172.22.2.4 - - [18/May/2022:06:22:16 -0500] "HEAD /BLA/boletinlegal/ HTTP/1.1" 200 -
201.245.192.253 - - [18/May/2022:06:23:19 -0500] "POST /kwsrmcab/Wsrmcab HTTP/1.1" 200 43807
172.22.2.4 - - [18/May/2022:06:23:06 -0500] "GET /BLA/boletinlegal/ HTTP/1.1" 200 52945
172.22.2.4 - - [18/May/2022:06:24:04 -0500] "GET /BLA/boletinlegal/ HTTP/1.1" 200 32715
172.22.2.4 - - [18/May/2022:06:24:21 -0500] "GET /BLA/boletinlegal/ HTTP/1.1" 200 32715
216.245.221.92 - - [18/May/2022:06:27:27 -0500] "HEAD / HTTP/1.1" 200 -
173.252.107.10 - - [18/May/2022:06:28:03 -0500] "GET /distrito-entrego-certificado-de-reconocimiento-a-mas-de-600-mujeres-que-reverdecen-tras-seis-meses-de-formacion-teorica-y-practica.html HTTP/1.1" 206 1113
172.22.2.4 - - [18/May/2022:06:29:37 -0500] "GET /BLA/boletinlegal/jurisprudencia/analisis/AnalisisT-606-15.docx HTTP/1.1" 200 26698
172.22.2.4 - - [18/May/2022:06:28:06 -0500] "HEAD /BLA/boletinlegal/ HTTP/1.1" 200 -
172.22.2.4 - - [18/May/2022:06:28:56 -0500] "GET /BLA/boletinlegal/ HTTP/1.1" 200 60932
52.191.160.120 - - [18/May/2022:06:31:38 -0500] "GET /portaldeninos/wp-content/uploads/2020/01/Tierra-escenario.jpg HTTP/1.1" 200 181491
216.245.221.92 - - [18/May/2022:06:32:26 -0500] "HEAD / HTTP/1.1" 200 -
201.245.192.253 - - [18/May/2022:06:32:29 -0500] "POST /kwsrmcab/Wsrmcab HTTP/1.1" 200 46779
172.22.2.4 - - [18/May/2022:06:33:55 -0500] "POST /BLA/boletinlegal/vendor/phpunit/phpunit/src/Util/PHP/eval-stdin.php HTTP/1.1" 404 1018
201.245.192.253 - - [18/May/2022:06:33:19 -0500] "POST /kwsrmcab/Wsrmcab HTTP/1.1" 200 43807
69.63.189.5 - - [18/May/2022:06:34:17 -0500] "GET /images/reciclaton-mayo-3-mayo.jpg HTTP/1.1" 200 278453
34.90.140.113 - - [18/May/2022:06:34:37 -0500] "GET / HTTP/1.1" 200 319
66.249.65.15 - - [18/May/2022:06:35:18 -0500] "-" 408 -
172.22.2.4 - - [18/May/2022:06:35:24 -0500] "GET /BLA/boletinlegal/conceptos.php HTTP/1.1" 200 7443
172.22.2.4 - - [18/May/2022:06:33:56 -0500] "HEAD /BLA/boletinlegal/ HTTP/1.1" 200 -
172.22.2.4 - - [18/May/2022:06:35:37 -0500] "GET /BLA/boletinlegal/js/ajax_conceptos.js HTTP/1.1" 200 1326
172.22.2.4 - - [18/May/2022:06:34:46 -0500] "GET /BLA/boletinlegal/ HTTP/1.1" 200 61416
173.252.95.14 - - [18/May/2022:06:37:24 -0500] "GET /images/RCD1.jpg HTTP/1.1" 200 195843
216.245.221.92 - - [18/May/2022:06:37:27 -0500] "HEAD / HTTP/1.1" 200 -
172.22.2.4 - - [18/May/2022:06:39:46 -0500] "HEAD /BLA/boletinlegal/ HTTP/1.1" 200 -
172.22.2.4 - - [18/May/2022:06:40:36 -0500] "GET /BLA/boletinlegal/ HTTP/1.1" 200 59170
216.245.221.92 - - [18/May/2022:06:42:27 -0500] "HEAD / HTTP/1.1" 200 -
201.245.192.253 - - [18/May/2022:06:42:29 -0500] "POST /kwsrmcab/Wsrmcab HTTP/1.1" 200 46779
201.245.192.253 - - [18/May/2022:06:43:19 -0500] "POST /kwsrmcab/Wsrmcab HTTP/1.1" 200 43807
69.63.189.5 - - [18/May/2022:06:45:22 -0500] "GET /images/reciclaton-mayo-3-mayo.jpg HTTP/1.1" 200 278453
172.22.2.4 - - [18/May/2022:06:45:36 -0500] "HEAD /BLA/boletinlegal/ HTTP/1.1" 200 -
216.245.221.92 - - [18/May/2022:06:47:26 -0500] "HEAD / HTTP/1.1" 200 -
172.22.2.4 - - [18/May/2022:06:46:20 -0500] "GET /BLA/boletinlegal/index.php HTTP/1.1" 200 46458
172.22.2.4 - - [18/May/2022:06:46:26 -0500] "GET /BLA/boletinlegal/ HTTP/1.1" 200 46458
184.105.139.69 - - [18/May/2022:06:50:38 -0500] "GET / HTTP/1.1" 200 319
128.1.248.26 - - [18/May/2022:06:51:21 -0500] "GET / HTTP/1.1" 200 319
216.245.221.92 - - [18/May/2022:06:52:27 -0500] "HEAD / HTTP/1.1" 200 -
201.244.241.227 - - [18/May/2022:06:52:42 -0500] "GET /bogota-tendra-una-nueva-reciclaton-empresarial.html HTTP/1.1" 200 886
172.22.2.4 - - [18/May/2022:06:51:26 -0500] "HEAD /BLA/boletinlegal/ HTTP/1.1" 200 -
69.171.251.116 - - [18/May/2022:06:53:22 -0500] "GET /images/actividades-dia-aves-16-mayo.jpg HTTP/1.1" 200 147089
207.46.13.74 - - [18/May/2022:06:53:40 -0500] "GET /BLA/resoluciones/AUTOS%202010/5135.pdf HTTP/1.1" 200 400092
172.22.2.4 - - [18/May/2022:06:52:16 -0500] "GET /BLA/boletinlegal/ HTTP/1.1" 200 57044
220.230.168.16 - - [18/May/2022:06:54:24 -0500] "GET /galeria/galeria/fotos/Entrenube4P.jpg HTTP/1.1" 200 10881
181.53.13.60 - - [18/May/2022:06:54:57 -0500] "GET /kwssiamovil/sm/acme/a?s=U2FsdGVkX19Eux5XI4sTKZgF4uLXf7uTzKRCN/GPz0K4pcICoZ1ajZ4U2moj3o42Ex6uo39tbAWBjqmuIIIa/ssIVkPIIzctKCijFY/2ECGiG7VrsaDGJjHNlcjVfYvXxB+dfKebsC4duCcrmR9mxmSNqwQxDEL3CHwMFlCh/lECms5fTdUEKpJdlLgcdvq20ofjkEH1Po0ubexhH3Rl9ZUWJa3Q54FLp0/xTFiutPi/+MwfKXiNPcdCoZSUfZXRsRW5ynVhEtMZG6PV9NDgnQ==&u=U2FsdGVkX19dgkmAPci7roM9cD+RODj0JU3Ux61pelg=&y=U2FsdGVkX19KmcoeZb2eULj3OSJQPIDN2XAJWLwnGyzo4/fMMgyb8FtyHk4R4ZUf HTTP/1.1" 200 25
