186.102.53.145 - - [19/May/2022:12:20:02 -0500] "GET /kwssiamovil/sm/acme/s?s=U2FsdGVkX1+3lGjZRr1HrXHCLBBturv0yT4hKgjFL0RGG5FGH1SGjLrC0rR+qEAxZRU/FGRAsoXYevnBL1eMXpVwjmWbAfgSsB7RWQbgdGYcGznSv58V69xy6CLI7JOQEn84h/QJ5GAcDH9xZdEHNta3jLZx4NDK4FjBDBkZlDeQUUNrlF23apUJScrlH+8byKh4bSNaaqETKlZSZ+OgeSIEny5gmYooIewZYnI0gvUwxcMxZmGXFO4lfDEQkt1aegivw8em4j8FWCs/HLryAkdOYHyK0Jz0s3yoc9IBIb5dR4zm7MHh4FDfV87dGv5FVwRkBu6B6bvHfTRurGm398xcvIwC5JGrxYiV9mAP+qiSNTvC47eGsfiMrXYelcxkh5p+FhsA+WOj4O+/ZEFqwYeat/ly9ImolDEZ7tR6tL1QrrmoCQo0PtlTNH02ItrrukKx483H8cWLha+NwAsHJOD2taev173loUkPv7ObxA8KlErbzRJnGHzHSWMIgq6Ww9A2nGZFYQulbZn5kTQfp9WGz9dRLr8CgbwKjz5RgDX06eng2uzPNJMXB5rk37+kpwukUn+q58LNrroSrUCRi1vMNY874JX4OYGWqoPzkeCz0CUZrCG7R7vN4uVJp7p4lAjiQB0aDlve60kt0ZbcQlHneXmDKR9X4WPG6CKNfqrxu5cIpL5gfkqLaprB5tGmc/RNwKtdpjldk5Twc3FV3Yg27Tjz3fXe28qUN2rK5yrF6VuzLa4NMy4e7XqiLK0NSsVYLbWJokHlHlLijXLf9duiWZTZnutu0/2juihiZCEqgJsQNCJaShkJgNvqduaScC0QY9HcHSsTBfhe+eDyrNbdiVBdIzCbs/vRgFfg8s6dqPykw5OR4ng+Y9dYeLfICA5uXwpNDYL/HDseXYpHDwZDDncMx2G2GZizzB2WxT7qUqoU3lVMIwLWU6HK17yu38GyFIEjZtfo0IbKCsf5x2nroSqSAVBUpiJXjLOpzmFtMIJgTmnLBRky3ik9QPS8gCNQo5kbdByFC1XzVadkQLTklLCTTHYTntmpxKw5rLRg7z+XdOglNKWB4KObfXYdVeO5fS8Wtd6JnCGZrV9PfwdEOkhCGym9+HLug2lcWzhl0qXBx4IMjUyiCoNBW7wWy2MYoywxN/m4Rwkdwj6xzGJYCVCteElrb4T0zM53oc0bvS5WORpmhUIcVVi/BUfVIhd1atwVXCBHpSin9+nbzS6xxc/Ygn3AbVE2zYq69cvM9FxovpIlpWZ+k1acJSjmfkGH7GEH3wQJjX7Y1Yh85fMbh4K/yxfcbqiyMqQOE1Oe5KR+maGkUHIAXOswLasUQ1SpDTXov18uimLqgueuJAGzVI+XCTsgSByFgt0WP8o=&u=U2FsdGVkX1/rB5zDb6MaJ/WerIpwWDNPLQ0JDYFtMLgV7fjdwni3PvmtOLxqn6bU&y=U2FsdGVkX19HVDaI4i0SxQNT3cLixmUEMLhx9jBowMF39R01klYbrMznowThl1i5 HTTP/1.1" 200 563
186.102.53.145 - - [19/May/2022:12:20:02 -0500] "GET /kwssiamovil/sm/acme/s?s=U2FsdGVkX1+s1fjWFM9fpWG9/1e8Nc1Es+y+lnPRYoJASV7eND2lUSzXlAVZ5FUhi3/9YyMCq5hjxqyJScUPUwwH8DCA7iVeo/0zr2mLeu0sFe7GU11gVgaKTVQqiT2pYIYtF9XG1hafUDi9rtbTOFRORxaHt0LeYxopDMnRN6fH5MvktRGfLXOoZpwyPeW8iBbkgQJ8wKXP32ngmJgGm9ClQMR8I0MPmBonO+9Vv2af4mY7yGj3WWHELjIG25LM1a1cNofkvoXJs0Ay9dltVAmisLg+ptEKepqniDsI4ss=&u=U2FsdGVkX1/rB5zDb6MaJ/WerIpwWDNPLQ0JDYFtMLgV7fjdwni3PvmtOLxqn6bU&y=U2FsdGVkX19HVDaI4i0SxQNT3cLixmUEMLhx9jBowMF39R01klYbrMznowThl1i5 HTTP/1.1" 200 176
186.102.53.145 - - [19/May/2022:12:20:02 -0500] "GET /kwssiamovil/sm/cjson/pre?f=1&x=U2FsdGVkX1+MoGQ4zDzwBJhTISMH4LLdl7wSGiYEFhtnQgAihTrxydziNfl+Vh1r HTTP/1.1" 200 30992
216.245.221.92 - - [19/May/2022:12:20:05 -0500] "HEAD / HTTP/1.1" 200 -
191.106.157.57 - - [19/May/2022:12:20:46 -0500] "-" 408 -
207.46.13.37 - - [19/May/2022:12:20:47 -0500] "GET /bla/resoluciones/resoluciones%202022/0378.pdf HTTP/1.1" 200 329715
186.29.242.162 - - [19/May/2022:12:21:02 -0500] "GET /forest/ HTTP/1.1" 200 12041
186.29.242.162 - - [19/May/2022:12:21:32 -0500] "POST /forest/index.php HTTP/1.1" 200 12268
200.118.64.109 - - [19/May/2022:12:21:59 -0500] "POST /forms/lservlet;jsessionid=ac16012b30d68f4286ae7ecc43caa4ccc7ee3ab6f28a.e3iSbxaKaheRe34KbxqPchuLbi1ynknvrkLOlQzNp65In0 HTTP/1.1" 200 2
172.22.2.4 - - [19/May/2022:12:21:17 -0500] "HEAD /BLA/boletinlegal/ HTTP/1.1" 200 -
201.245.192.253 - - [19/May/2022:12:22:23 -0500] "POST /kwsrmcab/Wsrmcab HTTP/1.1" 200 46193
186.170.217.70 - - [19/May/2022:12:23:28 -0500] "GET /portaldeninos/wp-content/themes/betheme/fonts/mfn-icons.woff?93978679 HTTP/1.1" 206 1
172.22.2.4 - - [19/May/2022:12:23:28 -0500] "GET /BLA/boletinlegal/actos.php HTTP/1.1" 200 9559
186.170.217.70 - - [19/May/2022:12:23:28 -0500] "GET /portaldeninos/wp-content/themes/betheme/fonts/mfn-icons.ttf?93978679 HTTP/1.1" 200 88353
172.22.2.4 - - [19/May/2022:12:23:28 -0500] "GET /BLA/boletinlegal/styles2.css HTTP/1.1" 200 1838
172.22.2.4 - - [19/May/2022:12:23:28 -0500] "GET /BLA/boletinlegal/js/ajax_actos.js HTTP/1.1" 200 1322
172.22.2.4 - - [19/May/2022:12:23:28 -0500] "GET /BLA/boletinlegal/niceforms-default.css HTTP/1.1" 200 6694
172.22.2.4 - - [19/May/2022:12:23:28 -0500] "GET /BLA/boletinlegal/style.css HTTP/1.1" 200 9406
172.22.2.4 - - [19/May/2022:12:23:28 -0500] "GET /BLA/boletinlegal/niceforms.js HTTP/1.1" 200 22876
172.22.2.4 - - [19/May/2022:12:23:28 -0500] "GET /BLA/boletinlegal/js/popup.js HTTP/1.1" 200 1270
172.22.2.4 - - [19/May/2022:12:23:28 -0500] "GET /BLA/boletinlegal/js/lib.js HTTP/1.1" 200 6474
172.22.2.4 - - [19/May/2022:12:23:28 -0500] "GET /BLA/boletinlegal/js/jquery1.js HTTP/1.1" 200 29846
172.22.2.4 - - [19/May/2022:12:23:28 -0500] "GET /BLA/boletinlegal/images/cabezote%20BLEGAL.jpg HTTP/1.1" 200 118164
172.22.2.4 - - [19/May/2022:12:23:28 -0500] "GET /BLA/boletinlegal/images/subscribe-icon-big.png HTTP/1.1" 200 47702
172.22.2.4 - - [19/May/2022:12:23:28 -0500] "GET /BLA/boletinlegal/images/historia.png HTTP/1.1" 200 52775
172.22.2.4 - - [19/May/2022:12:23:28 -0500] "GET /BLA/boletinlegal/images/registro-usuarios.png HTTP/1.1" 200 8106
172.22.2.4 - - [19/May/2022:12:23:28 -0500] "GET /BLA/boletinlegal/images/green-yellow-blue-pink-th.png HTTP/1.1" 200 7394
172.22.2.4 - - [19/May/2022:12:23:28 -0500] "GET /BLA/boletinlegal/images/abajo.png HTTP/1.1" 200 96676
172.22.2.4 - - [19/May/2022:12:23:28 -0500] "GET /BLA/boletinlegal/images/tel.png HTTP/1.1" 200 14477
172.22.2.4 - - [19/May/2022:12:23:28 -0500] "GET /BLA/boletinlegal/images/icono-email.png HTTP/1.1" 200 5544
172.22.2.4 - - [19/May/2022:12:23:28 -0500] "GET /BLA/boletinlegal/images/body_bg.jpg HTTP/1.1" 200 1601
172.22.2.4 - - [19/May/2022:12:23:28 -0500] "GET /BLA/boletinlegal/images/menu_lft.gif HTTP/1.1" 200 1713
172.22.2.4 - - [19/May/2022:12:23:28 -0500] "GET /BLA/boletinlegal/images/menu_rght.gif HTTP/1.1" 200 1627
172.22.2.4 - - [19/May/2022:12:23:28 -0500] "GET /BLA/boletinlegal/images/bg_top.jpg HTTP/1.1" 200 522
172.22.2.4 - - [19/May/2022:12:23:28 -0500] "GET /BLA/boletinlegal/images/menu_bg.jpg HTTP/1.1" 200 620
172.22.2.4 - - [19/May/2022:12:23:28 -0500] "GET /BLA/boletinlegal/images/hover.jpg HTTP/1.1" 200 640
172.22.2.4 - - [19/May/2022:12:23:28 -0500] "GET /BLA/boletinlegal/images/text.jpg HTTP/1.1" 200 568
172.22.2.4 - - [19/May/2022:12:23:28 -0500] "GET /BLA/boletinlegal/images/footer_bg.jpg HTTP/1.1" 200 586
172.22.2.4 - - [19/May/2022:12:23:28 -0500] "GET /BLA/boletinlegal/images/footer_bg_l.jpg HTTP/1.1" 200 776
172.22.2.4 - - [19/May/2022:12:23:28 -0500] "GET /BLA/boletinlegal/img/0.png HTTP/1.1" 200 110
172.22.2.4 - - [19/May/2022:12:23:28 -0500] "GET /BLA/boletinlegal/img/select-left.png HTTP/1.1" 200 263
172.22.2.4 - - [19/May/2022:12:23:28 -0500] "GET /BLA/boletinlegal/img/select-right.png HTTP/1.1" 200 44019
172.22.2.4 - - [19/May/2022:12:23:28 -0500] "GET /BLA/boletinlegal/img/button-left.png HTTP/1.1" 200 57071
172.22.2.4 - - [19/May/2022:12:23:28 -0500] "GET /BLA/boletinlegal/img/button.png HTTP/1.1" 200 43241
172.22.2.4 - - [19/May/2022:12:23:28 -0500] "GET /BLA/boletinlegal/img/button-right.png HTTP/1.1" 200 57878
172.22.2.4 - - [19/May/2022:12:23:28 -0500] "GET /BLA/boletinlegal/favicon.ico HTTP/1.1" 404 1326
172.22.2.4 - - [19/May/2022:12:22:07 -0500] "GET /BLA/boletinlegal/ HTTP/1.1" 200 60955
201.245.192.253 - - [19/May/2022:12:23:10 -0500] "POST /kwsrmcab/Wsrmcab HTTP/1.1" 200 46767
200.118.64.109 - - [19/May/2022:12:23:59 -0500] "POST /forms/lservlet;jsessionid=ac16012b30d68f4286ae7ecc43caa4ccc7ee3ab6f28a.e3iSbxaKaheRe34KbxqPchuLbi1ynknvrkLOlQzNp65In0 HTTP/1.1" 200 2
172.22.2.4 - - [19/May/2022:12:24:34 -0500] "GET /BLA/boletinlegal/consulta_actos.php?tipo=resoluciones&no=0418&usuario=&sector=&fecha=2021&resuelve= HTTP/1.1" 200 1204
172.22.2.4 - - [19/May/2022:12:24:34 -0500] "GET /BLA/boletinlegal/images/pdf.gif HTTP/1.1" 200 567
172.22.2.4 - - [19/May/2022:12:24:46 -0500] "GET /BLA/boletinlegal/consulta_actos.php?tipo=resoluciones&no=4186&usuario=&sector=&fecha=2021&resuelve= HTTP/1.1" 200 1101
172.22.2.4 - - [19/May/2022:12:24:51 -0500] "GET /BLA/boletinlegal/consulta_actos.php?tipo=resoluciones&no=4186&usuario=&sector=SILVICULTURA&fecha=2021&resuelve= HTTP/1.1" 200 1101
172.22.2.4 - - [19/May/2022:12:24:57 -0500] "GET /BLA/boletinlegal/consulta_actos.php?tipo=resoluciones&no=4186&usuario=&sector=SILVICULTURA&fecha=2021&resuelve= HTTP/1.1" 200 1101
181.54.195.196 - - [19/May/2022:12:25:00 -0500] "GET /BLA/resoluciones/RESOLUCIONES%202021/4186.pdf HTTP/1.1" 200 2310005
181.54.195.196 - - [19/May/2022:12:25:00 -0500] "GET /BLA/resoluciones/RESOLUCIONES%202021/4186.pdf HTTP/1.1" 206 1025
181.54.195.196 - - [19/May/2022:12:25:00 -0500] "GET /BLA/resoluciones/RESOLUCIONES%202021/4186.pdf HTTP/1.1" 200 2310005
216.245.221.92 - - [19/May/2022:12:25:05 -0500] "HEAD / HTTP/1.1" 200 -
157.55.39.8 - - [19/May/2022:12:25:19 -0500] "GET /bla/resoluciones/resoluciones%202022/0377.pdf HTTP/1.1" 200 383221
172.22.2.4 - - [19/May/2022:12:25:28 -0500] "GET /BLA/boletinlegal/jurisprudencia/analisis/CUADRO%20ANALISIS%20SENTENCIA%20C-554%20DE%202007.doc HTTP/1.1" 304 -
40.77.167.38 - - [19/May/2022:12:25:55 -0500] "GET /BLA/resoluciones/AUTOS%202013/1436.pdf HTTP/1.1" 304 -
200.118.64.109 - - [19/May/2022:12:25:59 -0500] "POST /forms/lservlet;jsessionid=ac16012b30d68f4286ae7ecc43caa4ccc7ee3ab6f28a.e3iSbxaKaheRe34KbxqPchuLbi1ynknvrkLOlQzNp65In0 HTTP/1.1" 200 2
192.168.169.31 - - [19/May/2022:12:27:33 -0500] "GET /BLA/boletinlegal/consulta_actos.php?tipo=autos&no=0380&usuario=&sector=&fecha=2022&resuelve= HTTP/1.1" 200 1076
200.118.64.109 - - [19/May/2022:12:28:00 -0500] "POST /forms/lservlet;jsessionid=ac16012b30d68f4286ae7ecc43caa4ccc7ee3ab6f28a.e3iSbxaKaheRe34KbxqPchuLbi1ynknvrkLOlQzNp65In0 HTTP/1.1" 200 2
181.59.31.14 - - [19/May/2022:12:28:36 -0500] "GET /webfile/1ibre/1ibre.css HTTP/1.1" 404 1090
181.59.31.14 - - [19/May/2022:12:28:44 -0500] "GET /webfile/1ibre/1ibre.css HTTP/1.1" 404 1090
172.22.2.4 - - [19/May/2022:12:27:07 -0500] "HEAD /BLA/boletinlegal/ HTTP/1.1" 200 -
190.27.57.16 - - [19/May/2022:12:29:07 -0500] "GET /BLA/resoluciones/ HTTP/1.1" 200 13093
157.55.39.43 - - [19/May/2022:12:29:08 -0500] "GET /pdc/actos/679.pdf HTTP/1.1" 304 -
186.102.24.103 - - [19/May/2022:12:29:11 -0500] "GET /kwssiamovil/sm/ldap/au?x=U2FsdGVkX18IX3kNmd+FQvCgU1tMfaPwVZ3KXeJJZoZQ7r+g0AJPHxTaaYJtsGL/&y=U2FsdGVkX19cHaiFZMl0tGRyVNlETOUqbv9cnXeKQK1QaOayTPgYJi78P3gSxNTr HTTP/1.1" 200 30
186.102.24.103 - - [19/May/2022:12:29:11 -0500] "GET /kwssiamovil/sm/acme/s?s=U2FsdGVkX19ZV9aMp/mb2RZ4IWGUFCBL/W3UrNifeAq9VviHFHsjuOYEOsREjFh63jfhI7x3APt0XPHAWnYwzqmcbFLGJOCNE5y4nUM5n60=&u=U2FsdGVkX1+xDs4oB3ZpBME/lSJmWRDtK5uVNTv3pOL389wKAs+J++rzDMd2aX7F&y=U2FsdGVkX19cHaiFZMl0tGRyVNlETOUqbv9cnXeKQK1QaOayTPgYJi78P3gSxNTr HTTP/1.1" 200 97
186.102.24.103 - - [19/May/2022:12:29:11 -0500] "GET /kwssiamovil/sm/acme/s?s=U2FsdGVkX1+ECuLi13ibuqOJcUDlPVs5HFaHHRvjAny9zQxLeF4A1R7dpgDL0ecxjIrq+/6BwC9cfNe70+NPGp2eDYbJebmIfLogZ0eXcQhCEqMQzsP/6BCVdPhAnPMw7DvxXSv6x5Mxk0k649zlzdxlAB6Q5GZzrEEO112wES0BU2Fy35suNgDYUfIVynXNPTRqU5LKRU0qpSq2xNlXYSLAivFFk5fXkj9GcD20y4gze1n9lnH7HeLdhta+7CDPRD97VHxE57euKa9VvXwveJ5/d204LYzf68h1rePJbDwnyatTU4hrxA7L9FNQcDbU20f5NP+5w91fF2uHXzzz/UoUQwswW6KmRsx8P3VO1QrOUgnpnqdSZjdwyRY1inPVMPqGFvnwI4N3zkEMIaUV2ykNq++bMliOGYz0PJTWoWQH8MQsxrLVK6wilgYoK4juvvm9wrHyF69LNUvNKHp4ERWS4/bZNxGQGWuHKcYZsj4flAUFaDIdBFX4yTdclb/w59+HghNC2I3hEb7zPp8JjxTUOd+gfuS9FQedw/REYvLiaiK+06SshYekATacBV4jnnGo3EbFFVMlQeJPtnNcCbBB7Im5D2aS0meuLKScS+N4iDvYpKJUEywKtEdlUOwFvWaRHSeqhYswqaY2wTfuTl0ToPIInHjzKhxLYBqmVRa068GHPYXmPkKeJZQy4vZDLTC80V1bo8HHFvpKWuYWOIEcl4pmtfcDTbSPzLQbm4oTf4ryFhbffjX/FEvHEzATP6xp90XqCYy62IB2EBCSEMKu+enjsYGXmqOX8kc1251i8w7Jk/vC1KHpj6GMZSt0DtZ3jyeuOdL/Av6oQfqkEqupHvF1P0mM2LCQIPMy2Gym30iO7VKCXLHOcW5Jo169ivr9rOlOX23oAndkxEgBEXkWzHG3c9Q5Y4TUvPtbw+nZVFnH4TZvue0qDwbdIkbJaXNnMGVoBLaEyGe739FWT967nQEO0ZASRvpXkILt0ufx1zJ01saPWBVwL8WJV1wX0Sw5ZnNv3DPYnODn1Xfb/cyRafiGxeV9qRGjNgjDeOtLgDFygI+JI8d2cuh2ZvjiY2SGZNCDG3CKPhp+ulBWCawrsYxopVO/pKtU+8Xp0zZy8OqgNQJBpAyXcxsAZ1fcS/3ezGdFRtAaFrowvOIX4xIVt3Zzlwy5/BniT0Ed3tZzXSCl0Zg1YOY8M+qxch+2Y5VD2DG6ZYzH0tO/f7pL/0GN/vReMyyo28fcsuIS6h1hMH+IAW7SagXue3AKHNfnVsBIxhmijd9/uW80WYVC1g1b+opcMQ/iHw9IU/FHW/ORmFJZeNUM/soX06wB/Vz9N4398fLVnqTNAzelIYSNkMyBdzupsTalnzeqYNq7JHg=&u=U2FsdGVkX1+xDs4oB3ZpBME/lSJmWRDtK5uVNTv3pOL389wKAs+J++rzDMd2aX7F&y=U2FsdGVkX19cHaiFZMl0tGRyVNlETOUqbv9cnXeKQK1QaOayTPgYJi78P3gSxNTr HTTP/1.1" 200 3116
186.102.24.103 - - [19/May/2022:12:29:11 -0500] "GET /kwssiamovil/sm/acme/s?s=U2FsdGVkX181C5arg9CNMzk/4Te+8wy2WXPbz+0V3RG9aVgXsmLhl257sLKFTqq4E+kR0vxw/+oD1IBRjqcgyIu3ou7FzogjaHTep3YJ5NlUJcrp2TIOHViSc2bHzynHPBVoy6tKLjUDRYFBJioYr6cYPyh+RhA38vW9ZJM3mFwMDot3lm8wSNvZjzD2yGIx7+0+Ssbl4GiI8X1jMy2FONkgxR6Yi2UUxTcCTRnIrZQXpwUhabv0jqd8cpnLUtRHluJ5NKX0pJKwIQjDGJ2pYf5hrMrvXI7ws/NxuUFN4mA=&u=U2FsdGVkX1+xDs4oB3ZpBME/lSJmWRDtK5uVNTv3pOL389wKAs+J++rzDMd2aX7F&y=U2FsdGVkX19cHaiFZMl0tGRyVNlETOUqbv9cnXeKQK1QaOayTPgYJi78P3gSxNTr HTTP/1.1" 200 176
186.102.24.103 - - [19/May/2022:12:29:11 -0500] "GET /kwssiamovil/sm/cjson/pre?f=1&x=U2FsdGVkX18IX3kNmd+FQvCgU1tMfaPwVZ3KXeJJZoZQ7r+g0AJPHxTaaYJtsGL/ HTTP/1.1" 200 30992
172.22.2.4 - - [19/May/2022:12:27:57 -0500] "GET /BLA/boletinlegal/ HTTP/1.1" 200 50676
200.118.64.109 - - [19/May/2022:12:30:00 -0500] "POST /forms/lservlet;jsessionid=ac16012b30d68f4286ae7ecc43caa4ccc7ee3ab6f28a.e3iSbxaKaheRe34KbxqPchuLbi1ynknvrkLOlQzNp65In0 HTTP/1.1" 200 2
216.245.221.92 - - [19/May/2022:12:30:05 -0500] "HEAD / HTTP/1.1" 200 -
201.245.192.253 - - [19/May/2022:12:30:05 -0500] "POST /sipse/faces/presentacion/financiero/solicitudProceso/listarSolicitudProceso.xhtml HTTP/1.1" 200 26497
201.245.192.253 - - [19/May/2022:12:30:06 -0500] "GET /sipse/faces/javax.faces.resource/theme.css?ln=primefaces-sipse HTTP/1.1" 304 -
201.245.192.253 - - [19/May/2022:12:30:06 -0500] "GET /sipse/faces/javax.faces.resource/layout/layout.css?ln=primefaces&v=4.0 HTTP/1.1" 304 -
201.245.192.253 - - [19/May/2022:12:30:06 -0500] "GET /sipse/faces/javax.faces.resource/primefaces.css?ln=primefaces&v=4.0 HTTP/1.1" 304 -
201.245.192.253 - - [19/May/2022:12:30:06 -0500] "GET /sipse/css/imagen/contrasena.png HTTP/1.1" 404 383
201.245.192.253 - - [19/May/2022:12:30:06 -0500] "GET /sipse/faces/javax.faces.resource/jquery/jquery.js?ln=primefaces&v=4.0 HTTP/1.1" 304 -
201.245.192.253 - - [19/May/2022:12:30:06 -0500] "GET /sipse/faces/javax.faces.resource/jquery/jquery-plugins.js?ln=primefaces&v=4.0 HTTP/1.1" 304 -
201.245.192.253 - - [19/May/2022:12:30:06 -0500] "GET /sipse/faces/javax.faces.resource/primefaces.js?ln=primefaces&v=4.0 HTTP/1.1" 304 -
201.245.192.253 - - [19/May/2022:12:30:06 -0500] "GET /sipse/faces/javax.faces.resource/layout/layout.js?ln=primefaces&v=4.0 HTTP/1.1" 304 -
201.245.192.253 - - [19/May/2022:12:30:06 -0500] "POST /sipse/faces/presentacion/financiero/ordenPago/consultarOrdenPago.xhtml HTTP/1.1" 200 19911
201.245.192.253 - - [19/May/2022:12:30:06 -0500] "POST /sipse/faces/presentacion/financiero/ordenPago/consultarOrdenPago.xhtml HTTP/1.1" 200 19911
201.245.192.253 - - [19/May/2022:12:30:07 -0500] "POST /sipse/faces/presentacion/financiero/ordenPago/consultarOrdenPago.xhtml HTTP/1.1" 200 184
201.245.192.253 - - [19/May/2022:12:30:07 -0500] "POST /sipse/faces/presentacion/financiero/ordenPago/consultarOrdenPago.xhtml HTTP/1.1" 200 184
201.245.192.253 - - [19/May/2022:12:30:07 -0500] "POST /sipse/faces/presentacion/financiero/ordenPago/consultarOrdenPago.xhtml HTTP/1.1" 200 184
201.245.192.253 - - [19/May/2022:12:30:07 -0500] "POST /sipse/faces/presentacion/financiero/ordenPago/consultarOrdenPago.xhtml HTTP/1.1" 200 184
201.245.192.253 - - [19/May/2022:12:30:10 -0500] "POST /sipse/faces/presentacion/financiero/ordenPago/consultarOrdenPago.xhtml HTTP/1.1" 200 184
201.245.192.253 - - [19/May/2022:12:30:10 -0500] "POST /sipse/faces/presentacion/financiero/ordenPago/consultarOrdenPago.xhtml HTTP/1.1" 200 184
201.245.192.253 - - [19/May/2022:12:30:10 -0500] "POST /sipse/faces/presentacion/financiero/ordenPago/consultarOrdenPago.xhtml HTTP/1.1" 200 184
201.245.192.253 - - [19/May/2022:12:30:10 -0500] "POST /sipse/faces/presentacion/financiero/ordenPago/consultarOrdenPago.xhtml HTTP/1.1" 200 184
201.245.192.253 - - [19/May/2022:12:30:12 -0500] "POST /sipse/faces/presentacion/financiero/ordenPago/consultarOrdenPago.xhtml HTTP/1.1" 200 10297
172.22.2.4 - - [19/May/2022:12:30:13 -0500] "GET /BLA/boletinlegal/actos.php HTTP/1.1" 200 9559
172.22.2.4 - - [19/May/2022:12:30:13 -0500] "GET /BLA/boletinlegal/niceforms.js HTTP/1.1" 200 22876
172.22.2.4 - - [19/May/2022:12:30:13 -0500] "GET /BLA/boletinlegal/js/jquery1.js HTTP/1.1" 200 29846
172.22.2.4 - - [19/May/2022:12:30:13 -0500] "GET /BLA/boletinlegal/images/cabezote%20BLEGAL.jpg HTTP/1.1" 200 118164
172.22.2.4 - - [19/May/2022:12:30:13 -0500] "GET /BLA/boletinlegal/images/subscribe-icon-big.png HTTP/1.1" 200 47702
172.22.2.4 - - [19/May/2022:12:30:13 -0500] "GET /BLA/boletinlegal/images/historia.png HTTP/1.1" 200 52775
172.22.2.4 - - [19/May/2022:12:30:13 -0500] "GET /BLA/boletinlegal/images/registro-usuarios.png HTTP/1.1" 200 8106
172.22.2.4 - - [19/May/2022:12:30:13 -0500] "GET /BLA/boletinlegal/images/green-yellow-blue-pink-th.png HTTP/1.1" 200 7394
172.22.2.4 - - [19/May/2022:12:30:13 -0500] "GET /BLA/boletinlegal/images/abajo.png HTTP/1.1" 200 96676
172.22.2.4 - - [19/May/2022:12:30:13 -0500] "GET /BLA/boletinlegal/images/tel.png HTTP/1.1" 200 14477
172.22.2.4 - - [19/May/2022:12:30:13 -0500] "GET /BLA/boletinlegal/images/icono-email.png HTTP/1.1" 200 5544
172.22.2.4 - - [19/May/2022:12:30:14 -0500] "GET /BLA/boletinlegal/img/select-right.png HTTP/1.1" 200 44019
172.22.2.4 - - [19/May/2022:12:30:14 -0500] "GET /BLA/boletinlegal/img/button-left.png HTTP/1.1" 200 57071
172.22.2.4 - - [19/May/2022:12:30:14 -0500] "GET /BLA/boletinlegal/img/button.png HTTP/1.1" 200 43241
172.22.2.4 - - [19/May/2022:12:30:14 -0500] "GET /BLA/boletinlegal/img/button-right.png HTTP/1.1" 200 57878
172.22.2.4 - - [19/May/2022:12:30:14 -0500] "GET /BLA/boletinlegal/favicon.ico HTTP/1.1" 404 1326
201.245.192.253 - - [19/May/2022:12:30:15 -0500] "POST /sipse/faces/presentacion/financiero/ordenPago/consultarOrdenPago.xhtml HTTP/1.1" 200 184
201.245.192.253 - - [19/May/2022:12:30:15 -0500] "POST /sipse/faces/presentacion/financiero/ordenPago/consultarOrdenPago.xhtml HTTP/1.1" 200 184
201.245.192.253 - - [19/May/2022:12:30:15 -0500] "POST /sipse/faces/presentacion/financiero/ordenPago/consultarOrdenPago.xhtml HTTP/1.1" 200 184
201.245.192.253 - - [19/May/2022:12:30:16 -0500] "POST /sipse/faces/presentacion/financiero/ordenPago/consultarOrdenPago.xhtml HTTP/1.1" 200 184
201.245.192.253 - - [19/May/2022:12:30:07 -0500] "GET /sipse/faces/presentacion/financiero/solicitudAnulacion/solicitudAnulacion.xhtml HTTP/1.1" 200 16113
172.22.2.4 - - [19/May/2022:12:30:22 -0500] "GET /BLA/boletinlegal/consulta_actos.php?tipo=autos&no=&usuario=&sector=&fecha=2022&resuelve= HTTP/1.1" 200 122129
201.245.192.253 - - [19/May/2022:12:30:07 -0500] "GET /sipse/faces/presentacion/financiero/solicitudAnulacion/solicitudAnulacion.xhtml HTTP/1.1" 200 16113
201.245.192.253 - - [19/May/2022:12:30:07 -0500] "GET /sipse/faces/presentacion/financiero/solicitudAnulacion/solicitudAnulacion.xhtml HTTP/1.1" 200 20277
201.245.192.253 - - [19/May/2022:12:30:07 -0500] "GET /sipse/faces/presentacion/financiero/solicitudAnulacion/solicitudAnulacion.xhtml HTTP/1.1" 200 17805
201.245.192.253 - - [19/May/2022:12:30:10 -0500] "GET /sipse/faces/presentacion/financiero/solicitudAnulacion/solicitudAnulacion.xhtml HTTP/1.1" 200 17805
201.245.192.253 - - [19/May/2022:12:30:10 -0500] "GET /sipse/faces/presentacion/financiero/solicitudAnulacion/solicitudAnulacion.xhtml HTTP/1.1" 200 12285
201.245.192.253 - - [19/May/2022:12:30:10 -0500] "GET /sipse/faces/presentacion/financiero/solicitudAnulacion/solicitudAnulacion.xhtml HTTP/1.1" 200 16113
201.245.192.253 - - [19/May/2022:12:30:10 -0500] "GET /sipse/faces/presentacion/financiero/solicitudAnulacion/solicitudAnulacion.xhtml HTTP/1.1" 200 15757
201.245.192.253 - - [19/May/2022:12:30:15 -0500] "GET /sipse/faces/presentacion/financiero/solicitudAnulacion/solicitudAnulacion.xhtml HTTP/1.1" 200 21277
201.245.192.253 - - [19/May/2022:12:30:15 -0500] "GET /sipse/faces/presentacion/financiero/solicitudAnulacion/solicitudAnulacion.xhtml HTTP/1.1" 200 17805
201.245.192.253 - - [19/May/2022:12:30:16 -0500] "GET /sipse/faces/presentacion/financiero/solicitudAnulacion/solicitudAnulacion.xhtml HTTP/1.1" 200 15757
201.245.192.253 - - [19/May/2022:12:30:16 -0500] "GET /sipse/faces/presentacion/financiero/solicitudAnulacion/solicitudAnulacion.xhtml HTTP/1.1" 200 66357
201.245.192.253 - - [19/May/2022:12:30:30 -0500] "GET /sipse/faces/javax.faces.resource/theme.css?ln=primefaces-sipse HTTP/1.1" 304 -
201.245.192.253 - - [19/May/2022:12:30:30 -0500] "GET /sipse/faces/javax.faces.resource/layout/layout.js?ln=primefaces&v=4.0 HTTP/1.1" 304 -
201.245.192.253 - - [19/May/2022:12:30:30 -0500] "GET /sipse/faces/javax.faces.resource/primefaces.css?ln=primefaces&v=4.0 HTTP/1.1" 304 -
201.245.192.253 - - [19/May/2022:12:30:30 -0500] "GET /sipse/faces/javax.faces.resource/primefaces.js?ln=primefaces&v=4.0 HTTP/1.1" 304 -
201.245.192.253 - - [19/May/2022:12:30:30 -0500] "GET /sipse/faces/javax.faces.resource/jquery/jquery-plugins.js?ln=primefaces&v=4.0 HTTP/1.1" 304 -
201.245.192.253 - - [19/May/2022:12:30:30 -0500] "GET /sipse/faces/javax.faces.resource/jquery/jquery.js?ln=primefaces&v=4.0 HTTP/1.1" 304 -
201.245.192.253 - - [19/May/2022:12:30:30 -0500] "GET /sipse/faces/javax.faces.resource/layout/layout.css?ln=primefaces&v=4.0 HTTP/1.1" 304 -
201.245.192.253 - - [19/May/2022:12:30:30 -0500] "GET /sipse/css/imagen/contrasena.png HTTP/1.1" 404 383
201.245.192.253 - - [19/May/2022:12:30:30 -0500] "GET /sipse/faces/javax.faces.resource/images/ui-icons_898989_256x240.png?ln=primefaces-aristo HTTP/1.1" 304 -
201.245.192.253 - - [19/May/2022:12:30:30 -0500] "GET /sipse/faces/javax.faces.resource/images/ui-bg_flat_0_2d5972_40x100.png?ln=primefaces-aristo HTTP/1.1" 304 -
201.245.192.253 - - [19/May/2022:12:30:30 -0500] "POST /sipse/faces/presentacion/financiero/solicitudAnulacion/solicitudAnulacion.xhtml HTTP/1.1" 200 44607
172.22.2.4 - - [19/May/2022:12:30:44 -0500] "GET /BLA/boletinlegal/consulta_actos.php?tipo=autos&no=&usuario=&sector=&fecha=2022&resuelve=MODIFICA HTTP/1.1" 200 626
172.22.2.4 - - [19/May/2022:12:30:48 -0500] "GET /BLA/boletinlegal/consulta_actos.php?tipo=resoluciones&no=&usuario=&sector=&fecha=2022&resuelve=MODIFICA HTTP/1.1" 200 9471
172.22.2.4 - - [19/May/2022:12:31:13 -0500] "GET /BLA/boletinlegal/consulta_actos.php?tipo=resoluciones&no=&usuario=&sector=&fecha=2021&resuelve=MODIFICA HTTP/1.1" 200 50936
200.118.64.109 - - [19/May/2022:12:32:00 -0500] "POST /forms/lservlet;jsessionid=ac16012b30d68f4286ae7ecc43caa4ccc7ee3ab6f28a.e3iSbxaKaheRe34KbxqPchuLbi1ynknvrkLOlQzNp65In0 HTTP/1.1" 200 2
190.27.57.16 - - [19/May/2022:12:32:09 -0500] "GET /BLA/resoluciones/RESOLUCIONES%202021/4363.pdf HTTP/1.1" 200 374259
172.22.2.4 - - [19/May/2022:12:32:23 -0500] "GET /BLA/boletinlegal/Directivas/2018/Directiva%20No.%2027%20del%2028%20de%20diciembre%20de%202018.pdf HTTP/1.1" 304 -
201.245.192.253 - - [19/May/2022:12:32:23 -0500] "POST /kwsrmcab/Wsrmcab HTTP/1.1" 200 46193
173.252.95.1 - - [19/May/2022:12:33:47 -0500] "GET /esta-es-la-estrategia-que-plantea-el-pot-para-garantizar-la-conectividad-ecosistemica.html HTTP/1.1" 206 1032
201.245.192.253 - - [19/May/2022:12:33:08 -0500] "POST /kwsrmcab/Wsrmcab HTTP/1.1" 200 46767
200.118.64.109 - - [19/May/2022:12:34:00 -0500] "POST /forms/lservlet;jsessionid=ac16012b30d68f4286ae7ecc43caa4ccc7ee3ab6f28a.e3iSbxaKaheRe34KbxqPchuLbi1ynknvrkLOlQzNp65In0 HTTP/1.1" 200 2
69.63.184.5 - - [19/May/2022:12:34:05 -0500] "GET /images/cronica-ambiental-28.jpg HTTP/1.1" 200 50693
173.252.95.21 - - [19/May/2022:12:34:06 -0500] "GET /dora-villalobos-la-protectora-del-humedal-la-vaca.html HTTP/1.1" 206 893
173.252.95.21 - - [19/May/2022:12:34:09 -0500] "GET /andrea-murcia-la-creadora-del-primer-hogar-de-paso-para-perros-y-gatos-en-un-colegio.html HTTP/1.1" 206 973
173.252.95.24 - - [19/May/2022:12:34:09 -0500] "GET /esperanza-galeano-una-mujer-que-reverdece-y-con-su-saber-contribuye-al-cuidado-del-ambiente.html HTTP/1.1" 206 932
173.252.95.8 - - [19/May/2022:12:34:17 -0500] "GET /images/cronica-de-mujer-diciembre-30-diciembre.jpg HTTP/1.1" 200 54008
66.220.149.3 - - [19/May/2022:12:34:17 -0500] "GET /images/cronica-de-mujer-diciembre-30-diciembre.jpg HTTP/1.1" 200 54008
69.171.249.1 - - [19/May/2022:12:34:17 -0500] "GET /images/cronica-mujer-biodiveridad-30-noviembre.jpg HTTP/1.1" 200 63270
186.112.30.52 - - [19/May/2022:12:34:19 -0500] "GET /BLA/resoluciones/index.php?dir= HTTP/1.1" 200 13093
172.22.2.4 - - [19/May/2022:12:34:19 -0500] "GET /BLA/boletinlegal/actos.php HTTP/1.1" 200 9559
186.102.24.103 - - [19/May/2022:12:34:19 -0500] "GET /kwssiamovil/sm/ldap/au?x=U2FsdGVkX19NtDu3XqtNqGgtBVqJZxTvVrsYdDvlwFOJ+m9ek4Saq1TKmbOV8JXhH5bllv7IUi29tOhWWNuhNw==&y=U2FsdGVkX18OFcEzEYYM60fnpAC3WSCCBcb47XedAJ9XbSUhXKzo6vFKAxP1gPlO HTTP/1.1" 200 31
173.252.95.21 - - [19/May/2022:12:34:20 -0500] "GET /con-pinceles-y-acuarelas-veronica-martinez-protege-la-biodiversidad.html HTTP/1.1" 206 990
186.102.24.103 - - [19/May/2022:12:34:34 -0500] "GET /kwssiamovil/sm/ldap/au?x=U2FsdGVkX1+IYYa5Xt2PCJnGNJ/CYG5lnsysBiLhDAqYvVY2RrIwAFKjcnuSQxo4&y=U2FsdGVkX18BvfF3kPqNWV6ymeSI2jbTmW9jTRKp06siglft864fGtCKHVVSOZ0B HTTP/1.1" 200 30
186.31.170.102 - - [19/May/2022:12:34:34 -0500] "GET /BLA/boletinlegal/js/jquery.scrollShow.js HTTP/1.1" 200 4586
186.31.170.102 - - [19/May/2022:12:34:34 -0500] "GET /galeria/galeria/jquery.fancybox.css?v=2.1.5 HTTP/1.1" 200 4895
186.31.170.102 - - [19/May/2022:12:34:34 -0500] "GET /galeria/galeria/jquery.fancybox.js?v=2.1.5 HTTP/1.1" 200 48706
186.102.24.103 - - [19/May/2022:12:34:35 -0500] "GET /kwssiamovil/sm/acme/s?s=U2FsdGVkX1/Kz2IIkGW4ZmMt5XzXI3YzbK/rDjk77J0v/MHz2eKrpDBc93fA26SNWm3J/R12dPpqFqAt7yoz1E9qaIGIbEHgU8Es1ubEwsA=&u=U2FsdGVkX18rMU4We/ws7BgCYXqsUlrwkP/Cg5mrnfvo1Fc8tL6TS7vn4mzBZu/7&y=U2FsdGVkX18BvfF3kPqNWV6ymeSI2jbTmW9jTRKp06siglft864fGtCKHVVSOZ0B HTTP/1.1" 200 97
186.102.24.103 - - [19/May/2022:12:34:35 -0500] "GET /kwssiamovil/sm/acme/s?s=U2FsdGVkX18BmA/RKQoFCQmh7722/ThM56AS10T/1souL74eRHw/dx9UBDISPgn1AOM8EtC9OA6d0Op53osjGS27C/qq9SqLXTx3FxM+Bj89Wjd7EoZWnxgyD2LuwofAlFVh98zGIYiOMw+i+zkyoWoSpWBJ0e4oJg6xLS/5HqkW82Z8VYBXqQnAUlp5fdZUYNUpCrbvTzxmORO6c0MqZ+UFLYWkgoQjFAKUUsDqI1J/Y2zC/qOyTVJLzi0NqgoqDkDRNr7j4UP6EfglRp/RXKfcnTAtzR+kQTO8tMhpXG6xxDy17AgtdwuvQjru9I1ZJ4OzyX+Xm3R8OlWJo9WPRFIBAMxZmWgczsM9MAsDTuk1hW3i3eCihyFmSo01eBQRBh1aR+qyWShVahkG/LrK+4tsn7W+loR0j46u1f3x8AXkO7lVXMxLPhMe9jI8D5y/E3hYyyLvI/znfFy/T2fVbcvyetXu9aB87yKu3nbaXqMnHtOzCB7xOrVm0/VrA3vveYRP2+7jcAUjNarMKdGiUTyuCryR6KxsSBCKoKY+ib0+tjsd6EtTGdw/Rf2BwSxoyrGkTCuo0Z8GZlqSBFDKf7mgay2gzJ5ayHDDa2BV3chzQsBDL/WtorNlc/XWnKD5h3Xkdw9rhJdZUSkf8PnHsJQTLRumJalK9NqEHctk9M2Ty8Pw7PkYGGwEr+uc0SU21jjjw0h0Vjyl5kT4HrfpApqrGw6CPxS0YxPkqC0YyqBFTxR/i9PeVuUJoLyZeMqXhnyXwVgMAZq3vnBonBAesKuhaMdkRS8MTg+A1qQbAUjvCBo0mWL/vAY3LwtQWUeK9qMzGFkstfvXxJh2c0VypEio97H4xXDBC7CVyxXDGpGZXXbpzvMQW/uwTa2bbsVAaRlBJ8t93p68fDq6IeB7p1D11gUDXunKUY2HZeNdU0j2+nBfO3BrFFfaDDSeBZOt/gE8q+aBxZIRoq2efHu7RT6SyqeJ94aMCLa19LZ9qLp5pVFGoKBRa+bmHzTqnuHuoQvCJWuHi4GWA7nYZMk0PLIJ/RJcR07ocgVYtMbtbha0/d+JRGlMIcxnrdg4qnBZIyPjpSziv9Q3hbc6exlsWuxzbrmlQXPARB3Z1rZGWtGrkHhFEs77p82yhqw+2vqHlX3l22SgoTZde5P1uYIBI3yWbujTBw/4bicdIdmukB6aWCqzJEbBD8gpRx9irvAvQ3yxDsZQ/qkVvnlLLuh17gUlaUKxMGZTt/ZLWF5pzPHGVaNXeitGV4IJZ9dgz0T5tQoHL98TZhVdBp2G4Wcb/74hVtLAW2God6+8O38PwelrZe3rd+nQSFLVAlxqt36QYDWjQKyiXLFDntfTrbdHXjqtuLZBLqNvb32qvYhjQxM=&u=U2FsdGVkX18rMU4We/ws7BgCYXqsUlrwkP/Cg5mrnfvo1Fc8tL6TS7vn4mzBZu/7&y=U2FsdGVkX18BvfF3kPqNWV6ymeSI2jbTmW9jTRKp06siglft864fGtCKHVVSOZ0B HTTP/1.1" 200 3116
186.102.24.103 - - [19/May/2022:12:34:35 -0500] "GET /kwssiamovil/sm/acme/s?s=U2FsdGVkX1/XrS0dSvwHE5RSKzAUCvXJ2eLFWkUzbKj4GAhektFH2cinmntt8N7DNpzgDN04yowMAkrlVzKUBQOdbLWJRaRPKCZ1wEFeuYVCi6qc3Iw/kqOAHbgkT7hIrE6WjYZ0vQNK64utZOKevZFmZw4AzlYLDDQ6ZDYsAQzEuSVke7aP6sl6kdX0EXYZ0o919VjQk0oHQMH7B3MavGMqCjL0B8AaRi2ZHybJFO77UAI89UTs2oMBXiPMgCYkMLySDlB5iVSz5WYsXfPWlfmnj9IBZ1Gni5pjX7wLKNM=&u=U2FsdGVkX18rMU4We/ws7BgCYXqsUlrwkP/Cg5mrnfvo1Fc8tL6TS7vn4mzBZu/7&y=U2FsdGVkX18BvfF3kPqNWV6ymeSI2jbTmW9jTRKp06siglft864fGtCKHVVSOZ0B HTTP/1.1" 200 176
186.102.24.103 - - [19/May/2022:12:34:35 -0500] "GET /kwssiamovil/sm/cjson/pre?f=1&x=U2FsdGVkX1+IYYa5Xt2PCJnGNJ/CYG5lnsysBiLhDAqYvVY2RrIwAFKjcnuSQxo4 HTTP/1.1" 200 30992
186.112.30.52 - - [19/May/2022:12:34:35 -0500] "GET /BLA/resoluciones/index.php?dir=RESOLUCIONES+2019%2F HTTP/1.1" 200 239287
172.22.2.4 - - [19/May/2022:12:32:57 -0500] "HEAD /BLA/boletinlegal/ HTTP/1.1" 200 -
177.93.46.188 - - [19/May/2022:12:34:42 -0500] "-" 408 -
172.22.2.4 - - [19/May/2022:12:34:42 -0500] "GET /BLA/boletinlegal/consulta_actos.php?tipo=resoluciones&no=3691&usuario=&sector=COMPETENCIA&fecha=2019&resuelve= HTTP/1.1" 200 1201
186.170.217.70 - - [19/May/2022:12:34:45 -0500] "GET /BLA/resoluciones/RESOLUCIONES%202019/3691.pdf HTTP/1.1" 200 259635
216.245.221.92 - - [19/May/2022:12:35:05 -0500] "HEAD / HTTP/1.1" 200 -
186.112.30.52 - - [19/May/2022:12:35:10 -0500] "GET /BLA/resoluciones/RESOLUCIONES%202019/2788.pdf HTTP/1.1" 200 306835
172.22.2.4 - - [19/May/2022:12:33:47 -0500] "GET /BLA/boletinlegal/ HTTP/1.1" 200 61390
200.118.64.109 - - [19/May/2022:12:36:00 -0500] "POST /forms/lservlet;jsessionid=ac16012b30d68f4286ae7ecc43caa4ccc7ee3ab6f28a.e3iSbxaKaheRe34KbxqPchuLbi1ynknvrkLOlQzNp65In0 HTTP/1.1" 200 2
186.102.24.103 - - [19/May/2022:12:36:07 -0500] "GET /kwssiamovil/sm/ldap/au?x=U2FsdGVkX1/Bzcch7kXLVs64szGNenbwB8mz+28al+RBMI6FQ4xH6KhaD/YpH49F&y=U2FsdGVkX1+8+QMu0kn5vbhNN63D5f9bgWuax7U0qS4DppPI2ejUd9Blezk3xgNc HTTP/1.1" 200 30
186.102.24.103 - - [19/May/2022:12:36:08 -0500] "GET /kwssiamovil/sm/acme/s?s=U2FsdGVkX1/aggMISN9X/UPSTfgNM4LUDU8dKw7XJVvpLK4EVU0WuE7jo0i9M8RW6rzRyj/BqVcGKZOIpxing37o1ep0HcJ5P77q0ka1brs=&u=U2FsdGVkX19DNdGu2UzcCimn5KUhTUtSM+VvQRJZ8OSj+RIoA/fcFu5FI66HW8LS&y=U2FsdGVkX1+8+QMu0kn5vbhNN63D5f9bgWuax7U0qS4DppPI2ejUd9Blezk3xgNc HTTP/1.1" 200 97
186.102.24.103 - - [19/May/2022:12:36:08 -0500] "GET /kwssiamovil/sm/acme/s?s=U2FsdGVkX19yUu7oCv+NRy7n/mltgHE/Yvozj31JFPf+hSxLc9sjGrEaoPfkl+l+yfdG8/GPUKgoV9jcR4dNyr/t0ptMqwJklP1fVurrZpT8kauSF64N0c4IXXnwDsvPJYZ8+8oz5pmsvDB9XB0g/ztMUeaWMYuvcW1l6fpywnNPyMLtb8N5TcwmYbE4UyVMvxSXJ+ZmXD1yJORW9gLfZ3Pr/Ry6b6oyF4HYfjDFGKXNEyoVR86xY43IZulsJtW0PhFxFc7W7Qp4EsGuwTRS/LbGWk6d1JA92BYVn2PNFKuf0Q0iFpePqJUCzeeX3cFNDpBiV/om3oxI9eXWUxmDDACMT37vIemHD+jWk3C3XPCtWWl3O7dFXU17mfT6Zz3vM2HQmo07b+jMYsU4k4TPXKodHJ6FeQc+mnTKhVR/jb890eIL5nujm4BuhWJYaG5q8I2h+PmrEntz4tOXVy4P42mjuDalwNBZ7KRn/AFd2tLkR55FATkIaLR61g9wk0kXA1oKVKtUxvLvHguSSBk8qPtQ/HZLUq1+P033utwkb1zbhyU8pASH4ajO+QSgID93HC0ln33jMeBcqJZWKhUpewdqQxxraWkixotyYoI39J7A0qGmdvJ9S3gRBiCkxSrVKE2OFsTMQYg+jFMbL6mWpempRvpcmqlmqQqfEADSLDgBeVj3TSJftBAMHuvQCUXviuS8egGnJI3yY0qdOitq3matrYPytMHzgGcs9XvfUUKEfphAVjQ1YrH9ECwGVYXsSf2ozSSI0YvgEhpa5Wv6hEwgPg8MYsip3WpTipL2X2jrrLlc9lJ8dhxu48IhuvkgBdcE46EOVp2Mqo+xpoiwNdD6uVxHJ/8IFotSsG2QMhWy15R4PywFjLMAdAoAW2PKkqozd7j8j/52dIBzrbF/0akn6KkuOX9xNIiNKTivEivNAxqnBC7V38vH7HzfwHzKOy1IqjjFnnLFa0WPL7mL5l90xQHG2S+pkYjL5ssafrutVQ4tF3Ki/xawDYV/j7J6CDITrlSHoB8ACAKH9Ek4gamupozfzHVfvVQNsT5m6rQ3ArCq9UoElITZgY2Fktq04PaWN/xw1yCZG36/82mQ07/YKr8AsfEYW19GrEIqamiikTstfKqqAFQ0E6sINp28U6WUMDch9+zmGJUmCaThr4kJoSnuwOQ9HDMs7zeGCzE4DR4+Fd26VzOdQYpyRsTZ497oG3JRg7UcknObX575NP/b3/ciFc34gvVxNohPk0KgPVYrRAUtQFHR3jwsCaMXxidGxor2vZ1fmC0Ysqd7o25unqtxHlb655mNMC8m/TZAXmURiiIxParX5NFFZ09xp6rQj6+BCaIGsJrGDqt3XvcCLSK9rm7i0iM/l5lpzos=&u=U2FsdGVkX19DNdGu2UzcCimn5KUhTUtSM+VvQRJZ8OSj+RIoA/fcFu5FI66HW8LS&y=U2FsdGVkX1+8+QMu0kn5vbhNN63D5f9bgWuax7U0qS4DppPI2ejUd9Blezk3xgNc HTTP/1.1" 200 3451
186.102.24.103 - - [19/May/2022:12:36:08 -0500] "GET /kwssiamovil/sm/acme/s?s=U2FsdGVkX1/x/o5U/sA/Kg9QeBjDsUMJ4h+rcN/OjhO3P/Y6/aiPHjpyGEJpsBF7nzeWkl9KjPXxYrXPvn5w/IUaFF5U7YaUwnlc8cShOorLlHO1ag6A+c8zHxQ9yDbJL2UuCNTB0kAwjlLyVDqskpNd7dqp2KbKLYMwZTyjNfKixho4k8hasy3XXizmLjmB74ZFHGvtbFtJfeevnglfUZeXhmoB6dNgzl7HVWiM9+wIjmmlZPMGduLwJ3CRWPr1Nt18OOxYhGu2ipPnUKyd+TZCXhcrvAcf2r9vY6YX8vk=&u=U2FsdGVkX19DNdGu2UzcCimn5KUhTUtSM+VvQRJZ8OSj+RIoA/fcFu5FI66HW8LS&y=U2FsdGVkX1+8+QMu0kn5vbhNN63D5f9bgWuax7U0qS4DppPI2ejUd9Blezk3xgNc HTTP/1.1" 200 176
186.102.24.103 - - [19/May/2022:12:36:08 -0500] "GET /kwssiamovil/sm/cjson/pre?f=1&x=U2FsdGVkX1/Bzcch7kXLVs64szGNenbwB8mz+28al+RBMI6FQ4xH6KhaD/YpH49F HTTP/1.1" 200 30992
200.118.64.109 - - [19/May/2022:12:38:00 -0500] "POST /forms/lservlet;jsessionid=ac16012b30d68f4286ae7ecc43caa4ccc7ee3ab6f28a.e3iSbxaKaheRe34KbxqPchuLbi1ynknvrkLOlQzNp65In0 HTTP/1.1" 200 2
172.22.2.4 - - [19/May/2022:12:37:16 -0500] "GET /BLA/boletinlegal/ HTTP/1.1" 200 63009
69.63.184.1 - - [19/May/2022:12:39:03 -0500] "GET /images/6B1941B1-4BB6-4142-BA67-1B20E6384EA5.jpeg HTTP/1.1" 200 20899
200.118.64.109 - - [19/May/2022:12:40:00 -0500] "POST /forms/lservlet;jsessionid=ac16012b30d68f4286ae7ecc43caa4ccc7ee3ab6f28a.e3iSbxaKaheRe34KbxqPchuLbi1ynknvrkLOlQzNp65In0 HTTP/1.1" 200 2
216.245.221.92 - - [19/May/2022:12:40:05 -0500] "HEAD / HTTP/1.1" 200 -
172.22.2.4 - - [19/May/2022:12:40:14 -0500] "GET /BLA/boletinlegal/actos.php HTTP/1.1" 200 9559
172.22.2.4 - - [19/May/2022:12:40:15 -0500] "GET /BLA/boletinlegal/favicon.ico HTTP/1.1" 404 1326
172.22.2.4 - - [19/May/2022:12:40:27 -0500] "GET /BLA/boletinlegal/consulta_actos.php?tipo=autos&no=6546&usuario=&sector=&fecha=2021&resuelve= HTTP/1.1" 200 626
172.22.2.4 - - [19/May/2022:12:38:47 -0500] "HEAD /BLA/boletinlegal/ HTTP/1.1" 200 -
172.22.2.4 - - [19/May/2022:12:40:07 -0500] "GET /BLA/boletinlegal/ HTTP/1.1" 200 24523
172.22.2.4 - - [19/May/2022:12:39:18 -0500] "GET /BLA/boletinlegal/ HTTP/1.1" 200 48982
172.22.2.4 - - [19/May/2022:12:39:37 -0500] "GET /BLA/boletinlegal/ HTTP/1.1" 200 50676
172.22.2.4 - - [19/May/2022:12:41:18 -0500] "GET /BLA/boletinlegal/favicon.ico HTTP/1.1" 404 1308
172.22.2.4 - - [19/May/2022:12:41:19 -0500] "GET /BLA/boletinlegal/actos.php HTTP/1.1" 200 9559
172.22.2.4 - - [19/May/2022:12:41:31 -0500] "GET /BLA/boletinlegal/consulta_actos.php?tipo=resoluciones&no=&usuario=&sector=&fecha=2022&resuelve= HTTP/1.1" 200 89719
181.234.176.17 - - [19/May/2022:12:41:35 -0500] "POST /sipse/faces/presentacion/financiero/solicitudProceso/consultar.xhtml HTTP/1.1" 200 12819
181.234.176.17 - - [19/May/2022:12:41:39 -0500] "POST /sipse/faces/presentacion/financiero/solicitudProceso/consultar.xhtml HTTP/1.1" 200 12947
172.22.2.4 - - [19/May/2022:12:41:42 -0500] "GET /BLA/boletinlegal/consulta_actos.php?tipo=resoluciones&no=&usuario=&sector=&fecha=2022&resuelve=cesa HTTP/1.1" 200 1587
190.158.204.152 - - [19/May/2022:12:41:51 -0500] "GET /BLA/resoluciones/RESOLUCIONES%202022/0162.pdf HTTP/1.1" 200 367115
200.118.64.109 - - [19/May/2022:12:42:00 -0500] "POST /forms/lservlet;jsessionid=ac16012b30d68f4286ae7ecc43caa4ccc7ee3ab6f28a.e3iSbxaKaheRe34KbxqPchuLbi1ynknvrkLOlQzNp65In0 HTTP/1.1" 200 2
201.245.192.253 - - [19/May/2022:12:42:23 -0500] "POST /kwsrmcab/Wsrmcab HTTP/1.1" 200 46193
157.55.39.43 - - [19/May/2022:12:43:28 -0500] "GET /BLA/resoluciones/AUTOS%202013/2564.pdf HTTP/1.1" 304 -
192.168.169.31 - - [19/May/2022:12:43:34 -0500] "GET /BLA/boletinlegal/consulta_actos.php?tipo=autos&no=0462&usuario=&sector=&fecha=2022&resuelve= HTTP/1.1" 200 1068
207.46.13.165 - - [19/May/2022:12:43:38 -0500] "GET /portaldeninos/2018/06/06/hola-mundo-3-2/ HTTP/1.1" 200 95737
192.168.169.31 - - [19/May/2022:12:43:46 -0500] "GET /BLA/boletinlegal/consulta_actos.php?tipo=autos&no=0269&usuario=&sector=&fecha=2022&resuelve= HTTP/1.1" 200 1080
201.245.192.253 - - [19/May/2022:12:43:10 -0500] "POST /kwsrmcab/Wsrmcab HTTP/1.1" 200 46767
192.168.169.31 - - [19/May/2022:12:43:56 -0500] "GET /BLA/boletinlegal/consulta_actos.php?tipo=autos&no=0242&usuario=&sector=&fecha=2022&resuelve= HTTP/1.1" 200 1070
200.118.64.109 - - [19/May/2022:12:44:00 -0500] "POST /forms/lservlet;jsessionid=ac16012b30d68f4286ae7ecc43caa4ccc7ee3ab6f28a.e3iSbxaKaheRe34KbxqPchuLbi1ynknvrkLOlQzNp65In0 HTTP/1.1" 200 2
192.168.169.31 - - [19/May/2022:12:44:07 -0500] "GET /BLA/boletinlegal/consulta_actos.php?tipo=autos&no=0485&usuario=&sector=&fecha=2022&resuelve= HTTP/1.1" 200 1098
192.168.169.31 - - [19/May/2022:12:44:18 -0500] "GET /BLA/boletinlegal/consulta_actos.php?tipo=autos&no=0469&usuario=&sector=&fecha=2022&resuelve= HTTP/1.1" 200 1070
192.168.169.31 - - [19/May/2022:12:44:29 -0500] "GET /BLA/boletinlegal/consulta_actos.php?tipo=autos&no=0234&usuario=&sector=&fecha=2022&resuelve= HTTP/1.1" 200 1088
192.168.169.31 - - [19/May/2022:12:44:40 -0500] "GET /BLA/boletinlegal/consulta_actos.php?tipo=autos&no=0191&usuario=&sector=&fecha=2022&resuelve= HTTP/1.1" 200 1092
192.168.169.31 - - [19/May/2022:12:44:49 -0500] "GET /BLA/boletinlegal/consulta_actos.php?tipo=autos&no=0263&usuario=&sector=&fecha=2022&resuelve= HTTP/1.1" 200 1079
192.168.169.31 - - [19/May/2022:12:44:57 -0500] "GET /BLA/boletinlegal/consulta_actos.php?tipo=autos&no=0286&usuario=&sector=&fecha=2022&resuelve= HTTP/1.1" 200 1093
216.245.221.92 - - [19/May/2022:12:45:05 -0500] "HEAD / HTTP/1.1" 200 -
192.168.169.31 - - [19/May/2022:12:45:06 -0500] "GET /BLA/boletinlegal/consulta_actos.php?tipo=autos&no=0476&usuario=&sector=&fecha=2022&resuelve= HTTP/1.1" 200 1081
192.168.169.31 - - [19/May/2022:12:45:17 -0500] "GET /BLA/boletinlegal/consulta_actos.php?tipo=autos&no=0165&usuario=&sector=&fecha=2022&resuelve= HTTP/1.1" 200 1083
192.168.169.31 - - [19/May/2022:12:45:26 -0500] "GET /BLA/boletinlegal/consulta_actos.php?tipo=autos&no=0480&usuario=&sector=&fecha=2022&resuelve= HTTP/1.1" 200 1083
192.168.169.31 - - [19/May/2022:12:45:54 -0500] "GET /BLA/boletinlegal/consulta_actos.php?tipo=autos&no=0197&usuario=&sector=&fecha=2022&resuelve= HTTP/1.1" 200 1077
201.245.192.253 - - [19/May/2022:12:45:58 -0500] "GET /BLA/resoluciones/AUTOS%202022/0197.pdf HTTP/1.1" 200 422399
201.245.192.253 - - [19/May/2022:12:45:58 -0500] "GET /favicon.ico HTTP/1.1" 200 7782
201.244.243.214 - - [19/May/2022:12:46:02 -0500] "POST /appsia/controlador HTTP/1.1" 200 5437
201.244.243.214 - - [19/May/2022:12:46:04 -0500] "POST /appsia/controlador HTTP/1.1" 200 7730
201.244.243.214 - - [19/May/2022:12:46:04 -0500] "GET /appsia/images/logo_escudo.png HTTP/1.1" 200 36965
172.22.2.4 - - [19/May/2022:12:46:14 -0500] "GET /BLA/boletinlegal/Directivas/2018/Directiva%20No.%2024%20del%2027%20de%20diciembre%20de%202018.pdf HTTP/1.1" 304 -
172.22.2.4 - - [19/May/2022:12:44:37 -0500] "HEAD /BLA/boletinlegal/ HTTP/1.1" 200 -
192.168.169.31 - - [19/May/2022:12:46:19 -0500] "GET /BLA/boletinlegal/consulta_actos.php?tipo=autos&no=0274&usuario=&sector=&fecha=2022&resuelve= HTTP/1.1" 200 1084
172.22.2.4 - - [19/May/2022:12:45:27 -0500] "GET /BLA/boletinlegal/ HTTP/1.1" 200 58464
173.252.107.8 - - [19/May/2022:12:47:36 -0500] "GET /images/ecosistema-dia-internacional-tierra-21-abril.jpg HTTP/1.1" 200 30098
66.249.65.15 - - [19/May/2022:12:47:54 -0500] "-" 408 -
191.156.176.91 - - [19/May/2022:12:48:43 -0500] "-" 408 -
172.22.2.4 - - [19/May/2022:12:49:24 -0500] "GET /BLA/boletinlegal/js/jquery.scrollShow.js HTTP/1.1" 200 4586
216.245.221.92 - - [19/May/2022:12:50:05 -0500] "HEAD / HTTP/1.1" 200 -
172.22.2.4 - - [19/May/2022:12:50:27 -0500] "HEAD /BLA/boletinlegal/ HTTP/1.1" 200 -
192.168.169.31 - - [19/May/2022:12:52:22 -0500] "GET /BLA/boletinlegal/consulta_actos.php?tipo=autos&no=0462&usuario=&sector=&fecha=2022&resuelve= HTTP/1.1" 200 1068
172.22.2.4 - - [19/May/2022:12:51:18 -0500] "GET /BLA/boletinlegal/ HTTP/1.1" 200 60157
186.102.53.145 - - [19/May/2022:12:54:21 -0500] "GET /kwssiamovil/sm/ldap/au?x=U2FsdGVkX1/HM2JvnEMzXvT2wJFndzAqnRpOMQ2IdY6AtaOk/BR8JIjzpwYGXbJZ&y=U2FsdGVkX1+FZNLXP6u7GolI65caqJiOIElPmX1fyhiQf1AOOPDqAjeQbTSfasc6 HTTP/1.1" 200 30
186.102.53.145 - - [19/May/2022:12:54:21 -0500] "GET /kwssiamovil/sm/acme/s?s=U2FsdGVkX18DKPxIzozDAPpRABJg2m7p07cQONWDKjKKTVyddkBJRpk7a+BaZw79GPb21Iz4+xFxYNtebdiE1D21uZH6t6QUuOyod30DYPo=&u=U2FsdGVkX19KEhpGziXMyqUC3+L4MdQx9IGaIwfEQ1TNqTYhNkjtgty6htLi8XlV&y=U2FsdGVkX1+FZNLXP6u7GolI65caqJiOIElPmX1fyhiQf1AOOPDqAjeQbTSfasc6 HTTP/1.1" 200 97
186.102.53.145 - - [19/May/2022:12:54:21 -0500] "GET /kwssiamovil/sm/acme/s?s=U2FsdGVkX19dZoScztqgj5ESu/mYu8TBFv17gq+k530boNJjBGriMiJ0rcGc25OPsE1Xmo9o5tx1/IwlqRtM0kHatojOZ2koOHQSTmIcKiCpEVdbhVydCmb7VfWyNynygZJdVG4MeNEMG+C09uL7fBJFDaycwJGUcQfQCYgvwCwsOK8Z0UU+Q8/CHI9agUSBG5k1gWakCb/t8kqJ90peLFQpyu/xg2AazTGRUMgO0pvldVkIxV34cWf6bZl2Xo99D/EQpXUfE/esLcu7GGIAvqdpJlmJ/Lt+DNoU/TOpOuUuBiiad0AGUX7iwNj9DNfnxcGz9xFUwam/h71NMEEGNGxm+u6li2SxoZRZ8gNR7hOqOw2f6RmNOQlKairFfz3e3Vu3euxIhNUNQYExFZiLjOGkaI92/DXqlAkLk3vUQbPyoWBNj+i/988jL+NTlMDINziszaKofopvjmC+90s0Rb4sy6wghUX2/V7lmxeTMa3jMLSesEolOslRMhUE8KUlTphZWrpilLmFRtthMiWyidWCUN9DTciePww4Th+Fv7JdtWBWQ8so78wUcB2fJI36PPma+7/Sv/EYkB7fgvulUO3l+9DNDuHZSA1wI3TaDW7cXmytchIqO2NG/eLzsQrIbdKDQAzDvO+8a4cWUZ78pcfrmSFIv9Vh/W2OqlD1d7tbUooM3NPfIS8zxTDgfvLD7qi++gQ0jnEaAuJTDwQ38FUs4D/hgfy/RwFrcPZoufViQpW8Fta6ue3LeYL4/I33JFmjGI11H3NFI20EeCpYwNjiJ53VZbn2TC4SxPTl0NYfmGqIC79NU7hkiH/Lj120zXrOZHVw4jWjKlOf4kh9aM3RIWbA7GRYFVIU5KdpMgzgTVtT43ySzpuq7vghue43nAhnv2SizDgWIkZvePzz1GEQMQqHDkFyXj2VDeOv+U3r8a7lXiFAB2LC06Ah4xWg6lJpdNKteAUVftx7f9Kkya8CJXG9x0tT4xa6KwE2vKEmfDq4cG1Yz3s0FqJHUVWMIMc4Wftz+1qoKdgsi2sRGqlZDU1SxFxLjXpKkseAB2iHYP1W+3+HouyCCA5mbTVvhicFAc+4d4BkYO3k9pin05X0snpT4P8ulrQ1mWuFXcDB3WyGhjkBD974VoNLU4Vk20br1zrkToizO8DLdIA3IZlCKzMxbPjkZ40yW3fUnluse6GtPw2B3A1kxwDmgAEnS8vGGkZTGyV+IVJOckVodzC9hWdKcUuNz0Qq6JNQV7jm9jXZ74vhAgv9kJsJDX9MOfZJhBcac7rZ3uFcf/lnGBtdgrUgK25bkGp+TcG6+KAmTBHo4Sf/BgM/l5Q0Kx1uzoZ1p4hyucKliC16Cexh0HOSsejTpmti+/5ImzLqIrY=&u=U2FsdGVkX19KEhpGziXMyqUC3+L4MdQx9IGaIwfEQ1TNqTYhNkjtgty6htLi8XlV&y=U2FsdGVkX1+FZNLXP6u7GolI65caqJiOIElPmX1fyhiQf1AOOPDqAjeQbTSfasc6 HTTP/1.1" 200 563
186.102.53.145 - - [19/May/2022:12:54:21 -0500] "GET /kwssiamovil/sm/acme/s?s=U2FsdGVkX189I+nh55TFJKPxAMKptoPA1kSL698/8Qt3iGGKDJ1aenVj2kSqlTP+oPlL36y4V4QsjiuhOj67t8XruzYgvQW9l6g9/Xd3ij86EQadod2SyGsDjNAIqVX79IbIAkvVfz5o2QW8Rzdb/7tq7n3iuPrU+P0+nG/HGIag2+yIILHISB8vC3BlbVTeAgYvMtrAWBYakQE08dS2Z43HqtFvUryvHlrpvfvNdZcsRhGjRGrsxILO/TLL1LTYkcYi45i0Bqi+QXJ443I3+z1e6pUDObpDF4qbqqMOCLo=&u=U2FsdGVkX19KEhpGziXMyqUC3+L4MdQx9IGaIwfEQ1TNqTYhNkjtgty6htLi8XlV&y=U2FsdGVkX1+FZNLXP6u7GolI65caqJiOIElPmX1fyhiQf1AOOPDqAjeQbTSfasc6 HTTP/1.1" 200 176
186.102.53.145 - - [19/May/2022:12:54:21 -0500] "GET /kwssiamovil/sm/cjson/pre?f=1&x=U2FsdGVkX1/HM2JvnEMzXvT2wJFndzAqnRpOMQ2IdY6AtaOk/BR8JIjzpwYGXbJZ HTTP/1.1" 200 30992
173.252.107.20 - - [19/May/2022:12:55:01 -0500] "GET /images/pieza-mujeres-reverdecen-4-abril.jpg HTTP/1.1" 200 48916
216.245.221.92 - - [19/May/2022:12:55:05 -0500] "HEAD / HTTP/1.1" 200 -
66.249.65.13 - - [19/May/2022:12:55:11 -0500] "-" 408 -
172.22.2.4 - - [19/May/2022:12:55:32 -0500] "GET /BLA/boletinlegal/actos.php HTTP/1.1" 200 9559
172.22.2.4 - - [19/May/2022:12:55:53 -0500] "GET /BLA/boletinlegal/consulta_actos.php?tipo=resoluciones&no=6655&usuario=&sector=AIRE&fecha=2021&resuelve= HTTP/1.1" 200 626
172.22.2.4 - - [19/May/2022:12:55:55 -0500] "GET /BLA/boletinlegal/consulta_actos.php?tipo=resoluciones&no=6655&usuario=&sector=AIRE&fecha=2021&resuelve= HTTP/1.1" 200 626
190.145.145.6 - - [19/May/2022:12:56:14 -0500] "GET /BLA/boletinlegal/js/jquery.scrollShow.js HTTP/1.1" 200 4586
190.145.145.6 - - [19/May/2022:12:56:14 -0500] "GET /galeria/galeria/jquery.fancybox.css?v=2.1.5 HTTP/1.1" 200 4895
190.145.145.6 - - [19/May/2022:12:56:14 -0500] "GET /galeria/galeria/jquery.fancybox.js?v=2.1.5 HTTP/1.1" 200 48706
172.22.2.4 - - [19/May/2022:12:57:28 -0500] "GET /BLA/boletinlegal/consulta_actos.php?tipo=resoluciones&no=6655&usuario=&sector=AIRE&fecha=2021&resuelve= HTTP/1.1" 200 626
207.46.13.67 - - [19/May/2022:12:57:30 -0500] "GET / HTTP/1.1" 200 319
172.22.2.4 - - [19/May/2022:12:56:17 -0500] "HEAD /BLA/boletinlegal/ HTTP/1.1" 200 -
172.22.2.4 - - [19/May/2022:12:58:13 -0500] "GET /BLA/boletinlegal/consulta_actos.php?tipo=resoluciones&no=6655&usuario=&sector=AIRE&fecha=2011&resuelve= HTTP/1.1" 200 626
172.22.2.4 - - [19/May/2022:12:58:15 -0500] "GET /BLA/boletinlegal/consulta_actos.php?tipo=resoluciones&no=6655&usuario=&sector=AIRE&fecha=2011&resuelve= HTTP/1.1" 200 626
172.22.2.4 - - [19/May/2022:12:58:15 -0500] "GET /BLA/boletinlegal/consulta_actos.php?tipo=resoluciones&no=6655&usuario=&sector=AIRE&fecha=2011&resuelve= HTTP/1.1" 200 626
172.22.2.4 - - [19/May/2022:12:58:15 -0500] "GET /BLA/boletinlegal/consulta_actos.php?tipo=resoluciones&no=6655&usuario=&sector=AIRE&fecha=2011&resuelve= HTTP/1.1" 200 626
172.22.2.4 - - [19/May/2022:12:58:15 -0500] "GET /BLA/boletinlegal/consulta_actos.php?tipo=resoluciones&no=6655&usuario=&sector=AIRE&fecha=2011&resuelve= HTTP/1.1" 200 626
172.22.2.4 - - [19/May/2022:12:58:16 -0500] "GET /BLA/boletinlegal/consulta_actos.php?tipo=resoluciones&no=6655&usuario=&sector=AIRE&fecha=2011&resuelve= HTTP/1.1" 200 626
186.170.217.70 - - [19/May/2022:12:58:18 -0500] "GET /BLA/resoluciones/dlf/folder.png HTTP/1.1" 200 410
186.170.217.70 - - [19/May/2022:12:58:18 -0500] "GET /BLA/resoluciones/ HTTP/1.1" 200 13093
186.170.217.70 - - [19/May/2022:12:58:21 -0500] "GET /BLA/resoluciones/dlf/dirup.png HTTP/1.1" 200 644
186.170.217.70 - - [19/May/2022:12:58:21 -0500] "GET /BLA/resoluciones/dlf/pdf.gif HTTP/1.1" 200 272
186.170.217.70 - - [19/May/2022:12:58:21 -0500] "GET /BLA/resoluciones/index.php?dir=RESOLUCIONES+2011%2F HTTP/1.1" 200 746483
172.22.2.4 - - [19/May/2022:12:57:07 -0500] "GET /BLA/boletinlegal/ HTTP/1.1" 200 60955
23.251.102.74 - - [19/May/2022:12:59:10 -0500] "GET /portaldeninos/ HTTP/1.1" 200 109662
186.102.22.143 - - [19/May/2022:12:59:36 -0500] "GET /kwssiamovil/sm/acme/a?s=U2FsdGVkX191h2XC1bQss9ibGlOshskTlW67Ede46a3OwDbAk3av+Lf8mee9qvN9VNoLWgLKSJKa02KjHWSHcznOjyxqXi4YL2WpBFh2RW5zbdtOm+PdirovJVYFqYP4cqemEy17QJflGl5xHtnB77T9Y9hhQznkUCSF+9eRFvVpNp5NGphRkC0cBHYAWE5XKnPyl0j0xU57yn8kh83N2+b80MfiHbzhCpApIJCkR0r8IdW2BPVuaTO7BnYYs2uTLNYLCkVX9eAX8DKFiQ6aKg==&u=U2FsdGVkX1+mW5K56dKguVBKP2D0jVqxiLtHH05IpMxIcyvr4uFzzfjv44IPkXMd&y=U2FsdGVkX19AlPJIZu3hX8iisv+7sFTZKK+VlnUySarhuNl/eNdiiOWCblWZwA9p HTTP/1.1" 200 25
