172.22.2.4 - - [19/May/2022:14:05:27 -0500] "GET /BLA/boletinlegal/js/jquery.scrollTo-min.js HTTP/1.1" 200 1150
172.22.2.4 - - [19/May/2022:14:05:27 -0500] "GET /BLA/boletinlegal/js/jquery.scrollShow.js HTTP/1.1" 200 4586
172.22.2.4 - - [19/May/2022:14:05:28 -0500] "GET /BLA/boletinlegal/images/subscribe-icon-big.png HTTP/1.1" 200 47702
172.22.2.4 - - [19/May/2022:14:05:28 -0500] "GET /BLA/boletinlegal/images/historia.png HTTP/1.1" 200 52775
172.22.2.4 - - [19/May/2022:14:05:28 -0500] "GET /BLA/boletinlegal/images/cabezote%20BLEGAL.jpg HTTP/1.1" 200 118164
172.22.2.4 - - [19/May/2022:14:05:28 -0500] "GET /BLA/boletinlegal/images/arr_l.jpg HTTP/1.1" 200 1979
172.22.2.4 - - [19/May/2022:14:05:28 -0500] "GET /BLA/boletinlegal/images/registro-usuarios.png HTTP/1.1" 200 8106
172.22.2.4 - - [19/May/2022:14:05:28 -0500] "GET /BLA/boletinlegal/images/menu_rght.gif HTTP/1.1" 200 1627
172.22.2.4 - - [19/May/2022:14:05:28 -0500] "GET /BLA/boletinlegal/images/body_bg.jpg HTTP/1.1" 200 1601
172.22.2.4 - - [19/May/2022:14:05:28 -0500] "GET /BLA/boletinlegal/images/menu_lft.gif HTTP/1.1" 200 1713
172.22.2.4 - - [19/May/2022:14:05:28 -0500] "GET /BLA/boletinlegal/images/menu_bg.jpg HTTP/1.1" 200 620
172.22.2.4 - - [19/May/2022:14:05:28 -0500] "GET /BLA/boletinlegal/images/bg_top.jpg HTTP/1.1" 200 522
157.55.39.8 - - [19/May/2022:14:05:28 -0500] "GET /BLA/resoluciones/RESOLUCIONES%202018/3514.pdf HTTP/1.1" 200 365963
172.22.2.4 - - [19/May/2022:14:05:29 -0500] "GET /BLA/boletinlegal/images/launch.jpg HTTP/1.1" 200 14577
172.22.2.4 - - [19/May/2022:14:05:29 -0500] "GET /BLA/boletinlegal/images/hover.jpg HTTP/1.1" 200 640
172.22.2.4 - - [19/May/2022:14:05:29 -0500] "GET /BLA/boletinlegal/images/text.jpg HTTP/1.1" 200 568
172.22.2.4 - - [19/May/2022:14:05:29 -0500] "GET /BLA/boletinlegal/images/screen_1.png HTTP/1.1" 200 202547
186.102.14.118 - - [19/May/2022:14:05:31 -0500] "GET /kwssiamovil/sm/ldap/au?x=U2FsdGVkX18uhopILcWLo77JwNSUb9QQDQkCM8HWhE74mfBFJLNp4UK8szkMsJXZ&y=U2FsdGVkX1/y9qJKAUbHbtP7HSJP2hiRarSp6G8hxy0= HTTP/1.1" 200 30
186.102.14.118 - - [19/May/2022:14:05:31 -0500] "GET /kwssiamovil/sm/acme/s?s=U2FsdGVkX19IUj+FvC4m2PYaenHNKY7L2B1eK0+jhvEV9s5pFoupJLwXsiAHzUhZ0/QaloNhId5UqTTLJeI4BA7GEB1rtkxIm+8eWercr88=&u=U2FsdGVkX1/zt1AD8z35wHiSfBYXAG6xKAfWFyWTWEc=&y=U2FsdGVkX1/y9qJKAUbHbtP7HSJP2hiRarSp6G8hxy0= HTTP/1.1" 200 97
186.102.14.118 - - [19/May/2022:14:05:31 -0500] "GET /kwssiamovil/sm/acme/s?s=U2FsdGVkX18XukIZhaUxds0XQI1hMvO9mTipLAlLzAeEk/NmWoehp/guYdmL5fP2yg0nrC0cX876dc3OCWrj+PnzOODfzJjRPyQawQjZ9N6iU5+1JsXr1G+ZJSH/ZN0LiSlsmljfh06maa882AbDHLDdJS8tm8MzY99GEMJyrgBY4JTJx+uIGScAwsnegNDtloNbsRs1ps7Xm0XnUcjTzHQrBVo8Ny8+ZLcACy0YgOlsqgfttQCSGLSPvDr55suMjhblkXrrRv3Q5uLnVh1iKRcPH/6kzMTz1w5wXP75O0kl0jMwQbZ83pgEOLodjFA0pLJYx/0cnQalHJ7csSmDkR8MSyInR5NXFwCag5Cb3f/t99cm745+P5MoR/dU0EqC9m92phWVWPDdnWSIdj6YjsjOFmu/+QHDcD7tBL092HgHqc00NegRLoiPPQAtyI+erCH8jouLVt1YpgskbJVS7dnyfKiPjagVCfM8gC5jpSLKvoRmpJnDEMMZdrMENLJCrcb9sBlxJK5UT8yZCqUe/tKxEVKmxUVmQsTdfRjnvCNFVSXb0Cc/N2uWqHESMtT4e/hw9RCA/6zL61D4KnxHhol9tOO4epHRkxhugBVy5cVLhtpgOVbN7ZVssJkI/+gYEzIsifyaeeedbyhjVca9DLM3VLzxn71B5ClZlWcgXlplV71hSSHacy7HzxiVDqQcE0UoNcb0GOjXu2lHgCWDBnvyVaex+7T1GR2Cbhuzr/dvDE5hi+ilU/oE0N78PD3AegtQpa9mf3do0CCzzyb5PemndzuJwMYOuYEl7AI5/g9WpsX4FsyV5tTU+pCn3OcYcjFfWPw5kXXcBojQYvmBcoQW5gl21TwzX2xrPT0uOk7/Fg+dER3f3Y5gBsqqOYhv5piXFS2sYiFZ20irJCXZyj5ZCzle6thR3q3NQWXnOJG+fS9YhUEf1vtTjfNzwmujDP74EixzZCLlDdx1wpRgO2Ogg5LLXIPLPB0rIvnKMa9qtOcsagG3QoRxT+tE2OyN1DSUvoBSJr3/3frwI2La/HrBvjT14s6eurFQyKlXZB08mrlk8zZQ7K3uOnIvAm+MAsNTPZUEQ/5URsmKSyUVskVPjZf6OLAp6ijL1K6rAtHTWtlvQugT/Vn6JKOFB0orlMwmEmstZkhc6S6Rotlihp6iOFDPeTZKp3wMwQp8Y896GTJ5zftcDTCsBb7Cq5Nhm74K3/hVwalEWX6ESYyz3eSNR3cxRJFWvxPd2uvNfPq1SxdrOQwBG2uvvfMhdLQoQS+jtepmBRknOnDWT/c3qnf1VTeJusk3vE5/0TlvwRU3hYk/Sgs1C1qxr/xvxCxea1828BP/1yIujBJsTtJdrUNxAX5jE5O4tuFI8vUvWlM=&u=U2FsdGVkX1/zt1AD8z35wHiSfBYXAG6xKAfWFyWTWEc=&y=U2FsdGVkX1/y9qJKAUbHbtP7HSJP2hiRarSp6G8hxy0= HTTP/1.1" 200 2432
186.102.14.118 - - [19/May/2022:14:05:31 -0500] "GET /kwssiamovil/sm/acme/s?s=U2FsdGVkX18+jCGQIuus6HsbPsbkCAcKLOqm7kDK0tZoOCgecG9s7CBZel0AIHod4MPCtLDh3TdP/cWro7YwqynG9ToKF6AneNywE7weBt6cTTRwkEqQK1BOhrflyQTUzm0wkbxzae6Xz+OL9z7QP3B0UGN+W9qERJ5KKaVk+vTlEHu1cWwMVcfbIYkEs4rzXE3/H0WUXy7Cg65U+mrAaqARLTcgNnCJ5S9eTL6W8D6MeHtjykVmb9JSgeNzdYkYd3rYh583NPSBeLI2N/HbRdACbmErMe3Z3MSduLvS2bI=&u=U2FsdGVkX1/zt1AD8z35wHiSfBYXAG6xKAfWFyWTWEc=&y=U2FsdGVkX1/y9qJKAUbHbtP7HSJP2hiRarSp6G8hxy0= HTTP/1.1" 200 176
186.102.14.118 - - [19/May/2022:14:05:31 -0500] "GET /kwssiamovil/sm/cjson/pre?f=1&x=U2FsdGVkX18uhopILcWLo77JwNSUb9QQDQkCM8HWhE74mfBFJLNp4UK8szkMsJXZ HTTP/1.1" 200 30992
172.22.2.4 - - [19/May/2022:14:05:33 -0500] "GET /BLA/boletinlegal/images/screen_2.png HTTP/1.1" 200 362502
172.22.2.4 - - [19/May/2022:14:05:33 -0500] "GET /BLA/boletinlegal/images/footer_bg.jpg HTTP/1.1" 200 586
172.22.2.4 - - [19/May/2022:14:05:33 -0500] "GET /BLA/boletinlegal/images/screen_3.png HTTP/1.1" 200 210620
172.22.2.4 - - [19/May/2022:14:05:33 -0500] "GET /BLA/boletinlegal/images/screen_5.png HTTP/1.1" 200 368876
172.22.2.4 - - [19/May/2022:14:05:33 -0500] "GET /BLA/boletinlegal/images/arr_r.jpg HTTP/1.1" 200 1998
200.118.64.109 - - [19/May/2022:14:05:59 -0500] "POST /forms/lservlet;jsessionid=ac16012b30d62f30261f3730462ca94ce024bc3f615b.e3iSbxaKaheRe34KbxqPchuLbi1ynknvrkLOlQzNp65In0 HTTP/1.1" 200 2
200.118.64.109 - - [19/May/2022:14:06:05 -0500] "POST /forms/lservlet;jsessionid=ac16012b30d62f30261f3730462ca94ce024bc3f615b.e3iSbxaKaheRe34KbxqPchuLbi1ynknvrkLOlQzNp65In0 HTTP/1.1" 200 2
200.118.64.109 - - [19/May/2022:14:06:05 -0500] "POST /forms/lservlet;jsessionid=ac16012b30d62f30261f3730462ca94ce024bc3f615b.e3iSbxaKaheRe34KbxqPchuLbi1ynknvrkLOlQzNp65In0 HTTP/1.1" 200 2
200.118.64.109 - - [19/May/2022:14:06:05 -0500] "POST /forms/lservlet;jsessionid=ac16012b30d62f30261f3730462ca94ce024bc3f615b.e3iSbxaKaheRe34KbxqPchuLbi1ynknvrkLOlQzNp65In0 HTTP/1.1" 200 17
200.118.64.109 - - [19/May/2022:14:06:06 -0500] "POST /forms/lservlet;jsessionid=ac16012b30d62f30261f3730462ca94ce024bc3f615b.e3iSbxaKaheRe34KbxqPchuLbi1ynknvrkLOlQzNp65In0 HTTP/1.1" 200 2027
200.118.64.109 - - [19/May/2022:14:06:06 -0500] "POST /forms/lservlet;jsessionid=ac16012b30d62f30261f3730462ca94ce024bc3f615b.e3iSbxaKaheRe34KbxqPchuLbi1ynknvrkLOlQzNp65In0 HTTP/1.1" 200 78
186.28.138.32 - - [19/May/2022:14:06:08 -0500] "-" 408 -
200.118.64.109 - - [19/May/2022:14:06:09 -0500] "POST /forms/lservlet;jsessionid=ac16012b30d62f30261f3730462ca94ce024bc3f615b.e3iSbxaKaheRe34KbxqPchuLbi1ynknvrkLOlQzNp65In0 HTTP/1.1" 200 34757
200.118.64.109 - - [19/May/2022:14:06:10 -0500] "GET /imagenes/listval.gif HTTP/1.1" 200 905
200.118.64.109 - - [19/May/2022:14:06:10 -0500] "POST /forms/lservlet;jsessionid=ac16012b30d62f30261f3730462ca94ce024bc3f615b.e3iSbxaKaheRe34KbxqPchuLbi1ynknvrkLOlQzNp65In0 HTTP/1.1" 200 7
200.118.64.109 - - [19/May/2022:14:06:10 -0500] "POST /forms/lservlet;jsessionid=ac16012b30d62f30261f3730462ca94ce024bc3f615b.e3iSbxaKaheRe34KbxqPchuLbi1ynknvrkLOlQzNp65In0 HTTP/1.1" 200 2
200.118.64.109 - - [19/May/2022:14:06:10 -0500] "POST /forms/lservlet;jsessionid=ac16012b30d62f30261f3730462ca94ce024bc3f615b.e3iSbxaKaheRe34KbxqPchuLbi1ynknvrkLOlQzNp65In0 HTTP/1.1" 200 2
200.118.64.109 - - [19/May/2022:14:06:10 -0500] "POST /forms/lservlet;jsessionid=ac16012b30d62f30261f3730462ca94ce024bc3f615b.e3iSbxaKaheRe34KbxqPchuLbi1ynknvrkLOlQzNp65In0 HTTP/1.1" 200 34
200.118.64.109 - - [19/May/2022:14:06:10 -0500] "POST /forms/lservlet;jsessionid=ac16012b30d62f30261f3730462ca94ce024bc3f615b.e3iSbxaKaheRe34KbxqPchuLbi1ynknvrkLOlQzNp65In0 HTTP/1.1" 200 2
200.118.64.109 - - [19/May/2022:14:06:11 -0500] "POST /forms/lservlet;jsessionid=ac16012b30d62f30261f3730462ca94ce024bc3f615b.e3iSbxaKaheRe34KbxqPchuLbi1ynknvrkLOlQzNp65In0 HTTP/1.1" 200 2
200.118.64.109 - - [19/May/2022:14:06:11 -0500] "POST /forms/lservlet;jsessionid=ac16012b30d62f30261f3730462ca94ce024bc3f615b.e3iSbxaKaheRe34KbxqPchuLbi1ynknvrkLOlQzNp65In0 HTTP/1.1" 200 662
200.118.64.109 - - [19/May/2022:14:06:11 -0500] "POST /forms/lservlet;jsessionid=ac16012b30d62f30261f3730462ca94ce024bc3f615b.e3iSbxaKaheRe34KbxqPchuLbi1ynknvrkLOlQzNp65In0 HTTP/1.1" 200 10
66.249.65.13 - - [19/May/2022:14:06:12 -0500] "-" 408 -
200.118.64.109 - - [19/May/2022:14:06:13 -0500] "POST /forms/lservlet;jsessionid=ac16012b30d62f30261f3730462ca94ce024bc3f615b.e3iSbxaKaheRe34KbxqPchuLbi1ynknvrkLOlQzNp65In0 HTTP/1.1" 200 26
200.118.64.109 - - [19/May/2022:14:06:13 -0500] "POST /forms/lservlet;jsessionid=ac16012b30d62f30261f3730462ca94ce024bc3f615b.e3iSbxaKaheRe34KbxqPchuLbi1ynknvrkLOlQzNp65In0 HTTP/1.1" 200 14
200.118.64.109 - - [19/May/2022:14:06:14 -0500] "POST /forms/lservlet;jsessionid=ac16012b30d62f30261f3730462ca94ce024bc3f615b.e3iSbxaKaheRe34KbxqPchuLbi1ynknvrkLOlQzNp65In0 HTTP/1.1" 200 4690
200.118.64.109 - - [19/May/2022:14:06:15 -0500] "POST /forms/lservlet;jsessionid=ac16012b30d62f30261f3730462ca94ce024bc3f615b.e3iSbxaKaheRe34KbxqPchuLbi1ynknvrkLOlQzNp65In0 HTTP/1.1" 200 2
172.22.2.4 - - [19/May/2022:14:05:26 -0500] "GET /BLA/boletinlegal/ HTTP/1.1" 200 36811
172.22.2.4 - - [19/May/2022:14:06:23 -0500] "GET /BLA/boletinlegal/consulta_actos.php?tipo=autos&no=4199&usuario=&sector=&fecha=2018&resuelve= HTTP/1.1" 200 1065
191.107.146.70 - - [19/May/2022:14:06:27 -0500] "GET /si-te-gusta-la-pintura-el-dibujo-o-la-fotografia-el-concurso-a-vuelo-de-pajaro-es-para-ti.html HTTP/1.1" 200 861
69.63.184.1 - - [19/May/2022:14:07:05 -0500] "GET /images/RCD1.jpg HTTP/1.1" 200 195843
172.22.2.4 - - [19/May/2022:14:07:35 -0500] "GET /BLA/boletinlegal/consulta_actos.php?tipo=autos&no=1828&usuario=&sector=&fecha=2022&resuelve= HTTP/1.1" 200 1075
191.156.57.141 - - [19/May/2022:14:07:49 -0500] "GET /mesa/contrasena.pdf HTTP/1.1" 200 443199
191.156.54.85 - - [19/May/2022:14:07:50 -0500] "GET /mesa/contrasena.pdf HTTP/1.1" 206 1
191.156.54.85 - - [19/May/2022:14:07:50 -0500] "GET /mesa/contrasena.pdf HTTP/1.1" 206 440775
172.22.2.4 - - [19/May/2022:14:06:17 -0500] "HEAD /BLA/boletinlegal/ HTTP/1.1" 200 -
200.118.64.109 - - [19/May/2022:14:07:59 -0500] "POST /forms/lservlet;jsessionid=ac16012b30d62f30261f3730462ca94ce024bc3f615b.e3iSbxaKaheRe34KbxqPchuLbi1ynknvrkLOlQzNp65In0 HTTP/1.1" 200 2
172.22.2.4 - - [19/May/2022:14:08:03 -0500] "GET /BLA/boletinlegal/consulta_actos.php?tipo=autos&no=1870&usuario=&sector=&fecha=2022&resuelve= HTTP/1.1" 200 1074
172.22.2.4 - - [19/May/2022:14:08:12 -0500] "GET /BLA/boletinlegal/consulta_actos.php?tipo=autos&no=1892&usuario=&sector=&fecha=2022&resuelve= HTTP/1.1" 200 1099
172.22.2.4 - - [19/May/2022:14:08:21 -0500] "GET /BLA/boletinlegal/consulta_actos.php?tipo=autos&no=1897&usuario=&sector=&fecha=2022&resuelve= HTTP/1.1" 200 1111
172.22.2.4 - - [19/May/2022:14:08:30 -0500] "GET /BLA/boletinlegal/consulta_actos.php?tipo=autos&no=1900&usuario=&sector=&fecha=2022&resuelve= HTTP/1.1" 200 1081
172.22.2.4 - - [19/May/2022:14:08:38 -0500] "GET /BLA/boletinlegal/consulta_actos.php?tipo=autos&no=1912&usuario=&sector=&fecha=2022&resuelve= HTTP/1.1" 200 1111
172.22.2.4 - - [19/May/2022:14:07:07 -0500] "GET /BLA/boletinlegal/ HTTP/1.1" 200 58464
172.22.2.4 - - [19/May/2022:14:08:48 -0500] "GET /BLA/boletinlegal/consulta_actos.php?tipo=autos&no=2055&usuario=&sector=&fecha=2022&resuelve= HTTP/1.1" 200 1089
172.22.2.4 - - [19/May/2022:14:08:56 -0500] "GET /BLA/boletinlegal/consulta_actos.php?tipo=autos&no=2064&usuario=&sector=&fecha=2022&resuelve= HTTP/1.1" 200 1118
172.22.2.4 - - [19/May/2022:14:09:03 -0500] "GET /BLA/boletinlegal/consulta_actos.php?tipo=autos&no=2065&usuario=&sector=&fecha=2022&resuelve= HTTP/1.1" 200 1068
200.118.64.109 - - [19/May/2022:14:09:04 -0500] "POST /forms/lservlet;jsessionid=ac16012b30d62f30261f3730462ca94ce024bc3f615b.e3iSbxaKaheRe34KbxqPchuLbi1ynknvrkLOlQzNp65In0 HTTP/1.1" 200 2
200.118.64.109 - - [19/May/2022:14:09:04 -0500] "POST /forms/lservlet;jsessionid=ac16012b30d62f30261f3730462ca94ce024bc3f615b.e3iSbxaKaheRe34KbxqPchuLbi1ynknvrkLOlQzNp65In0 HTTP/1.1" 200 14
200.118.64.109 - - [19/May/2022:14:09:05 -0500] "POST /forms/lservlet;jsessionid=ac16012b30d62f30261f3730462ca94ce024bc3f615b.e3iSbxaKaheRe34KbxqPchuLbi1ynknvrkLOlQzNp65In0 HTTP/1.1" 200 14
200.118.64.109 - - [19/May/2022:14:09:06 -0500] "POST /forms/lservlet;jsessionid=ac16012b30d62f30261f3730462ca94ce024bc3f615b.e3iSbxaKaheRe34KbxqPchuLbi1ynknvrkLOlQzNp65In0 HTTP/1.1" 200 14
200.118.64.109 - - [19/May/2022:14:09:08 -0500] "POST /forms/lservlet;jsessionid=ac16012b30d62f30261f3730462ca94ce024bc3f615b.e3iSbxaKaheRe34KbxqPchuLbi1ynknvrkLOlQzNp65In0 HTTP/1.1" 200 14
172.22.2.4 - - [19/May/2022:14:09:10 -0500] "GET /BLA/boletinlegal/consulta_actos.php?tipo=autos&no=2066&usuario=&sector=&fecha=2022&resuelve= HTTP/1.1" 200 1079
200.118.64.109 - - [19/May/2022:14:09:10 -0500] "POST /forms/lservlet;jsessionid=ac16012b30d62f30261f3730462ca94ce024bc3f615b.e3iSbxaKaheRe34KbxqPchuLbi1ynknvrkLOlQzNp65In0 HTTP/1.1" 200 15
200.118.64.109 - - [19/May/2022:14:09:13 -0500] "POST /forms/lservlet;jsessionid=ac16012b30d62f30261f3730462ca94ce024bc3f615b.e3iSbxaKaheRe34KbxqPchuLbi1ynknvrkLOlQzNp65In0 HTTP/1.1" 200 15
200.118.64.109 - - [19/May/2022:14:09:17 -0500] "POST /forms/lservlet;jsessionid=ac16012b30d62f30261f3730462ca94ce024bc3f615b.e3iSbxaKaheRe34KbxqPchuLbi1ynknvrkLOlQzNp65In0 HTTP/1.1" 200 15
200.118.64.109 - - [19/May/2022:14:09:25 -0500] "POST /forms/lservlet;jsessionid=ac16012b30d62f30261f3730462ca94ce024bc3f615b.e3iSbxaKaheRe34KbxqPchuLbi1ynknvrkLOlQzNp65In0 HTTP/1.1" 200 15
172.22.2.4 - - [19/May/2022:14:09:33 -0500] "GET /BLA/boletinlegal/consulta_actos.php?tipo=autos&no=2080&usuario=&sector=&fecha=2022&resuelve= HTTP/1.1" 200 1092
200.118.64.109 - - [19/May/2022:14:09:34 -0500] "POST /forms/lservlet;jsessionid=ac16012b30d62f30261f3730462ca94ce024bc3f615b.e3iSbxaKaheRe34KbxqPchuLbi1ynknvrkLOlQzNp65In0 HTTP/1.1" 200 127
200.118.64.109 - - [19/May/2022:14:09:34 -0500] "POST /forms/lservlet;jsessionid=ac16012b30d62f30261f3730462ca94ce024bc3f615b.e3iSbxaKaheRe34KbxqPchuLbi1ynknvrkLOlQzNp65In0 HTTP/1.1" 200 2
200.118.64.109 - - [19/May/2022:14:09:34 -0500] "GET /reports/rwservlet/getjobid76289?server=repnomi HTTP/1.1" 200 4940362
172.22.2.4 - - [19/May/2022:14:09:40 -0500] "GET /BLA/boletinlegal/consulta_actos.php?tipo=autos&no=2092&usuario=&sector=&fecha=2022&resuelve= HTTP/1.1" 200 1086
172.22.2.4 - - [19/May/2022:14:09:46 -0500] "GET /BLA/boletinlegal/consulta_actos.php?tipo=autos&no=2098&usuario=&sector=&fecha=2022&resuelve= HTTP/1.1" 200 1093
95.108.213.61 - - [19/May/2022:14:09:52 -0500] "-" 408 -
172.22.2.4 - - [19/May/2022:14:09:54 -0500] "GET /BLA/boletinlegal/consulta_actos.php?tipo=autos&no=2145&usuario=&sector=&fecha=2022&resuelve= HTTP/1.1" 200 1080
5.45.207.96 - - [19/May/2022:14:09:57 -0500] "-" 408 -
172.22.2.4 - - [19/May/2022:14:09:57 -0500] "GET /BLA/boletinlegal/actos.php HTTP/1.1" 200 9559
172.22.2.4 - - [19/May/2022:14:09:58 -0500] "GET /BLA/boletinlegal/favicon.ico HTTP/1.1" 404 1326
200.118.64.109 - - [19/May/2022:14:09:59 -0500] "POST /forms/lservlet;jsessionid=ac16012b30d62f30261f3730462ca94ce024bc3f615b.e3iSbxaKaheRe34KbxqPchuLbi1ynknvrkLOlQzNp65In0 HTTP/1.1" 200 2
87.250.224.198 - - [19/May/2022:14:10:02 -0500] "-" 408 -
172.22.2.4 - - [19/May/2022:14:10:03 -0500] "GET /BLA/boletinlegal/consulta_actos.php?tipo=autos&no=2146&usuario=&sector=&fecha=2022&resuelve= HTTP/1.1" 200 1081
216.245.221.92 - - [19/May/2022:14:10:05 -0500] "HEAD / HTTP/1.1" 200 -
87.250.224.78 - - [19/May/2022:14:10:07 -0500] "-" 408 -
172.22.2.4 - - [19/May/2022:14:10:08 -0500] "GET /BLA/boletinlegal/consulta_actos.php?tipo=resoluciones&no=5225&usuario=&sector=&fecha=2021&resuelve= HTTP/1.1" 200 1079
172.22.2.4 - - [19/May/2022:14:10:11 -0500] "GET /BLA/boletinlegal/consulta_actos.php?tipo=autos&no=2150&usuario=&sector=&fecha=2022&resuelve= HTTP/1.1" 200 1078
172.22.2.4 - - [19/May/2022:14:10:20 -0500] "GET /BLA/boletinlegal/consulta_actos.php?tipo=autos&no=2166&usuario=&sector=&fecha=2022&resuelve= HTTP/1.1" 200 1113
141.8.142.65 - - [19/May/2022:14:10:22 -0500] "-" 408 -
172.22.2.4 - - [19/May/2022:14:10:28 -0500] "GET /BLA/boletinlegal/consulta_actos.php?tipo=autos&no=2183&usuario=&sector=&fecha=2022&resuelve= HTTP/1.1" 200 1091
172.22.2.4 - - [19/May/2022:14:09:50 -0500] "GET /BLA/boletinlegal/ HTTP/1.1" 200 32715
172.22.2.4 - - [19/May/2022:14:10:32 -0500] "GET /BLA/boletinlegal/consulta_actos.php?tipo=resoluciones&no=0204&usuario=&sector=&fecha=2022&resuelve= HTTP/1.1" 200 1098
172.22.2.4 - - [19/May/2022:14:10:35 -0500] "GET /BLA/boletinlegal/consulta_actos.php?tipo=autos&no=2187&usuario=&sector=&fecha=2022&resuelve= HTTP/1.1" 200 1089
87.250.224.48 - - [19/May/2022:14:10:37 -0500] "-" 408 -
172.22.2.4 - - [19/May/2022:14:10:43 -0500] "GET /BLA/boletinlegal/consulta_actos.php?tipo=autos&no=2213&usuario=&sector=&fecha=2022&resuelve= HTTP/1.1" 200 1073
200.118.64.109 - - [19/May/2022:14:10:46 -0500] "POST /forms/lservlet;jsessionid=ac16012b30d62f30261f3730462ca94ce024bc3f615b.e3iSbxaKaheRe34KbxqPchuLbi1ynknvrkLOlQzNp65In0 HTTP/1.1" 200 2
200.118.64.109 - - [19/May/2022:14:10:46 -0500] "POST /forms/lservlet;jsessionid=ac16012b30d62f30261f3730462ca94ce024bc3f615b.e3iSbxaKaheRe34KbxqPchuLbi1ynknvrkLOlQzNp65In0 HTTP/1.1" 200 14
200.118.64.109 - - [19/May/2022:14:10:47 -0500] "POST /forms/lservlet;jsessionid=ac16012b30d62f30261f3730462ca94ce024bc3f615b.e3iSbxaKaheRe34KbxqPchuLbi1ynknvrkLOlQzNp65In0 HTTP/1.1" 200 14
200.118.64.109 - - [19/May/2022:14:10:49 -0500] "POST /forms/lservlet;jsessionid=ac16012b30d62f30261f3730462ca94ce024bc3f615b.e3iSbxaKaheRe34KbxqPchuLbi1ynknvrkLOlQzNp65In0 HTTP/1.1" 200 14
200.118.64.109 - - [19/May/2022:14:10:50 -0500] "POST /forms/lservlet;jsessionid=ac16012b30d62f30261f3730462ca94ce024bc3f615b.e3iSbxaKaheRe34KbxqPchuLbi1ynknvrkLOlQzNp65In0 HTTP/1.1" 200 14
200.118.64.109 - - [19/May/2022:14:10:52 -0500] "POST /forms/lservlet;jsessionid=ac16012b30d62f30261f3730462ca94ce024bc3f615b.e3iSbxaKaheRe34KbxqPchuLbi1ynknvrkLOlQzNp65In0 HTTP/1.1" 200 112
200.118.64.109 - - [19/May/2022:14:10:52 -0500] "POST /forms/lservlet;jsessionid=ac16012b30d62f30261f3730462ca94ce024bc3f615b.e3iSbxaKaheRe34KbxqPchuLbi1ynknvrkLOlQzNp65In0 HTTP/1.1" 200 2
200.118.64.109 - - [19/May/2022:14:10:52 -0500] "GET /reports/rwservlet/getjobid76290?server=repnomi HTTP/1.1" 200 48031
172.22.2.4 - - [19/May/2022:14:10:55 -0500] "GET /BLA/boletinlegal/consulta_actos.php?tipo=autos&no=2234&usuario=&sector=&fecha=2022&resuelve= HTTP/1.1" 200 1074
172.22.2.4 - - [19/May/2022:14:11:01 -0500] "GET /BLA/boletinlegal/consulta_actos.php?tipo=autos&no=2238&usuario=&sector=&fecha=2022&resuelve= HTTP/1.1" 200 1082
87.250.224.117 - - [19/May/2022:14:11:07 -0500] "-" 408 -
172.22.2.4 - - [19/May/2022:14:11:09 -0500] "GET /BLA/boletinlegal/consulta_actos.php?tipo=autos&no=2045&usuario=&sector=&fecha=2022&resuelve= HTTP/1.1" 200 626
157.55.39.8 - - [19/May/2022:14:11:19 -0500] "GET /bla/resoluciones/resoluciones%202022/0308.pdf HTTP/1.1" 200 339108
200.118.64.109 - - [19/May/2022:14:12:00 -0500] "POST /forms/lservlet;jsessionid=ac16012b30d62f30261f3730462ca94ce024bc3f615b.e3iSbxaKaheRe34KbxqPchuLbi1ynknvrkLOlQzNp65In0 HTTP/1.1" 200 2
5.255.253.149 - - [19/May/2022:14:12:08 -0500] "-" 408 -
200.118.64.109 - - [19/May/2022:14:12:14 -0500] "POST /forms/lservlet;jsessionid=ac16012b30d62f30261f3730462ca94ce024bc3f615b.e3iSbxaKaheRe34KbxqPchuLbi1ynknvrkLOlQzNp65In0 HTTP/1.1" 200 2
200.118.64.109 - - [19/May/2022:14:12:14 -0500] "POST /forms/lservlet;jsessionid=ac16012b30d62f30261f3730462ca94ce024bc3f615b.e3iSbxaKaheRe34KbxqPchuLbi1ynknvrkLOlQzNp65In0 HTTP/1.1" 200 93
200.118.64.109 - - [19/May/2022:14:12:15 -0500] "POST /forms/lservlet;jsessionid=ac16012b30d62f30261f3730462ca94ce024bc3f615b.e3iSbxaKaheRe34KbxqPchuLbi1ynknvrkLOlQzNp65In0 HTTP/1.1" 200 2
200.118.64.109 - - [19/May/2022:14:12:15 -0500] "POST /forms/lservlet;jsessionid=ac16012b30d62f30261f3730462ca94ce024bc3f615b.e3iSbxaKaheRe34KbxqPchuLbi1ynknvrkLOlQzNp65In0 HTTP/1.1" 200 2
200.118.64.109 - - [19/May/2022:14:12:18 -0500] "POST /forms/lservlet;jsessionid=ac16012b30d62f30261f3730462ca94ce024bc3f615b.e3iSbxaKaheRe34KbxqPchuLbi1ynknvrkLOlQzNp65In0 HTTP/1.1" 200 30
200.118.64.109 - - [19/May/2022:14:12:22 -0500] "POST /forms/lservlet;jsessionid=ac16012b30d62f30261f3730462ca94ce024bc3f615b.e3iSbxaKaheRe34KbxqPchuLbi1ynknvrkLOlQzNp65In0 HTTP/1.1" 200 2
200.118.64.109 - - [19/May/2022:14:12:22 -0500] "POST /forms/lservlet;jsessionid=ac16012b30d62f30261f3730462ca94ce024bc3f615b.e3iSbxaKaheRe34KbxqPchuLbi1ynknvrkLOlQzNp65In0 HTTP/1.1" 200 14
200.118.64.109 - - [19/May/2022:14:12:23 -0500] "POST /forms/lservlet;jsessionid=ac16012b30d62f30261f3730462ca94ce024bc3f615b.e3iSbxaKaheRe34KbxqPchuLbi1ynknvrkLOlQzNp65In0 HTTP/1.1" 200 14
200.118.64.109 - - [19/May/2022:14:12:24 -0500] "POST /forms/lservlet;jsessionid=ac16012b30d62f30261f3730462ca94ce024bc3f615b.e3iSbxaKaheRe34KbxqPchuLbi1ynknvrkLOlQzNp65In0 HTTP/1.1" 200 107
200.118.64.109 - - [19/May/2022:14:12:25 -0500] "POST /forms/lservlet;jsessionid=ac16012b30d62f30261f3730462ca94ce024bc3f615b.e3iSbxaKaheRe34KbxqPchuLbi1ynknvrkLOlQzNp65In0 HTTP/1.1" 200 2
200.118.64.109 - - [19/May/2022:14:12:25 -0500] "GET /reports/rwservlet/getjobid76291?server=repnomi HTTP/1.1" 200 47763
5.45.207.72 - - [19/May/2022:14:13:07 -0500] "-" 408 -
66.249.65.13 - - [19/May/2022:14:13:39 -0500] "-" 408 -
172.22.2.4 - - [19/May/2022:14:12:07 -0500] "HEAD /BLA/boletinlegal/ HTTP/1.1" 200 -
200.118.64.109 - - [19/May/2022:14:14:00 -0500] "POST /forms/lservlet;jsessionid=ac16012b30d62f30261f3730462ca94ce024bc3f615b.e3iSbxaKaheRe34KbxqPchuLbi1ynknvrkLOlQzNp65In0 HTTP/1.1" 200 2
172.22.2.4 - - [19/May/2022:14:12:57 -0500] "GET /BLA/boletinlegal/ HTTP/1.1" 200 59628
216.245.221.92 - - [19/May/2022:14:15:05 -0500] "HEAD / HTTP/1.1" 200 -
111.225.144.206 - - [19/May/2022:14:15:05 -0500] "GET /galeria/galeria/fotos/2CaminataP5.jpg HTTP/1.1" 200 28121
87.250.224.60 - - [19/May/2022:14:15:08 -0500] "-" 408 -
200.118.64.109 - - [19/May/2022:14:16:00 -0500] "POST /forms/lservlet;jsessionid=ac16012b30d62f30261f3730462ca94ce024bc3f615b.e3iSbxaKaheRe34KbxqPchuLbi1ynknvrkLOlQzNp65In0 HTTP/1.1" 200 2
186.80.52.63 - - [19/May/2022:14:16:05 -0500] "GET /sipse/faces/presentacion/financiero/solicitudAnulacion/solicitudAnulacion.xhtml HTTP/1.1" 302 -
186.80.52.63 - - [19/May/2022:14:16:05 -0500] "GET /sipse/faces/autenticacion.xhtml HTTP/1.1" 200 12169
186.80.52.63 - - [19/May/2022:14:16:06 -0500] "GET /sipse/js/disable_browser_buttons.js HTTP/1.1" 304 -
186.80.52.63 - - [19/May/2022:14:16:06 -0500] "GET /sipse/css/custom_css_sg.css HTTP/1.1" 304 -
186.80.52.63 - - [19/May/2022:14:16:06 -0500] "GET /sipse/css/custom_css_sg_prime_login.css HTTP/1.1" 304 -
186.80.52.63 - - [19/May/2022:14:16:06 -0500] "GET /sipse/js/funciones.js HTTP/1.1" 304 -
186.80.52.63 - - [19/May/2022:14:16:06 -0500] "GET /sipse/faces/javax.faces.resource/primefaces.css?ln=primefaces&v=4.0 HTTP/1.1" 304 -
186.80.52.63 - - [19/May/2022:14:16:06 -0500] "GET /sipse/faces/javax.faces.resource/primefaces.js?ln=primefaces&v=4.0 HTTP/1.1" 304 -
186.80.52.63 - - [19/May/2022:14:16:06 -0500] "GET /sipse/faces/javax.faces.resource/layout/layout.js?ln=primefaces&v=4.0 HTTP/1.1" 304 -
186.80.52.63 - - [19/May/2022:14:16:06 -0500] "GET /sipse/faces/javax.faces.resource/theme.css?ln=primefaces-sipse HTTP/1.1" 304 -
186.80.52.63 - - [19/May/2022:14:16:06 -0500] "GET /sipse/faces/javax.faces.resource/layout/layout.css?ln=primefaces&v=4.0 HTTP/1.1" 304 -
186.80.52.63 - - [19/May/2022:14:16:06 -0500] "GET /sipse/faces/javax.faces.resource/jquery/jquery.js?ln=primefaces&v=4.0 HTTP/1.1" 304 -
186.80.52.63 - - [19/May/2022:14:16:06 -0500] "GET /sipse/faces/javax.faces.resource/jquery/jquery-plugins.js?ln=primefaces&v=4.0 HTTP/1.1" 304 -
186.80.52.63 - - [19/May/2022:14:16:07 -0500] "GET /sipse/css/imagen/logoSDG.png HTTP/1.1" 304 -
186.80.52.63 - - [19/May/2022:14:16:07 -0500] "GET /sipse/css/imagen/loginimg.png HTTP/1.1" 304 -
186.80.52.63 - - [19/May/2022:14:16:07 -0500] "GET /sipse/faces/javax.faces.resource/images/ui-icons_898989_256x240.png?ln=primefaces-aristo HTTP/1.1" 304 -
186.80.52.63 - - [19/May/2022:14:16:09 -0500] "GET /sipse/faces/index.xhtml HTTP/1.1" 200 677
186.80.52.63 - - [19/May/2022:14:16:09 -0500] "GET /sipse/faces/javax.faces.resource/theme.css?ln=primefaces-sipse HTTP/1.1" 304 -
186.80.52.63 - - [19/May/2022:14:16:10 -0500] "GET /sipse/faces/faces/autenticacion.xhtml HTTP/1.1" 200 12169
186.80.52.63 - - [19/May/2022:14:16:10 -0500] "GET /sipse/faces/javax.faces.resource/theme.css?ln=primefaces-sipse HTTP/1.1" 304 -
186.80.52.63 - - [19/May/2022:14:16:10 -0500] "GET /sipse/faces/javax.faces.resource/layout/layout.css?ln=primefaces&v=4.0 HTTP/1.1" 304 -
186.80.52.63 - - [19/May/2022:14:16:10 -0500] "GET /sipse/faces/javax.faces.resource/primefaces.css?ln=primefaces&v=4.0 HTTP/1.1" 304 -
186.80.52.63 - - [19/May/2022:14:16:10 -0500] "GET /sipse/faces/javax.faces.resource/jquery/jquery-plugins.js?ln=primefaces&v=4.0 HTTP/1.1" 304 -
186.80.52.63 - - [19/May/2022:14:16:10 -0500] "GET /sipse/faces/javax.faces.resource/jquery/jquery.js?ln=primefaces&v=4.0 HTTP/1.1" 304 -
186.80.52.63 - - [19/May/2022:14:16:10 -0500] "GET /sipse/faces/javax.faces.resource/layout/layout.js?ln=primefaces&v=4.0 HTTP/1.1" 304 -
186.80.52.63 - - [19/May/2022:14:16:10 -0500] "GET /sipse/faces/javax.faces.resource/primefaces.js?ln=primefaces&v=4.0 HTTP/1.1" 304 -
172.22.2.4 - - [19/May/2022:14:17:42 -0500] "GET /BLA/boletinlegal/consulta_actos.php?tipo=resoluciones&no=4450&usuario=&sector=&fecha=2011&resuelve= HTTP/1.1" 200 626
172.22.2.4 - - [19/May/2022:14:17:47 -0500] "GET /BLA/boletinlegal/actos.php HTTP/1.1" 200 9559
172.22.2.4 - - [19/May/2022:14:17:57 -0500] "GET /BLA/boletinlegal/consulta_actos.php?tipo=resoluciones&no=4550&usuario=&sector=&fecha=2011&resuelve= HTTP/1.1" 200 1099
200.118.64.109 - - [19/May/2022:14:18:00 -0500] "POST /forms/lservlet;jsessionid=ac16012b30d62f30261f3730462ca94ce024bc3f615b.e3iSbxaKaheRe34KbxqPchuLbi1ynknvrkLOlQzNp65In0 HTTP/1.1" 200 2
5.255.253.166 - - [19/May/2022:14:18:07 -0500] "-" 408 -
172.22.2.4 - - [19/May/2022:14:18:26 -0500] "GET /BLA/boletinlegal/consulta_actos.php?tipo=resoluciones&no=4450&usuario=&sector=&fecha=2011&resuelve= HTTP/1.1" 200 626
186.102.61.161 - - [19/May/2022:14:18:28 -0500] "GET /kwssiamovil/sm/acme/a?s=U2FsdGVkX1+/LHZnIxD/G7Bnk8lcFohJ7WfHGqqsgfaZTJcUmRAujgCZRhgxNtLBsNOSsFJpHNmJ7OZKF6Im1SAP3y721HP/MNWsvabjOjjzBwDiSHpksJ+KfCpqAcyYMO4slPFOpEid87KcI3b3D4NvG4f7klAuKecvbhf6SM7yEEqHwgTv3BPzOwqcvkLveCAI45BxkpiprsmSkYGGr10Db9On/rJFzCcDRXOt5N8+hmxuARdmt+M6KcT0cHHgoIQicYHSWTNCoDe7bnSgxg==&u=U2FsdGVkX1+30N/K47vOFs1HB2bIl5eYRHrQqzht3Lo=&y=U2FsdGVkX1/MiGy07h7zv1C8Dp0qHPd9hRf7+gLNyPbN3rVfblNeF7MGGO78iQ5D HTTP/1.1" 200 25
186.102.61.161 - - [19/May/2022:14:18:28 -0500] "GET /kwssiamovil/sm/acme/a?s=U2FsdGVkX19aohhG7GpClxB50sjqLMYhxQLm2OHiZ1uQVKexzMQgmbudbsmxC9ZcwZ5ok0DeBuLGthjjN7JvbgoIzfufbcRkatLSeXd2r2NwNbDeYSHBFRS8MHvnLADYMWbKnCOmxdGUu9GpXJcEixZp5Ll78UAXxbIjtEqFHAWlwfHPSbb7a1Y4zI/OAz/696/yDPxNLuk1ZYTujhcXLLdLuwWkFgqiP2xfWmrmX9k2vaC0l4M/FzTnPXISoOEQsT2vPKWAx0SXqSd+ayy5o1/ptwTvWnO23OMBybMdn2Cpjx2X8SpgoOZBg5fQ/KQvf/PVmZnG3eDrixYL1kYEG7ZXCqdu5UnVg6LXvI6jQqU+X35uwG+O0zYU1Wu64xQFwu3xzNkHvoAwJKtPhL+KkSruFY7hLIvZ6umdS2AGOo4m3bPGUdDMTH4ir4m9SDMvaugqK22OdA8cmyNk87r3MjqqFzePSWDNOciC41rK5XyXdv3SKT0bm4cP6svS5OaIgMh0VhSG0RGDxktaujte8MpK/HbxW+FjRyFY1GGC6sZ8M38IrWue7STRlWh6i+XXufuxNWpsmcKPK8H7HbPWxx8GVBfTbQRoz8GaOIIq+VSaSVjBmLCilf/1wlZ0WwHz3W8ToVpXV4zweWxp3maf+et5At1BNzwjU7ME3f8PaQewkakMgxN3Wb01xPFZwz5nvt+TMnypx7QVpFHbYJhAWOaHVjY7QUwWI6hIESpK2ejYJYy3RIIeX5SwftHHvIDx7fvUOvmX7y8lSmsbOxUwjqRb9oqRJkOrzr6xKLXBTTmvFGSwknGRgDyV/GM31nQdj/vMMpuO0M5MOZwMcORb6BZiP/Yz4BgFQQwtFoR/xgeJ5WuX6FnTcY6tedDtKGRZPvNDUK7w8DdwOYaMD2kyJBbdfxLMZhB2U8eTGCDvf7v97AnAH1U1MNUEhHKP7oiWdeylzkPhXun4wf7NkDYBvSQ4qgporpa1ziMIpD+vrZzEGtkWJhJn6DRGOy5y7CtJAFNG010MW1y0oX3Y11DQaKvkdt7HjPiUL+Ej1X4ubauCItI1gJFeINq7g3moxiqPhYxvRMnjHDhQYaJQ44+r149fIKCJEWxXrW4Y3it4iBmowlO8nmQ8CFpU8a3PFqSVxBY4sLzBw9HNrTvt/+gFpWabcvz9ldiSAxkgyWB32COR9LfEzQp0wn0zvhjAB0Jofoj8RlknLkONXFxALDG4+aUchg8YAPqf9fPOHRz+nhNatNz5EgEn4qGk+9XbNGboAa4YA0DIAIginQm7AscNIVZ+9KiphCEt40KZW52LvNom+dJsFuRK2GtzeBGcRQpcWIDjqFT9rdpGRerafg5/oA/x7yfRlwor7N6CjZjGLlOq6RM16mSjyyvi1IH+jAJT2hsZjamm8eyiAXu2q7xLnKILTlSeeEIo6FhZgOGjD+/YsyRtNCd608GFKxOGjtzhpRbdh0mw4eCdqxBM43c6GzhbyCj3ZLu+q3GU/J/oLPoheAzJxPVqLqxEEesAdhx6lhQoUwn0IZ6V60IVxDEOtBpIse0D82sEQ6cfsSJYGJrmS6ptXhfEBH9wV+F76/77m2uuva7p/YpsmsJiV3n7ixYdSxjmJ6Ds3J2v3RW9w8mfV77rUiMnyzuLeZCYZW7k+m3m6BY7JmPY+92RA/5Jh5TfDdTPugCmSDQlWI1ZF5EdSxKOWG1+Jx6OBIP5nvL8LOZozwKO+A0Tr8Rz81apEEpg6tZvWbVoAIdXZJgKI1u2IBH/lTfgz+BCilVkwVIP2OiN91M2k9wdqXoRVarxk9zwLXYCwWKlgdSJIfoBo4D5EOTCa3vjndf7VlVILWDWwOq/KN4mWl0L5lNXoJEMqWtgpp95XiPadfAfEBZhlGJqsd0B7AJMhcXgWw3z5KTzqdolvb3AKLgpFs/Yqe0PEksvps8TlPvnmRHG+EuZOxlCAu4BsP0j0BrJgQGUI88AnrkBRWt1naciWhudUaihDlZ3KkRgn28LjZ2Wt/9k3KEHxQXIq7u9U6q3bH6IQBuk+VQiPRpdHnd818OsGOZ8Cn/RiC4Z9gyQAqnN0UHbeWXzB2se9hik+Jf3LRR2SZBNlaWp1g16FzqX9Hhvve/mvDq/H8Vp3snVFDubtvmdAyPxcglaF61LBXeb3cBMU82SjplHvwwf0ZEPoiWYZkUaCK+Gns0VnRe6bURYnKif+mwUmZMlfUAH6lkq9ru8Ekcc5sT6fYcmwKcCu84kIzq7ulL71MWsx44jtw1g8pwNr65Qidgbh+JMDV4V1Otp5SRBOJKY3GXus30XdxsqpkprKCgXB+vXbD2LXMFyIFvhfWW4uY2at0EcBcli9OqqlMBDCYRbD0QTSh8wXTGtZpWH17u8bqO/cYkqBoq02TBQNL2Z2Lo0llb0KLy8RKAqq3UqHS1e5rINMsDfCyo+7ckpjMR69aOobvqm9Zq3q/BkiEk=&u=U2FsdGVkX1+30N/K47vOFs1HB2bIl5eYRHrQqzht3Lo=&y=U2FsdGVkX1/MiGy07h7zv1C8Dp0qHPd9hRf7+gLNyPbN3rVfblNeF7MGGO78iQ5D HTTP/1.1" 200 25
186.102.61.161 - - [19/May/2022:14:18:29 -0500] "GET /kwssiamovil/sm/acme/a?s=U2FsdGVkX18UdKJuySrjgrW8KfyL/H8ChezIUA3YXFvx75wdOJcLyqCQpLF0nrC2jdQTv64fUw/+AcECxJ1VRNEvxfW3Qsm0xiVRxxlhlAQ9Y3Y8e4Q7J+BcJNUrkntMwuKOpb3c+dXj0/FoTUKL82wFjShRGU93T3DjOdqOz6s=&u=U2FsdGVkX1+30N/K47vOFs1HB2bIl5eYRHrQqzht3Lo=&y=U2FsdGVkX1/MiGy07h7zv1C8Dp0qHPd9hRf7+gLNyPbN3rVfblNeF7MGGO78iQ5D HTTP/1.1" 200 25
186.102.61.161 - - [19/May/2022:14:18:29 -0500] "GET /kwssiamovil/sm/acme/a?s=U2FsdGVkX19WsOz5C3eC4eqhZdYUl3NR/BOmrtNhMTRE3maoanebdhmq1pdCCmqGNDlriuFndTOmRDQr77p1rZaqdmaCjUYV7aLKrbNscFSld8A3UpriUHJOqkmtYYtKEesGjn4quth258wsUd7qXDcjtW0RXqCGGEY2oC5RH3g=&u=U2FsdGVkX1+30N/K47vOFs1HB2bIl5eYRHrQqzht3Lo=&y=U2FsdGVkX1/MiGy07h7zv1C8Dp0qHPd9hRf7+gLNyPbN3rVfblNeF7MGGO78iQ5D HTTP/1.1" 200 25
186.102.61.161 - - [19/May/2022:14:18:29 -0500] "GET /kwssiamovil/sm/acme/a?s=U2FsdGVkX195CrMZiK3nr0o5qnoJVqfMYWVGNj5Q4R4PtvHr5IepmDeIFz2WL1sPI1Fto0PRv3erJ9QJAmJHUSf72EmQh6KQGgc4dxUTfDsl2IigZBj6GMqMkS0pHjAsip+bW/WBwtWBqiv1O+/H0FQ5Sos/2oNdIZlmTlsWnNg=&u=U2FsdGVkX1+30N/K47vOFs1HB2bIl5eYRHrQqzht3Lo=&y=U2FsdGVkX1/MiGy07h7zv1C8Dp0qHPd9hRf7+gLNyPbN3rVfblNeF7MGGO78iQ5D HTTP/1.1" 200 25
186.102.61.161 - - [19/May/2022:14:18:29 -0500] "GET /kwssiamovil/sm/acme/a?s=U2FsdGVkX1/z8OmWOMrwJvI/PM+M3rZNmKTE1wvLYNVaJH1hCMybrc0BEXLO0pm8uwpwawY3/pvNPsa2Y3fybPpBnPEV/udxtqxlqEL6bFu1M//J6V0cunxhj09GuDD2wTupx+t1J9ggs0KFtZp+6L+60LoypPmqusV4jW31/mELfRvKXYoOpCUx1Wuar0na&u=U2FsdGVkX1+30N/K47vOFs1HB2bIl5eYRHrQqzht3Lo=&y=U2FsdGVkX1/MiGy07h7zv1C8Dp0qHPd9hRf7+gLNyPbN3rVfblNeF7MGGO78iQ5D HTTP/1.1" 200 25
186.80.52.63 - - [19/May/2022:14:18:43 -0500] "POST /sipse/faces/autenticacion.xhtml HTTP/1.1" 200 2179
186.80.52.63 - - [19/May/2022:14:18:43 -0500] "GET /sipse/faces/javax.faces.resource/messages/messages.png?ln=primefaces&v=4.0 HTTP/1.1" 304 -
186.80.52.63 - - [19/May/2022:14:18:47 -0500] "POST /sipse/faces/autenticacion.xhtml HTTP/1.1" 200 2224
186.80.52.63 - - [19/May/2022:14:18:49 -0500] "GET /sipse/faces/javax.faces.resource/images/ui-icons_898989_256x240.png?ln=primefaces-aristo HTTP/1.1" 304 -
186.80.52.63 - - [19/May/2022:14:18:49 -0500] "POST /sipse/faces/autenticacion.xhtml HTTP/1.1" 200 16229
186.80.52.63 - - [19/May/2022:14:18:50 -0500] "GET /sipse/css/custom_css_sg_prime.css HTTP/1.1" 304 -
186.80.52.63 - - [19/May/2022:14:18:50 -0500] "GET /sipse/faces/javax.faces.resource/theme.css?ln=primefaces-sipse HTTP/1.1" 304 -
186.80.52.63 - - [19/May/2022:14:18:50 -0500] "GET /sipse/faces/javax.faces.resource/layout/layout.css?ln=primefaces&v=4.0 HTTP/1.1" 304 -
186.80.52.63 - - [19/May/2022:14:18:50 -0500] "GET /sipse/faces/javax.faces.resource/primefaces.css?ln=primefaces&v=4.0 HTTP/1.1" 304 -
186.80.52.63 - - [19/May/2022:14:18:50 -0500] "GET /sipse/js/jquery.min.js HTTP/1.1" 304 -
186.80.52.63 - - [19/May/2022:14:18:50 -0500] "GET /sipse/faces/javax.faces.resource/jquery/jquery.js?ln=primefaces&v=4.0 HTTP/1.1" 304 -
186.80.52.63 - - [19/May/2022:14:18:50 -0500] "GET /sipse/faces/javax.faces.resource/jquery/jquery-plugins.js?ln=primefaces&v=4.0 HTTP/1.1" 304 -
186.80.52.63 - - [19/May/2022:14:18:50 -0500] "GET /sipse/faces/javax.faces.resource/primefaces.js?ln=primefaces&v=4.0 HTTP/1.1" 304 -
186.80.52.63 - - [19/May/2022:14:18:50 -0500] "GET /sipse/faces/javax.faces.resource/layout/layout.js?ln=primefaces&v=4.0 HTTP/1.1" 304 -
186.80.52.63 - - [19/May/2022:14:18:50 -0500] "GET /sipse/imagenes/cargando.gif HTTP/1.1" 304 -
186.80.52.63 - - [19/May/2022:14:18:50 -0500] "GET /sipse/imagenes/logoAplicacion.jpg HTTP/1.1" 304 -
186.80.52.63 - - [19/May/2022:14:18:50 -0500] "GET /sipse/css/imagen/contrasena.png HTTP/1.1" 404 383
186.80.52.63 - - [19/May/2022:14:18:57 -0500] "GET /sipse/faces/javax.faces.resource/images/ui-bg_flat_0_2d5972_40x100.png?ln=primefaces-aristo HTTP/1.1" 304 -
186.80.52.63 - - [19/May/2022:14:18:57 -0500] "POST /sipse/faces/bienvenido.xhtml HTTP/1.1" 200 2073
186.80.52.63 - - [19/May/2022:14:18:59 -0500] "POST /sipse/faces/bienvenido.xhtml HTTP/1.1" 200 38954
186.80.52.63 - - [19/May/2022:14:18:59 -0500] "GET /sipse/faces/javax.faces.resource/theme.css?ln=primefaces-sipse HTTP/1.1" 304 -
186.80.52.63 - - [19/May/2022:14:18:59 -0500] "GET /sipse/faces/javax.faces.resource/layout/layout.css?ln=primefaces&v=4.0 HTTP/1.1" 304 -
186.80.52.63 - - [19/May/2022:14:18:59 -0500] "GET /sipse/faces/javax.faces.resource/primefaces.css?ln=primefaces&v=4.0 HTTP/1.1" 304 -
186.80.52.63 - - [19/May/2022:14:18:59 -0500] "GET /sipse/faces/javax.faces.resource/jquery/jquery.js?ln=primefaces&v=4.0 HTTP/1.1" 304 -
186.80.52.63 - - [19/May/2022:14:18:59 -0500] "GET /sipse/faces/javax.faces.resource/jquery/jquery-plugins.js?ln=primefaces&v=4.0 HTTP/1.1" 304 -
186.80.52.63 - - [19/May/2022:14:18:59 -0500] "GET /sipse/faces/javax.faces.resource/primefaces.js?ln=primefaces&v=4.0 HTTP/1.1" 304 -
186.80.52.63 - - [19/May/2022:14:18:59 -0500] "GET /sipse/faces/javax.faces.resource/layout/layout.js?ln=primefaces&v=4.0 HTTP/1.1" 304 -
186.80.52.63 - - [19/May/2022:14:19:22 -0500] "POST /sipse/faces/presentacion/financiero/solicitudProceso/consultar.xhtml HTTP/1.1" 200 12810
186.80.52.63 - - [19/May/2022:14:19:27 -0500] "POST /sipse/faces/presentacion/financiero/solicitudProceso/consultar.xhtml HTTP/1.1" 200 147293
186.80.52.63 - - [19/May/2022:14:19:28 -0500] "GET /sipse/faces/javax.faces.resource/theme.css?ln=primefaces-sipse HTTP/1.1" 304 -
186.80.52.63 - - [19/May/2022:14:19:29 -0500] "GET /sipse/faces/javax.faces.resource/primefaces.css?ln=primefaces&v=4.0 HTTP/1.1" 304 -
186.80.52.63 - - [19/May/2022:14:19:29 -0500] "GET /sipse/faces/javax.faces.resource/layout/layout.css?ln=primefaces&v=4.0 HTTP/1.1" 304 -
186.80.52.63 - - [19/May/2022:14:19:29 -0500] "GET /sipse/faces/javax.faces.resource/jquery/jquery.js?ln=primefaces&v=4.0 HTTP/1.1" 304 -
186.80.52.63 - - [19/May/2022:14:19:29 -0500] "GET /sipse/faces/javax.faces.resource/jquery/jquery-plugins.js?ln=primefaces&v=4.0 HTTP/1.1" 304 -
186.80.52.63 - - [19/May/2022:14:19:29 -0500] "GET /sipse/faces/javax.faces.resource/primefaces.js?ln=primefaces&v=4.0 HTTP/1.1" 304 -
186.80.52.63 - - [19/May/2022:14:19:29 -0500] "GET /sipse/faces/javax.faces.resource/layout/layout.js?ln=primefaces&v=4.0 HTTP/1.1" 304 -
172.22.2.4 - - [19/May/2022:14:17:57 -0500] "HEAD /BLA/boletinlegal/ HTTP/1.1" 200 -
186.80.52.63 - - [19/May/2022:14:19:51 -0500] "POST /sipse/faces/presentacion/financiero/solicitudProceso/consultarSolicitudProceso.xhtml HTTP/1.1" 200 5526
200.118.64.109 - - [19/May/2022:14:20:00 -0500] "POST /forms/lservlet;jsessionid=ac16012b30d62f30261f3730462ca94ce024bc3f615b.e3iSbxaKaheRe34KbxqPchuLbi1ynknvrkLOlQzNp65In0 HTTP/1.1" 200 2
216.245.221.92 - - [19/May/2022:14:20:05 -0500] "HEAD / HTTP/1.1" 200 -
172.22.2.4 - - [19/May/2022:14:18:47 -0500] "GET /BLA/boletinlegal/ HTTP/1.1" 200 60955
173.252.107.8 - - [19/May/2022:14:20:32 -0500] "GET /images/caminos-cerros-orientales-7-abril.jpg HTTP/1.1" 200 80138
186.80.52.63 - - [19/May/2022:14:20:43 -0500] "POST /sipse/faces/presentacion/financiero/solicitudProceso/consultarSolicitudProceso.xhtml HTTP/1.1" 200 112341
200.118.64.109 - - [19/May/2022:14:22:00 -0500] "POST /forms/lservlet;jsessionid=ac16012b30d62f30261f3730462ca94ce024bc3f615b.e3iSbxaKaheRe34KbxqPchuLbi1ynknvrkLOlQzNp65In0 HTTP/1.1" 200 2
172.22.2.4 - - [19/May/2022:14:22:24 -0500] "GET /BLA/boletinlegal/jurisprudencia/analisis/CUADRO%20ANALISIS%20SENTENCIA%20T-411%20DE%201992.doc HTTP/1.1" 200 41984
40.77.167.43 - - [19/May/2022:14:22:31 -0500] "GET /pdc/actos/426.pdf HTTP/1.1" 304 -
40.77.167.43 - - [19/May/2022:14:22:41 -0500] "GET / HTTP/1.1" 200 319
192.168.172.17 - - [19/May/2022:14:23:03 -0500] "GET / HTTP/1.1" 200 4720
192.168.172.17 - - [19/May/2022:14:23:04 -0500] "GET /js/url.js HTTP/1.1" 404 1294
192.168.172.17 - - [19/May/2022:14:23:04 -0500] "GET /favicon.ico HTTP/1.1" 404 1294
201.245.192.253 - - [19/May/2022:14:22:23 -0500] "POST /kwsrmcab/Wsrmcab HTTP/1.1" 200 45881
200.118.64.109 - - [19/May/2022:14:24:00 -0500] "POST /forms/lservlet;jsessionid=ac16012b30d62f30261f3730462ca94ce024bc3f615b.e3iSbxaKaheRe34KbxqPchuLbi1ynknvrkLOlQzNp65In0 HTTP/1.1" 200 2
192.168.172.17 - - [19/May/2022:14:24:01 -0500] "POST /procesar.php HTTP/1.1" 200 1017
201.245.192.253 - - [19/May/2022:14:23:13 -0500] "POST /kwsrmcab/Wsrmcab HTTP/1.1" 200 47114
173.252.95.1 - - [19/May/2022:14:24:24 -0500] "GET /la-moda-circular-es-tendencia-nueva-apuesta-para-avanzar-en-la-sostenibilidad-del-sector-en-bogota.html HTTP/1.1" 206 796
173.252.95.7 - - [19/May/2022:14:24:24 -0500] "GET /la-moda-circular-es-tendencia-nueva-apuesta-para-avanzar-en-la-sostenibilidad-del-sector-en-bogota.html HTTP/1.1" 206 796
173.252.95.6 - - [19/May/2022:14:24:24 -0500] "GET /la-moda-circular-es-tendencia-nueva-apuesta-para-avanzar-en-la-sostenibilidad-del-sector-en-bogota.html HTTP/1.1" 206 796
173.252.95.24 - - [19/May/2022:14:24:25 -0500] "GET /images/moda-circular-secretaria-19-mayo.jpg HTTP/1.1" 200 35092
186.102.24.103 - - [19/May/2022:14:24:31 -0500] "GET /kwssiamovil/sm/ldap/au?x=U2FsdGVkX19/kVlzhpg19x2JUitiyVZ39lr+3vHYbo83xeLjvK7yfQC7HH0tOZVl&y=U2FsdGVkX1/0lyvQqXQnwHEx74TiyrSI/6XE/O/Vx7E20ZwHauuxVCwBt7EpthkV HTTP/1.1" 200 30
186.102.24.103 - - [19/May/2022:14:24:31 -0500] "GET /kwssiamovil/sm/acme/s?s=U2FsdGVkX1+m/c8i/Z2WQ9EYPm2EhcuOYl2jPxPjyYcQo7GcdUbQm5c+y0z93hhzP8JhsvBnEX3U+2Jc6G30ejlMGykVZJxaa5Gbx56/MS0=&u=U2FsdGVkX19WPkpgW8eS/OOoJQu82hTa4QnQG/DxU45w3+qVRvYVfIqie71Fmf3k&y=U2FsdGVkX1/0lyvQqXQnwHEx74TiyrSI/6XE/O/Vx7E20ZwHauuxVCwBt7EpthkV HTTP/1.1" 200 97
186.102.24.103 - - [19/May/2022:14:24:31 -0500] "GET /kwssiamovil/sm/acme/s?s=U2FsdGVkX19CNiVEBw5PfkduVKE1zZZ/nc+ezBRCzKBqg6fzI4rtjPa+JjTrih/TJdiuY4W8dO1JirKMXPZvECNDuMTECtL1YBWmrSBuRVuqalwMF4fTbk+1VeZYSP1cSxf0kws0gxy4xlxRzd5W5sk26wW/XAi0H1cXE81RcBQc038yYyouNT77DRh78TwFYEKTGXTwTXV+YAwqk0apzY2Z19LeVihlCiQdhnr7E0vVKi5X4YgFmWjgzsyimgukEsJkdazSNzinss4pV0mcVhfRY+G6RksHgyCE7S3KMGvVAA+CoJsmHDewa759RI4UTkHplwrtdpD/2Ydz3zLjGWcaL/JncrF6yglhzFSa0lB0XJ9UlqPgO7/RUORo2l9EVFuIpH+WvUUW/xIg1Cmb3nZdwvCjLgjWtttT+oQCmqjhawqblIQW2ygzHaTxzrhojZHDhKaDedL3ddJU03fr6smnxUgZyxuJWmyb8+uRefTeWIySEm3SaWABH9fR3lriR1F2c4kft4Q0LkpvyxBNDmHO83Obye309NN4xjJp7/fCMrPolEaNVKdb5GJYdOuZuAKJ232rPREHJEq3IQCacHvWuxG+crlBEp+2M82+Ze11LLLvZEtHmQpeXgHXLZitk05tw7RVGofAKMwLoWcYmJZZzSIISpxYr2jCii1LWp/FU/bny2OvittZPBsjGQf7RJxLx/veS1YGIfgMjhjgHCvkxCqOQBcJcN3XppU6jE5tkVXYNvP18Yca29Ciqw30rqToJOhvQW27TkkcgNJTEfpV0hnIBNSuV1cciHhpT+W8hBvFz38DobP9VTjUpgNU6TldOPYIhbN5ddzC7JABcl1xFOJqIBUeAnRczI34xSnHvidiwGRRqB34J8IDqC9UiMORyzUxh0H0FChfIPsf0ZEYt6CWBlmhBIMKW7XHJPnwsSGrhO3FhVN6H1H8BO81eeBr57OKR5VCETcRbdPNW6WOV3MOXLicv/Q19ULJKiJyFXcoPGVOhYFCrIMn49PtRkP6QHAvf56rLyoc96K92ed4QyQaGYx6FxjbeDXGgbkLB1/C7ViYxK+EccQE3bjqo4/mk3lS6tJINDSgkq9wJ/ztojUmmswE9DDFvVLqXvyfcWUquYDNG8kHC3A6dK5flrNeXdoymfdcpASNHkelri1bOrq0NjEbUXq9r3Cp/iNzRbUlff5t7HbxYhrMLZWF5K+jAeuDIyf4fdhVpMLxmjaRgzldT5hFfHtPzLgaqrYMg4ZFHuwcBv6umvCAx+Z6b6q1/cDhFMbfp+HWmNlR4H832xqR9+L//jOQkpxgUuFFsPTy/7UkE4ZNLtbnMV5hqpDQjIVGLsQ2zEBGMca3mEsBjNxzy5Tya8AT0Dsd0xg=&u=U2FsdGVkX19WPkpgW8eS/OOoJQu82hTa4QnQG/DxU45w3+qVRvYVfIqie71Fmf3k&y=U2FsdGVkX1/0lyvQqXQnwHEx74TiyrSI/6XE/O/Vx7E20ZwHauuxVCwBt7EpthkV HTTP/1.1" 200 4655
186.102.24.103 - - [19/May/2022:14:24:31 -0500] "GET /kwssiamovil/sm/acme/s?s=U2FsdGVkX1+LmN4Cgmg60m1D4ln3dZGnEXve+mXFrv6VtFUfJ2rQ6QawrQAETrSyQONoqRxf9lL9khjV9tQtBC+1LCDKxxGKZC8uMqUA+/yp5W3pDrzPBwNBAZhZYMXJh6Z4HTCipd4FLWCuFEd61x/Ie/QH1pVQ6hSlQY8WQ+sPJcJZmIOc/aGvI1mcPe3dqbaVE4oqWITrM5uDzH3e2KWYP4wA2bW/LsiOHyrIc2+zWHfP8QKl8r6sKgs4GiSgAMUmsEVp4LQgv53XcQqX1cSKyc7vuU+iIpqt41Wu0n8=&u=U2FsdGVkX19WPkpgW8eS/OOoJQu82hTa4QnQG/DxU45w3+qVRvYVfIqie71Fmf3k&y=U2FsdGVkX1/0lyvQqXQnwHEx74TiyrSI/6XE/O/Vx7E20ZwHauuxVCwBt7EpthkV HTTP/1.1" 200 176
186.102.24.103 - - [19/May/2022:14:24:31 -0500] "GET /kwssiamovil/sm/cjson/pre?f=1&x=U2FsdGVkX19/kVlzhpg19x2JUitiyVZ39lr+3vHYbo83xeLjvK7yfQC7HH0tOZVl HTTP/1.1" 200 30992
192.168.182.85 - - [19/May/2022:14:24:40 -0500] "GET /la-moda-circular-es-tendencia-nueva-apuesta-para-avanzar-en-la-sostenibilidad-del-sector-en-bogota.html HTTP/1.1" 200 796
192.168.182.85 - - [19/May/2022:14:24:40 -0500] "GET /images/moda-circular-secretaria-19-mayo.jpg HTTP/1.1" 200 35092
192.168.172.17 - - [19/May/2022:14:24:52 -0500] "GET /la-moda-circular-es-tendencia-nueva-apuesta-para-avanzar-en-la-sostenibilidad-del-sector-en-bogota.html HTTP/1.1" 200 796
173.252.107.16 - - [19/May/2022:14:25:05 -0500] "GET /images/arbolado-bogota-mayo-13.jpg HTTP/1.1" 200 62568
216.245.221.92 - - [19/May/2022:14:25:05 -0500] "HEAD / HTTP/1.1" 200 -
192.168.182.146 - - [19/May/2022:14:25:19 -0500] "GET /la-moda-circular-es-tendencia-nueva-apuesta-para-avanzar-en-la-sostenibilidad-del-sector-en-bogota.html HTTP/1.1" 200 796
192.168.182.146 - - [19/May/2022:14:25:20 -0500] "GET /favicon.ico HTTP/1.1" 404 1136
172.22.2.4 - - [19/May/2022:14:23:47 -0500] "HEAD /BLA/boletinlegal/ HTTP/1.1" 200 -
40.77.167.38 - - [19/May/2022:14:25:47 -0500] "GET /BLA/resoluciones/index.php?dir=RESOLUCIONES+2022%2F HTTP/1.1" 200 28403
200.118.64.109 - - [19/May/2022:14:26:00 -0500] "POST /forms/lservlet;jsessionid=ac16012b30d62f30261f3730462ca94ce024bc3f615b.e3iSbxaKaheRe34KbxqPchuLbi1ynknvrkLOlQzNp65In0 HTTP/1.1" 200 2
172.22.2.4 - - [19/May/2022:14:24:37 -0500] "GET /BLA/boletinlegal/ HTTP/1.1" 200 58464
157.55.39.8 - - [19/May/2022:14:26:50 -0500] "GET /bla/resoluciones/resoluciones%202022/0308.pdf HTTP/1.1" 200 339108
200.118.64.109 - - [19/May/2022:14:28:00 -0500] "POST /forms/lservlet;jsessionid=ac16012b30d62f30261f3730462ca94ce024bc3f615b.e3iSbxaKaheRe34KbxqPchuLbi1ynknvrkLOlQzNp65In0 HTTP/1.1" 200 2
192.168.182.85 - - [19/May/2022:14:28:36 -0500] "GET /red-moda-circular-que-es-y-como-unirse.html HTTP/1.1" 200 762
192.168.182.85 - - [19/May/2022:14:28:36 -0500] "GET /images/pieza-economia-circular-18.jpg HTTP/1.1" 200 41763
207.46.13.74 - - [19/May/2022:14:28:59 -0500] "GET /BLA/resoluciones/RESOLUCIONES%202022/0957.pdf HTTP/1.1" 200 541396
157.55.39.43 - - [19/May/2022:14:29:00 -0500] "GET /BLA/resoluciones/RESOLUCIONES%202022/0281.pdf HTTP/1.1" 200 2825785
40.77.167.43 - - [19/May/2022:14:29:02 -0500] "GET /BLA/resoluciones/RESOLUCIONES%202022/0162.pdf HTTP/1.1" 200 367115
200.118.64.109 - - [19/May/2022:14:29:24 -0500] "POST /forms/lservlet;jsessionid=ac16012b30d62f30261f3730462ca94ce024bc3f615b.e3iSbxaKaheRe34KbxqPchuLbi1ynknvrkLOlQzNp65In0 HTTP/1.1" 200 2
200.118.64.109 - - [19/May/2022:14:29:24 -0500] "POST /forms/lservlet;jsessionid=ac16012b30d62f30261f3730462ca94ce024bc3f615b.e3iSbxaKaheRe34KbxqPchuLbi1ynknvrkLOlQzNp65In0 HTTP/1.1" 200 2361
200.118.64.109 - - [19/May/2022:14:29:24 -0500] "POST /forms/lservlet;jsessionid=ac16012b30d62f30261f3730462ca94ce024bc3f615b.e3iSbxaKaheRe34KbxqPchuLbi1ynknvrkLOlQzNp65In0 HTTP/1.1" 200 10
200.118.64.109 - - [19/May/2022:14:29:26 -0500] "POST /forms/lservlet;jsessionid=ac16012b30d62f30261f3730462ca94ce024bc3f615b.e3iSbxaKaheRe34KbxqPchuLbi1ynknvrkLOlQzNp65In0 HTTP/1.1" 200 26
200.118.64.109 - - [19/May/2022:14:29:26 -0500] "POST /forms/lservlet;jsessionid=ac16012b30d62f30261f3730462ca94ce024bc3f615b.e3iSbxaKaheRe34KbxqPchuLbi1ynknvrkLOlQzNp65In0 HTTP/1.1" 200 14
200.118.64.109 - - [19/May/2022:14:29:27 -0500] "POST /forms/lservlet;jsessionid=ac16012b30d62f30261f3730462ca94ce024bc3f615b.e3iSbxaKaheRe34KbxqPchuLbi1ynknvrkLOlQzNp65In0 HTTP/1.1" 200 4267
200.118.64.109 - - [19/May/2022:14:29:28 -0500] "POST /forms/lservlet;jsessionid=ac16012b30d62f30261f3730462ca94ce024bc3f615b.e3iSbxaKaheRe34KbxqPchuLbi1ynknvrkLOlQzNp65In0 HTTP/1.1" 200 2
192.168.169.75 - - [19/May/2022:14:29:58 -0500] "GET /la-moda-circular-es-tendencia-nueva-apuesta-para-avanzar-en-la-sostenibilidad-del-sector-en-bogota.html HTTP/1.1" 200 796
200.118.64.109 - - [19/May/2022:14:29:59 -0500] "POST /forms/lservlet;jsessionid=ac16012b30d62f30261f3730462ca94ce024bc3f615b.e3iSbxaKaheRe34KbxqPchuLbi1ynknvrkLOlQzNp65In0 HTTP/1.1" 200 2
200.118.64.109 - - [19/May/2022:14:29:59 -0500] "POST /forms/lservlet;jsessionid=ac16012b30d62f30261f3730462ca94ce024bc3f615b.e3iSbxaKaheRe34KbxqPchuLbi1ynknvrkLOlQzNp65In0 HTTP/1.1" 200 14
200.118.64.109 - - [19/May/2022:14:30:01 -0500] "POST /forms/lservlet;jsessionid=ac16012b30d62f30261f3730462ca94ce024bc3f615b.e3iSbxaKaheRe34KbxqPchuLbi1ynknvrkLOlQzNp65In0 HTTP/1.1" 200 14
200.118.64.109 - - [19/May/2022:14:30:02 -0500] "POST /forms/lservlet;jsessionid=ac16012b30d62f30261f3730462ca94ce024bc3f615b.e3iSbxaKaheRe34KbxqPchuLbi1ynknvrkLOlQzNp65In0 HTTP/1.1" 200 14
200.118.64.109 - - [19/May/2022:14:30:03 -0500] "POST /forms/lservlet;jsessionid=ac16012b30d62f30261f3730462ca94ce024bc3f615b.e3iSbxaKaheRe34KbxqPchuLbi1ynknvrkLOlQzNp65In0 HTTP/1.1" 200 14
216.245.221.92 - - [19/May/2022:14:30:05 -0500] "HEAD / HTTP/1.1" 200 -
200.118.64.109 - - [19/May/2022:14:30:05 -0500] "POST /forms/lservlet;jsessionid=ac16012b30d62f30261f3730462ca94ce024bc3f615b.e3iSbxaKaheRe34KbxqPchuLbi1ynknvrkLOlQzNp65In0 HTTP/1.1" 200 108
200.118.64.109 - - [19/May/2022:14:30:06 -0500] "POST /forms/lservlet;jsessionid=ac16012b30d62f30261f3730462ca94ce024bc3f615b.e3iSbxaKaheRe34KbxqPchuLbi1ynknvrkLOlQzNp65In0 HTTP/1.1" 200 2
200.118.64.109 - - [19/May/2022:14:30:06 -0500] "GET /reports/rwservlet/getjobid76292?server=repnomi HTTP/1.1" 200 48031
192.168.172.91 - - [19/May/2022:14:30:15 -0500] "GET /la-moda-circular-es-tendencia-nueva-apuesta-para-avanzar-en-la-sostenibilidad-del-sector-en-bogota.html HTTP/1.1" 200 796
34.90.218.196 - - [19/May/2022:14:30:42 -0500] "GET / HTTP/1.1" 200 319
172.22.2.4 - - [19/May/2022:14:30:48 -0500] "GET /BLA/boletinlegal/actos.php HTTP/1.1" 200 9559
172.22.2.4 - - [19/May/2022:14:30:49 -0500] "GET /BLA/boletinlegal/styles2.css HTTP/1.1" 200 1838
172.22.2.4 - - [19/May/2022:14:30:49 -0500] "GET /BLA/boletinlegal/js/ajax_actos.js HTTP/1.1" 200 1322
172.22.2.4 - - [19/May/2022:14:30:49 -0500] "GET /BLA/boletinlegal/niceforms-default.css HTTP/1.1" 200 6694
172.22.2.4 - - [19/May/2022:14:30:49 -0500] "GET /BLA/boletinlegal/style.css HTTP/1.1" 200 9406
172.22.2.4 - - [19/May/2022:14:30:49 -0500] "GET /BLA/boletinlegal/js/lib.js HTTP/1.1" 200 6474
172.22.2.4 - - [19/May/2022:14:30:49 -0500] "GET /BLA/boletinlegal/niceforms.js HTTP/1.1" 200 22876
172.22.2.4 - - [19/May/2022:14:30:49 -0500] "GET /BLA/boletinlegal/js/popup.js HTTP/1.1" 200 1270
172.22.2.4 - - [19/May/2022:14:30:49 -0500] "GET /BLA/boletinlegal/js/jquery1.js HTTP/1.1" 200 29846
172.22.2.4 - - [19/May/2022:14:30:49 -0500] "GET /BLA/boletinlegal/images/cabezote%20BLEGAL.jpg HTTP/1.1" 200 118164
172.22.2.4 - - [19/May/2022:14:30:49 -0500] "GET /BLA/boletinlegal/images/subscribe-icon-big.png HTTP/1.1" 200 47702
172.22.2.4 - - [19/May/2022:14:30:49 -0500] "GET /BLA/boletinlegal/images/historia.png HTTP/1.1" 200 52775
172.22.2.4 - - [19/May/2022:14:30:49 -0500] "GET /BLA/boletinlegal/images/registro-usuarios.png HTTP/1.1" 200 8106
172.22.2.4 - - [19/May/2022:14:30:49 -0500] "GET /BLA/boletinlegal/images/green-yellow-blue-pink-th.png HTTP/1.1" 200 7394
172.22.2.4 - - [19/May/2022:14:30:49 -0500] "GET /BLA/boletinlegal/images/abajo.png HTTP/1.1" 200 96676
172.22.2.4 - - [19/May/2022:14:30:49 -0500] "GET /BLA/boletinlegal/images/tel.png HTTP/1.1" 200 14477
172.22.2.4 - - [19/May/2022:14:30:49 -0500] "GET /BLA/boletinlegal/images/icono-email.png HTTP/1.1" 200 5544
172.22.2.4 - - [19/May/2022:14:30:49 -0500] "GET /BLA/boletinlegal/images/body_bg.jpg HTTP/1.1" 200 1601
172.22.2.4 - - [19/May/2022:14:30:49 -0500] "GET /BLA/boletinlegal/images/menu_lft.gif HTTP/1.1" 200 1713
172.22.2.4 - - [19/May/2022:14:30:49 -0500] "GET /BLA/boletinlegal/images/menu_rght.gif HTTP/1.1" 200 1627
172.22.2.4 - - [19/May/2022:14:30:49 -0500] "GET /BLA/boletinlegal/images/bg_top.jpg HTTP/1.1" 200 522
172.22.2.4 - - [19/May/2022:14:30:49 -0500] "GET /BLA/boletinlegal/images/menu_bg.jpg HTTP/1.1" 200 620
172.22.2.4 - - [19/May/2022:14:30:49 -0500] "GET /BLA/boletinlegal/images/footer_bg.jpg HTTP/1.1" 200 586
172.22.2.4 - - [19/May/2022:14:30:49 -0500] "GET /BLA/boletinlegal/images/hover.jpg HTTP/1.1" 200 640
172.22.2.4 - - [19/May/2022:14:30:49 -0500] "GET /BLA/boletinlegal/images/footer_bg_l.jpg HTTP/1.1" 200 776
172.22.2.4 - - [19/May/2022:14:30:49 -0500] "GET /BLA/boletinlegal/images/text.jpg HTTP/1.1" 200 568
172.22.2.4 - - [19/May/2022:14:30:50 -0500] "GET /BLA/boletinlegal/img/0.png HTTP/1.1" 200 110
172.22.2.4 - - [19/May/2022:14:30:50 -0500] "GET /BLA/boletinlegal/img/select-left.png HTTP/1.1" 200 263
172.22.2.4 - - [19/May/2022:14:30:50 -0500] "GET /BLA/boletinlegal/img/select-right.png HTTP/1.1" 200 44019
172.22.2.4 - - [19/May/2022:14:30:50 -0500] "GET /BLA/boletinlegal/img/button.png HTTP/1.1" 200 43241
172.22.2.4 - - [19/May/2022:14:30:50 -0500] "GET /BLA/boletinlegal/img/button-right.png HTTP/1.1" 200 57878
