!C99Shell v. 1.0 pre-release build #13!

Software: Apache. PHP/5.5.15 

uname -a: Windows NT SVR-DMZ 6.1 build 7600 (Windows Server 2008 R2 Enterprise Edition) i586 

SYSTEM 

Safe-mode: OFF (not secure)

E:\nuevo\apache\logs\   drwxrwxrwx
Free 9.41 GB of 239.26 GB (3.93%)
Detected drives: [ a ] [ c ] [ d ] [ e ] [ f ]
Home    Back    Forward    UPDIR    Refresh    Search    Buffer    Encoder    Tools    Proc.    FTP brute    Sec.    SQL    PHP-code    Update    Feedback    Self remove    Logout    


Viewing file:     access.2022.05.21.log (659.8 KB)      -rw-rw-rw-
Select action/file-type:
(+) | (+) | (+) | Code (+) | Session (+) | (+) | SDB (+) | (+) | (+) | (+) | (+) | (+) |
216.245.221.92 - - [21/May/2022:00:01:52 -0500] "HEAD / HTTP/1.1" 200 -
172.22.2.4 - - [21/May/2022:00:01:34 -0500] "HEAD /BLA/boletinlegal/ HTTP/1.1" 200 -
172.22.2.4 - - [21/May/2022:00:02:24 -0500] "GET /BLA/boletinlegal/ HTTP/1.1" 200 60973
190.180.154.173 - - [21/May/2022:00:06:21 -0500] "GET /boaform/admin/formLogin?username=adminisp&psd=adminisp HTTP/1.0" 404 1019
216.245.221.92 - - [21/May/2022:00:06:52 -0500] "HEAD / HTTP/1.1" 200 -
66.249.65.13 - - [21/May/2022:00:07:35 -0500] "-" 408 -
40.77.167.38 - - [21/May/2022:00:08:40 -0500] "GET /POT-2013/Cartografia/11_Areas_Actividad_Extractiva_2013_V1.pdf HTTP/1.1" 304 -
172.22.2.4 - - [21/May/2022:00:07:24 -0500] "HEAD /BLA/boletinlegal/ HTTP/1.1" 200 -
54.39.177.48 - - [21/May/2022:00:09:05 -0500] "GET /mas-de-4000-observaciones-de-fauna-y-flora-en-el-reto-naturalista-2022.html HTTP/1.1" 200 842
172.22.2.4 - - [21/May/2022:00:08:14 -0500] "GET /BLA/boletinlegal/ HTTP/1.1" 200 60973
193.106.191.48 - - [21/May/2022:00:11:22 -0500] "GET /_ignition/execute-solution HTTP/1.1" 404 1018
216.245.221.92 - - [21/May/2022:00:11:52 -0500] "HEAD / HTTP/1.1" 200 -
152.61.192.232 - - [21/May/2022:00:12:25 -0500] "GET / HTTP/1.1" 200 319
66.249.73.151 - - [21/May/2022:00:13:53 -0500] "-" 408 -
207.46.13.14 - - [21/May/2022:00:14:01 -0500] "GET /bla/resoluciones/resoluciones%202022/0161.pdf HTTP/1.1" 200 354680
172.22.2.4 - - [21/May/2022:00:13:14 -0500] "HEAD /BLA/boletinlegal/ HTTP/1.1" 200 -
172.22.2.4 - - [21/May/2022:00:14:04 -0500] "GET /BLA/boletinlegal/ HTTP/1.1" 200 60581
152.61.128.50 - - [21/May/2022:00:16:06 -0500] "GET / HTTP/1.1" 200 319
216.245.221.92 - - [21/May/2022:00:16:52 -0500] "HEAD / HTTP/1.1" 200 -
194.110.115.18 - - [21/May/2022:00:17:11 -0500] "GET /portaldeninos/ HTTP/1.1" 200 14393
207.46.13.14 - - [21/May/2022:00:18:31 -0500] "GET /bla/resoluciones/resoluciones%202022/0285.pdf HTTP/1.1" 200 337619
172.22.2.4 - - [21/May/2022:00:19:04 -0500] "HEAD /BLA/boletinlegal/ HTTP/1.1" 200 -
172.22.2.4 - - [21/May/2022:00:19:54 -0500] "GET /BLA/boletinlegal/ HTTP/1.1" 200 54933
216.245.221.92 - - [21/May/2022:00:21:52 -0500] "HEAD / HTTP/1.1" 200 -
201.245.192.253 - - [21/May/2022:00:22:16 -0500] "POST /kwsrmcab/Wsrmcab HTTP/1.1" 200 46925
201.245.192.253 - - [21/May/2022:00:23:03 -0500] "POST /kwsrmcab/Wsrmcab HTTP/1.1" 200 41567
172.22.2.4 - - [21/May/2022:00:24:54 -0500] "HEAD /BLA/boletinlegal/ HTTP/1.1" 200 -
172.22.2.4 - - [21/May/2022:00:26:41 -0500] "GET /BLA/boletinlegal/Directivas/2013/Directiva%20No.%201%20del%2004%20de%20Abril%20de%202013.pdf HTTP/1.1" 304 -
172.22.2.4 - - [21/May/2022:00:26:43 -0500] "GET /BLA/boletinlegal/jurisprudencia/analisis/ANALISIST-672-14.docx HTTP/1.1" 200 22530
216.245.221.92 - - [21/May/2022:00:26:52 -0500] "HEAD / HTTP/1.1" 200 -
172.22.2.4 - - [21/May/2022:00:25:44 -0500] "GET /BLA/boletinlegal/ HTTP/1.1" 200 60973
40.77.167.38 - - [21/May/2022:00:31:03 -0500] "GET /BLA/resoluciones/AUTOS%202014/0682.pdf HTTP/1.1" 304 -
216.245.221.92 - - [21/May/2022:00:31:52 -0500] "HEAD / HTTP/1.1" 200 -
172.22.2.4 - - [21/May/2022:00:30:44 -0500] "HEAD /BLA/boletinlegal/ HTTP/1.1" 200 -
201.245.192.253 - - [21/May/2022:00:32:16 -0500] "POST /kwsrmcab/Wsrmcab HTTP/1.1" 200 46925
172.22.2.4 - - [21/May/2022:00:31:34 -0500] "GET /BLA/boletinlegal/ HTTP/1.1" 200 57156
201.245.192.253 - - [21/May/2022:00:33:06 -0500] "POST /kwsrmcab/Wsrmcab HTTP/1.1" 200 41567
216.245.221.92 - - [21/May/2022:00:36:52 -0500] "HEAD / HTTP/1.1" 200 -
172.22.2.4 - - [21/May/2022:00:36:34 -0500] "HEAD /BLA/boletinlegal/ HTTP/1.1" 200 -
172.22.2.4 - - [21/May/2022:00:37:24 -0500] "GET /BLA/boletinlegal/ HTTP/1.1" 200 57520
66.249.65.15 - - [21/May/2022:00:39:51 -0500] "-" 408 -
216.245.221.92 - - [21/May/2022:00:41:52 -0500] "HEAD / HTTP/1.1" 200 -
201.245.192.253 - - [21/May/2022:00:42:15 -0500] "POST /kwsrmcab/Wsrmcab HTTP/1.1" 200 46925
201.245.192.253 - - [21/May/2022:00:43:06 -0500] "POST /kwsrmcab/Wsrmcab HTTP/1.1" 200 41567
172.22.2.4 - - [21/May/2022:00:42:24 -0500] "HEAD /BLA/boletinlegal/ HTTP/1.1" 200 -
172.22.2.4 - - [21/May/2022:00:43:14 -0500] "GET /BLA/boletinlegal/ HTTP/1.1" 200 58482
40.77.167.38 - - [21/May/2022:00:45:24 -0500] "GET /bla/resoluciones/autos%202018/2030.pdf HTTP/1.1" 200 297015
157.55.39.8 - - [21/May/2022:00:45:25 -0500] "GET /autoliquidacion/index.php?dir=grupo+forestal+-+industria+de+la+madera HTTP/1.1" 200 5307
172.22.2.4 - - [21/May/2022:00:45:44 -0500] "GET /BLA/boletinlegal/Circulares/2020/Circular%2000010%20del%2027%20de%20julio%20de%202020.pdf HTTP/1.1" 304 -
172.22.2.4 - - [21/May/2022:00:45:57 -0500] "GET /BLA/boletinlegal/conceptos/2020/46.pdf HTTP/1.1" 304 -
66.249.65.13 - - [21/May/2022:00:46:35 -0500] "-" 408 -
216.245.221.92 - - [21/May/2022:00:46:52 -0500] "HEAD / HTTP/1.1" 200 -
172.22.2.4 - - [21/May/2022:00:48:14 -0500] "HEAD /BLA/boletinlegal/ HTTP/1.1" 200 -
172.22.2.4 - - [21/May/2022:00:49:04 -0500] "GET /BLA/boletinlegal/ HTTP/1.1" 200 58482
193.106.191.48 - - [21/May/2022:00:50:49 -0500] "GET / HTTP/1.1" 200 319
216.245.221.92 - - [21/May/2022:00:51:52 -0500] "HEAD / HTTP/1.1" 200 -
66.249.65.15 - - [21/May/2022:00:52:26 -0500] "-" 408 -
207.46.13.14 - - [21/May/2022:00:52:44 -0500] "GET /BLA/resoluciones/RESOLUCIONES%202016/1073.pdf HTTP/1.1" 304 -
157.55.39.43 - - [21/May/2022:00:54:10 -0500] "GET /BLA/resoluciones/index.php?dir=RESOLUCIONES+2014%2F HTTP/1.1" 200 333168
157.55.39.43 - - [21/May/2022:00:54:13 -0500] "GET /BLA/boletinlegal/conceptos.php HTTP/1.1" 200 7443
34.147.35.212 - - [21/May/2022:00:54:55 -0500] "GET / HTTP/1.1" 200 319
172.22.2.4 - - [21/May/2022:00:54:04 -0500] "HEAD /BLA/boletinlegal/ HTTP/1.1" 200 -
172.22.2.4 - - [21/May/2022:00:54:54 -0500] "GET /BLA/boletinlegal/ HTTP/1.1" 200 59075
152.61.192.232 - - [21/May/2022:00:56:33 -0500] "GET /arcgis/services/Calidad_del_Agua_WQI/MapServer/WMSServer?request=GetCapabilities&service=WMS HTTP/1.1" 503 1020
152.61.192.232 - - [21/May/2022:00:56:35 -0500] "GET /arcgis/services/Calidad_del_Agua_WQI/MapServer/WMSServer?SERVICE=WMS&REQUEST=GetCapabilities HTTP/1.1" 503 1020
152.61.192.232 - - [21/May/2022:00:56:35 -0500] "GET /arcgis/services/Calidad_del_Agua_WQI/MapServer/WMSServer?WMTVER=1.0.0&REQUEST=capabilities HTTP/1.1" 503 1020
216.245.221.92 - - [21/May/2022:00:56:52 -0500] "HEAD / HTTP/1.1" 200 -
207.46.13.37 - - [21/May/2022:01:00:12 -0500] "GET /bla/resoluciones/resoluciones%202012/1383.pdf HTTP/1.1" 304 -
152.61.128.50 - - [21/May/2022:01:01:03 -0500] "GET /arcgis/services/Calidad_del_Agua_WQI/MapServer/WMSServer?request=GetCapabilities&service=WMS HTTP/1.1" 503 1020
152.61.128.50 - - [21/May/2022:01:01:04 -0500] "GET /arcgis/services/Calidad_del_Agua_WQI/MapServer/WMSServer?SERVICE=WMS&REQUEST=GetCapabilities HTTP/1.1" 503 1020
152.61.128.50 - - [21/May/2022:01:01:04 -0500] "GET /arcgis/services/Calidad_del_Agua_WQI/MapServer/WMSServer?WMTVER=1.0.0&REQUEST=capabilities HTTP/1.1" 503 1020
172.22.2.4 - - [21/May/2022:00:59:54 -0500] "HEAD /BLA/boletinlegal/ HTTP/1.1" 200 -
216.245.221.92 - - [21/May/2022:01:01:52 -0500] "HEAD / HTTP/1.1" 200 -
172.22.2.4 - - [21/May/2022:01:00:44 -0500] "GET /BLA/boletinlegal/ HTTP/1.1" 200 60973
66.249.65.13 - - [21/May/2022:01:02:39 -0500] "-" 408 -
40.77.167.43 - - [21/May/2022:01:04:00 -0500] "GET /bla/resoluciones/resoluciones%202022/0294.pdf HTTP/1.1" 200 338210
40.77.167.43 - - [21/May/2022:01:06:20 -0500] "GET /BLA/resoluciones/RESOLUCIONES%202016/1922.pdf HTTP/1.1" 304 -
216.245.221.92 - - [21/May/2022:01:06:52 -0500] "HEAD / HTTP/1.1" 200 -
172.22.2.4 - - [21/May/2022:01:05:44 -0500] "HEAD /BLA/boletinlegal/ HTTP/1.1" 200 -
172.22.2.4 - - [21/May/2022:01:06:34 -0500] "GET /BLA/boletinlegal/ HTTP/1.1" 200 60973
157.55.39.43 - - [21/May/2022:01:08:47 -0500] "GET /BLA/resoluciones/AUTOS%202020/2788.pdf HTTP/1.1" 304 -
216.245.221.92 - - [21/May/2022:01:11:52 -0500] "HEAD / HTTP/1.1" 200 -
172.22.2.4 - - [21/May/2022:01:11:34 -0500] "HEAD /BLA/boletinlegal/ HTTP/1.1" 200 -
172.22.2.4 - - [21/May/2022:01:12:24 -0500] "GET /BLA/boletinlegal/ HTTP/1.1" 200 58482
216.245.221.92 - - [21/May/2022:01:16:52 -0500] "HEAD / HTTP/1.1" 200 -
172.22.2.4 - - [21/May/2022:01:17:24 -0500] "HEAD /BLA/boletinlegal/ HTTP/1.1" 200 -
172.22.2.4 - - [21/May/2022:01:18:14 -0500] "GET /BLA/boletinlegal/ HTTP/1.1" 200 58482
212.192.246.33 - - [21/May/2022:01:20:37 -0500] "GET /portaldeninos/ HTTP/1.1" 200 109662
212.192.246.33 - - [21/May/2022:01:20:55 -0500] "GET /portaldeninos//feed/ HTTP/1.1" 200 77259
212.192.246.33 - - [21/May/2022:01:21:11 -0500] "GET /portaldeninos//?author=1 HTTP/1.1" 301 -
212.192.246.33 - - [21/May/2022:01:21:27 -0500] "GET /portaldeninos//?author=2 HTTP/1.1" 301 -
216.245.221.92 - - [21/May/2022:01:21:52 -0500] "HEAD / HTTP/1.1" 200 -
212.192.246.33 - - [21/May/2022:01:21:44 -0500] "GET /portaldeninos//?author=3 HTTP/1.1" 200 90338
212.192.246.33 - - [21/May/2022:01:22:01 -0500] "GET /portaldeninos//wp-json/wp/v2/users/ HTTP/1.1" 200 1366
212.192.246.33 - - [21/May/2022:01:22:01 -0500] "POST /portaldeninos//xmlrpc.php HTTP/1.1" 200 413
212.192.246.33 - - [21/May/2022:01:22:02 -0500] "POST /portaldeninos//xmlrpc.php HTTP/1.1" 200 413
212.192.246.33 - - [21/May/2022:01:22:02 -0500] "POST /portaldeninos//xmlrpc.php HTTP/1.1" 200 413
212.192.246.33 - - [21/May/2022:01:22:03 -0500] "POST /portaldeninos//xmlrpc.php HTTP/1.1" 200 413
212.192.246.33 - - [21/May/2022:01:22:03 -0500] "POST /portaldeninos//xmlrpc.php HTTP/1.1" 200 413
212.192.246.33 - - [21/May/2022:01:22:04 -0500] "POST /portaldeninos//xmlrpc.php HTTP/1.1" 200 413
212.192.246.33 - - [21/May/2022:01:22:04 -0500] "POST /portaldeninos//xmlrpc.php HTTP/1.1" 200 413
212.192.246.33 - - [21/May/2022:01:22:04 -0500] "POST /portaldeninos//xmlrpc.php HTTP/1.1" 200 413
212.192.246.33 - - [21/May/2022:01:22:05 -0500] "POST /portaldeninos//xmlrpc.php HTTP/1.1" 200 413
212.192.246.33 - - [21/May/2022:01:22:05 -0500] "POST /portaldeninos//xmlrpc.php HTTP/1.1" 200 413
212.192.246.33 - - [21/May/2022:01:22:06 -0500] "POST /portaldeninos//xmlrpc.php HTTP/1.1" 200 413
212.192.246.33 - - [21/May/2022:01:22:06 -0500] "POST /portaldeninos//xmlrpc.php HTTP/1.1" 200 413
212.192.246.33 - - [21/May/2022:01:22:06 -0500] "POST /portaldeninos//xmlrpc.php HTTP/1.1" 200 413
212.192.246.33 - - [21/May/2022:01:22:07 -0500] "POST /portaldeninos//xmlrpc.php HTTP/1.1" 200 413
212.192.246.33 - - [21/May/2022:01:22:07 -0500] "POST /portaldeninos//xmlrpc.php HTTP/1.1" 200 413
212.192.246.33 - - [21/May/2022:01:22:08 -0500] "POST /portaldeninos//xmlrpc.php HTTP/1.1" 200 413
212.192.246.33 - - [21/May/2022:01:22:08 -0500] "POST /portaldeninos//xmlrpc.php HTTP/1.1" 200 413
212.192.246.33 - - [21/May/2022:01:22:08 -0500] "POST /portaldeninos//xmlrpc.php HTTP/1.1" 200 413
212.192.246.33 - - [21/May/2022:01:22:09 -0500] "POST /portaldeninos//xmlrpc.php HTTP/1.1" 200 413
212.192.246.33 - - [21/May/2022:01:22:09 -0500] "POST /portaldeninos//xmlrpc.php HTTP/1.1" 200 413
212.192.246.33 - - [21/May/2022:01:22:10 -0500] "POST /portaldeninos//xmlrpc.php HTTP/1.1" 200 413
212.192.246.33 - - [21/May/2022:01:22:10 -0500] "POST /portaldeninos//xmlrpc.php HTTP/1.1" 200 413
212.192.246.33 - - [21/May/2022:01:22:11 -0500] "POST /portaldeninos//xmlrpc.php HTTP/1.1" 200 413
212.192.246.33 - - [21/May/2022:01:22:11 -0500] "POST /portaldeninos//xmlrpc.php HTTP/1.1" 200 413
212.192.246.33 - - [21/May/2022:01:22:11 -0500] "POST /portaldeninos//xmlrpc.php HTTP/1.1" 200 413
212.192.246.33 - - [21/May/2022:01:22:12 -0500] "POST /portaldeninos//xmlrpc.php HTTP/1.1" 200 413
212.192.246.33 - - [21/May/2022:01:22:12 -0500] "POST /portaldeninos//xmlrpc.php HTTP/1.1" 200 413
212.192.246.33 - - [21/May/2022:01:22:13 -0500] "POST /portaldeninos//xmlrpc.php HTTP/1.1" 200 413
212.192.246.33 - - [21/May/2022:01:22:13 -0500] "POST /portaldeninos//xmlrpc.php HTTP/1.1" 200 413
212.192.246.33 - - [21/May/2022:01:22:13 -0500] "POST /portaldeninos//xmlrpc.php HTTP/1.1" 200 413
212.192.246.33 - - [21/May/2022:01:22:14 -0500] "POST /portaldeninos//xmlrpc.php HTTP/1.1" 200 413
212.192.246.33 - - [21/May/2022:01:22:14 -0500] "POST /portaldeninos//xmlrpc.php HTTP/1.1" 200 413
212.192.246.33 - - [21/May/2022:01:22:15 -0500] "POST /portaldeninos//xmlrpc.php HTTP/1.1" 200 413
212.192.246.33 - - [21/May/2022:01:22:15 -0500] "POST /portaldeninos//xmlrpc.php HTTP/1.1" 200 413
212.192.246.33 - - [21/May/2022:01:22:15 -0500] "POST /portaldeninos//xmlrpc.php HTTP/1.1" 200 413
212.192.246.33 - - [21/May/2022:01:22:16 -0500] "POST /portaldeninos//xmlrpc.php HTTP/1.1" 200 413
212.192.246.33 - - [21/May/2022:01:22:16 -0500] "POST /portaldeninos//xmlrpc.php HTTP/1.1" 200 413
212.192.246.33 - - [21/May/2022:01:22:17 -0500] "POST /portaldeninos//xmlrpc.php HTTP/1.1" 200 413
212.192.246.33 - - [21/May/2022:01:22:17 -0500] "POST /portaldeninos//xmlrpc.php HTTP/1.1" 200 413
212.192.246.33 - - [21/May/2022:01:22:17 -0500] "POST /portaldeninos//xmlrpc.php HTTP/1.1" 200 413
212.192.246.33 - - [21/May/2022:01:22:18 -0500] "POST /portaldeninos//xmlrpc.php HTTP/1.1" 200 413
212.192.246.33 - - [21/May/2022:01:22:18 -0500] "POST /portaldeninos//xmlrpc.php HTTP/1.1" 200 413
212.192.246.33 - - [21/May/2022:01:22:19 -0500] "POST /portaldeninos//xmlrpc.php HTTP/1.1" 200 413
212.192.246.33 - - [21/May/2022:01:22:19 -0500] "POST /portaldeninos//xmlrpc.php HTTP/1.1" 200 413
212.192.246.33 - - [21/May/2022:01:22:20 -0500] "POST /portaldeninos//xmlrpc.php HTTP/1.1" 200 413
212.192.246.33 - - [21/May/2022:01:22:20 -0500] "POST /portaldeninos//xmlrpc.php HTTP/1.1" 200 413
212.192.246.33 - - [21/May/2022:01:22:20 -0500] "POST /portaldeninos//xmlrpc.php HTTP/1.1" 200 413
212.192.246.33 - - [21/May/2022:01:22:21 -0500] "POST /portaldeninos//xmlrpc.php HTTP/1.1" 200 413
212.192.246.33 - - [21/May/2022:01:22:21 -0500] "POST /portaldeninos//xmlrpc.php HTTP/1.1" 200 413
212.192.246.33 - - [21/May/2022:01:22:22 -0500] "POST /portaldeninos//xmlrpc.php HTTP/1.1" 200 413
212.192.246.33 - - [21/May/2022:01:22:22 -0500] "POST /portaldeninos//xmlrpc.php HTTP/1.1" 200 413
212.192.246.33 - - [21/May/2022:01:22:22 -0500] "POST /portaldeninos//xmlrpc.php HTTP/1.1" 200 413
212.192.246.33 - - [21/May/2022:01:22:23 -0500] "POST /portaldeninos//xmlrpc.php HTTP/1.1" 200 413
212.192.246.33 - - [21/May/2022:01:22:23 -0500] "POST /portaldeninos//xmlrpc.php HTTP/1.1" 200 413
212.192.246.33 - - [21/May/2022:01:22:24 -0500] "POST /portaldeninos//xmlrpc.php HTTP/1.1" 200 413
212.192.246.33 - - [21/May/2022:01:22:24 -0500] "POST /portaldeninos//xmlrpc.php HTTP/1.1" 200 413
212.192.246.33 - - [21/May/2022:01:22:24 -0500] "POST /portaldeninos//xmlrpc.php HTTP/1.1" 200 413
212.192.246.33 - - [21/May/2022:01:22:25 -0500] "POST /portaldeninos//xmlrpc.php HTTP/1.1" 200 413
212.192.246.33 - - [21/May/2022:01:22:25 -0500] "POST /portaldeninos//xmlrpc.php HTTP/1.1" 200 413
212.192.246.33 - - [21/May/2022:01:22:26 -0500] "POST /portaldeninos//xmlrpc.php HTTP/1.1" 200 413
212.192.246.33 - - [21/May/2022:01:22:26 -0500] "POST /portaldeninos//xmlrpc.php HTTP/1.1" 200 413
212.192.246.33 - - [21/May/2022:01:22:26 -0500] "POST /portaldeninos//xmlrpc.php HTTP/1.1" 200 413
212.192.246.33 - - [21/May/2022:01:22:27 -0500] "POST /portaldeninos//xmlrpc.php HTTP/1.1" 200 413
212.192.246.33 - - [21/May/2022:01:22:27 -0500] "POST /portaldeninos//xmlrpc.php HTTP/1.1" 200 413
212.192.246.33 - - [21/May/2022:01:22:28 -0500] "POST /portaldeninos//xmlrpc.php HTTP/1.1" 200 413
212.192.246.33 - - [21/May/2022:01:22:28 -0500] "POST /portaldeninos//xmlrpc.php HTTP/1.1" 200 413
212.192.246.33 - - [21/May/2022:01:22:28 -0500] "POST /portaldeninos//xmlrpc.php HTTP/1.1" 200 413
212.192.246.33 - - [21/May/2022:01:22:29 -0500] "POST /portaldeninos//xmlrpc.php HTTP/1.1" 200 413
212.192.246.33 - - [21/May/2022:01:22:29 -0500] "POST /portaldeninos//xmlrpc.php HTTP/1.1" 200 413
212.192.246.33 - - [21/May/2022:01:22:30 -0500] "POST /portaldeninos//xmlrpc.php HTTP/1.1" 200 413
212.192.246.33 - - [21/May/2022:01:22:30 -0500] "POST /portaldeninos//xmlrpc.php HTTP/1.1" 200 413
212.192.246.33 - - [21/May/2022:01:22:30 -0500] "POST /portaldeninos//xmlrpc.php HTTP/1.1" 200 413
212.192.246.33 - - [21/May/2022:01:22:31 -0500] "POST /portaldeninos//xmlrpc.php HTTP/1.1" 200 413
212.192.246.33 - - [21/May/2022:01:22:31 -0500] "POST /portaldeninos//xmlrpc.php HTTP/1.1" 200 413
212.192.246.33 - - [21/May/2022:01:22:32 -0500] "POST /portaldeninos//xmlrpc.php HTTP/1.1" 200 413
212.192.246.33 - - [21/May/2022:01:22:32 -0500] "POST /portaldeninos//xmlrpc.php HTTP/1.1" 200 413
212.192.246.33 - - [21/May/2022:01:22:32 -0500] "POST /portaldeninos//xmlrpc.php HTTP/1.1" 200 413
212.192.246.33 - - [21/May/2022:01:22:33 -0500] "POST /portaldeninos//xmlrpc.php HTTP/1.1" 200 413
212.192.246.33 - - [21/May/2022:01:22:33 -0500] "POST /portaldeninos//xmlrpc.php HTTP/1.1" 200 413
212.192.246.33 - - [21/May/2022:01:22:34 -0500] "POST /portaldeninos//xmlrpc.php HTTP/1.1" 200 413
212.192.246.33 - - [21/May/2022:01:22:34 -0500] "POST /portaldeninos//xmlrpc.php HTTP/1.1" 200 413
212.192.246.33 - - [21/May/2022:01:22:34 -0500] "POST /portaldeninos//xmlrpc.php HTTP/1.1" 200 413
212.192.246.33 - - [21/May/2022:01:22:35 -0500] "POST /portaldeninos//xmlrpc.php HTTP/1.1" 200 413
212.192.246.33 - - [21/May/2022:01:22:35 -0500] "POST /portaldeninos//xmlrpc.php HTTP/1.1" 200 413
212.192.246.33 - - [21/May/2022:01:22:36 -0500] "POST /portaldeninos//xmlrpc.php HTTP/1.1" 200 413
212.192.246.33 - - [21/May/2022:01:22:36 -0500] "POST /portaldeninos//xmlrpc.php HTTP/1.1" 200 413
212.192.246.33 - - [21/May/2022:01:22:37 -0500] "POST /portaldeninos//xmlrpc.php HTTP/1.1" 200 413
212.192.246.33 - - [21/May/2022:01:22:37 -0500] "POST /portaldeninos//xmlrpc.php HTTP/1.1" 200 413
212.192.246.33 - - [21/May/2022:01:22:37 -0500] "POST /portaldeninos//xmlrpc.php HTTP/1.1" 200 413
212.192.246.33 - - [21/May/2022:01:22:38 -0500] "POST /portaldeninos//xmlrpc.php HTTP/1.1" 200 413
212.192.246.33 - - [21/May/2022:01:22:38 -0500] "POST /portaldeninos//xmlrpc.php HTTP/1.1" 200 413
212.192.246.33 - - [21/May/2022:01:22:39 -0500] "POST /portaldeninos//xmlrpc.php HTTP/1.1" 200 413
212.192.246.33 - - [21/May/2022:01:22:39 -0500] "POST /portaldeninos//xmlrpc.php HTTP/1.1" 200 413
212.192.246.33 - - [21/May/2022:01:22:39 -0500] "POST /portaldeninos//xmlrpc.php HTTP/1.1" 200 413
212.192.246.33 - - [21/May/2022:01:22:40 -0500] "POST /portaldeninos//xmlrpc.php HTTP/1.1" 200 413
212.192.246.33 - - [21/May/2022:01:22:40 -0500] "POST /portaldeninos//xmlrpc.php HTTP/1.1" 200 413
212.192.246.33 - - [21/May/2022:01:22:41 -0500] "POST /portaldeninos//xmlrpc.php HTTP/1.1" 200 413
212.192.246.33 - - [21/May/2022:01:22:41 -0500] "POST /portaldeninos//xmlrpc.php HTTP/1.1" 200 413
212.192.246.33 - - [21/May/2022:01:22:41 -0500] "POST /portaldeninos//xmlrpc.php HTTP/1.1" 200 413
212.192.246.33 - - [21/May/2022:01:22:42 -0500] "POST /portaldeninos//xmlrpc.php HTTP/1.1" 200 413
212.192.246.33 - - [21/May/2022:01:22:42 -0500] "POST /portaldeninos//xmlrpc.php HTTP/1.1" 200 413
212.192.246.33 - - [21/May/2022:01:22:43 -0500] "POST /portaldeninos//xmlrpc.php HTTP/1.1" 200 413
212.192.246.33 - - [21/May/2022:01:22:43 -0500] "POST /portaldeninos//xmlrpc.php HTTP/1.1" 200 413
212.192.246.33 - - [21/May/2022:01:22:43 -0500] "POST /portaldeninos//xmlrpc.php HTTP/1.1" 200 413
212.192.246.33 - - [21/May/2022:01:22:44 -0500] "POST /portaldeninos//xmlrpc.php HTTP/1.1" 200 413
212.192.246.33 - - [21/May/2022:01:22:44 -0500] "POST /portaldeninos//xmlrpc.php HTTP/1.1" 200 413
212.192.246.33 - - [21/May/2022:01:22:45 -0500] "POST /portaldeninos//xmlrpc.php HTTP/1.1" 200 413
212.192.246.33 - - [21/May/2022:01:22:45 -0500] "POST /portaldeninos//xmlrpc.php HTTP/1.1" 200 413
201.245.192.253 - - [21/May/2022:01:22:16 -0500] "POST /kwsrmcab/Wsrmcab HTTP/1.1" 200 46927
201.245.192.253 - - [21/May/2022:01:23:06 -0500] "POST /kwsrmcab/Wsrmcab HTTP/1.1" 200 41570
172.22.2.4 - - [21/May/2022:01:23:14 -0500] "HEAD /BLA/boletinlegal/ HTTP/1.1" 200 -
94.102.61.10 - - [21/May/2022:01:25:22 -0500] "GET /portaldeninos/ HTTP/1.1" 200 109662
172.22.2.4 - - [21/May/2022:01:24:04 -0500] "GET /BLA/boletinlegal/ HTTP/1.1" 200 58482
193.106.191.48 - - [21/May/2022:01:25:46 -0500] "POST /cgi-bin/.%2e/.%2e/.%2e/.%2e/bin/sh HTTP/1.1" 400 945
216.245.221.92 - - [21/May/2022:01:26:52 -0500] "HEAD / HTTP/1.1" 200 -
66.249.65.17 - - [21/May/2022:01:27:15 -0500] "-" 408 -
172.22.2.4 - - [21/May/2022:01:29:04 -0500] "HEAD /BLA/boletinlegal/ HTTP/1.1" 200 -
172.22.2.4 - - [21/May/2022:01:31:31 -0500] "GET /BLA/boletinlegal/jurisprudencia/analisis/AnalisisT-606-15.docx HTTP/1.1" 200 26698
172.22.2.4 - - [21/May/2022:01:31:31 -0500] "GET /BLA/boletinlegal/apple-touch-icon-120x120-precomposed.png HTTP/1.1" 404 1140
172.22.2.4 - - [21/May/2022:01:31:31 -0500] "GET /BLA/boletinlegal/apple-touch-icon-120x120.png HTTP/1.1" 404 1140
172.22.2.4 - - [21/May/2022:01:31:32 -0500] "GET /BLA/boletinlegal/apple-touch-icon-precomposed.png HTTP/1.1" 404 1140
172.22.2.4 - - [21/May/2022:01:31:32 -0500] "GET /BLA/boletinlegal/apple-touch-icon.png HTTP/1.1" 404 1140
172.22.2.4 - - [21/May/2022:01:31:32 -0500] "GET /BLA/boletinlegal/favicon.ico HTTP/1.1" 404 1140
172.22.2.4 - - [21/May/2022:01:31:32 -0500] "GET /BLA/boletinlegal/apple-touch-icon-120x120-precomposed.png HTTP/1.1" 404 1140
172.22.2.4 - - [21/May/2022:01:31:32 -0500] "GET /BLA/boletinlegal/apple-touch-icon-120x120.png HTTP/1.1" 404 1140
172.22.2.4 - - [21/May/2022:01:31:32 -0500] "GET /BLA/boletinlegal/apple-touch-icon-precomposed.png HTTP/1.1" 404 1140
172.22.2.4 - - [21/May/2022:01:31:32 -0500] "GET /BLA/boletinlegal/apple-touch-icon.png HTTP/1.1" 404 1140
172.22.2.4 - - [21/May/2022:01:31:32 -0500] "GET /BLA/boletinlegal/favicon.ico HTTP/1.1" 404 1140
172.22.2.4 - - [21/May/2022:01:29:54 -0500] "GET /BLA/boletinlegal/ HTTP/1.1" 200 60973
216.245.221.92 - - [21/May/2022:01:31:52 -0500] "HEAD / HTTP/1.1" 200 -
201.245.192.253 - - [21/May/2022:01:32:16 -0500] "POST /kwsrmcab/Wsrmcab HTTP/1.1" 200 46927
201.245.192.253 - - [21/May/2022:01:33:06 -0500] "POST /kwsrmcab/Wsrmcab HTTP/1.1" 200 41570
173.252.107.117 - - [21/May/2022:01:35:08 -0500] "GET /images/operativos-residuos-peligrosos-25-ABRIL.jpg HTTP/1.1" 200 35345
66.249.65.13 - - [21/May/2022:01:36:09 -0500] "-" 408 -
172.22.2.4 - - [21/May/2022:01:34:54 -0500] "HEAD /BLA/boletinlegal/ HTTP/1.1" 200 -
216.245.221.92 - - [21/May/2022:01:36:52 -0500] "HEAD / HTTP/1.1" 200 -
172.22.2.4 - - [21/May/2022:01:35:44 -0500] "GET /BLA/boletinlegal/ HTTP/1.1" 200 60175
216.245.221.92 - - [21/May/2022:01:41:52 -0500] "HEAD / HTTP/1.1" 200 -
172.22.2.4 - - [21/May/2022:01:40:44 -0500] "HEAD /BLA/boletinlegal/ HTTP/1.1" 200 -
201.245.192.253 - - [21/May/2022:01:42:15 -0500] "POST /kwsrmcab/Wsrmcab HTTP/1.1" 200 46927
172.22.2.4 - - [21/May/2022:01:41:34 -0500] "GET /BLA/boletinlegal/ HTTP/1.1" 200 54215
172.22.2.4 - - [21/May/2022:01:43:39 -0500] "GET /BLA/boletinlegal/Circulares/2011/Circular%20No.%207%20del%2023%20de%20Diciembre%20de%202011.pdf HTTP/1.1" 304 -
201.245.192.253 - - [21/May/2022:01:43:07 -0500] "POST /kwsrmcab/Wsrmcab HTTP/1.1" 200 41570
176.58.96.131 - - [21/May/2022:01:45:41 -0500] "GET /portaldeninos/ HTTP/1.1" 200 109662
216.245.221.92 - - [21/May/2022:01:46:52 -0500] "HEAD / HTTP/1.1" 200 -
207.46.13.35 - - [21/May/2022:01:46:53 -0500] "GET /BLA/resoluciones/00000367.tif HTTP/1.1" 404 1018
192.133.77.16 - - [21/May/2022:01:48:08 -0500] "GET /images/eficiencia-energetica-11-marzo.jpg HTTP/1.1" 200 46478
172.22.2.4 - - [21/May/2022:01:46:34 -0500] "HEAD /BLA/boletinlegal/ HTTP/1.1" 200 -
172.22.2.4 - - [21/May/2022:01:47:24 -0500] "GET /BLA/boletinlegal/ HTTP/1.1" 200 58482
66.249.65.13 - - [21/May/2022:01:49:26 -0500] "-" 408 -
207.46.13.81 - - [21/May/2022:01:51:35 -0500] "GET /portaldeninos/wp-content/uploads/2020/11/Humedal-octubre-6-768x384.jpg HTTP/1.1" 200 65796
216.245.221.92 - - [21/May/2022:01:51:52 -0500] "HEAD / HTTP/1.1" 200 -
172.22.2.4 - - [21/May/2022:01:52:24 -0500] "HEAD /BLA/boletinlegal/ HTTP/1.1" 200 -
172.22.2.4 - - [21/May/2022:01:53:14 -0500] "GET /BLA/boletinlegal/ HTTP/1.1" 200 58482
66.249.65.13 - - [21/May/2022:01:55:47 -0500] "-" 408 -
216.245.221.92 - - [21/May/2022:01:56:51 -0500] "HEAD / HTTP/1.1" 200 -
172.22.2.4 - - [21/May/2022:01:58:14 -0500] "HEAD /BLA/boletinlegal/ HTTP/1.1" 200 -
172.22.2.4 - - [21/May/2022:01:59:04 -0500] "GET /BLA/boletinlegal/ HTTP/1.1" 200 60973
216.245.221.92 - - [21/May/2022:02:01:51 -0500] "HEAD / HTTP/1.1" 200 -
66.249.65.13 - - [21/May/2022:02:04:03 -0500] "-" 408 -
172.22.2.4 - - [21/May/2022:02:05:14 -0500] "GET /BLA/boletinlegal/jurisprudencia/analisis/ANALISIST-257-96.docx HTTP/1.1" 200 19486
172.22.2.4 - - [21/May/2022:02:05:15 -0500] "GET /BLA/boletinlegal/jurisprudencia/analisis/ANALISIST-257-96.docx HTTP/1.1" 200 19486
172.22.2.4 - - [21/May/2022:02:05:19 -0500] "GET /BLA/boletinlegal/robots.txt HTTP/1.1" 404 1038
172.22.2.4 - - [21/May/2022:02:04:04 -0500] "HEAD /BLA/boletinlegal/ HTTP/1.1" 200 -
172.22.2.4 - - [21/May/2022:02:04:54 -0500] "GET /BLA/boletinlegal/ HTTP/1.1" 200 54215
193.106.191.48 - - [21/May/2022:02:06:38 -0500] "GET / HTTP/1.1" 200 319
216.245.221.92 - - [21/May/2022:02:06:51 -0500] "HEAD / HTTP/1.1" 200 -
172.22.2.4 - - [21/May/2022:02:05:20 -0500] "GET /BLA/boletinlegal/index.php HTTP/1.1" 200 56776
172.22.2.4 - - [21/May/2022:02:10:28 -0500] "GET /BLA/boletinlegal/ HTTP/1.1" 200 24523
172.22.2.4 - - [21/May/2022:02:09:54 -0500] "HEAD /BLA/boletinlegal/ HTTP/1.1" 200 -
216.245.221.92 - - [21/May/2022:02:11:51 -0500] "HEAD / HTTP/1.1" 200 -
172.22.2.4 - - [21/May/2022:02:10:44 -0500] "GET /BLA/boletinlegal/ HTTP/1.1" 200 58029
216.245.221.92 - - [21/May/2022:02:16:51 -0500] "HEAD / HTTP/1.1" 200 -
172.22.2.4 - - [21/May/2022:02:15:44 -0500] "HEAD /BLA/boletinlegal/ HTTP/1.1" 200 -
172.22.2.4 - - [21/May/2022:02:16:34 -0500] "GET /BLA/boletinlegal/ HTTP/1.1" 200 58482
66.249.65.13 - - [21/May/2022:02:20:03 -0500] "-" 408 -
216.245.221.92 - - [21/May/2022:02:21:51 -0500] "HEAD / HTTP/1.1" 200 -
157.55.39.41 - - [21/May/2022:02:22:13 -0500] "GET /BLA/boletinlegal/Directivas/2014/Directiva%20No.%202%20del%205%20de%20Mayo%20de%202014.pdf HTTP/1.1" 304 -
40.77.167.43 - - [21/May/2022:02:22:26 -0500] "GET /Publicaciones/2022EE78988.pdf HTTP/1.1" 404 227
157.55.39.8 - - [21/May/2022:02:23:03 -0500] "GET /BLA/resoluciones/RESOLUCIONES%202022/0229.pdf HTTP/1.1" 200 374229
201.245.192.253 - - [21/May/2022:02:22:16 -0500] "POST /kwsrmcab/Wsrmcab HTTP/1.1" 200 47071
172.22.2.4 - - [21/May/2022:02:21:34 -0500] "HEAD /BLA/boletinlegal/ HTTP/1.1" 200 -
201.245.192.253 - - [21/May/2022:02:23:07 -0500] "POST /kwsrmcab/Wsrmcab HTTP/1.1" 200 41579
157.55.39.43 - - [21/May/2022:02:24:00 -0500] "GET /galeria/galeria/fotos/Humedal-la-conejera2G.jpg HTTP/1.1" 200 298801
172.22.2.4 - - [21/May/2022:02:22:24 -0500] "GET /BLA/boletinlegal/ HTTP/1.1" 200 58029
51.15.164.30 - - [21/May/2022:02:24:37 -0500] "HEAD /la-moda-circular-es-tendencia-nueva-apuesta-para-avanzar-en-la-sostenibilidad-del-sector-en-bogota.html HTTP/1.1" 200 -
51.15.164.30 - - [21/May/2022:02:24:37 -0500] "HEAD /mas-de-4000-observaciones-de-fauna-y-flora-en-el-reto-naturalista-2022.html HTTP/1.1" 200 -
172.22.2.4 - - [21/May/2022:02:25:37 -0500] "GET /BLA/boletinlegal/actuator/health HTTP/1.1" 404 1018
66.249.65.13 - - [21/May/2022:02:26:14 -0500] "-" 408 -
216.245.221.92 - - [21/May/2022:02:26:51 -0500] "HEAD / HTTP/1.1" 200 -
40.77.167.38 - - [21/May/2022:02:27:23 -0500] "GET /bla/resoluciones/resoluciones%202022/0286.pdf HTTP/1.1" 200 341129
172.22.2.4 - - [21/May/2022:02:27:23 -0500] "HEAD /BLA/boletinlegal/ HTTP/1.1" 200 -
40.77.167.38 - - [21/May/2022:02:29:54 -0500] "GET /bla/resoluciones/resoluciones%202022/0385.pdf HTTP/1.1" 200 362832
172.22.2.4 - - [21/May/2022:02:28:14 -0500] "GET /BLA/boletinlegal/ HTTP/1.1" 200 58482
216.245.221.92 - - [21/May/2022:02:31:51 -0500] "HEAD / HTTP/1.1" 200 -
201.245.192.253 - - [21/May/2022:02:32:15 -0500] "POST /kwsrmcab/Wsrmcab HTTP/1.1" 200 47071
66.249.65.13 - - [21/May/2022:02:33:20 -0500] "-" 408 -
20.96.170.139 - - [21/May/2022:02:33:24 -0500] "GET /noticias/rssambiente.php HTTP/1.1" 406 -
201.245.192.253 - - [21/May/2022:02:32:59 -0500] "POST /kwsrmcab/Wsrmcab HTTP/1.1" 200 41579
20.96.170.139 - - [21/May/2022:02:33:25 -0500] "GET /noticias/rssambiente.php HTTP/1.1" 406 -
172.22.2.4 - - [21/May/2022:02:33:14 -0500] "HEAD /BLA/boletinlegal/ HTTP/1.1" 200 -
40.77.167.38 - - [21/May/2022:02:35:33 -0500] "GET /BLA/resoluciones/RESOLUCIONES%202006/RES%202006%201401-1450/00001403.tif HTTP/1.1" 200 672986
172.22.2.4 - - [21/May/2022:02:34:04 -0500] "GET /BLA/boletinlegal/ HTTP/1.1" 200 56776
216.245.221.92 - - [21/May/2022:02:36:51 -0500] "HEAD / HTTP/1.1" 200 -
40.77.167.43 - - [21/May/2022:02:37:47 -0500] "GET /BLA/resoluciones/RESOLUCIONES%202006/RES%202006%20351-400/00000356.tif HTTP/1.1" 200 356206
179.43.167.122 - - [21/May/2022:02:39:50 -0500] "HEAD / HTTP/1.0" 200 -
172.22.2.4 - - [21/May/2022:02:39:03 -0500] "HEAD /BLA/boletinlegal/ HTTP/1.1" 200 -
172.22.2.4 - - [21/May/2022:02:39:54 -0500] "GET /BLA/boletinlegal/ HTTP/1.1" 200 54215
66.249.65.13 - - [21/May/2022:02:41:35 -0500] "-" 408 -
216.245.221.92 - - [21/May/2022:02:41:51 -0500] "HEAD / HTTP/1.1" 200 -
201.245.192.253 - - [21/May/2022:02:42:16 -0500] "POST /kwsrmcab/Wsrmcab HTTP/1.1" 200 47071
201.245.192.253 - - [21/May/2022:02:43:02 -0500] "POST /kwsrmcab/Wsrmcab HTTP/1.1" 200 41579
172.22.2.4 - - [21/May/2022:02:44:53 -0500] "HEAD /BLA/boletinlegal/ HTTP/1.1" 200 -
216.245.221.92 - - [21/May/2022:02:46:51 -0500] "HEAD / HTTP/1.1" 200 -
172.22.2.4 - - [21/May/2022:02:45:44 -0500] "GET /BLA/boletinlegal/ HTTP/1.1" 200 60973
193.106.191.48 - - [21/May/2022:02:48:29 -0500] "GET /actuator/gateway/routes HTTP/1.1" 404 1018
66.249.65.13 - - [21/May/2022:02:49:43 -0500] "-" 408 -
172.22.2.4 - - [21/May/2022:02:48:21 -0500] "GET /BLA/boletinlegal/index.php HTTP/1.1" 200 62272
172.22.2.4 - - [21/May/2022:02:49:35 -0500] "GET /BLA/boletinlegal/ HTTP/1.1" 200 24523
216.245.221.92 - - [21/May/2022:02:51:51 -0500] "HEAD / HTTP/1.1" 200 -
172.22.2.4 - - [21/May/2022:02:50:43 -0500] "HEAD /BLA/boletinlegal/ HTTP/1.1" 200 -
172.22.2.4 - - [21/May/2022:02:51:34 -0500] "GET /BLA/boletinlegal/ HTTP/1.1" 200 60973
66.249.65.13 - - [21/May/2022:02:55:20 -0500] "-" 408 -
216.245.221.92 - - [21/May/2022:02:56:51 -0500] "HEAD / HTTP/1.1" 200 -
172.22.2.4 - - [21/May/2022:02:56:33 -0500] "HEAD /BLA/boletinlegal/ HTTP/1.1" 200 -
40.77.167.106 - - [21/May/2022:02:58:40 -0500] "-" 408 -
172.22.2.4 - - [21/May/2022:02:57:24 -0500] "GET /BLA/boletinlegal/ HTTP/1.1" 200 58482
172.22.2.4 - - [21/May/2022:03:00:56 -0500] "GET /BLA/boletinlegal/ HTTP/1.1" 200 20427
66.249.65.13 - - [21/May/2022:03:01:20 -0500] "-" 408 -
216.245.221.92 - - [21/May/2022:03:01:51 -0500] "HEAD / HTTP/1.1" 200 -
172.22.2.4 - - [21/May/2022:03:01:19 -0500] "GET /BLA/boletinlegal/ HTTP/1.1" 200 56364
172.22.2.4 - - [21/May/2022:03:02:23 -0500] "HEAD /BLA/boletinlegal/ HTTP/1.1" 200 -
172.22.2.4 - - [21/May/2022:03:03:14 -0500] "GET /BLA/boletinlegal/ HTTP/1.1" 200 59075
173.252.107.6 - - [21/May/2022:03:05:19 -0500] "GET /en-semana-santa-no-uses-palmas-ni-traigas-o-consumas-animales-silvestres.html HTTP/1.1" 206 959
216.245.221.92 - - [21/May/2022:03:06:51 -0500] "HEAD / HTTP/1.1" 200 -
66.249.65.13 - - [21/May/2022:03:08:21 -0500] "-" 408 -
172.22.2.4 - - [21/May/2022:03:08:13 -0500] "HEAD /BLA/boletinlegal/ HTTP/1.1" 200 -
69.63.184.1 - - [21/May/2022:03:09:56 -0500] "GET /cuando-un-humedal-es-tu-oficina-la-labor-de-los-administradores-de-estos-ecosistemas.html HTTP/1.1" 206 957
172.22.2.4 - - [21/May/2022:03:09:04 -0500] "GET /BLA/boletinlegal/ HTTP/1.1" 200 60973
216.245.221.92 - - [21/May/2022:03:11:51 -0500] "HEAD / HTTP/1.1" 200 -
40.77.167.43 - - [21/May/2022:03:12:51 -0500] "GET /bla/resoluciones/resoluciones%202022/0402.pdf HTTP/1.1" 200 334592
66.249.65.13 - - [21/May/2022:03:14:27 -0500] "-" 408 -
173.252.107.14 - - [21/May/2022:03:14:55 -0500] "GET /garza-azul-nueva-ave-registrada-en-el-humedal-el-burro.html HTTP/1.1" 206 890
172.22.2.4 - - [21/May/2022:03:14:03 -0500] "HEAD /BLA/boletinlegal/ HTTP/1.1" 200 -
54.173.214.231 - - [21/May/2022:03:15:55 -0500] "GET /BLA/boletinlegal/Circulares/2021/CIRCULAR%20No.%2000009%20DEL%2001%20DE%20OCTUBRE%20DEL%202021.pdf HTTP/1.1" 200 320793
207.46.13.165 - - [21/May/2022:03:15:57 -0500] "GET /portaldeninos/wp-content/uploads/2021/11/plantacion-ni%C3%B1os-humedal-la-conejera-ni%C3%B1os-20-junio-1024x575.jpg HTTP/1.1" 200 166271
172.22.2.4 - - [21/May/2022:03:14:54 -0500] "GET /BLA/boletinlegal/ HTTP/1.1" 200 60581
216.245.221.92 - - [21/May/2022:03:16:51 -0500] "HEAD / HTTP/1.1" 200 -
172.22.2.4 - - [21/May/2022:03:17:56 -0500] "GET /BLA/boletinlegal/ HTTP/1.1" 200 63427
172.22.2.4 - - [21/May/2022:03:19:47 -0500] "GET /BLA/boletinlegal/js/jquery.js HTTP/1.1" 200 57254
172.22.2.4 - - [21/May/2022:03:19:47 -0500] "GET /BLA/boletinlegal/js/jquery.scrollShow.js HTTP/1.1" 200 4586
172.22.2.4 - - [21/May/2022:03:19:50 -0500] "GET /BLA/boletinlegal/Directivas/2011/Directiva%20No.%207%20del%2015%20de%20Septiembre%20de%202011.pdf HTTP/1.1" 304 -
172.22.2.4 - - [21/May/2022:03:19:57 -0500] "GET /BLA/boletinlegal/js/jquery.scrollTo-min.js HTTP/1.1" 200 1150
66.249.65.13 - - [21/May/2022:03:20:30 -0500] "-" 408 -
172.22.2.4 - - [21/May/2022:03:19:53 -0500] "HEAD /BLA/boletinlegal/ HTTP/1.1" 200 -
216.245.221.92 - - [21/May/2022:03:21:51 -0500] "HEAD / HTTP/1.1" 200 -
172.22.2.4 - - [21/May/2022:03:20:44 -0500] "GET /BLA/boletinlegal/ HTTP/1.1" 200 60973
201.245.192.253 - - [21/May/2022:03:22:16 -0500] "POST /kwsrmcab/Wsrmcab HTTP/1.1" 200 46742
201.245.192.253 - - [21/May/2022:03:23:05 -0500] "POST /kwsrmcab/Wsrmcab HTTP/1.1" 200 41580
34.90.148.45 - - [21/May/2022:03:24:49 -0500] "GET / HTTP/1.1" 200 319
66.249.65.13 - - [21/May/2022:03:26:27 -0500] "-" 408 -
216.245.221.92 - - [21/May/2022:03:26:51 -0500] "HEAD / HTTP/1.1" 200 -
172.22.2.4 - - [21/May/2022:03:25:43 -0500] "HEAD /BLA/boletinlegal/ HTTP/1.1" 200 -
172.22.2.4 - - [21/May/2022:03:26:34 -0500] "GET /BLA/boletinlegal/ HTTP/1.1" 200 60973
207.46.13.35 - - [21/May/2022:03:29:22 -0500] "GET /BLA/boletinlegal/Directivas/2017/Directiva%20No.%2004%20del%2028%20de%20Abril%20de%202017.pdf HTTP/1.1" 304 -
207.46.13.229 - - [21/May/2022:03:31:18 -0500] "-" 408 -
216.245.221.92 - - [21/May/2022:03:31:51 -0500] "HEAD / HTTP/1.1" 200 -
66.249.65.13 - - [21/May/2022:03:32:25 -0500] "-" 408 -
201.245.192.253 - - [21/May/2022:03:32:15 -0500] "POST /kwsrmcab/Wsrmcab HTTP/1.1" 200 46742
172.22.2.4 - - [21/May/2022:03:31:33 -0500] "HEAD /BLA/boletinlegal/ HTTP/1.1" 200 -
201.245.192.253 - - [21/May/2022:03:33:04 -0500] "POST /kwsrmcab/Wsrmcab HTTP/1.1" 200 41580
172.22.2.4 - - [21/May/2022:03:32:24 -0500] "GET /BLA/boletinlegal/ HTTP/1.1" 200 58482
216.245.221.92 - - [21/May/2022:03:36:51 -0500] "HEAD / HTTP/1.1" 200 -
207.46.13.35 - - [21/May/2022:03:37:02 -0500] "GET /BLA/resoluciones/RESOLUCIONES%202006/RES%202006%20351-400/00000379.tif HTTP/1.1" 200 34154
173.252.107.15 - - [21/May/2022:03:38:50 -0500] "GET /images/operativos-residuos-peligrosos-25-ABRIL.jpg HTTP/1.1" 200 35345
172.22.2.4 - - [21/May/2022:03:37:23 -0500] "HEAD /BLA/boletinlegal/ HTTP/1.1" 200 -
66.249.65.13 - - [21/May/2022:03:39:05 -0500] "-" 408 -
172.22.2.4 - - [21/May/2022:03:38:14 -0500] "GET /BLA/boletinlegal/ HTTP/1.1" 200 58482
216.245.221.92 - - [21/May/2022:03:41:51 -0500] "HEAD / HTTP/1.1" 200 -
172.22.2.4 - - [21/May/2022:03:41:26 -0500] "GET /BLA/boletinlegal/ HTTP/1.1" 200 32715
201.245.192.253 - - [21/May/2022:03:42:15 -0500] "POST /kwsrmcab/Wsrmcab HTTP/1.1" 200 46742
207.46.13.35 - - [21/May/2022:03:43:26 -0500] "GET /BLA/resoluciones/AUTOS%202019/3454.pdf HTTP/1.1" 304 -
201.245.192.253 - - [21/May/2022:03:43:02 -0500] "POST /kwsrmcab/Wsrmcab HTTP/1.1" 200 41580
172.22.2.4 - - [21/May/2022:03:43:13 -0500] "HEAD /BLA/boletinlegal/ HTTP/1.1" 200 -
172.22.2.4 - - [21/May/2022:03:44:04 -0500] "GET /BLA/boletinlegal/ HTTP/1.1" 200 61408
66.249.65.13 - - [21/May/2022:03:45:49 -0500] "-" 408 -
216.245.221.92 - - [21/May/2022:03:46:51 -0500] "HEAD / HTTP/1.1" 200 -
200.89.248.14 - - [21/May/2022:03:47:20 -0500] "GET /mas-de-4000-observaciones-de-fauna-y-flora-en-el-reto-naturalista-2022.html HTTP/1.1" 200 842
173.252.79.16 - - [21/May/2022:03:47:37 -0500] "GET /mas-de-4000-observaciones-de-fauna-y-flora-en-el-reto-naturalista-2022.html HTTP/1.1" 206 842
40.77.167.38 - - [21/May/2022:03:48:52 -0500] "GET /POT-2013/Articulado/MEPOT_CTPD_FEBRERO%2020%20DE%202013.pdf HTTP/1.1" 304 -
179.43.144.210 - - [21/May/2022:03:49:21 -0500] "GET / HTTP/1.1" 200 319
172.22.2.4 - - [21/May/2022:03:49:03 -0500] "HEAD /BLA/boletinlegal/ HTTP/1.1" 200 -
172.22.2.4 - - [21/May/2022:03:49:54 -0500] "GET /BLA/boletinlegal/ HTTP/1.1" 200 60973
216.245.221.92 - - [21/May/2022:03:51:51 -0500] "HEAD / HTTP/1.1" 200 -
66.249.65.13 - - [21/May/2022:03:51:54 -0500] "-" 408 -
172.22.2.4 - - [21/May/2022:03:54:53 -0500] "HEAD /BLA/boletinlegal/ HTTP/1.1" 200 -
216.245.221.92 - - [21/May/2022:03:56:51 -0500] "HEAD / HTTP/1.1" 200 -
172.22.2.4 - - [21/May/2022:03:55:44 -0500] "GET /BLA/boletinlegal/ HTTP/1.1" 200 60973
66.249.65.13 - - [21/May/2022:03:57:30 -0500] "-" 408 -
40.77.167.43 - - [21/May/2022:03:59:06 -0500] "GET /galeria/bibloteca/contentflow.js HTTP/1.1" 200 42804
192.241.219.55 - - [21/May/2022:04:01:09 -0500] "GET / HTTP/1.1" 200 319
216.245.221.92 - - [21/May/2022:04:01:51 -0500] "HEAD / HTTP/1.1" 200 -
172.22.2.4 - - [21/May/2022:04:00:43 -0500] "HEAD /BLA/boletinlegal/ HTTP/1.1" 200 -
172.22.2.4 - - [21/May/2022:04:01:34 -0500] "GET /BLA/boletinlegal/ HTTP/1.1" 200 58029
128.14.136.18 - - [21/May/2022:04:05:24 -0500] "GET / HTTP/1.1" 200 319
157.55.39.43 - - [21/May/2022:04:06:30 -0500] "GET /BLA/resoluciones/00000368.tif HTTP/1.1" 404 1018
216.245.221.92 - - [21/May/2022:04:06:51 -0500] "HEAD / HTTP/1.1" 200 -
207.46.13.14 - - [21/May/2022:04:06:58 -0500] "GET /bla/resoluciones/resoluciones%202022/0318.pdf HTTP/1.1" 200 339168
66.249.65.13 - - [21/May/2022:04:07:00 -0500] "-" 408 -
172.22.2.4 - - [21/May/2022:04:06:33 -0500] "HEAD /BLA/boletinlegal/ HTTP/1.1" 200 -
172.22.2.4 - - [21/May/2022:04:07:24 -0500] "GET /BLA/boletinlegal/ HTTP/1.1" 200 58482
172.22.2.4 - - [21/May/2022:04:09:09 -0500] "POST /BLA/boletinlegal/vendor/phpunit/phpunit/src/Util/PHP/eval-stdin.php HTTP/1.1" 404 1018
216.245.221.92 - - [21/May/2022:04:11:51 -0500] "HEAD / HTTP/1.1" 200 -
172.22.2.4 - - [21/May/2022:04:12:58 -0500] "GET /BLA/boletinlegal/ HTTP/1.1" 200 24523
172.22.2.4 - - [21/May/2022:04:12:23 -0500] "HEAD /BLA/boletinlegal/ HTTP/1.1" 200 -
172.22.2.4 - - [21/May/2022:04:13:13 -0500] "GET /BLA/boletinlegal/ HTTP/1.1" 200 55926
216.245.221.92 - - [21/May/2022:04:16:51 -0500] "HEAD / HTTP/1.1" 200 -
67.205.150.107 - - [21/May/2022:04:19:37 -0500] "GET /wp-22.php?sfilename=on.php&sfilecontent=<%3F%3D409723%2A20%3B&supfiles=on.php HTTP/1.1" 404 1049
172.22.2.4 - - [21/May/2022:04:18:13 -0500] "HEAD /BLA/boletinlegal/ HTTP/1.1" 200 -
66.220.149.6 - - [21/May/2022:04:20:17 -0500] "GET /la-moda-circular-es-tendencia-nueva-apuesta-para-avanzar-en-la-sostenibilidad-del-sector-en-bogota.html?fbclid=IwAR0xQ4fas6aIM46ep_AueaWPeGlS11U2n4fgUp1pIa4npS2xCFBcoaXK99Y HTTP/1.1" 200 796
172.22.2.4 - - [21/May/2022:04:19:03 -0500] "GET /BLA/boletinlegal/ HTTP/1.1" 200 60973
66.249.65.13 - - [21/May/2022:04:21:22 -0500] "-" 408 -
157.55.39.43 - - [21/May/2022:04:21:49 -0500] "GET /BLA/resoluciones/00001414.tif HTTP/1.1" 404 1018
216.245.221.92 - - [21/May/2022:04:21:51 -0500] "HEAD / HTTP/1.1" 200 -
207.46.13.14 - - [21/May/2022:04:22:10 -0500] "GET /bla/resoluciones/resoluciones%202022/0289.pdf HTTP/1.1" 200 336037
201.245.192.253 - - [21/May/2022:04:22:15 -0500] "POST /kwsrmcab/Wsrmcab HTTP/1.1" 200 46916
104.140.188.42 - - [21/May/2022:04:23:35 -0500] "GET / HTTP/1.1" 200 319
201.245.192.253 - - [21/May/2022:04:23:05 -0500] "POST /kwsrmcab/Wsrmcab HTTP/1.1" 200 41408
172.22.2.4 - - [21/May/2022:04:24:03 -0500] "HEAD /BLA/boletinlegal/ HTTP/1.1" 200 -
172.22.2.4 - - [21/May/2022:04:24:53 -0500] "GET /BLA/boletinlegal/ HTTP/1.1" 200 60973
157.55.39.8 - - [21/May/2022:04:26:43 -0500] "GET /BLA/resoluciones/RESOLUCIONES%202006/RES%202006%20351-400/00000351.tif HTTP/1.1" 200 140232
216.245.221.92 - - [21/May/2022:04:26:51 -0500] "HEAD / HTTP/1.1" 200 -
65.49.20.69 - - [21/May/2022:04:29:16 -0500] "GET / HTTP/1.1" 200 319
172.22.2.4 - - [21/May/2022:04:29:53 -0500] "HEAD /BLA/boletinlegal/ HTTP/1.1" 200 -
216.245.221.92 - - [21/May/2022:04:31:51 -0500] "HEAD / HTTP/1.1" 200 -
172.22.2.4 - - [21/May/2022:04:30:43 -0500] "GET /BLA/boletinlegal/ HTTP/1.1" 200 58029
201.245.192.253 - - [21/May/2022:04:32:15 -0500] "POST /kwsrmcab/Wsrmcab HTTP/1.1" 200 46916
157.55.39.8 - - [21/May/2022:04:33:15 -0500] "GET /bla/resoluciones/resoluciones%202022/0301.pdf HTTP/1.1" 200 347074
201.245.192.253 - - [21/May/2022:04:33:05 -0500] "POST /kwsrmcab/Wsrmcab HTTP/1.1" 200 41408
216.245.221.92 - - [21/May/2022:04:36:51 -0500] "HEAD / HTTP/1.1" 200 -
172.22.2.4 - - [21/May/2022:04:35:43 -0500] "HEAD /BLA/boletinlegal/ HTTP/1.1" 200 -
172.22.2.4 - - [21/May/2022:04:36:33 -0500] "GET /BLA/boletinlegal/ HTTP/1.1" 200 57520
173.252.107.8 - - [21/May/2022:04:41:42 -0500] "GET /images/feria-servicios-tramites-19-mayo.jpg HTTP/1.1" 200 40581
216.245.221.92 - - [21/May/2022:04:41:51 -0500] "HEAD / HTTP/1.1" 200 -
201.245.192.253 - - [21/May/2022:04:42:15 -0500] "POST /kwsrmcab/Wsrmcab HTTP/1.1" 200 46916
172.22.2.4 - - [21/May/2022:04:41:33 -0500] "HEAD /BLA/boletinlegal/ HTTP/1.1" 200 -
201.245.192.253 - - [21/May/2022:04:43:05 -0500] "POST /kwsrmcab/Wsrmcab HTTP/1.1" 200 41408
172.22.2.4 - - [21/May/2022:04:42:23 -0500] "GET /BLA/boletinlegal/ HTTP/1.1" 200 58482
216.245.221.92 - - [21/May/2022:04:46:51 -0500] "HEAD / HTTP/1.1" 200 -
172.22.2.4 - - [21/May/2022:04:47:23 -0500] "HEAD /BLA/boletinlegal/ HTTP/1.1" 200 -
172.22.2.4 - - [21/May/2022:04:48:13 -0500] "GET /BLA/boletinlegal/ HTTP/1.1" 200 59075
66.249.65.13 - - [21/May/2022:04:51:06 -0500] "-" 408 -
216.245.221.92 - - [21/May/2022:04:51:51 -0500] "HEAD / HTTP/1.1" 200 -
172.22.2.4 - - [21/May/2022:04:53:13 -0500] "HEAD /BLA/boletinlegal/ HTTP/1.1" 200 -
172.22.2.4 - - [21/May/2022:04:54:03 -0500] "GET /BLA/boletinlegal/ HTTP/1.1" 200 60973
216.245.221.92 - - [21/May/2022:04:56:51 -0500] "HEAD / HTTP/1.1" 200 -
172.22.2.4 - - [21/May/2022:04:59:03 -0500] "HEAD /BLA/boletinlegal/ HTTP/1.1" 200 -
172.22.2.4 - - [21/May/2022:04:59:53 -0500] "GET /BLA/boletinlegal/ HTTP/1.1" 200 60973
216.245.221.92 - - [21/May/2022:05:01:51 -0500] "HEAD / HTTP/1.1" 200 -
85.114.101.178 - - [21/May/2022:05:04:25 -0500] "GET /recordings HTTP/1.1" 404 1018
85.114.101.178 - - [21/May/2022:05:05:36 -0500] "\x16\x03\x03" 400 226
85.114.101.178 - - [21/May/2022:05:05:36 -0500] "\x16\x03\x03" 400 226
172.22.2.4 - - [21/May/2022:05:04:53 -0500] "HEAD /BLA/boletinlegal/ HTTP/1.1" 200 -
216.245.221.92 - - [21/May/2022:05:06:51 -0500] "HEAD / HTTP/1.1" 200 -
172.22.2.4 - - [21/May/2022:05:05:43 -0500] "GET /BLA/boletinlegal/ HTTP/1.1" 200 60973
69.63.189.8 - - [21/May/2022:05:08:04 -0500] "GET /images/reunion-planta-termovalorizacion-11-mayo.jpg HTTP/1.1" 200 34782
207.46.13.14 - - [21/May/2022:05:11:36 -0500] "GET /bla/resoluciones/autos%202021/2656.pdf HTTP/1.1" 200 355358
216.245.221.92 - - [21/May/2022:05:11:51 -0500] "HEAD / HTTP/1.1" 200 -
172.22.2.4 - - [21/May/2022:05:10:43 -0500] "HEAD /BLA/boletinlegal/ HTTP/1.1" 200 -
172.22.2.4 - - [21/May/2022:05:11:33 -0500] "GET /BLA/boletinlegal/ HTTP/1.1" 200 60973
157.55.39.8 - - [21/May/2022:05:13:49 -0500] "GET /bla/resoluciones/resoluciones%202022/0287.pdf HTTP/1.1" 200 335705
157.55.39.43 - - [21/May/2022:05:14:32 -0500] "GET /bla/resoluciones/resoluciones%202022/0374.pdf HTTP/1.1" 200 372862
172.22.2.4 - - [21/May/2022:05:14:07 -0500] "GET /BLA/boletinlegal/ HTTP/1.1" 200 32715
173.252.111.16 - - [21/May/2022:05:15:27 -0500] "GET /images/Naturalista1.jpeg HTTP/1.1" 200 202073
173.252.111.5 - - [21/May/2022:05:15:48 -0500] "GET /images/feria-servicios-tramites-19-mayo.jpg HTTP/1.1" 200 40581
216.245.221.92 - - [21/May/2022:05:16:51 -0500] "HEAD / HTTP/1.1" 200 -
173.252.111.24 - - [21/May/2022:05:17:13 -0500] "GET /images/reciclaton-mayo-3-mayo.jpg HTTP/1.1" 200 278453
172.22.2.4 - - [21/May/2022:05:16:33 -0500] "HEAD /BLA/boletinlegal/ HTTP/1.1" 200 -
172.22.2.4 - - [21/May/2022:05:17:23 -0500] "GET /BLA/boletinlegal/ HTTP/1.1" 200 57156
173.252.111.1 - - [21/May/2022:05:19:08 -0500] "GET /images/actividades-dia-aves-16-mayo.jpg HTTP/1.1" 200 147089
173.252.111.19 - - [21/May/2022:05:19:31 -0500] "GET /images/arbolado-bogota-mayo-13.jpg HTTP/1.1" 200 62568
173.252.111.7 - - [21/May/2022:05:19:35 -0500] "GET /bogota-ya-cuenta-mas-de-70-negocios-verdes-verificados.html HTTP/1.1" 206 992
173.252.111.15 - - [21/May/2022:05:19:38 -0500] "GET /images/negocios-verdes-mayo-2022.jpg HTTP/1.1" 200 48000
216.245.221.92 - - [21/May/2022:05:21:51 -0500] "HEAD / HTTP/1.1" 200 -
201.245.192.253 - - [21/May/2022:05:22:14 -0500] "POST /kwsrmcab/Wsrmcab HTTP/1.1" 200 47049
157.55.39.8 - - [21/May/2022:05:23:39 -0500] "GET /galeria/galeria/fotos/MeandrodelSay2G.jpg HTTP/1.1" 200 321492
201.245.192.253 - - [21/May/2022:05:23:05 -0500] "POST /kwsrmcab/Wsrmcab HTTP/1.1" 200 41423
172.22.2.4 - - [21/May/2022:05:22:23 -0500] "HEAD /BLA/boletinlegal/ HTTP/1.1" 200 -
172.22.2.4 - - [21/May/2022:05:23:13 -0500] "GET /BLA/boletinlegal/ HTTP/1.1" 200 58482
216.245.221.92 - - [21/May/2022:05:26:51 -0500] "HEAD / HTTP/1.1" 200 -
172.22.2.4 - - [21/May/2022:05:28:13 -0500] "HEAD /BLA/boletinlegal/ HTTP/1.1" 200 -
172.22.2.4 - - [21/May/2022:05:29:03 -0500] "GET /BLA/boletinlegal/ HTTP/1.1" 200 58482
216.245.221.92 - - [21/May/2022:05:31:51 -0500] "HEAD / HTTP/1.1" 200 -
201.245.192.253 - - [21/May/2022:05:32:15 -0500] "POST /kwsrmcab/Wsrmcab HTTP/1.1" 200 47049
201.245.192.253 - - [21/May/2022:05:33:05 -0500] "POST /kwsrmcab/Wsrmcab HTTP/1.1" 200 41423
172.22.2.4 - - [21/May/2022:05:34:03 -0500] "HEAD /BLA/boletinlegal/ HTTP/1.1" 200 -
172.22.2.4 - - [21/May/2022:05:35:45 -0500] "GET /BLA/boletinlegal/vendor/phpunit/phpunit/src/Util/PHP/eval-stdin.php HTTP/1.1" 404 1018
172.22.2.4 - - [21/May/2022:05:34:53 -0500] "GET /BLA/boletinlegal/ HTTP/1.1" 200 53024
216.245.221.92 - - [21/May/2022:05:36:51 -0500] "HEAD / HTTP/1.1" 200 -
172.22.2.4 - - [21/May/2022:05:39:53 -0500] "HEAD /BLA/boletinlegal/ HTTP/1.1" 200 -
216.245.221.92 - - [21/May/2022:05:41:51 -0500] "HEAD / HTTP/1.1" 200 -
172.22.2.4 - - [21/May/2022:05:40:43 -0500] "GET /BLA/boletinlegal/ HTTP/1.1" 200 54577
201.245.192.253 - - [21/May/2022:05:42:14 -0500] "POST /kwsrmcab/Wsrmcab HTTP/1.1" 200 47049
201.245.192.253 - - [21/May/2022:05:43:05 -0500] "POST /kwsrmcab/Wsrmcab HTTP/1.1" 200 41423
31.58.244.90 - - [21/May/2022:05:45:36 -0500] "GET / HTTP/1.1" 200 319
40.77.167.38 - - [21/May/2022:05:45:53 -0500] "GET /BLA/resoluciones/index.php?dir=AUTOS+2011%2F HTTP/1.1" 200 629573
40.77.167.38 - - [21/May/2022:05:45:54 -0500] "GET /BLA/resoluciones/index.php?dir=AUTOS+2016%2F HTTP/1.1" 200 324613
40.77.167.38 - - [21/May/2022:05:45:58 -0500] "GET /BLA/resoluciones/ HTTP/1.1" 200 13093
207.46.13.35 - - [21/May/2022:05:45:56 -0500] "GET /BLA/resoluciones/index.php?dir=AUTOS+2015%2F HTTP/1.1" 200 576181
157.55.39.8 - - [21/May/2022:05:45:51 -0500] "GET /BLA/resoluciones/index.php?dir=RESOLUCIONES+2009%2F HTTP/1.1" 200 749515
216.245.221.92 - - [21/May/2022:05:46:51 -0500] "HEAD / HTTP/1.1" 200 -
172.22.2.4 - - [21/May/2022:05:45:43 -0500] "HEAD /BLA/boletinlegal/ HTTP/1.1" 200 -
172.22.2.4 - - [21/May/2022:05:46:33 -0500] "GET /BLA/boletinlegal/ HTTP/1.1" 200 54933
172.22.2.4 - - [21/May/2022:05:49:32 -0500] "GET /BLA/boletinlegal/robots.txt HTTP/1.1" 404 1038
207.46.13.14 - - [21/May/2022:05:50:31 -0500] "GET /bla/resoluciones/index.php?dir=resoluciones+1998 HTTP/1.1" 200 13225
172.22.2.4 - - [21/May/2022:05:49:34 -0500] "GET /BLA/boletinlegal/index.php HTTP/1.1" 200 63427
216.245.221.92 - - [21/May/2022:05:51:51 -0500] "HEAD / HTTP/1.1" 200 -
173.252.107.4 - - [21/May/2022:05:52:33 -0500] "GET /images/mercados-campesinos-5-mayo.jpg HTTP/1.1" 200 95848
172.22.2.4 - - [21/May/2022:05:51:33 -0500] "HEAD /BLA/boletinlegal/ HTTP/1.1" 200 -
40.77.167.38 - - [21/May/2022:05:53:43 -0500] "GET /BLA/resoluciones/RESOLUCIONES%202019/1972.pdf HTTP/1.1" 200 1044305
172.22.2.4 - - [21/May/2022:05:52:23 -0500] "GET /BLA/boletinlegal/ HTTP/1.1" 200 58482
172.22.2.4 - - [21/May/2022:05:54:04 -0500] "GET /BLA/boletinlegal/remote/fgt_lang?lang=/../../../..//////////dev/cmdb/sslvpn_websession HTTP/1.1" 404 1018
34.91.20.243 - - [21/May/2022:05:54:19 -0500] "GET / HTTP/1.1" 200 319
207.46.13.14 - - [21/May/2022:05:56:12 -0500] "GET /sipse/faces/faces/autenticacion.xhtml HTTP/1.1" 200 12492
216.245.221.92 - - [21/May/2022:05:56:51 -0500] "HEAD / HTTP/1.1" 200 -
172.22.2.4 - - [21/May/2022:05:57:02 -0500] "GET /BLA/boletinlegal/robots.txt HTTP/1.1" 404 1037
172.22.2.4 - - [21/May/2022:05:57:02 -0500] "GET /BLA/boletinlegal/robots.txt HTTP/1.1" 404 1037
172.22.2.4 - - [21/May/2022:05:57:13 -0500] "GET /BLA/boletinlegal/Circulares/2014/Circular%20No.%202%20del%2021%20de%20septiembre%20de%202014.pdf HTTP/1.1" 304 -
