172.22.2.4 - - [22/May/2022:05:12:20 -0500] "GET /BLA/boletinlegal/ HTTP/1.1" 200 60581
216.245.221.92 - - [22/May/2022:05:16:47 -0500] "HEAD / HTTP/1.1" 200 -
66.249.66.78 - - [22/May/2022:05:18:08 -0500] "-" 408 -
172.22.2.4 - - [22/May/2022:05:17:20 -0500] "HEAD /BLA/boletinlegal/ HTTP/1.1" 200 -
207.46.13.16 - - [22/May/2022:05:19:05 -0500] "GET /autoliquidacion/grupo%20forestal%20-%20industria%20de%20la%20madera/aplicativo.html HTTP/1.1" 200 359
172.22.2.4 - - [22/May/2022:05:18:10 -0500] "GET /BLA/boletinlegal/ HTTP/1.1" 200 58482
173.252.107.21 - - [22/May/2022:05:21:40 -0500] "GET /images/negocios-verdes-mayo-2022.jpg HTTP/1.1" 200 48000
216.245.221.92 - - [22/May/2022:05:21:47 -0500] "HEAD / HTTP/1.1" 200 -
201.245.192.253 - - [22/May/2022:05:22:10 -0500] "POST /kwsrmcab/Wsrmcab HTTP/1.1" 200 46762
201.245.192.253 - - [22/May/2022:05:23:01 -0500] "POST /kwsrmcab/Wsrmcab HTTP/1.1" 200 41246
172.22.2.4 - - [22/May/2022:05:23:10 -0500] "HEAD /BLA/boletinlegal/ HTTP/1.1" 200 -
172.22.2.4 - - [22/May/2022:05:24:00 -0500] "GET /BLA/boletinlegal/ HTTP/1.1" 200 58482
216.245.221.92 - - [22/May/2022:05:26:47 -0500] "HEAD / HTTP/1.1" 200 -
172.22.2.4 - - [22/May/2022:05:28:59 -0500] "HEAD /BLA/boletinlegal/ HTTP/1.1" 200 -
172.22.2.4 - - [22/May/2022:05:29:50 -0500] "GET /BLA/boletinlegal/ HTTP/1.1" 200 58029
216.245.221.92 - - [22/May/2022:05:31:47 -0500] "HEAD / HTTP/1.1" 200 -
201.245.192.253 - - [22/May/2022:05:32:10 -0500] "POST /kwsrmcab/Wsrmcab HTTP/1.1" 200 46762
201.245.192.253 - - [22/May/2022:05:32:58 -0500] "POST /kwsrmcab/Wsrmcab HTTP/1.1" 200 41246
157.55.39.77 - - [22/May/2022:05:34:39 -0500] "GET / HTTP/1.1" 200 4720
157.55.39.43 - - [22/May/2022:05:35:38 -0500] "GET /BLA/resoluciones/AUTOS%202021/4503.pdf HTTP/1.1" 304 -
157.55.39.127 - - [22/May/2022:05:36:25 -0500] "GET /BLA/resoluciones/AUTOS%202013/0339.pdf HTTP/1.1" 304 -
172.22.2.4 - - [22/May/2022:05:34:49 -0500] "HEAD /BLA/boletinlegal/ HTTP/1.1" 200 -
216.245.221.92 - - [22/May/2022:05:36:47 -0500] "HEAD / HTTP/1.1" 200 -
172.22.2.4 - - [22/May/2022:05:35:40 -0500] "GET /BLA/boletinlegal/ HTTP/1.1" 200 60973
104.40.241.213 - - [22/May/2022:05:37:20 -0500] "GET / HTTP/1.1" 200 319
31.13.103.117 - - [22/May/2022:05:39:39 -0500] "GET /secretaria-de-ambiente-realizo-jornada-de-sensibilizacion-y-control-al-ruido-en-varias-zonas-de-chapinero.html HTTP/1.1" 206 1060
216.245.221.92 - - [22/May/2022:05:41:47 -0500] "HEAD / HTTP/1.1" 200 -
172.22.2.4 - - [22/May/2022:05:40:39 -0500] "HEAD /BLA/boletinlegal/ HTTP/1.1" 200 -
201.245.192.253 - - [22/May/2022:05:42:10 -0500] "POST /kwsrmcab/Wsrmcab HTTP/1.1" 200 46762
172.22.2.4 - - [22/May/2022:05:41:30 -0500] "GET /BLA/boletinlegal/ HTTP/1.1" 200 60973
201.245.192.253 - - [22/May/2022:05:43:00 -0500] "POST /kwsrmcab/Wsrmcab HTTP/1.1" 200 41246
207.46.13.35 - - [22/May/2022:05:46:24 -0500] "GET /BLA/resoluciones/AUTOS%202020/2559.pdf HTTP/1.1" 304 -
216.245.221.92 - - [22/May/2022:05:46:47 -0500] "HEAD / HTTP/1.1" 200 -
172.22.2.4 - - [22/May/2022:05:46:12 -0500] "OPTIONS /BLA/boletinlegal/ HTTP/1.1" 200 53024
172.22.2.4 - - [22/May/2022:05:46:29 -0500] "HEAD /BLA/boletinlegal/ HTTP/1.1" 200 -
172.22.2.4 - - [22/May/2022:05:48:13 -0500] "GET /BLA/boletinlegal/nice%20ports,/Trinity.txt.bak HTTP/1.1" 404 1038
172.22.2.4 - - [22/May/2022:05:47:13 -0500] "GET /BLA/boletinlegal/ HTTP/1.1" 200 44929
172.22.2.4 - - [22/May/2022:05:47:20 -0500] "GET /BLA/boletinlegal/ HTTP/1.1" 200 46024
172.22.2.4 - - [22/May/2022:05:48:15 -0500] "GET /BLA/boletinlegal/ HTTP/1.1" 200 56364
172.22.2.4 - - [22/May/2022:05:49:56 -0500] "GET /BLA/boletinlegal/favicon.ico HTTP/1.1" 404 1018
193.106.191.48 - - [22/May/2022:05:50:28 -0500] "GET /solr/admin/info/system?wt=json HTTP/1.1" 404 1018
216.245.221.92 - - [22/May/2022:05:51:47 -0500] "HEAD / HTTP/1.1" 200 -
172.22.2.4 - - [22/May/2022:05:52:19 -0500] "HEAD /BLA/boletinlegal/ HTTP/1.1" 200 -
172.22.2.4 - - [22/May/2022:05:53:10 -0500] "GET /BLA/boletinlegal/ HTTP/1.1" 200 58029
216.245.221.92 - - [22/May/2022:05:56:47 -0500] "HEAD / HTTP/1.1" 200 -
172.22.2.4 - - [22/May/2022:05:58:09 -0500] "HEAD /BLA/boletinlegal/ HTTP/1.1" 200 -
172.22.2.4 - - [22/May/2022:05:59:00 -0500] "GET /BLA/boletinlegal/ HTTP/1.1" 200 58029
216.245.221.92 - - [22/May/2022:06:01:47 -0500] "HEAD / HTTP/1.1" 200 -
207.46.13.67 - - [22/May/2022:06:03:16 -0500] "GET /portaldeninos/wp-content/uploads/2020/06/mapa-humedales-de-bogot%C3%A1-1.jpg HTTP/1.1" 200 1170768
172.22.2.4 - - [22/May/2022:06:05:01 -0500] "GET /BLA/boletinlegal/Circulares/2013/Circular%20No.%205%20del%2013%20de%20junio%20de%202013.pdf HTTP/1.1" 200 110904
157.55.39.8 - - [22/May/2022:06:05:27 -0500] "GET /Publicaciones/2022EE88318.pdf HTTP/1.1" 404 227
172.22.2.4 - - [22/May/2022:06:03:59 -0500] "HEAD /BLA/boletinlegal/ HTTP/1.1" 200 -
172.22.2.4 - - [22/May/2022:06:04:50 -0500] "GET /BLA/boletinlegal/ HTTP/1.1" 200 60973
216.245.221.92 - - [22/May/2022:06:06:47 -0500] "HEAD / HTTP/1.1" 200 -
78.40.106.3 - - [22/May/2022:06:06:57 -0500] "GET / HTTP/1.1" 200 319
172.22.2.4 - - [22/May/2022:06:08:06 -0500] "GET /BLA/boletinlegal/ HTTP/1.1" 200 20427
172.22.2.4 - - [22/May/2022:06:09:49 -0500] "HEAD /BLA/boletinlegal/ HTTP/1.1" 200 -
216.245.221.92 - - [22/May/2022:06:11:47 -0500] "HEAD / HTTP/1.1" 200 -
172.22.2.4 - - [22/May/2022:06:10:40 -0500] "GET /BLA/boletinlegal/ HTTP/1.1" 200 60973
216.245.221.92 - - [22/May/2022:06:16:47 -0500] "HEAD / HTTP/1.1" 200 -
172.22.2.4 - - [22/May/2022:06:15:39 -0500] "HEAD /BLA/boletinlegal/ HTTP/1.1" 200 -
172.22.2.4 - - [22/May/2022:06:16:30 -0500] "GET /BLA/boletinlegal/ HTTP/1.1" 200 60973
193.106.191.48 - - [22/May/2022:06:18:36 -0500] "GET /index.php?s=/Index/\\think\\app/invokefunction&function=call_user_func_array&vars[0]=md5&vars[1][]=HelloThinkPHP21 HTTP/1.1" 404 1018
216.245.221.92 - - [22/May/2022:06:21:47 -0500] "HEAD / HTTP/1.1" 200 -
172.22.2.4 - - [22/May/2022:06:22:52 -0500] "GET /BLA/boletinlegal/robots.txt HTTP/1.1" 404 1038
201.245.192.253 - - [22/May/2022:06:22:09 -0500] "POST /kwsrmcab/Wsrmcab HTTP/1.1" 200 46793
172.22.2.4 - - [22/May/2022:06:21:29 -0500] "HEAD /BLA/boletinlegal/ HTTP/1.1" 200 -
65.154.226.171 - - [22/May/2022:06:23:40 -0500] "GET /portaldeninos/ HTTP/1.1" 200 109662
65.154.226.171 - - [22/May/2022:06:23:42 -0500] "GET /portaldeninos/wp-content/uploads/useanyfont/uaf.css?ver=1589905315 HTTP/1.1" 200 408
65.154.226.171 - - [22/May/2022:06:23:42 -0500] "GET /portaldeninos/wp-content/themes/betheme/style.css?ver=20.9.6 HTTP/1.1" 200 287
65.154.226.171 - - [22/May/2022:06:23:42 -0500] "GET /portaldeninos/wp-content/plugins/gallery-videos/CSS/Total-Soft-Gallery-Video-Widget.css?ver=4.9.8 HTTP/1.1" 200 51554
65.154.226.171 - - [22/May/2022:06:23:42 -0500] "GET /portaldeninos/wp-content/themes/betheme/assets/ui/jquery.ui.all.css?ver=20.9.6 HTTP/1.1" 200 18765
65.154.226.171 - - [22/May/2022:06:23:42 -0500] "GET /portaldeninos/wp-content/plugins/gallery-videos/CSS/totalsoft.css?ver=4.9.8 HTTP/1.1" 200 40622
65.154.226.171 - - [22/May/2022:06:23:42 -0500] "GET /portaldeninos/wp-content/themes/betheme/css/base.css?ver=20.9.6 HTTP/1.1" 200 57283
65.154.226.171 - - [22/May/2022:06:23:42 -0500] "GET /portaldeninos/wp-content/themes/betheme/assets/jplayer/css/jplayer.blue.monday.css?ver=20.9.6 HTTP/1.1" 200 9834
65.154.226.171 - - [22/May/2022:06:23:42 -0500] "GET /portaldeninos/wp-content/themes/betheme/assets/animations/animations.min.css?ver=20.9.6 HTTP/1.1" 200 58508
65.154.226.171 - - [22/May/2022:06:23:43 -0500] "GET /portaldeninos/wp-content/plugins/popup-maker/assets/css/site.min.css?ver=1.8.14 HTTP/1.1" 200 8260
65.154.226.171 - - [22/May/2022:06:23:42 -0500] "GET /portaldeninos/wp-content/themes/betheme/css/responsive.css?ver=20.9.6 HTTP/1.1" 200 55740
65.154.226.171 - - [22/May/2022:06:23:42 -0500] "GET /portaldeninos/wp-content/themes/betheme/css/shortcodes.css?ver=20.9.6 HTTP/1.1" 200 138889
65.154.226.171 - - [22/May/2022:06:23:42 -0500] "GET /portaldeninos/wp-content/themes/betheme/css/layout.css?ver=20.9.6 HTTP/1.1" 200 116639
65.154.226.171 - - [22/May/2022:06:23:43 -0500] "GET /portaldeninos/wp-content/plugins/google-analytics-for-wordpress/assets/js/frontend-gtag.min.js?ver=8.5.0 HTTP/1.1" 200 11801
65.154.226.171 - - [22/May/2022:06:23:43 -0500] "GET /portaldeninos/wp-includes/js/jquery/jquery-migrate.min.js?ver=1.4.1 HTTP/1.1" 200 10056
65.154.226.171 - - [22/May/2022:06:23:43 -0500] "GET /portaldeninos/wp-includes/js/jquery/ui/core.min.js?ver=1.11.4 HTTP/1.1" 200 4000
65.154.226.171 - - [22/May/2022:06:23:43 -0500] "GET /portaldeninos/wp-content/plugins/gallery-videos/JS/modernizr.custom.js?ver=4.9.8 HTTP/1.1" 200 9019
65.154.226.171 - - [22/May/2022:06:23:43 -0500] "GET /portaldeninos/wp-includes/js/jquery/ui/widget.min.js?ver=1.11.4 HTTP/1.1" 200 6908
65.154.226.171 - - [22/May/2022:06:23:43 -0500] "GET /portaldeninos/wp-includes/js/wp-emoji-release.min.js?ver=4.9.8 HTTP/1.1" 200 12026
65.154.226.171 - - [22/May/2022:06:23:43 -0500] "GET /portaldeninos/wp-includes/js/jquery/jquery.js?ver=1.12.4 HTTP/1.1" 200 97184
65.154.226.171 - - [22/May/2022:06:23:43 -0500] "GET /portaldeninos/wp-content/plugins/gallery-videos/JS/Total-Soft-Gallery-Video-Widget.js?ver=4.9.8 HTTP/1.1" 200 80264
65.154.226.171 - - [22/May/2022:06:23:43 -0500] "GET /portaldeninos/wp-includes/js/jquery/ui/mouse.min.js?ver=1.11.4 HTTP/1.1" 200 3148
65.154.226.171 - - [22/May/2022:06:23:44 -0500] "GET /portaldeninos/wp-includes/js/jquery/ui/accordion.min.js?ver=1.11.4 HTTP/1.1" 200 8584
65.154.226.171 - - [22/May/2022:06:23:44 -0500] "GET /portaldeninos/wp-content/themes/betheme/js/menu.js?ver=20.9.6 HTTP/1.1" 200 2449
65.154.226.171 - - [22/May/2022:06:23:44 -0500] "GET /portaldeninos/wp-content/themes/betheme/assets/animations/animations.min.js?ver=20.9.6 HTTP/1.1" 200 1896
65.154.226.171 - - [22/May/2022:06:23:43 -0500] "GET /portaldeninos/wp-includes/js/jquery/ui/sortable.min.js?ver=1.11.4 HTTP/1.1" 200 24899
65.154.226.171 - - [22/May/2022:06:23:44 -0500] "GET /portaldeninos/wp-includes/js/jquery/ui/tabs.min.js?ver=1.11.4 HTTP/1.1" 200 12110
65.154.226.171 - - [22/May/2022:06:23:44 -0500] "GET /portaldeninos/wp-content/uploads/2021/06/titulo-miambiente-ni%C3%B1os.png HTTP/1.1" 200 11944
65.154.226.171 - - [22/May/2022:06:23:44 -0500] "GET /portaldeninos/wp-content/themes/betheme/js/plugins.js?ver=20.9.6 HTTP/1.1" 200 197151
65.154.226.171 - - [22/May/2022:06:23:44 -0500] "GET /portaldeninos/wp-content/themes/betheme/fonts/mfn-icons.woff?93978679 HTTP/1.1" 200 80932
65.154.226.171 - - [22/May/2022:06:23:44 -0500] "GET /portaldeninos/wp-content/uploads/2018/10/oso.jpg HTTP/1.1" 200 305180
65.154.226.171 - - [22/May/2022:06:23:44 -0500] "GET /portaldeninos/wp-content/uploads/2021/06/titulo-cabezote-ni%C3%B1os.png HTTP/1.1" 200 64425
65.154.226.171 - - [22/May/2022:06:23:44 -0500] "GET /portaldeninos/wp-content/uploads/2020/01/Frailejon-escenario.jpg HTTP/1.1" 200 357472
65.154.226.171 - - [22/May/2022:06:23:45 -0500] "GET /portaldeninos/wp-content/uploads/2021/06/titulo-videos-ni%C3%B1os.png HTTP/1.1" 200 10502
65.154.226.171 - - [22/May/2022:06:23:44 -0500] "GET /portaldeninos/wp-content/uploads/2020/01/Tierra-escenario.jpg HTTP/1.1" 200 181491
65.154.226.171 - - [22/May/2022:06:23:45 -0500] "GET /portaldeninos/wp-content/themes/betheme/assets/jplayer/jplayer.min.js?ver=20.9.6 HTTP/1.1" 200 52702
65.154.226.171 - - [22/May/2022:06:23:45 -0500] "GET /portaldeninos/wp-content/themes/betheme/js/scripts.js?ver=20.9.6 HTTP/1.1" 200 77162
65.154.226.171 - - [22/May/2022:06:23:45 -0500] "GET /portaldeninos/wp-content/uploads/2018/11/caneca.jpg HTTP/1.1" 200 262661
65.154.226.171 - - [22/May/2022:06:23:45 -0500] "GET /portaldeninos/wp-includes/js/jquery/ui/position.min.js?ver=1.11.4 HTTP/1.1" 200 6527
65.154.226.171 - - [22/May/2022:06:23:45 -0500] "GET /portaldeninos/wp-content/plugins/popup-maker/assets/js/site.min.js?defer&ver=1.8.14 HTTP/1.1" 200 48457
65.154.226.171 - - [22/May/2022:06:23:44 -0500] "GET /portaldeninos/wp-content/uploads/2018/11/tigrillo.jpg HTTP/1.1" 200 402961
65.154.226.171 - - [22/May/2022:06:23:46 -0500] "GET /portaldeninos/wp-includes/js/wp-embed.min.js?ver=4.9.8 HTTP/1.1" 200 1398
65.154.226.171 - - [22/May/2022:06:23:46 -0500] "GET /portaldeninos/wp-content/uploads/2020/05/fb.jpg HTTP/1.1" 200 9893
65.154.226.171 - - [22/May/2022:06:23:46 -0500] "GET /portaldeninos/wp-content/uploads/2021/06/titulo-humedales-ni%C3%B1os.png HTTP/1.1" 200 13361
65.154.226.171 - - [22/May/2022:06:23:46 -0500] "GET /portaldeninos/wp-content/uploads/2019/08/Logo-Ambientic.png HTTP/1.1" 200 22941
65.154.226.171 - - [22/May/2022:06:23:46 -0500] "GET /portaldeninos/wp-content/uploads/2020/05/ig.jpg HTTP/1.1" 200 11470
65.154.226.171 - - [22/May/2022:06:23:46 -0500] "GET /portaldeninos/wp-content/uploads/2020/06/yt.jpg HTTP/1.1" 200 10577
65.154.226.171 - - [22/May/2022:06:23:46 -0500] "GET /portaldeninos/wp-content/uploads/2022/03/humedal-capellania.jpg HTTP/1.1" 200 42159
65.154.226.171 - - [22/May/2022:06:23:46 -0500] "GET /portaldeninos/wp-content/uploads/2020/06/tw.jpg HTTP/1.1" 200 11056
65.154.226.171 - - [22/May/2022:06:23:47 -0500] "GET /portaldeninos/wp-content/themes/betheme/images/box_shadow.png HTTP/1.1" 200 108
65.154.226.171 - - [22/May/2022:06:23:46 -0500] "GET /portaldeninos/wp-content/uploads/2022/03/Mapa-humedales-2022.jpg HTTP/1.1" 200 894674
201.245.192.253 - - [22/May/2022:06:22:59 -0500] "POST /kwsrmcab/Wsrmcab HTTP/1.1" 200 41437
65.154.226.171 - - [22/May/2022:06:23:50 -0500] "GET /portaldeninos/wp-json/pum/v1/analytics/?event=open&pid=1126&_cache=1653218473386 HTTP/1.1" 204 -
65.154.226.171 - - [22/May/2022:06:23:47 -0500] "GET /portaldeninos/wp-content/uploads/2022/01/Conoce-lo-que-hace-la-Secretar%C3%ADa-de-Ambiente.mp4 HTTP/1.1" 206 6599959
65.154.226.171 - - [22/May/2022:06:23:47 -0500] "GET /portaldeninos/wp-content/uploads/2019/06/CabezoteAMBIENTIC.mp4 HTTP/1.1" 206 7977010
172.22.2.4 - - [22/May/2022:06:22:20 -0500] "GET /BLA/boletinlegal/ HTTP/1.1" 200 52204
172.22.2.4 - - [22/May/2022:06:22:53 -0500] "GET /BLA/boletinlegal/index.php HTTP/1.1" 200 48596
172.22.2.4 - - [22/May/2022:06:23:49 -0500] "GET /BLA/boletinlegal/ HTTP/1.1" 200 24523
216.245.221.92 - - [22/May/2022:06:26:47 -0500] "HEAD / HTTP/1.1" 200 -
128.14.133.58 - - [22/May/2022:06:27:35 -0500] "GET / HTTP/1.1" 200 319
157.55.39.8 - - [22/May/2022:06:27:49 -0500] "GET /BLA/boletinlegal/norma_menu.php HTTP/1.1" 200 6318
172.22.2.4 - - [22/May/2022:06:27:19 -0500] "HEAD /BLA/boletinlegal/ HTTP/1.1" 200 -
172.22.2.4 - - [22/May/2022:06:28:10 -0500] "GET /BLA/boletinlegal/ HTTP/1.1" 200 56364
216.245.221.92 - - [22/May/2022:06:31:47 -0500] "HEAD / HTTP/1.1" 200 -
201.245.192.253 - - [22/May/2022:06:32:09 -0500] "POST /kwsrmcab/Wsrmcab HTTP/1.1" 200 46793
31.13.127.3 - - [22/May/2022:06:33:48 -0500] "GET /secretaria-de-ambiente-abre-espacio-de-formacion-para-comunicadores-sociales-y-periodistas.html HTTP/1.1" 206 860
201.245.192.253 - - [22/May/2022:06:32:59 -0500] "POST /kwsrmcab/Wsrmcab HTTP/1.1" 200 41437
128.14.136.18 - - [22/May/2022:06:34:21 -0500] "GET / HTTP/1.1" 200 319
172.22.2.4 - - [22/May/2022:06:33:09 -0500] "HEAD /BLA/boletinlegal/ HTTP/1.1" 200 -
172.22.2.4 - - [22/May/2022:06:34:00 -0500] "GET /BLA/boletinlegal/ HTTP/1.1" 200 60973
157.55.39.8 - - [22/May/2022:06:35:51 -0500] "GET /BLA/resoluciones/index.php?dir=AUTOS+2008%2F HTTP/1.1" 200 569644
216.245.221.92 - - [22/May/2022:06:36:47 -0500] "HEAD / HTTP/1.1" 200 -
157.55.39.127 - - [22/May/2022:06:37:52 -0500] "GET /Autoliquidacion/ HTTP/1.1" 200 6629
34.90.246.33 - - [22/May/2022:06:38:13 -0500] "GET / HTTP/1.1" 200 319
172.22.2.4 - - [22/May/2022:06:38:59 -0500] "HEAD /BLA/boletinlegal/ HTTP/1.1" 200 -
172.22.2.4 - - [22/May/2022:06:39:49 -0500] "GET /BLA/boletinlegal/ HTTP/1.1" 200 58482
216.245.221.92 - - [22/May/2022:06:41:47 -0500] "HEAD / HTTP/1.1" 200 -
201.245.192.253 - - [22/May/2022:06:42:10 -0500] "POST /kwsrmcab/Wsrmcab HTTP/1.1" 200 46793
172.22.2.4 - - [22/May/2022:06:43:20 -0500] "GET /BLA/boletinlegal/actuator/health HTTP/1.1" 404 1018
201.245.192.253 - - [22/May/2022:06:43:00 -0500] "POST /kwsrmcab/Wsrmcab HTTP/1.1" 200 41437
190.25.160.54 - - [22/May/2022:06:45:51 -0500] "GET /BLA/resoluciones/index.php?dir= HTTP/1.1" 200 13093
190.25.160.54 - - [22/May/2022:06:45:54 -0500] "GET /BLA/resoluciones/index.php?dir=AUTOS+2014%2F HTTP/1.1" 200 874715
172.22.2.4 - - [22/May/2022:06:44:49 -0500] "HEAD /BLA/boletinlegal/ HTTP/1.1" 200 -
216.245.221.92 - - [22/May/2022:06:46:47 -0500] "HEAD / HTTP/1.1" 200 -
172.22.2.4 - - [22/May/2022:06:45:39 -0500] "GET /BLA/boletinlegal/ HTTP/1.1" 200 54933
193.106.191.48 - - [22/May/2022:06:50:20 -0500] "GET /?a=fetch&content=<php>die(@md5(HelloThinkCMF))</php> HTTP/1.1" 200 319
216.245.221.92 - - [22/May/2022:06:51:47 -0500] "HEAD / HTTP/1.1" 200 -
172.22.2.4 - - [22/May/2022:06:50:39 -0500] "HEAD /BLA/boletinlegal/ HTTP/1.1" 200 -
173.252.107.19 - - [22/May/2022:06:52:56 -0500] "GET /caminos-de-los-cerros-habilitados-en-esta-semana-santa-2022.html HTTP/1.1" 206 832
172.22.2.4 - - [22/May/2022:06:51:30 -0500] "GET /BLA/boletinlegal/ HTTP/1.1" 200 59075
172.22.2.4 - - [22/May/2022:06:55:45 -0500] "GET /BLA/boletinlegal/Directivas/2016/Directiva%20No.%2002%20del%2019%20de%20Abril%20de%202016.pdf HTTP/1.1" 304 -
216.245.221.92 - - [22/May/2022:06:56:47 -0500] "HEAD / HTTP/1.1" 200 -
172.22.2.4 - - [22/May/2022:06:56:29 -0500] "HEAD /BLA/boletinlegal/ HTTP/1.1" 200 -
172.22.2.4 - - [22/May/2022:06:57:19 -0500] "GET /BLA/boletinlegal/ HTTP/1.1" 200 60973
157.55.39.43 - - [22/May/2022:06:59:39 -0500] "GET /BLA/resoluciones/AUTOS%202021/0126.pdf HTTP/1.1" 304 -
190.25.160.54 - - [22/May/2022:06:59:53 -0500] "GET /BLA/resoluciones/index.php?dir=RESOLUCIONES+2021%2F HTTP/1.1" 200 362739
216.245.221.92 - - [22/May/2022:07:01:47 -0500] "HEAD / HTTP/1.1" 200 -
46.101.63.152 - - [22/May/2022:07:02:08 -0500] "HEAD /portaldeninos/ HTTP/1.1" 200 -
172.22.2.4 - - [22/May/2022:07:03:02 -0500] "GET /BLA/boletinlegal/recordings HTTP/1.1" 404 1018
172.22.2.4 - - [22/May/2022:07:02:19 -0500] "HEAD /BLA/boletinlegal/ HTTP/1.1" 200 -
172.22.2.4 - - [22/May/2022:07:03:10 -0500] "GET /BLA/boletinlegal/ HTTP/1.1" 200 58482
216.245.221.92 - - [22/May/2022:07:06:47 -0500] "HEAD / HTTP/1.1" 200 -
172.22.2.4 - - [22/May/2022:07:07:26 -0500] "GET /BLA/boletinlegal/actos.php HTTP/1.1" 200 9559
157.55.39.127 - - [22/May/2022:07:07:44 -0500] "GET /BLA/ HTTP/1.1" 200 538
172.22.2.4 - - [22/May/2022:07:08:09 -0500] "HEAD /BLA/boletinlegal/ HTTP/1.1" 200 -
172.22.2.4 - - [22/May/2022:07:08:59 -0500] "GET /BLA/boletinlegal/ HTTP/1.1" 200 60973
216.245.221.92 - - [22/May/2022:07:11:47 -0500] "HEAD / HTTP/1.1" 200 -
172.22.2.4 - - [22/May/2022:07:13:59 -0500] "HEAD /BLA/boletinlegal/ HTTP/1.1" 200 -
172.22.2.4 - - [22/May/2022:07:14:49 -0500] "GET /BLA/boletinlegal/ HTTP/1.1" 200 60973
216.245.221.92 - - [22/May/2022:07:16:47 -0500] "HEAD / HTTP/1.1" 200 -
69.63.189.18 - - [22/May/2022:07:17:06 -0500] "GET /images/Senderos1.jpeg HTTP/1.1" 200 172777
104.40.241.213 - - [22/May/2022:07:17:31 -0500] "-" 408 -
104.40.241.213 - - [22/May/2022:07:17:41 -0500] "-" 408 -
104.40.241.213 - - [22/May/2022:07:17:51 -0500] "-" 408 -
173.252.107.19 - - [22/May/2022:07:20:46 -0500] "GET /images/negocios-verdes-mayo-2022.jpg HTTP/1.1" 200 48000
172.22.2.4 - - [22/May/2022:07:19:49 -0500] "HEAD /BLA/boletinlegal/ HTTP/1.1" 200 -
216.245.221.92 - - [22/May/2022:07:21:47 -0500] "HEAD / HTTP/1.1" 200 -
66.249.66.78 - - [22/May/2022:07:21:54 -0500] "-" 408 -
172.22.2.4 - - [22/May/2022:07:20:40 -0500] "GET /BLA/boletinlegal/ HTTP/1.1" 200 59075
186.145.124.21 - - [22/May/2022:07:22:34 -0500] "GET /si-te-gusta-la-pintura-el-dibujo-o-la-fotografia-el-concurso-a-vuelo-de-pajaro-es-para-ti.html HTTP/1.1" 200 861
180.250.160.26 - - [22/May/2022:07:22:42 -0500] "GET / HTTP/1.1" 200 319
201.245.192.253 - - [22/May/2022:07:22:10 -0500] "POST /kwsrmcab/Wsrmcab HTTP/1.1" 200 46803
207.46.13.16 - - [22/May/2022:07:23:17 -0500] "GET / HTTP/1.1" 200 319
66.249.93.221 - - [22/May/2022:07:23:26 -0500] "GET /galeria/mapa/humedal2017.jpg HTTP/1.1" 200 644667
201.245.192.253 - - [22/May/2022:07:23:00 -0500] "POST /kwsrmcab/Wsrmcab HTTP/1.1" 200 41272
216.245.221.92 - - [22/May/2022:07:26:47 -0500] "HEAD / HTTP/1.1" 200 -
172.22.2.4 - - [22/May/2022:07:25:39 -0500] "HEAD /BLA/boletinlegal/ HTTP/1.1" 200 -
172.22.2.4 - - [22/May/2022:07:26:29 -0500] "GET /BLA/boletinlegal/ HTTP/1.1" 200 58029
181.53.12.102 - - [22/May/2022:07:30:28 -0500] "GET /appsia/controlador HTTP/1.1" 200 4799
181.53.12.102 - - [22/May/2022:07:30:30 -0500] "GET /appsia/css/estilos.css HTTP/1.1" 200 4804
181.53.12.102 - - [22/May/2022:07:30:30 -0500] "GET /appsia/scripts/validarIngreso.js HTTP/1.1" 200 851
181.53.12.102 - - [22/May/2022:07:30:30 -0500] "GET /appsia/images/logo_bogota_p.png HTTP/1.1" 200 14951
181.53.12.102 - - [22/May/2022:07:30:30 -0500] "GET /appsia/images/cabezoteHojaVida.png HTTP/1.1" 200 32493
181.53.12.102 - - [22/May/2022:07:30:30 -0500] "GET /favicon.ico HTTP/1.1" 200 7782
181.53.12.102 - - [22/May/2022:07:31:10 -0500] "POST /appsia/controlador HTTP/1.1" 200 3599
181.53.12.102 - - [22/May/2022:07:31:10 -0500] "GET /appsia/jscripts/validarSolicitud.js HTTP/1.1" 404 68
181.53.12.102 - - [22/May/2022:07:31:19 -0500] "POST /appsia/controlador HTTP/1.1" 200 4799
181.53.12.102 - - [22/May/2022:07:31:38 -0500] "POST /appsia/controlador HTTP/1.1" 200 5437
181.53.12.102 - - [22/May/2022:07:31:42 -0500] "POST /appsia/controlador HTTP/1.1" 200 7783
216.245.221.92 - - [22/May/2022:07:31:47 -0500] "HEAD / HTTP/1.1" 200 -
181.53.12.102 - - [22/May/2022:07:32:02 -0500] "POST /appsia/controlador HTTP/1.1" 200 6648
181.53.12.102 - - [22/May/2022:07:32:05 -0500] "POST /appsia/controlador HTTP/1.1" 200 11414
201.245.192.253 - - [22/May/2022:07:32:10 -0500] "POST /kwsrmcab/Wsrmcab HTTP/1.1" 200 46803
172.22.2.4 - - [22/May/2022:07:31:29 -0500] "HEAD /BLA/boletinlegal/ HTTP/1.1" 200 -
181.53.12.102 - - [22/May/2022:07:33:45 -0500] "POST /appsia/controlador HTTP/1.1" 200 7783
181.53.12.102 - - [22/May/2022:07:33:48 -0500] "POST /appsia/controlador HTTP/1.1" 200 5242
201.245.192.253 - - [22/May/2022:07:33:00 -0500] "POST /kwsrmcab/Wsrmcab HTTP/1.1" 200 41272
181.53.12.102 - - [22/May/2022:07:33:54 -0500] "GET /appsia/controlador?comando=regresar&id=19390129&funcionario=MARCO+FIDEL+SUAREZ+BUITRAGO&desde=19390129&hasta=19390129&version=19390129 HTTP/1.1" 200 7783
172.22.2.4 - - [22/May/2022:07:32:19 -0500] "GET /BLA/boletinlegal/ HTTP/1.1" 200 58482
181.53.12.102 - - [22/May/2022:07:34:09 -0500] "POST /appsia/controlador HTTP/1.1" 200 6648
181.53.12.102 - - [22/May/2022:07:34:12 -0500] "POST /appsia/controlador HTTP/1.1" 200 11763
181.53.12.102 - - [22/May/2022:07:35:00 -0500] "POST /appsia/controlador HTTP/1.1" 200 7783
181.53.12.102 - - [22/May/2022:07:35:16 -0500] "POST /appsia/controlador HTTP/1.1" 200 6648
181.53.12.102 - - [22/May/2022:07:35:18 -0500] "POST /appsia/controlador HTTP/1.1" 200 11414
186.102.24.7 - - [22/May/2022:07:35:37 -0500] "GET /la-moda-circular-es-tendencia-nueva-apuesta-para-avanzar-en-la-sostenibilidad-del-sector-en-bogota.html HTTP/1.1" 200 796
181.53.12.102 - - [22/May/2022:07:36:12 -0500] "POST /appsia/controlador HTTP/1.1" 200 7783
181.53.12.102 - - [22/May/2022:07:36:23 -0500] "POST /appsia/controlador HTTP/1.1" 200 6648
181.53.12.102 - - [22/May/2022:07:36:28 -0500] "POST /appsia/controlador HTTP/1.1" 200 10575
216.245.221.92 - - [22/May/2022:07:36:47 -0500] "HEAD / HTTP/1.1" 200 -
181.53.12.102 - - [22/May/2022:07:37:13 -0500] "POST /appsia/controlador HTTP/1.1" 200 7783
181.53.12.102 - - [22/May/2022:07:37:20 -0500] "POST /appsia/controlador HTTP/1.1" 200 5437
181.53.12.102 - - [22/May/2022:07:37:23 -0500] "POST /appsia/controlador HTTP/1.1" 200 4799
172.22.2.4 - - [22/May/2022:07:37:19 -0500] "HEAD /BLA/boletinlegal/ HTTP/1.1" 200 -
193.106.191.48 - - [22/May/2022:07:39:47 -0500] "GET /?XDEBUG_SESSION_START=phpstorm HTTP/1.1" 200 319
172.22.2.4 - - [22/May/2022:07:38:09 -0500] "GET /BLA/boletinlegal/ HTTP/1.1" 200 58029
216.245.221.92 - - [22/May/2022:07:41:47 -0500] "HEAD / HTTP/1.1" 200 -
201.245.192.253 - - [22/May/2022:07:42:09 -0500] "POST /kwsrmcab/Wsrmcab HTTP/1.1" 200 46803
40.77.167.38 - - [22/May/2022:07:43:46 -0500] "GET /autoliquidacion/solicitud%20de%20licencia%20ambiental/solicitud%20de%20licencia%20ambiental.....pdf HTTP/1.1" 200 99744
201.245.192.253 - - [22/May/2022:07:43:00 -0500] "POST /kwsrmcab/Wsrmcab HTTP/1.1" 200 41272
172.22.2.4 - - [22/May/2022:07:43:09 -0500] "HEAD /BLA/boletinlegal/ HTTP/1.1" 200 -
172.22.2.4 - - [22/May/2022:07:43:59 -0500] "GET /BLA/boletinlegal/ HTTP/1.1" 200 60973
216.245.221.92 - - [22/May/2022:07:46:47 -0500] "HEAD / HTTP/1.1" 200 -
172.22.2.4 - - [22/May/2022:07:48:59 -0500] "HEAD /BLA/boletinlegal/ HTTP/1.1" 200 -
207.46.13.16 - - [22/May/2022:07:51:07 -0500] "GET /BLA/resoluciones/RESOLUCIONES%202021/4884.pdf HTTP/1.1" 304 -
172.22.2.4 - - [22/May/2022:07:49:49 -0500] "GET /BLA/boletinlegal/ HTTP/1.1" 200 60973
216.245.221.92 - - [22/May/2022:07:51:47 -0500] "HEAD / HTTP/1.1" 200 -
186.102.39.78 - - [22/May/2022:07:55:38 -0500] "OPTIONS /kwssiamovil/sm/setfile/f? HTTP/1.1" 200 13
186.102.39.78 - - [22/May/2022:07:55:38 -0500] "POST /kwssiamovil/sm/setfile/f? HTTP/1.1" 200 381
186.102.39.78 - - [22/May/2022:07:55:44 -0500] "OPTIONS /kwssiamovil/sm/setfile/f? HTTP/1.1" 200 13
186.102.39.78 - - [22/May/2022:07:55:44 -0500] "POST /kwssiamovil/sm/setfile/f? HTTP/1.1" 200 381
69.63.184.5 - - [22/May/2022:07:55:45 -0500] "GET /para-prevenir-riesgo-sobre-la-ciudadania-distrito-intervendra-eucalipto-de-gran-porte-en-usaquen.html HTTP/1.1" 206 841
186.102.39.78 - - [22/May/2022:07:55:54 -0500] "GET /kwssiamovil/sm/acme/a?s=U2FsdGVkX1+0khL0/tAf9FpMT++8AJ2oyJjj2unkBED7/hmqeBWPCEj9QuPrRnELokudl0x/E+KGWDHRJ3i3zlJ/j7OKh8jF87HSam1HWrGevteoY3AMFhKQKeBQzDcstZHmhNT3reATdpiq237xoZDdT+vy4qLIU3Oj6cZefrN9HcLrUQaWvrzsh+A2tCeJvEvyrEUXYkjYxB7iSnODNFfZLBPDv4pOfUSwfyqvk2milo0A0GwrfeMoM/uOaST5T2irbI6prvcmFCshOeCaBkrpmhqLotlCj3BWsfUmdODzL8V7Vjolna/mWTwuqmZib415oVrFFrnX8BKD6+iRWAxSzGis3GEKfKjJ+AvxodybFcXq5s7TbcSqnMXQVlFpAthG0RaYc1RuNfkVawFW2qXAK1KlQU6BOtTdmTee86cgDmIHTZv2QF84JJSnZ4WsrqNqGN1Ig3/YwPFm+rqY1L1eLsTyVz/r3BudHkKjuFdRKOqYq5iKzwpJ9YSeLywb67TEotXhSUNuI1MRq9aVPjz9TxqRkTNXfThtim2cZSS2ZSt0EB6LBMlMeMP3KvFSQ5dvOxLtDPMIvaDjBD/uyKYYTVnRig+D+dCZqGPRkM5s/Ya5P81PWf7BMYS5UZgVxj7iZN5K/lSYA3zIzrATzLQPHyhmqmp7r8cKUz7wajR7k4qLKvHzek9ztptfzSVWCvM1bLywFZ0prArbIKHlLw72iioT2KQ6qGrFs02+53n3qWsbYl+LNH2K4eA/FQcWXdwr96ZXgNqIV7Bp5uKRfdhIxt/YsLJLg+GCkGHSES5EMT5QUTgBOxRsZ27HFJfZ8IUBIC7IMQtW66skXte+lrodMjKyIHdO3LptEgaZWlBKFTEPfT9m9i3EPHU48E2pmDorL90EUaDEoVoeVoIRUu4XFI0vCQsch4dnOCxfcH0nklQIvqcyU5ZRoFlu6tIHsCVRrMkgODbwCk5rFA4g7umkdggonCLWDXyz6TR88EDCUReGnPzy9RGGlSk127EqAb/VmPsY255Nd3zUTABUtscO3R6eKQO1sNM036TAXSYrf1VxRj6JR3q1tg7y8PNLl24G9LuyhkaJkyKZwI+ci4b7g71UpHfAYcxvH1r86ST7SMlkHh1hHzJTQpp5ylLsXHC4SQPJTX9kgrLlgFUbCPs7VgGm5ifyRQLN79SsSCbtIYtz2ZYZhbARusRweNlyveBs1afK6qUPFjIj0lsphB3t/0Vm9eH13vjHm6wcZETXiPlOzB+N2QYZIQ5uTSQ4f9v6+h6HLVJ5O9BN07XMaID29u/6sO6jVbkK9PTq5nW7wpYUAiuVR4ykz0g3CKzIXvAeFWJMjL9bhf9ko0dT/tO9H2FvtC0u6OejkcG8z8ficjHjJVq45E3s78y0Q83M4fOmuK9e3QB8osodbdUav/vqGId3aHp87+jzr12qrbzeGn06gf4cze5PD8+pj8pjp1wmBFjCdDpevlTouFyJJToNjJKzph1j4GzB4+54OfgpuEZwm4Gry4pgN3HBy+Ti1ojOc8abZ033pk/hoygr6XkHbEPmlOkHU+tiB1pAsszcQoyVQ7g/SNn6ofCVxtRh1b0LJohTXsq2juW+dwKruJLi/dJ4drsbi1D2mHy3f45TKI+AY2xFqQP4QoC5NoT6/rOiMwajLyQIQ4kQoSQAxDSFp0KMycdu8Pfevaw6VSl8dMkrdlgRhU+bz3hvFboSHf3VQHrU0J8ovkXdbUtHLuPZp38lYmOhi7bOjrdAMS9AKba5lqLiLwOG2Z9LffymSdLr4kEH3rkLHESnLwvUkA==&u=U2FsdGVkX19Q9V+xV+yCOvnu3wFYmM3aShA8c5NqGRA8QThamuqMNQEv3cT09ii6&y=U2FsdGVkX1+4pDSjOgzi2xrXfq0XTY8AdwyHKy35tKkdFEq38axkj/W2y4ruAeKr HTTP/1.1" 200 3322
186.102.39.78 - - [22/May/2022:07:55:54 -0500] "GET /kwssiamovil/sm/acme/a?s=U2FsdGVkX18xHXMehiUp82SLuMQy0XH+qPnKGp4aVJo/3z1f2zJxx0YslXydK4TOlSNJDLyj3cLsvT9mVH+4rNLzDOm/jWLEg9Sa+0IxclYiGRJub4PhWDptEBalziE788UFCpc2y07gwfQ1GcewZnRbyk9A4+ZBR2CdrSw1X5U=&u=U2FsdGVkX19Q9V+xV+yCOvnu3wFYmM3aShA8c5NqGRA8QThamuqMNQEv3cT09ii6&y=U2FsdGVkX1+4pDSjOgzi2xrXfq0XTY8AdwyHKy35tKkdFEq38axkj/W2y4ruAeKr HTTP/1.1" 200 355
186.102.39.78 - - [22/May/2022:07:55:55 -0500] "GET /kwssiamovil/sm/acme/a?s=U2FsdGVkX18A7M4f1n/6dZ9hN2emefrUcSzMWQaVFQShf0OQyv4H5wGlmhLSgUgbiXJR1e6GrxtvhfzsX+CqWIRQOYN/gG1jSLS+4PbXdvxKo46ryWmGZqiVtmKlcqkp6Cl1qy/EUaEP8odwySXwLbiAGfDWhGKr8Jix4sqY6YI=&u=U2FsdGVkX19Q9V+xV+yCOvnu3wFYmM3aShA8c5NqGRA8QThamuqMNQEv3cT09ii6&y=U2FsdGVkX1+4pDSjOgzi2xrXfq0XTY8AdwyHKy35tKkdFEq38axkj/W2y4ruAeKr HTTP/1.1" 200 349
186.102.39.78 - - [22/May/2022:07:55:55 -0500] "GET /kwssiamovil/sm/acme/a?s=U2FsdGVkX1/dwZ8ihpedepQHhVvjco0jEw1Qx4HfBRm5/x4Md7u9BDSqwRUS1rkQ7851yokwLD9hwExiraKWPF/XaGeDyct3vXR+D8xxJXDSmq2nZB7MDZxtZEd/HCPqwGWBowHs68an8PhRcn7kqkVoi8tSXRMrqABsOmyUA9g=&u=U2FsdGVkX19Q9V+xV+yCOvnu3wFYmM3aShA8c5NqGRA8QThamuqMNQEv3cT09ii6&y=U2FsdGVkX1+4pDSjOgzi2xrXfq0XTY8AdwyHKy35tKkdFEq38axkj/W2y4ruAeKr HTTP/1.1" 200 349
186.102.39.78 - - [22/May/2022:07:55:55 -0500] "GET /kwssiamovil/sm/acme/a?s=U2FsdGVkX197Ti54NvbglgTG9AB33lpnJMpWS2iTHeNlmhSQAY3ROfwMA/fbtrJyVIuwneTsx9NvryablMnYSmLxlJLfF9c0fwjn9U3ZbJTuGI2TLf+savtS/Q60oQ4b8pZl+nrAsc/mQM/oWSsvDg1bQVJwrFHYax2QWQ1mLu+htZzOfJzDwdtYqX0NewwS1LbuP0M49n8GTkFzCM+ZDA==&u=U2FsdGVkX19Q9V+xV+yCOvnu3wFYmM3aShA8c5NqGRA8QThamuqMNQEv3cT09ii6&y=U2FsdGVkX1+4pDSjOgzi2xrXfq0XTY8AdwyHKy35tKkdFEq38axkj/W2y4ruAeKr HTTP/1.1" 200 426
186.102.39.78 - - [22/May/2022:07:55:55 -0500] "GET /kwssiamovil/sm/acme/a?s=U2FsdGVkX18RX2TOzbBgUKGf9hg52iyLe4pgLVoWZ9KmEWWRMV5GWbeDIVnimH632dlgDbJe6d9+aO9y6a9erJz/FAr3/R+XI7FRTAgiCB/iVop1JLjK6UiV7Jst4Tx0+2pVampBWcnf2P/QOeRwnYZY6Nd7k4JphDgCRy+9nnu2OOclpnFuTzeXSOYlibeMst+lXHMXVqyqrAboSKY7Ow==&u=U2FsdGVkX19Q9V+xV+yCOvnu3wFYmM3aShA8c5NqGRA8QThamuqMNQEv3cT09ii6&y=U2FsdGVkX1+4pDSjOgzi2xrXfq0XTY8AdwyHKy35tKkdFEq38axkj/W2y4ruAeKr HTTP/1.1" 200 435
186.102.39.78 - - [22/May/2022:07:55:55 -0500] "GET /kwssiamovil/sm/acme/a?s=U2FsdGVkX1/AlhTRT5IRavpnO5/5YTpOJJsfhRUEuvM2c8f4J33yoH0DX8rZHU/mXUxGQNCSXfl/ekMg62i6zYsnaqx1S27OLtzGzKW1cQZV8K3oBEIwBTIR1DAFMUdnqeKEWO58mE4RlrEue/Zh2Oc02SAOMvN+5Jgzm9oZky6cN/RpJ1qgN795bseQX+fSDc+OsqpRzSX/NU+eVn3UlRlYSZOrP1f1YdXLu/Kn6Lc96jNXAvBC356rZyGofaRC9PLF2sajwK7+w8ubPe8Bnszg2dw8Nzyyxvs0Q+9RRLuo3iiRhJfisB1f1gywEv/twrP/idb8gmtKy6na6dKeRX7q+4hkcKQHYSOQMihskosDEN0iFtK0fy00UjzyhyWFD9c+7Lbo+ypqcv9x+FRMVj/m07hvy19J4Y1bInE2Cxc4qsh0ogPh7JwWBLItAMizDkeipzu3EAwW8nGRglAzIGcnecjefBKxw+d7IFvxmnQ=&u=U2FsdGVkX19Q9V+xV+yCOvnu3wFYmM3aShA8c5NqGRA8QThamuqMNQEv3cT09ii6&y=U2FsdGVkX1+4pDSjOgzi2xrXfq0XTY8AdwyHKy35tKkdFEq38axkj/W2y4ruAeKr HTTP/1.1" 200 962
186.102.39.78 - - [22/May/2022:07:55:56 -0500] "GET /kwssiamovil/sm/acme/a?s=U2FsdGVkX1/EV55M1nVpA9fs1Vc+oZ+JxYzG16Ys1qCmfE2eug8QTOuYml6pSIbqqFvlNVx75/LvecaUbcRlfQteOt2to09Tup5K5egn6sbdPzNa0sF+qALMd1lUrdA6Iyy7OQMJsV4JVqRCjA8OJja6I5xmQwmxeU+vks3JWiY4uA+PvHGK2V+kZo4w/AwL&u=U2FsdGVkX19Q9V+xV+yCOvnu3wFYmM3aShA8c5NqGRA8QThamuqMNQEv3cT09ii6&y=U2FsdGVkX1+4pDSjOgzi2xrXfq0XTY8AdwyHKy35tKkdFEq38axkj/W2y4ruAeKr HTTP/1.1" 200 404
186.102.39.78 - - [22/May/2022:07:55:56 -0500] "GET /kwssiamovil/sm/acme/a?s=U2FsdGVkX1/SjWtoDGgp1D2tpL7AZwepq1/uS/1oWQRnRP/S5cge54QzqQgJKrY4rRwuF8PZd2GeSnZZmPjcX8hhRUVmoOnVoSZBJ8LODYtC/hD8I7SJkO6Nz7gAIRWXManxM/7KqqMZw5RrjEq4xIRg8dCdCb6JlJ4k+fAUG+mCGdjZi1z9gXw6eVM4yW420c/9ebRTmJn0f1j9mrBjVxUzgoKxPT4Rj6mjuNuVGeaV+cJZ0bP6jmDiuXmZkQiQ3cJx+K2JA6OovBQEPsVAaVg+dPqDcwug9UubT3GMQvqnnqP6yjytuqVqrPQBuxE/XDlHwllRP8xVwOBfmNw9TktPYFrdM+47rVQBntonXM0DG++FhoNGqNALKnHx5dk7ni3ypkOTfeUQB2DowkvC6hi/SlPY4FQuj5GwAiP4CTXv8p5k2Ylxksp6T31mrEIN&u=U2FsdGVkX19Q9V+xV+yCOvnu3wFYmM3aShA8c5NqGRA8QThamuqMNQEv3cT09ii6&y=U2FsdGVkX1+4pDSjOgzi2xrXfq0XTY8AdwyHKy35tKkdFEq38axkj/W2y4ruAeKr HTTP/1.1" 200 881
108.174.8.21 - - [22/May/2022:07:56:10 -0500] "GET /distrito-entrego-certificado-de-reconocimiento-a-mas-de-600-mujeres-que-reverdecen-tras-seis-meses-de-formacion-teorica-y-practica.html HTTP/1.1" 206 1113
108.174.8.21 - - [22/May/2022:07:56:10 -0500] "GET /distrito-entrego-certificado-de-reconocimiento-a-mas-de-600-mujeres-que-reverdecen-tras-seis-meses-de-formacion-teorica-y-practica.html HTTP/1.1" 206 1113
172.22.2.4 - - [22/May/2022:07:54:49 -0500] "HEAD /BLA/boletinlegal/ HTTP/1.1" 200 -
216.245.221.92 - - [22/May/2022:07:56:47 -0500] "HEAD / HTTP/1.1" 200 -
172.22.2.4 - - [22/May/2022:07:55:40 -0500] "GET /BLA/boletinlegal/ HTTP/1.1" 200 60973
186.102.39.78 - - [22/May/2022:07:57:51 -0500] "GET /kwssiamovil/sm/acme/a?s=U2FsdGVkX19GBwbXPUitCwOWCG3ajGKaxerqvqRfhm0qfNaqvzqTzfjWoiOgbMSVr6sE/Ov78x5XCUZSoUjq3rhoJWk1N8b0bQJUoic08Hkgut8FFBcTWKzl6Cz7eFnbONAir8fZnehMpu++90lbjbriCB7YAImkZbi3usLtGIkyaNZIr7QhY3mx6zmvQaBjTa392dTxFX/DC5eRzgKuUzbOP6n6IZmSp4e+zFV//ksn6RNfBSkYrxGB/9Hl4/XOJ4KOjfptupPHam2DIOuHufKzYa4OHNdCjNq/I2gSaLzS93olWGdHOskWE8ijUciokyH5Zh2FZRPq/wK+zuoDaCWJ+/CmqxM5n5JvZegiixFHZHcM0yb2y8vUGpnUasVxlGDQiTs/YtzCgURI1j5S2j+QDjMeHQTopk2SUBKx9DYFN+qcgi7LLLFs7GkqGHyuPwWf0zQ0t7+5SXg6q8KUDerl7SHKn6H9I/kS3CTFY+fl6mbQNSqEGSuTekgfPbwDb6AaDayp9WyKSSHVIR6Vd+Z+W1lET0gsSlr2/81jXnuVi+oc4QwdXwO9FHiLdMlnddBTVU/I9VLSRgkj1jc9vzG0Y3A1vJX6TLU1gdE/qIJjYuCxO3T5zg2e+sX9L7QTt2BdgSTBtP8zBX8/+33Nkesu+ElmdYZ0S3tEWN0/S4KEn7ZJr/1Qra9MrnliyvJYjsDUuZ2MAVhTy+3tI/OlIRjhWd5ptZs0UAFUsF5cDwjoSg3fnKgcRCXAP41DqhZy5ZK8HDfL0XO6eRbGP8bRUShktZ1rYVfsjzyfMppLyanjbv3jrb3cmliYIZH1WsepnNRBID3hqQvZtHStoHB+i4IpwwYtqOLbp7/0PznAyf3mj/NWf63P/KeOXD/37qMK03KE03/TJVUN2b9DNW+3syRa8cmqbd8dcHALJgfQ5McFV64dPwFp0bs1E4+Tcgl/u1zuEc94T8Yq55+ORqHCwsJr+TsZzsqraDeJWaI3d6ZSdrhuYehFfbdqZd0YKNbdNaMaR2Rk/Go4yjWy29LUXYIS5b4dkpPkOOEtET5r2Y5dt+bYpgcbNtiB/Pv8xgciIh2UypdWIPqe+NcpVv1tu1+nDuGO0KR2ZfmT7eT53AoTIrhUv0L16RaGxDAfJZip0GgAft1MWiAM26eKxxXoZMM5wtyBKBsa0ARYNpBTjPTH7CeBdXHqrd4NTFGA1OhQJFcbqg0yu1w0yxlvf35t4qREnB+XeAwSVBchNE57G7LNfEdxD9YsMLHAs0diBfdxoTU4XiLQ+V0Yb/x2n5HgQM9k1tiKO3yNCfwCtN5gif9gtLYVEfAcnkGkbCjFL2O1a+5ozIfPZm3t3w9BWzWa9lmaUst02kLp0JdxpxKGCki1FAujicUsbhcNJEWHaniOyDkF/z8J9uy978yeLAsFMEkTrIQUVSIgJ0RYaU8Z1JxvmXXASY6ZcFCRiSF4rBzHPJC0dIhcntoJd04UvtSpdmlt0kJZ2m6RnxuVvqOppX7JSnLQjLw63NwEJhFFwO80LSo6NznmYWkHYygygLMsp1S8mh6rgNVHdQZYNlaXxqunU/OoVu/LilhhBX8diRY0mzedosSnK6T3h0cPTciitf6F3eMVkng3ac4QwqTbLfBYZk6XnllHCAjKlB3qPDkh67tpT1QY6bUQQH3+ex0zwUKOOn2qF2mvsrQwHyQlSTaAXChff4k2r8fBqV+yE6uOzFz7VT/t9Q+OCihpT66Na7cQ5aDKrPaFe27p7+KKfdf3oPorSwee3Uw+9clNOX7lzluRoFUfQHeHXGRnjQgqtQ==&u=U2FsdGVkX19Q9V+xV+yCOvnu3wFYmM3aShA8c5NqGRA8QThamuqMNQEv3cT09ii6&y=U2FsdGVkX1+4pDSjOgzi2xrXfq0XTY8AdwyHKy35tKkdFEq38axkj/W2y4ruAeKr HTTP/1.1" 200 3322
186.102.39.78 - - [22/May/2022:07:57:51 -0500] "GET /kwssiamovil/sm/acme/a?s=U2FsdGVkX18a3dlENW323/h2aiIgCi43YsLvLfaMLjHkuuLtZECWUKXn1OaV6HgAIPztHWDYigBCOO7a/RHoGunZzn1mq9M2FVDwY0YLooj0qa25wu3JE8SWoT9pXJcytyeUOvmom6s2iuuNw6sx8I6XjWwr3b75ZEwhTNfVNCA=&u=U2FsdGVkX19Q9V+xV+yCOvnu3wFYmM3aShA8c5NqGRA8QThamuqMNQEv3cT09ii6&y=U2FsdGVkX1+4pDSjOgzi2xrXfq0XTY8AdwyHKy35tKkdFEq38axkj/W2y4ruAeKr HTTP/1.1" 200 355
186.102.39.78 - - [22/May/2022:07:57:51 -0500] "GET /kwssiamovil/sm/acme/a?s=U2FsdGVkX19uGbpJVsrlNkXMAVwHOqyqBh4RTu61ibN4YaDNwwCMf3GXE9T5oAosGPcumkTn70Bl8wnV2YSdLNswzvYJdFxpCGfKaueC2t3ZMnhEHKXsobzaRcHGShiyK/1fFOH4U9RNwhdKeuUQ8hxDwc8ndZJOD5ZSX9ulho0=&u=U2FsdGVkX19Q9V+xV+yCOvnu3wFYmM3aShA8c5NqGRA8QThamuqMNQEv3cT09ii6&y=U2FsdGVkX1+4pDSjOgzi2xrXfq0XTY8AdwyHKy35tKkdFEq38axkj/W2y4ruAeKr HTTP/1.1" 200 349
186.102.39.78 - - [22/May/2022:07:57:52 -0500] "GET /kwssiamovil/sm/acme/a?s=U2FsdGVkX19JNOxrVJY52hoiwcQ+b0DuT3m4cK3l3txuVV2MUoc1TMMzoO3Ru/mGXXI03q0iFGtVyl3kp/GNGcU8B0mzO2YKvnssnOxHGPTjBxa6C/0ro7xyEkExWzDsIP4PWnTYuf1YOlWdRDzHo4QM8/TMFKyzoAcdRY+ACDM=&u=U2FsdGVkX19Q9V+xV+yCOvnu3wFYmM3aShA8c5NqGRA8QThamuqMNQEv3cT09ii6&y=U2FsdGVkX1+4pDSjOgzi2xrXfq0XTY8AdwyHKy35tKkdFEq38axkj/W2y4ruAeKr HTTP/1.1" 200 349
186.102.39.78 - - [22/May/2022:07:57:52 -0500] "GET /kwssiamovil/sm/acme/a?s=U2FsdGVkX1+hGWFK1aaIVCntu1GIlweWbpfVAEL/Y4gtFN2GHiFvLdcQNxOHTvCv47XrBOioL/BRiKc5V+sYfKxPJ8Ex7fSkXkv4OZnRUecYuvCvCmUGLz8BSZasTm5aQ6d5/9sYMdBfUhUUJKOCzygWjPTG+N9vJ7Rku0p7bbO0nW08R0Z8XJ3LEUC67wXUhHYKDNHv94eqHhlW91tUtg==&u=U2FsdGVkX19Q9V+xV+yCOvnu3wFYmM3aShA8c5NqGRA8QThamuqMNQEv3cT09ii6&y=U2FsdGVkX1+4pDSjOgzi2xrXfq0XTY8AdwyHKy35tKkdFEq38axkj/W2y4ruAeKr HTTP/1.1" 200 426
186.102.39.78 - - [22/May/2022:07:57:52 -0500] "GET /kwssiamovil/sm/acme/a?s=U2FsdGVkX19nJjmwcVlpcBs+XxJZ2jeD5enVEs0h1p2zbVSM20HsS5kbETPyomHAJFQSU0JbXkHCnHbmgpAW7YYMpRzcJnhGm437noKDNuX3tZc5VVy0TgiPFkW8yzCIntsUM1w3P2g80N8DcCh+cYzYNKYZGSCayG1YcQso1Usy33BOnRbPsKsAFwOR5cU9LoTE4cFdC1MqLeHy8CZH3g==&u=U2FsdGVkX19Q9V+xV+yCOvnu3wFYmM3aShA8c5NqGRA8QThamuqMNQEv3cT09ii6&y=U2FsdGVkX1+4pDSjOgzi2xrXfq0XTY8AdwyHKy35tKkdFEq38axkj/W2y4ruAeKr HTTP/1.1" 200 435
186.102.39.78 - - [22/May/2022:07:57:52 -0500] "GET /kwssiamovil/sm/acme/a?s=U2FsdGVkX18C+92tn6dvZYqbF5pVVKCzBRFy4FPYO/lHDFShBsVF3yY71vOs11zjbAMsXJaVAE1PFllx8tysf7GubqLSKOHdM6z7H1idEd1lpblpCpXEgZdc2AelOw2g/W0Q7hfKp1eaqGPemiypXXcHPbERmG0Mo/f1O6lxr3xe69jqqeCR3/v2EbEzKP/LWY7Ibj8l5x+K61xori4ppBmMncLKc+zqCt/3QFQXHfhx2TXtYjb8K7YBim9xuZe7ovAT+LWCDlLJawRFfYZbDVaA4S/Zh7CvHBzimD5CbfvrTubCSegOtZI2rYAGdXE75v+ki2gA1N84W3CEtTMuW9xsv2D1ThrhO0v+CU6wwd33VPgFmBePLWfJhie6BzGK21iWqsxZcGdT2gg1G7SYwStJyqTjSXTVncUIzTch3N3S9GwyRKAfBPeIppLa6/T0Q7bjkU4mqzzebSnZAmNpVaIPh4VO9xnSBk6kK+2th0g=&u=U2FsdGVkX19Q9V+xV+yCOvnu3wFYmM3aShA8c5NqGRA8QThamuqMNQEv3cT09ii6&y=U2FsdGVkX1+4pDSjOgzi2xrXfq0XTY8AdwyHKy35tKkdFEq38axkj/W2y4ruAeKr HTTP/1.1" 200 962
186.102.39.78 - - [22/May/2022:07:57:53 -0500] "GET /kwssiamovil/sm/acme/a?s=U2FsdGVkX19x712Yuz9+xj2Ln6dMnjpdFx4eGcDif7grtI9Ff7FnHFGyNB5HqSjVHgI4jNZggHJ9SsgqkkWp2SNk1Czrd6bKFYabIw5VCqA5pNO/EiL+z9V5phcmWKVDCAZF8GzdaND/o/iiNvUddN+wOVO/2ap6XMfD8p05e2aOCWMPB3r9p2DTmmQIJUHL&u=U2FsdGVkX19Q9V+xV+yCOvnu3wFYmM3aShA8c5NqGRA8QThamuqMNQEv3cT09ii6&y=U2FsdGVkX1+4pDSjOgzi2xrXfq0XTY8AdwyHKy35tKkdFEq38axkj/W2y4ruAeKr HTTP/1.1" 200 404
186.102.39.78 - - [22/May/2022:07:57:53 -0500] "GET /kwssiamovil/sm/acme/a?s=U2FsdGVkX1+J2zl+VBjoGBNWwMC3cNsezNsE0RscPCcCj9OXcPlqWTXc7K0kqaGQ26unjqjyoIm+c4N1ZzED6MxoBzYIkzR/groYUs0GCzI86HNq4APqXAZWNBHwjW0yOb1cGfkAI0FqzqW98vq37W8G8N5R5gpCKL8BBppgpCPb5mdrUoLNbBBGhfTMtlTzhgv0VSdUIEYA0lYKRFG2kLqt0oqrv/xIpVbowCESF1ntsjZu35ueiY5iD8FobNKZ7UZ2scmGKCuRc5OyLzsndKbciyDgBMwn83dDjM+DWSoKrPq4C9F98UayoVPwobUMMRGu5iUrGPg1gL6w1up9C3mO6SBm1JDnE+iDVqP1i545vRZ2tQ24Ag61ZKYIfHC1Lc6LNw9VDbOQUJAf3v7sql2QYx0ka3HcyFTyRTqwsmEHn0hVIULNire2LXIxmuPk&u=U2FsdGVkX19Q9V+xV+yCOvnu3wFYmM3aShA8c5NqGRA8QThamuqMNQEv3cT09ii6&y=U2FsdGVkX1+4pDSjOgzi2xrXfq0XTY8AdwyHKy35tKkdFEq38axkj/W2y4ruAeKr HTTP/1.1" 200 881
141.98.1.139 - - [22/May/2022:07:58:20 -0500] "GET //wikindex.php?f=/bmLUxZLeaiRIek7s/umvUsXN4HVg3BzRf.txt HTTP/1.1" 404 1018
141.98.1.139 - - [22/May/2022:07:58:20 -0500] "GET //wp-content/mu-plugins-old/index.php?f=/bmLUxZLeaiRIek7s/umvUsXN4HVg3BzRf.txt HTTP/1.1" 404 1018
141.98.1.139 - - [22/May/2022:07:58:22 -0500] "GET //3index.php?f=/bmLUxZLeaiRIek7s/umvUsXN4HVg3BzRf.txt HTTP/1.1" 404 1018
141.98.1.139 - - [22/May/2022:07:58:23 -0500] "GET //admin.php?f=/bmLUxZLeaiRIek7s/umvUsXN4HVg3BzRf.txt HTTP/1.1" 404 1018
207.46.13.16 - - [22/May/2022:07:58:59 -0500] "GET /BLA/resoluciones/AUTOS%202018/3770.pdf HTTP/1.1" 304 -
172.22.2.4 - - [22/May/2022:07:57:33 -0500] "GET /BLA/boletinlegal/ HTTP/1.1" 200 63427
186.102.39.78 - - [22/May/2022:08:01:28 -0500] "GET /kwssiamovil/sm/ldap/au?x=U2FsdGVkX18+f3mbRdih91m8GGpRmrsvtyJzdTLDjkZ6ENmtE4Pd/GlIkoB4HhOA&y=U2FsdGVkX19uLVgcOLUdiEXf4RRCx3pkSCqNsB+w5DtLKfFGNhleBKbTc0KhofOm HTTP/1.1" 200 30
186.102.39.78 - - [22/May/2022:08:01:28 -0500] "GET /kwssiamovil/sm/acme/s?s=U2FsdGVkX18jEJU1arjyZhKlpgUu22W+epZJAM6iaPQloZcSondHOEeIG5BtM8tZQFOXPUCeiRzCe5wJb3ZnHHDDnjE2cscy7e6SoYrmDWM=&u=U2FsdGVkX19ehK7V0PauvxhpCzRObkgeO92Ay2xf1HsybU+janTGJZEahPJ4EUIt&y=U2FsdGVkX19uLVgcOLUdiEXf4RRCx3pkSCqNsB+w5DtLKfFGNhleBKbTc0KhofOm HTTP/1.1" 200 97
186.102.39.78 - - [22/May/2022:08:01:29 -0500] "GET /kwssiamovil/sm/acme/s?s=U2FsdGVkX1+Yf9zvGBD69zeGMatG7y0vc1UKoMu5JxxNC3duIGr65vBNcUKFIAiTlQwdKgPKFhiw4WA1qi3bdEOrSnfJoTQGssal4vEf1gZ5BaxIvadcc/pccxNViFt4UA7x/T8Oc6Lx4xuHv+G17hcNlwmgeocMyhTnfuoh3jsWWLQcgtcdvINAxEolIDgPS9qRSO/uwBuJIhcyE0sFJ9HNpEh8TWwb0epQCVedGfvwHU5a3nVM5X7dIR9SuK8EgW5gZbD5XcPZ5JrZWN6mjwlyYOE92juiT3w+H4Bu1Pyl/uxOWAT1Vei32ZBotZakoqqVIzQZY9Za0VpIQSARXDkIj7/xELLxgLS2CKkQQUNDVz/z6NsjDLK9dJ0DElWqTWOp5WQoizU+XkOCiJFtiXLTB0un24ByHtaHi4N+NjofIAwg/tJsLQVI3aCUFuRApMVjxBN1+3XX+8XAdpsIEcoUMkAZ16+ai5teZRJj+U/9FHUHYzdqaAhFSQAphiUoavx5WTinRJPUruWBa2N9uHJ7jqP/BhKWdp3SSfvB3WXgYMGoQjFKpzDcF0KabnHdg8LQCARmEfI4PN01yZzdJfiMAOaKhdgsmQHQf7yvvFr0PmlrsdpSjy8HA0XdTOy8850zkN4EbXoyM/k7Us9zV135B5ChEOjJP8qcbD1JkeC7vW4Icl6PVhlWoFsFQ2w7hhsiIqvlHGcKfOKyfbWdf7peTslsDeNHjG+t9dhUPPhMZdfbATwF5yZ75S46UbeuSaRQTXnP15JXS/zV2hj1fjFZLjTFEGGDoUUAc1be0KRK9xRLSuQsoenmo4Mz6IAD0UapXX45hlQuHFlSrHOglFdErKD+9tXbT0lq9+sboGmvvms+75X9SRAdvic80rQLspLMCsFGrKCUfFFa8QMKkpnFRDO0oFbpTFaboTFuBCgD6HaXKf3r1dvx9bDagnNknnl2CJmIT8RzQnm5v39osZ1MSrNgw4HKMYkkCQOEVqs1jfTY6Jxl24Uu+wjWDEA30mkrdKePPDS7JkHyz+2VeNYxjP7YmiZg1aH3uCXDO3lrUbYVgotszzeIWEfzXd5zmB0xBDmmYRdlfQmi4mklVenN5e1AVV4rrlhAmvMxTj8sKVc09UMcS1dnYAr9jWrW39hRBX2fMz068dyddBtCPH8aiqoIpe74+9afcYWjrEAcPdwtzqAbF20pU7BwgH+TjZQq48HHbd7KnFXPYvYiVWsuEAKMErySjoxIkHtgwOUr+nldc7no+tYhR/MX88tBqC+A2HPRAAxRXAfDLzpLVyNmxZI0g8cgsR9pGSg/safvkuj1DcFwvCQDWsUVRf1zUQa0ka8Qp1n4qvf/o8iS7wQtp/P0KRQJhpaSKQgbNn8=&u=U2FsdGVkX19ehK7V0PauvxhpCzRObkgeO92Ay2xf1HsybU+janTGJZEahPJ4EUIt&y=U2FsdGVkX19uLVgcOLUdiEXf4RRCx3pkSCqNsB+w5DtLKfFGNhleBKbTc0KhofOm HTTP/1.1" 200 1269
186.102.39.78 - - [22/May/2022:08:01:29 -0500] "GET /kwssiamovil/sm/acme/s?s=U2FsdGVkX19G3dEqNfmGLLlC/vy1tnGxqSdxtbpdZwpLMtFV6odRXj2nsJlk0SwbVPdHHqbtPyIOMxFRYIX75zAYv60v8TFVsxiaVf7eMu9Vz9pEQUr24CzgHTYKque8zFCcjrLT/7lFvrqx63QWaGbhji5nKtviTrQixw17SSD0gZKk5wVegpQjr2c1DRmzPehywQxiWfoIXMpqvdhcPFTacLVKmjFxpFLABQ55IcXQPQVWEQ7gGhpMDT39kLWacLXO3dIPha2vCZKAUjcMzY4Yl90YL+tFo8IVtbSi0dU=&u=U2FsdGVkX19ehK7V0PauvxhpCzRObkgeO92Ay2xf1HsybU+janTGJZEahPJ4EUIt&y=U2FsdGVkX19uLVgcOLUdiEXf4RRCx3pkSCqNsB+w5DtLKfFGNhleBKbTc0KhofOm HTTP/1.1" 200 176
186.102.39.78 - - [22/May/2022:08:01:29 -0500] "GET /kwssiamovil/sm/cjson/pre?f=1&x=U2FsdGVkX18+f3mbRdih91m8GGpRmrsvtyJzdTLDjkZ6ENmtE4Pd/GlIkoB4HhOA HTTP/1.1" 200 30992
216.245.221.92 - - [22/May/2022:08:01:47 -0500] "HEAD / HTTP/1.1" 200 -
172.22.2.4 - - [22/May/2022:08:00:39 -0500] "HEAD /BLA/boletinlegal/ HTTP/1.1" 200 -
186.102.39.78 - - [22/May/2022:08:02:35 -0500] "GET /kwssiamovil/sm/ldap/au?x=U2FsdGVkX1/R18g6m0YlLLP3h7XChOHoi5WEJ/179grnl6tdlOnvgGE29XOcvf13&y=U2FsdGVkX18WTi/T2cE3CXWDDlDNJrULeT1jd7UFOWs2uBsZ+tiOwsjiQqZNDPBT HTTP/1.1" 200 30
186.102.39.78 - - [22/May/2022:08:02:35 -0500] "GET /kwssiamovil/sm/acme/s?s=U2FsdGVkX19j57U96OgDuDtH/K8AP+pcRWVXSVSSBE2Jhf0vaEBiNfXBXO85xlDFS8QnM4aT34QLS8j161990WfagbuT3kelIB78UxVA67U=&u=U2FsdGVkX1+sncxFgqNEeKZ+fHe6tzie/aiipCdSLrCYV1PjoDivvq79Tg8pElkO&y=U2FsdGVkX18WTi/T2cE3CXWDDlDNJrULeT1jd7UFOWs2uBsZ+tiOwsjiQqZNDPBT HTTP/1.1" 200 97
186.102.39.78 - - [22/May/2022:08:02:36 -0500] "GET /kwssiamovil/sm/acme/s?s=U2FsdGVkX18TyhmRaC066ov4MlYdsyR4v6J09mh/Sp0i1FHFxpR9lTNanKE1cB8TbRwqVfDxXARRdzoFLjufTGzG8svNojUeY0ynnERhEvaN6LB0s6NxAqf2MWFvIdOPd6jqxU5GBmCkZG12YFcGD7QhOTEW3tP55g/s2g2vnOIOAcFO6lyIvCsfsLnidSimgDHBby3S7zHFNcweQ6ugpZKjJP5TUkUc6pJ66L/NZXspj1iYsHsIPA2N1JR/hMtDPxRZEqBaBjOz/wjSfKHTQpJ7RS8UKn+XgMqQLDUBHbZ/VV8O4C4n6WYmiR3WXlZhYli5zb34mzpgVUWV26cZK/8cSUmSPATqjwOWIgymmJIzF9JmoAGlabuF93PSTev8lU9r5XTDEwozCOxzvGLomzyNuK2Cu1kim2z8/E4Rf+vFGh47JWjf7aqdtOLvYne7PCgWxON5lV+XF7E+xdxl5ta+UsGX5/SrCPjWqFWFM5LXC8BlcbrXUQvE20a01pBTwQfU55I8D1OTGkJP6ZxzcryGvG0Gy4wYKuctt3pluJVCtHV7stto1QoI0sVRiVHHa7kxouaaCTyHO1jVnwgW9+ODU8Jzq864UFFsvy90GgwzjxJj81nOqEGKczAItVr46tO/I9qFkuhf4RG+boT3wbQSaeN3ynK15vfFHt+eahmIG9CXLTI3TOWHBLO7Nk5C0gB+HnpxquHtspEJE32lAaTtz7RbUBfxi4bRzSR2ovkpdZbr+FjefQL/HxSAilp9TQiGwXcTvOR0T1770chwOxreta4c1uuQH7b00wfBuDV96hVLMlp/W/O0IYC5holdF8lS6hiVh/d50k9qaOfupnbqtXaO0GWlXW/eq+t9SCEUEvJvKSA6FxSnL7oRnLMHkykEBkug/fnZhj3IRTCK3qkSgLS7UalFengqI0S0SFwQb3BSymejgfMdrGWV+EVpNvyiAVmgmczo9iWOfgW2l4wBB/2lWtxWUeYQ1lHtLl4YDfZYfprfQnSKaCSI35c1hGEazFaVOgdsrRLJ8EN+OksJpXF+YKQbmf4LhGkEabB6qRsH7MAQhduFOryEcQy0PM619NIYk/6yDY35KHZVURAStjbXAZtbJe0Gd87/E5rVdXT23EVACizvxUp6IkOeHwut+tKRZ+Gebp0ltBqYMN1A9UGPBfOMjaFyusgwyBTbJrVr21qMYalO5smItJDy4QVAIwcLA/EL5Q31DIHq7US5eyocu/8SdoKwT/sWPFCl271JBHjqahEjjN0JrTJhVjC0RBEw4u/BPa4UTLWkduxR/c9qb8Dn/V9wezbCbQVRkFifz2MZSkLPQnYblsjUD1TOhjPS7DlI3eZK3xHBy2hvI+1cxD3rYcZg/Q86lek=&u=U2FsdGVkX1+sncxFgqNEeKZ+fHe6tzie/aiipCdSLrCYV1PjoDivvq79Tg8pElkO&y=U2FsdGVkX18WTi/T2cE3CXWDDlDNJrULeT1jd7UFOWs2uBsZ+tiOwsjiQqZNDPBT HTTP/1.1" 200 1269
186.102.39.78 - - [22/May/2022:08:02:36 -0500] "GET /kwssiamovil/sm/acme/s?s=U2FsdGVkX1+jr3Jky+m2jvJa0w1UP41m2SSW8M97oKkiWzdvdgYagLxBRX2F9I2YUs+dstHZcHfX9swBKuMPV6ZM09HX22vB3JOoId1Q44xunMuWO/rMB62wJqaNNi7kvxI1w5946ZpmuGWMcW23armUxP52nMR1vvDpXQaB4MBuAQah0LF1auj91FHzqZ05A8iB8MigZwJAkjwNJlySsjt4waJCzyT5ZUFQa+DxqtFYNK8Bi+SU8zv5AQLQxySE/RdsQ2GNi4yLWM/4kkPiCYGVPMjqhPGFGi/ra1d5sKY=&u=U2FsdGVkX1+sncxFgqNEeKZ+fHe6tzie/aiipCdSLrCYV1PjoDivvq79Tg8pElkO&y=U2FsdGVkX18WTi/T2cE3CXWDDlDNJrULeT1jd7UFOWs2uBsZ+tiOwsjiQqZNDPBT HTTP/1.1" 200 176
186.102.39.78 - - [22/May/2022:08:02:36 -0500] "GET /kwssiamovil/sm/cjson/pre?f=1&x=U2FsdGVkX1/R18g6m0YlLLP3h7XChOHoi5WEJ/179grnl6tdlOnvgGE29XOcvf13 HTTP/1.1" 200 30992
172.22.2.4 - - [22/May/2022:08:01:29 -0500] "GET /BLA/boletinlegal/ HTTP/1.1" 200 60973
186.102.39.78 - - [22/May/2022:08:03:14 -0500] "GET /kwssiamovil/sm/acme/a?s=U2FsdGVkX18nbjx/2eu6MihjHEBciMiHYY/l3cSmJfzO+xYTl6W2rY58BY+aRNkPhS6LRgTg6l06RSXb8T2cEMvpiUnoK6WtDWFOHqLZUsq3a579baQQzilmcWriC7xnzC18uSkMxNmxbfG0jPZ6n+bnhj2Cydyik8lOr1goNrED6z6J8NIQi1db4hKn/9Pbug/XVDy1OybBnNkD3Z9Glys9SV1I5CLyDde3r4H213Hz+51Sh3KKd/orJ3MksxdpyCD5+GIPcjKl1Vfi2c6pLMTh2Pj2gxtLBwVWl+sfEWHUzJy2E/rD0W913MAJqJJsSRfCzqpFZzew6/0LMEift5vOGTlwOtV1N7clbSU5VkMVyJ/Xe7wbz9ywg6UJiXq4NRFYSq56+GdBt24Wcjjm8QlLZk4cdbZLuBwu6rZQUfIxti0WF2J5ePs/jZ1yh8DCsaIqH9VhZWyw/jOfXEHMypEFs5tS6+jmMO2pga01xkphyT82xaDF+5uTapEbHG3Rs+kSPO0M1dqquA4PhuSPQ5syWNXr8p03rfDXdnEoyoz3zYR78kEElrvl75MYqTo3qElPiPmzZWTWYm6o0bSIO8/BbMmcalYwFlXjvVcYahK7ZkdyQ0dap60k6mozS9JBzw2efL7nPXBkPQsU3l1rhgd6GHY4Xj7eHQl7wQ8pdEb6XipBJ4TLzgDkwqLMpWaUYEOpmcDVrIaRawWD1MDC0fgSNAKMrHOGISfZgxOlcXLl06XTVCUljqv3xQz9FprjwjBudTm0138hBFAw0YTL/JfrX2DUZ5HHmdtvIsm9XNaPCKmaSa3up6NA/2AX1sxg3H36PwrWi/9Akg/cBW5Ke/BIQ9XM6mmKJ/maThNAzIO5aWC/ueKzzjEuDgkQdSVASokmLolxN46vNH/2EE4zPHIDqxr2eM91qVMDVm9iEPie85j5/oYkv9y9qRPZUVegLoeNpmI9D3NSoYdV2x9qU5X74ahp6qb13HunytFZqbnw35AB5C3cwEyQ5qdBsa6J5oQCT4QrRgRnDrGsyys4Pa7EcBoNu+hCjwHvLtHp8bObMDwWEpDlnpfVKHROyDHqVmywpz5BYB+0+uxH6oO6MLyDr68InErFFQv/02L6xijFUwsFz9h6ljsOaiEFiByIwrI+RRPJ51skOHff2btuCaRWNcH3hJBK7fCaBbuXrN04wj3CYFCmgF4rZYbP4Zhs+A+jzNdfwLWF9Y/Pk8T4B2R04EKqDizQ73yMr7MCAjBZOr83QjnJXf9Vhmej/ynr1MzHbl9H+O83KNYspvY4M+YU+YWsF02JK0ocUgV9tyR05xh/tDIvg8rlx9l7phvhp6t0+l4us6PEaZH6JpqzcPJx0XI7AOZxGsj/WOY2JvU5wTw+ff2TGifoK6oXtjJRvBtIEpa/qolTX/y8cqUAGhEkaxXTHVK5ZK2VkUCMhobmj3B0L9nRfot43C3l/CPqeaFF3Uf/hHtKX8K3KDHuXMYn5XhrS4nwTkwQWCbpXYtcdOQwNir56SWIfDkdpP/j/Exb2uYeAw1F7hpeU09tBujjTPt0+3z5LSF7SAiFhYaNMyuzSdOondONiDxhI/Ikdeil0XCBVF5NXG5Ngjp2pv0hLlbF3GnOmvx/NTV7qNF20OhaZZ93+07GJAsaVo17j/uTeWdIwTX3PbpomlPGtwdCSAjO1YZ8HRXkApp8aZSafn8mq16zuE4yuQLSYrnke2UMm5JFkTRkEwJA/oRwOzFmoqK9VILz4TGMwo1KVdh6lafaWzQVhB6mD6C7d0q3zik02LfHfcgItiBRYimfQg==&u=U2FsdGVkX1+sncxFgqNEeKZ+fHe6tzie/aiipCdSLrCYV1PjoDivvq79Tg8pElkO&y=U2FsdGVkX18WTi/T2cE3CXWDDlDNJrULeT1jd7UFOWs2uBsZ+tiOwsjiQqZNDPBT HTTP/1.1" 200 3322
186.102.39.78 - - [22/May/2022:08:03:15 -0500] "GET /kwssiamovil/sm/acme/a?s=U2FsdGVkX1/6uCvSYnjVSD/eRKov/IBkZmov+aMaekAJUZ46Qq8n0K+mFikWMwRWjZoJFMgKXMYvv9PoqRSP/miBPorFnIbgk6y9oTa5E1iBAtoJl4KXadqfskHov6a6oYOY96K1uIlw5nsCjGCs86qbF5OVqtmfm4xTPKEcgCI=&u=U2FsdGVkX1+sncxFgqNEeKZ+fHe6tzie/aiipCdSLrCYV1PjoDivvq79Tg8pElkO&y=U2FsdGVkX18WTi/T2cE3CXWDDlDNJrULeT1jd7UFOWs2uBsZ+tiOwsjiQqZNDPBT HTTP/1.1" 200 355
186.102.39.78 - - [22/May/2022:08:03:15 -0500] "GET /kwssiamovil/sm/acme/a?s=U2FsdGVkX19a9papugAJPWoFm4oFOlvLQcWv2bAaQ9y9BiSoVCe1U8IfzqPa+ZuP4wzb28tvjGuWyyeuAPECrYkEXblBcpDU/fVcs/ARA8uaroBaWUzZ8qiYWGTMUgwhT4JDEj45hRiVkPIg706nUv1m2gqjTVgm/fGm+wDjOkE=&u=U2FsdGVkX1+sncxFgqNEeKZ+fHe6tzie/aiipCdSLrCYV1PjoDivvq79Tg8pElkO&y=U2FsdGVkX18WTi/T2cE3CXWDDlDNJrULeT1jd7UFOWs2uBsZ+tiOwsjiQqZNDPBT HTTP/1.1" 200 349
186.102.39.78 - - [22/May/2022:08:03:15 -0500] "GET /kwssiamovil/sm/acme/a?s=U2FsdGVkX197uXkXCO3t4HJk9bMjG6SPnfSJNVWWPAG2qCrF5VLLt72frK3XanyEjVIZ0xKp/5wZ4t5jPrKBClpcpvSMy43Kl9MxfIrPBi46IIoIik9jzyKJUxT1lTxlERZ8TCJKw9v1H7E5TsAee62eGbXLv9Gw4KLoG6956jk=&u=U2FsdGVkX1+sncxFgqNEeKZ+fHe6tzie/aiipCdSLrCYV1PjoDivvq79Tg8pElkO&y=U2FsdGVkX18WTi/T2cE3CXWDDlDNJrULeT1jd7UFOWs2uBsZ+tiOwsjiQqZNDPBT HTTP/1.1" 200 349
186.102.39.78 - - [22/May/2022:08:03:15 -0500] "GET /kwssiamovil/sm/acme/a?s=U2FsdGVkX18yNR+/Z5kEPycG0SX0+UVRCRqDSqcxZshhKzDxPbPP4hdkHTWT9XytX3SYNuboLIohIEv5nEC5e4/vsSkrdTJb3H/mHGg4lR4S+Nz0FBAWuXrRUPA1KUDnupIwvpB6yHTf4X6BVh7+Y2wk+vmamsNKwDjA/yNUiKv4wEi1THXvYNwbawGueIS/eicqExlvdxyPLZCmpDXXJQ==&u=U2FsdGVkX1+sncxFgqNEeKZ+fHe6tzie/aiipCdSLrCYV1PjoDivvq79Tg8pElkO&y=U2FsdGVkX18WTi/T2cE3CXWDDlDNJrULeT1jd7UFOWs2uBsZ+tiOwsjiQqZNDPBT HTTP/1.1" 200 426
186.102.39.78 - - [22/May/2022:08:03:16 -0500] "GET /kwssiamovil/sm/acme/a?s=U2FsdGVkX1/83mpdHk+vcwUvesxsEi0Hk9b+wiF7M/F3qRYVIvZTLdi0sil0vd+3JDjBdJ87I5k5PFZAV9Ua0T7iEuFBxeJgjYkPc1XAR3bvFol8kwNrH9Us3AoGRqBOqSpAghYm3fPIP+qmfYtCkfL9LMVeZkww42GP3dF4LMFjIZ+G+IHvc0OMdGbs5Bb2Wlb/A+qM9UtB3Go1Rw8w2A==&u=U2FsdGVkX1+sncxFgqNEeKZ+fHe6tzie/aiipCdSLrCYV1PjoDivvq79Tg8pElkO&y=U2FsdGVkX18WTi/T2cE3CXWDDlDNJrULeT1jd7UFOWs2uBsZ+tiOwsjiQqZNDPBT HTTP/1.1" 200 435
186.102.39.78 - - [22/May/2022:08:03:16 -0500] "GET /kwssiamovil/sm/acme/a?s=U2FsdGVkX1/QEe2fcE6XIkuLMYpeFuVNL1KUFRdW1pj0zcThF2cj+Zxu1nWl5QiAoQZeUCY/FWM+dZ9pJdeJmatJ+q4Z3llqRu1hqbQlRkOCEkwS/2wYofC4ddzlQX0HYCnYrnZ4m/hd4RQQKtFBYEnXTMQutAfPuHgLjnWls4xEcceIqOLlpCKOAcAbrKcNO1uScEGBYxPrEQBXwPnFgNLwW7j8BlMaX7N/37NSb53r+/P4V6Jmndh2Itfh2nzOOWPEys9myQeItGzx79b/nBp/IH+6IlHrwxSIfmcwu/R+SdL9dLFeeIEccGARIQRr63bQf/cexlpLWKPkxlx7+4RG2d0cP9ontjobRBHBh95nHVlCfwgHHMzhhuzlJZHFvMTsaeB7fHRLyimsJ2R7d9rc7Y0gQ7r72GFh6VruOhjUeWth8lhUqh6JxPT9Qcfx4cXb0tYovVTXGY/Qaa7679PUAiMz7ZqmbFN9IKG+78s=&u=U2FsdGVkX1+sncxFgqNEeKZ+fHe6tzie/aiipCdSLrCYV1PjoDivvq79Tg8pElkO&y=U2FsdGVkX18WTi/T2cE3CXWDDlDNJrULeT1jd7UFOWs2uBsZ+tiOwsjiQqZNDPBT HTTP/1.1" 200 962
