201.245.192.253 - - [27/May/2022:16:46:33 -0500] "GET /sipse/faces/javax.faces.resource/jquery/jquery-plugins.js?ln=primefaces&v=4.0 HTTP/1.1" 304 -
201.245.192.253 - - [27/May/2022:16:46:33 -0500] "GET /sipse/faces/javax.faces.resource/primefaces.js?ln=primefaces&v=4.0 HTTP/1.1" 304 -
201.245.192.253 - - [27/May/2022:16:46:33 -0500] "GET /sipse/faces/javax.faces.resource/layout/layout.js?ln=primefaces&v=4.0 HTTP/1.1" 304 -
201.245.192.253 - - [27/May/2022:16:46:33 -0500] "POST /sipse/faces/presentacion/financiero/solicitudProceso/consultar.xhtml HTTP/1.1" 200 128678
201.245.192.253 - - [27/May/2022:16:46:33 -0500] "GET /sipse/faces/javax.faces.resource/theme.css?ln=primefaces-sipse HTTP/1.1" 304 -
201.245.192.253 - - [27/May/2022:16:46:33 -0500] "GET /sipse/faces/javax.faces.resource/layout/layout.css?ln=primefaces&v=4.0 HTTP/1.1" 304 -
201.245.192.253 - - [27/May/2022:16:46:33 -0500] "GET /sipse/faces/javax.faces.resource/primefaces.css?ln=primefaces&v=4.0 HTTP/1.1" 304 -
201.245.192.253 - - [27/May/2022:16:46:33 -0500] "GET /sipse/faces/javax.faces.resource/jquery/jquery.js?ln=primefaces&v=4.0 HTTP/1.1" 304 -
201.245.192.253 - - [27/May/2022:16:46:33 -0500] "GET /sipse/faces/javax.faces.resource/jquery/jquery-plugins.js?ln=primefaces&v=4.0 HTTP/1.1" 304 -
201.245.192.253 - - [27/May/2022:16:46:33 -0500] "GET /sipse/faces/javax.faces.resource/primefaces.js?ln=primefaces&v=4.0 HTTP/1.1" 304 -
201.245.192.253 - - [27/May/2022:16:46:33 -0500] "GET /sipse/faces/javax.faces.resource/layout/layout.js?ln=primefaces&v=4.0 HTTP/1.1" 304 -
201.245.192.253 - - [27/May/2022:16:46:38 -0500] "POST /sipse/faces/presentacion/financiero/solicitudProceso/consultarSolicitudProceso.xhtml HTTP/1.1" 200 254659
200.118.64.109 - - [27/May/2022:16:46:47 -0500] "POST /forms/lservlet;jsessionid=ac16012b30d601a28701582045ed9f32fa2714337956.e3iSbxaKaheRe34MbxmQaheMbNz0n6jAmljGr5XDqQLvpAe HTTP/1.1" 200 2
201.245.192.253 - - [27/May/2022:16:46:49 -0500] "POST /sipse/faces/presentacion/financiero/solicitudProceso/consultarSolicitudProceso.xhtml HTTP/1.1" 200 184629
216.245.221.92 - - [27/May/2022:16:46:55 -0500] "HEAD / HTTP/1.1" 200 -
201.245.192.253 - - [27/May/2022:16:46:59 -0500] "POST /sipse/faces/presentacion/financiero/solicitudProceso/consultarSolicitudProceso.xhtml HTTP/1.1" 200 38377
201.245.192.253 - - [27/May/2022:16:46:59 -0500] "GET /sipse/faces/javax.faces.resource/theme.css?ln=primefaces-sipse HTTP/1.1" 304 -
201.245.192.253 - - [27/May/2022:16:46:59 -0500] "GET /sipse/faces/javax.faces.resource/primefaces.css?ln=primefaces&v=4.0 HTTP/1.1" 304 -
201.245.192.253 - - [27/May/2022:16:46:59 -0500] "GET /sipse/faces/javax.faces.resource/layout/layout.css?ln=primefaces&v=4.0 HTTP/1.1" 304 -
201.245.192.253 - - [27/May/2022:16:46:59 -0500] "GET /sipse/faces/javax.faces.resource/jquery/jquery.js?ln=primefaces&v=4.0 HTTP/1.1" 304 -
201.245.192.253 - - [27/May/2022:16:46:59 -0500] "GET /sipse/faces/javax.faces.resource/jquery/jquery-plugins.js?ln=primefaces&v=4.0 HTTP/1.1" 304 -
201.245.192.253 - - [27/May/2022:16:46:59 -0500] "GET /sipse/faces/javax.faces.resource/primefaces.js?ln=primefaces&v=4.0 HTTP/1.1" 304 -
201.245.192.253 - - [27/May/2022:16:46:59 -0500] "GET /sipse/faces/javax.faces.resource/layout/layout.js?ln=primefaces&v=4.0 HTTP/1.1" 304 -
201.245.192.253 - - [27/May/2022:16:46:59 -0500] "POST /sipse/faces/presentacion/financiero/solicitudProceso/listarSolicitudProceso.xhtml HTTP/1.1" 200 31773
201.245.192.253 - - [27/May/2022:16:46:59 -0500] "POST /sipse/faces/presentacion/financiero/solicitudProceso/listarSolicitudProceso.xhtml HTTP/1.1" 200 31773
201.245.192.253 - - [27/May/2022:16:46:59 -0500] "POST /sipse/faces/presentacion/financiero/solicitudProceso/listarSolicitudProceso.xhtml HTTP/1.1" 200 31773
201.245.192.253 - - [27/May/2022:16:46:59 -0500] "POST /sipse/faces/presentacion/financiero/solicitudProceso/listarSolicitudProceso.xhtml HTTP/1.1" 200 31773
201.245.192.253 - - [27/May/2022:16:47:00 -0500] "POST /sipse/faces/presentacion/financiero/solicitudProceso/listarSolicitudProceso.xhtml HTTP/1.1" 200 1376
201.245.192.253 - - [27/May/2022:16:47:00 -0500] "POST /sipse/faces/presentacion/financiero/solicitudProceso/listarSolicitudProceso.xhtml HTTP/1.1" 200 1376
201.245.192.253 - - [27/May/2022:16:47:00 -0500] "POST /sipse/faces/presentacion/financiero/solicitudProceso/listarSolicitudProceso.xhtml HTTP/1.1" 200 1380
201.245.192.253 - - [27/May/2022:16:47:00 -0500] "POST /sipse/faces/presentacion/financiero/solicitudProceso/listarSolicitudProceso.xhtml HTTP/1.1" 200 1376
201.245.192.253 - - [27/May/2022:16:47:00 -0500] "POST /sipse/faces/presentacion/financiero/solicitudProceso/listarSolicitudProceso.xhtml HTTP/1.1" 200 1376
201.245.192.253 - - [27/May/2022:16:47:03 -0500] "POST /sipse/faces/presentacion/financiero/solicitudProceso/listarSolicitudProceso.xhtml HTTP/1.1" 200 116917
201.245.192.253 - - [27/May/2022:16:47:03 -0500] "GET /sipse/faces/javax.faces.resource/theme.css?ln=primefaces-sipse HTTP/1.1" 304 -
201.245.192.253 - - [27/May/2022:16:47:03 -0500] "GET /sipse/faces/javax.faces.resource/primefaces.css?ln=primefaces&v=4.0 HTTP/1.1" 304 -
201.245.192.253 - - [27/May/2022:16:47:03 -0500] "GET /sipse/faces/javax.faces.resource/layout/layout.css?ln=primefaces&v=4.0 HTTP/1.1" 304 -
201.245.192.253 - - [27/May/2022:16:47:03 -0500] "GET /sipse/faces/javax.faces.resource/jquery/jquery.js?ln=primefaces&v=4.0 HTTP/1.1" 304 -
201.245.192.253 - - [27/May/2022:16:47:03 -0500] "GET /sipse/faces/javax.faces.resource/jquery/jquery-plugins.js?ln=primefaces&v=4.0 HTTP/1.1" 304 -
201.245.192.253 - - [27/May/2022:16:47:03 -0500] "GET /sipse/faces/javax.faces.resource/primefaces.js?ln=primefaces&v=4.0 HTTP/1.1" 304 -
201.245.192.253 - - [27/May/2022:16:47:03 -0500] "GET /sipse/faces/javax.faces.resource/layout/layout.js?ln=primefaces&v=4.0 HTTP/1.1" 304 -
201.245.192.253 - - [27/May/2022:16:47:07 -0500] "POST /sipse/faces/presentacion/financiero/solicitudProceso/consultarSolicitudProceso.xhtml HTTP/1.1" 200 58719
66.249.65.13 - - [27/May/2022:16:47:20 -0500] "-" 408 -
172.22.2.4 - - [27/May/2022:16:46:59 -0500] "GET /BLA/boletinlegal/ HTTP/1.1" 200 32715
191.156.147.108 - - [27/May/2022:16:48:16 -0500] "GET /secretaria-de-ambiente-y-sena-abren-curso-de-jardines-verticales.html?fbclid=IwAR1hZiXfdprC8yfMZ6-gUQjbi8tv7JL1sjpUyeZqOyZxqimN9MDzdyA35hc HTTP/1.1" 200 734
191.156.41.199 - - [27/May/2022:16:48:16 -0500] "-" 408 -
200.118.64.109 - - [27/May/2022:16:48:48 -0500] "POST /forms/lservlet;jsessionid=ac16012b30d601a28701582045ed9f32fa2714337956.e3iSbxaKaheRe34MbxmQaheMbNz0n6jAmljGr5XDqQLvpAe HTTP/1.1" 200 2
172.22.2.4 - - [27/May/2022:16:49:26 -0500] "GET /BLA/boletinlegal/actos.php HTTP/1.1" 200 9559
200.2.67.31 - - [27/May/2022:16:49:28 -0500] "GET /BLA/resoluciones/ HTTP/1.1" 200 13093
186.102.15.104 - - [27/May/2022:16:49:49 -0500] "GET /kwssiamovil/sm/ldap/au?x=U2FsdGVkX1/OuCrUwQBR5D/jLUL2Lq4uRtYSJmL4idywzF2vsSDtpKWa7fnNunNl&y=U2FsdGVkX18zMLd/rolEtuTVVe+lJBYKscku/dMtDC+UM2FlVSPcZSLkiaCHpxz0 HTTP/1.1" 200 30
186.102.15.104 - - [27/May/2022:16:49:49 -0500] "GET /kwssiamovil/sm/acme/s?s=U2FsdGVkX1/X5eMm46dmb9hSYvlQTNy79Aa7OY7Gk6iQu8nJYsCEuHmJzLQQybRy/OZLd/9n0GZyYLM85XaKqPPYNURYJOmFQBefTOV67oI=&u=U2FsdGVkX1+/OnJ6wSJnsx4XjSnO853JW8ob0/ZjrPk=&y=U2FsdGVkX18zMLd/rolEtuTVVe+lJBYKscku/dMtDC+UM2FlVSPcZSLkiaCHpxz0 HTTP/1.1" 200 97
186.102.15.104 - - [27/May/2022:16:49:49 -0500] "GET /kwssiamovil/sm/acme/s?s=U2FsdGVkX186KNytyXtR6r0/PO/wecZ+4Uq3ieZir3rAa2OvF1Dql4c6xM2EHKjpBbSP55/Pkhv5h8UKBgMb78c1Vp7lT8IJlnVh5irJGkew9ac2T2cmV/oeTZAN2DsnhjeBiz2V1mLVdt7Z5I4codsV3oHHS/wLOLHgd508CdN+cdvFZokwbDx3RwpQapqlTqgCM7d+DESwHBEHCHJvagSkMhyTciwPTmZRGPrbz+riQOFNsHb7a/BQ9snsOmPZiG9eUhPIImT38w2T/GtLv8D/rXINN2a8eC2YtjOUKheUeeE4X8iPV4DmpnguEpQgAnEuDwMNkWNEYry1ucBDc+j8lxcJBhrZMWgdv3QLwXdRB864IAyKjjb48XquCFTSnCE+JeKYLujD9kOxsWYfPFPvK1QOCeFw7NzhGQ7oUD+VGoE2icBiNY7fNUWHE7GGM5nCDo5oD+qTihBb0uM7NdrePer/dl8j1PiVu4Z0Ra73WdNoT/X/1sfXeGEP2nC/dsmwtLEWlTDbwAWlQ6rYHRFMEuhG+T63P3qt7RIpirdh6TPzsLPG4w8TyYRovodX2Soy9TiWEANwmsVw3kMDyQxVscwjYF+SFiAUBMG29xO22OVRAsRbRPFQGGKR5axhll3pPXLsCWD6JyXMKk5cLcGPji97mIl6ApuQvh7NlJNJ53nug4Ee979BMdRZJQDVYvxlEw/ADfRFbzB00LZZFgWzGIQCQLGUL/2amcyJhak2nPYXo2xJHVv7F10YmWlxiRmUgcNVuj/H5WKoyJSpLhn8i8vaJBEBh5CI9Qvn1LPuXPLMljFSqvHfxKkCurn4SL0UftHig0DikmaveJt6A+xTRXnmP2W8NRAuj0q7berpvhc4kGCozcGYzbRKvNExtXQEosAKfhQyeRyVqdUj2COQT7PRotQARxaKQmunSbuOp0oIgAlcq6qSsjw3RdA4XZ3tnvPsyD2Ule7t+0NoBD08iZk7Ar3GTmCY6lwaj15nztT61QwwGJbf1ioqvcJwLXl6Gl7KXSv9pOK+A27gvR93mU+yAKniVuogwHxttGFG5j6eFKXnupc5myctw9Q0lcCXeFE3kcpkfLnTA0nzTDXC4VN70rx/R9EMdK4CBwFm6GNU8reBsoCta7RKMhTvrD7MuVzB51avu7ECKP9d5DCIEU5vPrrof0n4v3WnuSlPM66tn0zjoEIReTTGAxXZJvgtzJQiTzXgM1KQs6tmnrPSFeCrxIKmiqgMbPKBvVO2fQM/6G8+n13z1Fq2nqSfeeRHw0qrKcU/WwDi1bQX7+r6bCS9/kgm/dTvYfNMXGwyQ4u9cEAdyml48RGEEjylfLNuOaA2vGNe9lWeMFWZz2J+N6q5RFUgQzWQxEEC8O8=&u=U2FsdGVkX1+/OnJ6wSJnsx4XjSnO853JW8ob0/ZjrPk=&y=U2FsdGVkX18zMLd/rolEtuTVVe+lJBYKscku/dMtDC+UM2FlVSPcZSLkiaCHpxz0 HTTP/1.1" 200 9804
186.102.15.104 - - [27/May/2022:16:49:49 -0500] "GET /kwssiamovil/sm/acme/s?s=U2FsdGVkX1+WCJX3OvRM/5dq5xcLcqyve2ph5vk8UeJu+Wwt2hjr0p3QzlYKzrYnAfr51uJ+ZJjU3gVy1+Vxo4szvb13dSyp0KLnhtfaQ9M/VWKcRI4kwWN35oEH7N/2YTa6o3iaiG7DD8NnedQBSMKYXgc2bvptqjO15VRWZRD8oReGL0mhhOa07gNkbfkW3l6tpVrxXTni5d6aI6j19Be5x+kJKHEtCs0jxa+xxFa5LX5aL7nSazc1bUm2uiElQfD6XN/wB9VHMOXp14n9Cg+26/00cJ3RDS6lzVoZZyI=&u=U2FsdGVkX1+/OnJ6wSJnsx4XjSnO853JW8ob0/ZjrPk=&y=U2FsdGVkX18zMLd/rolEtuTVVe+lJBYKscku/dMtDC+UM2FlVSPcZSLkiaCHpxz0 HTTP/1.1" 200 176
186.102.15.104 - - [27/May/2022:16:49:49 -0500] "GET /kwssiamovil/sm/cjson/pre?f=1&x=U2FsdGVkX1/OuCrUwQBR5D/jLUL2Lq4uRtYSJmL4idywzF2vsSDtpKWa7fnNunNl HTTP/1.1" 200 30992
200.2.67.31 - - [27/May/2022:16:49:52 -0500] "GET /BLA/resoluciones/index.php?dir=RESOLUCIONES+2016%2F HTTP/1.1" 200 168246
172.22.2.4 - - [27/May/2022:16:48:19 -0500] "HEAD /BLA/boletinlegal/ HTTP/1.1" 200 -
207.46.13.67 - - [27/May/2022:16:50:09 -0500] "GET /portaldeninos/wp-content/uploads/2020/11/La-Conejera-B-133x75.jpg HTTP/1.1" 200 4673
200.118.64.109 - - [27/May/2022:16:50:10 -0500] "POST /forms/lservlet;jsessionid=ac16012b30d601a28701582045ed9f32fa2714337956.e3iSbxaKaheRe34MbxmQaheMbNz0n6jAmljGr5XDqQLvpAe HTTP/1.1" 200 2
200.118.64.109 - - [27/May/2022:16:50:10 -0500] "POST /forms/lservlet;jsessionid=ac16012b30d601a28701582045ed9f32fa2714337956.e3iSbxaKaheRe34MbxmQaheMbNz0n6jAmljGr5XDqQLvpAe HTTP/1.1" 200 2336
200.118.64.109 - - [27/May/2022:16:50:10 -0500] "POST /forms/lservlet;jsessionid=ac16012b30d601a28701582045ed9f32fa2714337956.e3iSbxaKaheRe34MbxmQaheMbNz0n6jAmljGr5XDqQLvpAe HTTP/1.1" 200 10
172.22.2.4 - - [27/May/2022:16:50:12 -0500] "POST /BLA/boletinlegal/vendor/phpunit/phpunit/src/Util/PHP/eval-stdin.php HTTP/1.1" 404 1018
200.118.64.109 - - [27/May/2022:16:50:13 -0500] "POST /forms/lservlet;jsessionid=ac16012b30d601a28701582045ed9f32fa2714337956.e3iSbxaKaheRe34MbxmQaheMbNz0n6jAmljGr5XDqQLvpAe HTTP/1.1" 200 26
200.118.64.109 - - [27/May/2022:16:50:13 -0500] "POST /forms/lservlet;jsessionid=ac16012b30d601a28701582045ed9f32fa2714337956.e3iSbxaKaheRe34MbxmQaheMbNz0n6jAmljGr5XDqQLvpAe HTTP/1.1" 200 14
200.118.64.109 - - [27/May/2022:16:50:14 -0500] "POST /forms/lservlet;jsessionid=ac16012b30d601a28701582045ed9f32fa2714337956.e3iSbxaKaheRe34MbxmQaheMbNz0n6jAmljGr5XDqQLvpAe HTTP/1.1" 200 3899
200.118.64.109 - - [27/May/2022:16:50:15 -0500] "POST /forms/lservlet;jsessionid=ac16012b30d601a28701582045ed9f32fa2714337956.e3iSbxaKaheRe34MbxmQaheMbNz0n6jAmljGr5XDqQLvpAe HTTP/1.1" 200 2
200.118.64.109 - - [27/May/2022:16:50:18 -0500] "POST /forms/lservlet;jsessionid=ac16012b30d601a28701582045ed9f32fa2714337956.e3iSbxaKaheRe34MbxmQaheMbNz0n6jAmljGr5XDqQLvpAe HTTP/1.1" 200 2
200.118.64.109 - - [27/May/2022:16:50:18 -0500] "POST /forms/lservlet;jsessionid=ac16012b30d601a28701582045ed9f32fa2714337956.e3iSbxaKaheRe34MbxmQaheMbNz0n6jAmljGr5XDqQLvpAe HTTP/1.1" 200 14
200.118.64.109 - - [27/May/2022:16:50:19 -0500] "POST /forms/lservlet;jsessionid=ac16012b30d601a28701582045ed9f32fa2714337956.e3iSbxaKaheRe34MbxmQaheMbNz0n6jAmljGr5XDqQLvpAe HTTP/1.1" 200 14
200.118.64.109 - - [27/May/2022:16:50:20 -0500] "POST /forms/lservlet;jsessionid=ac16012b30d601a28701582045ed9f32fa2714337956.e3iSbxaKaheRe34MbxmQaheMbNz0n6jAmljGr5XDqQLvpAe HTTP/1.1" 200 14
200.118.64.109 - - [27/May/2022:16:50:22 -0500] "POST /forms/lservlet;jsessionid=ac16012b30d601a28701582045ed9f32fa2714337956.e3iSbxaKaheRe34MbxmQaheMbNz0n6jAmljGr5XDqQLvpAe HTTP/1.1" 200 14
200.118.64.109 - - [27/May/2022:16:50:24 -0500] "POST /forms/lservlet;jsessionid=ac16012b30d601a28701582045ed9f32fa2714337956.e3iSbxaKaheRe34MbxmQaheMbNz0n6jAmljGr5XDqQLvpAe HTTP/1.1" 200 15
200.118.64.109 - - [27/May/2022:16:50:26 -0500] "POST /forms/lservlet;jsessionid=ac16012b30d601a28701582045ed9f32fa2714337956.e3iSbxaKaheRe34MbxmQaheMbNz0n6jAmljGr5XDqQLvpAe HTTP/1.1" 200 108
200.118.64.109 - - [27/May/2022:16:50:26 -0500] "POST /forms/lservlet;jsessionid=ac16012b30d601a28701582045ed9f32fa2714337956.e3iSbxaKaheRe34MbxmQaheMbNz0n6jAmljGr5XDqQLvpAe HTTP/1.1" 200 2
200.118.64.109 - - [27/May/2022:16:50:26 -0500] "GET /reports/rwservlet/getjobid76599?server=repnomi HTTP/1.1" 200 47979
172.22.2.4 - - [27/May/2022:16:49:25 -0500] "GET /BLA/boletinlegal/ HTTP/1.1" 200 36811
200.2.67.31 - - [27/May/2022:16:50:42 -0500] "GET /BLA/resoluciones/RESOLUCIONES%202016/0884.pdf HTTP/1.1" 200 8517334
200.118.64.109 - - [27/May/2022:16:50:48 -0500] "POST /forms/lservlet;jsessionid=ac16012b30d601a28701582045ed9f32fa2714337956.e3iSbxaKaheRe34MbxmQaheMbNz0n6jAmljGr5XDqQLvpAe HTTP/1.1" 200 2
172.22.2.4 - - [27/May/2022:16:49:09 -0500] "GET /BLA/boletinlegal/ HTTP/1.1" 200 53421
216.245.221.92 - - [27/May/2022:16:51:55 -0500] "HEAD / HTTP/1.1" 200 -
207.46.13.146 - - [27/May/2022:16:52:00 -0500] "GET /bla/resoluciones/resoluciones%202007/res%202007%204101%20al%204200/RESOLUCION%204187%20DE%202007.pdf HTTP/1.1" 200 210465
157.55.39.8 - - [27/May/2022:16:52:12 -0500] "GET /bla/resoluciones/resoluciones%202012/0414.pdf HTTP/1.1" 200 411180
207.46.13.146 - - [27/May/2022:16:52:40 -0500] "GET /BLA/resoluciones/RESOLUCIONES%202006/RES%202006%20351-400/00000379.tif HTTP/1.1" 200 34154
200.118.64.109 - - [27/May/2022:16:52:48 -0500] "POST /forms/lservlet;jsessionid=ac16012b30d601a28701582045ed9f32fa2714337956.e3iSbxaKaheRe34MbxmQaheMbNz0n6jAmljGr5XDqQLvpAe HTTP/1.1" 200 2
201.245.192.253 - - [27/May/2022:16:53:02 -0500] "GET /mesa/contrasena.pdf HTTP/1.1" 200 443199
201.245.192.253 - - [27/May/2022:16:53:03 -0500] "GET /mesa/contrasena.pdf HTTP/1.1" 206 1
201.245.192.253 - - [27/May/2022:16:53:03 -0500] "GET /mesa/contrasena.pdf HTTP/1.1" 206 1091
172.22.2.4 - - [27/May/2022:16:53:41 -0500] "GET /BLA/boletinlegal/Circulares/2013/Circular%20No.%204%20del%2005%20de%20junio%20de%202013.pdf HTTP/1.1" 304 -
157.55.39.43 - - [27/May/2022:16:54:43 -0500] "GET /bla/resoluciones/resoluciones%202012/1311.pdf HTTP/1.1" 200 1612140
200.118.64.109 - - [27/May/2022:16:54:48 -0500] "POST /forms/lservlet;jsessionid=ac16012b30d601a28701582045ed9f32fa2714337956.e3iSbxaKaheRe34MbxmQaheMbNz0n6jAmljGr5XDqQLvpAe HTTP/1.1" 200 2
172.22.2.4 - - [27/May/2022:16:55:22 -0500] "GET /BLA/boletinlegal/actos.php HTTP/1.1" 200 9559
200.2.67.31 - - [27/May/2022:16:55:24 -0500] "GET /BLA/resoluciones/ HTTP/1.1" 200 13093
200.2.67.31 - - [27/May/2022:16:55:31 -0500] "GET /BLA/resoluciones/index.php?dir=RESOLUCIONES+2016%2F HTTP/1.1" 200 168246
172.22.2.4 - - [27/May/2022:16:54:09 -0500] "HEAD /BLA/boletinlegal/ HTTP/1.1" 200 -
186.30.78.34 - - [27/May/2022:16:55:51 -0500] "GET /BLA/resoluciones/AUTOS%202011/6394.pdf HTTP/1.1" 200 2812828
186.30.78.34 - - [27/May/2022:16:55:51 -0500] "GET /BLA/resoluciones/AUTOS%202011/6394.pdf HTTP/1.1" 206 1
186.30.78.34 - - [27/May/2022:16:55:51 -0500] "GET /BLA/resoluciones/AUTOS%202011/6394.pdf HTTP/1.1" 206 2792774
157.55.39.8 - - [27/May/2022:16:56:13 -0500] "GET /bla/resoluciones/resoluciones%202012/1317.pdf HTTP/1.1" 200 780825
172.22.2.4 - - [27/May/2022:16:55:15 -0500] "GET /BLA/boletinlegal/ HTTP/1.1" 200 36811
207.46.13.179 - - [27/May/2022:16:56:19 -0500] "GET /bla/resoluciones/resoluciones%202012/1865.pdf HTTP/1.1" 200 547021
172.22.2.4 - - [27/May/2022:16:54:59 -0500] "GET /BLA/boletinlegal/ HTTP/1.1" 200 54577
157.55.39.8 - - [27/May/2022:16:56:42 -0500] "GET /silvicultura/13.pdf HTTP/1.1" 304 -
200.118.64.109 - - [27/May/2022:16:56:48 -0500] "POST /forms/lservlet;jsessionid=ac16012b30d601a28701582045ed9f32fa2714337956.e3iSbxaKaheRe34MbxmQaheMbNz0n6jAmljGr5XDqQLvpAe HTTP/1.1" 200 2
216.245.221.92 - - [27/May/2022:16:56:55 -0500] "HEAD / HTTP/1.1" 200 -
173.252.79.13 - - [27/May/2022:16:57:24 -0500] "GET /indicadores-de-fauna-silvestre-en-el-observatorio-ambiental-de-bogota.html HTTP/1.1" 206 949
173.252.79.4 - - [27/May/2022:16:57:24 -0500] "GET /indicadores-de-fauna-silvestre-en-el-observatorio-ambiental-de-bogota.html HTTP/1.1" 206 949
181.55.68.25 - - [27/May/2022:16:57:25 -0500] "GET /kwssiamovil/sm/acme/a?s=U2FsdGVkX18PLoFnEXzVVpzE/88dWjEJbFAKyBZoAtoyoz79ka1KVFWci+R/vm6Rggkb3j2zqsSSRKlk7chWsOVArMYIn4UZ0ZuGyjyAR+feIdsKuowx49Pf5N8V+E4ikXuhs9wUC08ENlAJdIU7gcEfaUqqT4pL0xh3Tcz+R5E4nk0scL4h5CaIaotLNMRK6/7dlg9uc9swapPyFGN0vlSQMR/OYa92ZveEEbMrTb2O20aWMlzc4lL1G8k1szfjaRf4wPIVFpJZ1fqcyfrYPw==&u=U2FsdGVkX1/JZpYGsn4XvrQ+C28vVAYlMihY+FSLkAo=&y=U2FsdGVkX1+ReOsA8slN13IxMzHLwpdCubjuViPWFrCY2lYWhcp+F1A6i5AvlmYk HTTP/1.1" 200 25
181.55.68.25 - - [27/May/2022:16:57:26 -0500] "GET /kwssiamovil/sm/acme/a?s=U2FsdGVkX19hWMthYkaZhm/oxkEg+whbtTRTu4VYb83HU5Nz11KGFm2INsuIEIxQJ5MmwfdCGawwVYEPoHafDcq2glWJwGhqsqR0IApG7UVSTJcXnBQWr0Yi5b/VZdejsHMeHJUCUvKZ8ZX/Bzw/z6YP+oNmHW+YFrTxhKOlqhGeG1b59GcBuhigUxePDV9IHfG/apWhD7niEQNRjR4ZFLungMmYRmWYukuhwYRHNjAhzvy9bctXiFpPkjkAMfpnrNfEr4fVbPOIulwbOG5xoUWtpNLBKKAhSn7pCfw9HU7sNY6DjgM7qPBJYSfxMLDO/t5P4YvHCKYxKSjYEOC5l/c9W1krDroASdvEgaFWR2Eu5QT1HNeCjz4r4QE4+U25UezlwaQUJzPUE2cIz/KonlB8wcTUQcZBMy3vcH5QxM6aPRLR7feqsc14JjzhkhmWWp0pTkEq8q0mkS6SfdVWqAM2SwHA+m7p7QP/MZnp39vhVxu2lY0v4JVA7e9+SepB6aPVEcyz9J3ft8323L2tatkefs3INycn0NdQ6NodDplx5vnJaBSP8K3Q8IMW2mz7khoMvjKYtkTpY32lvRsKOmW15frXSR1eDZEM/dLA0dBmr6wIPVUVjWvoZWmZm6JORbqUK/so2G63dctKjq6LohH4QvRABDg5BveAniZDw3A08h+IAp2+E/osAPgVCp1ljFKup80DtPEmH9rOr5gj0bxEYa9g9jw4nbdnHgRfh9/qlFtwyx2dF6vrUaZOX2QNq+PKL3lHx+uElYmLWhqhrUVqrsU5VOatwosWb/9+8EKO6a/RO4+4vMTprfLoQlzYZ2CCEk37uhy2h/g6kpn9S+CyY3+eHIL0JBdrjTexyO5ZKMkSIgVywueO5Cj1RY3ZK4V+Ph5O+fC2EXn8ydyOvcT0cngAp1/VLEio+IG3ClBDcv9xFjXx7uDHrW7kIt1HwE3EQmJn/BtsqMzWymwRiJsrkQSw2ugFYt2lR5uqcNuW7cAWBBmK35J9Bzq6kAvDrk6Fypnx2LoTSRqBuOQOq/T0FelUaf/sAEZmbgypmrSx+rXxcI8RSFwelSX4z3px9uIipZKMGzf+Zs1xenB9mR9hkFoLpONUgx2QaM0QL9W5OR6p5RN/gTX2CjJhrc29dZ44vH3Mn/6N8Voh4YhURFGuE2OR1RBee3/6CHYsV5C/ZXC0pWFM9qgFeMbuC/cYHvC5iKi+6egbGX8GBsLGTNI7Urmw1VbjUzViWgui4boA7b5WRGk9f/37eDLjCTRXv51UMBsTEyYsgL0RMlZ09si9HtkR3uU2TiBG5IinCjoO0cHuua/vEJweECjBZO/R/ps+2ywusWBKuQfVM7OtYgWQq5Cd4Tlp4EDoB9Udbr9cKltrKc/9Xl5v+2jkqz6GyJbTNExavyQV1n9+xFrvOMUCvrrGgksFMrCiWdBxUXk+EzysXVuRzJTvASFJgxTwvwJlx4AWI6tLnnvwyISbsZULStmolaUSu85r5eip0r1mlaWEG/bC8hrSqmFjSgTjc/mv8ptQGvjpxG8OT/JTbheP4bcmeLocJr+oBG0ZhVStvZLkAAC62ZkINs4zPXt2DQYA3/SLLnAo2l0FdCG1dnBarsnO3iGKLraUL2SrBusv39D+DIB592pw6/QqZdFbh6RE7W0UA4O2Gt9DT+uNIczC/2CVK45Ur6BDj2cPI6ii4ngXXTcDQFya8fRkpbDRuTyNEijsihFBnZH4AcLhqQIeqZl9yyxiG0h984RybPYqb2/fSa5REJwg9wlxUBCBxGRirBbGp9H/AYkhX/U1IWMej21giomh2GKGcLJ1sgj2lWi3XeZHVkmy38OJ6JuLOpZ7FNbF/wX8seAf72BIX5iJ2AoBhY/YHhnK9345R1L53CjMTyoheql/zUOf2dGfZi+OkdPc16Wp0oG0hkXwv4FpdZ96qQ+ItQVVAGp1+d6X2/70da7Z/rUXhhtPkUae7qV1OH3YpRdKbn+P/GCWdVa61LNdJGnWF/nFyf2DqkX/NXhXXyF5SMUWKUkP60yH&u=U2FsdGVkX1/JZpYGsn4XvrQ+C28vVAYlMihY+FSLkAo=&y=U2FsdGVkX1+ReOsA8slN13IxMzHLwpdCubjuViPWFrCY2lYWhcp+F1A6i5AvlmYk HTTP/1.1" 200 25
181.55.68.25 - - [27/May/2022:16:57:26 -0500] "GET /kwssiamovil/sm/acme/a?s=U2FsdGVkX19d9gp91iWUIvXZgJAN1tObOCmK1PTrQcYGDmnKovgfvPS/rNLkPhaMXFx8d9tzLp17dRzWQGH0glVgcDql/SMD8+bDZC/v2RD4sAvYClthtY2cjg9LiGt8l+/qm/zV+Celtm47rAZkapq+WdeAyaDkCTQgf15xYd8=&u=U2FsdGVkX1/JZpYGsn4XvrQ+C28vVAYlMihY+FSLkAo=&y=U2FsdGVkX1+ReOsA8slN13IxMzHLwpdCubjuViPWFrCY2lYWhcp+F1A6i5AvlmYk HTTP/1.1" 200 25
181.55.68.25 - - [27/May/2022:16:57:26 -0500] "GET /kwssiamovil/sm/acme/a?s=U2FsdGVkX1+sHMVA+lQl2g8TTYadeHxqgJ4nIk90lHxTc5tYCfF9OmishPgHyAIDPb5hYld15yutxMGnni/TthxMBPbWP/ZSePzymEuNgdUjmCku3IVLoKVUfVY2v18/W9lJxkXNWXdcq7zmJwiyjs2t+RAdcm+96/DV9ftQ0vc=&u=U2FsdGVkX1/JZpYGsn4XvrQ+C28vVAYlMihY+FSLkAo=&y=U2FsdGVkX1+ReOsA8slN13IxMzHLwpdCubjuViPWFrCY2lYWhcp+F1A6i5AvlmYk HTTP/1.1" 200 25
181.55.68.25 - - [27/May/2022:16:57:26 -0500] "GET /kwssiamovil/sm/acme/a?s=U2FsdGVkX1974cawasc+vCcyQlaNeLlWP7iGeFn5Ts7HPwXRu0htfn85alWIqVX8oD7gVw2MuTCbPphe73qFCwDuRTybrntSxAhsDdwGzPy4ioL1UPvTRQ4mcs6AbeD8RUCBWWMmblkUnoZ0oWc5NphKj4clb29iOs8hiMlfQSs=&u=U2FsdGVkX1/JZpYGsn4XvrQ+C28vVAYlMihY+FSLkAo=&y=U2FsdGVkX1+ReOsA8slN13IxMzHLwpdCubjuViPWFrCY2lYWhcp+F1A6i5AvlmYk HTTP/1.1" 200 25
181.55.68.25 - - [27/May/2022:16:57:26 -0500] "GET /kwssiamovil/sm/acme/a?s=U2FsdGVkX1+8I0LYUZwf7CqUNmYjErKxyu2rAao2S/RrWHms0lcLL+9dj8wRSno5A/2YJTw/mO97KMXFVIyaPInBMuB06s46sY5zxN1lsqit8ElC656EzRERVIomYzaFlprfaUXhDzjO5Wu9KenVZo6Y4QTavkqwPW3Ee73fcf1Di6xfTMexLED7Ux324HqP&u=U2FsdGVkX1/JZpYGsn4XvrQ+C28vVAYlMihY+FSLkAo=&y=U2FsdGVkX1+ReOsA8slN13IxMzHLwpdCubjuViPWFrCY2lYWhcp+F1A6i5AvlmYk HTTP/1.1" 200 25
172.22.2.4 - - [27/May/2022:16:57:46 -0500] "GET /BLA/boletinlegal/actos.php HTTP/1.1" 200 9559
172.22.2.4 - - [27/May/2022:16:57:46 -0500] "GET /BLA/boletinlegal/favicon.ico HTTP/1.1" 404 1326
172.22.2.4 - - [27/May/2022:16:57:54 -0500] "GET /BLA/boletinlegal/consulta_actos.php?tipo=autos&no=3085&usuario=&sector=&fecha=2015&resuelve= HTTP/1.1" 200 1105
186.115.224.158 - - [27/May/2022:16:57:57 -0500] "GET /BLA/resoluciones/ HTTP/1.1" 200 13093
186.115.224.158 - - [27/May/2022:16:57:59 -0500] "GET /BLA/resoluciones/index.php?dir=AUTOS+2014%2F HTTP/1.1" 200 874878
181.237.250.48 - - [27/May/2022:16:58:03 -0500] "GET /forest/login.do HTTP/1.1" 404 1120
186.115.224.158 - - [27/May/2022:16:58:02 -0500] "GET /BLA/resoluciones/index.php?dir=AUTOS+2015%2F HTTP/1.1" 200 576507
172.22.2.4 - - [27/May/2022:16:58:21 -0500] "GET /BLA/boletinlegal/jurisprudencia/analisis/CUADRO%20ANALISIS%20SENTENCIA%20T-411%20DE%201992.doc HTTP/1.1" 304 -
200.118.64.109 - - [27/May/2022:16:58:49 -0500] "POST /forms/lservlet;jsessionid=ac16012b30d601a28701582045ed9f32fa2714337956.e3iSbxaKaheRe34MbxmQaheMbNz0n6jAmljGr5XDqQLvpAe HTTP/1.1" 200 2
181.55.68.25 - - [27/May/2022:16:58:50 -0500] "GET /kwssiamovil/sm/acme/a?s=U2FsdGVkX1/HS06Y4WAGY/Shz8dTwB3Cug1UctrQU9JJZ89ijeCA/5d1EJu/XkDQEnl9dZtAQ7IvLsQ3hKUCk12mIOL3oHsxFu6JDtiCovbv0Rc3g8Hn3aov9/mR5c9QFlJ1HjlKaw+9G66aZgF1UdXBb/6Mrb4gq2NU6haZToAz4RMOce/EOhleX4zaWnIjhO8Eb6la5dfAAcy5vZqSxgBK87zLxMKTv7xrKJ1Hsp/vrBGbdY8XJ1onmw8vArlDB1B8uiUaGE8h2wBHzv21Cw==&u=U2FsdGVkX1/JZpYGsn4XvrQ+C28vVAYlMihY+FSLkAo=&y=U2FsdGVkX1+ReOsA8slN13IxMzHLwpdCubjuViPWFrCY2lYWhcp+F1A6i5AvlmYk HTTP/1.1" 200 25
186.115.224.158 - - [27/May/2022:16:59:13 -0500] "GET /BLA/resoluciones/AUTOS%202015/3085.pdf HTTP/1.1" 200 531658
172.22.2.4 - - [27/May/2022:16:57:44 -0500] "GET /BLA/boletinlegal/ HTTP/1.1" 200 63427
66.220.149.2 - - [27/May/2022:17:00:02 -0500] "GET /images/Animales1.jpeg HTTP/1.1" 200 76841
66.220.149.11 - - [27/May/2022:17:00:05 -0500] "GET /images/ecosistema-dia-internacional-tierra-21-abril.jpg HTTP/1.1" 200 30098
66.220.149.3 - - [27/May/2022:17:00:05 -0500] "GET /images/feria-servicios-tramites-puente-aranda-21-abril.jpg HTTP/1.1" 200 28255
66.220.149.120 - - [27/May/2022:17:00:07 -0500] "GET /images/caminos-cerros-orientales-7-abril.jpg HTTP/1.1" 200 80138
66.220.149.112 - - [27/May/2022:17:00:11 -0500] "GET /images/operativos-control-residuos-hospitalarios-28-marzo.jpg HTTP/1.1" 200 36883
201.244.128.55 - - [27/May/2022:17:00:11 -0500] "GET /BLA/resoluciones/RESOLUCIONES%202020/1695.pdf HTTP/1.1" 200 673479
201.244.128.55 - - [27/May/2022:17:00:11 -0500] "GET /favicon.ico HTTP/1.1" 200 7782
173.252.95.18 - - [27/May/2022:17:00:16 -0500] "GET /images/negocios-verdes-3-marzo.jpg HTTP/1.1" 200 33179
200.118.64.109 - - [27/May/2022:17:00:52 -0500] "POST /forms/lservlet;jsessionid=ac16012b30d601a28701582045ed9f32fa2714337956.e3iSbxaKaheRe34MbxmQaheMbNz0n6jAmljGr5XDqQLvpAe HTTP/1.1" 200 2
181.55.68.25 - - [27/May/2022:17:01:04 -0500] "GET /kwssiamovil/sm/acme/a?s=U2FsdGVkX19oq+Us9FyxpUrpK+Vu/JYxq2G+NAJHxU7SKLuWVNNX2lTQxggypAnHdRhWuOOvO4ZDPJH78rL8LQF8QlJhCn6qHT+UZRLoPhIawht1aT2tMFvF/+OUIcdkjmI46+aKfoShzPdCjDJcKMbztot7Dm8W3TVBbVTiJe4R6LMn2HSzqQXbNyo/IBvh6ywnLllrrlrMZpygXI/c8vogiImVXm7bBflOYFtf/X6GduaDUUvHE+8spqFhlCgjiz5sc6jzDEgPG6jjqqJ9DA==&u=U2FsdGVkX1/JZpYGsn4XvrQ+C28vVAYlMihY+FSLkAo=&y=U2FsdGVkX1+ReOsA8slN13IxMzHLwpdCubjuViPWFrCY2lYWhcp+F1A6i5AvlmYk HTTP/1.1" 200 25
181.55.68.25 - - [27/May/2022:17:01:04 -0500] "GET /kwssiamovil/sm/acme/a?s=U2FsdGVkX19OVm0evPl3E6BPrSO8zkcbV+fsBIMINBvvx42EXYzAF738hlKVmD/hDMADd6ZyrNYvHPhwhsQ9wgrY7ZEQffo7IsxVcqabOg62ZQbxYtcyYSnVWmVcpJUQ9GOYuFeK/pOD9X98cKbMrYCYYVlqai6iUtLNUneLjcSebGD/a/Vg++pl6jG+cleQMUy8gJstjg5ePonLlb6cBBKe9xM+uGuc+Vf5xMVwYBz8PktK+0YZtPtcSNlGbk6CqosYNCFoXBmda68fS6BJQhGKofsTQItS387Si42iKhrAWCZBNrHwLlMIrG9idYw63Eg1LZ1twz/uGnvBNFFx7nQkJGpr9KIEdkPvruMgHIYDglFvIXoiSbY5YprnSLYPuuseAmQkq3zueVJIay6fC18j+6UdzKbfA3xtU7w5CkWhsRk6yyKB9fKOQ0TrZprxHt5FpcMsaVIlT5ACUkS91o6yfyA8poENjgUrPUfuM3/+c+/PCfhZrYm39z9Fj8wzK0Wbd2M/O2wqXSTe8nZW5eIzNhlqYzy7yjlRGSoZFgLwVaYWYSjUBKUm6bPrdkCU6g/4N5zL7krJ0t8ihHlkNAkGGVOdIhL8H2w2oZuiv86PP8d/If6QAfeagwvWfLxCLcxlcOrI2oTJi1N3yhLVDIKxcKYxvoPHN/g7SSqGlmjzywynBrxkE3Kfo7gzkt8aQUOwaY8zXYQOAce8qfZS/KMPPjmbVPTI4RdFhO2z3CCtJY+yL1NKcwmdlbGX8ZjGS/7oPwJcsOoOIfON7y8AfPxEboPFnC/0Hj9F89EY4omNpbW6tcscvy+Y5h7xf1Cdp1C53PnhSH+6Fz5blQ6LmUr0UsE7I/el7RgpsOr7AAoRvtzKhE1PIZTSFm6EWeMCGZ+qDncWzJBOAufoNteABXRFlAbMvudREV2w2QwZAhUslzpiF7heKnuR1X+cHianqj5YDPN3x/RaI1hA279/o2LVGNcBTyDmZiL1vopwJe/6wZjdXicoMhSgP/z9CABMw4mVeV7zheFqbbPw+Ynp5yOUPQlx7/dKoe9FOnlaYd/gzWT9YT6+RTrsSbFeOZRx9kFeJdKXfmAbApNb3fpthmL47hN0CQM7djieVt+zvtB5hQHETjvb4i48s88EyToYitxZNG8Enmvle7Yfti4+cV6stq/fomCZyYLeHnRh7t3EpMeMsXgI/XTVCqYqWjnXq0BCVvatS0gb/Y7sbBhyHiCiffJjjgJIP0rQh+kjNa+djSCudQ6kK2lVRlF2oXWrIf+Hvb9+R7VusZplbwe48UWN68AG+orP6S2+8ZdSTp9RR2fzqvZZggTN6zeJapHH3FgbB6Lje4jFMN7Brk++EMAj05lWzp5oYx5Q8U0AxVQRqkcg1vhs99J+J1ZpYtq+6SkLysZJz5+8Ti+LWl+Mu7Ogg3GzbEuN4gNJhmKfAxB8IU7O6wA1kHkp8BDz85Bt11XYDxiCtjuKcBfY58Ogd4Qj3oVbkzY3uMw2On/fyHcipf96QUrIpDoEU3Zr+8WNiKLPv/+ymlwIBMBKFCMhfHQjD/tYtHDPfHe1mziLkwbHzFBFl+YGE5sXEmTl1kURdYwalSnEmQnIow2d+qGdKBO02TZ4teqwULPfoAVoJmcgfu5xyJctdyNdIuSNTpHYZm93ERF4UTPq4C0iH7lTB3QSyrwkcNQNXyQg6rs4w+qclEeu5x2Ow714TlSnoswAHxTQJIlg0ns6xq819G7lr2t5CgJImVkyqfjXpFKLKLouyhvJcLmwYWhN0HCoFS6SdWX+7MJl49HVpbFWk6raslUQAh81TIGbW2dp5cXuuik0rlMjDlzcjl8SCgHBzKpKullSdp7AGcoNKVV3SS56R00I4crJZDMqjEeezADGOOvTb+hpwcHd6v8LZjRfKGP1YjfO/kRmAHDTHVXPJjiCJd67L7rcp4QL6e9Va/LyxaVk1GQOdL2ywP21rcFDlKZcrICW4a0ZBS81x7gR6USoyQ+0uYUPuchrpY/dM9I+W+qZUb5R4B6gGmr/h2IC3zDI6DyS4tCBSKBrLOFzYpRFITIXklvbSt67IgbIfDhZXOU=&u=U2FsdGVkX1/JZpYGsn4XvrQ+C28vVAYlMihY+FSLkAo=&y=U2FsdGVkX1+ReOsA8slN13IxMzHLwpdCubjuViPWFrCY2lYWhcp+F1A6i5AvlmYk HTTP/1.1" 200 25
181.55.68.25 - - [27/May/2022:17:01:04 -0500] "GET /kwssiamovil/sm/acme/a?s=U2FsdGVkX1+aeXrgAwNy8xmWN/I67ucS2vBp5sTVzsX+gSjCKw+Mnzm4V6FcmlFhHK01D60Ix0r47xwqGYIKXWc+FvefxPATrrWpV2Tv61RQyZKcy8LUI4+S3BeC5gqvKWPZHkGcjDUB+04tZRzUo2rBBhGqHS8792sNUZqePyE=&u=U2FsdGVkX1/JZpYGsn4XvrQ+C28vVAYlMihY+FSLkAo=&y=U2FsdGVkX1+ReOsA8slN13IxMzHLwpdCubjuViPWFrCY2lYWhcp+F1A6i5AvlmYk HTTP/1.1" 200 25
181.55.68.25 - - [27/May/2022:17:01:05 -0500] "GET /kwssiamovil/sm/acme/a?s=U2FsdGVkX1+XcMGcByudlYKVN1Dsft105He1Mjh/y/WYz1ggWozQW3/Oh+ZfwatKM0l+TtnXoWH2MgJ9Oc/easCNapXO1skix8nJwN/4M+VsXaAaro/0S4YIZjy+lGhg9HSY+h/m0B6saR418JrMc9D4DZV7ilEEV8vTr7TGVtE=&u=U2FsdGVkX1/JZpYGsn4XvrQ+C28vVAYlMihY+FSLkAo=&y=U2FsdGVkX1+ReOsA8slN13IxMzHLwpdCubjuViPWFrCY2lYWhcp+F1A6i5AvlmYk HTTP/1.1" 200 25
181.55.68.25 - - [27/May/2022:17:01:05 -0500] "GET /kwssiamovil/sm/acme/a?s=U2FsdGVkX1+Rl8ff0gt3vvNhHQ3X34xO2j2G1bu0+nlE7jXphF6eyaF0+6GgYnFf0OCzbEoWlV3VVDmas6MC0pYM7U7J6583J9uYvvsXVw1XEbN1GTSqdPngkhvLEKMg3FBdMlIWntV1hKk4/4x1E/JCqUdQUFnhiTftpPA0KpE=&u=U2FsdGVkX1/JZpYGsn4XvrQ+C28vVAYlMihY+FSLkAo=&y=U2FsdGVkX1+ReOsA8slN13IxMzHLwpdCubjuViPWFrCY2lYWhcp+F1A6i5AvlmYk HTTP/1.1" 200 25
181.55.68.25 - - [27/May/2022:17:01:05 -0500] "GET /kwssiamovil/sm/acme/a?s=U2FsdGVkX1+HiaZMrdIt7dRsFMgTwmX9wyFqd1Ng8X59vOvt2+v3wexF3R1vmjWqXR7CFau/KElVnVyFKnxhxUJBVTLKIljkYuzIydobxyU+wWMfZpuW+54qXu3xfvWZGZrXvrqLLppX4DwfGOhk7KVg/TnVTWiYudls2hYLI54duCxHTmoJuZuB9UNC0D+2&u=U2FsdGVkX1/JZpYGsn4XvrQ+C28vVAYlMihY+FSLkAo=&y=U2FsdGVkX1+ReOsA8slN13IxMzHLwpdCubjuViPWFrCY2lYWhcp+F1A6i5AvlmYk HTTP/1.1" 200 25
200.118.64.109 - - [27/May/2022:17:01:31 -0500] "POST /forms/lservlet;jsessionid=ac16012b30d601a28701582045ed9f32fa2714337956.e3iSbxaKaheRe34MbxmQaheMbNz0n6jAmljGr5XDqQLvpAe HTTP/1.1" 200 2
200.118.64.109 - - [27/May/2022:17:01:31 -0500] "POST /forms/lservlet;jsessionid=ac16012b30d601a28701582045ed9f32fa2714337956.e3iSbxaKaheRe34MbxmQaheMbNz0n6jAmljGr5XDqQLvpAe HTTP/1.1" 200 2312
200.118.64.109 - - [27/May/2022:17:01:31 -0500] "POST /forms/lservlet;jsessionid=ac16012b30d601a28701582045ed9f32fa2714337956.e3iSbxaKaheRe34MbxmQaheMbNz0n6jAmljGr5XDqQLvpAe HTTP/1.1" 200 10
200.118.64.109 - - [27/May/2022:17:01:33 -0500] "POST /forms/lservlet;jsessionid=ac16012b30d601a28701582045ed9f32fa2714337956.e3iSbxaKaheRe34MbxmQaheMbNz0n6jAmljGr5XDqQLvpAe HTTP/1.1" 200 26
200.118.64.109 - - [27/May/2022:17:01:33 -0500] "POST /forms/lservlet;jsessionid=ac16012b30d601a28701582045ed9f32fa2714337956.e3iSbxaKaheRe34MbxmQaheMbNz0n6jAmljGr5XDqQLvpAe HTTP/1.1" 200 14
200.118.64.109 - - [27/May/2022:17:01:35 -0500] "POST /forms/lservlet;jsessionid=ac16012b30d601a28701582045ed9f32fa2714337956.e3iSbxaKaheRe34MbxmQaheMbNz0n6jAmljGr5XDqQLvpAe HTTP/1.1" 200 4489
200.118.64.109 - - [27/May/2022:17:01:36 -0500] "POST /forms/lservlet;jsessionid=ac16012b30d601a28701582045ed9f32fa2714337956.e3iSbxaKaheRe34MbxmQaheMbNz0n6jAmljGr5XDqQLvpAe HTTP/1.1" 200 2
172.22.2.4 - - [27/May/2022:16:59:59 -0500] "HEAD /BLA/boletinlegal/ HTTP/1.1" 200 -
200.118.64.109 - - [27/May/2022:17:01:53 -0500] "POST /forms/lservlet;jsessionid=ac16012b30d601a28701582045ed9f32fa2714337956.e3iSbxaKaheRe34MbxmQaheMbNz0n6jAmljGr5XDqQLvpAe HTTP/1.1" 200 2
200.118.64.109 - - [27/May/2022:17:01:53 -0500] "POST /forms/lservlet;jsessionid=ac16012b30d601a28701582045ed9f32fa2714337956.e3iSbxaKaheRe34MbxmQaheMbNz0n6jAmljGr5XDqQLvpAe HTTP/1.1" 200 14
216.245.221.92 - - [27/May/2022:17:01:55 -0500] "HEAD / HTTP/1.1" 200 -
200.118.64.109 - - [27/May/2022:17:01:55 -0500] "POST /forms/lservlet;jsessionid=ac16012b30d601a28701582045ed9f32fa2714337956.e3iSbxaKaheRe34MbxmQaheMbNz0n6jAmljGr5XDqQLvpAe HTTP/1.1" 200 14
200.118.64.109 - - [27/May/2022:17:01:56 -0500] "POST /forms/lservlet;jsessionid=ac16012b30d601a28701582045ed9f32fa2714337956.e3iSbxaKaheRe34MbxmQaheMbNz0n6jAmljGr5XDqQLvpAe HTTP/1.1" 200 14
200.118.64.109 - - [27/May/2022:17:01:57 -0500] "POST /forms/lservlet;jsessionid=ac16012b30d601a28701582045ed9f32fa2714337956.e3iSbxaKaheRe34MbxmQaheMbNz0n6jAmljGr5XDqQLvpAe HTTP/1.1" 200 14
200.118.64.109 - - [27/May/2022:17:01:59 -0500] "POST /forms/lservlet;jsessionid=ac16012b30d601a28701582045ed9f32fa2714337956.e3iSbxaKaheRe34MbxmQaheMbNz0n6jAmljGr5XDqQLvpAe HTTP/1.1" 200 108
200.118.64.109 - - [27/May/2022:17:02:00 -0500] "POST /forms/lservlet;jsessionid=ac16012b30d601a28701582045ed9f32fa2714337956.e3iSbxaKaheRe34MbxmQaheMbNz0n6jAmljGr5XDqQLvpAe HTTP/1.1" 200 2
200.118.64.109 - - [27/May/2022:17:02:00 -0500] "GET /reports/rwservlet/getjobid76600?server=repnomi HTTP/1.1" 200 48230
172.22.2.4 - - [27/May/2022:17:00:49 -0500] "GET /BLA/boletinlegal/ HTTP/1.1" 200 60973
201.245.192.253 - - [27/May/2022:17:02:33 -0500] "POST /sipse/faces/presentacion/financiero/solicitudProceso/detalleSolicitudProcesoOtrosPagos.xhtml HTTP/1.1" 200 39304
201.245.192.253 - - [27/May/2022:17:02:33 -0500] "GET /sipse/faces/javax.faces.resource/theme.css?ln=primefaces-sipse HTTP/1.1" 304 -
201.245.192.253 - - [27/May/2022:17:02:33 -0500] "GET /sipse/faces/javax.faces.resource/layout/layout.css?ln=primefaces&v=4.0 HTTP/1.1" 304 -
201.245.192.253 - - [27/May/2022:17:02:33 -0500] "GET /sipse/faces/javax.faces.resource/primefaces.css?ln=primefaces&v=4.0 HTTP/1.1" 304 -
201.245.192.253 - - [27/May/2022:17:02:33 -0500] "GET /sipse/css/imagen/contrasena.png HTTP/1.1" 404 383
201.245.192.253 - - [27/May/2022:17:02:33 -0500] "GET /sipse/faces/javax.faces.resource/jquery/jquery.js?ln=primefaces&v=4.0 HTTP/1.1" 304 -
201.245.192.253 - - [27/May/2022:17:02:33 -0500] "GET /sipse/faces/javax.faces.resource/jquery/jquery-plugins.js?ln=primefaces&v=4.0 HTTP/1.1" 304 -
201.245.192.253 - - [27/May/2022:17:02:33 -0500] "GET /sipse/faces/javax.faces.resource/primefaces.js?ln=primefaces&v=4.0 HTTP/1.1" 304 -
201.245.192.253 - - [27/May/2022:17:02:33 -0500] "GET /sipse/faces/javax.faces.resource/layout/layout.js?ln=primefaces&v=4.0 HTTP/1.1" 304 -
201.245.192.253 - - [27/May/2022:17:02:33 -0500] "POST /sipse/faces/presentacion/financiero/solicitudProceso/solicitudProcesoOtrosPagos.xhtml HTTP/1.1" 200 32687
201.245.192.253 - - [27/May/2022:17:02:34 -0500] "POST /sipse/faces/presentacion/financiero/solicitudProceso/solicitudProcesoOtrosPagos.xhtml HTTP/1.1" 200 32687
201.245.192.253 - - [27/May/2022:17:02:34 -0500] "POST /sipse/faces/presentacion/financiero/solicitudProceso/solicitudProcesoOtrosPagos.xhtml HTTP/1.1" 200 32687
201.245.192.253 - - [27/May/2022:17:02:34 -0500] "POST /sipse/faces/presentacion/financiero/solicitudProceso/solicitudProcesoOtrosPagos.xhtml HTTP/1.1" 200 32687
201.245.192.253 - - [27/May/2022:17:02:36 -0500] "POST /sipse/faces/presentacion/financiero/solicitudProceso/solicitudProcesoOtrosPagos.xhtml HTTP/1.1" 200 12977
201.245.192.253 - - [27/May/2022:17:02:38 -0500] "POST /sipse/faces/presentacion/financiero/solicitudProceso/solicitudProcesoOtrosPagos.xhtml HTTP/1.1" 200 12977
200.118.64.109 - - [27/May/2022:17:02:53 -0500] "POST /forms/lservlet;jsessionid=ac16012b30d601a28701582045ed9f32fa2714337956.e3iSbxaKaheRe34MbxmQaheMbNz0n6jAmljGr5XDqQLvpAe HTTP/1.1" 200 2
186.102.50.228 - - [27/May/2022:17:04:52 -0500] "GET /kwssiamovil/sm/ldap/au?x=U2FsdGVkX1/SBofs/d64R3cf+De/OUHKyCI6hjcR+4W6mKzoD6GgCsQynP/7fAZn&y=U2FsdGVkX1+RgbY+1t2G7BRam+M8n9ISvnRaqrEbd1AR8lTjFhP7X8tAOHw8MhsM HTTP/1.1" 200 30
186.102.50.228 - - [27/May/2022:17:04:52 -0500] "GET /kwssiamovil/sm/acme/s?s=U2FsdGVkX1+dTkzSIc8NL0raIlr9A0Dbuig1XeLEhPcHQyXl2WdDifm50LsH+yKDy5lsAfhOvQVGhKvg/NZh82ATUG1VPEUpYdD25gqVnYY=&u=U2FsdGVkX19G70hth7Eiyws0VOM97MW++tJC8gbfOw4=&y=U2FsdGVkX1+RgbY+1t2G7BRam+M8n9ISvnRaqrEbd1AR8lTjFhP7X8tAOHw8MhsM HTTP/1.1" 200 97
186.102.50.228 - - [27/May/2022:17:04:53 -0500] "GET /kwssiamovil/sm/acme/s?s=U2FsdGVkX1+hyQshlWUPcyDr1xrRrZNvb1fyehUNMlexPbvFdImCnKjg4ddoJy7kGWPGpiZF7kwWOkw4E+ytO1yMQci8g2o5OT83Gzki40yhNO/Yi3ipKV0SuVdHlCOh+X4045BQfCSITLeSxJ7f8Zfnq9KCZF6A3caAotVDZf49drabRXhEvE0XRr30btXhqC+eDmhMVHuynjKBkIvyUEe0v8yZxuX+65L6MpWtkUHTotzk9nRfv/FadF/y9n9ayqM+auk6U1TM4uQi+/E5SwOL+TXPb/ghnWWv15pO402QGmr/6YLb5uw6srePq43Oh5O5PwX2Oxkmlw/4R1JAf4MKchtEJAkLYbtDTONttZ7x/udRPkKNOsmm0kSnryK3r5OaG3lisyzsqdzE8ETnDB7AT16HIVUo/XmW4QyiXMl/vFbuR9SYGzChy9uliKFjFapIaMXYksHLuxEhyGBnfn+EGBphNh4Qgyd6I1sliunXfZaPjWYT//uHtmrcNuMNNJCoSNUakhUDmJ2Pv5tsyOG5fj4oIRLbYOtAXyvYyz9XrhfA7IukxTzHdmm1MbxgwuUBkHOmAvETOZjeia0fs98UArycGGDKhwnXaeAgpHTE+kG4RtahlyT2J+rN2qfbbI0mQqkId9gFAd0BrlvGDwK8ALlr4zXGn7lSqliL1qUAZxcAA5YApHAih4JVMnFfpDA+fF8Mz70zurClnFIMlEJKb9bIWTB+HJGHqbqjsNZduVSYG4pLu4m8wAs2C7OH0dr8dxQaJfj7+Y0FwpvEq9xR95OhLM5dtHmKuOsEXSzvGT/4YTc8p+LgIzcFCxms8euQnm+r+7lOzBlRiqlppvltoVMon8ux1H/Zqkh9wREIVws2pyY8zCJNicbO4id8ktMyUwcjJahk9WE87Yoy5ZN49rDuBHVM92lRRoHdQE2o3yLi25SnBMpXjMRHKXBhtwZUL0uH0P7jKghjhodVsY2/8Z94vkdcqNpdZsmq6u/IS8MDh3BX0UL0qJvW2T/gSTlGxHwfxuDczvqaqNpNEStLo2ZKIgw0MQLF/GlYsw2U0fD1ne4SWZubhm5boH7ed5C5d5DQMuW0ceC79cPAsH9nToIoIiMPnlnBSu4oxYNJTNdhnA6B+B8/wGhx0BjYF2Ud+i60n9X9x4bXeI73U0zi5cipLlp1Gs+JQlDy3wztVnqSb9C31orD5Tx0eMUQfupbBWhHi9dE7ymAtvlnb7Hi0q05M9AdeDY6m6YCrpNXi2V+0M+n1L1GRvwyJjYRygJHcY1kBUxy5ZJgDP22vWJ0Dnb2JzFe3eHUeZpe37G5HmKj0SpUqeQBoeDak+DCBKFZPIOLmUcyCr4H51SOxyvKgu0dUNc0MwEnsw487do=&u=U2FsdGVkX19G70hth7Eiyws0VOM97MW++tJC8gbfOw4=&y=U2FsdGVkX1+RgbY+1t2G7BRam+M8n9ISvnRaqrEbd1AR8lTjFhP7X8tAOHw8MhsM HTTP/1.1" 200 958
186.102.50.228 - - [27/May/2022:17:04:53 -0500] "GET /kwssiamovil/sm/acme/s?s=U2FsdGVkX1+gn2e+hNxAPk0O3iDrIDPemn7Q7bD701Q1dhOMuMC/KP3fXPQg62gf7I1+ncudDG7GBaGZVoh76p3jIrQzlLP76Cn5YAh4+R6sPFPQmqE3MX+wHpGfOyX2HSZXUw5/9fc+ELuT2YKUUgJLrLB8K75Q4II1i1kTMP08ChVsTmH2vDzHeQCL2OXkCPUC0hBZJNHtzHstheo56oMQakefX6/8FPJJz38jP09uWn2MZhZjr32eQ8nO0ylyZnKzEAynPLRGJXFgUeumSD6eT+GlYhiylXb3JE5b3ac=&u=U2FsdGVkX19G70hth7Eiyws0VOM97MW++tJC8gbfOw4=&y=U2FsdGVkX1+RgbY+1t2G7BRam+M8n9ISvnRaqrEbd1AR8lTjFhP7X8tAOHw8MhsM HTTP/1.1" 200 176
186.102.50.228 - - [27/May/2022:17:04:53 -0500] "GET /kwssiamovil/sm/cjson/pre?f=1&x=U2FsdGVkX1/SBofs/d64R3cf+De/OUHKyCI6hjcR+4W6mKzoD6GgCsQynP/7fAZn HTTP/1.1" 200 30992
200.118.64.109 - - [27/May/2022:17:04:54 -0500] "POST /forms/lservlet;jsessionid=ac16012b30d601a28701582045ed9f32fa2714337956.e3iSbxaKaheRe34MbxmQaheMbNz0n6jAmljGr5XDqQLvpAe HTTP/1.1" 200 2
66.249.65.17 - - [27/May/2022:17:05:34 -0500] "-" 408 -
200.118.64.109 - - [27/May/2022:17:06:54 -0500] "POST /forms/lservlet;jsessionid=ac16012b30d601a28701582045ed9f32fa2714337956.e3iSbxaKaheRe34MbxmQaheMbNz0n6jAmljGr5XDqQLvpAe HTTP/1.1" 200 2
216.245.221.92 - - [27/May/2022:17:06:55 -0500] "HEAD / HTTP/1.1" 200 -
207.46.13.146 - - [27/May/2022:17:07:22 -0500] "GET /bla/resoluciones/resoluciones%202012/1133.pdf HTTP/1.1" 200 1618798
157.55.39.8 - - [27/May/2022:17:07:23 -0500] "GET /bla/resoluciones/resoluciones%202012/1747.pdf HTTP/1.1" 200 1184714
172.22.2.4 - - [27/May/2022:17:05:49 -0500] "HEAD /BLA/boletinlegal/ HTTP/1.1" 200 -
74.125.210.59 - - [27/May/2022:17:07:33 -0500] "GET /reportes_sipse/imagenes/logoAplicacion.jpg HTTP/1.1" 200 26872
201.245.192.253 - - [27/May/2022:17:08:13 -0500] "POST /sipse/faces/presentacion/financiero/solicitudProceso/solicitudProcesoOtrosPagos.xhtml HTTP/1.1" 200 54337
201.245.192.253 - - [27/May/2022:17:08:13 -0500] "GET /sipse/faces/javax.faces.resource/theme.css?ln=primefaces-sipse HTTP/1.1" 304 -
201.245.192.253 - - [27/May/2022:17:08:13 -0500] "GET /sipse/faces/javax.faces.resource/layout/layout.css?ln=primefaces&v=4.0 HTTP/1.1" 304 -
201.245.192.253 - - [27/May/2022:17:08:13 -0500] "GET /sipse/faces/javax.faces.resource/primefaces.css?ln=primefaces&v=4.0 HTTP/1.1" 304 -
201.245.192.253 - - [27/May/2022:17:08:13 -0500] "GET /sipse/faces/javax.faces.resource/fileupload/fileupload.css?ln=primefaces&v=4.0 HTTP/1.1" 304 -
201.245.192.253 - - [27/May/2022:17:08:13 -0500] "GET /sipse/faces/javax.faces.resource/jquery/jquery.js?ln=primefaces&v=4.0 HTTP/1.1" 304 -
201.245.192.253 - - [27/May/2022:17:08:13 -0500] "GET /sipse/faces/javax.faces.resource/jquery/jquery-plugins.js?ln=primefaces&v=4.0 HTTP/1.1" 304 -
201.245.192.253 - - [27/May/2022:17:08:13 -0500] "GET /sipse/faces/javax.faces.resource/primefaces.js?ln=primefaces&v=4.0 HTTP/1.1" 304 -
201.245.192.253 - - [27/May/2022:17:08:13 -0500] "GET /sipse/faces/javax.faces.resource/layout/layout.js?ln=primefaces&v=4.0 HTTP/1.1" 304 -
201.245.192.253 - - [27/May/2022:17:08:13 -0500] "GET /sipse/faces/javax.faces.resource/fileupload/fileupload.js?ln=primefaces&v=4.0 HTTP/1.1" 304 -
201.245.192.253 - - [27/May/2022:17:08:13 -0500] "GET /sipse/css/imagen/contrasena.png HTTP/1.1" 404 383
172.22.2.4 - - [27/May/2022:17:06:39 -0500] "GET /BLA/boletinlegal/ HTTP/1.1" 200 57520
201.245.192.253 - - [27/May/2022:17:08:24 -0500] "POST /sipse/faces/presentacion/financiero/solicitudProceso/detalleSolicitudProcesoOtrosPagos.xhtml HTTP/1.1" 200 25082
201.245.192.253 - - [27/May/2022:17:08:24 -0500] "GET /sipse/faces/javax.faces.resource/theme.css?ln=primefaces-sipse HTTP/1.1" 304 -
201.245.192.253 - - [27/May/2022:17:08:24 -0500] "GET /sipse/faces/javax.faces.resource/primefaces.css?ln=primefaces&v=4.0 HTTP/1.1" 304 -
201.245.192.253 - - [27/May/2022:17:08:24 -0500] "GET /sipse/faces/javax.faces.resource/layout/layout.css?ln=primefaces&v=4.0 HTTP/1.1" 304 -
201.245.192.253 - - [27/May/2022:17:08:24 -0500] "GET /sipse/faces/javax.faces.resource/jquery/jquery.js?ln=primefaces&v=4.0 HTTP/1.1" 304 -
201.245.192.253 - - [27/May/2022:17:08:24 -0500] "GET /sipse/faces/javax.faces.resource/jquery/jquery-plugins.js?ln=primefaces&v=4.0 HTTP/1.1" 304 -
201.245.192.253 - - [27/May/2022:17:08:24 -0500] "GET /sipse/faces/javax.faces.resource/primefaces.js?ln=primefaces&v=4.0 HTTP/1.1" 304 -
201.245.192.253 - - [27/May/2022:17:08:24 -0500] "GET /sipse/faces/javax.faces.resource/layout/layout.js?ln=primefaces&v=4.0 HTTP/1.1" 304 -
201.245.192.253 - - [27/May/2022:17:08:24 -0500] "GET /sipse/css/imagen/contrasena.png HTTP/1.1" 404 383
200.118.64.109 - - [27/May/2022:17:08:47 -0500] "POST /forms/lservlet;jsessionid=ac16012b30d601a28701582045ed9f32fa2714337956.e3iSbxaKaheRe34MbxmQaheMbNz0n6jAmljGr5XDqQLvpAe HTTP/1.1" 200 2
200.118.64.109 - - [27/May/2022:17:08:47 -0500] "POST /forms/lservlet;jsessionid=ac16012b30d601a28701582045ed9f32fa2714337956.e3iSbxaKaheRe34MbxmQaheMbNz0n6jAmljGr5XDqQLvpAe HTTP/1.1" 200 14
200.118.64.109 - - [27/May/2022:17:08:48 -0500] "POST /forms/lservlet;jsessionid=ac16012b30d601a28701582045ed9f32fa2714337956.e3iSbxaKaheRe34MbxmQaheMbNz0n6jAmljGr5XDqQLvpAe HTTP/1.1" 200 14
200.118.64.109 - - [27/May/2022:17:08:49 -0500] "POST /forms/lservlet;jsessionid=ac16012b30d601a28701582045ed9f32fa2714337956.e3iSbxaKaheRe34MbxmQaheMbNz0n6jAmljGr5XDqQLvpAe HTTP/1.1" 200 112
200.118.64.109 - - [27/May/2022:17:08:49 -0500] "POST /forms/lservlet;jsessionid=ac16012b30d601a28701582045ed9f32fa2714337956.e3iSbxaKaheRe34MbxmQaheMbNz0n6jAmljGr5XDqQLvpAe HTTP/1.1" 200 2
200.118.64.109 - - [27/May/2022:17:08:50 -0500] "GET /reports/rwservlet/getjobid76601?server=repnomi HTTP/1.1" 200 47721
200.118.64.109 - - [27/May/2022:17:08:54 -0500] "POST /forms/lservlet;jsessionid=ac16012b30d601a28701582045ed9f32fa2714337956.e3iSbxaKaheRe34MbxmQaheMbNz0n6jAmljGr5XDqQLvpAe HTTP/1.1" 200 2
201.245.192.253 - - [27/May/2022:17:08:57 -0500] "GET /sipse/faces/javax.faces.resource/theme.css?ln=primefaces-sipse HTTP/1.1" 304 -
201.245.192.253 - - [27/May/2022:17:08:57 -0500] "GET /sipse/faces/javax.faces.resource/primefaces.css?ln=primefaces&v=4.0 HTTP/1.1" 304 -
201.245.192.253 - - [27/May/2022:17:08:57 -0500] "GET /sipse/faces/javax.faces.resource/layout/layout.css?ln=primefaces&v=4.0 HTTP/1.1" 304 -
201.245.192.253 - - [27/May/2022:17:08:57 -0500] "GET /sipse/faces/javax.faces.resource/fileupload/fileupload.css?ln=primefaces&v=4.0 HTTP/1.1" 304 -
201.245.192.253 - - [27/May/2022:17:08:57 -0500] "GET /sipse/faces/javax.faces.resource/jquery/jquery.js?ln=primefaces&v=4.0 HTTP/1.1" 304 -
201.245.192.253 - - [27/May/2022:17:08:57 -0500] "GET /sipse/faces/javax.faces.resource/jquery/jquery-plugins.js?ln=primefaces&v=4.0 HTTP/1.1" 304 -
201.245.192.253 - - [27/May/2022:17:08:57 -0500] "GET /sipse/faces/javax.faces.resource/primefaces.js?ln=primefaces&v=4.0 HTTP/1.1" 304 -
201.245.192.253 - - [27/May/2022:17:08:57 -0500] "GET /sipse/faces/javax.faces.resource/layout/layout.js?ln=primefaces&v=4.0 HTTP/1.1" 304 -
201.245.192.253 - - [27/May/2022:17:08:57 -0500] "GET /sipse/faces/javax.faces.resource/fileupload/fileupload.js?ln=primefaces&v=4.0 HTTP/1.1" 304 -
201.245.192.253 - - [27/May/2022:17:08:57 -0500] "POST /sipse/faces/presentacion/financiero/solicitudProceso/consultarHistorialSolProceso.xhtml HTTP/1.1" 200 60084
201.245.192.253 - - [27/May/2022:17:08:57 -0500] "GET /sipse/faces/javax.faces.resource/images/ui-icons_898989_256x240.png?ln=primefaces-aristo HTTP/1.1" 304 -
201.245.192.253 - - [27/May/2022:17:08:57 -0500] "GET /sipse/css/imagen/contrasena.png HTTP/1.1" 404 383
201.245.192.253 - - [27/May/2022:17:09:01 -0500] "GET /sipse/faces/javax.faces.resource/images/ui-bg_flat_0_2d5972_40x100.png?ln=primefaces-aristo HTTP/1.1" 304 -
201.245.192.253 - - [27/May/2022:17:09:01 -0500] "POST /sipse/faces/presentacion/financiero/solicitudProceso/detalleSolicitudProcesoOtrosPagos.xhtml HTTP/1.1" 200 190
201.245.192.253 - - [27/May/2022:17:09:01 -0500] "GET /sipse/faces/javax.faces.resource/theme.css?ln=primefaces-sipse HTTP/1.1" 304 -
201.245.192.253 - - [27/May/2022:17:09:01 -0500] "GET /sipse/faces/javax.faces.resource/primefaces.css?ln=primefaces&v=4.0 HTTP/1.1" 304 -
201.245.192.253 - - [27/May/2022:17:09:01 -0500] "GET /sipse/faces/javax.faces.resource/layout/layout.css?ln=primefaces&v=4.0 HTTP/1.1" 304 -
201.245.192.253 - - [27/May/2022:17:09:01 -0500] "GET /sipse/faces/javax.faces.resource/jquery/jquery.js?ln=primefaces&v=4.0 HTTP/1.1" 304 -
201.245.192.253 - - [27/May/2022:17:09:01 -0500] "GET /sipse/faces/javax.faces.resource/jquery/jquery-plugins.js?ln=primefaces&v=4.0 HTTP/1.1" 304 -
201.245.192.253 - - [27/May/2022:17:09:01 -0500] "GET /sipse/faces/javax.faces.resource/primefaces.js?ln=primefaces&v=4.0 HTTP/1.1" 304 -
201.245.192.253 - - [27/May/2022:17:09:01 -0500] "GET /sipse/faces/javax.faces.resource/layout/layout.js?ln=primefaces&v=4.0 HTTP/1.1" 304 -
201.245.192.253 - - [27/May/2022:17:09:01 -0500] "GET /sipse/faces/presentacion/financiero/solicitudProceso/solicitudProcesoOtrosPagos.xhtml HTTP/1.1" 200 39305
201.245.192.253 - - [27/May/2022:17:09:01 -0500] "GET /sipse/css/imagen/contrasena.png HTTP/1.1" 404 383
201.245.192.253 - - [27/May/2022:17:09:01 -0500] "GET /sipse/faces/javax.faces.resource/messages/messages.png?ln=primefaces&v=4.0 HTTP/1.1" 304 -
201.245.192.253 - - [27/May/2022:17:09:01 -0500] "GET /sipse/faces/javax.faces.resource/images/ui-icons_898989_256x240.png?ln=primefaces-aristo HTTP/1.1" 304 -
201.245.192.253 - - [27/May/2022:17:09:06 -0500] "GET /sipse/faces/javax.faces.resource/images/ui-bg_flat_0_2d5972_40x100.png?ln=primefaces-aristo HTTP/1.1" 304 -
201.245.192.253 - - [27/May/2022:17:09:06 -0500] "POST /sipse/faces/presentacion/financiero/solicitudProceso/solicitudProcesoOtrosPagos.xhtml HTTP/1.1" 200 53548
201.245.192.253 - - [27/May/2022:17:09:06 -0500] "GET /sipse/faces/javax.faces.resource/theme.css?ln=primefaces-sipse HTTP/1.1" 304 -
201.245.192.253 - - [27/May/2022:17:09:06 -0500] "GET /sipse/faces/javax.faces.resource/primefaces.css?ln=primefaces&v=4.0 HTTP/1.1" 304 -
201.245.192.253 - - [27/May/2022:17:09:06 -0500] "GET /sipse/faces/javax.faces.resource/layout/layout.css?ln=primefaces&v=4.0 HTTP/1.1" 304 -
201.245.192.253 - - [27/May/2022:17:09:06 -0500] "GET /sipse/faces/javax.faces.resource/fileupload/fileupload.css?ln=primefaces&v=4.0 HTTP/1.1" 304 -
201.245.192.253 - - [27/May/2022:17:09:07 -0500] "GET /sipse/faces/javax.faces.resource/jquery/jquery.js?ln=primefaces&v=4.0 HTTP/1.1" 304 -
201.245.192.253 - - [27/May/2022:17:09:07 -0500] "GET /sipse/faces/javax.faces.resource/jquery/jquery-plugins.js?ln=primefaces&v=4.0 HTTP/1.1" 304 -
201.245.192.253 - - [27/May/2022:17:09:07 -0500] "GET /sipse/faces/javax.faces.resource/primefaces.js?ln=primefaces&v=4.0 HTTP/1.1" 304 -
201.245.192.253 - - [27/May/2022:17:09:07 -0500] "GET /sipse/faces/javax.faces.resource/layout/layout.js?ln=primefaces&v=4.0 HTTP/1.1" 304 -
201.245.192.253 - - [27/May/2022:17:09:07 -0500] "GET /sipse/faces/javax.faces.resource/fileupload/fileupload.js?ln=primefaces&v=4.0 HTTP/1.1" 304 -
201.245.192.253 - - [27/May/2022:17:09:07 -0500] "GET /sipse/css/imagen/contrasena.png HTTP/1.1" 404 383
201.245.192.253 - - [27/May/2022:17:09:12 -0500] "POST /sipse/faces/presentacion/financiero/solicitudProceso/detalleSolicitudProcesoOtrosPagos.xhtml HTTP/1.1" 200 27708
201.245.192.253 - - [27/May/2022:17:09:12 -0500] "GET /sipse/faces/javax.faces.resource/theme.css?ln=primefaces-sipse HTTP/1.1" 304 -
201.245.192.253 - - [27/May/2022:17:09:13 -0500] "GET /sipse/faces/javax.faces.resource/primefaces.css?ln=primefaces&v=4.0 HTTP/1.1" 304 -
201.245.192.253 - - [27/May/2022:17:09:13 -0500] "GET /sipse/faces/javax.faces.resource/layout/layout.css?ln=primefaces&v=4.0 HTTP/1.1" 304 -
201.245.192.253 - - [27/May/2022:17:09:13 -0500] "GET /sipse/faces/javax.faces.resource/jquery/jquery.js?ln=primefaces&v=4.0 HTTP/1.1" 304 -
201.245.192.253 - - [27/May/2022:17:09:13 -0500] "GET /sipse/faces/javax.faces.resource/jquery/jquery-plugins.js?ln=primefaces&v=4.0 HTTP/1.1" 304 -
201.245.192.253 - - [27/May/2022:17:09:13 -0500] "GET /sipse/faces/javax.faces.resource/primefaces.js?ln=primefaces&v=4.0 HTTP/1.1" 304 -
201.245.192.253 - - [27/May/2022:17:09:13 -0500] "GET /sipse/faces/javax.faces.resource/layout/layout.js?ln=primefaces&v=4.0 HTTP/1.1" 304 -
201.245.192.253 - - [27/May/2022:17:09:13 -0500] "GET /sipse/css/imagen/contrasena.png HTTP/1.1" 404 383
201.245.192.253 - - [27/May/2022:17:09:20 -0500] "GET /sipse/faces/javax.faces.resource/layout/layout.css?ln=primefaces&v=4.0 HTTP/1.1" 304 -
201.245.192.253 - - [27/May/2022:17:09:20 -0500] "GET /sipse/faces/javax.faces.resource/primefaces.css?ln=primefaces&v=4.0 HTTP/1.1" 304 -
201.245.192.253 - - [27/May/2022:17:09:20 -0500] "GET /sipse/faces/javax.faces.resource/theme.css?ln=primefaces-sipse HTTP/1.1" 304 -
201.245.192.253 - - [27/May/2022:17:09:20 -0500] "GET /sipse/faces/javax.faces.resource/fileupload/fileupload.css?ln=primefaces&v=4.0 HTTP/1.1" 304 -
201.245.192.253 - - [27/May/2022:17:09:20 -0500] "GET /sipse/faces/javax.faces.resource/jquery/jquery.js?ln=primefaces&v=4.0 HTTP/1.1" 304 -
201.245.192.253 - - [27/May/2022:17:09:20 -0500] "GET /sipse/faces/javax.faces.resource/jquery/jquery-plugins.js?ln=primefaces&v=4.0 HTTP/1.1" 304 -
201.245.192.253 - - [27/May/2022:17:09:20 -0500] "GET /sipse/faces/javax.faces.resource/primefaces.js?ln=primefaces&v=4.0 HTTP/1.1" 304 -
201.245.192.253 - - [27/May/2022:17:09:20 -0500] "GET /sipse/faces/javax.faces.resource/layout/layout.js?ln=primefaces&v=4.0 HTTP/1.1" 304 -
201.245.192.253 - - [27/May/2022:17:09:20 -0500] "GET /sipse/faces/javax.faces.resource/fileupload/fileupload.js?ln=primefaces&v=4.0 HTTP/1.1" 304 -
201.245.192.253 - - [27/May/2022:17:09:20 -0500] "POST /sipse/faces/presentacion/financiero/solicitudProceso/consultarHistorialSolProceso.xhtml HTTP/1.1" 200 59271
201.245.192.253 - - [27/May/2022:17:09:20 -0500] "GET /sipse/css/imagen/contrasena.png HTTP/1.1" 404 383
