172.22.2.4 - - [28/May/2022:07:51:24 -0500] "GET /BLA/boletinlegal/img/select-left.png HTTP/1.1" 200 263
172.22.2.4 - - [28/May/2022:07:51:24 -0500] "GET /BLA/boletinlegal/img/0.png HTTP/1.1" 200 110
172.22.2.4 - - [28/May/2022:07:51:24 -0500] "GET /BLA/boletinlegal/img/button-right.png HTTP/1.1" 200 57878
172.22.2.4 - - [28/May/2022:07:51:24 -0500] "GET /BLA/boletinlegal/img/button.png HTTP/1.1" 200 43241
172.22.2.4 - - [28/May/2022:07:51:24 -0500] "GET /BLA/boletinlegal/favicon.ico HTTP/1.1" 404 1326
172.22.2.4 - - [28/May/2022:07:51:34 -0500] "GET /BLA/boletinlegal/consulta_actos.php?tipo=autos&no=3766&usuario=&sector=&fecha=2011&resuelve= HTTP/1.1" 200 1041
172.22.2.4 - - [28/May/2022:07:51:34 -0500] "GET /BLA/boletinlegal/images/pdf.gif HTTP/1.1" 200 567
216.245.221.92 - - [28/May/2022:07:51:53 -0500] "HEAD / HTTP/1.1" 200 -
172.22.2.4 - - [28/May/2022:07:51:22 -0500] "GET /BLA/boletinlegal/ HTTP/1.1" 200 24523
207.46.13.179 - - [28/May/2022:07:53:44 -0500] "GET /bla/resoluciones/resoluciones%202012/1798.pdf HTTP/1.1" 200 448225
191.96.150.226 - - [28/May/2022:07:54:38 -0500] "GET /wp-login.php HTTP/1.1" 404 1018
172.22.2.4 - - [28/May/2022:07:54:36 -0500] "HEAD /BLA/boletinlegal/ HTTP/1.1" 200 -
186.102.53.181 - - [28/May/2022:07:56:35 -0500] "GET /secretaria-de-ambiente-y-sena-abren-curso-de-jardines-verticales.html HTTP/1.1" 200 734
216.245.221.92 - - [28/May/2022:07:56:53 -0500] "HEAD / HTTP/1.1" 200 -
172.22.2.4 - - [28/May/2022:07:55:27 -0500] "GET /BLA/boletinlegal/ HTTP/1.1" 200 53421
173.252.87.21 - - [28/May/2022:07:59:07 -0500] "GET /images/jornadas-llantas-usadas-23-mayo.jpg HTTP/1.1" 200 148376
207.46.13.146 - - [28/May/2022:08:00:15 -0500] "GET /bla/resoluciones/resoluciones%202012/0612.pdf HTTP/1.1" 200 405807
193.106.191.48 - - [28/May/2022:08:00:25 -0500] "-" 408 -
216.245.221.92 - - [28/May/2022:08:01:53 -0500] "HEAD / HTTP/1.1" 200 -
172.22.2.4 - - [28/May/2022:08:00:28 -0500] "HEAD /BLA/boletinlegal/ HTTP/1.1" 200 -
190.26.152.150 - - [28/May/2022:08:02:13 -0500] "GET /isolucionsda/ControlDeInicio.asp HTTP/1.1" 200 2478
190.26.152.150 - - [28/May/2022:08:02:13 -0500] "GET /img/logoLogin.png HTTP/1.1" 404 1310
190.26.152.150 - - [28/May/2022:08:02:14 -0500] "GET /favicon.ico HTTP/1.1" 200 7782
172.22.2.4 - - [28/May/2022:08:01:18 -0500] "GET /BLA/boletinlegal/ HTTP/1.1" 200 60973
157.55.39.8 - - [28/May/2022:08:03:57 -0500] "GET /bla/resoluciones/resoluciones%202012/0172.pdf HTTP/1.1" 200 175698
40.77.167.102 - - [28/May/2022:08:04:02 -0500] "-" 408 -
157.55.39.43 - - [28/May/2022:08:04:47 -0500] "GET /galeria/galeria/fotos/GuaymaralTorca3G.jpg HTTP/1.1" 200 330310
207.46.13.146 - - [28/May/2022:08:04:56 -0500] "GET /bla/resoluciones/resoluciones%202012/1892.pdf HTTP/1.1" 200 364555
185.142.236.41 - - [28/May/2022:08:06:10 -0500] "-" 408 -
173.252.107.7 - - [28/May/2022:08:06:30 -0500] "GET /images/jardines-verticales-plantas-24-mayo.jpg HTTP/1.1" 200 148288
216.245.221.92 - - [28/May/2022:08:06:53 -0500] "HEAD / HTTP/1.1" 200 -
172.22.2.4 - - [28/May/2022:08:06:18 -0500] "HEAD /BLA/boletinlegal/ HTTP/1.1" 200 -
157.55.39.127 - - [28/May/2022:08:08:11 -0500] "GET /bla/resoluciones/resoluciones%201998/RESOLUCION%201127%20DE%201998.pdf HTTP/1.1" 200 118947
172.22.2.4 - - [28/May/2022:08:07:08 -0500] "GET /BLA/boletinlegal/ HTTP/1.1" 200 59646
157.55.39.43 - - [28/May/2022:08:08:49 -0500] "GET /bla/resoluciones/resoluciones%202012/0664.pdf HTTP/1.1" 200 302460
157.55.39.127 - - [28/May/2022:08:09:01 -0500] "GET /bla/resoluciones/resoluciones%202012/0057.pdf HTTP/1.1" 200 9472671
193.106.191.48 - - [28/May/2022:08:09:48 -0500] "GET /index.php?s=/Index/\\think\\app/invokefunction&function=call_user_func_array&vars[0]=md5&vars[1][]=HelloThinkPHP21 HTTP/1.1" 404 1018
173.252.107.116 - - [28/May/2022:08:10:39 -0500] "GET /images/bogota-polvo-sahara-23-mayo.jpg HTTP/1.1" 200 35039
69.63.184.4 - - [28/May/2022:08:10:40 -0500] "GET /images/feria-servicios-tramites-19-mayo.jpg HTTP/1.1" 200 40581
173.252.107.5 - - [28/May/2022:08:10:43 -0500] "GET /images/dia-rio-bogota-12-mayo.jpg HTTP/1.1" 200 44387
173.252.107.13 - - [28/May/2022:08:10:46 -0500] "GET /images/RCD1.jpg HTTP/1.1" 200 195843
69.171.249.2 - - [28/May/2022:08:10:50 -0500] "GET /images/actividades-dia-tierra-22-abril.jpg HTTP/1.1" 200 77276
69.171.251.4 - - [28/May/2022:08:10:53 -0500] "GET /images/bogota-ciudad-pac28-enero.jpg HTTP/1.1" 200 42642
69.63.189.1 - - [28/May/2022:08:10:57 -0500] "GET /images/estacion-monitoreo-usme-29-marzo.jpg HTTP/1.1" 200 30383
69.63.189.117 - - [28/May/2022:08:10:57 -0500] "GET /images/feria-servicios-cuidamos-bogota-31-marzo.jpg HTTP/1.1" 200 109745
69.63.189.1 - - [28/May/2022:08:10:59 -0500] "GET /images/negocios-verdes-emprendimientos-24-marzo.jpg HTTP/1.1" 200 54522
173.252.107.8 - - [28/May/2022:08:11:00 -0500] "GET /images/rueda-prensa-lluvias-secretaria-principal-23-marzo.jpg HTTP/1.1" 200 42664
173.252.107.14 - - [28/May/2022:08:11:07 -0500] "GET /images/feria-servicios-3-marzo.jpg HTTP/1.1" 200 39802
157.55.39.43 - - [28/May/2022:08:11:38 -0500] "GET /BLA/resoluciones/AUTOS%202013/1496.pdf HTTP/1.1" 304 -
216.245.221.92 - - [28/May/2022:08:11:53 -0500] "HEAD / HTTP/1.1" 200 -
172.22.2.4 - - [28/May/2022:08:12:08 -0500] "HEAD /BLA/boletinlegal/ HTTP/1.1" 200 -
172.22.2.4 - - [28/May/2022:08:12:58 -0500] "GET /BLA/boletinlegal/ HTTP/1.1" 200 60973
157.55.39.127 - - [28/May/2022:08:15:12 -0500] "GET /bla/resoluciones/resoluciones%202012/1540.pdf HTTP/1.1" 200 809481
42.236.10.113 - - [28/May/2022:08:16:06 -0500] "GET /portaldeninos/ HTTP/1.1" 200 109662
216.245.221.92 - - [28/May/2022:08:16:53 -0500] "HEAD / HTTP/1.1" 200 -
157.55.39.127 - - [28/May/2022:08:17:52 -0500] "GET /sipse/faces/faces/autenticacion.xhtml HTTP/1.1" 200 12492
87.250.224.146 - - [28/May/2022:08:19:00 -0500] "-" 408 -
87.250.224.23 - - [28/May/2022:08:19:05 -0500] "-" 408 -
87.250.224.5 - - [28/May/2022:08:19:11 -0500] "-" 408 -
5.255.253.115 - - [28/May/2022:08:19:16 -0500] "-" 408 -
5.45.207.97 - - [28/May/2022:08:19:31 -0500] "-" 408 -
172.22.2.4 - - [28/May/2022:08:17:58 -0500] "HEAD /BLA/boletinlegal/ HTTP/1.1" 200 -
87.250.224.147 - - [28/May/2022:08:19:46 -0500] "-" 408 -
5.45.207.139 - - [28/May/2022:08:20:17 -0500] "-" 408 -
172.22.2.4 - - [28/May/2022:08:18:49 -0500] "GET /BLA/boletinlegal/ HTTP/1.1" 200 59075
66.249.65.15 - - [28/May/2022:08:20:40 -0500] "-" 408 -
31.13.127.16 - - [28/May/2022:08:21:14 -0500] "GET /images/energia-eficiencia-26-mayo.jpg HTTP/1.1" 200 46417
5.45.207.134 - - [28/May/2022:08:21:16 -0500] "-" 408 -
207.46.13.146 - - [28/May/2022:08:21:27 -0500] "GET /bla/resoluciones/resoluciones%202012/1555.pdf HTTP/1.1" 200 3303513
216.245.221.92 - - [28/May/2022:08:21:52 -0500] "HEAD / HTTP/1.1" 200 -
87.250.224.85 - - [28/May/2022:08:22:16 -0500] "-" 408 -
173.252.87.4 - - [28/May/2022:08:22:25 -0500] "GET /images/FaunaOAB.jpg HTTP/1.1" 200 467631
173.252.111.15 - - [28/May/2022:08:22:25 -0500] "GET /images/FaunaOAB.jpg HTTP/1.1" 200 467631
173.252.127.24 - - [28/May/2022:08:22:25 -0500] "GET /images/FaunaOAB.jpg HTTP/1.1" 200 467631
31.13.103.4 - - [28/May/2022:08:22:25 -0500] "GET /images/FaunaOAB.jpg HTTP/1.1" 200 467631
66.220.149.7 - - [28/May/2022:08:22:25 -0500] "GET /images/FaunaOAB.jpg HTTP/1.1" 200 467631
31.13.127.14 - - [28/May/2022:08:22:25 -0500] "GET /images/FaunaOAB.jpg HTTP/1.1" 200 467631
173.252.79.11 - - [28/May/2022:08:22:26 -0500] "GET /images/FaunaOAB.jpg HTTP/1.1" 200 467631
66.220.149.117 - - [28/May/2022:08:22:26 -0500] "GET /images/FaunaOAB.jpg HTTP/1.1" 200 467631
201.245.192.253 - - [28/May/2022:08:21:40 -0500] "POST /kwsrmcab/Wsrmcab HTTP/1.1" 200 46808
69.171.251.24 - - [28/May/2022:08:23:09 -0500] "GET /images/FaunaOAB.jpg HTTP/1.1" 200 467631
173.252.111.4 - - [28/May/2022:08:23:09 -0500] "GET /images/FaunaOAB.jpg HTTP/1.1" 200 467631
173.252.127.23 - - [28/May/2022:08:23:09 -0500] "GET /images/FaunaOAB.jpg HTTP/1.1" 200 467631
201.245.192.253 - - [28/May/2022:08:22:27 -0500] "POST /kwsrmcab/Wsrmcab HTTP/1.1" 200 47119
173.252.127.5 - - [28/May/2022:08:23:29 -0500] "GET /images/facebook-live-ivc-MAYO27.png HTTP/1.1" 200 480404
157.55.39.43 - - [28/May/2022:08:23:30 -0500] "GET /bla/resoluciones/resoluciones%202012/0329.pdf HTTP/1.1" 200 285292
173.252.111.22 - - [28/May/2022:08:23:44 -0500] "GET /images/FaunaOAB.jpg HTTP/1.1" 200 467631
31.13.115.24 - - [28/May/2022:08:23:44 -0500] "GET /images/FaunaOAB.jpg HTTP/1.1" 200 467631
87.250.224.35 - - [28/May/2022:08:24:16 -0500] "-" 408 -
172.22.2.4 - - [28/May/2022:08:23:49 -0500] "HEAD /BLA/boletinlegal/ HTTP/1.1" 200 -
172.22.2.4 - - [28/May/2022:08:24:39 -0500] "GET /BLA/boletinlegal/ HTTP/1.1" 200 58029
216.245.221.92 - - [28/May/2022:08:26:53 -0500] "HEAD / HTTP/1.1" 200 -
157.55.39.43 - - [28/May/2022:08:27:11 -0500] "GET /bla/resoluciones/resoluciones%202012/0971.pdf HTTP/1.1" 200 493374
87.250.224.159 - - [28/May/2022:08:27:16 -0500] "-" 408 -
66.249.65.13 - - [28/May/2022:08:28:43 -0500] "-" 408 -
207.46.13.179 - - [28/May/2022:08:30:18 -0500] "GET /bla/resoluciones/resoluciones%202012/0975.pdf HTTP/1.1" 200 704977
191.156.50.100 - - [28/May/2022:08:30:29 -0500] "GET /secretaria-de-ambiente-y-sena-abren-curso-de-jardines-verticales.html HTTP/1.1" 304 -
207.46.13.146 - - [28/May/2022:08:30:38 -0500] "GET /bla/resoluciones/resoluciones%202012/0366.pdf HTTP/1.1" 200 264632
172.22.2.4 - - [28/May/2022:08:31:00 -0500] "GET /BLA/boletinlegal/actos.php HTTP/1.1" 200 9559
200.2.67.31 - - [28/May/2022:08:31:02 -0500] "GET /BLA/resoluciones/ HTTP/1.1" 200 13093
200.2.67.31 - - [28/May/2022:08:31:09 -0500] "GET /BLA/resoluciones/index.php?dir=RESOLUCIONES+2018%2F HTTP/1.1" 200 265312
172.22.2.4 - - [28/May/2022:08:29:39 -0500] "HEAD /BLA/boletinlegal/ HTTP/1.1" 200 -
216.245.221.92 - - [28/May/2022:08:31:53 -0500] "HEAD / HTTP/1.1" 200 -
172.22.2.4 - - [28/May/2022:08:30:29 -0500] "GET /BLA/boletinlegal/ HTTP/1.1" 200 47890
173.252.83.18 - - [28/May/2022:08:32:09 -0500] "GET /images/facebook-live-ivc-MAYO27.png HTTP/1.1" 200 480404
172.22.2.4 - - [28/May/2022:08:30:57 -0500] "GET /BLA/boletinlegal/ HTTP/1.1" 200 36811
173.252.107.117 - - [28/May/2022:08:32:21 -0500] "GET /indicadores-de-fauna-silvestre-en-el-observatorio-ambiental-de-bogota.html HTTP/1.1" 206 949
173.252.107.117 - - [28/May/2022:08:32:21 -0500] "GET /indicadores-de-fauna-silvestre-en-el-observatorio-ambiental-de-bogota.html HTTP/1.1" 206 949
173.252.107.13 - - [28/May/2022:08:32:22 -0500] "GET /indicadores-de-fauna-silvestre-en-el-observatorio-ambiental-de-bogota.html HTTP/1.1" 206 949
201.245.192.253 - - [28/May/2022:08:31:40 -0500] "POST /kwsrmcab/Wsrmcab HTTP/1.1" 200 46808
201.245.192.253 - - [28/May/2022:08:32:27 -0500] "POST /kwsrmcab/Wsrmcab HTTP/1.1" 200 47119
156.206.178.203 - - [28/May/2022:08:33:24 -0500] "GET / HTTP/1.1" 200 319
186.83.246.254 - - [28/May/2022:08:35:52 -0500] "GET /portaldeninos/ HTTP/1.1" 200 109662
186.83.246.254 - - [28/May/2022:08:35:54 -0500] "GET /portaldeninos/wp-content/uploads/useanyfont/uaf.css?ver=1589905315 HTTP/1.1" 200 408
186.83.246.254 - - [28/May/2022:08:35:54 -0500] "GET /portaldeninos/wp-content/themes/betheme/style.css?ver=20.9.6 HTTP/1.1" 200 287
186.83.246.254 - - [28/May/2022:08:35:54 -0500] "GET /portaldeninos/wp-includes/js/wp-emoji-release.min.js?ver=4.9.8 HTTP/1.1" 200 12026
186.83.246.254 - - [28/May/2022:08:35:54 -0500] "GET /portaldeninos/wp-content/plugins/gallery-videos/CSS/Total-Soft-Gallery-Video-Widget.css?ver=4.9.8 HTTP/1.1" 200 51554
186.83.246.254 - - [28/May/2022:08:35:54 -0500] "GET /portaldeninos/wp-content/plugins/gallery-videos/CSS/totalsoft.css?ver=4.9.8 HTTP/1.1" 200 40622
186.83.246.254 - - [28/May/2022:08:35:54 -0500] "GET /portaldeninos/wp-content/themes/betheme/css/base.css?ver=20.9.6 HTTP/1.1" 200 57283
186.83.246.254 - - [28/May/2022:08:35:54 -0500] "GET /portaldeninos/wp-content/themes/betheme/assets/animations/animations.min.css?ver=20.9.6 HTTP/1.1" 200 58508
186.83.246.254 - - [28/May/2022:08:35:54 -0500] "GET /portaldeninos/wp-content/themes/betheme/assets/ui/jquery.ui.all.css?ver=20.9.6 HTTP/1.1" 200 18765
186.83.246.254 - - [28/May/2022:08:35:54 -0500] "GET /portaldeninos/wp-content/themes/betheme/assets/jplayer/css/jplayer.blue.monday.css?ver=20.9.6 HTTP/1.1" 200 9834
186.83.246.254 - - [28/May/2022:08:35:54 -0500] "GET /portaldeninos/wp-content/plugins/popup-maker/assets/css/site.min.css?ver=1.8.14 HTTP/1.1" 200 8260
186.83.246.254 - - [28/May/2022:08:35:54 -0500] "GET /portaldeninos/wp-content/themes/betheme/css/layout.css?ver=20.9.6 HTTP/1.1" 200 116639
186.83.246.254 - - [28/May/2022:08:35:54 -0500] "GET /portaldeninos/wp-content/plugins/google-analytics-for-wordpress/assets/js/frontend-gtag.min.js?ver=8.5.0 HTTP/1.1" 200 11801
186.83.246.254 - - [28/May/2022:08:35:54 -0500] "GET /portaldeninos/wp-content/themes/betheme/css/shortcodes.css?ver=20.9.6 HTTP/1.1" 200 138889
186.83.246.254 - - [28/May/2022:08:35:55 -0500] "GET /portaldeninos/wp-includes/js/jquery/jquery-migrate.min.js?ver=1.4.1 HTTP/1.1" 200 10056
186.83.246.254 - - [28/May/2022:08:35:54 -0500] "GET /portaldeninos/wp-content/themes/betheme/css/responsive.css?ver=20.9.6 HTTP/1.1" 200 55740
186.83.246.254 - - [28/May/2022:08:35:55 -0500] "GET /portaldeninos/wp-includes/js/jquery/ui/core.min.js?ver=1.11.4 HTTP/1.1" 200 4000
186.83.246.254 - - [28/May/2022:08:35:55 -0500] "GET /portaldeninos/wp-content/plugins/gallery-videos/JS/modernizr.custom.js?ver=4.9.8 HTTP/1.1" 200 9019
186.83.246.254 - - [28/May/2022:08:35:54 -0500] "GET /portaldeninos/wp-includes/js/jquery/jquery.js?ver=1.12.4 HTTP/1.1" 200 97184
186.83.246.254 - - [28/May/2022:08:35:55 -0500] "GET /portaldeninos/wp-content/plugins/gallery-videos/JS/Total-Soft-Gallery-Video-Widget.js?ver=4.9.8 HTTP/1.1" 200 80264
186.83.246.254 - - [28/May/2022:08:35:55 -0500] "GET /portaldeninos/wp-includes/js/jquery/ui/widget.min.js?ver=1.11.4 HTTP/1.1" 200 6908
186.83.246.254 - - [28/May/2022:08:35:55 -0500] "GET /portaldeninos/wp-includes/js/jquery/ui/mouse.min.js?ver=1.11.4 HTTP/1.1" 200 3148
186.83.246.254 - - [28/May/2022:08:35:55 -0500] "GET /portaldeninos/wp-includes/js/jquery/ui/accordion.min.js?ver=1.11.4 HTTP/1.1" 200 8584
186.83.246.254 - - [28/May/2022:08:35:55 -0500] "GET /portaldeninos/wp-content/themes/betheme/js/menu.js?ver=20.9.6 HTTP/1.1" 200 2449
186.83.246.254 - - [28/May/2022:08:35:55 -0500] "GET /portaldeninos/wp-content/themes/betheme/assets/animations/animations.min.js?ver=20.9.6 HTTP/1.1" 200 1896
186.83.246.254 - - [28/May/2022:08:35:55 -0500] "GET /portaldeninos/wp-includes/js/jquery/ui/tabs.min.js?ver=1.11.4 HTTP/1.1" 200 12110
186.83.246.254 - - [28/May/2022:08:35:55 -0500] "GET /portaldeninos/wp-includes/js/jquery/ui/sortable.min.js?ver=1.11.4 HTTP/1.1" 200 24899
186.83.246.254 - - [28/May/2022:08:35:55 -0500] "GET /portaldeninos/wp-includes/js/jquery/ui/position.min.js?ver=1.11.4 HTTP/1.1" 200 6527
186.83.246.254 - - [28/May/2022:08:35:55 -0500] "GET /portaldeninos/wp-includes/js/wp-embed.min.js?ver=4.9.8 HTTP/1.1" 200 1398
186.83.246.254 - - [28/May/2022:08:35:55 -0500] "GET /portaldeninos/wp-content/themes/betheme/js/scripts.js?ver=20.9.6 HTTP/1.1" 200 77162
186.83.246.254 - - [28/May/2022:08:35:55 -0500] "GET /portaldeninos/wp-content/themes/betheme/assets/jplayer/jplayer.min.js?ver=20.9.6 HTTP/1.1" 200 52702
186.83.246.254 - - [28/May/2022:08:35:55 -0500] "GET /portaldeninos/wp-content/plugins/popup-maker/assets/js/site.min.js?defer&ver=1.8.14 HTTP/1.1" 200 48457
186.83.246.254 - - [28/May/2022:08:35:55 -0500] "GET /portaldeninos/wp-content/themes/betheme/js/plugins.js?ver=20.9.6 HTTP/1.1" 200 197151
186.83.246.254 - - [28/May/2022:08:35:55 -0500] "GET /portaldeninos/wp-content/uploads/2021/06/titulo-cabezote-ni%C3%B1os.png HTTP/1.1" 200 64425
186.83.246.254 - - [28/May/2022:08:35:55 -0500] "GET /portaldeninos/wp-content/uploads/2019/08/Logo-Ambientic.png HTTP/1.1" 200 22941
186.83.246.254 - - [28/May/2022:08:35:55 -0500] "GET /portaldeninos/wp-content/uploads/2021/06/titulo-miambiente-ni%C3%B1os.png HTTP/1.1" 200 11944
186.83.246.254 - - [28/May/2022:08:35:55 -0500] "GET /portaldeninos/wp-content/themes/betheme/fonts/mfn-icons.woff?93978679 HTTP/1.1" 200 80932
186.83.246.254 - - [28/May/2022:08:35:55 -0500] "GET /portaldeninos/wp-content/uploads/2021/06/titulo-videos-ni%C3%B1os.png HTTP/1.1" 200 10502
186.83.246.254 - - [28/May/2022:08:35:55 -0500] "GET /portaldeninos/wp-content/uploads/2018/11/caneca.jpg HTTP/1.1" 200 262661
186.83.246.254 - - [28/May/2022:08:35:55 -0500] "GET /portaldeninos/wp-content/uploads/2020/01/Tierra-escenario.jpg HTTP/1.1" 200 181491
186.83.246.254 - - [28/May/2022:08:35:55 -0500] "GET /portaldeninos/wp-content/uploads/2018/10/oso.jpg HTTP/1.1" 200 305180
186.83.246.254 - - [28/May/2022:08:35:55 -0500] "GET /portaldeninos/wp-content/uploads/2020/01/Frailejon-escenario.jpg HTTP/1.1" 200 357472
186.83.246.254 - - [28/May/2022:08:35:55 -0500] "GET /portaldeninos/wp-content/uploads/2021/06/titulo-humedales-ni%C3%B1os.png HTTP/1.1" 200 13361
186.83.246.254 - - [28/May/2022:08:35:55 -0500] "GET /portaldeninos/wp-content/uploads/2020/05/fb.jpg HTTP/1.1" 200 9893
186.83.246.254 - - [28/May/2022:08:35:55 -0500] "GET /portaldeninos/wp-content/uploads/2020/06/yt.jpg HTTP/1.1" 200 10577
186.83.246.254 - - [28/May/2022:08:35:55 -0500] "GET /portaldeninos/wp-content/uploads/2020/06/tw.jpg HTTP/1.1" 200 11056
186.83.246.254 - - [28/May/2022:08:35:55 -0500] "GET /portaldeninos/wp-content/uploads/2022/03/humedal-capellania.jpg HTTP/1.1" 200 42159
186.83.246.254 - - [28/May/2022:08:35:55 -0500] "GET /portaldeninos/wp-content/uploads/2020/05/ig.jpg HTTP/1.1" 200 11470
186.83.246.254 - - [28/May/2022:08:35:55 -0500] "GET /portaldeninos/wp-content/themes/betheme/images/box_shadow.png HTTP/1.1" 200 108
186.83.246.254 - - [28/May/2022:08:35:55 -0500] "GET /portaldeninos/wp-content/uploads/2018/11/tigrillo.jpg HTTP/1.1" 200 402961
186.83.246.254 - - [28/May/2022:08:35:55 -0500] "GET /portaldeninos/wp-content/uploads/2022/03/Mapa-humedales-2022.jpg HTTP/1.1" 200 894674
186.83.246.254 - - [28/May/2022:08:35:56 -0500] "GET /portaldeninos/wp-json/pum/v1/analytics/?event=open&pid=1126&_cache=1653744822689 HTTP/1.1" 204 -
157.55.39.15 - - [28/May/2022:08:36:00 -0500] "GET /bla/resoluciones/resoluciones%202012/0936.pdf HTTP/1.1" 200 583746
69.171.251.8 - - [28/May/2022:08:36:10 -0500] "GET /images/FaunaOAB.jpg HTTP/1.1" 200 467631
173.252.127.25 - - [28/May/2022:08:36:10 -0500] "GET /images/FaunaOAB.jpg HTTP/1.1" 200 467631
173.252.83.116 - - [28/May/2022:08:36:10 -0500] "GET /images/FaunaOAB.jpg HTTP/1.1" 200 467631
186.83.246.254 - - [28/May/2022:08:35:55 -0500] "GET /portaldeninos/wp-content/uploads/2019/06/CabezoteAMBIENTIC.mp4 HTTP/1.1" 206 21677757
186.83.246.254 - - [28/May/2022:08:36:19 -0500] "GET /portaldeninos/gestion-del-riesgo-incendios-forestales HTTP/1.1" 301 -
186.83.246.254 - - [28/May/2022:08:35:55 -0500] "GET /portaldeninos/wp-content/uploads/2022/01/Conoce-lo-que-hace-la-Secretar%C3%ADa-de-Ambiente.mp4 HTTP/1.1" 206 5780490
186.83.246.254 - - [28/May/2022:08:36:20 -0500] "GET /portaldeninos/gestion-del-riesgo-incendios-forestales/ HTTP/1.1" 200 87026
186.83.246.254 - - [28/May/2022:08:36:21 -0500] "GET /portaldeninos/wp-content/uploads/2019/08/Incendios-forestales-ajustada.gif HTTP/1.1" 200 764832
69.171.251.24 - - [28/May/2022:08:36:29 -0500] "GET /indicadores-de-fauna-silvestre-en-el-observatorio-ambiental-de-bogota.html?fbclid=IwAR3FvJ8kgmLevM0x5uRKV5XREfcoaTTohxVx3iUGCwBhFnkU8Nl7zsyMDbs HTTP/1.1" 200 949
157.55.39.8 - - [28/May/2022:08:36:49 -0500] "GET /BLA/resoluciones/AUTOS%202014/4430.pdf HTTP/1.1" 304 -
216.245.221.92 - - [28/May/2022:08:36:53 -0500] "HEAD / HTTP/1.1" 200 -
69.63.184.118 - - [28/May/2022:08:36:56 -0500] "GET /images/energia-eficiencia-26-mayo.jpg HTTP/1.1" 200 46417
172.22.2.4 - - [28/May/2022:08:35:29 -0500] "HEAD /BLA/boletinlegal/ HTTP/1.1" 200 -
172.22.2.4 - - [28/May/2022:08:36:19 -0500] "GET /BLA/boletinlegal/ HTTP/1.1" 200 60973
191.156.55.46 - - [28/May/2022:08:41:36 -0500] "GET /secretaria-de-ambiente-y-sena-abren-curso-de-jardines-verticales.html HTTP/1.1" 200 734
216.245.221.92 - - [28/May/2022:08:41:53 -0500] "HEAD / HTTP/1.1" 200 -
201.245.192.253 - - [28/May/2022:08:41:41 -0500] "POST /kwsrmcab/Wsrmcab HTTP/1.1" 200 46808
172.22.2.4 - - [28/May/2022:08:41:19 -0500] "HEAD /BLA/boletinlegal/ HTTP/1.1" 200 -
201.245.192.253 - - [28/May/2022:08:42:27 -0500] "POST /kwsrmcab/Wsrmcab HTTP/1.1" 200 47119
173.252.95.7 - - [28/May/2022:08:43:35 -0500] "GET /images/facebook-live-ivc-MAYO27.png HTTP/1.1" 200 480404
172.22.2.4 - - [28/May/2022:08:42:10 -0500] "GET /BLA/boletinlegal/ HTTP/1.1" 200 60973
207.46.13.179 - - [28/May/2022:08:43:59 -0500] "GET /bla/resoluciones/resoluciones%202012/0510.pdf HTTP/1.1" 200 231145
157.55.39.43 - - [28/May/2022:08:44:41 -0500] "GET /BLA/resoluciones/AUTOS%202021/2545.pdf HTTP/1.1" 200 524402
157.55.39.127 - - [28/May/2022:08:45:15 -0500] "GET /bla/resoluciones/resoluciones%202012/0748.pdf HTTP/1.1" 200 506333
216.245.221.92 - - [28/May/2022:08:46:53 -0500] "HEAD / HTTP/1.1" 200 -
157.55.39.127 - - [28/May/2022:08:47:15 -0500] "GET /bla/resoluciones/resoluciones%202012/0818.pdf HTTP/1.1" 200 343123
31.13.115.12 - - [28/May/2022:08:47:43 -0500] "GET /images/facebook-live-ivc-MAYO27.png HTTP/1.1" 200 480404
157.55.39.43 - - [28/May/2022:08:47:52 -0500] "GET /bla/resoluciones/resoluciones%202012/0649.pdf HTTP/1.1" 200 576499
207.46.13.146 - - [28/May/2022:08:48:29 -0500] "GET /sipse/faces/autenticacion.xhtml HTTP/1.1" 200 12492
172.22.2.4 - - [28/May/2022:08:47:09 -0500] "HEAD /BLA/boletinlegal/ HTTP/1.1" 200 -
172.22.2.4 - - [28/May/2022:08:48:00 -0500] "GET /BLA/boletinlegal/ HTTP/1.1" 200 59075
173.252.107.11 - - [28/May/2022:08:50:12 -0500] "GET /images/bogota-polvo-sahara-23-mayo.jpg HTTP/1.1" 200 35039
173.252.95.12 - - [28/May/2022:08:50:43 -0500] "GET /images/facebook-live-ivc-MAYO27.png HTTP/1.1" 200 480404
186.102.52.199 - - [28/May/2022:08:50:58 -0500] "GET /conoce-los-requisitos-ambientales-para-abrir-un-establecimiento-comercial-en-bogota.html HTTP/1.1" 200 796
216.245.221.92 - - [28/May/2022:08:51:53 -0500] "HEAD / HTTP/1.1" 200 -
172.22.2.4 - - [28/May/2022:08:51:58 -0500] "GET /BLA/boletinlegal/documentos-importantes.php HTTP/1.1" 200 4822
157.55.39.127 - - [28/May/2022:08:53:14 -0500] "GET /BLA/resoluciones/AUTOS%202021/2889.pdf HTTP/1.1" 200 1908708
157.55.39.43 - - [28/May/2022:08:53:52 -0500] "GET /bla/resoluciones/resoluciones%202012/0855.pdf HTTP/1.1" 200 517408
172.22.2.4 - - [28/May/2022:08:52:59 -0500] "HEAD /BLA/boletinlegal/ HTTP/1.1" 200 -
172.22.2.4 - - [28/May/2022:08:53:50 -0500] "GET /BLA/boletinlegal/ HTTP/1.1" 200 60973
216.245.221.92 - - [28/May/2022:08:56:53 -0500] "HEAD / HTTP/1.1" 200 -
186.29.222.113 - - [28/May/2022:08:57:08 -0500] "GET /appsia/controlador HTTP/1.1" 200 4799
186.29.222.113 - - [28/May/2022:08:57:08 -0500] "GET /appsia/css/estilos.css HTTP/1.1" 200 4804
186.29.222.113 - - [28/May/2022:08:57:08 -0500] "GET /appsia/scripts/validarIngreso.js HTTP/1.1" 200 851
186.29.222.113 - - [28/May/2022:08:57:08 -0500] "GET /appsia/images/cabezoteHojaVida.png HTTP/1.1" 200 32493
186.29.222.113 - - [28/May/2022:08:57:08 -0500] "GET /appsia/images/logo_bogota_p.png HTTP/1.1" 200 14951
186.29.222.113 - - [28/May/2022:08:57:13 -0500] "POST /appsia/controlador HTTP/1.1" 200 5437
186.29.222.113 - - [28/May/2022:08:57:17 -0500] "POST /appsia/controlador HTTP/1.1" 200 7781
186.29.222.113 - - [28/May/2022:08:57:19 -0500] "POST /appsia/controlador HTTP/1.1" 200 6646
186.29.222.113 - - [28/May/2022:08:57:21 -0500] "POST /appsia/controlador HTTP/1.1" 200 10922
186.29.222.113 - - [28/May/2022:08:57:44 -0500] "POST /appsia/controlador HTTP/1.1" 200 75893
193.106.191.48 - - [28/May/2022:08:58:08 -0500] "GET /?a=fetch&content=<php>die(@md5(HelloThinkCMF))</php> HTTP/1.1" 200 319
207.46.13.179 - - [28/May/2022:08:58:51 -0500] "GET /bla/resoluciones/resoluciones%202012/1798.pdf HTTP/1.1" 200 448225
173.252.95.16 - - [28/May/2022:08:59:25 -0500] "GET /conoce-los-requisitos-ambientales-para-abrir-un-establecimiento-comercial-en-bogota.html?fbclid=IwAR253LmN1rEdztOAwXmYKrkNFsGuk7GXrevexhh3WGYLqiKblQDdcXqx7UA HTTP/1.1" 200 796
31.13.127.28 - - [28/May/2022:09:00:18 -0500] "GET /images/FaunaOAB.jpg HTTP/1.1" 200 467631
172.22.2.4 - - [28/May/2022:08:58:49 -0500] "HEAD /BLA/boletinlegal/ HTTP/1.1" 200 -
172.22.2.4 - - [28/May/2022:08:59:40 -0500] "GET /BLA/boletinlegal/ HTTP/1.1" 200 58482
216.245.221.92 - - [28/May/2022:09:01:53 -0500] "HEAD / HTTP/1.1" 200 -
191.156.181.216 - - [28/May/2022:09:05:26 -0500] "GET /indicadores-de-fauna-silvestre-en-el-observatorio-ambiental-de-bogota.html HTTP/1.1" 200 949
191.102.218.117 - - [28/May/2022:09:05:45 -0500] "GET /secretaria-de-ambiente-y-sena-abren-curso-de-jardines-verticales.html HTTP/1.1" 200 734
172.22.2.4 - - [28/May/2022:09:04:39 -0500] "HEAD /BLA/boletinlegal/ HTTP/1.1" 200 -
181.237.189.223 - - [28/May/2022:09:06:40 -0500] "GET /secretaria-de-ambiente-y-sena-abren-curso-de-jardines-verticales.html HTTP/1.1" 200 734
216.245.221.92 - - [28/May/2022:09:06:53 -0500] "HEAD / HTTP/1.1" 200 -
193.106.191.48 - - [28/May/2022:09:07:05 -0500] "GET /?XDEBUG_SESSION_START=phpstorm HTTP/1.1" 200 319
172.22.2.4 - - [28/May/2022:09:05:30 -0500] "GET /BLA/boletinlegal/ HTTP/1.1" 200 59075
207.46.13.179 - - [28/May/2022:09:07:33 -0500] "GET /BLA/resoluciones/RESOLUCIONES%202020/1947.pdf HTTP/1.1" 304 -
157.55.39.15 - - [28/May/2022:09:08:17 -0500] "GET /bla/resoluciones/resoluciones%202012/1754.pdf HTTP/1.1" 200 1799345
172.22.2.4 - - [28/May/2022:09:08:37 -0500] "GET /BLA/boletinlegal/actos.php HTTP/1.1" 200 9559
172.22.2.4 - - [28/May/2022:09:08:38 -0500] "GET /BLA/boletinlegal/favicon.ico HTTP/1.1" 404 1326
172.22.2.4 - - [28/May/2022:09:08:47 -0500] "GET /BLA/boletinlegal/consulta_actos.php?tipo=resoluciones&no=1796&usuario=&sector=&fecha=2021&resuelve= HTTP/1.1" 200 1086
172.22.2.4 - - [28/May/2022:09:08:48 -0500] "GET /BLA/boletinlegal/images/pdf.gif HTTP/1.1" 200 567
172.22.2.4 - - [28/May/2022:09:08:36 -0500] "GET /BLA/boletinlegal/ HTTP/1.1" 200 24523
207.46.13.134 - - [28/May/2022:09:10:59 -0500] "GET /images/feria-servicios-ambiental-barrios-unidos-17-marzo.jpg HTTP/1.1" 200 58797
216.245.221.92 - - [28/May/2022:09:11:52 -0500] "HEAD / HTTP/1.1" 200 -
172.22.2.4 - - [28/May/2022:09:10:29 -0500] "HEAD /BLA/boletinlegal/ HTTP/1.1" 200 -
172.22.2.4 - - [28/May/2022:09:11:20 -0500] "GET /BLA/boletinlegal/ HTTP/1.1" 200 58482
193.118.53.194 - - [28/May/2022:09:13:23 -0500] "GET / HTTP/1.1" 200 319
157.55.39.8 - - [28/May/2022:09:13:43 -0500] "GET /BLA/resoluciones/AUTOS%202018/6271.PDF HTTP/1.1" 304 -
172.22.2.4 - - [28/May/2022:09:15:01 -0500] "GET /BLA/boletinlegal/actos.php HTTP/1.1" 200 9559
172.22.2.4 - - [28/May/2022:09:15:10 -0500] "GET /BLA/boletinlegal/consulta_actos.php?tipo=resoluciones&no=2423&usuario=&sector=&fecha=2021&resuelve= HTTP/1.1" 200 1096
172.22.2.4 - - [28/May/2022:09:15:00 -0500] "GET /BLA/boletinlegal/index.php HTTP/1.1" 200 24523
172.22.2.4 - - [28/May/2022:09:14:27 -0500] "GET /BLA/boletinlegal/ HTTP/1.1" 200 59646
216.245.221.92 - - [28/May/2022:09:16:53 -0500] "HEAD / HTTP/1.1" 200 -
181.59.126.174 - - [28/May/2022:09:17:19 -0500] "GET /kwssiamovil/sm/ldap/au?x=U2FsdGVkX1+6clIpD5dhcgY9EnGGhaAHbJzOxmtuPzUYGEHOrNs6iJa2GKvn3tjp&y=U2FsdGVkX1+Om1qH5AVyEINvKPAhBofYhI2qZdT+si7bXsVtWkP5d41syW0YL+Fx HTTP/1.1" 200 30
181.59.126.174 - - [28/May/2022:09:17:19 -0500] "GET /kwssiamovil/sm/acme/s?s=U2FsdGVkX1+VlZCypOiK6lGJ+oQrzUARyNpjE9GocE1PPr/BXEI3oSYBv8vYDSx9VlZ31A8MoylJdrPE9OFI18f31ox8ptLjf+cz6wpMAV4=&u=U2FsdGVkX1/iSqzmiU8Qjy3Q7a414G1gom2mMWzeTOM=&y=U2FsdGVkX1+Om1qH5AVyEINvKPAhBofYhI2qZdT+si7bXsVtWkP5d41syW0YL+Fx HTTP/1.1" 200 97
181.59.126.174 - - [28/May/2022:09:17:19 -0500] "GET /kwssiamovil/sm/acme/s?s=U2FsdGVkX18oeJaN7GEDZ2huUnHYBSrAG007awmLLHp+t4N9WpZ94+jgcfr1jNG3XQgQsihsOXZyXAR3bc5VqkO8rPXR2PbVp2naVuOPXy8XbrLCH88ECzqDo3isbDPqHAOCpw8lo87Gkh9kFDcVk2G0XnKXY3/DOhjegGc8UjyS4a20Vu02jEP9k5sWTTASnMi4AuZt3PTy11ZTO8us8qGg/zt7NR3bNAFxPJ5xXcZmaHHZY/Md+EgRliH/RizQhKdJSPwtxNg3atxYhAfo+r928OixVI3gzYa8owyYo+BkL4acP5cgGwLv/Tj26U9IqGfiYXfVl1OMj+92Z12iZFkoqtoEEjJc/er2n+OVhm5RJrWh3fMYQxiWBMxDi6AyYITyJkL6LSKk3DwSG4M1iyPOAuGvq89c1y2Fj1XbY7vBAmrSS5f/oM5Mf/RqDZcMLRs5c3WcASEU0rMS2nTa6iBMqPfjVt2M0Tejan/mVmVA7T62xwZh4OipocL2WUH6F4Xsv1BLRHXHflvHzgIju027TaRFRqFKmtOPvPAWpl8D/RfPc/q478jW0LNQErOlr8HbIKqVHa5XLpOEkFDsQfakjJW0inVCnlilAsYOvvm1Y9bCDrVl3J4ALucC6dWsf2RCHSz5RPMideLqtciITvzFLXzqtolS7HKSl9A6FyRqAR2oKTLzw+R+wXvW1gnH59QXQ3POpSftL3Yu+4XRl+PioXBDmcQhtG8t6shYUSYBPADdI0ktLr6Tk8QPGMPMnePIPQ35PoX9SJlayIZUrMrhxV+3yrRm48v2gRJdyTOZjWSu+nbuimunuWfHSdNKo93acgUEBIPrnRyOmiIai9cen9WqP0GhDzJh4uoOFp4BcT9BwjJGqmN6r0eTsqai6mY0s+/SygtEOraVCtBffUMcmvP9GWZ/PBRfX5Ek3odKEeyZmOEsaeblU2JoGrHCHS6FioHes9UYHhZO3Y7Od6xVNf5LmIkr2vLu/GjcmiLTCRGogYyogOledIAJ/cZEJssUsO6Wg0bwxORy/857O1nrL+OgueEnhv0LeAxnDl851l6iVyEyxXi/Xnx2UccHUXCop7zOGcwBUNTG6RotHjQ6ErOqaCZNUHoNw+pj+fu+zTfU7rhgldXuFLi8xi2AMPzGggxJ/eDVYRK/e7ZLpuk8bHZqF1+dwuS45XkJXV8uGUiObdWDQS8ABajG9xgLmmV2eWyaEOXAX8Wex96tFMHmRAiLto3ozj7P3ioNdHIdKqQOha76vhkbrJCcK+sBzXA2RiFeLYowuKX+JTe2N/H1Aypthkc/CL/2qPUCPcB8adaf23FUouBEau1cRpLleXl05MibPdzQ+x2U5cMG3yLigvXgoOFaz/aPxvv0lYQ=&u=U2FsdGVkX1/iSqzmiU8Qjy3Q7a414G1gom2mMWzeTOM=&y=U2FsdGVkX1+Om1qH5AVyEINvKPAhBofYhI2qZdT+si7bXsVtWkP5d41syW0YL+Fx HTTP/1.1" 200 9804
172.22.2.4 - - [28/May/2022:09:17:19 -0500] "GET /BLA/boletinlegal/style.css HTTP/1.1" 200 9406
172.22.2.4 - - [28/May/2022:09:17:19 -0500] "GET /BLA/boletinlegal/styles2.css HTTP/1.1" 200 1838
172.22.2.4 - - [28/May/2022:09:17:19 -0500] "GET /BLA/boletinlegal/js/jquery.js HTTP/1.1" 200 57254
172.22.2.4 - - [28/May/2022:09:17:19 -0500] "GET /BLA/boletinlegal/js/jquery.scrollShow.js HTTP/1.1" 200 4586
172.22.2.4 - - [28/May/2022:09:17:19 -0500] "GET /BLA/boletinlegal/js/jquery.scrollTo-min.js HTTP/1.1" 200 1150
172.22.2.4 - - [28/May/2022:09:17:19 -0500] "GET /BLA/boletinlegal/images/cabezote%20BLEGAL.jpg HTTP/1.1" 200 118164
172.22.2.4 - - [28/May/2022:09:17:19 -0500] "GET /BLA/boletinlegal/images/subscribe-icon-big.png HTTP/1.1" 200 47702
172.22.2.4 - - [28/May/2022:09:17:19 -0500] "GET /BLA/boletinlegal/images/historia.png HTTP/1.1" 200 52775
172.22.2.4 - - [28/May/2022:09:17:19 -0500] "GET /BLA/boletinlegal/images/registro-usuarios.png HTTP/1.1" 200 8106
172.22.2.4 - - [28/May/2022:09:17:19 -0500] "GET /BLA/boletinlegal/images/arr_l.jpg HTTP/1.1" 200 1979
172.22.2.4 - - [28/May/2022:09:17:19 -0500] "GET /BLA/boletinlegal/images/screen_1.png HTTP/1.1" 200 202547
181.59.126.174 - - [28/May/2022:09:17:19 -0500] "GET /kwssiamovil/sm/acme/s?s=U2FsdGVkX18hFd5rKleExXIVr73RBWv3QnpZ6pV27ZN9KYbxfs+BWNNRVyuepFMNYLs6/naWfX8kDRjfcW7t05aMlONKhA877Mrl4Hr1nppZY0l8rI2gF1zKcYKZi3ZiQ8ApO5l+L/qa9ool9+ed1STAl+uRqjNyzmdy8VvjfUJmYxyovCf3MK0ufxjn6fgibI0gouXW3jygRLIG5SoLtNXQKyS3RPVQp7nKK+dB4dkPHLx7d7et+/Wmahd+e6liyMRETQWyt7aSTyQF0zaR+YdEicWPtD1+2Sa3p++x7Do=&u=U2FsdGVkX1/iSqzmiU8Qjy3Q7a414G1gom2mMWzeTOM=&y=U2FsdGVkX1+Om1qH5AVyEINvKPAhBofYhI2qZdT+si7bXsVtWkP5d41syW0YL+Fx HTTP/1.1" 200 176
172.22.2.4 - - [28/May/2022:09:17:19 -0500] "GET /BLA/boletinlegal/images/launch.jpg HTTP/1.1" 200 14577
181.59.126.174 - - [28/May/2022:09:17:19 -0500] "GET /kwssiamovil/sm/cjson/pre?f=1&x=U2FsdGVkX1+6clIpD5dhcgY9EnGGhaAHbJzOxmtuPzUYGEHOrNs6iJa2GKvn3tjp HTTP/1.1" 200 30992
172.22.2.4 - - [28/May/2022:09:17:29 -0500] "GET /BLA/boletinlegal/images/screen_2.png HTTP/1.1" 200 362502
172.22.2.4 - - [28/May/2022:09:17:29 -0500] "GET /BLA/boletinlegal/images/screen_3.png HTTP/1.1" 200 210620
172.22.2.4 - - [28/May/2022:09:17:29 -0500] "GET /BLA/boletinlegal/images/screen_5.png HTTP/1.1" 200 368876
172.22.2.4 - - [28/May/2022:09:17:29 -0500] "GET /BLA/boletinlegal/images/arr_r.jpg HTTP/1.1" 200 1998
172.22.2.4 - - [28/May/2022:09:17:41 -0500] "GET /BLA/boletinlegal/images/pdf.gif HTTP/1.1" 200 567
172.22.2.4 - - [28/May/2022:09:16:19 -0500] "HEAD /BLA/boletinlegal/ HTTP/1.1" 200 -
172.22.2.4 - - [28/May/2022:09:17:10 -0500] "GET /BLA/boletinlegal/ HTTP/1.1" 200 43894
172.22.2.4 - - [28/May/2022:09:17:18 -0500] "GET /BLA/boletinlegal/ HTTP/1.1" 200 45411
172.22.2.4 - - [28/May/2022:09:19:32 -0500] "GET /BLA/boletinlegal/actos.php HTTP/1.1" 200 9559
172.22.2.4 - - [28/May/2022:09:19:32 -0500] "GET /BLA/boletinlegal/index.php HTTP/1.1" 200 24523
216.245.221.92 - - [28/May/2022:09:21:52 -0500] "HEAD / HTTP/1.1" 200 -
186.84.22.100 - - [28/May/2022:09:21:56 -0500] "GET /secretaria-de-ambiente-y-sena-abren-curso-de-jardines-verticales.html HTTP/1.1" 200 734
207.46.13.146 - - [28/May/2022:09:22:03 -0500] "GET /bla/resoluciones/resoluciones%202012/1133.pdf HTTP/1.1" 200 1618798
186.84.22.100 - - [28/May/2022:09:22:12 -0500] "GET /secretaria-de-ambiente-y-sena-abren-curso-de-jardines-verticales.html HTTP/1.1" 200 734
186.84.22.100 - - [28/May/2022:09:22:12 -0500] "GET /images/jardines-verticales-plantas-24-mayo.jpg HTTP/1.1" 200 148288
201.245.192.253 - - [28/May/2022:09:21:41 -0500] "POST /kwsrmcab/Wsrmcab HTTP/1.1" 200 46371
201.245.192.253 - - [28/May/2022:09:22:26 -0500] "POST /kwsrmcab/Wsrmcab HTTP/1.1" 200 47113
172.22.2.4 - - [28/May/2022:09:22:09 -0500] "HEAD /BLA/boletinlegal/ HTTP/1.1" 200 -
207.46.13.179 - - [28/May/2022:09:24:23 -0500] "GET /bla/resoluciones/resoluciones%202012/1144.pdf HTTP/1.1" 200 1053549
172.22.2.4 - - [28/May/2022:09:23:00 -0500] "GET /BLA/boletinlegal/ HTTP/1.1" 200 58482
216.245.221.92 - - [28/May/2022:09:26:53 -0500] "HEAD / HTTP/1.1" 200 -
40.77.167.79 - - [28/May/2022:09:27:08 -0500] "GET /bla/resoluciones/resoluciones%202012/0889.pdf HTTP/1.1" 200 481333
173.252.79.5 - - [28/May/2022:09:28:51 -0500] "GET /images/facebook-live-ivc-MAYO27.png HTTP/1.1" 200 480404
172.22.2.4 - - [28/May/2022:09:27:59 -0500] "HEAD /BLA/boletinlegal/ HTTP/1.1" 200 -
192.168.169.84 - - [28/May/2022:09:29:59 -0500] "GET /BLA/boletinlegal/style.css HTTP/1.1" 200 9406
192.168.169.84 - - [28/May/2022:09:29:59 -0500] "GET /BLA/boletinlegal/styles2.css HTTP/1.1" 200 1838
192.168.169.84 - - [28/May/2022:09:29:59 -0500] "GET /BLA/boletinlegal/js/jquery.scrollTo-min.js HTTP/1.1" 200 1150
192.168.169.84 - - [28/May/2022:09:29:59 -0500] "GET /BLA/boletinlegal/js/jquery.js HTTP/1.1" 200 57254
192.168.169.84 - - [28/May/2022:09:29:59 -0500] "GET /BLA/boletinlegal/js/jquery.scrollShow.js HTTP/1.1" 200 4586
192.168.169.84 - - [28/May/2022:09:29:59 -0500] "GET /BLA/boletinlegal/images/cabezote%20BLEGAL.jpg HTTP/1.1" 200 118164
192.168.169.84 - - [28/May/2022:09:29:59 -0500] "GET /BLA/boletinlegal/images/subscribe-icon-big.png HTTP/1.1" 200 47702
192.168.169.84 - - [28/May/2022:09:29:59 -0500] "GET /BLA/boletinlegal/images/historia.png HTTP/1.1" 200 52775
192.168.169.84 - - [28/May/2022:09:29:59 -0500] "GET /BLA/boletinlegal/images/arr_l.jpg HTTP/1.1" 200 1979
192.168.169.84 - - [28/May/2022:09:29:59 -0500] "GET /BLA/boletinlegal/images/registro-usuarios.png HTTP/1.1" 200 8106
192.168.169.84 - - [28/May/2022:09:29:59 -0500] "GET /BLA/boletinlegal/images/screen_1.png HTTP/1.1" 200 202547
192.168.169.84 - - [28/May/2022:09:29:59 -0500] "GET /BLA/boletinlegal/images/launch.jpg HTTP/1.1" 200 14577
192.168.169.84 - - [28/May/2022:09:29:59 -0500] "GET /BLA/boletinlegal/images/body_bg.jpg HTTP/1.1" 200 1601
192.168.169.84 - - [28/May/2022:09:29:59 -0500] "GET /BLA/boletinlegal/images/menu_lft.gif HTTP/1.1" 200 1713
192.168.169.84 - - [28/May/2022:09:29:59 -0500] "GET /BLA/boletinlegal/images/menu_rght.gif HTTP/1.1" 200 1627
192.168.169.84 - - [28/May/2022:09:29:59 -0500] "GET /BLA/boletinlegal/images/bg_top.jpg HTTP/1.1" 200 522
192.168.169.84 - - [28/May/2022:09:29:59 -0500] "GET /BLA/boletinlegal/images/menu_bg.jpg HTTP/1.1" 200 620
192.168.169.84 - - [28/May/2022:09:29:59 -0500] "GET /BLA/boletinlegal/images/hover.jpg HTTP/1.1" 200 640
192.168.169.84 - - [28/May/2022:09:29:59 -0500] "GET /BLA/boletinlegal/images/text.jpg HTTP/1.1" 200 568
192.168.169.84 - - [28/May/2022:09:30:00 -0500] "GET /BLA/boletinlegal/actos.php HTTP/1.1" 200 9559
192.168.169.84 - - [28/May/2022:09:30:00 -0500] "GET /BLA/boletinlegal/js/ajax_actos.js HTTP/1.1" 200 1322
192.168.169.84 - - [28/May/2022:09:30:00 -0500] "GET /BLA/boletinlegal/niceforms-default.css HTTP/1.1" 200 6694
192.168.169.84 - - [28/May/2022:09:30:00 -0500] "GET /BLA/boletinlegal/js/lib.js HTTP/1.1" 200 6474
192.168.169.84 - - [28/May/2022:09:30:00 -0500] "GET /BLA/boletinlegal/js/popup.js HTTP/1.1" 200 1270
192.168.169.84 - - [28/May/2022:09:30:00 -0500] "GET /BLA/boletinlegal/js/jquery1.js HTTP/1.1" 200 29846
192.168.169.84 - - [28/May/2022:09:30:00 -0500] "GET /BLA/boletinlegal/images/green-yellow-blue-pink-th.png HTTP/1.1" 200 7394
192.168.169.84 - - [28/May/2022:09:30:00 -0500] "GET /BLA/boletinlegal/images/abajo.png HTTP/1.1" 200 96676
192.168.169.84 - - [28/May/2022:09:30:00 -0500] "GET /BLA/boletinlegal/images/tel.png HTTP/1.1" 200 14477
192.168.169.84 - - [28/May/2022:09:30:00 -0500] "GET /BLA/boletinlegal/images/icono-email.png HTTP/1.1" 200 5544
192.168.169.84 - - [28/May/2022:09:30:01 -0500] "GET /BLA/boletinlegal/niceforms.js HTTP/1.1" 200 22876
192.168.169.84 - - [28/May/2022:09:30:01 -0500] "GET /BLA/boletinlegal/images/footer_bg.jpg HTTP/1.1" 200 586
192.168.169.84 - - [28/May/2022:09:30:01 -0500] "GET /BLA/boletinlegal/images/footer_bg_l.jpg HTTP/1.1" 200 776
192.168.169.84 - - [28/May/2022:09:30:01 -0500] "GET /BLA/boletinlegal/img/0.png HTTP/1.1" 200 110
192.168.169.84 - - [28/May/2022:09:30:01 -0500] "GET /BLA/boletinlegal/img/select-left.png HTTP/1.1" 200 263
192.168.169.84 - - [28/May/2022:09:30:01 -0500] "GET /BLA/boletinlegal/img/select-right.png HTTP/1.1" 200 44019
192.168.169.84 - - [28/May/2022:09:30:01 -0500] "GET /BLA/boletinlegal/img/button.png HTTP/1.1" 200 43241
192.168.169.84 - - [28/May/2022:09:30:01 -0500] "GET /BLA/boletinlegal/img/button-right.png HTTP/1.1" 200 57878
192.168.169.84 - - [28/May/2022:09:30:01 -0500] "GET /BLA/boletinlegal/img/button-left.png HTTP/1.1" 200 57071
192.168.169.84 - - [28/May/2022:09:30:01 -0500] "GET /favicon.ico HTTP/1.1" 200 7782
192.168.169.84 - - [28/May/2022:09:30:08 -0500] "GET /BLA/boletinlegal/consulta_actos.php?tipo=autos&no=1132&usuario=&sector=&fecha=2022&resuelve= HTTP/1.1" 200 626
40.77.167.79 - - [28/May/2022:09:30:09 -0500] "GET /bla/resoluciones/resoluciones%202012/0345.pdf HTTP/1.1" 200 279380
192.168.169.84 - - [28/May/2022:09:29:59 -0500] "GET /BLA/boletinlegal/index.php HTTP/1.1" 200 16331
172.22.2.4 - - [28/May/2022:09:28:50 -0500] "GET /BLA/boletinlegal/ HTTP/1.1" 200 59075
216.245.221.92 - - [28/May/2022:09:31:53 -0500] "HEAD / HTTP/1.1" 200 -
201.245.192.253 - - [28/May/2022:09:31:41 -0500] "POST /kwsrmcab/Wsrmcab HTTP/1.1" 200 46371
192.168.169.84 - - [28/May/2022:09:32:35 -0500] "GET /BLA/boletinlegal/consulta_actos.php?tipo=autos&no=1117&usuario=&sector=&fecha=2022&resuelve= HTTP/1.1" 200 626
192.168.169.84 - - [28/May/2022:09:32:36 -0500] "GET /BLA/boletinlegal/consulta_actos.php?tipo=autos&no=1117&usuario=&sector=&fecha=2022&resuelve= HTTP/1.1" 200 626
192.168.169.84 - - [28/May/2022:09:32:44 -0500] "GET /BLA/boletinlegal/images/screen_2.png HTTP/1.1" 200 362502
192.168.169.84 - - [28/May/2022:09:32:44 -0500] "GET /BLA/boletinlegal/images/arr_r.jpg HTTP/1.1" 200 1998
192.168.169.84 - - [28/May/2022:09:32:44 -0500] "GET /BLA/boletinlegal/images/screen_5.png HTTP/1.1" 200 368876
192.168.169.84 - - [28/May/2022:09:32:44 -0500] "GET /BLA/boletinlegal/images/screen_3.png HTTP/1.1" 200 210620
192.168.169.84 - - [28/May/2022:09:32:52 -0500] "GET /BLA/boletinlegal/images/pdf.gif HTTP/1.1" 200 567
201.245.192.253 - - [28/May/2022:09:32:32 -0500] "POST /kwsrmcab/Wsrmcab HTTP/1.1" 200 47113
192.168.169.84 - - [28/May/2022:09:32:37 -0500] "GET /BLA/boletinlegal/index.php HTTP/1.1" 200 57520
191.156.63.53 - - [28/May/2022:09:34:38 -0500] "GET /secretaria-de-ambiente-y-sena-abren-curso-de-jardines-verticales.html HTTP/1.1" 200 734
172.22.2.4 - - [28/May/2022:09:33:49 -0500] "HEAD /BLA/boletinlegal/ HTTP/1.1" 200 -
172.22.2.4 - - [28/May/2022:09:34:40 -0500] "GET /BLA/boletinlegal/ HTTP/1.1" 200 58482
216.245.221.92 - - [28/May/2022:09:36:53 -0500] "HEAD / HTTP/1.1" 200 -
173.252.111.13 - - [28/May/2022:09:37:14 -0500] "GET /secretaria-de-ambiente-se-unio-al-operativo-nacional-de-control-al-trafico-ilegal-de-maderas.html HTTP/1.1" 206 855
173.252.111.12 - - [28/May/2022:09:37:14 -0500] "GET /secretaria-de-ambiente-se-unio-al-operativo-nacional-de-control-al-trafico-ilegal-de-maderas.html HTTP/1.1" 206 855
20.197.209.27 - - [28/May/2022:09:38:32 -0500] "GET /galeria/galeria/fotos/Entrenube2G.jpg HTTP/1.1" 200 111422
157.55.39.127 - - [28/May/2022:09:39:50 -0500] "GET /bla/resoluciones/resoluciones%202012/0328.pdf HTTP/1.1" 200 1108878
181.55.68.25 - - [28/May/2022:09:40:08 -0500] "GET /kwssiamovil/sm/ldap/au?x=U2FsdGVkX1+DEvUfmI/BJKI13rceUW2scuVvuOwtIJ7ahr3kp6awS3RObGRvJaUm&y=U2FsdGVkX1/8mmFaItEPwPK964Y3/7a1ZtEtmbZ6Yn/teo82Mw+0Yt9VWPJfLIgO HTTP/1.1" 200 30
181.55.68.25 - - [28/May/2022:09:40:09 -0500] "GET /kwssiamovil/sm/acme/s?s=U2FsdGVkX19WfiOSSL0M9YJ/akAEXUv+lHXqF/5P4U8nERhNBvQyB4XQIE6zdhrNVxbnoObTgd7EynM67/LgUFWeIk5YGeIl93/6mvprGrY=&u=U2FsdGVkX184Tnpsu1rb4G8WWTyoLhUpusTKf2Hmsko=&y=U2FsdGVkX1/8mmFaItEPwPK964Y3/7a1ZtEtmbZ6Yn/teo82Mw+0Yt9VWPJfLIgO HTTP/1.1" 200 97
181.55.68.25 - - [28/May/2022:09:40:09 -0500] "GET /kwssiamovil/sm/acme/s?s=U2FsdGVkX19rrP8/5E72/E4O2GeuhJwkOL/7AUyozj7TWMDJ9fD+m+TkdpAMuIH2yCGpLLNwpkhNe/EwXi5yijyPOpJRPpTLVvJ38/NBtTdCy6Qp4SHQJ1QwpxCEL/NwQp6MOyJp3FG5EW73QTvSbK5W6XIvF0RA9UF0ny4AhDM1MjYZG55srLqXkKSBDd5dHShfiGKce2ZDfZeBNxp4d8OjaF3xIFw4lTzTQizBh6Kn4HkFiDGbB44heFuYwe6BIxVCXxaiVR1zXWmCR5hCNznv9PKNwBq44FedNWaUCMBrvMDqpGS/Yz8cZj2W4UQbnm6+8stT+wo+hCJujSYlYk/Ago29FzXCfNbdR3j4RFM05msiQOXciT8fIpfNfGabtHGz1A1fFenhZwHdMDPWmo10DmF28a05krb9PizRinwJusmJ8V0qDZQGxucRl/lyj1f13DAPS1yjWe43axFAhrkleLGiA/WAqXCxBnLpTZfkofzYpgqs4TYy6/saRe+ozyGoa5E+wHPuXKkoP21/6bIufgcPwG4sPsc1Tjio2R4f/4SJvTho5OMpAc2Kb5bsRmxqDH8AIV6C9IDHIEZhSFYpkeHy5fE4Q7NhNbJVxJ1BQEE6pQ4c+8cROvcMdi+aQvIsGenuSIeE4RIaov6mSljCOaTGaERvIx+AHs1KRlZ9G+K3+wU72fYZ68uDOFtNwT7J1QXILZMg0V+cwD3aNyczuDXZg37ODNlv+A50TDZKXxn93Jeih+eQTGqiTCP7BeGsNAgkMYxbeD41LAfUOlPhJkjMvbwxTMZxqQvk4E5khpayHXElQVQ5Cgg1RikQxcz01LAH1LYKU1DOKyY87Y4rr0VNX0smvC7V9vjZBFy+Wq3nfD5txaryucRrqQEq1tFoSbv2TGXV7BE/D1e0FhlAFwzFmUU5fATqc2KJgouy4K4P3QqxFDmpbW+C14IWIlvUIeN/TCtrGPe7sQqyTYKg/s29q3skmTRcOgInYx+I7e6t6O/rTuYzAJdF261eJ/spTAMjpg+pqXFEXMy3KFvd+1eaM+yRLY4siHd0Mab3lMaKZ+pukjvEZ2t3KKPpJH/tmLyenuoikjrKaT+XnB3WpLu4Afbgqbs60wBtGvk3Mp70Q1sbGxMSek5ZG5egvJbaRV0LuJ3NtdJZE6xmXrFKHBWvnk3gKtSPocTnj3jdoeXeIyk96NU3VY65dS8Lk4tDVyeF7an72Eu4xrasx5cv74lkaLT+hOx0dJQkfMthuShoLJG7hXaMQKOaj6Genkwjt3CaE4cknX0f4HaqKIDPrfvWUQsE1UA53ws7Dt13pynJRMlCkTGAiWtQ7ee8xhGTXKAT+UlcfiasEDLG2tj4jV6IwNw9zMu5Viq0LMA=&u=U2FsdGVkX184Tnpsu1rb4G8WWTyoLhUpusTKf2Hmsko=&y=U2FsdGVkX1/8mmFaItEPwPK964Y3/7a1ZtEtmbZ6Yn/teo82Mw+0Yt9VWPJfLIgO HTTP/1.1" 200 4101
181.55.68.25 - - [28/May/2022:09:40:09 -0500] "GET /kwssiamovil/sm/acme/s?s=U2FsdGVkX1+XW8oAodLZ0MhXhAqUyoxySowZj7F0G3orYxI5VgC+K5OBStprIFCJzkYOfFFlMbKznLNAfXDtTCBhREFR6fZDoYrIDu57vNFxlVz968RppqZ7k0gYCQxThXJoTrINtV6Z4BeSo8BptcodmNXWsar/CgNiNR2HewhKt2VJKcgE0FXq7cA3Oo0du4tBBG8n1EqovKHVeqfBQ7bMArsYH+YNq5CXZ8BojFU74HvBwLhmjXF3COoJtxDm09UzBjXKgep/yYfQvHzHed8cWxxG4WjNbu0M+yghPN0=&u=U2FsdGVkX184Tnpsu1rb4G8WWTyoLhUpusTKf2Hmsko=&y=U2FsdGVkX1/8mmFaItEPwPK964Y3/7a1ZtEtmbZ6Yn/teo82Mw+0Yt9VWPJfLIgO HTTP/1.1" 200 176
181.55.68.25 - - [28/May/2022:09:40:09 -0500] "GET /kwssiamovil/sm/cjson/pre?f=1&x=U2FsdGVkX1+DEvUfmI/BJKI13rceUW2scuVvuOwtIJ7ahr3kp6awS3RObGRvJaUm HTTP/1.1" 200 30992
181.55.68.25 - - [28/May/2022:09:40:33 -0500] "GET /kwssiamovil/sm/acme/a?s=U2FsdGVkX18pXr1PhQbH0Vjvi3WeFYpoJe3OGgOV8EPi39nC7dxh8WjW4jeWLoa28ShDwTcbpT6dO7WcL59LiCxe5MuboS64lawuPIbkVcfzNejVJLa2ctBoQXfCM5bVYnY8JkxQ+T1ACGyFz7dqa4/l3f4pq4Q1UZxPjiJfcyWXOdqQksd742kATcMwfBFPZdjrejRD1es9evqSudfQMbiMHMouESTvzzsilFZdlKnTDZCAH+IBE+8VS+8I51ugr139MAy7T/sKX4MKpq5Zmg==&u=U2FsdGVkX184Tnpsu1rb4G8WWTyoLhUpusTKf2Hmsko=&y=U2FsdGVkX1/8mmFaItEPwPK964Y3/7a1ZtEtmbZ6Yn/teo82Mw+0Yt9VWPJfLIgO HTTP/1.1" 200 25
181.55.68.25 - - [28/May/2022:09:40:49 -0500] "GET /kwssiamovil/sm/acme/u?s=U2FsdGVkX1+5f1VUIuWI3xnXHwd147sq/5/pGHX01H7bgalE+YB+eQin3ySFKSx3HYtusfHQxeseXzR949xekR6+ytcKef4KLZvBKwscVx1Wn5DpaHst1FONx66OAHDrGmsKsm++9pwAf64dEIzW3cNirJSBeMQlWYgbjdrgOhPn0b2Fsvf9ULaiVjSjdIicdCTnD6+oUCyecMT8M4Mj4BQjTUtYvYYASoVStTtwjT8=&u=U2FsdGVkX184Tnpsu1rb4G8WWTyoLhUpusTKf2Hmsko=&y=U2FsdGVkX1/8mmFaItEPwPK964Y3/7a1ZtEtmbZ6Yn/teo82Mw+0Yt9VWPJfLIgO HTTP/1.1" 200 60
207.46.13.146 - - [28/May/2022:09:41:05 -0500] "GET /bla/resoluciones/resoluciones%202012/0315.pdf HTTP/1.1" 200 528641
172.22.2.4 - - [28/May/2022:09:39:39 -0500] "HEAD /BLA/boletinlegal/ HTTP/1.1" 200 -
157.55.39.43 - - [28/May/2022:09:41:48 -0500] "GET /bla/resoluciones/resoluciones%202012/1465.pdf HTTP/1.1" 200 1122371
216.245.221.92 - - [28/May/2022:09:41:53 -0500] "HEAD / HTTP/1.1" 200 -
172.22.2.4 - - [28/May/2022:09:40:30 -0500] "GET /BLA/boletinlegal/ HTTP/1.1" 200 56776
201.245.192.253 - - [28/May/2022:09:41:40 -0500] "POST /kwsrmcab/Wsrmcab HTTP/1.1" 200 46371
201.245.192.253 - - [28/May/2022:09:42:29 -0500] "POST /kwsrmcab/Wsrmcab HTTP/1.1" 200 47113
207.46.13.81 - - [28/May/2022:09:44:31 -0500] "GET /portaldeninos/wp-content/uploads/2020/11/Santa-Mar%C3%ADa-B-300x169.jpg HTTP/1.1" 200 14939
181.55.68.25 - - [28/May/2022:09:45:37 -0500] "GET /kwssiamovil/sm/acme/a?s=U2FsdGVkX18MchaTpGO66WravcWfzwrCWyJ9tf/s0sN99xyqethzabkyTCBY++E9OW95DHxosoUF5QxXq2nmwNGPrssat7Xb/q99pBfIRvgsuJUuYwWwgAy29nizerfNpijqhamL09QaYkCw+tMOlghVCDB4OV7pOyE5EfYPTc+WDfIpe7syEAhdTIxF+WxaI4GGjlQkK0+ZApj12S4ZrNZnthjR7mGkgWfVBu+gMST7ju0QJu+syd+54QifMIkwUPNrRgnTJstqcP3jqeIlxQ==&u=U2FsdGVkX184Tnpsu1rb4G8WWTyoLhUpusTKf2Hmsko=&y=U2FsdGVkX1/8mmFaItEPwPK964Y3/7a1ZtEtmbZ6Yn/teo82Mw+0Yt9VWPJfLIgO HTTP/1.1" 200 25
181.55.68.25 - - [28/May/2022:09:45:38 -0500] "GET /kwssiamovil/sm/acme/a?s=U2FsdGVkX18BVz8vAADMse+UV+fEQ8HDql/oMmZMhBKJqa1W0VXayP+7Gxd6cLwXe3W7acuFAIDAD42weLiT4hiLc99YBZg1SOUrXBrhoi7MwJsNrox19rTMIOOno0rssYpa5n3LUutb8XSkZcpTru40Pd9/yL4BOPZPp2YNA/cQyqoJS9PKzsUZQstyg3jO3Qcd0vPGTyIHaLtdVSvBeYwHnpG0RZzoKoRn2NM7sZmKbelJ46IoyqnSUyQdoRh2TDppPVup4iQmx7yt4VCLNZSZW8TYCV5mUAJ+fqLZEm3kZPwpbEwCMjYkoNtFIQTjYszr7EFKemzJNbwdeVnD6VRgUtC3bQhF/kbnj2dk9+vJxpXESo1DnpwXo0MWownKXUbmzJG2+w5ay+m5uLM55xnTR9lhFDn6JpZsTU8ozWlCUeeEJZXlJXz7bKVLauXB9+g54helDlpwh80ZaHMLqUFx4E6itYZUbwvL7oknPXHk6l2Q/VUSZo2SGgh0mJFgY5ZU2jlio51/5cKTPc/QRCgZa0OQI+PUv8z/4DM10xJylK1dh1+70B+WArw2DMB0utkveTp46qU0WGe/2hpa94xNjeJlijr2l7JrYRSY2z2WOnxp2rAVr9mh7z+Dn0FWCZIEb2l/Dva3JvFqQK5eHMVGVLiyRyHoof6lBjOF6KkX6P366fvZeVUnFBWoo40zCYzTPVYFkXvEmOmQ5hiUmgjCTdA5p0c+XlGKg4MjJ17eggSW3C85lp+8ocjo6MLLuaSIUC89piaP0d9KDgHhuTmR0ME+Yys/StO3PU5mndvdilYuPtReAhnoXmnz+nCS/l50tLHv1KL3w/VYEqmlT30/2l/8BQo4M6IhmuqtOXHxNmWZauQ+78Wwcg+RQUvotw+IUpHgmWJyHrNDzKIh2QPUrD9vIw/su/LcaRsym4YRqFfCdRD12jhcnihyDuBPafl0/teutEwgQuKDqitaJJaS0eqUs8tsXZuqHHp3hYjpm6ahg591tDHLkXWuNPSzEOD8esaw0AHZGQ62hK1gWAXqzL32Z4gX3l6spOSPmtJiofN38a9HCYhMTVvkLL2fU1PZrEDslNN1t8JumdNQQHnAMPFOX309OcoiFPQ/jIDeLCCi3e03NcSuLloFZFG0ARt2rlYHUpX6hntxFiTO6owjFNekrYkXWPaB8LJej78zIUw1P2BJEvnt2EL9M17Guns3iV6Oom8YPkU3/SDsX0ut0sEa7R8zFNRq830AYA9WBmtTtqhrAJS4BxknLovQPR08HbtD8v9RoqJ6JNvEdBnnPd+NDeZCXwI1YwxItX80rDO7oK5Jo9ZVy9Dc6VhEiNIH/I9+qZu3DVnhvmd8XMI/8VZFhl3b+yoXquH8ailhVhuymR/2M/BBCKtybf5uce8fHgN7aU2nXACRS82VAg53CI0kZNA0tZ/4KW9lIMkhmbjAZV7FXmZz7gm76ScdnxAvUGW2BCwch6g8WCdNi8c5Na8spVatqMPCZNISd17pBOix3pP1LD1KA7CuBwoyl5SSZDo1g/grhI1VqPxkzA==&u=U2FsdGVkX184Tnpsu1rb4G8WWTyoLhUpusTKf2Hmsko=&y=U2FsdGVkX1/8mmFaItEPwPK964Y3/7a1ZtEtmbZ6Yn/teo82Mw+0Yt9VWPJfLIgO HTTP/1.1" 200 25
181.55.68.25 - - [28/May/2022:09:45:38 -0500] "GET /kwssiamovil/sm/acme/a?s=U2FsdGVkX18Y/D9ygbsYrU0WTdaBodXf40hjRK45j+P+bVftnxcMzP1QKkKrlMBXah2qhFvCUMBbN1KRWQPCKAWZ18co4qpPj6rWBwEpHiyEZqIIO/pS3tMnFlioqg/AV2YXjoNN5F/jL9wk/XFs5OeQJr3jwv4vm+rw7d0rjIE=&u=U2FsdGVkX184Tnpsu1rb4G8WWTyoLhUpusTKf2Hmsko=&y=U2FsdGVkX1/8mmFaItEPwPK964Y3/7a1ZtEtmbZ6Yn/teo82Mw+0Yt9VWPJfLIgO HTTP/1.1" 200 25
181.55.68.25 - - [28/May/2022:09:45:38 -0500] "GET /kwssiamovil/sm/acme/a?s=U2FsdGVkX18IhUJV1Lw8yBujUeDZYv2OV7KoQZ0D9+upqsBbQppEUzPI5LvIJY/3w6oiUstbGmS9YLO9zPCh4Q6PRLtXO+4pMBCDD5yUJYDrG6wttAPz03kfOwAxvrBxo/KOwDGLCup5hJoLs32GPm0IpDD8M6vvMB76L0FR8no=&u=U2FsdGVkX184Tnpsu1rb4G8WWTyoLhUpusTKf2Hmsko=&y=U2FsdGVkX1/8mmFaItEPwPK964Y3/7a1ZtEtmbZ6Yn/teo82Mw+0Yt9VWPJfLIgO HTTP/1.1" 200 25
181.55.68.25 - - [28/May/2022:09:45:38 -0500] "GET /kwssiamovil/sm/acme/a?s=U2FsdGVkX18oHVAG2eDHbEOF4tkYMzF9N6XihmoIoyLb48AwD407lT28q0iFAQqlgRYklQe65w76TTXdGxKo0EIxNz/CioKYgvjKxIKBg73pb7jlQ3apK3pFCdTvojypIlyGpVDYET2jCjqRx+wbUdBvzzbvMkR9JM0iUHva0Ok=&u=U2FsdGVkX184Tnpsu1rb4G8WWTyoLhUpusTKf2Hmsko=&y=U2FsdGVkX1/8mmFaItEPwPK964Y3/7a1ZtEtmbZ6Yn/teo82Mw+0Yt9VWPJfLIgO HTTP/1.1" 200 25
181.55.68.25 - - [28/May/2022:09:45:38 -0500] "GET /kwssiamovil/sm/acme/a?s=U2FsdGVkX1+LkylLc4qOBIUlhUNJrkWmEAMqnEQk72kNsTqWabntGyCElSBT6/UNRlpYeO+Bz0APGIyzw93sVAI9pXsE2ABZr3YZuOXmAygKoEj3MVY2Wg1Ll+6991ejflWXq+S07k+x2DEU9B3S1pJBVHN4SXbZD25GCC6/znz4gndIWEL9RJIx6glMs4rT&u=U2FsdGVkX184Tnpsu1rb4G8WWTyoLhUpusTKf2Hmsko=&y=U2FsdGVkX1/8mmFaItEPwPK964Y3/7a1ZtEtmbZ6Yn/teo82Mw+0Yt9VWPJfLIgO HTTP/1.1" 200 25
181.55.68.25 - - [28/May/2022:09:46:24 -0500] "GET /kwssiamovil/sm/acme/a?s=U2FsdGVkX19bsPaG6I4tSQwg608ctKsulbHDXD6RvuXt9j7X9JNL5liqqffPtbYM4IoUnDw7jqAGNgifKze8gPJEt7IhqpbRHuAt+9eEaATXwj1g7PKrSDE+wOzSlKJdPkyrKGJLZB0KnVK5zeuka6vHgEaoncYLgeHbxwpAMuuubj3/i2qyVcI8loKKBL0Ra+jl4B4udm3XUZMfIDCZAfbIugYTnPy09UWRoiPWiD/i1ELZR/85aJb+phPeVTeOaArVOLVh2XBFdzI9C45wEg==&u=U2FsdGVkX184Tnpsu1rb4G8WWTyoLhUpusTKf2Hmsko=&y=U2FsdGVkX1/8mmFaItEPwPK964Y3/7a1ZtEtmbZ6Yn/teo82Mw+0Yt9VWPJfLIgO HTTP/1.1" 200 25
