200.118.64.109 - - [28/May/2022:19:04:51 -0500] "POST /forms/lservlet;jsessionid=ac16012b30d6279a8b5810ae4243a5b0c7e88fb7092b.e3iSbxaKaheRe34MbxmQaheMbNz0n6jAmljGr5XDqQLvpAe HTTP/1.1" 200 2
173.252.127.12 - - [28/May/2022:19:06:01 -0500] "GET /images/FaunaOAB.jpg HTTP/1.1" 200 467631
173.252.127.9 - - [28/May/2022:19:06:01 -0500] "GET /images/FaunaOAB.jpg HTTP/1.1" 200 467631
173.252.83.6 - - [28/May/2022:19:06:01 -0500] "GET /images/FaunaOAB.jpg HTTP/1.1" 200 467631
31.13.127.117 - - [28/May/2022:19:06:01 -0500] "GET /images/FaunaOAB.jpg HTTP/1.1" 200 467631
173.252.87.120 - - [28/May/2022:19:06:01 -0500] "GET /images/FaunaOAB.jpg HTTP/1.1" 200 467631
66.220.149.11 - - [28/May/2022:19:06:01 -0500] "GET /images/FaunaOAB.jpg HTTP/1.1" 200 467631
216.245.221.92 - - [28/May/2022:19:06:51 -0500] "HEAD / HTTP/1.1" 200 -
200.118.64.109 - - [28/May/2022:19:06:52 -0500] "POST /forms/lservlet;jsessionid=ac16012b30d6279a8b5810ae4243a5b0c7e88fb7092b.e3iSbxaKaheRe34MbxmQaheMbNz0n6jAmljGr5XDqQLvpAe HTTP/1.1" 200 2
207.46.13.146 - - [28/May/2022:19:07:08 -0500] "GET /BLA/resoluciones/AUTOS%202011/1327.pdf HTTP/1.1" 304 -
172.22.2.4 - - [28/May/2022:19:05:28 -0500] "HEAD /BLA/boletinlegal/ HTTP/1.1" 200 -
173.252.87.8 - - [28/May/2022:19:07:36 -0500] "GET /indicadores-de-fauna-silvestre-en-el-observatorio-ambiental-de-bogota.html?fbclid=IwAR10zhrqMy1xlwuGaAce1fwUepDhrpirc7U9AYrrDoO8ihGGqzVA0H4fBd8 HTTP/1.1" 200 949
157.55.39.43 - - [28/May/2022:19:07:41 -0500] "GET /bla/resoluciones/resoluciones%202012/0739.pdf HTTP/1.1" 200 587481
172.22.2.4 - - [28/May/2022:19:07:50 -0500] "GET /BLA/boletinlegal/images/pdf.gif HTTP/1.1" 304 -
172.22.2.4 - - [28/May/2022:19:06:18 -0500] "GET /BLA/boletinlegal/ HTTP/1.1" 200 58482
190.158.204.180 - - [28/May/2022:19:08:05 -0500] "GET /secretaria-de-ambiente-y-sena-abren-curso-de-jardines-verticales.html HTTP/1.1" 200 734
66.249.65.15 - - [28/May/2022:19:08:15 -0500] "-" 408 -
200.118.64.109 - - [28/May/2022:19:08:52 -0500] "POST /forms/lservlet;jsessionid=ac16012b30d6279a8b5810ae4243a5b0c7e88fb7092b.e3iSbxaKaheRe34MbxmQaheMbNz0n6jAmljGr5XDqQLvpAe HTTP/1.1" 200 2
200.118.64.109 - - [28/May/2022:19:10:52 -0500] "POST /forms/lservlet;jsessionid=ac16012b30d6279a8b5810ae4243a5b0c7e88fb7092b.e3iSbxaKaheRe34MbxmQaheMbNz0n6jAmljGr5XDqQLvpAe HTTP/1.1" 200 2
69.171.231.1 - - [28/May/2022:19:11:03 -0500] "GET /images/facebook-live-ivc-MAYO27.png HTTP/1.1" 200 480404
216.245.221.92 - - [28/May/2022:19:11:51 -0500] "HEAD / HTTP/1.1" 200 -
181.236.168.186 - - [28/May/2022:19:12:05 -0500] "GET /conoce-los-requisitos-ambientales-para-abrir-un-establecimiento-comercial-en-bogota.html HTTP/1.1" 200 796
186.99.150.207 - - [28/May/2022:19:12:49 -0500] "GET /secretaria-de-ambiente-y-sena-abren-curso-de-jardines-verticales.html?fbclid=IwAR3VIlz3tIbsZt3tISCETAU2p044Wm7KpVACYEDN5832WLuPkbgja-c-jus HTTP/1.1" 200 734
200.118.64.109 - - [28/May/2022:19:12:52 -0500] "POST /forms/lservlet;jsessionid=ac16012b30d6279a8b5810ae4243a5b0c7e88fb7092b.e3iSbxaKaheRe34MbxmQaheMbNz0n6jAmljGr5XDqQLvpAe HTTP/1.1" 200 2
172.22.2.4 - - [28/May/2022:19:11:18 -0500] "HEAD /BLA/boletinlegal/ HTTP/1.1" 200 -
207.46.13.179 - - [28/May/2022:19:13:41 -0500] "GET /BLA/resoluciones/AUTOS%202019/2486.pdf HTTP/1.1" 304 -
172.22.2.4 - - [28/May/2022:19:12:08 -0500] "GET /BLA/boletinlegal/ HTTP/1.1" 200 56364
200.118.64.109 - - [28/May/2022:19:14:52 -0500] "POST /forms/lservlet;jsessionid=ac16012b30d6279a8b5810ae4243a5b0c7e88fb7092b.e3iSbxaKaheRe34MbxmQaheMbNz0n6jAmljGr5XDqQLvpAe HTTP/1.1" 200 2
216.245.221.92 - - [28/May/2022:19:16:51 -0500] "HEAD / HTTP/1.1" 200 -
200.118.64.109 - - [28/May/2022:19:16:52 -0500] "POST /forms/lservlet;jsessionid=ac16012b30d6279a8b5810ae4243a5b0c7e88fb7092b.e3iSbxaKaheRe34MbxmQaheMbNz0n6jAmljGr5XDqQLvpAe HTTP/1.1" 200 2
51.255.62.11 - - [28/May/2022:19:17:04 -0500] "GET /portaldeninos/home-2-3/feed/ HTTP/1.1" 200 793
51.255.62.6 - - [28/May/2022:19:17:04 -0500] "GET /portaldeninos/ HTTP/1.1" 200 109662
51.255.62.0 - - [28/May/2022:19:17:36 -0500] "GET /portaldeninos/2021/07/11/asi-monitoreamos-las-condiciones-y-caracteristicas-de-algunos-animales/?utm_source=rss HTTP/1.1" 200 101818
207.46.13.179 - - [28/May/2022:19:18:28 -0500] "GET /BLA/resoluciones/RESOLUCIONES%202021/3212.pdf HTTP/1.1" 304 -
172.22.2.4 - - [28/May/2022:19:17:08 -0500] "HEAD /BLA/boletinlegal/ HTTP/1.1" 200 -
207.46.13.179 - - [28/May/2022:19:18:49 -0500] "GET /BLA/resoluciones/RESOLUCIONES%202018/3516.pdf HTTP/1.1" 304 -
200.118.64.109 - - [28/May/2022:19:18:52 -0500] "POST /forms/lservlet;jsessionid=ac16012b30d6279a8b5810ae4243a5b0c7e88fb7092b.e3iSbxaKaheRe34MbxmQaheMbNz0n6jAmljGr5XDqQLvpAe HTTP/1.1" 200 2
45.238.182.30 - - [28/May/2022:19:18:53 -0500] "GET /secretaria-de-ambiente-y-sena-abren-curso-de-jardines-verticales.html HTTP/1.1" 200 734
172.22.2.4 - - [28/May/2022:19:17:58 -0500] "GET /BLA/boletinlegal/ HTTP/1.1" 200 56364
172.22.2.4 - - [28/May/2022:19:20:03 -0500] "GET /BLA/boletinlegal/xmlrpc.php HTTP/1.1" 404 1038
200.118.64.109 - - [28/May/2022:19:20:52 -0500] "POST /forms/lservlet;jsessionid=ac16012b30d6279a8b5810ae4243a5b0c7e88fb7092b.e3iSbxaKaheRe34MbxmQaheMbNz0n6jAmljGr5XDqQLvpAe HTTP/1.1" 200 2
216.245.221.92 - - [28/May/2022:19:21:51 -0500] "HEAD / HTTP/1.1" 200 -
201.245.192.253 - - [28/May/2022:19:21:38 -0500] "POST /kwsrmcab/Wsrmcab HTTP/1.1" 200 45882
173.252.111.1 - - [28/May/2022:19:22:45 -0500] "GET /proyecto-de-eficiencia-energetica-y-energia-solar-para-entidades-publicas-de-bogota-recibira-apoyo-de-c40.html HTTP/1.1" 206 890
200.118.64.109 - - [28/May/2022:19:22:53 -0500] "POST /forms/lservlet;jsessionid=ac16012b30d6279a8b5810ae4243a5b0c7e88fb7092b.e3iSbxaKaheRe34MbxmQaheMbNz0n6jAmljGr5XDqQLvpAe HTTP/1.1" 200 2
201.245.192.253 - - [28/May/2022:19:22:28 -0500] "POST /kwsrmcab/Wsrmcab HTTP/1.1" 200 47393
172.22.2.4 - - [28/May/2022:19:23:42 -0500] "POST /BLA/boletinlegal/mifs/.;/services/LogService HTTP/1.1" 404 1158
172.22.2.4 - - [28/May/2022:19:23:48 -0500] "GET /BLA/boletinlegal/style.css HTTP/1.1" 200 9406
172.22.2.4 - - [28/May/2022:19:23:48 -0500] "GET /BLA/boletinlegal/styles2.css HTTP/1.1" 200 1838
172.22.2.4 - - [28/May/2022:19:23:48 -0500] "GET /BLA/boletinlegal/js/jquery.js HTTP/1.1" 200 57254
172.22.2.4 - - [28/May/2022:19:23:48 -0500] "GET /BLA/boletinlegal/js/jquery.scrollShow.js HTTP/1.1" 200 4586
172.22.2.4 - - [28/May/2022:19:23:48 -0500] "GET /BLA/boletinlegal/images/cabezote%20BLEGAL.jpg HTTP/1.1" 200 118164
172.22.2.4 - - [28/May/2022:19:23:48 -0500] "GET /BLA/boletinlegal/images/subscribe-icon-big.png HTTP/1.1" 200 47702
172.22.2.4 - - [28/May/2022:19:23:48 -0500] "GET /BLA/boletinlegal/images/historia.png HTTP/1.1" 200 52775
172.22.2.4 - - [28/May/2022:19:23:48 -0500] "GET /BLA/boletinlegal/images/registro-usuarios.png HTTP/1.1" 200 8106
172.22.2.4 - - [28/May/2022:19:23:48 -0500] "GET /BLA/boletinlegal/js/jquery.scrollTo-min.js HTTP/1.1" 200 1150
172.22.2.4 - - [28/May/2022:19:23:48 -0500] "GET /BLA/boletinlegal/images/arr_l.jpg HTTP/1.1" 200 1979
172.22.2.4 - - [28/May/2022:19:23:48 -0500] "GET /BLA/boletinlegal/images/screen_1.png HTTP/1.1" 200 202547
172.22.2.4 - - [28/May/2022:19:23:48 -0500] "GET /BLA/boletinlegal/images/launch.jpg HTTP/1.1" 200 14577
172.22.2.4 - - [28/May/2022:19:23:49 -0500] "GET /BLA/boletinlegal/actos.php HTTP/1.1" 200 9559
172.22.2.4 - - [28/May/2022:19:23:49 -0500] "GET /BLA/boletinlegal/js/ajax_actos.js HTTP/1.1" 200 1322
172.22.2.4 - - [28/May/2022:19:23:49 -0500] "GET /BLA/boletinlegal/niceforms-default.css HTTP/1.1" 200 6694
172.22.2.4 - - [28/May/2022:19:23:49 -0500] "GET /BLA/boletinlegal/niceforms.js HTTP/1.1" 200 22876
172.22.2.4 - - [28/May/2022:19:23:49 -0500] "GET /BLA/boletinlegal/js/lib.js HTTP/1.1" 200 6474
172.22.2.4 - - [28/May/2022:19:23:49 -0500] "GET /BLA/boletinlegal/js/popup.js HTTP/1.1" 200 1270
172.22.2.4 - - [28/May/2022:19:23:49 -0500] "GET /BLA/boletinlegal/js/jquery1.js HTTP/1.1" 200 29846
172.22.2.4 - - [28/May/2022:19:23:49 -0500] "GET /BLA/boletinlegal/images/green-yellow-blue-pink-th.png HTTP/1.1" 200 7394
172.22.2.4 - - [28/May/2022:19:23:49 -0500] "GET /BLA/boletinlegal/images/tel.png HTTP/1.1" 200 14477
172.22.2.4 - - [28/May/2022:19:23:49 -0500] "GET /BLA/boletinlegal/images/abajo.png HTTP/1.1" 200 96676
172.22.2.4 - - [28/May/2022:19:23:49 -0500] "GET /BLA/boletinlegal/images/icono-email.png HTTP/1.1" 200 5544
172.22.2.4 - - [28/May/2022:19:23:49 -0500] "GET /BLA/boletinlegal/images/body_bg.jpg HTTP/1.1" 200 1601
172.22.2.4 - - [28/May/2022:19:23:49 -0500] "GET /BLA/boletinlegal/images/menu_lft.gif HTTP/1.1" 200 1713
172.22.2.4 - - [28/May/2022:19:23:49 -0500] "GET /BLA/boletinlegal/images/bg_top.jpg HTTP/1.1" 200 522
172.22.2.4 - - [28/May/2022:19:23:49 -0500] "GET /BLA/boletinlegal/images/menu_rght.gif HTTP/1.1" 200 1627
172.22.2.4 - - [28/May/2022:19:23:49 -0500] "GET /BLA/boletinlegal/images/menu_bg.jpg HTTP/1.1" 200 620
172.22.2.4 - - [28/May/2022:19:23:49 -0500] "GET /BLA/boletinlegal/images/hover.jpg HTTP/1.1" 200 640
172.22.2.4 - - [28/May/2022:19:23:49 -0500] "GET /BLA/boletinlegal/images/text.jpg HTTP/1.1" 200 568
172.22.2.4 - - [28/May/2022:19:23:49 -0500] "GET /BLA/boletinlegal/images/footer_bg.jpg HTTP/1.1" 200 586
172.22.2.4 - - [28/May/2022:19:23:49 -0500] "GET /BLA/boletinlegal/images/footer_bg_l.jpg HTTP/1.1" 200 776
172.22.2.4 - - [28/May/2022:19:23:49 -0500] "GET /BLA/boletinlegal/img/select-left.png HTTP/1.1" 200 263
172.22.2.4 - - [28/May/2022:19:23:49 -0500] "GET /BLA/boletinlegal/img/select-right.png HTTP/1.1" 200 44019
172.22.2.4 - - [28/May/2022:19:23:49 -0500] "GET /BLA/boletinlegal/img/button-left.png HTTP/1.1" 200 57071
172.22.2.4 - - [28/May/2022:19:23:49 -0500] "GET /BLA/boletinlegal/favicon.ico HTTP/1.1" 404 1326
172.22.2.4 - - [28/May/2022:19:23:49 -0500] "GET /BLA/boletinlegal/img/button-right.png HTTP/1.1" 200 57878
173.252.127.19 - - [28/May/2022:19:23:49 -0500] "GET /proyecto-de-eficiencia-energetica-y-energia-solar-para-entidades-publicas-de-bogota-recibira-apoyo-de-c40.html?fbclid=IwAR2oHFuqy6qSXTmUv6Sz_2vaZo6iLYJNvLEqa9sqYVIBlj9aowQSS_GEsE8 HTTP/1.1" 200 890
172.22.2.4 - - [28/May/2022:19:23:49 -0500] "GET /BLA/boletinlegal/img/button.png HTTP/1.1" 200 43241
172.22.2.4 - - [28/May/2022:19:23:50 -0500] "GET /BLA/boletinlegal/img/0.png HTTP/1.1" 200 110
186.155.175.187 - - [28/May/2022:19:23:50 -0500] "GET /conoce-los-requisitos-ambientales-para-abrir-un-establecimiento-comercial-en-bogota.html HTTP/1.1" 200 796
172.22.2.4 - - [28/May/2022:19:23:57 -0500] "GET /BLA/boletinlegal/images/screen_2.png HTTP/1.1" 200 362502
172.22.2.4 - - [28/May/2022:19:23:57 -0500] "GET /BLA/boletinlegal/images/screen_5.png HTTP/1.1" 200 368876
172.22.2.4 - - [28/May/2022:19:23:57 -0500] "GET /BLA/boletinlegal/images/screen_3.png HTTP/1.1" 200 210620
172.22.2.4 - - [28/May/2022:19:23:57 -0500] "GET /BLA/boletinlegal/images/arr_r.jpg HTTP/1.1" 200 1998
172.22.2.4 - - [28/May/2022:19:24:05 -0500] "GET /BLA/boletinlegal/consulta_actos.php?tipo=autos&no=3606&usuario=&sector=&fecha=2011&resuelve= HTTP/1.1" 200 1090
172.22.2.4 - - [28/May/2022:19:24:06 -0500] "GET /BLA/boletinlegal/images/pdf.gif HTTP/1.1" 200 567
190.159.20.62 - - [28/May/2022:19:24:15 -0500] "GET /BLA/resoluciones/AUTOS%202011/3606.pdf HTTP/1.1" 200 498261
190.159.20.62 - - [28/May/2022:19:24:15 -0500] "GET /BLA/resoluciones/AUTOS%202011/3606.pdf HTTP/1.1" 206 1025
190.159.20.62 - - [28/May/2022:19:24:15 -0500] "GET /BLA/resoluciones/AUTOS%202011/3606.pdf HTTP/1.1" 200 498261
172.22.2.4 - - [28/May/2022:19:22:58 -0500] "HEAD /BLA/boletinlegal/ HTTP/1.1" 200 -
200.118.64.109 - - [28/May/2022:19:24:53 -0500] "POST /forms/lservlet;jsessionid=ac16012b30d6279a8b5810ae4243a5b0c7e88fb7092b.e3iSbxaKaheRe34MbxmQaheMbNz0n6jAmljGr5XDqQLvpAe HTTP/1.1" 200 2
161.18.222.179 - - [28/May/2022:19:24:53 -0500] "POST /sipse/faces/presentacion/financiero/solicitudProceso/consultarSolicitudProceso.xhtml HTTP/1.1" 200 37967
161.18.222.179 - - [28/May/2022:19:24:54 -0500] "GET /sipse/faces/javax.faces.resource/theme.css?ln=primefaces-sipse HTTP/1.1" 304 -
161.18.222.179 - - [28/May/2022:19:24:54 -0500] "GET /sipse/faces/javax.faces.resource/primefaces.css?ln=primefaces&v=4.0 HTTP/1.1" 304 -
161.18.222.179 - - [28/May/2022:19:24:54 -0500] "GET /sipse/faces/javax.faces.resource/layout/layout.css?ln=primefaces&v=4.0 HTTP/1.1" 304 -
161.18.222.179 - - [28/May/2022:19:24:54 -0500] "GET /sipse/faces/javax.faces.resource/jquery/jquery.js?ln=primefaces&v=4.0 HTTP/1.1" 304 -
161.18.222.179 - - [28/May/2022:19:24:54 -0500] "GET /sipse/faces/javax.faces.resource/jquery/jquery-plugins.js?ln=primefaces&v=4.0 HTTP/1.1" 304 -
161.18.222.179 - - [28/May/2022:19:24:54 -0500] "GET /sipse/faces/javax.faces.resource/primefaces.js?ln=primefaces&v=4.0 HTTP/1.1" 304 -
161.18.222.179 - - [28/May/2022:19:24:54 -0500] "GET /sipse/faces/javax.faces.resource/layout/layout.js?ln=primefaces&v=4.0 HTTP/1.1" 304 -
161.18.222.179 - - [28/May/2022:19:24:54 -0500] "GET /sipse/css/imagen/contrasena.png HTTP/1.1" 404 383
161.18.222.179 - - [28/May/2022:19:24:54 -0500] "POST /sipse/faces/presentacion/financiero/solicitudProceso/solicitudProcesoOtrosPagos.xhtml HTTP/1.1" 200 31349
161.18.222.179 - - [28/May/2022:19:25:02 -0500] "POST /sipse/faces/presentacion/financiero/solicitudProceso/solicitudProcesoOtrosPagos.xhtml HTTP/1.1" 200 55680
161.18.222.179 - - [28/May/2022:19:25:02 -0500] "GET /sipse/faces/javax.faces.resource/theme.css?ln=primefaces-sipse HTTP/1.1" 304 -
161.18.222.179 - - [28/May/2022:19:25:02 -0500] "GET /sipse/faces/javax.faces.resource/primefaces.css?ln=primefaces&v=4.0 HTTP/1.1" 304 -
161.18.222.179 - - [28/May/2022:19:25:02 -0500] "GET /sipse/faces/javax.faces.resource/jquery/jquery.js?ln=primefaces&v=4.0 HTTP/1.1" 304 -
161.18.222.179 - - [28/May/2022:19:25:02 -0500] "GET /sipse/faces/javax.faces.resource/fileupload/fileupload.css?ln=primefaces&v=4.0 HTTP/1.1" 304 -
161.18.222.179 - - [28/May/2022:19:25:02 -0500] "GET /sipse/faces/javax.faces.resource/layout/layout.css?ln=primefaces&v=4.0 HTTP/1.1" 304 -
161.18.222.179 - - [28/May/2022:19:25:03 -0500] "GET /sipse/faces/javax.faces.resource/jquery/jquery-plugins.js?ln=primefaces&v=4.0 HTTP/1.1" 304 -
161.18.222.179 - - [28/May/2022:19:25:03 -0500] "GET /sipse/faces/javax.faces.resource/primefaces.js?ln=primefaces&v=4.0 HTTP/1.1" 304 -
161.18.222.179 - - [28/May/2022:19:25:03 -0500] "GET /sipse/faces/javax.faces.resource/layout/layout.js?ln=primefaces&v=4.0 HTTP/1.1" 304 -
161.18.222.179 - - [28/May/2022:19:25:03 -0500] "GET /sipse/faces/javax.faces.resource/fileupload/fileupload.js?ln=primefaces&v=4.0 HTTP/1.1" 304 -
161.18.222.179 - - [28/May/2022:19:25:03 -0500] "GET /sipse/css/imagen/contrasena.png HTTP/1.1" 404 383
172.22.2.4 - - [28/May/2022:19:23:48 -0500] "GET /BLA/boletinlegal/ HTTP/1.1" 200 44530
192.168.172.17 - - [28/May/2022:19:25:29 -0500] "GET /conoce-los-requisitos-ambientales-para-abrir-un-establecimiento-comercial-en-bogota.html HTTP/1.1" 304 -
172.22.2.4 - - [28/May/2022:19:23:49 -0500] "GET /BLA/boletinlegal/ HTTP/1.1" 200 43894
216.245.221.92 - - [28/May/2022:19:26:51 -0500] "HEAD / HTTP/1.1" 200 -
200.118.64.109 - - [28/May/2022:19:26:53 -0500] "POST /forms/lservlet;jsessionid=ac16012b30d6279a8b5810ae4243a5b0c7e88fb7092b.e3iSbxaKaheRe34MbxmQaheMbNz0n6jAmljGr5XDqQLvpAe HTTP/1.1" 200 2
40.77.167.79 - - [28/May/2022:19:27:45 -0500] "GET /bla/resoluciones/resoluciones%202012/0638.pdf HTTP/1.1" 200 812260
157.55.39.43 - - [28/May/2022:19:28:33 -0500] "GET /bla/resoluciones/resoluciones%202012/0160.pdf HTTP/1.1" 200 647027
200.118.64.109 - - [28/May/2022:19:28:53 -0500] "POST /forms/lservlet;jsessionid=ac16012b30d6279a8b5810ae4243a5b0c7e88fb7092b.e3iSbxaKaheRe34MbxmQaheMbNz0n6jAmljGr5XDqQLvpAe HTTP/1.1" 200 2
172.22.2.4 - - [28/May/2022:19:29:08 -0500] "GET /BLA/boletinlegal/Directivas/2011/Directiva%20No.%201%20del%205%20de%20Abril%20de%202011.pdf HTTP/1.1" 304 -
157.55.39.8 - - [28/May/2022:19:29:08 -0500] "GET /forest/ HTTP/1.1" 200 12041
172.22.2.4 - - [28/May/2022:19:28:48 -0500] "HEAD /BLA/boletinlegal/ HTTP/1.1" 200 -
200.118.64.109 - - [28/May/2022:19:30:53 -0500] "POST /forms/lservlet;jsessionid=ac16012b30d6279a8b5810ae4243a5b0c7e88fb7092b.e3iSbxaKaheRe34MbxmQaheMbNz0n6jAmljGr5XDqQLvpAe HTTP/1.1" 200 2
172.22.2.4 - - [28/May/2022:19:29:38 -0500] "GET /BLA/boletinlegal/ HTTP/1.1" 200 58482
216.245.221.92 - - [28/May/2022:19:31:51 -0500] "HEAD / HTTP/1.1" 200 -
201.245.192.253 - - [28/May/2022:19:31:38 -0500] "POST /kwsrmcab/Wsrmcab HTTP/1.1" 200 45882
200.118.64.109 - - [28/May/2022:19:32:53 -0500] "POST /forms/lservlet;jsessionid=ac16012b30d6279a8b5810ae4243a5b0c7e88fb7092b.e3iSbxaKaheRe34MbxmQaheMbNz0n6jAmljGr5XDqQLvpAe HTTP/1.1" 200 2
201.245.192.253 - - [28/May/2022:19:32:29 -0500] "POST /kwsrmcab/Wsrmcab HTTP/1.1" 200 47393
157.55.39.127 - - [28/May/2022:19:34:05 -0500] "GET /BLA/resoluciones/AUTOS%202020/2910.pdf HTTP/1.1" 304 -
31.13.115.13 - - [28/May/2022:19:34:33 -0500] "GET /secretaria-de-ambiente-y-sena-abren-curso-de-jardines-verticales.html?fbclid=IwAR3iQLDqtGEAj_BYbGoHzHUF8oQ_b40SiWYEQpiqZetd8INIEJV7fOLhG_E HTTP/1.1" 200 734
35.233.62.116 - - [28/May/2022:19:34:45 -0500] "GET / HTTP/1.1" 200 319
200.118.64.109 - - [28/May/2022:19:34:54 -0500] "POST /forms/lservlet;jsessionid=ac16012b30d6279a8b5810ae4243a5b0c7e88fb7092b.e3iSbxaKaheRe34MbxmQaheMbNz0n6jAmljGr5XDqQLvpAe HTTP/1.1" 200 2
191.95.1.222 - - [28/May/2022:19:35:04 -0500] "GET /conoce-los-requisitos-ambientales-para-abrir-un-establecimiento-comercial-en-bogota.html HTTP/1.1" 200 796
157.55.39.43 - - [28/May/2022:19:35:23 -0500] "GET /bla/resoluciones/resoluciones%202012/1370.pdf HTTP/1.1" 200 962967
172.22.2.4 - - [28/May/2022:19:34:38 -0500] "HEAD /BLA/boletinlegal/ HTTP/1.1" 200 -
172.22.2.4 - - [28/May/2022:19:35:09 -0500] "GET /BLA/boletinlegal/ HTTP/1.1" 200 53831
216.245.221.92 - - [28/May/2022:19:36:51 -0500] "HEAD / HTTP/1.1" 200 -
200.118.64.109 - - [28/May/2022:19:36:54 -0500] "POST /forms/lservlet;jsessionid=ac16012b30d6279a8b5810ae4243a5b0c7e88fb7092b.e3iSbxaKaheRe34MbxmQaheMbNz0n6jAmljGr5XDqQLvpAe HTTP/1.1" 200 2
137.184.179.53 - - [28/May/2022:19:37:04 -0500] "GET / HTTP/1.1" 200 319
172.22.2.4 - - [28/May/2022:19:35:28 -0500] "GET /BLA/boletinlegal/ HTTP/1.1" 200 55926
181.53.12.175 - - [28/May/2022:19:37:20 -0500] "GET /secretaria-de-ambiente-y-sena-abren-curso-de-jardines-verticales.html?fbclid=IwAR22iAEEySuUuqSG2h0jA1TtopHWK_bthlLnty3XyrF4v_jYDoizHClORIA HTTP/1.1" 200 734
172.22.2.4 - - [28/May/2022:19:38:29 -0500] "GET /BLA/boletinlegal/Circulares/2017/Circular%20No.%20011%20del%2005%20de%20julio%20de%202017.pdf HTTP/1.1" 304 -
200.118.64.109 - - [28/May/2022:19:38:54 -0500] "POST /forms/lservlet;jsessionid=ac16012b30d6279a8b5810ae4243a5b0c7e88fb7092b.e3iSbxaKaheRe34MbxmQaheMbNz0n6jAmljGr5XDqQLvpAe HTTP/1.1" 200 2
172.22.2.4 - - [28/May/2022:19:38:56 -0500] "GET /BLA/boletinlegal/Circulares/2019/.pdf HTTP/1.1" 404 1218
69.171.249.7 - - [28/May/2022:19:40:40 -0500] "GET /conoce-los-requisitos-ambientales-para-abrir-un-establecimiento-comercial-en-bogota.html HTTP/1.1" 206 796
207.46.13.179 - - [28/May/2022:19:40:51 -0500] "GET /bla/resoluciones/resoluciones%202012/0911.pdf HTTP/1.1" 200 684237
200.118.64.109 - - [28/May/2022:19:40:54 -0500] "POST /forms/lservlet;jsessionid=ac16012b30d6279a8b5810ae4243a5b0c7e88fb7092b.e3iSbxaKaheRe34MbxmQaheMbNz0n6jAmljGr5XDqQLvpAe HTTP/1.1" 200 2
216.245.221.92 - - [28/May/2022:19:41:52 -0500] "HEAD / HTTP/1.1" 200 -
172.22.2.4 - - [28/May/2022:19:42:02 -0500] "GET /BLA/boletinlegal/actos.php HTTP/1.1" 200 9559
186.28.72.232 - - [28/May/2022:19:42:04 -0500] "GET /BLA/resoluciones/ HTTP/1.1" 200 13093
186.28.72.232 - - [28/May/2022:19:42:06 -0500] "GET /BLA/resoluciones/index.php?dir=RESOLUCIONES+2017%2F HTTP/1.1" 200 279685
172.22.2.4 - - [28/May/2022:19:40:28 -0500] "HEAD /BLA/boletinlegal/ HTTP/1.1" 200 -
201.245.192.253 - - [28/May/2022:19:41:38 -0500] "POST /kwsrmcab/Wsrmcab HTTP/1.1" 200 45882
172.22.2.4 - - [28/May/2022:19:42:36 -0500] "GET /BLA/boletinlegal/Directivas/2011/Directiva%20No.%2011%20del%2027%20de%20Diciembre%20de%202011.pdf HTTP/1.1" 200 303527
200.118.64.109 - - [28/May/2022:19:42:54 -0500] "POST /forms/lservlet;jsessionid=ac16012b30d6279a8b5810ae4243a5b0c7e88fb7092b.e3iSbxaKaheRe34MbxmQaheMbNz0n6jAmljGr5XDqQLvpAe HTTP/1.1" 200 2
172.22.2.4 - - [28/May/2022:19:41:18 -0500] "GET /BLA/boletinlegal/ HTTP/1.1" 200 54933
172.22.2.4 - - [28/May/2022:19:41:59 -0500] "GET /BLA/boletinlegal/ HTTP/1.1" 200 36811
201.245.192.253 - - [28/May/2022:19:42:29 -0500] "POST /kwsrmcab/Wsrmcab HTTP/1.1" 200 47393
157.55.39.43 - - [28/May/2022:19:43:35 -0500] "GET /bla/resoluciones/resoluciones%202012/0418.pdf HTTP/1.1" 200 385264
157.55.39.127 - - [28/May/2022:19:43:36 -0500] "GET /sipse/faces/faces/autenticacion.xhtml HTTP/1.1" 200 12492
200.118.64.109 - - [28/May/2022:19:44:54 -0500] "POST /forms/lservlet;jsessionid=ac16012b30d6279a8b5810ae4243a5b0c7e88fb7092b.e3iSbxaKaheRe34MbxmQaheMbNz0n6jAmljGr5XDqQLvpAe HTTP/1.1" 200 2
190.26.14.170 - - [28/May/2022:19:46:10 -0500] "GET /secretaria-de-ambiente-y-sena-abren-curso-de-jardines-verticales.html HTTP/1.1" 200 734
216.245.221.92 - - [28/May/2022:19:46:51 -0500] "HEAD / HTTP/1.1" 200 -
200.118.64.109 - - [28/May/2022:19:46:54 -0500] "POST /forms/lservlet;jsessionid=ac16012b30d6279a8b5810ae4243a5b0c7e88fb7092b.e3iSbxaKaheRe34MbxmQaheMbNz0n6jAmljGr5XDqQLvpAe HTTP/1.1" 200 2
2.57.122.35 - - [28/May/2022:19:47:01 -0500] "GET / HTTP/1.1" 200 319
201.244.137.226 - - [28/May/2022:19:47:10 -0500] "GET /kwssiamovil/sm/ldap/au?x=U2FsdGVkX19vLQElGlOkNHjQT8sF6uY2MaDvqO4OnN0MiKLfBNj9UxU7YyEbsmSe&y=U2FsdGVkX18r3j/QId9nB/TPxRd7QBMR1bjR5o0elqTIfC0TZaqUOXMNjBouHOsn HTTP/1.1" 200 30
201.244.137.226 - - [28/May/2022:19:47:10 -0500] "GET /kwssiamovil/sm/acme/s?s=U2FsdGVkX1+4NLIUD1lcBimCCA8dXpv45n8782EzbnBHGN8dGBra0gO/LhTt5sBkia5G0bpFPHJiH9wlY8CVtuwl8s/c9zmQtmMB4wYUsCc=&u=U2FsdGVkX19lXYDkCbvcKbGE66xlQri06CNFf6XW9hnvfUEMSzlsEKIpQgzb0HmR&y=U2FsdGVkX18r3j/QId9nB/TPxRd7QBMR1bjR5o0elqTIfC0TZaqUOXMNjBouHOsn HTTP/1.1" 200 97
201.244.137.226 - - [28/May/2022:19:47:10 -0500] "GET /kwssiamovil/sm/acme/s?s=U2FsdGVkX19couw3XYiFoST2lSfvldKbdP0/B7KBoxojz13roWuhZMsCY0WbbQ2DQmBTr48eoNuPLfR77ZCkkId1JFMVwnEkLSm//UYbyKTJfkpUFHUwLZIoLLb6eb0O9ip7fbqawTTj5FdZwVkgY2vVCEXjKYzc9Js9N1wx/DAYtD8U8lyWovA/3aN25uT7vbW/6THp63eVhpCn84suAa/R1Ix8vDbQbVrnJN+ykoM51m8OawKYD8KwchU1eTx/qPLlNqBkElY725kGEp9RApAuF8B/7Olg6WRK5vh/DRWqKGfICMpRE3PptTuaIY6p/HMUzBW7/s5Ex78cN60n09OuQBhY6iwXPyB43tJNLNfRTisaGYpybC5ShpMHIeF4houUWhBr2o06Ep7J2BwhtI2LrLgnJ6L6QGxq36I/NH3s8aIrqkDgxJOvT9DDER4sm7PZJIt8e8/9l2ZtMqQHu5u0Awhud0ztzptXP3f7lFXlWNXpQO31kjnQvb+yzSKt8aY3U7NlUdnqk/9gVl3Eb05A/sRtlCqeiQPYy/ZDpfG0HIZgYWvalXMju1rhDpXZpMmCMIRqK+7ImgNlgvIwWRJ5y7zsjlSKAW83sxUYdwP2rw5VY4lEa1ywUM2EwN/LVYSZVD+qZNpcMBK7uDb7ZN+vjZMsqXNBltEi5bS4NDR81fqyapKhEPMAy++S2QTOXc2B7N9/8HUhEcTijOtUX4aGHtsfRf9McC7936kj0ByCJJGBMs0h039HoNH2f5EUuMvSwxvFZFNIIW7MbfCKtjmWrpGvGUhwNEAqKs3ngtVKuWNQ5OgtJKdi7dvqD0Dnzd3ao57lz3k2mSTWyR2svKK3dRS3+r3Zn7m4F3tvBl255cZ9n/UT9fQ2vtGKWE+LshddSk4fq+75Yp441viP8Ai3ggztTHWQcxW0uAjqiBWHRzHYEkHZB4Bc4vd/HT/U6LLGeNI6PgFg/DH0keePbCMLDiMU8G1eUOrmjywzkWvDvYtxok67zv6RYMJh/Xy7QkIeVFdZbvSwfXwP2c5AxrjzEOmIKgf/d6wGRe4616tcjnmCtihyuCPFKi4J7FsqMUCrva+TFPIx+XYnieWFxLRPHBgQnoAtc/8TJns5YbB6wHn4IN/rxeUfypHGDnlFl3bZeKbNpxG98ACw1dWKa5WxFAix2RWodUKPJEYQpZLbdDc9t8m7hg9fZXUFVsRyJXJCItkUW2yoKsdDh5wKvWi04dkU3oFJInGvyLxr+7ca3bkJtASRw8QfC/HnzkwZUcm2voNVGFHSkltDJKz2hP4G3e8JnY5Gk3H3H7vFCqsEbltMUyaryMzzvQajB9wiAcdiJWItkS0tynMkWYyA7myzg6X1ymL/RGzM/V0N8+E=&u=U2FsdGVkX19lXYDkCbvcKbGE66xlQri06CNFf6XW9hnvfUEMSzlsEKIpQgzb0HmR&y=U2FsdGVkX18r3j/QId9nB/TPxRd7QBMR1bjR5o0elqTIfC0TZaqUOXMNjBouHOsn HTTP/1.1" 200 592
201.244.137.226 - - [28/May/2022:19:47:10 -0500] "GET /kwssiamovil/sm/acme/s?s=U2FsdGVkX1/nXD4+JhUxaqKnYEjho3uR7SU3jZYbnmsskmpY+zK4i2Hj9W6OywmviPCPOFEIE5VuC2fp6ghxgM1hyTyq/eZA9UBwoM8J0Ze6mJZDuoqITXAvdLRmHF+ock7MZudBEejJWUhMFXkE4DQnIXIUjn40lBcZtlyoYhBy5sYvSGOmds42UWk7MzybI71/mLas4zfaKjXqgQ9LsBFr5LRIOzZ3SChb5de/pKFxeym88L8lmpKKFJ6YWFykwcIDGZ9DXi3k5noPppP0Oyk/ziJ4tsC0UDc4n97CLC8=&u=U2FsdGVkX19lXYDkCbvcKbGE66xlQri06CNFf6XW9hnvfUEMSzlsEKIpQgzb0HmR&y=U2FsdGVkX18r3j/QId9nB/TPxRd7QBMR1bjR5o0elqTIfC0TZaqUOXMNjBouHOsn HTTP/1.1" 200 176
201.244.137.226 - - [28/May/2022:19:47:10 -0500] "GET /kwssiamovil/sm/cjson/pre?f=1&x=U2FsdGVkX19vLQElGlOkNHjQT8sF6uY2MaDvqO4OnN0MiKLfBNj9UxU7YyEbsmSe HTTP/1.1" 200 30992
200.118.64.109 - - [28/May/2022:19:47:14 -0500] "POST /forms/lservlet;jsessionid=ac16012b30d6279a8b5810ae4243a5b0c7e88fb7092b.e3iSbxaKaheRe34MbxmQaheMbNz0n6jAmljGr5XDqQLvpAe HTTP/1.1" 200 2
200.118.64.109 - - [28/May/2022:19:47:14 -0500] "POST /forms/lservlet;jsessionid=ac16012b30d6279a8b5810ae4243a5b0c7e88fb7092b.e3iSbxaKaheRe34MbxmQaheMbNz0n6jAmljGr5XDqQLvpAe HTTP/1.1" 200 14
200.118.64.109 - - [28/May/2022:19:47:15 -0500] "POST /forms/lservlet;jsessionid=ac16012b30d6279a8b5810ae4243a5b0c7e88fb7092b.e3iSbxaKaheRe34MbxmQaheMbNz0n6jAmljGr5XDqQLvpAe HTTP/1.1" 200 14
200.118.64.109 - - [28/May/2022:19:47:16 -0500] "POST /forms/lservlet;jsessionid=ac16012b30d6279a8b5810ae4243a5b0c7e88fb7092b.e3iSbxaKaheRe34MbxmQaheMbNz0n6jAmljGr5XDqQLvpAe HTTP/1.1" 200 14
200.118.64.109 - - [28/May/2022:19:47:18 -0500] "POST /forms/lservlet;jsessionid=ac16012b30d6279a8b5810ae4243a5b0c7e88fb7092b.e3iSbxaKaheRe34MbxmQaheMbNz0n6jAmljGr5XDqQLvpAe HTTP/1.1" 200 14
201.244.137.226 - - [28/May/2022:19:47:20 -0500] "GET /kwssiamovil/sm/acme/u?s=U2FsdGVkX19iZtiCVHNDBIH1RASd+0Hcz27/IKDUOVTdoJN1DyWsL8EvjVbCarLXfEpftjA8ovrA9SY+usJHc1V/ZdzieyjEDymZ4tt5VPR2+po0+S+x4PVpdiiwWbxjgf29/mqKq8Vdja8oN44Egw==&u=U2FsdGVkX19lXYDkCbvcKbGE66xlQri06CNFf6XW9hnvfUEMSzlsEKIpQgzb0HmR&y=U2FsdGVkX18r3j/QId9nB/TPxRd7QBMR1bjR5o0elqTIfC0TZaqUOXMNjBouHOsn HTTP/1.1" 200 60
200.118.64.109 - - [28/May/2022:19:47:20 -0500] "POST /forms/lservlet;jsessionid=ac16012b30d6279a8b5810ae4243a5b0c7e88fb7092b.e3iSbxaKaheRe34MbxmQaheMbNz0n6jAmljGr5XDqQLvpAe HTTP/1.1" 200 15
200.118.64.109 - - [28/May/2022:19:47:22 -0500] "POST /forms/lservlet;jsessionid=ac16012b30d6279a8b5810ae4243a5b0c7e88fb7092b.e3iSbxaKaheRe34MbxmQaheMbNz0n6jAmljGr5XDqQLvpAe HTTP/1.1" 200 15
200.118.64.109 - - [28/May/2022:19:47:27 -0500] "POST /forms/lservlet;jsessionid=ac16012b30d6279a8b5810ae4243a5b0c7e88fb7092b.e3iSbxaKaheRe34MbxmQaheMbNz0n6jAmljGr5XDqQLvpAe HTTP/1.1" 200 107
200.118.64.109 - - [28/May/2022:19:47:27 -0500] "POST /forms/lservlet;jsessionid=ac16012b30d6279a8b5810ae4243a5b0c7e88fb7092b.e3iSbxaKaheRe34MbxmQaheMbNz0n6jAmljGr5XDqQLvpAe HTTP/1.1" 200 2
200.118.64.109 - - [28/May/2022:19:47:27 -0500] "GET /reports/rwservlet/getjobid76673?server=repnomi HTTP/1.1" 200 96580
172.22.2.4 - - [28/May/2022:19:46:18 -0500] "HEAD /BLA/boletinlegal/ HTTP/1.1" 200 -
207.46.13.146 - - [28/May/2022:19:48:11 -0500] "GET /bla/resoluciones/index.php?dir=resoluciones+2012 HTTP/1.1" 200 140066
172.22.2.4 - - [28/May/2022:19:47:08 -0500] "GET /BLA/boletinlegal/ HTTP/1.1" 200 60973
200.118.64.109 - - [28/May/2022:19:48:54 -0500] "POST /forms/lservlet;jsessionid=ac16012b30d6279a8b5810ae4243a5b0c7e88fb7092b.e3iSbxaKaheRe34MbxmQaheMbNz0n6jAmljGr5XDqQLvpAe HTTP/1.1" 200 2
200.118.64.109 - - [28/May/2022:19:49:43 -0500] "POST /forms/lservlet;jsessionid=ac16012b30d6279a8b5810ae4243a5b0c7e88fb7092b.e3iSbxaKaheRe34MbxmQaheMbNz0n6jAmljGr5XDqQLvpAe HTTP/1.1" 200 95
200.118.64.109 - - [28/May/2022:19:49:43 -0500] "POST /forms/lservlet;jsessionid=ac16012b30d6279a8b5810ae4243a5b0c7e88fb7092b.e3iSbxaKaheRe34MbxmQaheMbNz0n6jAmljGr5XDqQLvpAe HTTP/1.1" 200 -
35.204.132.105 - - [28/May/2022:19:51:03 -0500] "GET / HTTP/1.1" 200 319
173.252.83.117 - - [28/May/2022:19:51:04 -0500] "GET /images/jardines-verticales-plantas-24-mayo.jpg HTTP/1.1" 200 148288
216.245.221.92 - - [28/May/2022:19:51:51 -0500] "HEAD / HTTP/1.1" 200 -
199.16.157.180 - - [28/May/2022:19:52:37 -0500] "GET /quieres-saber-como-ahorrar-energia-en-tu-empresa-secretaria-de-ambiente-lanza-guia-que-te-ayudara.html HTTP/1.1" 200 998
172.22.2.4 - - [28/May/2022:19:52:08 -0500] "HEAD /BLA/boletinlegal/ HTTP/1.1" 200 -
172.22.2.4 - - [28/May/2022:19:52:58 -0500] "GET /BLA/boletinlegal/ HTTP/1.1" 200 60973
216.245.221.92 - - [28/May/2022:19:56:51 -0500] "HEAD / HTTP/1.1" 200 -
23.251.102.74 - - [28/May/2022:19:57:38 -0500] "GET /portaldeninos/ HTTP/1.1" 200 109662
172.22.2.4 - - [28/May/2022:19:57:58 -0500] "HEAD /BLA/boletinlegal/ HTTP/1.1" 200 -
157.55.39.127 - - [28/May/2022:19:59:57 -0500] "GET /bla/resoluciones/resoluciones%202012/1780.pdf HTTP/1.1" 200 449665
172.22.2.4 - - [28/May/2022:19:58:48 -0500] "GET /BLA/boletinlegal/ HTTP/1.1" 200 60973
216.245.221.92 - - [28/May/2022:20:01:51 -0500] "HEAD / HTTP/1.1" 200 -
172.22.2.4 - - [28/May/2022:20:03:48 -0500] "HEAD /BLA/boletinlegal/ HTTP/1.1" 200 -
157.55.39.43 - - [28/May/2022:20:05:46 -0500] "GET /bla/resoluciones/resoluciones%202012/0768.pdf HTTP/1.1" 200 520937
207.46.13.146 - - [28/May/2022:20:06:02 -0500] "GET /bla/resoluciones/resoluciones%202012/0990.pdf HTTP/1.1" 200 231461
172.22.2.4 - - [28/May/2022:20:04:38 -0500] "GET /BLA/boletinlegal/ HTTP/1.1" 200 58482
40.77.167.79 - - [28/May/2022:20:06:28 -0500] "GET /BLA/resoluciones/AUTOS%202021/5804.pdf HTTP/1.1" 304 -
179.43.169.179 - - [28/May/2022:20:06:33 -0500] "GET /router08.php HTTP/1.1" 404 1018
216.245.221.92 - - [28/May/2022:20:06:51 -0500] "HEAD / HTTP/1.1" 200 -
157.55.39.8 - - [28/May/2022:20:10:12 -0500] "GET /Publicaciones/2022EE26340.pdf HTTP/1.1" 404 227
172.22.2.4 - - [28/May/2022:20:09:38 -0500] "HEAD /BLA/boletinlegal/ HTTP/1.1" 200 -
216.245.221.92 - - [28/May/2022:20:11:51 -0500] "HEAD / HTTP/1.1" 200 -
172.22.2.4 - - [28/May/2022:20:10:28 -0500] "GET /BLA/boletinlegal/ HTTP/1.1" 200 58482
157.55.39.43 - - [28/May/2022:20:12:47 -0500] "GET /bla/resoluciones/resoluciones%202012/1033.pdf HTTP/1.1" 200 640565
157.55.39.8 - - [28/May/2022:20:13:03 -0500] "GET /bla/resoluciones/resoluciones%202012/0963.pdf HTTP/1.1" 200 342407
207.46.13.146 - - [28/May/2022:20:13:43 -0500] "GET /bla/resoluciones/resoluciones%202012/0727.pdf HTTP/1.1" 200 407479
40.77.167.79 - - [28/May/2022:20:13:49 -0500] "GET /BLA/resoluciones/AUTOS%202020/0494.pdf HTTP/1.1" 304 -
172.22.2.4 - - [28/May/2022:20:12:13 -0500] "GET /BLA/boletinlegal/ HTTP/1.1" 200 63427
157.55.39.127 - - [28/May/2022:20:14:20 -0500] "GET /bla/resoluciones/resoluciones%202012/1573.pdf HTTP/1.1" 304 -
157.55.39.8 - - [28/May/2022:20:15:13 -0500] "GET /bla/resoluciones/resoluciones%202012/0464.pdf HTTP/1.1" 200 313349
172.22.2.4 - - [28/May/2022:20:15:37 -0500] "GET /BLA/boletinlegal/ HTTP/1.1" 200 32715
216.245.221.92 - - [28/May/2022:20:16:51 -0500] "HEAD / HTTP/1.1" 200 -
3.225.221.151 - - [28/May/2022:20:15:26 -0500] "GET /BLA/boletinlegal/ HTTP/1.1" 200 47302
172.22.2.4 - - [28/May/2022:20:15:28 -0500] "HEAD /BLA/boletinlegal/ HTTP/1.1" 200 -
172.22.2.4 - - [28/May/2022:20:16:18 -0500] "GET /BLA/boletinlegal/ HTTP/1.1" 200 53831
157.55.39.127 - - [28/May/2022:20:18:48 -0500] "GET /bla/resoluciones/resoluciones%201998/RESOLUCION%201127%20DE%201998.pdf HTTP/1.1" 200 118947
207.46.13.179 - - [28/May/2022:20:20:05 -0500] "GET /bla/resoluciones/resoluciones%202012/0291.pdf HTTP/1.1" 200 578027
173.252.127.24 - - [28/May/2022:20:21:26 -0500] "GET /images/visita-suspension-humedal-techo-24-mayo.jpg HTTP/1.1" 200 57365
216.245.221.92 - - [28/May/2022:20:21:51 -0500] "HEAD / HTTP/1.1" 200 -
201.245.192.253 - - [28/May/2022:20:21:38 -0500] "POST /kwsrmcab/Wsrmcab HTTP/1.1" 200 45882
157.55.39.43 - - [28/May/2022:20:22:38 -0500] "GET /bla/resoluciones/resoluciones%202012/0746.pdf HTTP/1.1" 200 279355
172.22.2.4 - - [28/May/2022:20:21:18 -0500] "HEAD /BLA/boletinlegal/ HTTP/1.1" 200 -
89.248.165.52 - - [28/May/2022:20:23:13 -0500] "CONNECT hotmail-com.olc.protection.outlook.com:25 HTTP/1.1" 405 966
201.245.192.253 - - [28/May/2022:20:22:27 -0500] "POST /kwsrmcab/Wsrmcab HTTP/1.1" 200 47381
172.22.2.4 - - [28/May/2022:20:22:08 -0500] "GET /BLA/boletinlegal/ HTTP/1.1" 200 60973
216.245.221.92 - - [28/May/2022:20:26:51 -0500] "HEAD / HTTP/1.1" 200 -
172.22.2.4 - - [28/May/2022:20:28:23 -0500] "GET /BLA/boletinlegal/console/ HTTP/1.1" 404 1018
172.22.2.4 - - [28/May/2022:20:27:08 -0500] "HEAD /BLA/boletinlegal/ HTTP/1.1" 200 -
172.22.2.4 - - [28/May/2022:20:27:58 -0500] "GET /BLA/boletinlegal/ HTTP/1.1" 200 60973
181.243.40.25 - - [28/May/2022:20:30:39 -0500] "GET /secretaria-de-ambiente-y-sena-abren-curso-de-jardines-verticales.html HTTP/1.1" 304 -
31.13.127.10 - - [28/May/2022:20:31:03 -0500] "GET /investigacion-y-desarrollo-fundamentales-para-la-implementacion-de-la-economia-circular-secretaria-de-ambiente-de-bogota-carolina-urrutia.html HTTP/1.1" 206 1192
190.26.8.110 - - [28/May/2022:20:31:14 -0500] "GET /BLA/resoluciones/index.php?dir= HTTP/1.1" 200 13093
190.26.8.110 - - [28/May/2022:20:31:27 -0500] "GET /BLA/resoluciones/index.php?dir=AUTOS+2011%2F HTTP/1.1" 200 629736
216.245.221.92 - - [28/May/2022:20:31:51 -0500] "HEAD / HTTP/1.1" 200 -
40.77.167.79 - - [28/May/2022:20:31:51 -0500] "GET /bla/resoluciones/resoluciones%202012/0507.pdf HTTP/1.1" 200 424571
207.204.249.34 - - [28/May/2022:20:32:07 -0500] "GET /.env HTTP/1.1" 404 1018
207.204.249.33 - - [28/May/2022:20:32:07 -0500] "POST / HTTP/1.1" 200 319
201.245.192.253 - - [28/May/2022:20:31:38 -0500] "POST /kwsrmcab/Wsrmcab HTTP/1.1" 200 45882
181.249.227.9 - - [28/May/2022:20:33:03 -0500] "GET /secretaria-de-ambiente-y-sena-abren-curso-de-jardines-verticales.html HTTP/1.1" 200 734
201.245.192.253 - - [28/May/2022:20:32:26 -0500] "POST /kwsrmcab/Wsrmcab HTTP/1.1" 200 47381
2.57.122.35 - - [28/May/2022:20:34:11 -0500] "GET / HTTP/1.1" 200 319
157.55.39.43 - - [28/May/2022:20:34:18 -0500] "GET /Publicaciones/2022EE80125.pdf HTTP/1.1" 404 227
172.22.2.4 - - [28/May/2022:20:32:58 -0500] "HEAD /BLA/boletinlegal/ HTTP/1.1" 200 -
157.55.39.127 - - [28/May/2022:20:34:41 -0500] "GET /bla/resoluciones/resoluciones%202012/0771.pdf HTTP/1.1" 200 396079
207.46.13.146 - - [28/May/2022:20:34:56 -0500] "GET /bla/resoluciones/resoluciones%202012/0673.pdf HTTP/1.1" 200 161664
40.77.167.79 - - [28/May/2022:20:35:02 -0500] "GET /sipse/faces/javax.faces.resource/layout/layout.js;jsessionid=cktwwitqjjbvp7zljauws-i-.undefined?ln=primefaces&amp;v=4.0 HTTP/1.1" 200 87560
173.252.95.22 - - [28/May/2022:20:35:07 -0500] "GET /images/visita-suspension-humedal-techo-24-mayo.jpg HTTP/1.1" 200 57365
172.22.2.4 - - [28/May/2022:20:33:48 -0500] "GET /BLA/boletinlegal/ HTTP/1.1" 200 57156
186.31.62.228 - - [28/May/2022:20:35:59 -0500] "GET /indicadores-de-fauna-silvestre-en-el-observatorio-ambiental-de-bogota.html?fbclid=IwAR0W63oYpKnldy5xczpCDG6BOssZAHgneB-CJ_Ftdln8kwvdZHlS9LqyviM HTTP/1.1" 200 949
172.22.2.4 - - [28/May/2022:20:35:03 -0500] "GET /BLA/boletinlegal/ HTTP/1.1" 200 62272
216.245.221.92 - - [28/May/2022:20:36:51 -0500] "HEAD / HTTP/1.1" 200 -
69.63.184.1 - - [28/May/2022:20:37:30 -0500] "GET /secretaria-de-ambiente-y-sena-abren-curso-de-jardines-verticales.html HTTP/1.1" 206 734
207.46.13.179 - - [28/May/2022:20:37:57 -0500] "GET /bla/resoluciones/resoluciones%202012/1819.pdf HTTP/1.1" 200 423730
207.46.13.179 - - [28/May/2022:20:38:08 -0500] "GET /sipse/faces/javax.faces.resource/primefaces.js;jsessionid=cktwwitqjjbvp7zljauws-i-.undefined?ln=primefaces&amp;v=4.0 HTTP/1.1" 200 276924
172.22.2.4 - - [28/May/2022:20:38:24 -0500] "GET /BLA/boletinlegal/robots.txt HTTP/1.1" 404 1038
172.22.2.4 - - [28/May/2022:20:38:51 -0500] "GET /BLA/boletinlegal/Circulares/2019/.pdf HTTP/1.1" 404 1218
172.22.2.4 - - [28/May/2022:20:39:01 -0500] "GET /BLA/boletinlegal/Circulares/2012/Circular%20No.%2010%20del%2026%20de%20Enero%20de%202012.pdf HTTP/1.1" 404 1218
51.75.241.40 - - [28/May/2022:20:39:06 -0500] "-" 408 -
207.46.13.146 - - [28/May/2022:20:39:27 -0500] "GET /BLA/resoluciones/AUTOS%202019/0653.pdf HTTP/1.1" 304 -
186.102.35.240 - - [28/May/2022:20:40:20 -0500] "GET /kwssiamovil/sm/acme/a?s=U2FsdGVkX1+WsH9xye3KClmqluJVGQRh9ugzxchxC2aIdX0U64JS4zXBrt02bl3ml0qImeBKoZcBVc+ll+fPvq6cTRTIOH0OhdhfIz4sqT3bSZh+4GALuA+dqfTFb9mVd2XNvYlLxNaimWoGbuKP5HiHHYty3UvNnnmBd7duRN6fXtkyQmew4/K84EhRi+3M1k4/rbbRM4OTgqxIMDz+fQ8t4rInj5OfCx5LgliX4etLqJZwIjhwsw+6MKgmdJGLpXVAK2UC0MQMDJ/zOKAwoQ==&u=U2FsdGVkX18sFyymSukyLcs0CpS8tsrximlXYosCiTQ=&y=U2FsdGVkX1/U4pvEZsQDgxnQflhbc+UX30ZGE4j5INoZFTIVNPTh1cKDTTQgabaO HTTP/1.1" 200 25
186.102.35.240 - - [28/May/2022:20:40:20 -0500] "GET /kwssiamovil/sm/acme/a?s=U2FsdGVkX1+uTnT/WHgZ1tle5YjMXmqLmPLmoodRG3wcpnguw833dTwSMQHgZ4naMbIyiFE14O/AvwOw4yQc2o0KRAW7uFXwsvYyT+HoSoaqdeMiLz1btKbDHWODNGlYLBvaK5kVSiGRBIJOckGLfHFXHDqks4ql/NmqQ0jExpcnMsZ0UMvKTNkxjTyStH4B0GdUq0/YIR2NvuiLdEo7P5d5Kx/j8gF+Vq40kYisnWcxkDn6vGUn+7IJOBX+R30gXT5oZrZYv72PC71tXeUJXmbbibLBL9PlpMSD6S7ugHrUx5RJNiBN21THWNvs23WlSSnwAWgQjnh6v6HqO94KykD13iHEhw82ddwJxT3mAc+SD0qQyWFHcWqecoqMGtFMAIMN+dOOaGoAre9W99xmN06SENzHevgoTo0ukobRXVJ0K8SC271Aku9M0so+wbOLwEzp7ORwWT7YM2Cy4Snm/KGmue1wKQoXkGn2CdpuERZK1UFIb2wVqEEBe1137uYTEjB9bafM+8b+YvhGgDA/Ohs+nCw3LnPRUcLGZl92bJkFiPlJLRt1PoCpZboM6z5hlMABFDSPr1Gu53X0OLLo1X4PkZcpQneGyPGt/nPzEbZAd2cOvqNlO/dARUzINf2j+68m3ZNG5zGbfTju8K4imtdzFatLyc3F1staTXrRCov44iiMNKq47q8SVrgVEXKwbNrZwKQ3C0Gi+qGJoby3S6UonuXceMAj8uOCkiWHEOA6gDuLDOwRDPH/4TenBauXsQznddjRreyKgMurtCZiETTcIzcRIGqCy7YtAGt4DQTaoh6Q1s82pfAhQvmRFuu8Ajeo8dGAvFjR0geeeriLlnbu6IT7VESHaQ5zGBjytI/tVtP4tOkQVhLRRi7M+tFpgZL/ASylbymI0XkITtlZnTQyx0bes9M6XeBKNKQiMhIciYyB/hHxuCZm9W1nRB2zkLBwX6q8wM5HQTEPgW21DYaRgxzfo1RPUa+NRhUGl47dbCdWVEG6YShv9HK3R1AuDQQYOyhG+EqG8dYlkKZdPrCGze388rZ4Ai+9JQeqXC2BrFe0rHAb7WS+cUd/AAH1tEyvDz61Y9dL6yegMhwf1oJtK8W5L1q+68L37NSnxoBFAKM0yXkvsC9RQooAkW5n1E9nkIZVYiI8SpRg4El3K8eG06pp6Mvb56flQBCg0WCdSCOwetayPG7oS7LYCaIzxXCU5zV0ie5jS5SjioqBfeD5ojtioVMbfF9FX0rIUiJ5qUHsQl5pVpPjp+tqasb+8QCX4niJnEDP3eryj2RAmykBBZ7MQKVJMdk9keLCcJ6DcOZ62A1RAHgIr2YE5Uzx1DYScvY8vag8xgrlbFh1l9Gk9rdilj4SfBUWryVyYz3CQU7epPVTlC9FIFZ+kqLvAKn2oeJsBneEBP+OgoI/5BDqOB1/ZyNfaTuX413U7JkRaNG/CaJEGWlpZqTeD6LWYGJOqmplwEderbl8FEAZ4MnN3M2wqv2vP8qGCwqKqv0gEE2fDEiQAzhA9KIcz4tfYp01UTsMumPXONjQ6c293CdMPo+VqLNjQ1iXz63RM6CsV85NGVGBpaNiTFlV6+glIdpcrROjL5kEHnQIJb9cNnOO17lFCRwHAJwKX0n+HvFKZg8i1g+tkCP6p/3kL4z24N9LbVveSkJzyozKZPocSGV5luuisW0BdgKkiFVEm3r5lz0waGD7J7WKsy7lQJl3ivcCSWr5c900pHReVx2bmP5HOpXtoZywjpV36WLMnL2/OtrdupkIdaW8gd6bdoTjYy3jSmv5kw8WsI4+Bc47IBsn8JwLlTPGj1Z7dToj8gvWAsBQqg0wtlPRtMtyuHTBSF1Q8+hZ+SNd73BO8qjtZdeiftgx9SpNSGpf5CRB38GGNMOt1UsXs4nD/uJRKN0d&u=U2FsdGVkX18sFyymSukyLcs0CpS8tsrximlXYosCiTQ=&y=U2FsdGVkX1/U4pvEZsQDgxnQflhbc+UX30ZGE4j5INoZFTIVNPTh1cKDTTQgabaO HTTP/1.1" 200 25
186.102.35.240 - - [28/May/2022:20:40:20 -0500] "GET /kwssiamovil/sm/acme/a?s=U2FsdGVkX1/ltAg3ZKnGXEoj5nuYkMCyk1HLfg/GYjamzn9vdDpqXiGnrg4TTtFEh4F0RdNQgVndu6+0CHOHUCakQ7AHt6jdBBTOZUz5u1zSwzuER2JJ4vhB2KUOmlXRjhX90gq2NHEQoaV8/O5ocgvD5Nk+1kEmX9OSN1YbiOE=&u=U2FsdGVkX18sFyymSukyLcs0CpS8tsrximlXYosCiTQ=&y=U2FsdGVkX1/U4pvEZsQDgxnQflhbc+UX30ZGE4j5INoZFTIVNPTh1cKDTTQgabaO HTTP/1.1" 200 25
186.102.35.240 - - [28/May/2022:20:40:21 -0500] "GET /kwssiamovil/sm/acme/a?s=U2FsdGVkX1+xVZ9z3drJFyBCF+I7TtWCruWc+2PBxNiGvLdtEur94ikbiz5QhfwqOzK4PmM0SgYpZvs6S4sJkSnCbbswnakeVkweLDZUWpJRYxqgAJtdKVmLPFyZT+jQBLvMu2Wu4CiBFrKDinhCxHQJw+A0e4e9mMbbhIab9+0=&u=U2FsdGVkX18sFyymSukyLcs0CpS8tsrximlXYosCiTQ=&y=U2FsdGVkX1/U4pvEZsQDgxnQflhbc+UX30ZGE4j5INoZFTIVNPTh1cKDTTQgabaO HTTP/1.1" 200 25
186.102.35.240 - - [28/May/2022:20:40:21 -0500] "GET /kwssiamovil/sm/acme/a?s=U2FsdGVkX19dRoZMcCJjO0B3WRnijmIMQNJfCN5ehe7+0VlLNAqR+7mc+ogsETy0+9NCRA8cSx3WiexZtX3e4b7FXjZ5W9LgLW+ks+HM6vugIkXnqAVrD+620xtKRMYa8DkGMIarYyakrENiV5pnkBGjomViZsnAu3Q0I7A0SLg=&u=U2FsdGVkX18sFyymSukyLcs0CpS8tsrximlXYosCiTQ=&y=U2FsdGVkX1/U4pvEZsQDgxnQflhbc+UX30ZGE4j5INoZFTIVNPTh1cKDTTQgabaO HTTP/1.1" 200 25
186.102.35.240 - - [28/May/2022:20:40:21 -0500] "GET /kwssiamovil/sm/acme/a?s=U2FsdGVkX18q+2qFu1A69wkysBcV9Kl/QF9XXjyF6z31vI/rSyJmp4zszz1JqTV2iYHSuj55jdQA8zgQdeGyXwin+zbb2dO0s9MTS2tz1Witq98rvdbauivclt8YDckwz3JipCrqP2z5TyEzsJE7wFeS/v6OObYBzu4bYPJCpdhvoO7VVQ6XNtbIKgPRmDqS&u=U2FsdGVkX18sFyymSukyLcs0CpS8tsrximlXYosCiTQ=&y=U2FsdGVkX1/U4pvEZsQDgxnQflhbc+UX30ZGE4j5INoZFTIVNPTh1cKDTTQgabaO HTTP/1.1" 200 25
172.22.2.4 - - [28/May/2022:20:38:48 -0500] "HEAD /BLA/boletinlegal/ HTTP/1.1" 200 -
157.55.39.127 - - [28/May/2022:20:41:01 -0500] "GET /bla/resoluciones/resoluciones%202012/0660.pdf HTTP/1.1" 200 256920
172.22.2.4 - - [28/May/2022:20:39:38 -0500] "GET /BLA/boletinlegal/ HTTP/1.1" 200 58482
216.245.221.92 - - [28/May/2022:20:41:51 -0500] "HEAD / HTTP/1.1" 200 -
201.245.192.253 - - [28/May/2022:20:41:38 -0500] "POST /kwsrmcab/Wsrmcab HTTP/1.1" 200 45882
82.64.221.66 - - [28/May/2022:20:42:32 -0500] "GET /phpMyAdmin2/index.php?lang=en HTTP/1.1" 403 1165
82.64.221.66 - - [28/May/2022:20:42:32 -0500] "GET /admin/db/index.php?lang=en HTTP/1.1" 404 1018
82.64.221.66 - - [28/May/2022:20:42:32 -0500] "GET /php-myadmin/index.php?lang=en HTTP/1.1" 404 1018
82.64.221.66 - - [28/May/2022:20:42:32 -0500] "GET /mysql-admin/index.php?lang=en HTTP/1.1" 404 1018
82.64.221.66 - - [28/May/2022:20:42:33 -0500] "GET /phpMyAdmin-5.2.0/index.php?lang=en HTTP/1.1" 403 1165
82.64.221.66 - - [28/May/2022:20:42:33 -0500] "GET /phpMyAdmin-5.1.0/index.php?lang=en HTTP/1.1" 403 1165
82.64.221.66 - - [28/May/2022:20:42:33 -0500] "GET /db/phpMyAdmin3/index.php?lang=en HTTP/1.1" 404 1018
82.64.221.66 - - [28/May/2022:20:42:33 -0500] "GET /phpMyAdmin1/index.php?lang=en HTTP/1.1" 403 1165
82.64.221.66 - - [28/May/2022:20:42:33 -0500] "GET /phpMyAdmin-4.9.7/index.php?lang=en HTTP/1.1" 403 1165
82.64.221.66 - - [28/May/2022:20:42:34 -0500] "GET /phpmyadmin2016/index.php?lang=en HTTP/1.1" 403 1165
82.64.221.66 - - [28/May/2022:20:42:34 -0500] "GET /phpMyAdmin4/index.php?lang=en HTTP/1.1" 403 1165
82.64.221.66 - - [28/May/2022:20:42:34 -0500] "GET /sqlmanager/index.php?lang=en HTTP/1.1" 404 1018
82.64.221.66 - - [28/May/2022:20:42:34 -0500] "GET /mysql/web/index.php?lang=en HTTP/1.1" 404 1018
82.64.221.66 - - [28/May/2022:20:42:34 -0500] "GET /sql/phpmy-admin/index.php?lang=en HTTP/1.1" 404 1018
82.64.221.66 - - [28/May/2022:20:42:34 -0500] "GET /phpMyAdmin/index.php?lang=en HTTP/1.1" 403 1165
82.64.221.66 - - [28/May/2022:20:42:35 -0500] "GET /administrator/admin/index.php?lang=en HTTP/1.1" 404 1018
82.64.221.66 - - [28/May/2022:20:42:35 -0500] "GET /db/phpMyAdmin/index.php?lang=en HTTP/1.1" 404 1018
82.64.221.66 - - [28/May/2022:20:42:35 -0500] "GET /admin/index.php?lang=en HTTP/1.1" 404 1018
82.64.221.66 - - [28/May/2022:20:42:35 -0500] "GET /_phpMyAdmin/index.php?lang=en HTTP/1.1" 404 1018
82.64.221.66 - - [28/May/2022:20:42:35 -0500] "GET /phpmyadmin3/index.php?lang=en HTTP/1.1" 403 1165
82.64.221.66 - - [28/May/2022:20:42:36 -0500] "GET /phpMyAdmin5/index.php?lang=en HTTP/1.1" 403 1165
82.64.221.66 - - [28/May/2022:20:42:36 -0500] "GET /dbadmin/index.php?lang=en HTTP/1.1" 404 1018
82.64.221.66 - - [28/May/2022:20:42:36 -0500] "GET /db/websql/index.php?lang=en HTTP/1.1" 404 1018
82.64.221.66 - - [28/May/2022:20:42:36 -0500] "GET /db/myadmin/index.php?lang=en HTTP/1.1" 404 1018
82.64.221.66 - - [28/May/2022:20:42:36 -0500] "GET /phpmy/index.php?lang=en HTTP/1.1" 404 1018
82.64.221.66 - - [28/May/2022:20:42:36 -0500] "GET /phpmyadmin/index.php?lang=en HTTP/1.1" 403 1165
82.64.221.66 - - [28/May/2022:20:42:37 -0500] "GET /sql/phpmyadmin5/index.php?lang=en HTTP/1.1" 404 1018
82.64.221.66 - - [28/May/2022:20:42:37 -0500] "GET /phpMyAdmin-4/index.php?lang=en HTTP/1.1" 403 1165
82.64.221.66 - - [28/May/2022:20:42:37 -0500] "GET /phpmyadmin2021/index.php?lang=en HTTP/1.1" 403 1165
82.64.221.66 - - [28/May/2022:20:42:37 -0500] "GET /phpMyadmin/index.php?lang=en HTTP/1.1" 403 1165
82.64.221.66 - - [28/May/2022:20:42:37 -0500] "GET /sql/phpmyadmin4/index.php?lang=en HTTP/1.1" 404 1018
82.64.221.66 - - [28/May/2022:20:42:37 -0500] "GET /administrator/PMA/index.php?lang=en HTTP/1.1" 404 1018
82.64.221.66 - - [28/May/2022:20:42:38 -0500] "GET /db/phpmyadmin4/index.php?lang=en HTTP/1.1" 404 1018
82.64.221.66 - - [28/May/2022:20:42:38 -0500] "GET /db/webadmin/index.php?lang=en HTTP/1.1" 404 1018
82.64.221.66 - - [28/May/2022:20:42:38 -0500] "GET /phpmyadmin2015/index.php?lang=en HTTP/1.1" 403 1165
82.64.221.66 - - [28/May/2022:20:42:38 -0500] "GET /sql/sql-admin/index.php?lang=en HTTP/1.1" 404 1018
82.64.221.66 - - [28/May/2022:20:42:38 -0500] "GET /sql/sql/index.php?lang=en HTTP/1.1" 404 1018
82.64.221.66 - - [28/May/2022:20:42:39 -0500] "GET /admin/pma/index.php?lang=en HTTP/1.1" 404 1018
82.64.221.66 - - [28/May/2022:20:42:39 -0500] "GET /administrator/web/index.php?lang=en HTTP/1.1" 404 1018
82.64.221.66 - - [28/May/2022:20:42:39 -0500] "GET /PMA/index.php?lang=en HTTP/1.1" 404 1018
82.64.221.66 - - [28/May/2022:20:42:39 -0500] "GET /pma/index.php?lang=en HTTP/1.1" 404 1018
82.64.221.66 - - [28/May/2022:20:42:39 -0500] "GET /phpmyadmin2/index.php?lang=en HTTP/1.1" 403 1165
82.64.221.66 - - [28/May/2022:20:42:39 -0500] "GET /myadmin/index.php?lang=en HTTP/1.1" 404 1018
82.64.221.66 - - [28/May/2022:20:42:40 -0500] "GET /administrator/db/index.php?lang=en HTTP/1.1" 404 1018
82.64.221.66 - - [28/May/2022:20:42:40 -0500] "GET /db/index.php?lang=en HTTP/1.1" 404 1018
82.64.221.66 - - [28/May/2022:20:42:40 -0500] "GET /sql/sqladmin/index.php?lang=en HTTP/1.1" 404 1018
82.64.221.66 - - [28/May/2022:20:42:40 -0500] "GET /phpmyadmin4/index.php?lang=en HTTP/1.1" 403 1165
82.64.221.66 - - [28/May/2022:20:42:40 -0500] "GET /mysql/mysqlmanager/index.php?lang=en HTTP/1.1" 404 1018
82.64.221.66 - - [28/May/2022:20:42:41 -0500] "GET /mysql/db/index.php?lang=en HTTP/1.1" 404 1018
82.64.221.66 - - [28/May/2022:20:42:41 -0500] "GET /db/dbadmin/index.php?lang=en HTTP/1.1" 404 1018
82.64.221.66 - - [28/May/2022:20:42:41 -0500] "GET /phpMyAdmin5.2/index.php?lang=en HTTP/1.1" 403 1165
82.64.221.66 - - [28/May/2022:20:42:41 -0500] "GET /sql/phpMyAdmin2/index.php?lang=en HTTP/1.1" 404 1018
82.64.221.66 - - [28/May/2022:20:42:41 -0500] "GET /phpmyadmin2013/index.php?lang=en HTTP/1.1" 403 1165
82.64.221.66 - - [28/May/2022:20:42:41 -0500] "GET /MyAdmin/index.php?lang=en HTTP/1.1" 404 1018
82.64.221.66 - - [28/May/2022:20:42:42 -0500] "GET /phpmyadmin2012/index.php?lang=en HTTP/1.1" 403 1165
82.64.221.66 - - [28/May/2022:20:42:42 -0500] "GET /db/phpmyadmin5/index.php?lang=en HTTP/1.1" 404 1018
82.64.221.66 - - [28/May/2022:20:42:42 -0500] "GET /phpMyAdmin_/index.php?lang=en HTTP/1.1" 403 1165
82.64.221.66 - - [28/May/2022:20:42:42 -0500] "GET /database/index.php?lang=en HTTP/1.1" 404 1018
82.64.221.66 - - [28/May/2022:20:42:42 -0500] "GET /admin/sysadmin/index.php?lang=en HTTP/1.1" 404 1018
82.64.221.66 - - [28/May/2022:20:42:43 -0500] "GET /mysql/dbadmin/index.php?lang=en HTTP/1.1" 404 1018
82.64.221.66 - - [28/May/2022:20:42:43 -0500] "GET /admin/phpMyAdmin/index.php?lang=en HTTP/1.1" 404 1018
82.64.221.66 - - [28/May/2022:20:42:43 -0500] "GET /db/phpMyAdmin-5/index.php?lang=en HTTP/1.1" 404 1018
82.64.221.66 - - [28/May/2022:20:42:43 -0500] "GET /phppma/index.php?lang=en HTTP/1.1" 404 1018
82.64.221.66 - - [28/May/2022:20:42:43 -0500] "GET /admin/sqladmin/index.php?lang=en HTTP/1.1" 404 1018
82.64.221.66 - - [28/May/2022:20:42:43 -0500] "GET /2phpmyadmin/index.php?lang=en HTTP/1.1" 404 1018
82.64.221.66 - - [28/May/2022:20:42:44 -0500] "GET /_phpmyadmin/index.php?lang=en HTTP/1.1" 404 1018
82.64.221.66 - - [28/May/2022:20:42:44 -0500] "GET /phpmyAdmin/index.php?lang=en HTTP/1.1" 403 1165
82.64.221.66 - - [28/May/2022:20:42:44 -0500] "GET /program/index.php?lang=en HTTP/1.1" 404 1018
82.64.221.66 - - [28/May/2022:20:42:44 -0500] "GET /1phpmyadmin/index.php?lang=en HTTP/1.1" 404 1018
82.64.221.66 - - [28/May/2022:20:42:44 -0500] "GET /sql/webadmin/index.php?lang=en HTTP/1.1" 404 1018
82.64.221.66 - - [28/May/2022:20:42:45 -0500] "GET /administrator/pma/index.php?lang=en HTTP/1.1" 404 1018
82.64.221.66 - - [28/May/2022:20:42:45 -0500] "GET /phpmyadmin1/index.php?lang=en HTTP/1.1" 403 1165
82.64.221.66 - - [28/May/2022:20:42:45 -0500] "GET /phpmyadmin2019/index.php?lang=en HTTP/1.1" 403 1165
82.64.221.66 - - [28/May/2022:20:42:45 -0500] "GET /sql/sqlweb/index.php?lang=en HTTP/1.1" 404 1018
82.64.221.66 - - [28/May/2022:20:42:45 -0500] "GET /mysql/pMA/index.php?lang=en HTTP/1.1" 404 1018
82.64.221.66 - - [28/May/2022:20:42:45 -0500] "GET /phpmyadmin2022/index.php?lang=en HTTP/1.1" 403 1165
82.64.221.66 - - [28/May/2022:20:42:46 -0500] "GET /phpmyadmin2017/index.php?lang=en HTTP/1.1" 403 1165
82.64.221.66 - - [28/May/2022:20:42:46 -0500] "GET /db/dbweb/index.php?lang=en HTTP/1.1" 404 1018
82.64.221.66 - - [28/May/2022:20:42:46 -0500] "GET /phpMyAdmin5.1/index.php?lang=en HTTP/1.1" 403 1165
82.64.221.66 - - [28/May/2022:20:42:46 -0500] "GET /phpMyAdmin-3/index.php?lang=en HTTP/1.1" 403 1165
82.64.221.66 - - [28/May/2022:20:42:46 -0500] "GET /administrator/phpmyadmin/index.php?lang=en HTTP/1.1" 404 1018
82.64.221.66 - - [28/May/2022:20:42:47 -0500] "GET /db/phpmyadmin3/index.php?lang=en HTTP/1.1" 404 1018
82.64.221.66 - - [28/May/2022:20:42:47 -0500] "GET /sql/php-myadmin/index.php?lang=en HTTP/1.1" 404 1018
82.64.221.66 - - [28/May/2022:20:42:47 -0500] "GET /phpMyAdmin3/index.php?lang=en HTTP/1.1" 403 1165
82.64.221.66 - - [28/May/2022:20:42:47 -0500] "GET /shopdb/index.php?lang=en HTTP/1.1" 404 1018
82.64.221.66 - - [28/May/2022:20:42:47 -0500] "GET /sql/websql/index.php?lang=en HTTP/1.1" 404 1018
82.64.221.66 - - [28/May/2022:20:42:47 -0500] "GET /mysql/admin/index.php?lang=en HTTP/1.1" 404 1018
82.64.221.66 - - [28/May/2022:20:42:48 -0500] "GET /phpMyAdmin-5/index.php?lang=en HTTP/1.1" 403 1165
82.64.221.66 - - [28/May/2022:20:42:48 -0500] "GET /mysql/index.php?lang=en HTTP/1.1" 404 1018
82.64.221.66 - - [28/May/2022:20:42:48 -0500] "GET /phpmyadmin2020/index.php?lang=en HTTP/1.1" 403 1165
82.64.221.66 - - [28/May/2022:20:42:48 -0500] "GET /phpmyadmin2018/index.php?lang=en HTTP/1.1" 403 1165
82.64.221.66 - - [28/May/2022:20:42:48 -0500] "GET /phpmyadmin2014/index.php?lang=en HTTP/1.1" 403 1165
82.64.221.66 - - [28/May/2022:20:42:49 -0500] "GET /phpMyAdmin-5.1.3/index.php?lang=en HTTP/1.1" 403 1165
82.64.221.66 - - [28/May/2022:20:42:49 -0500] "GET /sql/webdb/index.php?lang=en HTTP/1.1" 404 1018
82.64.221.66 - - [28/May/2022:20:42:49 -0500] "GET /sql/phpmanager/index.php?lang=en HTTP/1.1" 404 1018
