181.59.126.174 - - [28/May/2022:17:15:44 -0500] "GET /kwssiamovil/sm/acme/a?s=U2FsdGVkX19w/QyhhzWZpKdra1G2QUm827OwTODYoMZuFTIsFjmS3JIwYSGf+JEikhjjllN0j9z1y+lc8Fm5M4+U9R3sNEmAKBT3RYXgSiO3vbog6NeYOgl5tcuW4TA7T16DxzE0cjLGb9podHyaGog+8cQGqvUUD2vENS56JFI=&u=U2FsdGVkX18TBYd1tkuk6EOoNKcSWdzAgb4bzDMejIo=&y=U2FsdGVkX1+kbICQVyqhLQj72vK2JUIu8bGsf85oa7aPBChWe+6SuZU3fL1HadkP HTTP/1.1" 200 25
181.59.126.174 - - [28/May/2022:17:15:45 -0500] "GET /kwssiamovil/sm/acme/a?s=U2FsdGVkX1/usaQ0HZbl6vXv+4V30Z8snLFGCFPGO8WRIhNUL2BETkdTagiJBpzKfQYiJhIjtgRsFAHTG+fV0haUh1L/6+vIyXTc8nqt0EED5cB/LnXOVf/a+/ds4L5s5uhhr/TOC+svH1YFbcTKtR54xwrgT3Aja/+DlBrFtEo=&u=U2FsdGVkX18TBYd1tkuk6EOoNKcSWdzAgb4bzDMejIo=&y=U2FsdGVkX1+kbICQVyqhLQj72vK2JUIu8bGsf85oa7aPBChWe+6SuZU3fL1HadkP HTTP/1.1" 200 25
181.59.126.174 - - [28/May/2022:17:15:45 -0500] "GET /kwssiamovil/sm/acme/a?s=U2FsdGVkX18tbQK3jS8ON4n9Bc5bP31B85cuLmHrDkoUeB1LDNeYMT4t2fBcxTQjCeYXQ29qlJZvR0i+YqhGwbnGbm5S1+A2JgZ/ll4REPE3LJLWwOGchoCxWY7eyrBAQEGz+8L81U/RHbns7WyXhDIaUpFBKsRT/uBVlqYXs9WpOmr+asqTP0yLoLiK6pGh&u=U2FsdGVkX18TBYd1tkuk6EOoNKcSWdzAgb4bzDMejIo=&y=U2FsdGVkX1+kbICQVyqhLQj72vK2JUIu8bGsf85oa7aPBChWe+6SuZU3fL1HadkP HTTP/1.1" 200 25
181.59.126.174 - - [28/May/2022:17:15:45 -0500] "GET /kwssiamovil/sm/acme/a?s=U2FsdGVkX19fYLUUui8hZV92eS9XgosBfbJIK0vQJoQk7wdQyjV+Og//WxwnUswW7UQ33HYUXkZ3rj2AP8y6SSJU4OJ35q5iAbfjJRgOBDy+SBBY0wozfwxn4lB0GDIOuW8iwwO9vK830SN3GvdQQZduPttydH4cjEZCwzBFCr9gD4iOua9/x1BTwLbyC8DFtAnBi9jDiOucNKR93g1P3g==&u=U2FsdGVkX18TBYd1tkuk6EOoNKcSWdzAgb4bzDMejIo=&y=U2FsdGVkX1+kbICQVyqhLQj72vK2JUIu8bGsf85oa7aPBChWe+6SuZU3fL1HadkP HTTP/1.1" 200 25
181.59.126.174 - - [28/May/2022:17:15:46 -0500] "GET /kwssiamovil/sm/acme/a?s=U2FsdGVkX1/SSO3RYm9BsHB1beYlGW0f/M7TTh7raUUvBBVEKuTJcwA3OKNCIKLFUmpAX6I8uMyxN0vmtGcbqp3ZL2mBuIjITbO4AduaD0q32q1eBs9c3Sm8ICteIbUJEFQ7Ge6h2dbbi2BHSl5OjnC2HiK0A7+JiZJTkDZgmzDycl+0v9CDXYMp+AQcEiER9/j/nDIc5NNiawwi8lGMag==&u=U2FsdGVkX18TBYd1tkuk6EOoNKcSWdzAgb4bzDMejIo=&y=U2FsdGVkX1+kbICQVyqhLQj72vK2JUIu8bGsf85oa7aPBChWe+6SuZU3fL1HadkP HTTP/1.1" 200 25
181.59.126.174 - - [28/May/2022:17:15:46 -0500] "GET /kwssiamovil/sm/acme/a?s=U2FsdGVkX19V0aMDEITV/UwAYKJW8O1Dwy5UqxkBYJmOJDJMxANCXa3StI6yXJMs0PPJHtswK6viKqn9RSkxkO0seyJ3j93bmkIvfQcLqT3ty8WEOfGCeLulGBos0Pc9DCONECvK9c7RMzBjV1vP865chf90zeDx4v3va8/gwvh/gHMA+SZ86a2ccNjbcCE3GUPm+6kOsPlFGbbrpBLUMAwn7TS3sS3tUEwLwJ6ntvA=&u=U2FsdGVkX18TBYd1tkuk6EOoNKcSWdzAgb4bzDMejIo=&y=U2FsdGVkX1+kbICQVyqhLQj72vK2JUIu8bGsf85oa7aPBChWe+6SuZU3fL1HadkP HTTP/1.1" 200 25
181.59.126.174 - - [28/May/2022:17:15:46 -0500] "GET /kwssiamovil/sm/acme/a?s=U2FsdGVkX1/kop6MAIFSioUIVxrbYvb1hjOVHcl+/n2t68H5VKgRtPnPUwJy2DYUbyrxQ6yexrADD7n/1Bmk8P84Vqhy3MAifjXrYy/o+5X1EfxjEPCUQ9o7KcM006B6qqkIW37zmPBwc0dteYbJzUQ4bPBk4A+cTFXEdtLPr5hTuBShJYkIpkY1LQaYldMuGaxx0SmTeOo8XPpdA3Yi1w==&u=U2FsdGVkX18TBYd1tkuk6EOoNKcSWdzAgb4bzDMejIo=&y=U2FsdGVkX1+kbICQVyqhLQj72vK2JUIu8bGsf85oa7aPBChWe+6SuZU3fL1HadkP HTTP/1.1" 200 25
186.31.57.25 - - [28/May/2022:17:15:48 -0500] "GET /sipse/faces/faces/faces/autenticacion.xhtml HTTP/1.1" 200 12492
186.31.57.25 - - [28/May/2022:17:15:49 -0500] "GET /sipse/js/disable_browser_buttons.js HTTP/1.1" 200 3230
186.31.57.25 - - [28/May/2022:17:15:49 -0500] "GET /sipse/css/custom_css_sg.css HTTP/1.1" 200 9694
186.31.57.25 - - [28/May/2022:17:15:49 -0500] "GET /sipse/css/custom_css_sg_prime_login.css HTTP/1.1" 200 443
186.31.57.25 - - [28/May/2022:17:15:49 -0500] "GET /sipse/faces/javax.faces.resource/layout/layout.css;jsessionid=2KHx+nws7G8TnLzOj8RbQMhA.undefined?ln=primefaces&v=4.0 HTTP/1.1" 200 542
186.31.57.25 - - [28/May/2022:17:15:49 -0500] "GET /sipse/js/funciones.js HTTP/1.1" 200 12592
186.31.57.25 - - [28/May/2022:17:15:49 -0500] "GET /sipse/faces/javax.faces.resource/theme.css?ln=primefaces-sipse HTTP/1.1" 200 50058
186.31.57.25 - - [28/May/2022:17:15:49 -0500] "GET /sipse/faces/javax.faces.resource/primefaces.css;jsessionid=2KHx+nws7G8TnLzOj8RbQMhA.undefined?ln=primefaces&v=4.0 HTTP/1.1" 200 53295
186.31.57.25 - - [28/May/2022:17:15:49 -0500] "GET /sipse/faces/javax.faces.resource/layout/layout.js;jsessionid=2KHx+nws7G8TnLzOj8RbQMhA.undefined?ln=primefaces&v=4.0 HTTP/1.1" 200 87560
186.31.57.25 - - [28/May/2022:17:15:49 -0500] "GET /sipse/faces/javax.faces.resource/jquery/jquery.js;jsessionid=2KHx+nws7G8TnLzOj8RbQMhA.undefined?ln=primefaces&v=4.0 HTTP/1.1" 200 105384
186.31.57.25 - - [28/May/2022:17:15:49 -0500] "GET /sipse/faces/javax.faces.resource/primefaces.js;jsessionid=2KHx+nws7G8TnLzOj8RbQMhA.undefined?ln=primefaces&v=4.0 HTTP/1.1" 200 276924
186.31.57.25 - - [28/May/2022:17:15:49 -0500] "GET /sipse/faces/javax.faces.resource/jquery/jquery-plugins.js;jsessionid=2KHx+nws7G8TnLzOj8RbQMhA.undefined?ln=primefaces&v=4.0 HTTP/1.1" 200 220526
186.31.57.25 - - [28/May/2022:17:15:49 -0500] "GET /sipse/css/imagen/logoSDG.png HTTP/1.1" 200 53064
186.31.57.25 - - [28/May/2022:17:15:49 -0500] "GET /sipse/css/imagen/loginimg.png HTTP/1.1" 200 71635
186.31.57.25 - - [28/May/2022:17:15:49 -0500] "GET /sipse/faces/javax.faces.resource/images/ui-icons_898989_256x240.png?ln=primefaces-aristo HTTP/1.1" 200 5355
186.31.57.25 - - [28/May/2022:17:15:49 -0500] "GET /favicon.ico HTTP/1.1" 200 7782
172.22.2.4 - - [28/May/2022:17:14:38 -0500] "HEAD /BLA/boletinlegal/ HTTP/1.1" 200 -
200.118.64.109 - - [28/May/2022:17:16:43 -0500] "POST /forms/lservlet;jsessionid=ac16012b30d6279a8b5810ae4243a5b0c7e88fb7092b.e3iSbxaKaheRe34MbxmQaheMbNz0n6jAmljGr5XDqQLvpAe HTTP/1.1" 200 2
109.237.103.123 - - [28/May/2022:17:16:43 -0500] "GET /.env HTTP/1.1" 404 1018
109.237.103.123 - - [28/May/2022:17:16:43 -0500] "\x16\x03\x01\x01D\x01" 400 226
216.245.221.92 - - [28/May/2022:17:16:51 -0500] "HEAD / HTTP/1.1" 200 -
172.22.2.4 - - [28/May/2022:17:15:29 -0500] "GET /BLA/boletinlegal/ HTTP/1.1" 200 60973
191.156.57.156 - - [28/May/2022:17:17:56 -0500] "GET /comunidad-y-distrito-trabajan-de-la-mano-para-la-proteccion-y-consolidacion-de-los-ecosistemas-de-barrios-unidos.html HTTP/1.1" 200 859
200.118.64.109 - - [28/May/2022:17:18:43 -0500] "POST /forms/lservlet;jsessionid=ac16012b30d6279a8b5810ae4243a5b0c7e88fb7092b.e3iSbxaKaheRe34MbxmQaheMbNz0n6jAmljGr5XDqQLvpAe HTTP/1.1" 200 2
186.80.52.5 - - [28/May/2022:17:19:00 -0500] "GET /secretaria-de-ambiente-y-sena-abren-curso-de-jardines-verticales.html HTTP/1.1" 200 734
186.154.170.56 - - [28/May/2022:17:19:15 -0500] "GET /secretaria-de-ambiente-y-sena-abren-curso-de-jardines-verticales.html?fbclid=IwAR3oHhw7nnS7cvG-FHuTGRSX0OpWdRwum9r2-_0KX0C9ha-OrfEphbdhUnQ HTTP/1.1" 200 734
66.249.65.17 - - [28/May/2022:17:19:23 -0500] "-" 408 -
181.50.16.214 - - [28/May/2022:17:19:38 -0500] "GET /secretaria-de-ambiente-y-sena-abren-curso-de-jardines-verticales.html HTTP/1.1" 304 -
186.84.21.20 - - [28/May/2022:17:19:59 -0500] "GET /secretaria-de-ambiente-y-sena-abren-curso-de-jardines-verticales.html HTTP/1.1" 200 734
172.22.2.4 - - [28/May/2022:17:20:07 -0500] "GET /BLA/boletinlegal/jurisprudencia/analisis/AnalisisT-606-15.docx HTTP/1.1" 200 26698
172.22.2.4 - - [28/May/2022:17:20:07 -0500] "GET /BLA/boletinlegal/apple-touch-icon-120x120-precomposed.png HTTP/1.1" 404 1140
172.22.2.4 - - [28/May/2022:17:20:08 -0500] "GET /BLA/boletinlegal/apple-touch-icon-120x120.png HTTP/1.1" 404 1140
172.22.2.4 - - [28/May/2022:17:20:08 -0500] "GET /BLA/boletinlegal/apple-touch-icon-precomposed.png HTTP/1.1" 404 1140
172.22.2.4 - - [28/May/2022:17:20:08 -0500] "GET /BLA/boletinlegal/apple-touch-icon.png HTTP/1.1" 404 1140
172.22.2.4 - - [28/May/2022:17:20:08 -0500] "GET /BLA/boletinlegal/favicon.ico HTTP/1.1" 404 1140
172.22.2.4 - - [28/May/2022:17:20:08 -0500] "GET /BLA/boletinlegal/apple-touch-icon-120x120-precomposed.png HTTP/1.1" 404 1140
172.22.2.4 - - [28/May/2022:17:20:09 -0500] "GET /BLA/boletinlegal/apple-touch-icon-120x120.png HTTP/1.1" 404 1140
172.22.2.4 - - [28/May/2022:17:20:09 -0500] "GET /BLA/boletinlegal/apple-touch-icon-precomposed.png HTTP/1.1" 404 1140
172.22.2.4 - - [28/May/2022:17:20:09 -0500] "GET /BLA/boletinlegal/apple-touch-icon.png HTTP/1.1" 404 1140
172.22.2.4 - - [28/May/2022:17:20:09 -0500] "GET /BLA/boletinlegal/favicon.ico HTTP/1.1" 404 1140
186.84.90.136 - - [28/May/2022:17:20:11 -0500] "GET /secretaria-de-ambiente-y-sena-abren-curso-de-jardines-verticales.html HTTP/1.1" 200 734
157.55.39.8 - - [28/May/2022:17:20:38 -0500] "GET /bla/resoluciones/resoluciones%202022/1386.pdf HTTP/1.1" 200 503805
200.118.64.109 - - [28/May/2022:17:20:43 -0500] "POST /forms/lservlet;jsessionid=ac16012b30d6279a8b5810ae4243a5b0c7e88fb7092b.e3iSbxaKaheRe34MbxmQaheMbNz0n6jAmljGr5XDqQLvpAe HTTP/1.1" 200 2
34.91.42.35 - - [28/May/2022:17:20:56 -0500] "GET / HTTP/1.1" 200 319
201.221.173.3 - - [28/May/2022:17:20:57 -0500] "GET /secretaria-de-ambiente-y-sena-abren-curso-de-jardines-verticales.html HTTP/1.1" 304 -
181.53.13.231 - - [28/May/2022:17:21:31 -0500] "GET /medida-preventiva-por-afectacion-al-humedal-de-techo.html?fbclid=IwAR3ItvHIclA0mfRfcJby1XJJvSSuSjseZtMCvOpGC0Z4CTxyQh72BLr95cA HTTP/1.1" 200 779
157.55.39.77 - - [28/May/2022:17:21:32 -0500] "GET /portaldeninos/wp-content/uploads/2021/07/Banners-p%C3%A1gina-de-ni%C3%B1os2-1024x50.jpg HTTP/1.1" 404 75240
179.33.79.148 - - [28/May/2022:17:21:48 -0500] "GET /secretaria-de-ambiente-y-sena-abren-curso-de-jardines-verticales.html?fbclid=IwAR18PonUyDVIUBTkFeOHCYx8LiCI-HQzdjH1wRowTV7UwvibK_e-UhSMrqU HTTP/1.1" 200 734
216.245.221.92 - - [28/May/2022:17:21:51 -0500] "HEAD / HTTP/1.1" 200 -
172.22.2.4 - - [28/May/2022:17:22:01 -0500] "GET /BLA/boletinlegal/owa/auth/x.js HTTP/1.1" 404 1018
172.22.2.4 - - [28/May/2022:17:20:28 -0500] "HEAD /BLA/boletinlegal/ HTTP/1.1" 200 -
201.245.192.253 - - [28/May/2022:17:21:38 -0500] "POST /kwsrmcab/Wsrmcab HTTP/1.1" 200 47399
200.118.64.109 - - [28/May/2022:17:22:43 -0500] "POST /forms/lservlet;jsessionid=ac16012b30d6279a8b5810ae4243a5b0c7e88fb7092b.e3iSbxaKaheRe34MbxmQaheMbNz0n6jAmljGr5XDqQLvpAe HTTP/1.1" 200 2
172.22.2.4 - - [28/May/2022:17:21:18 -0500] "GET /BLA/boletinlegal/ HTTP/1.1" 200 59075
201.245.192.253 - - [28/May/2022:17:22:29 -0500] "POST /kwsrmcab/Wsrmcab HTTP/1.1" 200 47402
190.145.240.33 - - [28/May/2022:17:23:20 -0500] "GET /secretaria-de-ambiente-y-sena-abren-curso-de-jardines-verticales.html?fbclid=IwAR3GlnD0Z6mhkJLbO5hKatR4tT02xHJTbmDaRfROOqMTTMHfshIltHp9lJk HTTP/1.1" 200 734
173.252.95.117 - - [28/May/2022:17:23:21 -0500] "GET /secretaria-de-ambiente-y-sena-abren-curso-de-jardines-verticales.html?fbclid=IwAR2I3pfxpbQ44uaWtPCj93XONiXkW9VyYPrYJPQ6j9C8qFioPkc3dTZV1VE HTTP/1.1" 200 734
172.22.2.4 - - [28/May/2022:17:24:34 -0500] "GET /BLA/boletinlegal/ecp/Current/exporttool/microsoft.exchange.ediscovery.exporttool.application HTTP/1.1" 404 1018
66.220.149.12 - - [28/May/2022:17:24:41 -0500] "GET /images/feria-servicios-12-mayo-principal.jpg HTTP/1.1" 200 44744
66.220.149.12 - - [28/May/2022:17:24:43 -0500] "GET /images/secretaria-carolina-economia-circular-6-mayo.jpg HTTP/1.1" 200 33699
200.118.64.109 - - [28/May/2022:17:24:43 -0500] "POST /forms/lservlet;jsessionid=ac16012b30d6279a8b5810ae4243a5b0c7e88fb7092b.e3iSbxaKaheRe34MbxmQaheMbNz0n6jAmljGr5XDqQLvpAe HTTP/1.1" 200 2
66.220.149.17 - - [28/May/2022:17:24:54 -0500] "GET /images/culebra-sabanera-bogota-26-marzo.jpg HTTP/1.1" 200 22555
66.220.149.9 - - [28/May/2022:17:24:57 -0500] "GET /images/humedal-agua-lluvias-bogota-18-marzo.jpg HTTP/1.1" 200 146923
66.220.149.3 - - [28/May/2022:17:25:00 -0500] "GET /images/ecositemas-cerros-10-marzo.jpg HTTP/1.1" 200 85534
66.220.149.16 - - [28/May/2022:17:25:01 -0500] "GET /images/jardines-verticales-4-marzo.jpg HTTP/1.1" 200 54804
172.22.2.4 - - [28/May/2022:17:26:12 -0500] "GET /BLA/boletinlegal/owa/auth/logon.aspx HTTP/1.1" 404 1018
207.46.13.179 - - [28/May/2022:17:26:19 -0500] "GET /bla/resoluciones/resoluciones%202012/0434.pdf HTTP/1.1" 200 412578
200.118.64.109 - - [28/May/2022:17:26:44 -0500] "POST /forms/lservlet;jsessionid=ac16012b30d6279a8b5810ae4243a5b0c7e88fb7092b.e3iSbxaKaheRe34MbxmQaheMbNz0n6jAmljGr5XDqQLvpAe HTTP/1.1" 200 2
216.245.221.92 - - [28/May/2022:17:26:52 -0500] "HEAD / HTTP/1.1" 200 -
40.77.167.79 - - [28/May/2022:17:27:44 -0500] "GET /BLA/resoluciones/RESOLUCIONES%202019/0632.pdf HTTP/1.1" 304 -
172.22.2.4 - - [28/May/2022:17:26:18 -0500] "HEAD /BLA/boletinlegal/ HTTP/1.1" 200 -
173.252.95.7 - - [28/May/2022:17:28:23 -0500] "GET /bogota-consolida-avances-ambientales-con-el-compromiso-ciudadano-planes-estrategicos-y-acuerdos-con-diversos-sectores.html HTTP/1.1" 206 1348
207.46.13.146 - - [28/May/2022:17:28:38 -0500] "GET /bla/resoluciones/resoluciones%202012/1198.pdf HTTP/1.1" 200 729855
200.118.64.109 - - [28/May/2022:17:28:44 -0500] "POST /forms/lservlet;jsessionid=ac16012b30d6279a8b5810ae4243a5b0c7e88fb7092b.e3iSbxaKaheRe34MbxmQaheMbNz0n6jAmljGr5XDqQLvpAe HTTP/1.1" 200 2
172.22.2.4 - - [28/May/2022:17:27:09 -0500] "GET /BLA/boletinlegal/ HTTP/1.1" 200 51491
172.22.2.4 - - [28/May/2022:17:28:10 -0500] "GET /BLA/boletinlegal/index.php?s=/Index/\\think\\app/invokefunction&function=call_user_func_array&vars[0]=md5&vars[1][]=HelloThinkPHP21 HTTP/1.1" 200 36811
186.102.17.164 - - [28/May/2022:17:29:40 -0500] "GET /secretaria-de-ambiente-y-sena-abren-curso-de-jardines-verticales.html HTTP/1.1" 304 -
173.252.95.8 - - [28/May/2022:17:29:47 -0500] "GET /la-segunda-llantaton-del-ano-sera-en-suba-y-barrios-unidos.html HTTP/1.1" 206 823
200.118.64.109 - - [28/May/2022:17:30:44 -0500] "POST /forms/lservlet;jsessionid=ac16012b30d6279a8b5810ae4243a5b0c7e88fb7092b.e3iSbxaKaheRe34MbxmQaheMbNz0n6jAmljGr5XDqQLvpAe HTTP/1.1" 200 2
181.53.12.150 - - [28/May/2022:17:30:52 -0500] "GET /secretaria-de-ambiente-y-sena-abren-curso-de-jardines-verticales.html?fbclid=IwAR3u9e-saf256queBg_XvS1GJIVJdFlgofffdXbQHO57ByN8s0FY1gIFjIs HTTP/1.1" 200 734
66.220.149.11 - - [28/May/2022:17:30:59 -0500] "GET /secretaria-de-ambiente-y-sena-abren-curso-de-jardines-verticales.html HTTP/1.1" 206 734
66.220.149.18 - - [28/May/2022:17:30:59 -0500] "GET /secretaria-de-ambiente-y-sena-abren-curso-de-jardines-verticales.html HTTP/1.1" 206 734
66.220.149.18 - - [28/May/2022:17:30:59 -0500] "GET /secretaria-de-ambiente-y-sena-abren-curso-de-jardines-verticales.html HTTP/1.1" 206 734
173.252.95.1 - - [28/May/2022:17:31:02 -0500] "GET /mas-de-70-animales-silvestres-regresaron-a-la-libertad-en-el-humedal-juan-amarillo.html HTTP/1.1" 206 958
173.252.95.2 - - [28/May/2022:17:31:02 -0500] "GET /operativo-de-control-y-sensibilizacion-para-verificar-la-correcta-disposicion-de-residuos-peligrosos-en-el-7-de-agosto.html HTTP/1.1" 206 1042
179.19.52.88 - - [28/May/2022:17:31:24 -0500] "GET /secretaria-de-ambiente-y-sena-abren-curso-de-jardines-verticales.html HTTP/1.1" 200 734
173.252.95.3 - - [28/May/2022:17:31:48 -0500] "GET /30-tinguas-azules-volvieron-a-alzar-vuelo-en-el-humedal-jaboque-en-engativa.html HTTP/1.1" 206 1102
173.252.95.11 - - [28/May/2022:17:31:48 -0500] "GET /mas-de-21-kilogramos-de-residuos-especiales-y-peligrosos-fueron-entregados-en-bosa.html HTTP/1.1" 206 979
216.245.221.92 - - [28/May/2022:17:31:51 -0500] "HEAD / HTTP/1.1" 200 -
191.156.50.100 - - [28/May/2022:17:31:56 -0500] "GET /secretaria-de-ambiente-y-sena-abren-curso-de-jardines-verticales.html HTTP/1.1" 200 734
191.156.186.134 - - [28/May/2022:17:32:00 -0500] "GET /secretaria-de-ambiente-y-sena-abren-curso-de-jardines-verticales.html HTTP/1.1" 200 734
173.252.95.22 - - [28/May/2022:17:32:09 -0500] "GET /zuma-propuesta-de-pot-una-herramienta-clave-para-seguir-mejorando-la-calidad-del-aire-de-bogota.html HTTP/1.1" 206 1029
201.245.192.253 - - [28/May/2022:17:31:38 -0500] "POST /kwsrmcab/Wsrmcab HTTP/1.1" 200 47399
200.118.64.109 - - [28/May/2022:17:32:44 -0500] "POST /forms/lservlet;jsessionid=ac16012b30d6279a8b5810ae4243a5b0c7e88fb7092b.e3iSbxaKaheRe34MbxmQaheMbNz0n6jAmljGr5XDqQLvpAe HTTP/1.1" 200 2
173.252.95.1 - - [28/May/2022:17:32:48 -0500] "GET /secretaria-de-ambiente-capacito-a-200-personas-privadas-de-la-libertad-en-la-carcel-la-modelo.html HTTP/1.1" 206 956
173.252.95.22 - - [28/May/2022:17:32:48 -0500] "GET /la-propuesta-de-pot-esta-pensada-para-que-bogota-enfrente-la-crisis-climatica.html HTTP/1.1" 206 919
173.252.95.11 - - [28/May/2022:17:32:48 -0500] "GET /con-la-propuesta-de-pot-garantizamos-la-proteccion-de-los-humedales.html HTTP/1.1" 206 960
201.245.192.253 - - [28/May/2022:17:32:28 -0500] "POST /kwsrmcab/Wsrmcab HTTP/1.1" 200 47402
172.22.2.4 - - [28/May/2022:17:32:20 -0500] "GET /BLA/boletinlegal/ HTTP/1.1" 200 36811
172.22.2.4 - - [28/May/2022:17:32:08 -0500] "HEAD /BLA/boletinlegal/ HTTP/1.1" 200 -
181.59.251.151 - - [28/May/2022:17:34:34 -0500] "OPTIONS /kwssiamovil/sm/setfile/f? HTTP/1.1" 200 13
181.59.251.151 - - [28/May/2022:17:34:34 -0500] "POST /kwssiamovil/sm/setfile/f? HTTP/1.1" 200 381
172.22.2.4 - - [28/May/2022:17:32:58 -0500] "GET /BLA/boletinlegal/ HTTP/1.1" 200 53831
172.22.2.4 - - [28/May/2022:17:34:40 -0500] "GET /BLA/boletinlegal/actos.php HTTP/1.1" 200 9559
200.118.64.109 - - [28/May/2022:17:34:44 -0500] "POST /forms/lservlet;jsessionid=ac16012b30d6279a8b5810ae4243a5b0c7e88fb7092b.e3iSbxaKaheRe34MbxmQaheMbNz0n6jAmljGr5XDqQLvpAe HTTP/1.1" 200 2
181.59.251.151 - - [28/May/2022:17:34:46 -0500] "GET /kwssiamovil/sm/acme/a?s=U2FsdGVkX1/WoqjPVSZCCG4lHBpnptnk3faG7OSald03SH6l8MI4/oY+IZ2/eFd66hxn/Lx+FJwqxHhphgAldNi/xCTUe8dXciRguE9spbC57LNC1EidY9Ph600Un+CzmlgBZl+IY6MRJRWGb5NPz2/tLP/7LHlTcWSg0ZihWIbwgXc/KL/dbjthqjIMGGsqX2i6TbLlW3XbmDZWrudJGQl0ssiB0hE5Z/XZDoV6UMjYVZOK9X/Dm3StjB4B+vavjML7fqPpnxSDsqPLCfI6jA==&u=U2FsdGVkX18dbXUC4JIQKqY+mlVZkC4QLDTJj6eUuLQ=&y=U2FsdGVkX1+U7lt46cpAzYP4eX5HeQ1FI5OLn92UJAyLrmtRChcygHmzcyaHgOip HTTP/1.1" 200 25
181.59.251.151 - - [28/May/2022:17:34:46 -0500] "GET /kwssiamovil/sm/acme/a?s=U2FsdGVkX1+MfLazXDzJ7FPL7nUWo1+F4Q0w5zNVyCcIzrzqpbyFVN1CpPcbUIH0TuFnVnuqFbN03hheGrJPz96lfnJJIcUYmAmwX9O3Bnocg4lr2va+uWVGcx4AS6BZUcpiv7Ox6NmvKk6FSNAhFf0USbfD+CBlLF4MoFIPqT/vJZ11FR6Wd8pE/r5WJ7hf1xB4KX/ibqGY42DTrbh16bi7c6ydmgHTMewXPYbSkQtyopTqyUrprRz5Sa/1ivcAnVt5/LxF8tvf4KEA1RhiKkuTAV8HQAZUWixm9Ud0fJGsdrscYkMpVzs9aS7EdRSiT02Td151/rJbcfOO8DWTYgZXEgmqTy6RGfq2JVBLQqS3cCrT48kiZXtofdFDRDSMsjX7CLC3RUsKrokFeSbQp5LZKOXFxkSoDsO3amLRtIxIu3ulT4FtuHorLoI75Co4/I3k+tesXPfK7RETD+DlbgQADsNPxNB3+8/ZTaHKo3xFjr5RqzOpXDL468I7VUXCTfXXG5XzrxT4bj4y6Fktt27lzySzu+AErXj8k3YRkROI837au8UhMNhB12PQglb/e/4KYN4mksGbpvPLBzw5eJ1XiFO3tL5I8CMdIIa7JDXTuM2Lrfv1R5MrhHWK3Tx6xFkwa+USosC+mwjvGBEP1NiUZfs8Ub10JbcO+g+L5h6S/Mgp1O2zWZOeriN5SI842sHx7Tudec0YxwcEd1O1xotzjU9bAFbKEpzGB04hF3d3W6S0nu8m8nGU6qRH2cYTawFoVCdx7zdyNIqh+twG9B/+ou6BQPJ1BVykwix4JW2lu1EyxnlzsOurIsjLSF53kYM2Wtff7kgfvXsdPDVxhSHjnAiViZ/lgyGN4qX9bRvSicgVHiF5nz5MWASXdESJeeCaiKMsdboYaFy+b/FS6/DnljSKO7XoKu54CLRQt775+UIpzwaftAuQncp2AYJbBOGKnTZgCVtfyI5aSfelWesUrSXeidjWrSusWfgH8RxvhHvAwNayNQg17cMZcHP3cKOR+nr2l3/EppCra7KBNHlbpfOHOISNPCDN1UpSWmdemSvnskg+LPnBmz3WnqQcdFH7a/m529l1PBBDrS56X7TQQL3kVhIn1CaFOAr1BYP/7mlvVtYBoc+NnC06nw8Jv5ski4FsmXo7V/S4jFDsmubFSS9sicby/4b4U9LL+4mOl1xejGs7En624IslTbN+x9lWiQdhCxgAF8fX5129sodySxP1AVL95LX1WWnvQA08i0WjX+yNL+ak27+XiEARriYVuUl2MpelizXfqz1+aGWV0OxI4bv2xdZl/vgkRj/6iOrFQb/3Wwn5gElRrrt+PiojhB3mysDRRBKNbMPpQdIFbtmyFjM9AWBR/sV3VZs9tOHRUE2IA1Wvfiq6KHnI4SX99agCw28HzOFXST9iANRIhMGIf3wWEy4uymzhQi9E/B43dp1t/vm/tHA01jkMEGRNVzxZHCtm8qT4EiHWzGqujieQ/d9cyfMFBXVZ7COdO8bRpg0C/Z9okky7EdrYX5iaNVz9UUO8lH3jhMhnjX19XAf0KbXjCaEDO6Pp4Dhx3KFiCKIy8o3uMJOhSWaYCdpsxODGv6dSS1vmdl6w8120WN8QGSaUvQb58Znv87Y=&u=U2FsdGVkX18dbXUC4JIQKqY+mlVZkC4QLDTJj6eUuLQ=&y=U2FsdGVkX1+U7lt46cpAzYP4eX5HeQ1FI5OLn92UJAyLrmtRChcygHmzcyaHgOip HTTP/1.1" 200 25
181.59.251.151 - - [28/May/2022:17:34:47 -0500] "GET /kwssiamovil/sm/acme/a?s=U2FsdGVkX18szBESB/IvxUvjcnXLXHW8oXpbfmwdU84weiwoxXaeiVeOvogWA9sz7KQpw5um5zgfaYVEraWy9Rr8VxBIUybj54qUyUFadsrUWLwNXqQAQI5zUw1nf6C5sF9GWwvmWbtcpBXRoqz0Lkczxj6xlymqSlZxAUbxP7M=&u=U2FsdGVkX18dbXUC4JIQKqY+mlVZkC4QLDTJj6eUuLQ=&y=U2FsdGVkX1+U7lt46cpAzYP4eX5HeQ1FI5OLn92UJAyLrmtRChcygHmzcyaHgOip HTTP/1.1" 200 25
181.59.251.151 - - [28/May/2022:17:34:47 -0500] "GET /kwssiamovil/sm/acme/a?s=U2FsdGVkX1/6dzu8KTj7CoL1KcjBXRtpibRPafuwFIXSx0nAmVcUESsjyigSmzhOj7ERZCJdUZEz+GSiWo2GPc//BflPNxntNlupXY3wUDuZ2pSoOQZGxBB+li9mV9YeNv+0/uEpM9IeJn8GqUS0lTE2IL95fIyKFhDz9fyPUr4=&u=U2FsdGVkX18dbXUC4JIQKqY+mlVZkC4QLDTJj6eUuLQ=&y=U2FsdGVkX1+U7lt46cpAzYP4eX5HeQ1FI5OLn92UJAyLrmtRChcygHmzcyaHgOip HTTP/1.1" 200 25
181.59.251.151 - - [28/May/2022:17:34:47 -0500] "GET /kwssiamovil/sm/acme/a?s=U2FsdGVkX1/GZoFYH6McOAUEjQrSuzGubFZw1d6l4SOaj12IzuR6qhIO4uHg3Hqb3X8IlxWkU6h3TWkeSoi1ahNxVec61LN4zJjgK6XsksURWlfGLdEi2JwhBHOmwaNRabhxnvsljhxYiF9dXnpaN5Zxq757rarAgzLbPjIk1ek=&u=U2FsdGVkX18dbXUC4JIQKqY+mlVZkC4QLDTJj6eUuLQ=&y=U2FsdGVkX1+U7lt46cpAzYP4eX5HeQ1FI5OLn92UJAyLrmtRChcygHmzcyaHgOip HTTP/1.1" 200 25
181.59.251.151 - - [28/May/2022:17:34:47 -0500] "GET /kwssiamovil/sm/acme/a?s=U2FsdGVkX18PstnBT1qN74rLH5dqhKh0Ov6Nkn9YgF3wx6UpZBZL49RJPSVNYnfuGC3Hbc6pmLvmbr0lPMAGHXiTWjFOgqbS6LEsS5wGAqZbqdbCjhmrhiqBiclG2Tk/EfzBlYdenW3HbzfqEtWNL8q4FhzvedlGKOENPsscB+F7oUDaypHR3iIVIU/Hu1HO&u=U2FsdGVkX18dbXUC4JIQKqY+mlVZkC4QLDTJj6eUuLQ=&y=U2FsdGVkX1+U7lt46cpAzYP4eX5HeQ1FI5OLn92UJAyLrmtRChcygHmzcyaHgOip HTTP/1.1" 200 25
181.59.251.151 - - [28/May/2022:17:34:47 -0500] "GET /kwssiamovil/sm/acme/a?s=U2FsdGVkX1+aHKrZYVmQXXJfToApDxUtiQqD2AI5hjXqKxNJtpti8tTfSKTit28OSm5ZMO+nktlRt/WNwbOexZEfk7xqIw6WvoEu6mpLM7s+eqIrxCNFR0f+FMsNP2ywg8lVJOqPWaGZ6wlrUdgwaWHy4st0s2H4AVfRAjPxGK8OPnzlMQyjb15rd9EXcDA1aLJCorYsTsgA/p5sUPx9DhygAifJErRbLa7cZwiqy6Q6BCWVkiFTw2Y7UsNyUeB+p4vJef1EGzxwvdNJTK4CiGoAdhwh3l4nkhpo1KvSXSpWT9qN+tsJNl4oLn+n51KP7WEok2c9iwS2WaJ0PfEEH1IdclIwahvOgVD7f83stD8TLX4i9eAF4cdwllc/5jxL&u=U2FsdGVkX18dbXUC4JIQKqY+mlVZkC4QLDTJj6eUuLQ=&y=U2FsdGVkX1+U7lt46cpAzYP4eX5HeQ1FI5OLn92UJAyLrmtRChcygHmzcyaHgOip HTTP/1.1" 200 25
181.59.251.151 - - [28/May/2022:17:34:48 -0500] "GET /kwssiamovil/sm/acme/a?s=U2FsdGVkX1886etVIuTV6L0rOQFtCuzJSfLD+aAWx4XCRcvvp4qC3z7/1MUbsUDbUi0zPRpmfeRH6RbcaoWH+YrJv9vcf7cLL/c/HAh2XV2/8EqTavIXGarlvlFlOVts06dJi6ZvkKPy6Unno7BcH8MOwjhwaHNKZEeK+dpB21FM/D0X4pVhxPbrpMgr4kWXfFtXxlWVRa54+GbK0vEwgA2Vo6jeYdiEpGFr+GTAECEOyAjp0c/0tLlNJ4/8csjQXpW0p3Qv25pkyBpkd5Ytyqlo1QxDVF7vCNqoLKl1lz2fLwO9e8lb9y/ArSMTGMVQ8nMJjZS2znXlvOlroswWhQ==&u=U2FsdGVkX18dbXUC4JIQKqY+mlVZkC4QLDTJj6eUuLQ=&y=U2FsdGVkX1+U7lt46cpAzYP4eX5HeQ1FI5OLn92UJAyLrmtRChcygHmzcyaHgOip HTTP/1.1" 200 25
172.22.2.4 - - [28/May/2022:17:34:57 -0500] "GET /BLA/boletinlegal/consulta_actos.php?tipo=resoluciones&no=&usuario=&sector=RESIDUOS&fecha=2022&resuelve=RCD HTTP/1.1" 200 626
172.22.2.4 - - [28/May/2022:17:35:07 -0500] "GET /BLA/boletinlegal/consulta_actos.php?tipo=resoluciones&no=&usuario=&sector=RESIDUOS&fecha=2020&resuelve=RCD HTTP/1.1" 200 626
172.22.2.4 - - [28/May/2022:17:35:09 -0500] "GET /BLA/boletinlegal/consulta_actos.php?tipo=resoluciones&no=&usuario=&sector=RESIDUOS&fecha=2020&resuelve=RCD HTTP/1.1" 200 626
172.22.2.4 - - [28/May/2022:17:35:16 -0500] "GET /BLA/boletinlegal/consulta_actos.php?tipo=resoluciones&no=&usuario=&sector=RESIDUOS&fecha=2020&resuelve= HTTP/1.1" 200 8953
172.22.2.4 - - [28/May/2022:17:35:16 -0500] "GET /BLA/boletinlegal/images/background.gif HTTP/1.1" 200 -
172.22.2.4 - - [28/May/2022:17:35:25 -0500] "GET /BLA/boletinlegal/consulta_actos.php?tipo=resoluciones&no=&usuario=&sector=RESIDUOS&fecha=2020&resuelve=SANCION HTTP/1.1" 200 2997
172.22.2.4 - - [28/May/2022:17:35:35 -0500] "GET /BLA/boletinlegal/consulta_actos.php?tipo=resoluciones&no=&usuario=&sector=RESIDUOS&fecha=2021&resuelve=SANCION HTTP/1.1" 200 13370
99.79.148.128 - - [28/May/2022:17:36:10 -0500] "GET /galeria/galeria/fotos/Entrenube2G.jpg HTTP/1.1" 200 111422
172.22.2.4 - - [28/May/2022:17:36:16 -0500] "GET /BLA/boletinlegal/consulta_actos.php?tipo=resoluciones&no=&usuario=&sector=RESIDUOS&fecha=2021&resuelve=RESUELVE HTTP/1.1" 200 4050
172.22.2.4 - - [28/May/2022:17:34:37 -0500] "GET /BLA/boletinlegal/ HTTP/1.1" 200 60175
190.24.186.195 - - [28/May/2022:17:36:24 -0500] "GET /BLA/resoluciones/RESOLUCIONES%202021/2965.pdf HTTP/1.1" 200 458712
200.118.64.109 - - [28/May/2022:17:36:44 -0500] "POST /forms/lservlet;jsessionid=ac16012b30d6279a8b5810ae4243a5b0c7e88fb7092b.e3iSbxaKaheRe34MbxmQaheMbNz0n6jAmljGr5XDqQLvpAe HTTP/1.1" 200 2
190.24.186.195 - - [28/May/2022:17:36:50 -0500] "GET /BLA/resoluciones/RESOLUCIONES%202021/2131.pdf HTTP/1.1" 200 1275589
216.245.221.92 - - [28/May/2022:17:36:51 -0500] "HEAD / HTTP/1.1" 200 -
172.22.2.4 - - [28/May/2022:17:35:16 -0500] "GET /BLA/boletinlegal/ HTTP/1.1" 200 60581
66.249.65.15 - - [28/May/2022:17:38:15 -0500] "-" 408 -
172.22.2.4 - - [28/May/2022:17:38:29 -0500] "GET /BLA/boletinlegal/consulta_actos.php?tipo=resoluciones&no=&usuario=&sector=RESIDUOS&fecha=2020&resuelve=RESUELVE HTTP/1.1" 200 5052
201.245.192.253 - - [28/May/2022:17:38:42 -0500] "GET /BLA/resoluciones/ HTTP/1.1" 200 13093
201.245.192.253 - - [28/May/2022:17:38:42 -0500] "GET /BLA/resoluciones/dlf/folder.png HTTP/1.1" 200 410
201.245.192.253 - - [28/May/2022:17:38:42 -0500] "GET /BLA/resoluciones/dlf/styles.css HTTP/1.1" 200 3049
201.245.192.253 - - [28/May/2022:17:38:42 -0500] "GET /BLA/resoluciones/dlf/bg.gif HTTP/1.1" 200 54
201.245.192.253 - - [28/May/2022:17:38:42 -0500] "GET /favicon.ico HTTP/1.1" 200 7782
200.118.64.109 - - [28/May/2022:17:38:44 -0500] "POST /forms/lservlet;jsessionid=ac16012b30d6279a8b5810ae4243a5b0c7e88fb7092b.e3iSbxaKaheRe34MbxmQaheMbNz0n6jAmljGr5XDqQLvpAe HTTP/1.1" 200 2
172.22.2.4 - - [28/May/2022:17:38:53 -0500] "GET /BLA/boletinlegal/consulta_actos.php?tipo=resoluciones&no=&usuario=&sector=RESIDUOS&fecha=2019&resuelve=RESUELVE HTTP/1.1" 200 6234
190.24.186.195 - - [28/May/2022:17:38:59 -0500] "GET /BLA/resoluciones/RESOLUCIONES%202019/2312.pdf HTTP/1.1" 200 282598
173.252.83.116 - - [28/May/2022:17:39:01 -0500] "GET /images/Senderos1.jpeg HTTP/1.1" 200 172777
172.22.2.4 - - [28/May/2022:17:39:05 -0500] "GET /BLA/boletinlegal/Circulares/2019/.pdf HTTP/1.1" 404 1218
190.24.186.195 - - [28/May/2022:17:39:13 -0500] "GET /BLA/resoluciones/RESOLUCIONES%202019/1482.pdf HTTP/1.1" 200 341504
172.22.2.4 - - [28/May/2022:17:39:14 -0500] "GET /BLA/boletinlegal/Circulares/2012/Circular%20No.%2010%20del%2026%20de%20Enero%20de%202012.pdf HTTP/1.1" 404 1218
172.22.2.4 - - [28/May/2022:17:37:58 -0500] "HEAD /BLA/boletinlegal/ HTTP/1.1" 200 -
172.22.2.4 - - [28/May/2022:17:38:49 -0500] "GET /BLA/boletinlegal/ HTTP/1.1" 200 58482
200.118.64.109 - - [28/May/2022:17:40:44 -0500] "POST /forms/lservlet;jsessionid=ac16012b30d6279a8b5810ae4243a5b0c7e88fb7092b.e3iSbxaKaheRe34MbxmQaheMbNz0n6jAmljGr5XDqQLvpAe HTTP/1.1" 200 2
186.80.52.44 - - [28/May/2022:17:41:14 -0500] "GET /BLA/boletinlegal/js/jquery.scrollShow.js HTTP/1.1" 200 4586
186.80.52.44 - - [28/May/2022:17:41:14 -0500] "GET /galeria/galeria/jquery.fancybox.css?v=2.1.5 HTTP/1.1" 200 4895
186.80.52.44 - - [28/May/2022:17:41:14 -0500] "GET /galeria/galeria/jquery.fancybox.js?v=2.1.5 HTTP/1.1" 200 48706
157.55.39.127 - - [28/May/2022:17:41:45 -0500] "GET /bla/resoluciones/resoluciones%202012/0905.pdf HTTP/1.1" 200 401177
216.245.221.92 - - [28/May/2022:17:41:52 -0500] "HEAD / HTTP/1.1" 200 -
186.102.51.23 - - [28/May/2022:17:42:13 -0500] "GET /secretaria-de-ambiente-y-sena-abren-curso-de-jardines-verticales.html HTTP/1.1" 200 734
201.245.192.253 - - [28/May/2022:17:41:38 -0500] "POST /kwsrmcab/Wsrmcab HTTP/1.1" 200 47399
200.118.64.109 - - [28/May/2022:17:42:45 -0500] "POST /forms/lservlet;jsessionid=ac16012b30d6279a8b5810ae4243a5b0c7e88fb7092b.e3iSbxaKaheRe34MbxmQaheMbNz0n6jAmljGr5XDqQLvpAe HTTP/1.1" 200 2
201.245.192.253 - - [28/May/2022:17:42:28 -0500] "POST /kwsrmcab/Wsrmcab HTTP/1.1" 200 47402
191.156.183.157 - - [28/May/2022:17:43:31 -0500] "GET /secretaria-de-ambiente-y-sena-abren-curso-de-jardines-verticales.html HTTP/1.1" 200 734
167.94.138.62 - - [28/May/2022:17:43:47 -0500] "GET / HTTP/1.1" 200 319
167.94.138.62 - - [28/May/2022:17:43:47 -0500] "GET / HTTP/1.1" 200 319
167.94.138.62 - - [28/May/2022:17:43:47 -0500] "PRI * HTTP/2.0" 400 946
157.55.39.43 - - [28/May/2022:17:44:03 -0500] "GET /bla/resoluciones/resoluciones%202012/1641.pdf HTTP/1.1" 200 316780
66.249.65.13 - - [28/May/2022:17:44:16 -0500] "-" 408 -
200.118.64.109 - - [28/May/2022:17:44:45 -0500] "POST /forms/lservlet;jsessionid=ac16012b30d6279a8b5810ae4243a5b0c7e88fb7092b.e3iSbxaKaheRe34MbxmQaheMbNz0n6jAmljGr5XDqQLvpAe HTTP/1.1" 200 2
172.22.2.4 - - [28/May/2022:17:43:48 -0500] "HEAD /BLA/boletinlegal/ HTTP/1.1" 200 -
172.22.2.4 - - [28/May/2022:17:44:38 -0500] "GET /BLA/boletinlegal/ HTTP/1.1" 200 60973
200.118.64.109 - - [28/May/2022:17:46:45 -0500] "POST /forms/lservlet;jsessionid=ac16012b30d6279a8b5810ae4243a5b0c7e88fb7092b.e3iSbxaKaheRe34MbxmQaheMbNz0n6jAmljGr5XDqQLvpAe HTTP/1.1" 200 2
216.245.221.92 - - [28/May/2022:17:46:51 -0500] "HEAD / HTTP/1.1" 200 -
172.22.2.4 - - [28/May/2022:17:47:24 -0500] "GET /BLA/boletinlegal/actos.php HTTP/1.1" 200 9559
157.55.39.8 - - [28/May/2022:17:47:29 -0500] "GET /Publicaciones/2022EE26340.pdf HTTP/1.1" 404 227
172.22.2.4 - - [28/May/2022:17:47:31 -0500] "GET /BLA/boletinlegal/consulta_actos.php?tipo=autos&no=0613&usuario=&sector=&fecha=2015&resuelve= HTTP/1.1" 200 1100
186.115.224.158 - - [28/May/2022:17:47:33 -0500] "GET /BLA/resoluciones/ HTTP/1.1" 200 13093
186.115.224.158 - - [28/May/2022:17:47:35 -0500] "GET /BLA/resoluciones/index.php?dir=AUTOS+2015%2F HTTP/1.1" 200 576507
181.54.194.204 - - [28/May/2022:17:47:40 -0500] "GET /secretaria-de-ambiente-y-sena-abren-curso-de-jardines-verticales.html HTTP/1.1" 200 734
186.115.224.158 - - [28/May/2022:17:47:46 -0500] "GET /BLA/resoluciones/AUTOS%202015/0613.pdf HTTP/1.1" 200 785455
161.18.222.179 - - [28/May/2022:17:47:52 -0500] "GET /sipse/faces/faces/index.xhtml HTTP/1.1" 200 677
161.18.222.179 - - [28/May/2022:17:47:52 -0500] "GET /sipse/faces/javax.faces.resource/theme.css?ln=primefaces-sipse HTTP/1.1" 304 -
161.18.222.179 - - [28/May/2022:17:47:52 -0500] "GET /sipse/faces/faces/faces/autenticacion.xhtml HTTP/1.1" 200 12170
161.18.222.179 - - [28/May/2022:17:47:53 -0500] "GET /sipse/js/disable_browser_buttons.js HTTP/1.1" 304 -
161.18.222.179 - - [28/May/2022:17:47:53 -0500] "GET /sipse/js/funciones.js HTTP/1.1" 304 -
161.18.222.179 - - [28/May/2022:17:47:53 -0500] "GET /sipse/css/custom_css_sg.css HTTP/1.1" 304 -
161.18.222.179 - - [28/May/2022:17:47:53 -0500] "GET /sipse/faces/javax.faces.resource/theme.css?ln=primefaces-sipse HTTP/1.1" 304 -
161.18.222.179 - - [28/May/2022:17:47:53 -0500] "GET /sipse/css/custom_css_sg_prime_login.css HTTP/1.1" 304 -
161.18.222.179 - - [28/May/2022:17:47:53 -0500] "GET /sipse/faces/javax.faces.resource/primefaces.css?ln=primefaces&v=4.0 HTTP/1.1" 304 -
161.18.222.179 - - [28/May/2022:17:47:53 -0500] "GET /sipse/faces/javax.faces.resource/layout/layout.css?ln=primefaces&v=4.0 HTTP/1.1" 304 -
161.18.222.179 - - [28/May/2022:17:47:53 -0500] "GET /sipse/faces/javax.faces.resource/jquery/jquery.js?ln=primefaces&v=4.0 HTTP/1.1" 304 -
161.18.222.179 - - [28/May/2022:17:47:53 -0500] "GET /sipse/faces/javax.faces.resource/jquery/jquery-plugins.js?ln=primefaces&v=4.0 HTTP/1.1" 304 -
161.18.222.179 - - [28/May/2022:17:47:53 -0500] "GET /sipse/faces/javax.faces.resource/primefaces.js?ln=primefaces&v=4.0 HTTP/1.1" 304 -
161.18.222.179 - - [28/May/2022:17:47:53 -0500] "GET /sipse/faces/javax.faces.resource/layout/layout.js?ln=primefaces&v=4.0 HTTP/1.1" 304 -
161.18.222.179 - - [28/May/2022:17:47:53 -0500] "GET /sipse/css/imagen/logoSDG.png HTTP/1.1" 304 -
161.18.222.179 - - [28/May/2022:17:47:53 -0500] "GET /sipse/css/imagen/loginimg.png HTTP/1.1" 304 -
161.18.222.179 - - [28/May/2022:17:47:53 -0500] "GET /sipse/faces/javax.faces.resource/images/ui-icons_898989_256x240.png?ln=primefaces-aristo HTTP/1.1" 304 -
161.18.222.179 - - [28/May/2022:17:48:00 -0500] "POST /sipse/faces/autenticacion.xhtml HTTP/1.1" 200 2216
161.18.222.179 - - [28/May/2022:17:48:00 -0500] "GET /sipse/faces/javax.faces.resource/messages/messages.png?ln=primefaces&v=4.0 HTTP/1.1" 304 -
161.18.222.179 - - [28/May/2022:17:48:03 -0500] "POST /sipse/faces/autenticacion.xhtml HTTP/1.1" 200 16238
161.18.222.179 - - [28/May/2022:17:48:03 -0500] "GET /sipse/css/custom_css_sg_prime.css HTTP/1.1" 304 -
161.18.222.179 - - [28/May/2022:17:48:03 -0500] "GET /sipse/faces/javax.faces.resource/theme.css?ln=primefaces-sipse HTTP/1.1" 304 -
161.18.222.179 - - [28/May/2022:17:48:03 -0500] "GET /sipse/faces/javax.faces.resource/primefaces.css?ln=primefaces&v=4.0 HTTP/1.1" 304 -
161.18.222.179 - - [28/May/2022:17:48:03 -0500] "GET /sipse/faces/javax.faces.resource/layout/layout.css?ln=primefaces&v=4.0 HTTP/1.1" 304 -
161.18.222.179 - - [28/May/2022:17:48:03 -0500] "GET /sipse/js/jquery.min.js HTTP/1.1" 304 -
161.18.222.179 - - [28/May/2022:17:48:03 -0500] "GET /sipse/faces/javax.faces.resource/jquery/jquery.js?ln=primefaces&v=4.0 HTTP/1.1" 304 -
161.18.222.179 - - [28/May/2022:17:48:03 -0500] "GET /sipse/faces/javax.faces.resource/jquery/jquery-plugins.js?ln=primefaces&v=4.0 HTTP/1.1" 304 -
161.18.222.179 - - [28/May/2022:17:48:03 -0500] "GET /sipse/faces/javax.faces.resource/primefaces.js?ln=primefaces&v=4.0 HTTP/1.1" 304 -
161.18.222.179 - - [28/May/2022:17:48:03 -0500] "GET /sipse/faces/javax.faces.resource/layout/layout.js?ln=primefaces&v=4.0 HTTP/1.1" 304 -
161.18.222.179 - - [28/May/2022:17:48:03 -0500] "GET /sipse/imagenes/logoAplicacion.jpg HTTP/1.1" 304 -
161.18.222.179 - - [28/May/2022:17:48:03 -0500] "GET /sipse/imagenes/cargando.gif HTTP/1.1" 304 -
161.18.222.179 - - [28/May/2022:17:48:04 -0500] "GET /sipse/css/imagen/contrasena.png HTTP/1.1" 404 383
161.18.222.179 - - [28/May/2022:17:48:06 -0500] "GET /sipse/faces/javax.faces.resource/images/ui-bg_flat_0_2d5972_40x100.png?ln=primefaces-aristo HTTP/1.1" 304 -
161.18.222.179 - - [28/May/2022:17:48:06 -0500] "POST /sipse/faces/bienvenido.xhtml HTTP/1.1" 200 2073
161.18.222.179 - - [28/May/2022:17:48:07 -0500] "POST /sipse/faces/bienvenido.xhtml HTTP/1.1" 200 38963
161.18.222.179 - - [28/May/2022:17:48:08 -0500] "GET /sipse/faces/javax.faces.resource/theme.css?ln=primefaces-sipse HTTP/1.1" 304 -
161.18.222.179 - - [28/May/2022:17:48:08 -0500] "GET /sipse/faces/javax.faces.resource/layout/layout.css?ln=primefaces&v=4.0 HTTP/1.1" 304 -
161.18.222.179 - - [28/May/2022:17:48:08 -0500] "GET /sipse/faces/javax.faces.resource/primefaces.css?ln=primefaces&v=4.0 HTTP/1.1" 304 -
161.18.222.179 - - [28/May/2022:17:48:08 -0500] "GET /sipse/faces/javax.faces.resource/jquery/jquery.js?ln=primefaces&v=4.0 HTTP/1.1" 304 -
161.18.222.179 - - [28/May/2022:17:48:08 -0500] "GET /sipse/faces/javax.faces.resource/jquery/jquery-plugins.js?ln=primefaces&v=4.0 HTTP/1.1" 304 -
161.18.222.179 - - [28/May/2022:17:48:08 -0500] "GET /sipse/faces/javax.faces.resource/primefaces.js?ln=primefaces&v=4.0 HTTP/1.1" 304 -
161.18.222.179 - - [28/May/2022:17:48:08 -0500] "GET /sipse/faces/javax.faces.resource/layout/layout.js?ln=primefaces&v=4.0 HTTP/1.1" 304 -
161.18.222.179 - - [28/May/2022:17:48:15 -0500] "POST /sipse/faces/presentacion/financiero/solicitudProceso/consultar.xhtml HTTP/1.1" 200 12671
181.54.18.118 - - [28/May/2022:17:48:31 -0500] "GET /secretaria-de-ambiente-y-sena-abren-curso-de-jardines-verticales.html HTTP/1.1" 200 734
200.118.64.109 - - [28/May/2022:17:48:45 -0500] "POST /forms/lservlet;jsessionid=ac16012b30d6279a8b5810ae4243a5b0c7e88fb7092b.e3iSbxaKaheRe34MbxmQaheMbNz0n6jAmljGr5XDqQLvpAe HTTP/1.1" 200 2
190.25.117.86 - - [28/May/2022:17:48:56 -0500] "GET /secretaria-de-ambiente-y-sena-abren-curso-de-jardines-verticales.html?fbclid=IwAR0uFfZRf0gDfDEsLmqKTEBokq8r1zIFGDdVIjpLKIXyNvdhzYvRWqrGEsE HTTP/1.1" 200 734
172.22.2.4 - - [28/May/2022:17:47:22 -0500] "GET /BLA/boletinlegal/ HTTP/1.1" 200 63427
200.118.64.109 - - [28/May/2022:17:50:45 -0500] "POST /forms/lservlet;jsessionid=ac16012b30d6279a8b5810ae4243a5b0c7e88fb7092b.e3iSbxaKaheRe34MbxmQaheMbNz0n6jAmljGr5XDqQLvpAe HTTP/1.1" 200 2
172.22.2.4 - - [28/May/2022:17:49:38 -0500] "HEAD /BLA/boletinlegal/ HTTP/1.1" 200 -
216.245.221.92 - - [28/May/2022:17:51:51 -0500] "HEAD / HTTP/1.1" 200 -
172.22.2.4 - - [28/May/2022:17:52:05 -0500] "GET /BLA/boletinlegal/actos.php HTTP/1.1" 200 9559
172.22.2.4 - - [28/May/2022:17:52:06 -0500] "GET /BLA/boletinlegal/favicon.ico HTTP/1.1" 404 1326
190.27.176.63 - - [28/May/2022:17:52:08 -0500] "GET /BLA/resoluciones/ HTTP/1.1" 200 13093
172.22.2.4 - - [28/May/2022:17:50:28 -0500] "GET /BLA/boletinlegal/ HTTP/1.1" 200 58029
157.55.39.8 - - [28/May/2022:17:52:11 -0500] "GET /bla/resoluciones/resoluciones%202012/0131.pdf HTTP/1.1" 200 676919
190.27.176.63 - - [28/May/2022:17:52:13 -0500] "GET /BLA/resoluciones/index.php?dir=RESOLUCIONES+2021%2F HTTP/1.1" 200 367676
66.249.65.13 - - [28/May/2022:17:52:33 -0500] "-" 408 -
172.22.2.4 - - [28/May/2022:17:52:03 -0500] "GET /BLA/boletinlegal/ HTTP/1.1" 200 24523
200.118.64.109 - - [28/May/2022:17:52:45 -0500] "POST /forms/lservlet;jsessionid=ac16012b30d6279a8b5810ae4243a5b0c7e88fb7092b.e3iSbxaKaheRe34MbxmQaheMbNz0n6jAmljGr5XDqQLvpAe HTTP/1.1" 200 2
157.55.39.43 - - [28/May/2022:17:53:44 -0500] "GET /bla/resoluciones/resoluciones%202012/0878.pdf HTTP/1.1" 200 551723
157.55.39.43 - - [28/May/2022:17:53:54 -0500] "GET /BLA/resoluciones/AUTOS%202021/1634.pdf HTTP/1.1" 304 -
181.59.251.151 - - [28/May/2022:17:54:06 -0500] "GET /kwssiamovil/sm/acme/u?s=U2FsdGVkX19h0mWBo2MO2HVMa0OVaRMee8vbbWYY0QfNVz4SPdsWhjdrfbLKn7vegMdGyhk4acVZPGKir8eEaT8c8PG4AXvlMiWEemkNJLRZKoLf9ENU2zmMdJdr6o9ci5bfvNLAgIlqtt1XCquZrg==&u=U2FsdGVkX18dbXUC4JIQKqY+mlVZkC4QLDTJj6eUuLQ=&y=U2FsdGVkX1+U7lt46cpAzYP4eX5HeQ1FI5OLn92UJAyLrmtRChcygHmzcyaHgOip HTTP/1.1" 200 60
200.118.64.109 - - [28/May/2022:17:54:45 -0500] "POST /forms/lservlet;jsessionid=ac16012b30d6279a8b5810ae4243a5b0c7e88fb7092b.e3iSbxaKaheRe34MbxmQaheMbNz0n6jAmljGr5XDqQLvpAe HTTP/1.1" 200 2
173.252.83.117 - - [28/May/2022:17:55:33 -0500] "GET /images/culebra-sabanera-bogota-26-marzo.jpg HTTP/1.1" 200 22555
157.55.39.8 - - [28/May/2022:17:55:41 -0500] "GET /bla/resoluciones/resoluciones%202012/0381.pdf HTTP/1.1" 200 1867317
200.118.64.109 - - [28/May/2022:17:56:45 -0500] "POST /forms/lservlet;jsessionid=ac16012b30d6279a8b5810ae4243a5b0c7e88fb7092b.e3iSbxaKaheRe34MbxmQaheMbNz0n6jAmljGr5XDqQLvpAe HTTP/1.1" 200 2
216.245.221.92 - - [28/May/2022:17:56:51 -0500] "HEAD / HTTP/1.1" 200 -
172.22.2.4 - - [28/May/2022:17:55:28 -0500] "HEAD /BLA/boletinlegal/ HTTP/1.1" 200 -
172.22.2.4 - - [28/May/2022:17:57:28 -0500] "GET /BLA/boletinlegal/actos.php HTTP/1.1" 200 9559
172.22.2.4 - - [28/May/2022:17:57:29 -0500] "GET /BLA/boletinlegal/favicon.ico HTTP/1.1" 404 1326
45.238.182.202 - - [28/May/2022:17:57:31 -0500] "GET /secretaria-de-ambiente-y-sena-abren-curso-de-jardines-verticales.html HTTP/1.1" 200 734
181.59.33.56 - - [28/May/2022:17:57:32 -0500] "GET /BLA/resoluciones/ HTTP/1.1" 200 13093
181.59.33.56 - - [28/May/2022:17:57:35 -0500] "GET /BLA/resoluciones/index.php?dir=AUTOS+2011%2F HTTP/1.1" 200 629736
172.22.2.4 - - [28/May/2022:17:56:18 -0500] "GET /BLA/boletinlegal/ HTTP/1.1" 200 57520
181.59.33.56 - - [28/May/2022:17:58:09 -0500] "GET /BLA/resoluciones/AUTOS%202011/3389.pdf HTTP/1.1" 200 406379
200.118.64.109 - - [28/May/2022:17:58:46 -0500] "POST /forms/lservlet;jsessionid=ac16012b30d6279a8b5810ae4243a5b0c7e88fb7092b.e3iSbxaKaheRe34MbxmQaheMbNz0n6jAmljGr5XDqQLvpAe HTTP/1.1" 200 2
172.22.2.4 - - [28/May/2022:17:57:25 -0500] "GET /BLA/boletinlegal/ HTTP/1.1" 200 60581
186.84.90.52 - - [28/May/2022:17:59:13 -0500] "GET /forest/ HTTP/1.1" 200 12041
186.84.90.52 - - [28/May/2022:17:59:19 -0500] "POST /forest/index.php HTTP/1.1" 200 12268
157.55.39.8 - - [28/May/2022:17:59:20 -0500] "GET /galeria/galeria/fotos/Humedal-Tibanica3G.jpg HTTP/1.1" 200 428565
40.77.167.79 - - [28/May/2022:18:00:37 -0500] "GET /bla/resoluciones/resoluciones%202012/0666.pdf HTTP/1.1" 200 238833
200.118.64.109 - - [28/May/2022:18:00:46 -0500] "POST /forms/lservlet;jsessionid=ac16012b30d6279a8b5810ae4243a5b0c7e88fb7092b.e3iSbxaKaheRe34MbxmQaheMbNz0n6jAmljGr5XDqQLvpAe HTTP/1.1" 200 2
181.59.251.151 - - [28/May/2022:18:01:45 -0500] "OPTIONS /kwssiamovil/sm/setfile/f? HTTP/1.1" 200 13
181.59.251.151 - - [28/May/2022:18:01:45 -0500] "POST /kwssiamovil/sm/setfile/f? HTTP/1.1" 200 381
216.245.221.92 - - [28/May/2022:18:01:51 -0500] "HEAD / HTTP/1.1" 200 -
181.59.251.151 - - [28/May/2022:18:02:19 -0500] "GET /kwssiamovil/sm/acme/a?s=U2FsdGVkX1+P1yR/wGi/oGRMzbLl/GYC+H5e/o7LtlYT1wMjggA24dwgVUkpEdSUYIpyz7rAKURMLf/b6yVQGZaxcXQAmn8oGl0gVMnuxQKG7IFuPuIsj+xY/M/lZijXYXI++Us/TXWIBQ456UEFflu8xFj9Ysr1hV/91dp26jITbMRdEKNuqXPzdlcNCc/KF3dGV+M1WxmBWwmWv9dQFmdvHGkNfScXu0tDlNFFRrr2tGCF6seyy0b5A0QIXduvK4sdSHJZ50Fa8RZDB5Kx9A==&u=U2FsdGVkX18dbXUC4JIQKqY+mlVZkC4QLDTJj6eUuLQ=&y=U2FsdGVkX1+U7lt46cpAzYP4eX5HeQ1FI5OLn92UJAyLrmtRChcygHmzcyaHgOip HTTP/1.1" 200 25
181.59.251.151 - - [28/May/2022:18:02:19 -0500] "GET /kwssiamovil/sm/acme/a?s=U2FsdGVkX19C4WOeQFzaDAL78GqyeAqftCjLkUjok23OwlWlrcnXUnxP3TREjVsa3g6r2DEuc7PoVDyT3QYs9UluokC89J7u3PYt+nKO7UutvAQRJSvyGnrBqcgqrlV8vbjjgw/XXN54G4q6IyoOt/3mrejWX7mzQ4Cm/92J1Fv1GDz570FUHUY3IEkMayw3mtF6cENl2waOC1lf10k0HYwFvqmuRAQGDwQGDRSUKEmVKxzZ6jHwLhygkDSB2AlQviaDcCsz9YBGmZCN/o3YLNRfDbkmQTn1EOhBHE3Lc/M1yfzaGqxIOPDXJhSgia3dOMLWWFOmh61/Hzmsa2HO35IuOWS62WqR4HcuIjD1vxHY0mStPvUlOKmF/+kEN/GUXS7q+zVXX2smYXInrjv/54pTsrWxVp3v5tHUWN5Q6V4v94zU5PIiC3MT2Bc5RhMKFmt3zLIUaJ7DdYaN7xVVghfKMaYeVLeZCrZJ5eP0vIe7ZtM2m/qlSfAH/B3U22ew4KWf+HnUtOkP3xla68qHE6rI4INxQfyEyeFLp7VlrgeSEvbcl8X+rYwh7NRW8FR/v5UMlz/0wyP3rWIYt1wNRD44XD5i2l9PxxLQIkSlx3iO5HpcnomJCEVW4PhqhjfbeEX99fs1bpswOWrxIP08DONxBhYF4vIIzvB40LLD/+D+/9UR/zxmCmGjfdc/c+8mrDuFarqLz1A3k3tojukni0JkhhmUmZwJva9nK1yOdG8lkFNbDcAois1fqLPxAJkJRHqapmpNowmdx1ht1Ptrufc72S5LYlSpgQ9IygspUBm3MFmwTX+vo8zMHl+HOW+/H2ysrTiir1eo1u9vHAcT8P9GFqoiQWFqDOBFVV9EXvANlwpSR8TR+QDMiOmgOkKNssFBStagkhtuuvSWdqrbzfAoGWLAFXCmf+UX9Zzaq8LCqrmwV2oEUKkAKqVS/8UYMjlrx7+fF/pTfQokzamWZPImmPav+yMtLd5f8qsqdEyrT4kMlyxYCUmykkYnPoVhL/9hhPPhjmZpf2JpplX2cR5te9Twf2IUR9aKVuPp3mNPQNjh/LAEE8eeI2fQeycw4b/DxUQw10CXtFgsE7HH12SUKEsoKcrfape/Kz6C2gsRFxdeZgIqJZW13LixaLVqbFftyGBW8sgXHWBYv+cGrH3iIe7QD+GgpNJZK4zMUIK04aFnfFoBhudEJFN7+jYhJdH9f/dJqfwgeHT8GhGL/VZuy0g5W3YuLIRJxWyKg0JkXYVwwPb4qvDTPGY/byqC1x6/h2WvfhN2tkx23WZkFoE4u+eYeUW7/uVtCqPh/eeQ0sI5NZZoy4wRRwoT3/0DhvNRqaPcl2YwmjkYHhRYQjuAtX349x4p8OsWUo+llDELQq3/IxKt7ulVuY4wHZTjwZq/9bPBZ3Z2zRO7qR8/Qkm9kKIAzG4l1/eDaIrbwLJp33Zf1PQOM7QqOl2/XVykxlQDxpdun4yt2leKcL2OD8pEM9lEwJUtBnbhv8ZRstpfhwANKhzSVy6pclqtrcG50EXQHkof/FXHcp3zaEul27TiItcc6odQ0359VOBlFcDiwo907Aodqg6bb1lF02gQ9at+Ro956Mi3i2Lfx1ro2bDts2B7r/nmh2MDKR0tbhQ=&u=U2FsdGVkX18dbXUC4JIQKqY+mlVZkC4QLDTJj6eUuLQ=&y=U2FsdGVkX1+U7lt46cpAzYP4eX5HeQ1FI5OLn92UJAyLrmtRChcygHmzcyaHgOip HTTP/1.1" 200 25
181.59.251.151 - - [28/May/2022:18:02:19 -0500] "GET /kwssiamovil/sm/acme/a?s=U2FsdGVkX1+GFyia/H6dw/+YMPWr2nt218COPjX6VIhUQ5ip56prL3P0HjxX/DNz8/FNX9t+DThCsYQ+EQqXBD883fy6RnZpVrKOZopSumvZWnAvVm1feSuYUQyf8kIA2hCpt8UFlIWxHeZm5mDpmJEl+BZwHW5ymqDrxtxyeQU=&u=U2FsdGVkX18dbXUC4JIQKqY+mlVZkC4QLDTJj6eUuLQ=&y=U2FsdGVkX1+U7lt46cpAzYP4eX5HeQ1FI5OLn92UJAyLrmtRChcygHmzcyaHgOip HTTP/1.1" 200 25
181.59.251.151 - - [28/May/2022:18:02:20 -0500] "GET /kwssiamovil/sm/acme/a?s=U2FsdGVkX1+heSqvngUONjRHGQHEvI05uo78ZQb0Og0Gs9XwVFulIaOr0s4Hcd8rgQrCto4H32V2BzMv03jmPFBXG/f0CpOhOeSac/W8+4VAN2ni16481XVTJTpmhEKeYs2GMfsue3ygX9BipJnqVY5FbJ/atKkVZx9fsJRLfVc=&u=U2FsdGVkX18dbXUC4JIQKqY+mlVZkC4QLDTJj6eUuLQ=&y=U2FsdGVkX1+U7lt46cpAzYP4eX5HeQ1FI5OLn92UJAyLrmtRChcygHmzcyaHgOip HTTP/1.1" 200 25
181.59.251.151 - - [28/May/2022:18:02:20 -0500] "GET /kwssiamovil/sm/acme/a?s=U2FsdGVkX19//jhTHZ71YAT2PEqcFkZmt+tt8aDC/5NERFCfGQ7+/BTJ13WydupmMs7QkGeU0XENqpiyPKleg480tf6v2Mra7h+9729F16gkOn3QKfl3f9oqQzE/vXPhpjgiX93bfrUMbVySX3mDkbDolvhabyTD50hISFSHhC8=&u=U2FsdGVkX18dbXUC4JIQKqY+mlVZkC4QLDTJj6eUuLQ=&y=U2FsdGVkX1+U7lt46cpAzYP4eX5HeQ1FI5OLn92UJAyLrmtRChcygHmzcyaHgOip HTTP/1.1" 200 25
181.59.251.151 - - [28/May/2022:18:02:20 -0500] "GET /kwssiamovil/sm/acme/a?s=U2FsdGVkX1+skr9xZDghDFK/utkzEgMqQ5ctWABKTxUfwPdL3/7tjVaEuyN2589PLIYiirS8IshzRp7h4kNrfeW3D8Bxjp75Fnp9PolZWxc95r2kXnQ5kRjdVjk1wg0cSzT+TquIKN9H/rkTQ5vc3BPuNKoiryxgvKPuF8iJTIoP69U+PAzcVU9DqN55F+RW&u=U2FsdGVkX18dbXUC4JIQKqY+mlVZkC4QLDTJj6eUuLQ=&y=U2FsdGVkX1+U7lt46cpAzYP4eX5HeQ1FI5OLn92UJAyLrmtRChcygHmzcyaHgOip HTTP/1.1" 200 25
181.59.251.151 - - [28/May/2022:18:02:20 -0500] "GET /kwssiamovil/sm/acme/a?s=U2FsdGVkX18BliiHt1o9/5qpQvNj+luZUcqpDcAOxOc1OAYW/EQ5185sWqKAYYBtp2frSa8zf2yOY1iJ4G4RPP/3rK8zr6/eDuLaFODDiAl7apigxl76Fq+z/1p+JCMLDofkLQVgQxzOZ8f3j/0qPmHvHZNKLLWM1IC4D9tVlOUq8iyPIIsKh/Yk/RJ2O/mZnVBZmuRS8AqTE4xQtz6maIYBXlM3rtopjHI6SKjrRM6FlmNnePoAgfP6+CCF9T77EBwhameGZxRy1NNc2U91sImch0z/GHyyrWcUphWURSVdG7m5OiE9z5ugcqmC4ixCdTn2wooqLgDcRABHPaOFwl+FxnRRxTtfHhxR95Lub2YAjF/Q99heV61q5WDa7HYct4yNdxf9DCazSmf6pef1QA==&u=U2FsdGVkX18dbXUC4JIQKqY+mlVZkC4QLDTJj6eUuLQ=&y=U2FsdGVkX1+U7lt46cpAzYP4eX5HeQ1FI5OLn92UJAyLrmtRChcygHmzcyaHgOip HTTP/1.1" 200 25
181.59.251.151 - - [28/May/2022:18:02:20 -0500] "GET /kwssiamovil/sm/acme/a?s=U2FsdGVkX19UCJ/FvbDmzQlye2Pfn+GbEU3JeaE/k/QKIVG+ZWAi+kcKhnBSvHUk/PRn8ljpCZKKYXhZSlY28y7THiKm7D6m1VbD4U8krGhaEbtv3C9NWFLj5HP0qfaShapViJnM4+//W36f7wmycqriNH8XLmTwd0gdZJcDgwlqWmYNez5LMDGOsZQAfvTeBE1MXKHD96n0Pgc5LqWkmAZJ8eptEo4N9DSjYN5bCdg5xmDAA7LaFdMKOBgAdgfUzSWNbyLCL05I84riEg/sQcV2VBNCB/wnA7kLKWmXIek96gRVAU9HWzcDTVenO7crV2Ms6C8QLrXZluXoYduZP0tEbwhYjEJuAREhC3l6ZGY=&u=U2FsdGVkX18dbXUC4JIQKqY+mlVZkC4QLDTJj6eUuLQ=&y=U2FsdGVkX1+U7lt46cpAzYP4eX5HeQ1FI5OLn92UJAyLrmtRChcygHmzcyaHgOip HTTP/1.1" 200 25
200.118.64.109 - - [28/May/2022:18:02:46 -0500] "POST /forms/lservlet;jsessionid=ac16012b30d6279a8b5810ae4243a5b0c7e88fb7092b.e3iSbxaKaheRe34MbxmQaheMbNz0n6jAmljGr5XDqQLvpAe HTTP/1.1" 200 2
172.22.2.4 - - [28/May/2022:18:01:18 -0500] "HEAD /BLA/boletinlegal/ HTTP/1.1" 200 -
207.46.13.179 - - [28/May/2022:18:03:02 -0500] "GET /bla/resoluciones/autos%202008/2124.pdf HTTP/1.1" 200 101050
181.56.100.217 - - [28/May/2022:18:03:22 -0500] "GET /secretaria-de-ambiente-y-sena-abren-curso-de-jardines-verticales.html HTTP/1.1" 304 -
181.54.195.170 - - [28/May/2022:18:03:30 -0500] "GET /secretaria-de-ambiente-y-sena-abren-curso-de-jardines-verticales.html HTTP/1.1" 200 734
172.22.2.4 - - [28/May/2022:18:02:09 -0500] "GET /BLA/boletinlegal/ HTTP/1.1" 200 54933
157.55.39.43 - - [28/May/2022:18:03:55 -0500] "GET /bla/resoluciones/resoluciones%202012/1098.pdf HTTP/1.1" 200 535475
186.80.186.208 - - [28/May/2022:18:04:15 -0500] "GET /BLA/resoluciones/index.php?dir= HTTP/1.1" 200 13093
186.80.186.208 - - [28/May/2022:18:04:17 -0500] "GET /BLA/resoluciones/index.php?dir=AUTOS+2015%2F HTTP/1.1" 200 576507
186.80.186.208 - - [28/May/2022:18:04:17 -0500] "GET /BLA/resoluciones/index.php?dir=AUTOS+2015%2F HTTP/1.1" 200 576507
186.80.186.208 - - [28/May/2022:18:04:20 -0500] "GET /BLA/resoluciones/index.php?dir=AUTOS+2015%2F HTTP/1.1" 200 241611
186.80.186.208 - - [28/May/2022:18:04:22 -0500] "GET /BLA/resoluciones/dlf/unknown.png HTTP/1.1" 200 266
186.80.186.208 - - [28/May/2022:18:04:20 -0500] "GET /BLA/resoluciones/index.php?dir=AUTOS+2015%2F HTTP/1.1" 200 576507
200.118.64.109 - - [28/May/2022:18:04:46 -0500] "POST /forms/lservlet;jsessionid=ac16012b30d6279a8b5810ae4243a5b0c7e88fb7092b.e3iSbxaKaheRe34MbxmQaheMbNz0n6jAmljGr5XDqQLvpAe HTTP/1.1" 200 2
172.22.2.4 - - [28/May/2022:18:05:08 -0500] "GET /BLA/boletinlegal/Circulares/2012/Circular%20No.%204%20del%2019%20de%20abril%20de%202012.pdf HTTP/1.1" 304 -
186.80.186.208 - - [28/May/2022:18:05:27 -0500] "GET /BLA/resoluciones/AUTOS%202015/0482.pdf HTTP/1.1" 200 391164
128.14.136.18 - - [28/May/2022:18:05:34 -0500] "GET / HTTP/1.1" 200 319
200.118.64.109 - - [28/May/2022:18:06:46 -0500] "POST /forms/lservlet;jsessionid=ac16012b30d6279a8b5810ae4243a5b0c7e88fb7092b.e3iSbxaKaheRe34MbxmQaheMbNz0n6jAmljGr5XDqQLvpAe HTTP/1.1" 200 2
216.245.221.92 - - [28/May/2022:18:06:52 -0500] "HEAD / HTTP/1.1" 200 -
186.80.186.208 - - [28/May/2022:18:07:04 -0500] "GET /BLA/resoluciones/index.php?dir= HTTP/1.1" 200 13093
186.80.186.208 - - [28/May/2022:18:07:10 -0500] "GET /BLA/resoluciones/index.php?dir=AUTOS+2019%2F HTTP/1.1" 200 345752
186.80.186.208 - - [28/May/2022:18:07:23 -0500] "GET /BLA/resoluciones/AUTOS%202019/1646.pdf HTTP/1.1" 200 243575
186.28.77.176 - - [28/May/2022:18:08:14 -0500] "GET /secretaria-de-ambiente-y-sena-abren-curso-de-jardines-verticales.html HTTP/1.1" 200 734
172.22.2.4 - - [28/May/2022:18:08:29 -0500] "GET /BLA/boletinlegal/jurisprudencia/analisis/G__Jurisp.%20Junio%202014_Sent%20Tutela%20Drumond.docx HTTP/1.1" 200 25380
181.53.12.137 - - [28/May/2022:18:08:31 -0500] "GET / HTTP/1.1" 200 319
181.53.12.137 - - [28/May/2022:18:08:31 -0500] "GET /favicon.ico HTTP/1.1" 200 7782
193.118.53.202 - - [28/May/2022:18:08:42 -0500] "GET / HTTP/1.1" 200 319
200.118.64.109 - - [28/May/2022:18:08:46 -0500] "POST /forms/lservlet;jsessionid=ac16012b30d6279a8b5810ae4243a5b0c7e88fb7092b.e3iSbxaKaheRe34MbxmQaheMbNz0n6jAmljGr5XDqQLvpAe HTTP/1.1" 200 2
172.22.2.4 - - [28/May/2022:18:07:08 -0500] "HEAD /BLA/boletinlegal/ HTTP/1.1" 200 -
157.55.39.8 - - [28/May/2022:18:09:12 -0500] "GET /bla/resoluciones/resoluciones%202012/0724.pdf HTTP/1.1" 200 364737
172.22.2.4 - - [28/May/2022:18:07:58 -0500] "GET /BLA/boletinlegal/ HTTP/1.1" 200 57520
200.118.64.109 - - [28/May/2022:18:10:46 -0500] "POST /forms/lservlet;jsessionid=ac16012b30d6279a8b5810ae4243a5b0c7e88fb7092b.e3iSbxaKaheRe34MbxmQaheMbNz0n6jAmljGr5XDqQLvpAe HTTP/1.1" 200 2
186.84.20.172 - - [28/May/2022:18:10:47 -0500] "GET /medida-preventiva-por-afectacion-al-humedal-de-techo.html HTTP/1.1" 200 779
216.245.221.92 - - [28/May/2022:18:11:51 -0500] "HEAD / HTTP/1.1" 200 -
200.118.64.109 - - [28/May/2022:18:12:47 -0500] "POST /forms/lservlet;jsessionid=ac16012b30d6279a8b5810ae4243a5b0c7e88fb7092b.e3iSbxaKaheRe34MbxmQaheMbNz0n6jAmljGr5XDqQLvpAe HTTP/1.1" 200 2
173.252.95.16 - - [28/May/2022:18:13:17 -0500] "GET /conoce-los-requisitos-ambientales-para-abrir-un-establecimiento-comercial-en-bogota.html HTTP/1.1" 206 796
173.252.95.8 - - [28/May/2022:18:13:17 -0500] "GET /images/facebook-live-ivc-MAYO27.png HTTP/1.1" 200 480404
173.252.95.16 - - [28/May/2022:18:13:18 -0500] "GET /conoce-los-requisitos-ambientales-para-abrir-un-establecimiento-comercial-en-bogota.html HTTP/1.1" 206 796
172.22.2.4 - - [28/May/2022:18:13:56 -0500] "GET /BLA/boletinlegal/favicon.ico HTTP/1.1" 404 1326
172.22.2.4 - - [28/May/2022:18:12:58 -0500] "HEAD /BLA/boletinlegal/ HTTP/1.1" 200 -
