200.118.64.109 - - [28/May/2022:16:27:18 -0500] "POST /forms/lservlet;jsessionid=ac16012b30d6279a8b5810ae4243a5b0c7e88fb7092b.e3iSbxaKaheRe34MbxmQaheMbNz0n6jAmljGr5XDqQLvpAe HTTP/1.1" 200 107
200.118.64.109 - - [28/May/2022:16:27:18 -0500] "POST /forms/lservlet;jsessionid=ac16012b30d6279a8b5810ae4243a5b0c7e88fb7092b.e3iSbxaKaheRe34MbxmQaheMbNz0n6jAmljGr5XDqQLvpAe HTTP/1.1" 200 2
200.118.64.109 - - [28/May/2022:16:27:18 -0500] "GET /reports/rwservlet/getjobid76662?server=repnomi HTTP/1.1" 200 47768
157.55.39.43 - - [28/May/2022:16:27:36 -0500] "GET /bla/resoluciones/resoluciones%202012/1906.pdf HTTP/1.1" 200 5258646
200.118.64.109 - - [28/May/2022:16:28:16 -0500] "POST /forms/lservlet;jsessionid=ac16012b30d6279a8b5810ae4243a5b0c7e88fb7092b.e3iSbxaKaheRe34MbxmQaheMbNz0n6jAmljGr5XDqQLvpAe HTTP/1.1" 200 2
200.118.64.109 - - [28/May/2022:16:28:16 -0500] "POST /forms/lservlet;jsessionid=ac16012b30d6279a8b5810ae4243a5b0c7e88fb7092b.e3iSbxaKaheRe34MbxmQaheMbNz0n6jAmljGr5XDqQLvpAe HTTP/1.1" 200 14
200.118.64.109 - - [28/May/2022:16:28:17 -0500] "POST /forms/lservlet;jsessionid=ac16012b30d6279a8b5810ae4243a5b0c7e88fb7092b.e3iSbxaKaheRe34MbxmQaheMbNz0n6jAmljGr5XDqQLvpAe HTTP/1.1" 200 14
200.118.64.109 - - [28/May/2022:16:28:19 -0500] "POST /forms/lservlet;jsessionid=ac16012b30d6279a8b5810ae4243a5b0c7e88fb7092b.e3iSbxaKaheRe34MbxmQaheMbNz0n6jAmljGr5XDqQLvpAe HTTP/1.1" 200 14
200.118.64.109 - - [28/May/2022:16:28:20 -0500] "POST /forms/lservlet;jsessionid=ac16012b30d6279a8b5810ae4243a5b0c7e88fb7092b.e3iSbxaKaheRe34MbxmQaheMbNz0n6jAmljGr5XDqQLvpAe HTTP/1.1" 200 14
207.46.13.179 - - [28/May/2022:16:28:22 -0500] "GET /galeria/galeria/fotos/1humedal-Burro1G.jpg HTTP/1.1" 200 132804
200.118.64.109 - - [28/May/2022:16:28:22 -0500] "POST /forms/lservlet;jsessionid=ac16012b30d6279a8b5810ae4243a5b0c7e88fb7092b.e3iSbxaKaheRe34MbxmQaheMbNz0n6jAmljGr5XDqQLvpAe HTTP/1.1" 200 15
200.118.64.109 - - [28/May/2022:16:28:25 -0500] "POST /forms/lservlet;jsessionid=ac16012b30d6279a8b5810ae4243a5b0c7e88fb7092b.e3iSbxaKaheRe34MbxmQaheMbNz0n6jAmljGr5XDqQLvpAe HTTP/1.1" 200 15
200.118.64.109 - - [28/May/2022:16:28:29 -0500] "POST /forms/lservlet;jsessionid=ac16012b30d6279a8b5810ae4243a5b0c7e88fb7092b.e3iSbxaKaheRe34MbxmQaheMbNz0n6jAmljGr5XDqQLvpAe HTTP/1.1" 200 107
200.118.64.109 - - [28/May/2022:16:28:29 -0500] "POST /forms/lservlet;jsessionid=ac16012b30d6279a8b5810ae4243a5b0c7e88fb7092b.e3iSbxaKaheRe34MbxmQaheMbNz0n6jAmljGr5XDqQLvpAe HTTP/1.1" 200 2
200.118.64.109 - - [28/May/2022:16:28:32 -0500] "POST /forms/lservlet;jsessionid=ac16012b30d6279a8b5810ae4243a5b0c7e88fb7092b.e3iSbxaKaheRe34MbxmQaheMbNz0n6jAmljGr5XDqQLvpAe HTTP/1.1" 200 2
200.118.64.109 - - [28/May/2022:16:28:29 -0500] "GET /reports/rwservlet/getjobid76663?server=repnomi HTTP/1.1" 200 3003335
200.118.64.109 - - [28/May/2022:16:29:32 -0500] "POST /forms/lservlet;jsessionid=ac16012b30d6279a8b5810ae4243a5b0c7e88fb7092b.e3iSbxaKaheRe34MbxmQaheMbNz0n6jAmljGr5XDqQLvpAe HTTP/1.1" 200 2
200.118.64.109 - - [28/May/2022:16:29:32 -0500] "POST /forms/lservlet;jsessionid=ac16012b30d6279a8b5810ae4243a5b0c7e88fb7092b.e3iSbxaKaheRe34MbxmQaheMbNz0n6jAmljGr5XDqQLvpAe HTTP/1.1" 200 14
200.118.64.109 - - [28/May/2022:16:29:33 -0500] "POST /forms/lservlet;jsessionid=ac16012b30d6279a8b5810ae4243a5b0c7e88fb7092b.e3iSbxaKaheRe34MbxmQaheMbNz0n6jAmljGr5XDqQLvpAe HTTP/1.1" 200 107
200.118.64.109 - - [28/May/2022:16:29:34 -0500] "POST /forms/lservlet;jsessionid=ac16012b30d6279a8b5810ae4243a5b0c7e88fb7092b.e3iSbxaKaheRe34MbxmQaheMbNz0n6jAmljGr5XDqQLvpAe HTTP/1.1" 200 2
200.118.64.109 - - [28/May/2022:16:29:34 -0500] "GET /reports/rwservlet/getjobid76664?server=repnomi HTTP/1.1" 200 60692
172.22.2.4 - - [28/May/2022:16:27:58 -0500] "HEAD /BLA/boletinlegal/ HTTP/1.1" 200 -
172.22.2.4 - - [28/May/2022:16:28:49 -0500] "GET /BLA/boletinlegal/ HTTP/1.1" 200 60973
200.118.64.109 - - [28/May/2022:16:30:29 -0500] "POST /forms/lservlet;jsessionid=ac16012b30d6279a8b5810ae4243a5b0c7e88fb7092b.e3iSbxaKaheRe34MbxmQaheMbNz0n6jAmljGr5XDqQLvpAe HTTP/1.1" 200 2
200.118.64.109 - - [28/May/2022:16:30:29 -0500] "POST /forms/lservlet;jsessionid=ac16012b30d6279a8b5810ae4243a5b0c7e88fb7092b.e3iSbxaKaheRe34MbxmQaheMbNz0n6jAmljGr5XDqQLvpAe HTTP/1.1" 200 2372
200.118.64.109 - - [28/May/2022:16:30:29 -0500] "GET /imagenes/Srch_frw.gif HTTP/1.1" 200 925
200.118.64.109 - - [28/May/2022:16:30:29 -0500] "POST /forms/lservlet;jsessionid=ac16012b30d6279a8b5810ae4243a5b0c7e88fb7092b.e3iSbxaKaheRe34MbxmQaheMbNz0n6jAmljGr5XDqQLvpAe HTTP/1.1" 200 10
200.118.64.109 - - [28/May/2022:16:30:31 -0500] "POST /forms/lservlet;jsessionid=ac16012b30d6279a8b5810ae4243a5b0c7e88fb7092b.e3iSbxaKaheRe34MbxmQaheMbNz0n6jAmljGr5XDqQLvpAe HTTP/1.1" 200 24
200.118.64.109 - - [28/May/2022:16:30:32 -0500] "POST /forms/lservlet;jsessionid=ac16012b30d6279a8b5810ae4243a5b0c7e88fb7092b.e3iSbxaKaheRe34MbxmQaheMbNz0n6jAmljGr5XDqQLvpAe HTTP/1.1" 200 238
200.118.64.109 - - [28/May/2022:16:30:32 -0500] "POST /forms/lservlet;jsessionid=ac16012b30d6279a8b5810ae4243a5b0c7e88fb7092b.e3iSbxaKaheRe34MbxmQaheMbNz0n6jAmljGr5XDqQLvpAe HTTP/1.1" 200 11
200.118.64.109 - - [28/May/2022:16:30:32 -0500] "POST /forms/lservlet;jsessionid=ac16012b30d6279a8b5810ae4243a5b0c7e88fb7092b.e3iSbxaKaheRe34MbxmQaheMbNz0n6jAmljGr5XDqQLvpAe HTTP/1.1" 200 2
200.118.64.109 - - [28/May/2022:16:30:36 -0500] "POST /forms/lservlet;jsessionid=ac16012b30d6279a8b5810ae4243a5b0c7e88fb7092b.e3iSbxaKaheRe34MbxmQaheMbNz0n6jAmljGr5XDqQLvpAe HTTP/1.1" 200 24
200.118.64.109 - - [28/May/2022:16:30:36 -0500] "POST /forms/lservlet;jsessionid=ac16012b30d6279a8b5810ae4243a5b0c7e88fb7092b.e3iSbxaKaheRe34MbxmQaheMbNz0n6jAmljGr5XDqQLvpAe HTTP/1.1" 200 14
200.118.64.109 - - [28/May/2022:16:30:37 -0500] "POST /forms/lservlet;jsessionid=ac16012b30d6279a8b5810ae4243a5b0c7e88fb7092b.e3iSbxaKaheRe34MbxmQaheMbNz0n6jAmljGr5XDqQLvpAe HTTP/1.1" 200 4046
200.118.64.109 - - [28/May/2022:16:30:38 -0500] "POST /forms/lservlet;jsessionid=ac16012b30d6279a8b5810ae4243a5b0c7e88fb7092b.e3iSbxaKaheRe34MbxmQaheMbNz0n6jAmljGr5XDqQLvpAe HTTP/1.1" 200 2
200.118.64.109 - - [28/May/2022:16:31:01 -0500] "POST /forms/lservlet;jsessionid=ac16012b30d6279a8b5810ae4243a5b0c7e88fb7092b.e3iSbxaKaheRe34MbxmQaheMbNz0n6jAmljGr5XDqQLvpAe HTTP/1.1" 200 2
200.118.64.109 - - [28/May/2022:16:31:01 -0500] "POST /forms/lservlet;jsessionid=ac16012b30d6279a8b5810ae4243a5b0c7e88fb7092b.e3iSbxaKaheRe34MbxmQaheMbNz0n6jAmljGr5XDqQLvpAe HTTP/1.1" 200 14
200.118.64.109 - - [28/May/2022:16:31:02 -0500] "POST /forms/lservlet;jsessionid=ac16012b30d6279a8b5810ae4243a5b0c7e88fb7092b.e3iSbxaKaheRe34MbxmQaheMbNz0n6jAmljGr5XDqQLvpAe HTTP/1.1" 200 14
200.118.64.109 - - [28/May/2022:16:31:03 -0500] "POST /forms/lservlet;jsessionid=ac16012b30d6279a8b5810ae4243a5b0c7e88fb7092b.e3iSbxaKaheRe34MbxmQaheMbNz0n6jAmljGr5XDqQLvpAe HTTP/1.1" 200 14
200.118.64.109 - - [28/May/2022:16:31:05 -0500] "POST /forms/lservlet;jsessionid=ac16012b30d6279a8b5810ae4243a5b0c7e88fb7092b.e3iSbxaKaheRe34MbxmQaheMbNz0n6jAmljGr5XDqQLvpAe HTTP/1.1" 200 14
200.118.64.109 - - [28/May/2022:16:31:06 -0500] "POST /forms/lservlet;jsessionid=ac16012b30d6279a8b5810ae4243a5b0c7e88fb7092b.e3iSbxaKaheRe34MbxmQaheMbNz0n6jAmljGr5XDqQLvpAe HTTP/1.1" 200 15
200.118.64.109 - - [28/May/2022:16:31:09 -0500] "POST /forms/lservlet;jsessionid=ac16012b30d6279a8b5810ae4243a5b0c7e88fb7092b.e3iSbxaKaheRe34MbxmQaheMbNz0n6jAmljGr5XDqQLvpAe HTTP/1.1" 200 106
200.118.64.109 - - [28/May/2022:16:31:09 -0500] "POST /forms/lservlet;jsessionid=ac16012b30d6279a8b5810ae4243a5b0c7e88fb7092b.e3iSbxaKaheRe34MbxmQaheMbNz0n6jAmljGr5XDqQLvpAe HTTP/1.1" 200 2
200.118.64.109 - - [28/May/2022:16:31:09 -0500] "GET /reports/rwservlet/getjobid76665?server=repnomi HTTP/1.1" 200 47954
216.245.221.92 - - [28/May/2022:16:31:52 -0500] "HEAD / HTTP/1.1" 200 -
199.16.157.182 - - [28/May/2022:16:32:01 -0500] "-" 408 -
201.245.192.253 - - [28/May/2022:16:31:39 -0500] "POST /kwsrmcab/Wsrmcab HTTP/1.1" 200 47404
200.118.64.109 - - [28/May/2022:16:32:32 -0500] "POST /forms/lservlet;jsessionid=ac16012b30d6279a8b5810ae4243a5b0c7e88fb7092b.e3iSbxaKaheRe34MbxmQaheMbNz0n6jAmljGr5XDqQLvpAe HTTP/1.1" 200 2
207.46.13.146 - - [28/May/2022:16:32:33 -0500] "GET /bla/resoluciones/resoluciones%202012/0807.pdf HTTP/1.1" 200 571558
200.118.64.109 - - [28/May/2022:16:32:39 -0500] "POST /forms/lservlet;jsessionid=ac16012b30d6279a8b5810ae4243a5b0c7e88fb7092b.e3iSbxaKaheRe34MbxmQaheMbNz0n6jAmljGr5XDqQLvpAe HTTP/1.1" 200 2
200.118.64.109 - - [28/May/2022:16:32:39 -0500] "POST /forms/lservlet;jsessionid=ac16012b30d6279a8b5810ae4243a5b0c7e88fb7092b.e3iSbxaKaheRe34MbxmQaheMbNz0n6jAmljGr5XDqQLvpAe HTTP/1.1" 200 14
200.118.64.109 - - [28/May/2022:16:32:40 -0500] "POST /forms/lservlet;jsessionid=ac16012b30d6279a8b5810ae4243a5b0c7e88fb7092b.e3iSbxaKaheRe34MbxmQaheMbNz0n6jAmljGr5XDqQLvpAe HTTP/1.1" 200 14
200.118.64.109 - - [28/May/2022:16:32:42 -0500] "POST /forms/lservlet;jsessionid=ac16012b30d6279a8b5810ae4243a5b0c7e88fb7092b.e3iSbxaKaheRe34MbxmQaheMbNz0n6jAmljGr5XDqQLvpAe HTTP/1.1" 200 110
200.118.64.109 - - [28/May/2022:16:32:42 -0500] "POST /forms/lservlet;jsessionid=ac16012b30d6279a8b5810ae4243a5b0c7e88fb7092b.e3iSbxaKaheRe34MbxmQaheMbNz0n6jAmljGr5XDqQLvpAe HTTP/1.1" 200 2
200.118.64.109 - - [28/May/2022:16:32:42 -0500] "GET /reports/rwservlet/getjobid76666?server=repnomi HTTP/1.1" 200 47773
201.245.192.253 - - [28/May/2022:16:32:28 -0500] "POST /kwsrmcab/Wsrmcab HTTP/1.1" 200 47260
200.118.64.109 - - [28/May/2022:16:33:33 -0500] "POST /forms/lservlet;jsessionid=ac16012b30d6279a8b5810ae4243a5b0c7e88fb7092b.e3iSbxaKaheRe34MbxmQaheMbNz0n6jAmljGr5XDqQLvpAe HTTP/1.1" 200 2
200.118.64.109 - - [28/May/2022:16:33:33 -0500] "POST /forms/lservlet;jsessionid=ac16012b30d6279a8b5810ae4243a5b0c7e88fb7092b.e3iSbxaKaheRe34MbxmQaheMbNz0n6jAmljGr5XDqQLvpAe HTTP/1.1" 200 14
200.118.64.109 - - [28/May/2022:16:33:34 -0500] "POST /forms/lservlet;jsessionid=ac16012b30d6279a8b5810ae4243a5b0c7e88fb7092b.e3iSbxaKaheRe34MbxmQaheMbNz0n6jAmljGr5XDqQLvpAe HTTP/1.1" 200 14
200.118.64.109 - - [28/May/2022:16:33:36 -0500] "POST /forms/lservlet;jsessionid=ac16012b30d6279a8b5810ae4243a5b0c7e88fb7092b.e3iSbxaKaheRe34MbxmQaheMbNz0n6jAmljGr5XDqQLvpAe HTTP/1.1" 200 14
200.118.64.109 - - [28/May/2022:16:33:37 -0500] "POST /forms/lservlet;jsessionid=ac16012b30d6279a8b5810ae4243a5b0c7e88fb7092b.e3iSbxaKaheRe34MbxmQaheMbNz0n6jAmljGr5XDqQLvpAe HTTP/1.1" 200 14
200.118.64.109 - - [28/May/2022:16:33:39 -0500] "POST /forms/lservlet;jsessionid=ac16012b30d6279a8b5810ae4243a5b0c7e88fb7092b.e3iSbxaKaheRe34MbxmQaheMbNz0n6jAmljGr5XDqQLvpAe HTTP/1.1" 200 15
200.118.64.109 - - [28/May/2022:16:33:42 -0500] "POST /forms/lservlet;jsessionid=ac16012b30d6279a8b5810ae4243a5b0c7e88fb7092b.e3iSbxaKaheRe34MbxmQaheMbNz0n6jAmljGr5XDqQLvpAe HTTP/1.1" 200 15
200.118.64.109 - - [28/May/2022:16:33:46 -0500] "POST /forms/lservlet;jsessionid=ac16012b30d6279a8b5810ae4243a5b0c7e88fb7092b.e3iSbxaKaheRe34MbxmQaheMbNz0n6jAmljGr5XDqQLvpAe HTTP/1.1" 200 15
200.118.64.109 - - [28/May/2022:16:33:53 -0500] "POST /forms/lservlet;jsessionid=ac16012b30d6279a8b5810ae4243a5b0c7e88fb7092b.e3iSbxaKaheRe34MbxmQaheMbNz0n6jAmljGr5XDqQLvpAe HTTP/1.1" 200 107
200.118.64.109 - - [28/May/2022:16:33:53 -0500] "POST /forms/lservlet;jsessionid=ac16012b30d6279a8b5810ae4243a5b0c7e88fb7092b.e3iSbxaKaheRe34MbxmQaheMbNz0n6jAmljGr5XDqQLvpAe HTTP/1.1" 200 2
200.118.64.109 - - [28/May/2022:16:33:54 -0500] "GET /reports/rwservlet/getjobid76667?server=repnomi HTTP/1.1" 200 5290009
200.118.64.109 - - [28/May/2022:16:34:39 -0500] "POST /forms/lservlet;jsessionid=ac16012b30d6279a8b5810ae4243a5b0c7e88fb7092b.e3iSbxaKaheRe34MbxmQaheMbNz0n6jAmljGr5XDqQLvpAe HTTP/1.1" 200 2
200.118.64.109 - - [28/May/2022:16:35:11 -0500] "POST /forms/lservlet;jsessionid=ac16012b30d6279a8b5810ae4243a5b0c7e88fb7092b.e3iSbxaKaheRe34MbxmQaheMbNz0n6jAmljGr5XDqQLvpAe HTTP/1.1" 200 2
200.118.64.109 - - [28/May/2022:16:35:11 -0500] "POST /forms/lservlet;jsessionid=ac16012b30d6279a8b5810ae4243a5b0c7e88fb7092b.e3iSbxaKaheRe34MbxmQaheMbNz0n6jAmljGr5XDqQLvpAe HTTP/1.1" 200 14
200.118.64.109 - - [28/May/2022:16:35:12 -0500] "POST /forms/lservlet;jsessionid=ac16012b30d6279a8b5810ae4243a5b0c7e88fb7092b.e3iSbxaKaheRe34MbxmQaheMbNz0n6jAmljGr5XDqQLvpAe HTTP/1.1" 200 107
200.118.64.109 - - [28/May/2022:16:35:13 -0500] "GET /reports/rwservlet/getjobid76668?server=repnomi HTTP/1.1" 200 66417
200.118.64.109 - - [28/May/2022:16:35:13 -0500] "POST /forms/lservlet;jsessionid=ac16012b30d6279a8b5810ae4243a5b0c7e88fb7092b.e3iSbxaKaheRe34MbxmQaheMbNz0n6jAmljGr5XDqQLvpAe HTTP/1.1" 200 2
172.22.2.4 - - [28/May/2022:16:33:48 -0500] "HEAD /BLA/boletinlegal/ HTTP/1.1" 200 -
172.22.2.4 - - [28/May/2022:16:34:39 -0500] "GET /BLA/boletinlegal/ HTTP/1.1" 200 53831
200.118.64.109 - - [28/May/2022:16:36:39 -0500] "POST /forms/lservlet;jsessionid=ac16012b30d6279a8b5810ae4243a5b0c7e88fb7092b.e3iSbxaKaheRe34MbxmQaheMbNz0n6jAmljGr5XDqQLvpAe HTTP/1.1" 200 2
200.118.64.109 - - [28/May/2022:16:36:47 -0500] "POST /forms/lservlet;jsessionid=ac16012b30d6279a8b5810ae4243a5b0c7e88fb7092b.e3iSbxaKaheRe34MbxmQaheMbNz0n6jAmljGr5XDqQLvpAe HTTP/1.1" 200 2
200.118.64.109 - - [28/May/2022:16:36:47 -0500] "POST /forms/lservlet;jsessionid=ac16012b30d6279a8b5810ae4243a5b0c7e88fb7092b.e3iSbxaKaheRe34MbxmQaheMbNz0n6jAmljGr5XDqQLvpAe HTTP/1.1" 200 2377
200.118.64.109 - - [28/May/2022:16:36:47 -0500] "GET /imagenes/Srch_frw.gif HTTP/1.1" 200 925
200.118.64.109 - - [28/May/2022:16:36:47 -0500] "POST /forms/lservlet;jsessionid=ac16012b30d6279a8b5810ae4243a5b0c7e88fb7092b.e3iSbxaKaheRe34MbxmQaheMbNz0n6jAmljGr5XDqQLvpAe HTTP/1.1" 200 10
200.118.64.109 - - [28/May/2022:16:36:49 -0500] "POST /forms/lservlet;jsessionid=ac16012b30d6279a8b5810ae4243a5b0c7e88fb7092b.e3iSbxaKaheRe34MbxmQaheMbNz0n6jAmljGr5XDqQLvpAe HTTP/1.1" 200 24
200.118.64.109 - - [28/May/2022:16:36:49 -0500] "POST /forms/lservlet;jsessionid=ac16012b30d6279a8b5810ae4243a5b0c7e88fb7092b.e3iSbxaKaheRe34MbxmQaheMbNz0n6jAmljGr5XDqQLvpAe HTTP/1.1" 200 14
200.118.64.109 - - [28/May/2022:16:36:51 -0500] "POST /forms/lservlet;jsessionid=ac16012b30d6279a8b5810ae4243a5b0c7e88fb7092b.e3iSbxaKaheRe34MbxmQaheMbNz0n6jAmljGr5XDqQLvpAe HTTP/1.1" 200 5103
200.118.64.109 - - [28/May/2022:16:36:52 -0500] "POST /forms/lservlet;jsessionid=ac16012b30d6279a8b5810ae4243a5b0c7e88fb7092b.e3iSbxaKaheRe34MbxmQaheMbNz0n6jAmljGr5XDqQLvpAe HTTP/1.1" 200 2
216.245.221.92 - - [28/May/2022:16:36:52 -0500] "HEAD / HTTP/1.1" 200 -
172.22.2.4 - - [28/May/2022:16:35:17 -0500] "GET /BLA/boletinlegal/ HTTP/1.1" 200 55576
200.118.64.109 - - [28/May/2022:16:37:05 -0500] "POST /forms/lservlet;jsessionid=ac16012b30d6279a8b5810ae4243a5b0c7e88fb7092b.e3iSbxaKaheRe34MbxmQaheMbNz0n6jAmljGr5XDqQLvpAe HTTP/1.1" 200 2
200.118.64.109 - - [28/May/2022:16:37:06 -0500] "POST /forms/lservlet;jsessionid=ac16012b30d6279a8b5810ae4243a5b0c7e88fb7092b.e3iSbxaKaheRe34MbxmQaheMbNz0n6jAmljGr5XDqQLvpAe HTTP/1.1" 200 14
200.118.64.109 - - [28/May/2022:16:37:07 -0500] "POST /forms/lservlet;jsessionid=ac16012b30d6279a8b5810ae4243a5b0c7e88fb7092b.e3iSbxaKaheRe34MbxmQaheMbNz0n6jAmljGr5XDqQLvpAe HTTP/1.1" 200 14
200.118.64.109 - - [28/May/2022:16:37:08 -0500] "POST /forms/lservlet;jsessionid=ac16012b30d6279a8b5810ae4243a5b0c7e88fb7092b.e3iSbxaKaheRe34MbxmQaheMbNz0n6jAmljGr5XDqQLvpAe HTTP/1.1" 200 14
200.118.64.109 - - [28/May/2022:16:37:10 -0500] "POST /forms/lservlet;jsessionid=ac16012b30d6279a8b5810ae4243a5b0c7e88fb7092b.e3iSbxaKaheRe34MbxmQaheMbNz0n6jAmljGr5XDqQLvpAe HTTP/1.1" 200 14
200.118.64.109 - - [28/May/2022:16:37:12 -0500] "POST /forms/lservlet;jsessionid=ac16012b30d6279a8b5810ae4243a5b0c7e88fb7092b.e3iSbxaKaheRe34MbxmQaheMbNz0n6jAmljGr5XDqQLvpAe HTTP/1.1" 200 106
200.118.64.109 - - [28/May/2022:16:37:13 -0500] "POST /forms/lservlet;jsessionid=ac16012b30d6279a8b5810ae4243a5b0c7e88fb7092b.e3iSbxaKaheRe34MbxmQaheMbNz0n6jAmljGr5XDqQLvpAe HTTP/1.1" 200 2
200.118.64.109 - - [28/May/2022:16:37:13 -0500] "GET /reports/rwservlet/getjobid76669?server=repnomi HTTP/1.1" 200 48287
40.77.167.79 - - [28/May/2022:16:38:28 -0500] "GET /BLA/resoluciones/RESOLUCIONES%202016/0654.pdf HTTP/1.1" 304 -
200.118.64.109 - - [28/May/2022:16:38:35 -0500] "POST /forms/lservlet;jsessionid=ac16012b30d6279a8b5810ae4243a5b0c7e88fb7092b.e3iSbxaKaheRe34MbxmQaheMbNz0n6jAmljGr5XDqQLvpAe HTTP/1.1" 200 2
200.118.64.109 - - [28/May/2022:16:38:35 -0500] "POST /forms/lservlet;jsessionid=ac16012b30d6279a8b5810ae4243a5b0c7e88fb7092b.e3iSbxaKaheRe34MbxmQaheMbNz0n6jAmljGr5XDqQLvpAe HTTP/1.1" 200 14
200.118.64.109 - - [28/May/2022:16:38:36 -0500] "POST /forms/lservlet;jsessionid=ac16012b30d6279a8b5810ae4243a5b0c7e88fb7092b.e3iSbxaKaheRe34MbxmQaheMbNz0n6jAmljGr5XDqQLvpAe HTTP/1.1" 200 14
200.118.64.109 - - [28/May/2022:16:38:37 -0500] "POST /forms/lservlet;jsessionid=ac16012b30d6279a8b5810ae4243a5b0c7e88fb7092b.e3iSbxaKaheRe34MbxmQaheMbNz0n6jAmljGr5XDqQLvpAe HTTP/1.1" 200 110
200.118.64.109 - - [28/May/2022:16:38:38 -0500] "POST /forms/lservlet;jsessionid=ac16012b30d6279a8b5810ae4243a5b0c7e88fb7092b.e3iSbxaKaheRe34MbxmQaheMbNz0n6jAmljGr5XDqQLvpAe HTTP/1.1" 200 2
200.118.64.109 - - [28/May/2022:16:38:38 -0500] "GET /reports/rwservlet/getjobid76670?server=repnomi HTTP/1.1" 200 47753
200.118.64.109 - - [28/May/2022:16:38:40 -0500] "POST /forms/lservlet;jsessionid=ac16012b30d6279a8b5810ae4243a5b0c7e88fb7092b.e3iSbxaKaheRe34MbxmQaheMbNz0n6jAmljGr5XDqQLvpAe HTTP/1.1" 200 2
181.59.251.151 - - [28/May/2022:16:38:44 -0500] "GET /kwssiamovil/sm/acme/a?s=U2FsdGVkX1/IwdhBr9tgcA/JE/Ov4VGKT3Tw/CLXscYIYw9QEGTYpr8qf8poJxcQ1kN6pjOCDcTo/VMOsyaqMVByuHzE9j/1TQhNnEyg62vNcBnL3I6NhUY7WSo0OYd+FrplxIXFvs3O5eyunaQCKkEXGBEDiMRMWCQsv5/DYC0sTFy9tTVfgAY+auOApFkG0bLBjY2cvONh5aN91Y7w6sxZwO6GHhE/rROmyOMrsj4Lx+cnquwEgoRko7YST+r8VZStteIAoezOoUFd3UoS8w==&u=U2FsdGVkX18dbXUC4JIQKqY+mlVZkC4QLDTJj6eUuLQ=&y=U2FsdGVkX1+U7lt46cpAzYP4eX5HeQ1FI5OLn92UJAyLrmtRChcygHmzcyaHgOip HTTP/1.1" 200 25
181.59.251.151 - - [28/May/2022:16:38:45 -0500] "GET /kwssiamovil/sm/acme/a?s=U2FsdGVkX1+iAzUcIWxcJAO0HBV05Jk5zmRlDTRrasriEpjuN/7CECqYRjgTjiqI842SgkW8selZqZmgJvr4KWvjxVO9mkXzBuYC5A2/SxLHvsobNruHyeLW5wi6Gb2Nkq2q0+lKp+tAALq6mk2gcG0VJwae2XlsQzXCkXeO6TeqQcANxPkJR9o1S1Oj7JCdmYhI5FCXjRlTpfRe2pGtFJfgsedzsoqMTDOD0uguirEGvTicqXV5vBCpaWwrVnfNJv4QPW2RFz7NfdanjLhNzNrnR4VQmabND6tgHileuv+0tYxQfNRFGo9dgdslrggB1apX59nzwR2g3Y30vT43ox4YhhKrTtrE5DKADpmQf6YxO+TbTaE1F04peej1PCk8B0xQoy7TiVxYGorK7kjjr17QNwyAJ6lI0yINczwE9iJ1CUPqxsw/fh+B8hKf0Y5NpaqceIgyf0ccOQYCf8sPY6mbeXKc0yxPrQoQ04YFNxqxCLkiLCI5Sq7OdXUmswfW2evJ1+WCNLVPFa5IEfSRmD2fWD6xQsMzXVkB/iyC1wyHxFwfJ6/21t78EepYzaZmOzJ8wBdXssShpDd9Df3OGRqE7s/RoVdoh8KtErinVHyxTB6ekAz2/dOp2AfyXb4vpi1wOv8ju4jolgjKxpPbloN1B3F3IAjJ52OlkOUjJL5KCfrY9MU4tLBu1Nuea1VrQJ/iKnMTh8v3XdlB2IgeaYq8t6eQDZWOohqI72m7bcWK9PfxLySy59fB6dLJlVQRBPB1RQgmVDPnsB9P1woXqvOgyCQCH3mLRdEOYehwJsCOIfSNvjdv3UZJ4MA5qwRxMj4NA7LsSpXYHfqAXUPLL5EBB0qh5OkxBFmlOXBZzTkSweSOk+LDK9uqkJZr3Fz7BVelM8f55iWDnV6r9qAtyY5JPps7mGKPNxg9pq2uFiNJgjOf0kLSudGwjvpHzJeoeELGAEMPI/m/J3zN+Eu8bHhuHGHoaN8iSaOXkqMed7XfPehsPDa2g+EA3r9SVcIUgZG37sBRhPiGMZR006YfN6Qv3D0JSB9jwpb7FR+ESAsFmGL6ijDTloI5ae6oJJK96IZmIW93aWF6VREfrAw+FrxbtbHvsIKYuFIfpzVBkKmeNrMx2bS9hLXKsnovtRsHLxk4AQ9BcAV7buv/GowvUcuKXiH72ct5U6Lq1iWDx7pAdWfsGvpwDCwEM5ZkTyZKNei+WAvkazhkDbWmlvV0szBrAa+o4ncTNnwIihELGd+/Y5ku37Aq9W9x8fOmZfI88uFYy6pN4cya6R0s6g9aFeAIbn50giElFUOpjNHJX3/sgdriAvWvXi007cQEzMHxNkVIZMZ8P5rb/PB8iHP63D/tlNdRc2FUEqOFsvkVAj6LSObi2DbId7WAOR+UUkbLQ1dwibWYlE00hbAXO+Y9snwXgNyAz73D/iATuDKF9g9eOUmarR9jjQCqIf9wfmzZpdxghVt/FngUqUzEMhCdDzDQysGaiFQhnFhXJ5Ef4veOt1nLeAms4ZyEQq5jy3DAfM+8EhisVYYgNVjeF+WICL0yk3gu1Z0Nrakbg5gav9R7PIWjJQny+PBu6f0R2AkGvXLrEQdzuGk1VmEVsu/RIqxIjJWDq//Z+iy++68QJqY7fEejSdSul5ef1FsFIqlHZOk521StvwH+S+N4eZk5MN6ueZCu8yxoJ5rMSyLgj9Et8Y1WON9FW4bosQ7LKSGhMdhQ4ZO/pDtyeYLr3F/mqWvDjt+VY5iqdwJkdB9VyfWm5qGLBNPcoxT+Yy73PccQckISjnd11e6G9jxNEOGtvDFtnYZrq6uNuQMR1Cp7Lp3pz21OdFVjKL7sScm5uyai&u=U2FsdGVkX18dbXUC4JIQKqY+mlVZkC4QLDTJj6eUuLQ=&y=U2FsdGVkX1+U7lt46cpAzYP4eX5HeQ1FI5OLn92UJAyLrmtRChcygHmzcyaHgOip HTTP/1.1" 200 25
181.59.251.151 - - [28/May/2022:16:38:45 -0500] "GET /kwssiamovil/sm/acme/a?s=U2FsdGVkX1/baaVPfr19MwDg5D98mfLWhrzB6mT5DsfKlJ3KOhAMQ5G83sHzrLlXuBPUCEvAFvu78MuZQHpOew5T2lF5aF7sdZboBZYy4Bg2Ou60ppRJc0TFHyNOycPIUotpoalZfFva+g5mkych7O+nJMQnS3aMiGntyft7png=&u=U2FsdGVkX18dbXUC4JIQKqY+mlVZkC4QLDTJj6eUuLQ=&y=U2FsdGVkX1+U7lt46cpAzYP4eX5HeQ1FI5OLn92UJAyLrmtRChcygHmzcyaHgOip HTTP/1.1" 200 25
181.59.251.151 - - [28/May/2022:16:38:45 -0500] "GET /kwssiamovil/sm/acme/a?s=U2FsdGVkX1+5cE7ytpeocpY2idfBCJWS1zqWX7JJdOE/h/c47ckXWmfHwLyco2ePa0rCKB5a20u+ZIZlHvSszFe+gQOmEqDp37SfxPVUxAQfe+fdMeMXX19Phjefk1OgphJwvIZqcUvxPhnp38FIBhJRTw0kYNIfMTMHCJQZXeM=&u=U2FsdGVkX18dbXUC4JIQKqY+mlVZkC4QLDTJj6eUuLQ=&y=U2FsdGVkX1+U7lt46cpAzYP4eX5HeQ1FI5OLn92UJAyLrmtRChcygHmzcyaHgOip HTTP/1.1" 200 25
181.59.251.151 - - [28/May/2022:16:38:45 -0500] "GET /kwssiamovil/sm/acme/a?s=U2FsdGVkX1+Lwz7baP4ZoBC0r7N/VWAbnAgTc9rWsc6fY5Ux+yERueESeHSwD0xIvfRKLMv4x7tSvIM2cV7cBOOm32tEjibIUeyrsmG0gQP5gC8pljhwe57s38M3HNO7P31faQBLquKf97qVBSuopEmRX10GXeI8Bm9xLAwEOUw=&u=U2FsdGVkX18dbXUC4JIQKqY+mlVZkC4QLDTJj6eUuLQ=&y=U2FsdGVkX1+U7lt46cpAzYP4eX5HeQ1FI5OLn92UJAyLrmtRChcygHmzcyaHgOip HTTP/1.1" 200 25
181.59.251.151 - - [28/May/2022:16:38:46 -0500] "GET /kwssiamovil/sm/acme/a?s=U2FsdGVkX1+hyvJwgV74KnaXayGCaq9++sprS7JsYN9eXNgFhooo58MrtvfSS920kN4A+UyZ2LzEqjIucRop3B2lqiOy8/84NU5VNR1c7EksJoWvtvvfEV9LWyYCnKbSaPF8OF71TW3aQN+lfyXwHp1ocSooN/KQE0rAZKn3pCwJlXoaQW2f/hB4G3fjQ5CS&u=U2FsdGVkX18dbXUC4JIQKqY+mlVZkC4QLDTJj6eUuLQ=&y=U2FsdGVkX1+U7lt46cpAzYP4eX5HeQ1FI5OLn92UJAyLrmtRChcygHmzcyaHgOip HTTP/1.1" 200 25
172.22.2.4 - - [28/May/2022:16:39:04 -0500] "GET /BLA/boletinlegal/Circulares/2019/.pdf HTTP/1.1" 404 1218
172.22.2.4 - - [28/May/2022:16:39:13 -0500] "GET /BLA/boletinlegal/Circulares/2012/Circular%20No.%2010%20del%2026%20de%20Enero%20de%202012.pdf HTTP/1.1" 404 1218
200.118.64.109 - - [28/May/2022:16:39:27 -0500] "POST /forms/lservlet;jsessionid=ac16012b30d6279a8b5810ae4243a5b0c7e88fb7092b.e3iSbxaKaheRe34MbxmQaheMbNz0n6jAmljGr5XDqQLvpAe HTTP/1.1" 200 2
200.118.64.109 - - [28/May/2022:16:39:27 -0500] "POST /forms/lservlet;jsessionid=ac16012b30d6279a8b5810ae4243a5b0c7e88fb7092b.e3iSbxaKaheRe34MbxmQaheMbNz0n6jAmljGr5XDqQLvpAe HTTP/1.1" 200 14
200.118.64.109 - - [28/May/2022:16:39:28 -0500] "POST /forms/lservlet;jsessionid=ac16012b30d6279a8b5810ae4243a5b0c7e88fb7092b.e3iSbxaKaheRe34MbxmQaheMbNz0n6jAmljGr5XDqQLvpAe HTTP/1.1" 200 14
200.118.64.109 - - [28/May/2022:16:39:29 -0500] "POST /forms/lservlet;jsessionid=ac16012b30d6279a8b5810ae4243a5b0c7e88fb7092b.e3iSbxaKaheRe34MbxmQaheMbNz0n6jAmljGr5XDqQLvpAe HTTP/1.1" 200 14
200.118.64.109 - - [28/May/2022:16:39:31 -0500] "POST /forms/lservlet;jsessionid=ac16012b30d6279a8b5810ae4243a5b0c7e88fb7092b.e3iSbxaKaheRe34MbxmQaheMbNz0n6jAmljGr5XDqQLvpAe HTTP/1.1" 200 14
200.118.64.109 - - [28/May/2022:16:39:33 -0500] "POST /forms/lservlet;jsessionid=ac16012b30d6279a8b5810ae4243a5b0c7e88fb7092b.e3iSbxaKaheRe34MbxmQaheMbNz0n6jAmljGr5XDqQLvpAe HTTP/1.1" 200 15
200.118.64.109 - - [28/May/2022:16:39:35 -0500] "POST /forms/lservlet;jsessionid=ac16012b30d6279a8b5810ae4243a5b0c7e88fb7092b.e3iSbxaKaheRe34MbxmQaheMbNz0n6jAmljGr5XDqQLvpAe HTTP/1.1" 200 15
200.118.64.109 - - [28/May/2022:16:39:40 -0500] "POST /forms/lservlet;jsessionid=ac16012b30d6279a8b5810ae4243a5b0c7e88fb7092b.e3iSbxaKaheRe34MbxmQaheMbNz0n6jAmljGr5XDqQLvpAe HTTP/1.1" 200 15
200.118.64.109 - - [28/May/2022:16:39:47 -0500] "POST /forms/lservlet;jsessionid=ac16012b30d6279a8b5810ae4243a5b0c7e88fb7092b.e3iSbxaKaheRe34MbxmQaheMbNz0n6jAmljGr5XDqQLvpAe HTTP/1.1" 200 15
200.118.64.109 - - [28/May/2022:16:39:56 -0500] "POST /forms/lservlet;jsessionid=ac16012b30d6279a8b5810ae4243a5b0c7e88fb7092b.e3iSbxaKaheRe34MbxmQaheMbNz0n6jAmljGr5XDqQLvpAe HTTP/1.1" 200 15
200.118.64.109 - - [28/May/2022:16:40:06 -0500] "POST /forms/lservlet;jsessionid=ac16012b30d6279a8b5810ae4243a5b0c7e88fb7092b.e3iSbxaKaheRe34MbxmQaheMbNz0n6jAmljGr5XDqQLvpAe HTTP/1.1" 200 15
200.118.64.109 - - [28/May/2022:16:40:15 -0500] "POST /forms/lservlet;jsessionid=ac16012b30d6279a8b5810ae4243a5b0c7e88fb7092b.e3iSbxaKaheRe34MbxmQaheMbNz0n6jAmljGr5XDqQLvpAe HTTP/1.1" 200 15
200.118.64.109 - - [28/May/2022:16:40:24 -0500] "POST /forms/lservlet;jsessionid=ac16012b30d6279a8b5810ae4243a5b0c7e88fb7092b.e3iSbxaKaheRe34MbxmQaheMbNz0n6jAmljGr5XDqQLvpAe HTTP/1.1" 200 15
200.118.64.109 - - [28/May/2022:16:40:34 -0500] "POST /forms/lservlet;jsessionid=ac16012b30d6279a8b5810ae4243a5b0c7e88fb7092b.e3iSbxaKaheRe34MbxmQaheMbNz0n6jAmljGr5XDqQLvpAe HTTP/1.1" 200 15
200.118.64.109 - - [28/May/2022:16:40:43 -0500] "POST /forms/lservlet;jsessionid=ac16012b30d6279a8b5810ae4243a5b0c7e88fb7092b.e3iSbxaKaheRe34MbxmQaheMbNz0n6jAmljGr5XDqQLvpAe HTTP/1.1" 200 15
200.118.64.109 - - [28/May/2022:16:40:52 -0500] "POST /forms/lservlet;jsessionid=ac16012b30d6279a8b5810ae4243a5b0c7e88fb7092b.e3iSbxaKaheRe34MbxmQaheMbNz0n6jAmljGr5XDqQLvpAe HTTP/1.1" 200 15
200.118.64.109 - - [28/May/2022:16:41:01 -0500] "POST /forms/lservlet;jsessionid=ac16012b30d6279a8b5810ae4243a5b0c7e88fb7092b.e3iSbxaKaheRe34MbxmQaheMbNz0n6jAmljGr5XDqQLvpAe HTTP/1.1" 200 15
200.118.64.109 - - [28/May/2022:16:41:10 -0500] "POST /forms/lservlet;jsessionid=ac16012b30d6279a8b5810ae4243a5b0c7e88fb7092b.e3iSbxaKaheRe34MbxmQaheMbNz0n6jAmljGr5XDqQLvpAe HTTP/1.1" 200 15
172.22.2.4 - - [28/May/2022:16:39:38 -0500] "HEAD /BLA/boletinlegal/ HTTP/1.1" 200 -
200.118.64.109 - - [28/May/2022:16:41:19 -0500] "POST /forms/lservlet;jsessionid=ac16012b30d6279a8b5810ae4243a5b0c7e88fb7092b.e3iSbxaKaheRe34MbxmQaheMbNz0n6jAmljGr5XDqQLvpAe HTTP/1.1" 200 15
200.118.64.109 - - [28/May/2022:16:41:28 -0500] "POST /forms/lservlet;jsessionid=ac16012b30d6279a8b5810ae4243a5b0c7e88fb7092b.e3iSbxaKaheRe34MbxmQaheMbNz0n6jAmljGr5XDqQLvpAe HTTP/1.1" 200 15
200.118.64.109 - - [28/May/2022:16:41:38 -0500] "POST /forms/lservlet;jsessionid=ac16012b30d6279a8b5810ae4243a5b0c7e88fb7092b.e3iSbxaKaheRe34MbxmQaheMbNz0n6jAmljGr5XDqQLvpAe HTTP/1.1" 200 15
200.118.64.109 - - [28/May/2022:16:41:47 -0500] "POST /forms/lservlet;jsessionid=ac16012b30d6279a8b5810ae4243a5b0c7e88fb7092b.e3iSbxaKaheRe34MbxmQaheMbNz0n6jAmljGr5XDqQLvpAe HTTP/1.1" 200 15
216.245.221.92 - - [28/May/2022:16:41:52 -0500] "HEAD / HTTP/1.1" 200 -
200.118.64.109 - - [28/May/2022:16:41:56 -0500] "POST /forms/lservlet;jsessionid=ac16012b30d6279a8b5810ae4243a5b0c7e88fb7092b.e3iSbxaKaheRe34MbxmQaheMbNz0n6jAmljGr5XDqQLvpAe HTTP/1.1" 200 15
200.118.64.109 - - [28/May/2022:16:42:05 -0500] "POST /forms/lservlet;jsessionid=ac16012b30d6279a8b5810ae4243a5b0c7e88fb7092b.e3iSbxaKaheRe34MbxmQaheMbNz0n6jAmljGr5XDqQLvpAe HTTP/1.1" 200 107
200.118.64.109 - - [28/May/2022:16:42:05 -0500] "POST /forms/lservlet;jsessionid=ac16012b30d6279a8b5810ae4243a5b0c7e88fb7092b.e3iSbxaKaheRe34MbxmQaheMbNz0n6jAmljGr5XDqQLvpAe HTTP/1.1" 200 2
172.22.2.4 - - [28/May/2022:16:40:29 -0500] "GET /BLA/boletinlegal/ HTTP/1.1" 200 59075
201.245.192.253 - - [28/May/2022:16:41:38 -0500] "POST /kwsrmcab/Wsrmcab HTTP/1.1" 200 47404
200.118.64.109 - - [28/May/2022:16:42:40 -0500] "POST /forms/lservlet;jsessionid=ac16012b30d6279a8b5810ae4243a5b0c7e88fb7092b.e3iSbxaKaheRe34MbxmQaheMbNz0n6jAmljGr5XDqQLvpAe HTTP/1.1" 200 2
200.118.64.109 - - [28/May/2022:16:42:05 -0500] "GET /reports/rwservlet/getjobid76671?server=repnomi HTTP/1.1" 200 32075813
201.245.192.253 - - [28/May/2022:16:42:24 -0500] "POST /kwsrmcab/Wsrmcab HTTP/1.1" 200 47260
40.77.167.79 - - [28/May/2022:16:44:30 -0500] "GET / HTTP/1.1" 200 319
200.118.64.109 - - [28/May/2022:16:44:40 -0500] "POST /forms/lservlet;jsessionid=ac16012b30d6279a8b5810ae4243a5b0c7e88fb7092b.e3iSbxaKaheRe34MbxmQaheMbNz0n6jAmljGr5XDqQLvpAe HTTP/1.1" 200 2
181.59.126.174 - - [28/May/2022:16:44:54 -0500] "GET /kwssiamovil/sm/acme/a?s=U2FsdGVkX19biwfbXtGgnuG13g3aBthLP9PieUqHuGlquAFeND/fwpfF9emICxqCW4anLXsH95fsmI/jCn6VWx7Uxb5kXU4Ti9XBGO5xvQATfvJ3wt1uz7xXFCURMZeOYl+x1zSF253emyrAwjDwXaOIwVEjhqFWYOg+86WWjBLAuY4Glz74hvPwMg7qRq37JcQm76Nfs7Sc9rclj0M7ZTPcHi9DSdlnHM5GEA1uaZb++HZYIK3K+nJ7HjQJwOAnno7nmh+n1pVRPrRpxwdXng==&u=U2FsdGVkX1/rO+TgJQNtLufsOBZxDpN+b9jkdp3Oshk=&y=U2FsdGVkX19oXVIkDznnJfBDy6HE6YMQrSn/pxWM6+9cquOsCsNiCmrifSnBvNs4 HTTP/1.1" 200 25
181.59.126.174 - - [28/May/2022:16:44:54 -0500] "GET /kwssiamovil/sm/acme/a?s=U2FsdGVkX1/cBqNMls9QlSbWmqBMmhPu3ICvFKfVRgwya4vRoojroS/J9Uqa06D682Qs8kAfwUyrq31KkBY8qa5QKGahDHR/lUT5EZfpEgV3+fPn0SSFbXhXJ+3L1kVRcluXXwBP/1azFCC+GgYxUbayEBRHrqaGS4xxhC70wW29M6Er2T/FS8T9yJNiClcBR74SRm9Up1UVXgVXXfn0avjJUtIbXFPV9HB2wwntF5wTDlxpRkZbaTq+Nf/BwlqJRBn35q75PD1kPSY1RaBgqUeOlU2bDsFLCiyFV1pPFnnm50pkX5U4+DhSxNFv85+1YAzaVoLq/TkN/qG5nW4VAESnKN6WRi46y94euAo4QYh3nX94KDKhs4g7Qfm/4OmixW3USbtfD7KiO5OZvxkAgvOqIFujX5jIT4NyfARNwfL0EjHcbU8gTWEWMyVM9uSdMboUwW70nvABezvcLGX2FZiZH0G8qrgeqoV2tNc9F8vXonB+sce+3mhIdc/bVhE8l7873WMsa8a/wL+TjhJR1qfVQXnMVOnRkl8k3fqwvWf730x5kjsS1gmJmcKXW6x+ArdwiFfVWr4X2bEUOqtCGRzx7cCHfVbYNBksMvrWMjJUQO4Ohk8ZOyv+c8i63+/Q7KW6+0PPjqMZcLDcVEXbKgoY395u74cgffjyxCkBbQfDnF6AWufRDZRwp9Jws6/y+Vk2Z5jND2XZ5+nKxEmKeqlL2R4Tt3TAhtoXBeWzF4qaJwVTe7ROG/YZzQpbYmTc8CT8JV5qWuT4540y3sqxV5LqZRIAjhV3hvr3YrHrPywsUDLAmVy8gkg0jfrYGJbwB5DWImUnNZbIXJXuF8Kxm6hRbT2wA/tDqr/HexVSDAE0PefDl72JRBRtyigL38XEyUivrwy5K/VmqBCpDLHU5QBQQ1yUWeBPQ33++/S1Tebu/ZT5RWTISnGUSH8aY9YJe52CCAUPOgR4/RKWo8B68lqhvok8HajmnG1OSkElR7S3Z8HrE2nxB07fEETOiIEEuLa+ziiq8IIRLS97YdtwHpKkLaanT4cBof2P0Qa5EZEfx4sIIeYTGmY94J2EjnTg9PmaQkrSGx2C4iPgen6urCgQker/HrAxJL38DsB3qAjdbfEz33PaV53eBCu2Wqgz9Ox15VpBiYhFnB5MyvvqmnnGfZMYYZDOcbKPZlUh3avGAT+YhTbslplOStegBPDWqVHe+gPUnzsQebtzZ12oHwdJT0JG9dXBRFokcTCTs2cTp7Ki0dn2D5SYNJtF8bnHqWCV0E1/wVWYj3iW4+taavOkR0uxwHDkNgt3t1vXFaIOv3mRzgSiWoaA/hRUulJhnW35VE5uCRsvOngxKQKYrmcFpZnc+0bL/LwD+mEG804IFtDYecuPLxgDo5yFUFoL85NiKShK8ptJtT89iU6E8b2eRu4ugiI6rpFHreQ4LMrNdSrzUyqBFsWXA5VHvh2G138D4gwSHzeCuyPwVTsKF4ZIAHPxlyuKxPetjMQvP9X1nCLbdHf7/APA5H4sgs1SV5vQn3Nc2cRHpDE/06PtthyGa5DXe4ZJvzUXrk0qP1S9ZLxhaqTKYZrGN7WrL4XlNG5xuqPzAASR+Gw2cmpo+JdEtj9X2Q1CdMvc/LFHEXYN7ckiMyx5+ks3K4OcNJYrsgzYogSWsm+07obPJi0UTQIEEyLtd2XEgRWvVFPRUDiSBCcbx34Sr+K6RmA3Wr2szn5X83VzVqPVz6ybGUrANKLo4LYKImEvmAdIz/ImgSk=&u=U2FsdGVkX1/rO+TgJQNtLufsOBZxDpN+b9jkdp3Oshk=&y=U2FsdGVkX19oXVIkDznnJfBDy6HE6YMQrSn/pxWM6+9cquOsCsNiCmrifSnBvNs4 HTTP/1.1" 200 25
181.59.126.174 - - [28/May/2022:16:44:54 -0500] "GET /kwssiamovil/sm/acme/a?s=U2FsdGVkX1/lUDw5r/63TFOZQXhyOY6V0keAZWsq2amTZlYoZJZR6T3VPUyKe13hRNGz0SprqaSFw//g2InwtXa8J/pexzLOnF4qfuC+T1bee9YpBWY+fy1ALPH7kW7nW1MgwUtnpAAZ7GXqa8h6714Pjhv+C7j0Opfh4lns8vQ=&u=U2FsdGVkX1/rO+TgJQNtLufsOBZxDpN+b9jkdp3Oshk=&y=U2FsdGVkX19oXVIkDznnJfBDy6HE6YMQrSn/pxWM6+9cquOsCsNiCmrifSnBvNs4 HTTP/1.1" 200 25
181.59.126.174 - - [28/May/2022:16:44:54 -0500] "GET /kwssiamovil/sm/acme/a?s=U2FsdGVkX1/j1Da4TbF+2qXHZ0zbbVywkoi3QeHWBLkfenRyl8701eeonESwA37mkJ6rEs7T2w/+SO1OoMddlg2nHLvJQ2KyMG7H/x3ciNCQfDzJmJKhObp1YiIPwgaRdMB734rc+CgcvgBw49S+LyxN5iFr4ImxTQ0R9tNfhoU=&u=U2FsdGVkX1/rO+TgJQNtLufsOBZxDpN+b9jkdp3Oshk=&y=U2FsdGVkX19oXVIkDznnJfBDy6HE6YMQrSn/pxWM6+9cquOsCsNiCmrifSnBvNs4 HTTP/1.1" 200 25
181.59.126.174 - - [28/May/2022:16:44:54 -0500] "GET /kwssiamovil/sm/acme/a?s=U2FsdGVkX1+AvOv26QjX32VfoV3nulXTAWE2EVcNEk04gnqQFnyopewNKCc9YAroBpGujxpbJfoClvO0kV0/6qmZg1hFxenM21WELLAOBiHAuhfiEDDsHSz1ARrny5lcri1h5URQUxP1AoNjwO8FfwFWwoOSxI3EIZ3b5SJbL3E=&u=U2FsdGVkX1/rO+TgJQNtLufsOBZxDpN+b9jkdp3Oshk=&y=U2FsdGVkX19oXVIkDznnJfBDy6HE6YMQrSn/pxWM6+9cquOsCsNiCmrifSnBvNs4 HTTP/1.1" 200 25
181.59.126.174 - - [28/May/2022:16:44:55 -0500] "GET /kwssiamovil/sm/acme/a?s=U2FsdGVkX1/vFULkaZYGFWMhZRzmVADn+6QNQ/fn97TtsUOslZtdDLwFviz+PkAeU3xeBtbusR4esxCGxR2NzmJhLeaWqrxJrWOyy1QS8UTgIuNlfViq7X4IfJdZWbK/LOwTwZxiclzCdYyjtfmpRotCvcULCSxG+Ur9d6VlGCmBVc4xA10FVZejCQkpNODP&u=U2FsdGVkX1/rO+TgJQNtLufsOBZxDpN+b9jkdp3Oshk=&y=U2FsdGVkX19oXVIkDznnJfBDy6HE6YMQrSn/pxWM6+9cquOsCsNiCmrifSnBvNs4 HTTP/1.1" 200 25
66.220.149.6 - - [28/May/2022:16:45:02 -0500] "GET /images/arbolado-bogota-mayo-13.jpg HTTP/1.1" 200 62568
157.55.39.127 - - [28/May/2022:16:45:09 -0500] "GET /BLA/resoluciones/AUTOS%202019/0320.pdf HTTP/1.1" 304 -
200.118.64.109 - - [28/May/2022:16:46:40 -0500] "POST /forms/lservlet;jsessionid=ac16012b30d6279a8b5810ae4243a5b0c7e88fb7092b.e3iSbxaKaheRe34MbxmQaheMbNz0n6jAmljGr5XDqQLvpAe HTTP/1.1" 200 2
216.245.221.92 - - [28/May/2022:16:46:52 -0500] "HEAD / HTTP/1.1" 200 -
172.22.2.4 - - [28/May/2022:16:45:28 -0500] "HEAD /BLA/boletinlegal/ HTTP/1.1" 200 -
172.22.2.4 - - [28/May/2022:16:46:19 -0500] "GET /BLA/boletinlegal/ HTTP/1.1" 200 59075
181.59.251.151 - - [28/May/2022:16:48:08 -0500] "GET /kwssiamovil/sm/acme/u?s=U2FsdGVkX1+PhY6hvMm7uOhofgmrACy8rMBvesauGkDQHtkJqbKsp1GR0gUOFMiVrVwpqNe6c5KWakzSAAvdh15fKJNjynQyL9gRhWDEnCrm0qJCwsDcGmZ/crgXa1TN+8GcxnPUqu2ld5FnqGTEVA==&u=U2FsdGVkX18dbXUC4JIQKqY+mlVZkC4QLDTJj6eUuLQ=&y=U2FsdGVkX1+U7lt46cpAzYP4eX5HeQ1FI5OLn92UJAyLrmtRChcygHmzcyaHgOip HTTP/1.1" 200 60
200.118.64.109 - - [28/May/2022:16:48:40 -0500] "POST /forms/lservlet;jsessionid=ac16012b30d6279a8b5810ae4243a5b0c7e88fb7092b.e3iSbxaKaheRe34MbxmQaheMbNz0n6jAmljGr5XDqQLvpAe HTTP/1.1" 200 2
200.118.64.109 - - [28/May/2022:16:50:40 -0500] "POST /forms/lservlet;jsessionid=ac16012b30d6279a8b5810ae4243a5b0c7e88fb7092b.e3iSbxaKaheRe34MbxmQaheMbNz0n6jAmljGr5XDqQLvpAe HTTP/1.1" 200 2
191.102.220.207 - - [28/May/2022:16:50:47 -0500] "GET /BLA/resoluciones/index.php?dir=RESOLUCIONES+2014%2F HTTP/1.1" 200 333168
216.245.221.92 - - [28/May/2022:16:51:52 -0500] "HEAD / HTTP/1.1" 200 -
200.118.64.109 - - [28/May/2022:16:52:41 -0500] "POST /forms/lservlet;jsessionid=ac16012b30d6279a8b5810ae4243a5b0c7e88fb7092b.e3iSbxaKaheRe34MbxmQaheMbNz0n6jAmljGr5XDqQLvpAe HTTP/1.1" 200 2
172.22.2.4 - - [28/May/2022:16:51:18 -0500] "HEAD /BLA/boletinlegal/ HTTP/1.1" 200 -
157.55.39.8 - - [28/May/2022:16:53:25 -0500] "GET /bla/resoluciones/resoluciones%202012/0676.pdf HTTP/1.1" 200 1397011
172.22.2.4 - - [28/May/2022:16:52:08 -0500] "GET /BLA/boletinlegal/ HTTP/1.1" 200 60175
200.118.64.109 - - [28/May/2022:16:54:41 -0500] "POST /forms/lservlet;jsessionid=ac16012b30d6279a8b5810ae4243a5b0c7e88fb7092b.e3iSbxaKaheRe34MbxmQaheMbNz0n6jAmljGr5XDqQLvpAe HTTP/1.1" 200 2
66.249.65.15 - - [28/May/2022:16:54:59 -0500] "-" 408 -
186.102.14.29 - - [28/May/2022:16:56:12 -0500] "GET /kwssiamovil/sm/acme/u?s=U2FsdGVkX18JDd184AbTM9UYDJ1q2cX39/5a792WsRi+9YNoPeiZEWcsFjJ+eNWWwPujzN85vPGQ43Ltoyqa0AEy5ExQ7OHgFAV/9gaQDuss0X/aj7l1wuRKvQQCuWl4k8pTBzCfma7YcYpg/nsdJQ==&u=U2FsdGVkX18X6QitUaZBjNOLwtXoIXL78mmdn+9cnnZ/F101qs3CdWxks6kNm0l+&y=U2FsdGVkX19XyJzd2E6AgUOnSj2YNcdoy+voLEIfABYM933jJOBs+3npRMCY8TJK HTTP/1.1" 200 60
200.118.64.109 - - [28/May/2022:16:56:41 -0500] "POST /forms/lservlet;jsessionid=ac16012b30d6279a8b5810ae4243a5b0c7e88fb7092b.e3iSbxaKaheRe34MbxmQaheMbNz0n6jAmljGr5XDqQLvpAe HTTP/1.1" 200 2
216.245.221.92 - - [28/May/2022:16:56:51 -0500] "HEAD / HTTP/1.1" 200 -
181.53.14.128 - - [28/May/2022:16:57:56 -0500] "GET /secretaria-de-ambiente-y-sena-abren-curso-de-jardines-verticales.html HTTP/1.1" 200 734
173.252.79.13 - - [28/May/2022:16:58:23 -0500] "GET /cerrados-los-caminos-de-los-cerros-orientales-por-jornada-electoral.html HTTP/1.1" 206 809
172.22.2.4 - - [28/May/2022:16:57:43 -0500] "GET /BLA/boletinlegal/ HTTP/1.1" 200 24523
200.118.64.109 - - [28/May/2022:16:58:41 -0500] "POST /forms/lservlet;jsessionid=ac16012b30d6279a8b5810ae4243a5b0c7e88fb7092b.e3iSbxaKaheRe34MbxmQaheMbNz0n6jAmljGr5XDqQLvpAe HTTP/1.1" 200 2
172.22.2.4 - - [28/May/2022:16:57:08 -0500] "HEAD /BLA/boletinlegal/ HTTP/1.1" 200 -
157.55.39.8 - - [28/May/2022:16:59:35 -0500] "GET /BLA/resoluciones/AUTOS%202019/0285.pdf HTTP/1.1" 304 -
172.22.2.4 - - [28/May/2022:16:57:59 -0500] "GET /BLA/boletinlegal/ HTTP/1.1" 200 54215
173.252.87.7 - - [28/May/2022:17:00:08 -0500] "GET /images/control-madera-ilegal-24-mayo.jpg HTTP/1.1" 200 48269
172.22.2.4 - - [28/May/2022:17:00:30 -0500] "GET /BLA/boletinlegal/vendor/phpunit/phpunit/src/Util/PHP/eval-stdin.php HTTP/1.1" 404 1018
200.118.64.109 - - [28/May/2022:17:00:41 -0500] "POST /forms/lservlet;jsessionid=ac16012b30d6279a8b5810ae4243a5b0c7e88fb7092b.e3iSbxaKaheRe34MbxmQaheMbNz0n6jAmljGr5XDqQLvpAe HTTP/1.1" 200 2
40.77.167.79 - - [28/May/2022:17:00:42 -0500] "GET /bla/resoluciones/resoluciones%202012/0648.pdf HTTP/1.1" 200 553008
216.245.221.92 - - [28/May/2022:17:01:51 -0500] "HEAD / HTTP/1.1" 200 -
200.118.64.109 - - [28/May/2022:17:02:41 -0500] "POST /forms/lservlet;jsessionid=ac16012b30d6279a8b5810ae4243a5b0c7e88fb7092b.e3iSbxaKaheRe34MbxmQaheMbNz0n6jAmljGr5XDqQLvpAe HTTP/1.1" 200 2
172.22.2.4 - - [28/May/2022:17:02:58 -0500] "HEAD /BLA/boletinlegal/ HTTP/1.1" 200 -
200.118.64.109 - - [28/May/2022:17:04:41 -0500] "POST /forms/lservlet;jsessionid=ac16012b30d6279a8b5810ae4243a5b0c7e88fb7092b.e3iSbxaKaheRe34MbxmQaheMbNz0n6jAmljGr5XDqQLvpAe HTTP/1.1" 200 2
207.46.13.146 - - [28/May/2022:17:04:56 -0500] "GET /bla/resoluciones/resoluciones%202012/1892.pdf HTTP/1.1" 200 364555
172.22.2.4 - - [28/May/2022:17:03:49 -0500] "GET /BLA/boletinlegal/ HTTP/1.1" 200 58482
200.118.64.109 - - [28/May/2022:17:06:41 -0500] "POST /forms/lservlet;jsessionid=ac16012b30d6279a8b5810ae4243a5b0c7e88fb7092b.e3iSbxaKaheRe34MbxmQaheMbNz0n6jAmljGr5XDqQLvpAe HTTP/1.1" 200 2
216.245.221.92 - - [28/May/2022:17:06:52 -0500] "HEAD / HTTP/1.1" 200 -
179.19.1.26 - - [28/May/2022:17:06:52 -0500] "GET /secretaria-de-ambiente-y-sena-abren-curso-de-jardines-verticales.html HTTP/1.1" 200 734
157.55.39.43 - - [28/May/2022:17:08:40 -0500] "GET /bla/resoluciones/resoluciones%202012/1114.pdf HTTP/1.1" 200 597433
200.118.64.109 - - [28/May/2022:17:08:42 -0500] "POST /forms/lservlet;jsessionid=ac16012b30d6279a8b5810ae4243a5b0c7e88fb7092b.e3iSbxaKaheRe34MbxmQaheMbNz0n6jAmljGr5XDqQLvpAe HTTP/1.1" 200 2
181.58.186.188 - - [28/May/2022:17:08:50 -0500] "POST /sipsepre/faces/bienvenido.xhtml HTTP/1.1" 200 2658
181.58.186.188 - - [28/May/2022:17:08:51 -0500] "GET /sipsepre/faces/javax.faces.resource/images/ui-bg_flat_0_2d5972_40x100.png?ln=primefaces-aristo HTTP/1.1" 200 183
181.58.186.188 - - [28/May/2022:17:08:53 -0500] "POST /sipsepre/faces/bienvenido.xhtml HTTP/1.1" 200 63141
181.58.186.188 - - [28/May/2022:17:08:53 -0500] "GET /sipsepre/faces/javax.faces.resource/theme.css?ln=primefaces-sipse HTTP/1.1" 304 -
181.58.186.188 - - [28/May/2022:17:08:53 -0500] "GET /sipsepre/faces/javax.faces.resource/primefaces.css?ln=primefaces&v=4.0 HTTP/1.1" 304 -
181.58.186.188 - - [28/May/2022:17:08:53 -0500] "GET /sipsepre/faces/javax.faces.resource/layout/layout.css?ln=primefaces&v=4.0 HTTP/1.1" 304 -
181.58.186.188 - - [28/May/2022:17:08:53 -0500] "GET /sipsepre/faces/javax.faces.resource/jquery/jquery.js?ln=primefaces&v=4.0 HTTP/1.1" 304 -
181.58.186.188 - - [28/May/2022:17:08:53 -0500] "GET /sipsepre/faces/javax.faces.resource/jquery/jquery-plugins.js?ln=primefaces&v=4.0 HTTP/1.1" 304 -
181.58.186.188 - - [28/May/2022:17:08:53 -0500] "GET /sipsepre/faces/javax.faces.resource/primefaces.js?ln=primefaces&v=4.0 HTTP/1.1" 304 -
181.58.186.188 - - [28/May/2022:17:08:53 -0500] "GET /sipsepre/faces/javax.faces.resource/layout/layout.js?ln=primefaces&v=4.0 HTTP/1.1" 304 -
181.58.186.188 - - [28/May/2022:17:08:53 -0500] "GET /sipsepre/css/imagen/contrasena.png HTTP/1.1" 404 383
181.58.186.188 - - [28/May/2022:17:08:53 -0500] "POST /sipsepre/faces/presentacion/financiero/solicitudProceso/listarSolicitudProceso.xhtml HTTP/1.1" 200 1560
181.58.186.188 - - [28/May/2022:17:09:00 -0500] "POST /sipsepre/faces/presentacion/financiero/solicitudProceso/listarSolicitudProceso.xhtml HTTP/1.1" 200 45477
181.58.186.188 - - [28/May/2022:17:09:00 -0500] "POST /sipsepre/faces/presentacion/financiero/solicitudProceso/listarSolicitudProceso.xhtml HTTP/1.1" 200 1560
181.58.186.188 - - [28/May/2022:17:09:01 -0500] "POST /sipsepre/faces/presentacion/financiero/solicitudProceso/listarSolicitudProceso.xhtml HTTP/1.1" 200 16402
181.58.186.188 - - [28/May/2022:17:09:01 -0500] "POST /sipsepre/faces/presentacion/financiero/solicitudProceso/listarSolicitudProceso.xhtml HTTP/1.1" 200 28392
181.58.186.188 - - [28/May/2022:17:09:04 -0500] "POST /sipsepre/faces/presentacion/financiero/solicitudProceso/listarSolicitudProceso.xhtml HTTP/1.1" 200 30713
181.58.186.188 - - [28/May/2022:17:09:04 -0500] "POST /sipsepre/faces/presentacion/financiero/solicitudProceso/listarSolicitudProceso.xhtml HTTP/1.1" 200 28408
181.58.186.188 - - [28/May/2022:17:09:05 -0500] "POST /sipsepre/faces/presentacion/financiero/solicitudProceso/listarSolicitudProceso.xhtml HTTP/1.1" 200 31284
181.58.186.188 - - [28/May/2022:17:09:05 -0500] "POST /sipsepre/faces/presentacion/financiero/solicitudProceso/listarSolicitudProceso.xhtml HTTP/1.1" 200 43733
157.55.39.127 - - [28/May/2022:17:09:11 -0500] "GET /bla/resoluciones/resoluciones%202012/0669.pdf HTTP/1.1" 200 241869
172.22.2.4 - - [28/May/2022:17:08:48 -0500] "HEAD /BLA/boletinlegal/ HTTP/1.1" 200 -
157.55.39.8 - - [28/May/2022:17:10:36 -0500] "GET /bla/resoluciones/autos%202016/1149.pdf HTTP/1.1" 200 340205
200.118.64.109 - - [28/May/2022:17:10:42 -0500] "POST /forms/lservlet;jsessionid=ac16012b30d6279a8b5810ae4243a5b0c7e88fb7092b.e3iSbxaKaheRe34MbxmQaheMbNz0n6jAmljGr5XDqQLvpAe HTTP/1.1" 200 2
181.59.126.174 - - [28/May/2022:17:10:50 -0500] "OPTIONS /kwssiamovil/sm/setfile/f? HTTP/1.1" 200 13
207.46.13.146 - - [28/May/2022:17:10:57 -0500] "GET /bla/resoluciones/resoluciones%202012/1537.pdf HTTP/1.1" 200 243101
181.59.126.174 - - [28/May/2022:17:10:50 -0500] "POST /kwssiamovil/sm/setfile/f? HTTP/1.1" 200 381
181.59.126.174 - - [28/May/2022:17:11:04 -0500] "OPTIONS /kwssiamovil/sm/setfile/f? HTTP/1.1" 200 13
172.22.2.4 - - [28/May/2022:17:09:38 -0500] "GET /BLA/boletinlegal/ HTTP/1.1" 200 60973
157.55.39.8 - - [28/May/2022:17:11:45 -0500] "GET /forest/ HTTP/1.1" 200 12041
216.245.221.92 - - [28/May/2022:17:11:52 -0500] "HEAD / HTTP/1.1" 200 -
200.118.64.109 - - [28/May/2022:17:12:42 -0500] "POST /forms/lservlet;jsessionid=ac16012b30d6279a8b5810ae4243a5b0c7e88fb7092b.e3iSbxaKaheRe34MbxmQaheMbNz0n6jAmljGr5XDqQLvpAe HTTP/1.1" 200 2
157.55.39.127 - - [28/May/2022:17:14:12 -0500] "GET /Publicaciones/2022EE88319.pdf HTTP/1.1" 404 227
186.80.27.242 - - [28/May/2022:17:14:37 -0500] "GET /secretaria-de-ambiente-y-sena-abren-curso-de-jardines-verticales.html HTTP/1.1" 200 734
181.59.126.174 - - [28/May/2022:17:14:41 -0500] "GET /kwssiamovil/sm/ldap/au?x=U2FsdGVkX1+Kb6ilOUdHIMj7OkFUXYtPo+wBFIFilCdMnfccBJDy+507SJGnip2w&y=U2FsdGVkX1+kbICQVyqhLQj72vK2JUIu8bGsf85oa7aPBChWe+6SuZU3fL1HadkP HTTP/1.1" 200 30
181.59.126.174 - - [28/May/2022:17:14:42 -0500] "GET /kwssiamovil/sm/acme/s?s=U2FsdGVkX1/eoEUBcm4DJkd+UuDWRf2FM/TyL4gXe19RgJrmcpcGIBvaEiDJYp1+EDk6qMKzBmeIC81crvOeTX4s85dlb7cMxfrHJGxyDuc=&u=U2FsdGVkX18TBYd1tkuk6EOoNKcSWdzAgb4bzDMejIo=&y=U2FsdGVkX1+kbICQVyqhLQj72vK2JUIu8bGsf85oa7aPBChWe+6SuZU3fL1HadkP HTTP/1.1" 200 97
181.59.126.174 - - [28/May/2022:17:14:42 -0500] "GET /kwssiamovil/sm/acme/s?s=U2FsdGVkX1+02Z/ZhUmP2A3CpH/qgBdjoBkUDQ1oXLJb1BAy1MYFv64ZXaMmLwc9N5ie7AVYgGg4+WgLjf3udYnjV/dZR60D4ugEmd+6Y0uxC2KKRtpbLdyhsnEEGninIBsRsMN5FGthzPhqbWnsmn47wDwF3n35tEY8oaCOoBPcWWXsjAvCMXfMq3W9i9IuWgDzANBU9GebglO4jqDxKZrtVhobD7Z7XyPm4EWLXpz9Dw+UKcrraLTWseY5hHgYf/MMn6lROYB3nRCShZuyVa5m7OA44EYIKL+OepOCHKOEDiVldGS70f3s5PfR0iNRlMm/agLsKcxC6iSCEVG+cPq5zNm3id6BoWrkUvpFG5kYrO00T4rmMjj9zV5z7sbWzRP0s3aZH2yrUUVQQnSTiViwby7CbBSzHWqEQB7nv/vTdlcbQzX9UPevDci6xwGViVeZ43q8PTAKN9AVbiK6ZX6U+VAxt4vt1i/m/Ady7lb31eGjzXCF0yJY/Eb3lPpNgGfm5dRj5S3O9vh1jb5cGaisd4t71bgNEYMiS05Ce2yoQpP9wDFbt65fhbj1xUc3IUk6PtG/XX5ISE3NyvlgMsaOuUFszWsqaEalalRaUXwSkjScQuFvA72g/mhQVp3N92UUXSzPVM2DL0uFSKcGH8ulj4P3cmWuCRrvuo0R4wgBFwGyPyST3iNfPyNgnQJQy+myT5wZm5SuRyRKCbnR9vNyOWujRK7DT7ndD1oC9tAhwPm8+wj4maCy7wLvFFWsp5OVgUtKUrgIXPZA71r1+O+5d6FuVf3TfiFW12RgvLhH3uvCeYR2dyQS1xXpFKjQ71mbYOcFNuAIo+GF4Y+fetHLaubRBE6JfDZIx5syYbPn2fGIFJhnfmYK2Ec6FIzQ5QweeeBQKl3UHxU5G0K5XU8CRVH75l4+/6lwd0cs19xUE88NJ7IEjO8IqTtuW/zLY2W8Awv5UjzkmW1cko4m+rg/idiaxkkb62oMlFTdgeUMrIOoD0lqwAf73uG6yv0gujkGWs3OPDi52rWMZYOhAtyJGYFgyOUMKYeHo4miERcdk3vCfzC+NQBCq9WnqNy2v4+lijGEMeeC5dHg9J/iQpnpqFcbfSFroFqSB5/5ZfijlTtEx3RXo6vTgQy6nZmvj7qpEBqLwiG8YZz0M6qDuhkla0U33a7h++3Ujg8qMNeL+fESxcAvmFuDviyGHtN7z5ic3xRd/zAMGmLFEP2ElcLJt8dkKu3LPKMg0vPDO0lDO/pmM4k/AvlvWRtH+pqsKCN7Lk9niWl1xRVI/gi8Ks+lQaRCGTtvvi/WnMjCEyfdKNJnhghx/rpbokDoWlkFn0bqvj2hnq2UCUjWp5d+SHFh6frfG2cEcGU7emYHym8=&u=U2FsdGVkX18TBYd1tkuk6EOoNKcSWdzAgb4bzDMejIo=&y=U2FsdGVkX1+kbICQVyqhLQj72vK2JUIu8bGsf85oa7aPBChWe+6SuZU3fL1HadkP HTTP/1.1" 200 9804
181.59.126.174 - - [28/May/2022:17:14:42 -0500] "GET /kwssiamovil/sm/acme/s?s=U2FsdGVkX1/ZiYA7KyL7GHIQOgTSXaxIaYF5Gm8pzF5RKktbBq8yEtq3ePk1H1PJQvQxHd8K8N2MqtAoCCqFfNvW3g9FWq0q7jJ2aqCs+vBgLUBvcJM8/MktJtNmYnPJW2yMfKLugnio4p/vtJv9MCBT4QkljDLrA42iBk/WVOd//4Tk8Qo6VdYDcaiqU8X+NO9FVoVFTHivx9m9tpdiFcbXmLS9bNCL+pg/H2KUSX3MhxttytEqDGGbE39tbCaXB6jbG9kXmu54agJaiIrYLS7h7jxGDuW6nm5hdr/ucYU=&u=U2FsdGVkX18TBYd1tkuk6EOoNKcSWdzAgb4bzDMejIo=&y=U2FsdGVkX1+kbICQVyqhLQj72vK2JUIu8bGsf85oa7aPBChWe+6SuZU3fL1HadkP HTTP/1.1" 200 176
200.118.64.109 - - [28/May/2022:17:14:43 -0500] "POST /forms/lservlet;jsessionid=ac16012b30d6279a8b5810ae4243a5b0c7e88fb7092b.e3iSbxaKaheRe34MbxmQaheMbNz0n6jAmljGr5XDqQLvpAe HTTP/1.1" 200 2
181.59.126.174 - - [28/May/2022:17:14:42 -0500] "GET /kwssiamovil/sm/cjson/pre?f=1&x=U2FsdGVkX1+Kb6ilOUdHIMj7OkFUXYtPo+wBFIFilCdMnfccBJDy+507SJGnip2w HTTP/1.1" 200 30992
181.59.126.174 - - [28/May/2022:17:15:08 -0500] "OPTIONS /kwssiamovil/sm/setfile/f? HTTP/1.1" 200 13
186.84.90.46 - - [28/May/2022:17:15:15 -0500] "GET /secretaria-de-ambiente-y-sena-abren-curso-de-jardines-verticales.html HTTP/1.1" 200 734
181.59.126.174 - - [28/May/2022:17:15:08 -0500] "POST /kwssiamovil/sm/setfile/f? HTTP/1.1" 200 381
172.22.2.4 - - [28/May/2022:17:15:38 -0500] "GET /BLA/boletinlegal/jurisprudencia/analisis/AnalisisT-606-15.docx HTTP/1.1" 200 26698
172.22.2.4 - - [28/May/2022:17:15:41 -0500] "GET /BLA/boletinlegal/apple-touch-icon-120x120-precomposed.png HTTP/1.1" 404 1140
172.22.2.4 - - [28/May/2022:17:15:41 -0500] "GET /BLA/boletinlegal/apple-touch-icon-120x120.png HTTP/1.1" 404 1140
172.22.2.4 - - [28/May/2022:17:15:41 -0500] "GET /BLA/boletinlegal/apple-touch-icon-precomposed.png HTTP/1.1" 404 1140
172.22.2.4 - - [28/May/2022:17:15:41 -0500] "GET /BLA/boletinlegal/apple-touch-icon.png HTTP/1.1" 404 1140
172.22.2.4 - - [28/May/2022:17:15:41 -0500] "GET /BLA/boletinlegal/favicon.ico HTTP/1.1" 404 1140
172.22.2.4 - - [28/May/2022:17:15:43 -0500] "GET /BLA/boletinlegal/apple-touch-icon-120x120-precomposed.png HTTP/1.1" 404 1140
172.22.2.4 - - [28/May/2022:17:15:43 -0500] "GET /BLA/boletinlegal/apple-touch-icon-120x120.png HTTP/1.1" 404 1140
172.22.2.4 - - [28/May/2022:17:15:43 -0500] "GET /BLA/boletinlegal/apple-touch-icon-precomposed.png HTTP/1.1" 404 1140
181.59.126.174 - - [28/May/2022:17:15:43 -0500] "GET /kwssiamovil/sm/acme/a?s=U2FsdGVkX1940Uc6EsomBTmULmOef8lhPTiDt0UyIwYOv+O0kEA4cQBItZ8sFkWcSelZ6tP6RT/1etyVvJSF8ST1Y3JxfqZRuqPl5FV0/nrh5oVaY53ZfTHmt3hKJKsZ4G6Pf6kc0QOpEhcUfInA2NKmJhlMz3pmFw2H5MQsYaxn3g1DyDJzuYsvFFckTMuX8gaUatQ05H0JkwTom/deUroAVCkxRSstkLXqqC1gbs8kWKGlh7AUq/W7IZvYu/ktuStnr0IwY6qzRgn1unyjdw==&u=U2FsdGVkX18TBYd1tkuk6EOoNKcSWdzAgb4bzDMejIo=&y=U2FsdGVkX1+kbICQVyqhLQj72vK2JUIu8bGsf85oa7aPBChWe+6SuZU3fL1HadkP HTTP/1.1" 200 25
172.22.2.4 - - [28/May/2022:17:15:43 -0500] "GET /BLA/boletinlegal/apple-touch-icon.png HTTP/1.1" 404 1140
172.22.2.4 - - [28/May/2022:17:15:44 -0500] "GET /BLA/boletinlegal/favicon.ico HTTP/1.1" 404 1140
181.59.126.174 - - [28/May/2022:17:15:44 -0500] "GET /kwssiamovil/sm/acme/a?s=U2FsdGVkX1/g6ez/XPqK5Ks9LOmz90EoANCFHhaxdWlUUUdSMrxPX764M/ZGp8exuGn5YP8aKoIEBGjvZEn5VrGzr7Zxhj9IqFGqAv/d0V1YnkYxfiiIIFA/VGOYf6BlpvjJfu6ir4DUbhwZjusXzPajetANITNL0nHhLUnxGEy8pkuk6yI57f6/t5B59mWjSf7YphEdgacqOY8S/NiYDFUGSJ8cdzwoYQPafUCNg0NDNBRYFDfJYF5gXkLelIB8/7zwUO1J8rGaGhRHjDhe2vH4kzzfgE2QGTO397Z7b7syYHLb8R1l0CivW+d5lXydwWBm7L9ZjCHbPTyavorLTSDIJqicdoePVUfy5AdA4vm5QgWsnJEFPNMWN1T3Of/GmJ61O8XFBK/y96ZpoCDOjE4B2oaB27x1zBosNewPmLzVH9gz76zeB4AcB0xGjb3zwiQZ419MVwp4ybeo1KmVoKZ45tCfJioU+dHBwjuWfBz2LI4+Ps6zeL14mAtgENU7qyCTsi6v74DsrPE9uzbdzRailZaAItidWXAL96zNctfslaBAgssQ3OR8IsKG+pDVOfEIXgjPBDuj989h8GbAfkACXUr4xz6By04H4j60v7v+e35EAfjFo3Qr8f46rVqKZ1g5sfi7zueqgEArPhtnTKsN7SFkGohuBYSHG8UoL8/onDopd4DodYCMEjqcizYFMvGBjiPCSbJtSfD+O1LlLX2cJEy/8bUSdlDafeP3jRcrs2ThAr7QlaDTlIQshVx1dDRqRoTue4AGLgI5Wz41urShPdNeq5KJ5QcLQYKRfv2Fj+IT8U14chL5DJ9dmNG7jyCFpktoezNfwFD0a24LmFmSkafy0VG/qsQGSIrXMxQBwG0R533xryz4rcHoSCeq2kqf0MjXJIxR2JHlma9r2qZhNzWnhBW2NUtCbiA6coDfUMBcKiRBcqyQFAc546X7euP4xgs9LuJPdv7skTS70wScFtff9K7uoUI206CnbOl3pMWzPUhRgLvh5xE1LXXIifUiSqITbdAMF+okDMtmq1VSRTwkn9M3jhn0AAYzpYdDuEGhH1S60QEWIULCYsUN+nJ1kB39Hy1mngTHoXijZ9+XbjGE5Iy15+Uj3Vl9c20HA+eeTHfKl+VqVFOiDhaTn1S8mahy6kirkWKQgKaNHCX+Gv0BrT0WH7QWo+YpzO0jrnuRKyA6ypu6IcaQlTCh8C8++Ivpjre/J0T12S1L9FFTD3fKtUno9vhFGFCHcpOO14jJPWFmpNpxYA0yHlM1kbhsnhqkd+bW/jgFcYgecX/d6ICh5mevXOBL2MWFR0RBRarQPAp9OIMAvcsR2kbynKKCrkEq4i+CdPlibJOq03l2Ge8au7Y78tuSv8mPRn3W3Gur+wf3Kf+BtQyt4K8wzpx2vIgmiVm0T3Y/LLW5geSrZGjeyn2FpFygHUq9nPo3LoruGrm1LLQC9CI2+lJr9kA8FxnOiTL2HPkPXBCjVqeU3CxWQHuKcpZwoGpJ+ANW3jhzKNeGA8tRTf97yATzJVKfkiRPL+bkx/5HigeOru3SllLOQA7pBG0RLOJxTcSL4pqkmtZFo9qPOHW8LRIO3iodV/6N8AEAYYUq0PMu2Dw7yccKv03etVZwCOYlR9HqpMviIoiaahGWZcqZrk6efFO756ZZAccacYfmBh0hoeV1DorVuVK0rpBJ3L4kuZbbihKLC+hjnUnlNmoFchbyNYZsWuQ4syP3hITKNQYom4OubqPD90LlkJ2dbU8N0m/wryka2xlQFwS4U9rMvFEeY/nbOpIxwa42IGhEeL4oVn9khLkC5J9+uSmaQyKXE4WbPui6stzSq75cfmNvej2TQSCZcCzr8CPEV/Uza745NNJlyh6RYBrS1FZfA2mNZ6eiiw/LfFjCEL9zVnPziYEKJq8RdRa8VrX0mbRizFpEW/d/Z9bOXaNOnTvEQVXTTYR+sUu9rvtzm78tiV816L2iHTnoKQv8IeXeyVARidIArj3AVOYPqQK2w2PoiuMXcFepz1Qs8vruBdLrAf76H2GGOPseNN7Y1lzXotF6winF1iA3arpoyoPafoUL1xCuaSfMYHdfrquUhq+r0+vBVvt/7gYWphlAxJugQcL+pTaufpXzQvB0dSP4t1zg5M9AywiXklhQf7R0D7Ip9fT0v0LLmaVAxsdirqGwbxOJXOrnYlFvHzfo/26MD927KPLU8IpLp3SwuXN/UGT7zu0guKPndgJl/lTOFVuQki5QejlreQ==&u=U2FsdGVkX18TBYd1tkuk6EOoNKcSWdzAgb4bzDMejIo=&y=U2FsdGVkX1+kbICQVyqhLQj72vK2JUIu8bGsf85oa7aPBChWe+6SuZU3fL1HadkP HTTP/1.1" 200 25
181.59.126.174 - - [28/May/2022:17:15:44 -0500] "GET /kwssiamovil/sm/acme/a?s=U2FsdGVkX18Z4XAu3F2R3di8b553M6i12Z4tFL30mVyBu6zSV1vI2Vgwaolkkezw/tA1xDrlJLKK2AsJcSmmFrLeib4oXvlyu6Y10FImST/XfudMirHKIe0pwnkBb7aovZnJ/X46UqRJs+U4npEwDI4dQmo8LiFkdXvwc7Ve2Jc=&u=U2FsdGVkX18TBYd1tkuk6EOoNKcSWdzAgb4bzDMejIo=&y=U2FsdGVkX1+kbICQVyqhLQj72vK2JUIu8bGsf85oa7aPBChWe+6SuZU3fL1HadkP HTTP/1.1" 200 25
