200.118.64.109 - - [28/May/2022:18:14:47 -0500] "POST /forms/lservlet;jsessionid=ac16012b30d6279a8b5810ae4243a5b0c7e88fb7092b.e3iSbxaKaheRe34MbxmQaheMbNz0n6jAmljGr5XDqQLvpAe HTTP/1.1" 200 2
200.118.64.109 - - [28/May/2022:18:14:51 -0500] "POST /forms/lservlet;jsessionid=ac16012b30d6279a8b5810ae4243a5b0c7e88fb7092b.e3iSbxaKaheRe34MbxmQaheMbNz0n6jAmljGr5XDqQLvpAe HTTP/1.1" 200 2
200.118.64.109 - - [28/May/2022:18:14:51 -0500] "POST /forms/lservlet;jsessionid=ac16012b30d6279a8b5810ae4243a5b0c7e88fb7092b.e3iSbxaKaheRe34MbxmQaheMbNz0n6jAmljGr5XDqQLvpAe HTTP/1.1" 200 14
200.118.64.109 - - [28/May/2022:18:14:52 -0500] "POST /forms/lservlet;jsessionid=ac16012b30d6279a8b5810ae4243a5b0c7e88fb7092b.e3iSbxaKaheRe34MbxmQaheMbNz0n6jAmljGr5XDqQLvpAe HTTP/1.1" 200 14
200.118.64.109 - - [28/May/2022:18:14:54 -0500] "POST /forms/lservlet;jsessionid=ac16012b30d6279a8b5810ae4243a5b0c7e88fb7092b.e3iSbxaKaheRe34MbxmQaheMbNz0n6jAmljGr5XDqQLvpAe HTTP/1.1" 200 14
200.118.64.109 - - [28/May/2022:18:14:55 -0500] "POST /forms/lservlet;jsessionid=ac16012b30d6279a8b5810ae4243a5b0c7e88fb7092b.e3iSbxaKaheRe34MbxmQaheMbNz0n6jAmljGr5XDqQLvpAe HTTP/1.1" 200 14
40.77.167.79 - - [28/May/2022:18:14:58 -0500] "GET /bla/resoluciones/resoluciones%201998/0108.pdf HTTP/1.1" 304 -
200.118.64.109 - - [28/May/2022:18:14:57 -0500] "POST /forms/lservlet;jsessionid=ac16012b30d6279a8b5810ae4243a5b0c7e88fb7092b.e3iSbxaKaheRe34MbxmQaheMbNz0n6jAmljGr5XDqQLvpAe HTTP/1.1" 200 15
200.118.64.109 - - [28/May/2022:18:15:00 -0500] "POST /forms/lservlet;jsessionid=ac16012b30d6279a8b5810ae4243a5b0c7e88fb7092b.e3iSbxaKaheRe34MbxmQaheMbNz0n6jAmljGr5XDqQLvpAe HTTP/1.1" 200 15
200.118.64.109 - - [28/May/2022:18:15:04 -0500] "POST /forms/lservlet;jsessionid=ac16012b30d6279a8b5810ae4243a5b0c7e88fb7092b.e3iSbxaKaheRe34MbxmQaheMbNz0n6jAmljGr5XDqQLvpAe HTTP/1.1" 200 15
200.118.64.109 - - [28/May/2022:18:15:12 -0500] "POST /forms/lservlet;jsessionid=ac16012b30d6279a8b5810ae4243a5b0c7e88fb7092b.e3iSbxaKaheRe34MbxmQaheMbNz0n6jAmljGr5XDqQLvpAe HTTP/1.1" 200 15
31.148.130.162 - - [28/May/2022:18:15:16 -0500] "GET /BLA/resoluciones/RESOLUCIONES%202013/0269.pdf HTTP/1.1" 200 2277104
200.118.64.109 - - [28/May/2022:18:15:21 -0500] "POST /forms/lservlet;jsessionid=ac16012b30d6279a8b5810ae4243a5b0c7e88fb7092b.e3iSbxaKaheRe34MbxmQaheMbNz0n6jAmljGr5XDqQLvpAe HTTP/1.1" 200 15
172.22.2.4 - - [28/May/2022:18:13:48 -0500] "GET /BLA/boletinlegal/ HTTP/1.1" 200 59075
200.118.64.109 - - [28/May/2022:18:15:30 -0500] "POST /forms/lservlet;jsessionid=ac16012b30d6279a8b5810ae4243a5b0c7e88fb7092b.e3iSbxaKaheRe34MbxmQaheMbNz0n6jAmljGr5XDqQLvpAe HTTP/1.1" 200 15
181.55.143.123 - - [28/May/2022:18:15:35 -0500] "GET /conoce-los-requisitos-ambientales-para-abrir-un-establecimiento-comercial-en-bogota.html HTTP/1.1" 200 796
200.118.64.109 - - [28/May/2022:18:15:39 -0500] "POST /forms/lservlet;jsessionid=ac16012b30d6279a8b5810ae4243a5b0c7e88fb7092b.e3iSbxaKaheRe34MbxmQaheMbNz0n6jAmljGr5XDqQLvpAe HTTP/1.1" 200 15
200.118.64.109 - - [28/May/2022:18:15:48 -0500] "POST /forms/lservlet;jsessionid=ac16012b30d6279a8b5810ae4243a5b0c7e88fb7092b.e3iSbxaKaheRe34MbxmQaheMbNz0n6jAmljGr5XDqQLvpAe HTTP/1.1" 200 15
200.118.64.109 - - [28/May/2022:18:15:57 -0500] "POST /forms/lservlet;jsessionid=ac16012b30d6279a8b5810ae4243a5b0c7e88fb7092b.e3iSbxaKaheRe34MbxmQaheMbNz0n6jAmljGr5XDqQLvpAe HTTP/1.1" 200 15
200.118.64.109 - - [28/May/2022:18:16:06 -0500] "POST /forms/lservlet;jsessionid=ac16012b30d6279a8b5810ae4243a5b0c7e88fb7092b.e3iSbxaKaheRe34MbxmQaheMbNz0n6jAmljGr5XDqQLvpAe HTTP/1.1" 200 15
200.118.64.109 - - [28/May/2022:18:16:16 -0500] "POST /forms/lservlet;jsessionid=ac16012b30d6279a8b5810ae4243a5b0c7e88fb7092b.e3iSbxaKaheRe34MbxmQaheMbNz0n6jAmljGr5XDqQLvpAe HTTP/1.1" 200 15
200.118.64.109 - - [28/May/2022:18:16:25 -0500] "POST /forms/lservlet;jsessionid=ac16012b30d6279a8b5810ae4243a5b0c7e88fb7092b.e3iSbxaKaheRe34MbxmQaheMbNz0n6jAmljGr5XDqQLvpAe HTTP/1.1" 200 15
200.118.64.109 - - [28/May/2022:18:16:34 -0500] "POST /forms/lservlet;jsessionid=ac16012b30d6279a8b5810ae4243a5b0c7e88fb7092b.e3iSbxaKaheRe34MbxmQaheMbNz0n6jAmljGr5XDqQLvpAe HTTP/1.1" 200 15
200.118.64.109 - - [28/May/2022:18:16:43 -0500] "POST /forms/lservlet;jsessionid=ac16012b30d6279a8b5810ae4243a5b0c7e88fb7092b.e3iSbxaKaheRe34MbxmQaheMbNz0n6jAmljGr5XDqQLvpAe HTTP/1.1" 200 15
216.245.221.92 - - [28/May/2022:18:16:51 -0500] "HEAD / HTTP/1.1" 200 -
172.22.2.4 - - [28/May/2022:18:16:12 -0500] "GET /BLA/boletinlegal/?XDEBUG_SESSION_START=phpstorm HTTP/1.1" 200 32715
200.118.64.109 - - [28/May/2022:18:16:52 -0500] "POST /forms/lservlet;jsessionid=ac16012b30d6279a8b5810ae4243a5b0c7e88fb7092b.e3iSbxaKaheRe34MbxmQaheMbNz0n6jAmljGr5XDqQLvpAe HTTP/1.1" 200 15
181.53.12.131 - - [28/May/2022:18:17:00 -0500] "GET /secretaria-de-ambiente-y-sena-abren-curso-de-jardines-verticales.html HTTP/1.1" 304 -
172.22.2.4 - - [28/May/2022:18:17:02 -0500] "GET /BLA/boletinlegal/actos.php HTTP/1.1" 200 9559
200.118.64.109 - - [28/May/2022:18:17:01 -0500] "POST /forms/lservlet;jsessionid=ac16012b30d6279a8b5810ae4243a5b0c7e88fb7092b.e3iSbxaKaheRe34MbxmQaheMbNz0n6jAmljGr5XDqQLvpAe HTTP/1.1" 200 15
172.22.2.4 - - [28/May/2022:18:17:02 -0500] "GET /BLA/boletinlegal/favicon.ico HTTP/1.1" 404 1326
181.32.176.108 - - [28/May/2022:18:17:04 -0500] "GET /BLA/resoluciones/ HTTP/1.1" 200 13093
181.32.176.108 - - [28/May/2022:18:17:07 -0500] "GET /BLA/resoluciones/index.php?dir=AUTOS+2011%2F HTTP/1.1" 200 629736
200.118.64.109 - - [28/May/2022:18:17:10 -0500] "POST /forms/lservlet;jsessionid=ac16012b30d6279a8b5810ae4243a5b0c7e88fb7092b.e3iSbxaKaheRe34MbxmQaheMbNz0n6jAmljGr5XDqQLvpAe HTTP/1.1" 200 15
200.118.64.109 - - [28/May/2022:18:17:20 -0500] "POST /forms/lservlet;jsessionid=ac16012b30d6279a8b5810ae4243a5b0c7e88fb7092b.e3iSbxaKaheRe34MbxmQaheMbNz0n6jAmljGr5XDqQLvpAe HTTP/1.1" 200 15
200.118.64.109 - - [28/May/2022:18:17:29 -0500] "POST /forms/lservlet;jsessionid=ac16012b30d6279a8b5810ae4243a5b0c7e88fb7092b.e3iSbxaKaheRe34MbxmQaheMbNz0n6jAmljGr5XDqQLvpAe HTTP/1.1" 200 107
200.118.64.109 - - [28/May/2022:18:17:29 -0500] "POST /forms/lservlet;jsessionid=ac16012b30d6279a8b5810ae4243a5b0c7e88fb7092b.e3iSbxaKaheRe34MbxmQaheMbNz0n6jAmljGr5XDqQLvpAe HTTP/1.1" 200 2
172.22.2.4 - - [28/May/2022:18:17:01 -0500] "GET /BLA/boletinlegal/ HTTP/1.1" 200 24523
66.220.149.6 - - [28/May/2022:18:17:47 -0500] "GET /images/negocios-verdes-mayo-2022.jpg HTTP/1.1" 200 48000
201.221.172.195 - - [28/May/2022:18:18:23 -0500] "GET /secretaria-de-ambiente-y-sena-abren-curso-de-jardines-verticales.html HTTP/1.1" 200 734
200.118.64.109 - - [28/May/2022:18:17:29 -0500] "GET /reports/rwservlet/getjobid76672?server=repnomi HTTP/1.1" 200 32075813
181.32.176.108 - - [28/May/2022:18:18:39 -0500] "GET /BLA/resoluciones/index.php?dir=RESOLUCIONES+2011%2F HTTP/1.1" 200 746483
200.118.64.109 - - [28/May/2022:18:18:47 -0500] "POST /forms/lservlet;jsessionid=ac16012b30d6279a8b5810ae4243a5b0c7e88fb7092b.e3iSbxaKaheRe34MbxmQaheMbNz0n6jAmljGr5XDqQLvpAe HTTP/1.1" 200 2
181.59.251.151 - - [28/May/2022:18:20:26 -0500] "GET /kwssiamovil/sm/acme/u?s=U2FsdGVkX19dotb9S2DouM/y7mFfE2vQ66IjrYOYCw0jy0xOBaUCztQ1V9qxd7Ihu+lzuNu1gUP8dt8rGdv+nFIvdgdRCazu8yfR5etxDcm0ScBaj5zE0OPKzfGEAtXpsypT6LBDlGvX7TojI2eQ1w==&u=U2FsdGVkX18dbXUC4JIQKqY+mlVZkC4QLDTJj6eUuLQ=&y=U2FsdGVkX1+U7lt46cpAzYP4eX5HeQ1FI5OLn92UJAyLrmtRChcygHmzcyaHgOip HTTP/1.1" 200 60
172.22.2.4 - - [28/May/2022:18:18:48 -0500] "HEAD /BLA/boletinlegal/ HTTP/1.1" 200 -
200.118.64.109 - - [28/May/2022:18:20:47 -0500] "POST /forms/lservlet;jsessionid=ac16012b30d6279a8b5810ae4243a5b0c7e88fb7092b.e3iSbxaKaheRe34MbxmQaheMbNz0n6jAmljGr5XDqQLvpAe HTTP/1.1" 200 2
172.22.2.4 - - [28/May/2022:18:19:38 -0500] "GET /BLA/boletinlegal/ HTTP/1.1" 200 59075
191.95.60.174 - - [28/May/2022:18:21:22 -0500] "GET /secretaria-de-ambiente-y-sena-abren-curso-de-jardines-verticales.html HTTP/1.1" 200 734
216.245.221.92 - - [28/May/2022:18:21:51 -0500] "HEAD / HTTP/1.1" 200 -
190.24.58.45 - - [28/May/2022:18:22:03 -0500] "GET /conoce-los-requisitos-ambientales-para-abrir-un-establecimiento-comercial-en-bogota.html HTTP/1.1" 200 796
201.245.192.253 - - [28/May/2022:18:21:38 -0500] "POST /kwsrmcab/Wsrmcab HTTP/1.1" 200 47068
207.46.13.179 - - [28/May/2022:18:22:44 -0500] "GET /bla/resoluciones/resoluciones%202012/0532.pdf HTTP/1.1" 200 339706
200.118.64.109 - - [28/May/2022:18:22:47 -0500] "POST /forms/lservlet;jsessionid=ac16012b30d6279a8b5810ae4243a5b0c7e88fb7092b.e3iSbxaKaheRe34MbxmQaheMbNz0n6jAmljGr5XDqQLvpAe HTTP/1.1" 200 2
201.245.192.253 - - [28/May/2022:18:22:28 -0500] "POST /kwsrmcab/Wsrmcab HTTP/1.1" 200 47413
207.46.13.179 - - [28/May/2022:18:24:44 -0500] "GET /BLA/resoluciones/index.php?dir=RESOLUCIONES+2022%2F HTTP/1.1" 200 31804
200.118.64.109 - - [28/May/2022:18:24:47 -0500] "POST /forms/lservlet;jsessionid=ac16012b30d6279a8b5810ae4243a5b0c7e88fb7092b.e3iSbxaKaheRe34MbxmQaheMbNz0n6jAmljGr5XDqQLvpAe HTTP/1.1" 200 2
172.22.2.4 - - [28/May/2022:18:24:38 -0500] "HEAD /BLA/boletinlegal/ HTTP/1.1" 200 -
186.155.156.149 - - [28/May/2022:18:26:25 -0500] "GET /secretaria-de-ambiente-y-sena-abren-curso-de-jardines-verticales.html HTTP/1.1" 200 734
191.95.63.140 - - [28/May/2022:18:26:38 -0500] "GET /secretaria-de-ambiente-y-sena-abren-curso-de-jardines-verticales.html HTTP/1.1" 200 734
200.118.64.109 - - [28/May/2022:18:26:48 -0500] "POST /forms/lservlet;jsessionid=ac16012b30d6279a8b5810ae4243a5b0c7e88fb7092b.e3iSbxaKaheRe34MbxmQaheMbNz0n6jAmljGr5XDqQLvpAe HTTP/1.1" 200 2
216.245.221.92 - - [28/May/2022:18:26:51 -0500] "HEAD / HTTP/1.1" 200 -
181.55.167.127 - - [28/May/2022:18:26:52 -0500] "GET /secretaria-de-ambiente-y-sena-abren-curso-de-jardines-verticales.html HTTP/1.1" 200 734
172.22.2.4 - - [28/May/2022:18:25:28 -0500] "GET /BLA/boletinlegal/ HTTP/1.1" 200 58029
190.24.58.45 - - [28/May/2022:18:27:19 -0500] "GET /proyecto-de-eficiencia-energetica-y-energia-solar-para-entidades-publicas-de-bogota-recibira-apoyo-de-c40.html HTTP/1.1" 200 890
157.55.39.43 - - [28/May/2022:18:28:28 -0500] "GET /bla/resoluciones/resoluciones%202012/1809.pdf HTTP/1.1" 200 645916
200.118.64.109 - - [28/May/2022:18:28:48 -0500] "POST /forms/lservlet;jsessionid=ac16012b30d6279a8b5810ae4243a5b0c7e88fb7092b.e3iSbxaKaheRe34MbxmQaheMbNz0n6jAmljGr5XDqQLvpAe HTTP/1.1" 200 2
191.156.226.176 - - [28/May/2022:18:29:35 -0500] "GET /secretaria-de-ambiente-y-sena-abren-curso-de-jardines-verticales.html?fbclid=IwAR2xxoC72R0jIeAjkV-aJM6nk1x_SBXPeCOYuoVY5bMMmrBLlPuwXn-XTmk HTTP/1.1" 200 734
200.118.64.109 - - [28/May/2022:18:30:48 -0500] "POST /forms/lservlet;jsessionid=ac16012b30d6279a8b5810ae4243a5b0c7e88fb7092b.e3iSbxaKaheRe34MbxmQaheMbNz0n6jAmljGr5XDqQLvpAe HTTP/1.1" 200 2
157.55.39.8 - - [28/May/2022:18:31:36 -0500] "GET /BLA/resoluciones/index.php?dir=AUTOS+2008%2F HTTP/1.1" 200 569644
216.245.221.92 - - [28/May/2022:18:31:51 -0500] "HEAD / HTTP/1.1" 200 -
172.22.2.4 - - [28/May/2022:18:30:28 -0500] "HEAD /BLA/boletinlegal/ HTTP/1.1" 200 -
201.245.192.253 - - [28/May/2022:18:31:38 -0500] "POST /kwsrmcab/Wsrmcab HTTP/1.1" 200 47068
200.118.64.109 - - [28/May/2022:18:32:48 -0500] "POST /forms/lservlet;jsessionid=ac16012b30d6279a8b5810ae4243a5b0c7e88fb7092b.e3iSbxaKaheRe34MbxmQaheMbNz0n6jAmljGr5XDqQLvpAe HTTP/1.1" 200 2
172.22.2.4 - - [28/May/2022:18:31:18 -0500] "GET /BLA/boletinlegal/ HTTP/1.1" 200 58482
173.252.95.3 - - [28/May/2022:18:33:06 -0500] "GET /images/jardines-verticales-plantas-24-mayo.jpg HTTP/1.1" 200 148288
201.245.192.253 - - [28/May/2022:18:32:28 -0500] "POST /kwsrmcab/Wsrmcab HTTP/1.1" 200 47413
201.221.172.195 - - [28/May/2022:18:34:36 -0500] "GET /secretaria-de-ambiente-y-sena-abren-curso-de-jardines-verticales.html HTTP/1.1" 200 734
200.118.64.109 - - [28/May/2022:18:34:48 -0500] "POST /forms/lservlet;jsessionid=ac16012b30d6279a8b5810ae4243a5b0c7e88fb7092b.e3iSbxaKaheRe34MbxmQaheMbNz0n6jAmljGr5XDqQLvpAe HTTP/1.1" 200 2
172.22.2.4 - - [28/May/2022:18:35:14 -0500] "GET /BLA/boletinlegal/Directivas/2011/Directiva%20No.%203%20del%2027%20de%20Mayo%20de%202011.pdf HTTP/1.1" 304 -
191.156.152.111 - - [28/May/2022:18:36:48 -0500] "GET /secretaria-de-ambiente-y-sena-abren-curso-de-jardines-verticales.html HTTP/1.1" 200 734
200.118.64.109 - - [28/May/2022:18:36:49 -0500] "POST /forms/lservlet;jsessionid=ac16012b30d6279a8b5810ae4243a5b0c7e88fb7092b.e3iSbxaKaheRe34MbxmQaheMbNz0n6jAmljGr5XDqQLvpAe HTTP/1.1" 200 2
216.245.221.92 - - [28/May/2022:18:36:51 -0500] "HEAD / HTTP/1.1" 200 -
157.55.39.8 - - [28/May/2022:18:36:55 -0500] "GET /bla/resoluciones/resoluciones%202012/1747.pdf HTTP/1.1" 200 1184714
172.22.2.4 - - [28/May/2022:18:35:48 -0500] "GET /BLA/boletinlegal/ HTTP/1.1" 200 54577
172.22.2.4 - - [28/May/2022:18:36:18 -0500] "HEAD /BLA/boletinlegal/ HTTP/1.1" 200 -
207.46.13.179 - - [28/May/2022:18:38:06 -0500] "GET /bla/resoluciones/resoluciones%202012/0885.pdf HTTP/1.1" 200 443099
172.22.2.4 - - [28/May/2022:18:37:08 -0500] "GET /BLA/boletinlegal/ HTTP/1.1" 200 53024
200.118.64.109 - - [28/May/2022:18:38:49 -0500] "POST /forms/lservlet;jsessionid=ac16012b30d6279a8b5810ae4243a5b0c7e88fb7092b.e3iSbxaKaheRe34MbxmQaheMbNz0n6jAmljGr5XDqQLvpAe HTTP/1.1" 200 2
172.22.2.4 - - [28/May/2022:18:39:39 -0500] "GET /BLA/boletinlegal/Circulares/2019/.pdf HTTP/1.1" 404 1218
173.252.95.20 - - [28/May/2022:18:40:05 -0500] "GET /images/negocios-verdes-mayo-2022.jpg HTTP/1.1" 200 48000
66.220.149.24 - - [28/May/2022:18:40:07 -0500] "GET /images/feria-servicios-12-mayo-principal.jpg HTTP/1.1" 200 44744
173.252.95.10 - - [28/May/2022:18:40:09 -0500] "GET /images/secretaria-carolina-economia-circular-6-mayo.jpg HTTP/1.1" 200 33699
66.220.149.4 - - [28/May/2022:18:40:19 -0500] "GET /images/acopiadores-llantas-control-2-abril.jpeg HTTP/1.1" 200 34334
173.252.95.116 - - [28/May/2022:18:40:23 -0500] "GET /images/humedal-agua-lluvias-bogota-18-marzo.jpg HTTP/1.1" 200 146923
66.220.149.10 - - [28/May/2022:18:40:26 -0500] "GET /images/ecositemas-cerros-10-marzo.jpg HTTP/1.1" 200 85534
66.220.149.4 - - [28/May/2022:18:40:28 -0500] "GET /images/jardines-verticales-4-marzo.jpg HTTP/1.1" 200 54804
200.118.64.109 - - [28/May/2022:18:40:49 -0500] "POST /forms/lservlet;jsessionid=ac16012b30d6279a8b5810ae4243a5b0c7e88fb7092b.e3iSbxaKaheRe34MbxmQaheMbNz0n6jAmljGr5XDqQLvpAe HTTP/1.1" 200 2
191.156.146.20 - - [28/May/2022:18:41:33 -0500] "GET /secretaria-de-ambiente-y-sena-abren-curso-de-jardines-verticales.html HTTP/1.1" 200 734
216.245.221.92 - - [28/May/2022:18:41:52 -0500] "HEAD / HTTP/1.1" 200 -
191.102.220.207 - - [28/May/2022:18:41:57 -0500] "GET /BLA/resoluciones/index.php?dir=RESOLUCIONES+2020%2F HTTP/1.1" 200 161572
207.46.13.146 - - [28/May/2022:18:42:05 -0500] "GET /bla/resoluciones/resoluciones%202012/0435.pdf HTTP/1.1" 200 260796
201.245.192.253 - - [28/May/2022:18:41:39 -0500] "POST /kwsrmcab/Wsrmcab HTTP/1.1" 200 47068
200.118.64.109 - - [28/May/2022:18:42:49 -0500] "POST /forms/lservlet;jsessionid=ac16012b30d6279a8b5810ae4243a5b0c7e88fb7092b.e3iSbxaKaheRe34MbxmQaheMbNz0n6jAmljGr5XDqQLvpAe HTTP/1.1" 200 2
201.245.192.253 - - [28/May/2022:18:42:30 -0500] "POST /kwsrmcab/Wsrmcab HTTP/1.1" 200 47413
172.22.2.4 - - [28/May/2022:18:42:08 -0500] "HEAD /BLA/boletinlegal/ HTTP/1.1" 200 -
172.22.2.4 - - [28/May/2022:18:42:58 -0500] "GET /BLA/boletinlegal/ HTTP/1.1" 200 60973
200.118.64.109 - - [28/May/2022:18:44:50 -0500] "POST /forms/lservlet;jsessionid=ac16012b30d6279a8b5810ae4243a5b0c7e88fb7092b.e3iSbxaKaheRe34MbxmQaheMbNz0n6jAmljGr5XDqQLvpAe HTTP/1.1" 200 2
157.55.39.43 - - [28/May/2022:18:46:39 -0500] "GET /bla/resoluciones/resoluciones%202012/0331.pdf HTTP/1.1" 200 343266
200.118.64.109 - - [28/May/2022:18:46:50 -0500] "POST /forms/lservlet;jsessionid=ac16012b30d6279a8b5810ae4243a5b0c7e88fb7092b.e3iSbxaKaheRe34MbxmQaheMbNz0n6jAmljGr5XDqQLvpAe HTTP/1.1" 200 2
216.245.221.92 - - [28/May/2022:18:46:51 -0500] "HEAD / HTTP/1.1" 200 -
157.55.39.77 - - [28/May/2022:18:46:52 -0500] "GET /images/pieza-sostenibilidad-21-octubre.jpg HTTP/1.1" 200 37769
200.118.64.109 - - [28/May/2022:18:48:50 -0500] "POST /forms/lservlet;jsessionid=ac16012b30d6279a8b5810ae4243a5b0c7e88fb7092b.e3iSbxaKaheRe34MbxmQaheMbNz0n6jAmljGr5XDqQLvpAe HTTP/1.1" 200 2
40.77.167.79 - - [28/May/2022:18:49:22 -0500] "GET /bla/resoluciones/resoluciones%202022/1284.pdf HTTP/1.1" 200 463094
172.22.2.4 - - [28/May/2022:18:47:58 -0500] "HEAD /BLA/boletinlegal/ HTTP/1.1" 200 -
173.252.107.12 - - [28/May/2022:18:50:21 -0500] "GET /las-mujeres-reverdecen-bogota-en-el-dia-mundial-de-los-humedales.html HTTP/1.1" 206 900
207.46.13.146 - - [28/May/2022:18:50:25 -0500] "GET /bla/resoluciones/resoluciones%202012/0938.pdf HTTP/1.1" 200 572000
161.18.222.179 - - [28/May/2022:18:50:27 -0500] "POST /sipse/faces/presentacion/financiero/solicitudProceso/consultar.xhtml HTTP/1.1" 200 3850
172.22.2.4 - - [28/May/2022:18:48:49 -0500] "GET /BLA/boletinlegal/ HTTP/1.1" 200 58482
161.18.222.179 - - [28/May/2022:18:50:29 -0500] "POST /sipse/faces/presentacion/financiero/solicitudProceso/consultar.xhtml HTTP/1.1" 200 61730
161.18.222.179 - - [28/May/2022:18:50:29 -0500] "GET /sipse/faces/javax.faces.resource/theme.css?ln=primefaces-sipse HTTP/1.1" 304 -
161.18.222.179 - - [28/May/2022:18:50:29 -0500] "GET /sipse/faces/javax.faces.resource/primefaces.css?ln=primefaces&v=4.0 HTTP/1.1" 304 -
161.18.222.179 - - [28/May/2022:18:50:29 -0500] "GET /sipse/faces/javax.faces.resource/layout/layout.css?ln=primefaces&v=4.0 HTTP/1.1" 304 -
161.18.222.179 - - [28/May/2022:18:50:29 -0500] "GET /sipse/css/imagen/contrasena.png HTTP/1.1" 404 383
161.18.222.179 - - [28/May/2022:18:50:29 -0500] "GET /sipse/faces/javax.faces.resource/jquery/jquery.js?ln=primefaces&v=4.0 HTTP/1.1" 304 -
161.18.222.179 - - [28/May/2022:18:50:29 -0500] "GET /sipse/faces/javax.faces.resource/jquery/jquery-plugins.js?ln=primefaces&v=4.0 HTTP/1.1" 304 -
161.18.222.179 - - [28/May/2022:18:50:30 -0500] "GET /sipse/faces/javax.faces.resource/primefaces.js?ln=primefaces&v=4.0 HTTP/1.1" 304 -
161.18.222.179 - - [28/May/2022:18:50:30 -0500] "GET /sipse/faces/javax.faces.resource/layout/layout.js?ln=primefaces&v=4.0 HTTP/1.1" 304 -
161.18.222.179 - - [28/May/2022:18:50:30 -0500] "POST /sipse/faces/presentacion/financiero/solicitudProceso/listarSolicitudProceso.xhtml HTTP/1.1" 200 55120
161.18.222.179 - - [28/May/2022:18:50:30 -0500] "POST /sipse/faces/presentacion/financiero/solicitudProceso/listarSolicitudProceso.xhtml HTTP/1.1" 200 1452
161.18.222.179 - - [28/May/2022:18:50:30 -0500] "POST /sipse/faces/presentacion/financiero/solicitudProceso/listarSolicitudProceso.xhtml HTTP/1.1" 200 1448
161.18.222.179 - - [28/May/2022:18:50:41 -0500] "POST /sipse/faces/presentacion/financiero/solicitudProceso/listarSolicitudProceso.xhtml HTTP/1.1" 200 111679
161.18.222.179 - - [28/May/2022:18:50:41 -0500] "GET /sipse/faces/javax.faces.resource/theme.css?ln=primefaces-sipse HTTP/1.1" 304 -
161.18.222.179 - - [28/May/2022:18:50:41 -0500] "GET /sipse/faces/javax.faces.resource/layout/layout.css?ln=primefaces&v=4.0 HTTP/1.1" 304 -
161.18.222.179 - - [28/May/2022:18:50:41 -0500] "GET /sipse/faces/javax.faces.resource/primefaces.css?ln=primefaces&v=4.0 HTTP/1.1" 304 -
161.18.222.179 - - [28/May/2022:18:50:41 -0500] "GET /sipse/faces/javax.faces.resource/jquery/jquery.js?ln=primefaces&v=4.0 HTTP/1.1" 304 -
161.18.222.179 - - [28/May/2022:18:50:41 -0500] "GET /sipse/faces/javax.faces.resource/jquery/jquery-plugins.js?ln=primefaces&v=4.0 HTTP/1.1" 304 -
161.18.222.179 - - [28/May/2022:18:50:41 -0500] "GET /sipse/faces/javax.faces.resource/primefaces.js?ln=primefaces&v=4.0 HTTP/1.1" 304 -
161.18.222.179 - - [28/May/2022:18:50:41 -0500] "GET /sipse/faces/javax.faces.resource/layout/layout.js?ln=primefaces&v=4.0 HTTP/1.1" 304 -
161.18.222.179 - - [28/May/2022:18:50:41 -0500] "GET /sipse/css/imagen/contrasena.png HTTP/1.1" 404 383
200.118.64.109 - - [28/May/2022:18:50:51 -0500] "POST /forms/lservlet;jsessionid=ac16012b30d6279a8b5810ae4243a5b0c7e88fb7092b.e3iSbxaKaheRe34MbxmQaheMbNz0n6jAmljGr5XDqQLvpAe HTTP/1.1" 200 2
161.18.222.179 - - [28/May/2022:18:50:55 -0500] "POST /sipse/faces/presentacion/financiero/solicitudProceso/consultarSolicitudProceso.xhtml HTTP/1.1" 200 65449
161.18.222.179 - - [28/May/2022:18:50:56 -0500] "GET /sipse/faces/javax.faces.resource/theme.css?ln=primefaces-sipse HTTP/1.1" 304 -
161.18.222.179 - - [28/May/2022:18:50:56 -0500] "GET /sipse/faces/javax.faces.resource/primefaces.css?ln=primefaces&v=4.0 HTTP/1.1" 304 -
161.18.222.179 - - [28/May/2022:18:50:56 -0500] "GET /sipse/faces/javax.faces.resource/layout/layout.css?ln=primefaces&v=4.0 HTTP/1.1" 304 -
161.18.222.179 - - [28/May/2022:18:50:56 -0500] "GET /sipse/faces/javax.faces.resource/layout/layout.js?ln=primefaces&v=4.0 HTTP/1.1" 304 -
161.18.222.179 - - [28/May/2022:18:50:56 -0500] "GET /sipse/faces/javax.faces.resource/jquery/jquery.js?ln=primefaces&v=4.0 HTTP/1.1" 304 -
161.18.222.179 - - [28/May/2022:18:50:56 -0500] "GET /sipse/faces/javax.faces.resource/jquery/jquery-plugins.js?ln=primefaces&v=4.0 HTTP/1.1" 304 -
161.18.222.179 - - [28/May/2022:18:50:56 -0500] "GET /sipse/faces/javax.faces.resource/primefaces.js?ln=primefaces&v=4.0 HTTP/1.1" 304 -
161.18.222.179 - - [28/May/2022:18:50:56 -0500] "GET /sipse/faces/javax.faces.resource/images/ui-icons_898989_256x240.png?ln=primefaces-aristo HTTP/1.1" 304 -
161.18.222.179 - - [28/May/2022:18:50:56 -0500] "GET /sipse/css/imagen/contrasena.png HTTP/1.1" 404 383
161.18.222.179 - - [28/May/2022:18:50:56 -0500] "GET /sipse/faces/javax.faces.resource/images/ui-bg_flat_0_2d5972_40x100.png?ln=primefaces-aristo HTTP/1.1" 304 -
161.18.222.179 - - [28/May/2022:18:50:56 -0500] "POST /sipse/faces/presentacion/financiero/solicitudProceso/listarSolicitudProceso.xhtml HTTP/1.1" 200 1452
161.18.222.179 - - [28/May/2022:18:50:56 -0500] "POST /sipse/faces/presentacion/financiero/solicitudProceso/listarSolicitudProceso.xhtml HTTP/1.1" 200 1448
161.18.222.179 - - [28/May/2022:18:51:08 -0500] "POST /sipse/faces/presentacion/financiero/solicitudProceso/listarSolicitudProceso.xhtml HTTP/1.1" 200 113383
161.18.222.179 - - [28/May/2022:18:51:09 -0500] "GET /sipse/faces/javax.faces.resource/theme.css?ln=primefaces-sipse HTTP/1.1" 304 -
161.18.222.179 - - [28/May/2022:18:51:09 -0500] "GET /sipse/faces/javax.faces.resource/primefaces.css?ln=primefaces&v=4.0 HTTP/1.1" 304 -
161.18.222.179 - - [28/May/2022:18:51:09 -0500] "GET /sipse/faces/javax.faces.resource/layout/layout.css?ln=primefaces&v=4.0 HTTP/1.1" 304 -
161.18.222.179 - - [28/May/2022:18:51:09 -0500] "GET /sipse/faces/javax.faces.resource/jquery/jquery.js?ln=primefaces&v=4.0 HTTP/1.1" 304 -
161.18.222.179 - - [28/May/2022:18:51:09 -0500] "GET /sipse/faces/javax.faces.resource/jquery/jquery-plugins.js?ln=primefaces&v=4.0 HTTP/1.1" 304 -
161.18.222.179 - - [28/May/2022:18:51:09 -0500] "GET /sipse/faces/javax.faces.resource/primefaces.js?ln=primefaces&v=4.0 HTTP/1.1" 304 -
161.18.222.179 - - [28/May/2022:18:51:09 -0500] "GET /sipse/faces/javax.faces.resource/layout/layout.js?ln=primefaces&v=4.0 HTTP/1.1" 304 -
161.18.222.179 - - [28/May/2022:18:51:09 -0500] "GET /sipse/css/imagen/contrasena.png HTTP/1.1" 404 383
161.18.222.179 - - [28/May/2022:18:51:28 -0500] "POST /sipse/faces/presentacion/financiero/solicitudProceso/consultarSolicitudProceso.xhtml HTTP/1.1" 200 61730
161.18.222.179 - - [28/May/2022:18:51:28 -0500] "GET /sipse/faces/javax.faces.resource/theme.css?ln=primefaces-sipse HTTP/1.1" 304 -
161.18.222.179 - - [28/May/2022:18:51:28 -0500] "GET /sipse/faces/javax.faces.resource/primefaces.css?ln=primefaces&v=4.0 HTTP/1.1" 304 -
161.18.222.179 - - [28/May/2022:18:51:28 -0500] "GET /sipse/faces/javax.faces.resource/layout/layout.css?ln=primefaces&v=4.0 HTTP/1.1" 304 -
161.18.222.179 - - [28/May/2022:18:51:28 -0500] "GET /sipse/faces/javax.faces.resource/jquery/jquery.js?ln=primefaces&v=4.0 HTTP/1.1" 304 -
161.18.222.179 - - [28/May/2022:18:51:28 -0500] "GET /sipse/faces/javax.faces.resource/jquery/jquery-plugins.js?ln=primefaces&v=4.0 HTTP/1.1" 304 -
161.18.222.179 - - [28/May/2022:18:51:28 -0500] "GET /sipse/faces/javax.faces.resource/primefaces.js?ln=primefaces&v=4.0 HTTP/1.1" 304 -
161.18.222.179 - - [28/May/2022:18:51:28 -0500] "GET /sipse/faces/javax.faces.resource/layout/layout.js?ln=primefaces&v=4.0 HTTP/1.1" 304 -
161.18.222.179 - - [28/May/2022:18:51:28 -0500] "GET /sipse/css/imagen/contrasena.png HTTP/1.1" 404 383
161.18.222.179 - - [28/May/2022:18:51:28 -0500] "POST /sipse/faces/presentacion/financiero/solicitudProceso/listarSolicitudProceso.xhtml HTTP/1.1" 200 55120
161.18.222.179 - - [28/May/2022:18:51:29 -0500] "POST /sipse/faces/presentacion/financiero/solicitudProceso/listarSolicitudProceso.xhtml HTTP/1.1" 200 1452
161.18.222.179 - - [28/May/2022:18:51:29 -0500] "POST /sipse/faces/presentacion/financiero/solicitudProceso/listarSolicitudProceso.xhtml HTTP/1.1" 200 1448
161.18.222.179 - - [28/May/2022:18:51:36 -0500] "POST /sipse/faces/presentacion/financiero/solicitudProceso/listarSolicitudProceso.xhtml HTTP/1.1" 200 111679
161.18.222.179 - - [28/May/2022:18:51:37 -0500] "GET /sipse/faces/javax.faces.resource/theme.css?ln=primefaces-sipse HTTP/1.1" 304 -
161.18.222.179 - - [28/May/2022:18:51:37 -0500] "GET /sipse/faces/javax.faces.resource/layout/layout.css?ln=primefaces&v=4.0 HTTP/1.1" 304 -
161.18.222.179 - - [28/May/2022:18:51:37 -0500] "GET /sipse/faces/javax.faces.resource/primefaces.css?ln=primefaces&v=4.0 HTTP/1.1" 304 -
161.18.222.179 - - [28/May/2022:18:51:37 -0500] "GET /sipse/faces/javax.faces.resource/jquery/jquery.js?ln=primefaces&v=4.0 HTTP/1.1" 304 -
161.18.222.179 - - [28/May/2022:18:51:37 -0500] "GET /sipse/faces/javax.faces.resource/jquery/jquery-plugins.js?ln=primefaces&v=4.0 HTTP/1.1" 304 -
161.18.222.179 - - [28/May/2022:18:51:37 -0500] "GET /sipse/faces/javax.faces.resource/primefaces.js?ln=primefaces&v=4.0 HTTP/1.1" 304 -
161.18.222.179 - - [28/May/2022:18:51:37 -0500] "GET /sipse/faces/javax.faces.resource/layout/layout.js?ln=primefaces&v=4.0 HTTP/1.1" 304 -
161.18.222.179 - - [28/May/2022:18:51:37 -0500] "GET /sipse/css/imagen/contrasena.png HTTP/1.1" 404 383
181.59.126.174 - - [28/May/2022:17:11:07 -0500] "POST /kwssiamovil/sm/setfile/f? HTTP/1.1" 400 1022
161.18.222.179 - - [28/May/2022:18:51:45 -0500] "GET /sipse/faces/javax.faces.resource/primefaces.css?ln=primefaces&v=4.0 HTTP/1.1" 304 -
161.18.222.179 - - [28/May/2022:18:51:45 -0500] "GET /sipse/faces/javax.faces.resource/theme.css?ln=primefaces-sipse HTTP/1.1" 304 -
161.18.222.179 - - [28/May/2022:18:51:44 -0500] "POST /sipse/faces/presentacion/financiero/solicitudProceso/consultarSolicitudProceso.xhtml HTTP/1.1" 200 65449
161.18.222.179 - - [28/May/2022:18:51:45 -0500] "GET /sipse/faces/javax.faces.resource/jquery/jquery-plugins.js?ln=primefaces&v=4.0 HTTP/1.1" 304 -
161.18.222.179 - - [28/May/2022:18:51:45 -0500] "GET /sipse/faces/javax.faces.resource/jquery/jquery.js?ln=primefaces&v=4.0 HTTP/1.1" 304 -
161.18.222.179 - - [28/May/2022:18:51:45 -0500] "GET /sipse/faces/javax.faces.resource/layout/layout.css?ln=primefaces&v=4.0 HTTP/1.1" 304 -
161.18.222.179 - - [28/May/2022:18:51:45 -0500] "GET /sipse/faces/javax.faces.resource/layout/layout.js?ln=primefaces&v=4.0 HTTP/1.1" 304 -
161.18.222.179 - - [28/May/2022:18:51:45 -0500] "GET /sipse/faces/javax.faces.resource/primefaces.js?ln=primefaces&v=4.0 HTTP/1.1" 304 -
161.18.222.179 - - [28/May/2022:18:51:45 -0500] "GET /sipse/css/imagen/contrasena.png HTTP/1.1" 404 383
161.18.222.179 - - [28/May/2022:18:51:45 -0500] "POST /sipse/faces/presentacion/financiero/solicitudProceso/listarSolicitudProceso.xhtml HTTP/1.1" 200 1452
161.18.222.179 - - [28/May/2022:18:51:45 -0500] "POST /sipse/faces/presentacion/financiero/solicitudProceso/listarSolicitudProceso.xhtml HTTP/1.1" 200 1448
216.245.221.92 - - [28/May/2022:18:51:51 -0500] "HEAD / HTTP/1.1" 200 -
161.18.222.179 - - [28/May/2022:18:51:53 -0500] "POST /sipse/faces/presentacion/financiero/solicitudProceso/listarSolicitudProceso.xhtml HTTP/1.1" 200 115058
161.18.222.179 - - [28/May/2022:18:51:53 -0500] "GET /sipse/faces/javax.faces.resource/theme.css?ln=primefaces-sipse HTTP/1.1" 304 -
161.18.222.179 - - [28/May/2022:18:51:53 -0500] "GET /sipse/faces/javax.faces.resource/layout/layout.css?ln=primefaces&v=4.0 HTTP/1.1" 304 -
161.18.222.179 - - [28/May/2022:18:51:53 -0500] "GET /sipse/faces/javax.faces.resource/primefaces.css?ln=primefaces&v=4.0 HTTP/1.1" 304 -
161.18.222.179 - - [28/May/2022:18:51:53 -0500] "GET /sipse/faces/javax.faces.resource/jquery/jquery.js?ln=primefaces&v=4.0 HTTP/1.1" 304 -
161.18.222.179 - - [28/May/2022:18:51:53 -0500] "GET /sipse/faces/javax.faces.resource/jquery/jquery-plugins.js?ln=primefaces&v=4.0 HTTP/1.1" 304 -
161.18.222.179 - - [28/May/2022:18:51:53 -0500] "GET /sipse/faces/javax.faces.resource/primefaces.js?ln=primefaces&v=4.0 HTTP/1.1" 304 -
161.18.222.179 - - [28/May/2022:18:51:53 -0500] "GET /sipse/faces/javax.faces.resource/layout/layout.js?ln=primefaces&v=4.0 HTTP/1.1" 304 -
161.18.222.179 - - [28/May/2022:18:51:53 -0500] "GET /sipse/css/imagen/contrasena.png HTTP/1.1" 404 383
161.18.222.179 - - [28/May/2022:18:51:53 -0500] "GET /sipse/faces/javax.faces.resource/images/ui-icons_898989_256x240.png?ln=primefaces-aristo HTTP/1.1" 304 -
161.18.222.179 - - [28/May/2022:18:52:09 -0500] "GET /sipse/faces/javax.faces.resource/jquery/jquery.js?ln=primefaces&v=4.0 HTTP/1.1" 304 -
161.18.222.179 - - [28/May/2022:18:52:09 -0500] "GET /sipse/faces/javax.faces.resource/primefaces.css?ln=primefaces&v=4.0 HTTP/1.1" 304 -
161.18.222.179 - - [28/May/2022:18:52:09 -0500] "GET /sipse/faces/javax.faces.resource/layout/layout.css?ln=primefaces&v=4.0 HTTP/1.1" 304 -
161.18.222.179 - - [28/May/2022:18:52:09 -0500] "GET /sipse/faces/javax.faces.resource/theme.css?ln=primefaces-sipse HTTP/1.1" 304 -
161.18.222.179 - - [28/May/2022:18:52:09 -0500] "GET /sipse/faces/javax.faces.resource/jquery/jquery-plugins.js?ln=primefaces&v=4.0 HTTP/1.1" 304 -
161.18.222.179 - - [28/May/2022:18:52:09 -0500] "GET /sipse/faces/javax.faces.resource/primefaces.js?ln=primefaces&v=4.0 HTTP/1.1" 304 -
161.18.222.179 - - [28/May/2022:18:52:09 -0500] "GET /sipse/faces/javax.faces.resource/layout/layout.js?ln=primefaces&v=4.0 HTTP/1.1" 304 -
161.18.222.179 - - [28/May/2022:18:52:10 -0500] "GET /sipse/css/imagen/contrasena.png HTTP/1.1" 404 383
161.18.222.179 - - [28/May/2022:18:52:10 -0500] "GET /sipse/faces/javax.faces.resource/images/ui-icons_898989_256x240.png?ln=primefaces-aristo HTTP/1.1" 304 -
161.18.222.179 - - [28/May/2022:18:52:09 -0500] "POST /sipse/faces/presentacion/financiero/solicitudProceso/consultarSolicitudProceso.xhtml HTTP/1.1" 200 65449
161.18.222.179 - - [28/May/2022:18:52:10 -0500] "GET /sipse/faces/javax.faces.resource/images/ui-bg_flat_0_2d5972_40x100.png?ln=primefaces-aristo HTTP/1.1" 304 -
161.18.222.179 - - [28/May/2022:18:52:10 -0500] "POST /sipse/faces/presentacion/financiero/solicitudProceso/listarSolicitudProceso.xhtml HTTP/1.1" 200 1452
161.18.222.179 - - [28/May/2022:18:52:11 -0500] "POST /sipse/faces/presentacion/financiero/solicitudProceso/listarSolicitudProceso.xhtml HTTP/1.1" 200 1448
161.18.222.179 - - [28/May/2022:18:52:17 -0500] "POST /sipse/faces/presentacion/financiero/solicitudProceso/listarSolicitudProceso.xhtml HTTP/1.1" 200 115058
161.18.222.179 - - [28/May/2022:18:52:19 -0500] "GET /sipse/faces/javax.faces.resource/primefaces.css?ln=primefaces&v=4.0 HTTP/1.1" 304 -
161.18.222.179 - - [28/May/2022:18:52:19 -0500] "GET /sipse/faces/javax.faces.resource/theme.css?ln=primefaces-sipse HTTP/1.1" 304 -
161.18.222.179 - - [28/May/2022:18:52:19 -0500] "GET /sipse/faces/javax.faces.resource/layout/layout.css?ln=primefaces&v=4.0 HTTP/1.1" 304 -
161.18.222.179 - - [28/May/2022:18:52:19 -0500] "GET /sipse/faces/javax.faces.resource/jquery/jquery.js?ln=primefaces&v=4.0 HTTP/1.1" 304 -
161.18.222.179 - - [28/May/2022:18:52:19 -0500] "GET /sipse/faces/javax.faces.resource/jquery/jquery-plugins.js?ln=primefaces&v=4.0 HTTP/1.1" 304 -
161.18.222.179 - - [28/May/2022:18:52:19 -0500] "GET /sipse/faces/javax.faces.resource/primefaces.js?ln=primefaces&v=4.0 HTTP/1.1" 304 -
161.18.222.179 - - [28/May/2022:18:52:19 -0500] "GET /sipse/faces/javax.faces.resource/layout/layout.js?ln=primefaces&v=4.0 HTTP/1.1" 304 -
161.18.222.179 - - [28/May/2022:18:52:20 -0500] "GET /sipse/css/imagen/contrasena.png HTTP/1.1" 404 383
161.18.222.179 - - [28/May/2022:18:52:30 -0500] "GET /sipse/faces/javax.faces.resource/layout/layout.css?ln=primefaces&v=4.0 HTTP/1.1" 304 -
161.18.222.179 - - [28/May/2022:18:52:30 -0500] "GET /sipse/faces/javax.faces.resource/primefaces.css?ln=primefaces&v=4.0 HTTP/1.1" 304 -
161.18.222.179 - - [28/May/2022:18:52:30 -0500] "GET /sipse/faces/javax.faces.resource/theme.css?ln=primefaces-sipse HTTP/1.1" 304 -
161.18.222.179 - - [28/May/2022:18:52:30 -0500] "GET /sipse/faces/javax.faces.resource/jquery/jquery.js?ln=primefaces&v=4.0 HTTP/1.1" 304 -
161.18.222.179 - - [28/May/2022:18:52:30 -0500] "GET /sipse/faces/javax.faces.resource/jquery/jquery-plugins.js?ln=primefaces&v=4.0 HTTP/1.1" 304 -
161.18.222.179 - - [28/May/2022:18:52:30 -0500] "GET /sipse/faces/javax.faces.resource/primefaces.js?ln=primefaces&v=4.0 HTTP/1.1" 304 -
161.18.222.179 - - [28/May/2022:18:52:30 -0500] "GET /sipse/faces/javax.faces.resource/layout/layout.js?ln=primefaces&v=4.0 HTTP/1.1" 304 -
161.18.222.179 - - [28/May/2022:18:52:29 -0500] "POST /sipse/faces/presentacion/financiero/solicitudProceso/consultarSolicitudProceso.xhtml HTTP/1.1" 200 65449
161.18.222.179 - - [28/May/2022:18:52:30 -0500] "GET /sipse/faces/javax.faces.resource/images/ui-icons_898989_256x240.png?ln=primefaces-aristo HTTP/1.1" 304 -
161.18.222.179 - - [28/May/2022:18:52:30 -0500] "GET /sipse/css/imagen/contrasena.png HTTP/1.1" 404 383
161.18.222.179 - - [28/May/2022:18:52:30 -0500] "GET /sipse/faces/javax.faces.resource/images/ui-bg_flat_0_2d5972_40x100.png?ln=primefaces-aristo HTTP/1.1" 304 -
161.18.222.179 - - [28/May/2022:18:52:30 -0500] "POST /sipse/faces/presentacion/financiero/solicitudProceso/listarSolicitudProceso.xhtml HTTP/1.1" 200 1452
161.18.222.179 - - [28/May/2022:18:52:30 -0500] "POST /sipse/faces/presentacion/financiero/solicitudProceso/listarSolicitudProceso.xhtml HTTP/1.1" 200 1448
161.18.222.179 - - [28/May/2022:18:52:42 -0500] "POST /sipse/faces/presentacion/financiero/solicitudProceso/listarSolicitudProceso.xhtml HTTP/1.1" 200 115058
161.18.222.179 - - [28/May/2022:18:52:43 -0500] "GET /sipse/faces/javax.faces.resource/theme.css?ln=primefaces-sipse HTTP/1.1" 304 -
161.18.222.179 - - [28/May/2022:18:52:43 -0500] "GET /sipse/faces/javax.faces.resource/layout/layout.css?ln=primefaces&v=4.0 HTTP/1.1" 304 -
161.18.222.179 - - [28/May/2022:18:52:43 -0500] "GET /sipse/faces/javax.faces.resource/primefaces.css?ln=primefaces&v=4.0 HTTP/1.1" 304 -
161.18.222.179 - - [28/May/2022:18:52:43 -0500] "GET /sipse/faces/javax.faces.resource/jquery/jquery.js?ln=primefaces&v=4.0 HTTP/1.1" 304 -
161.18.222.179 - - [28/May/2022:18:52:43 -0500] "GET /sipse/faces/javax.faces.resource/jquery/jquery-plugins.js?ln=primefaces&v=4.0 HTTP/1.1" 304 -
161.18.222.179 - - [28/May/2022:18:52:43 -0500] "GET /sipse/faces/javax.faces.resource/primefaces.js?ln=primefaces&v=4.0 HTTP/1.1" 304 -
161.18.222.179 - - [28/May/2022:18:52:43 -0500] "GET /sipse/faces/javax.faces.resource/layout/layout.js?ln=primefaces&v=4.0 HTTP/1.1" 304 -
161.18.222.179 - - [28/May/2022:18:52:43 -0500] "GET /sipse/css/imagen/contrasena.png HTTP/1.1" 404 383
161.18.222.179 - - [28/May/2022:18:52:50 -0500] "GET /sipse/faces/javax.faces.resource/primefaces.css?ln=primefaces&v=4.0 HTTP/1.1" 304 -
161.18.222.179 - - [28/May/2022:18:52:50 -0500] "GET /sipse/faces/javax.faces.resource/theme.css?ln=primefaces-sipse HTTP/1.1" 304 -
161.18.222.179 - - [28/May/2022:18:52:50 -0500] "GET /sipse/faces/javax.faces.resource/layout/layout.css?ln=primefaces&v=4.0 HTTP/1.1" 304 -
161.18.222.179 - - [28/May/2022:18:52:49 -0500] "POST /sipse/faces/presentacion/financiero/solicitudProceso/consultarSolicitudProceso.xhtml HTTP/1.1" 200 65449
161.18.222.179 - - [28/May/2022:18:52:50 -0500] "GET /sipse/faces/javax.faces.resource/primefaces.js?ln=primefaces&v=4.0 HTTP/1.1" 304 -
161.18.222.179 - - [28/May/2022:18:52:50 -0500] "GET /sipse/faces/javax.faces.resource/jquery/jquery.js?ln=primefaces&v=4.0 HTTP/1.1" 304 -
161.18.222.179 - - [28/May/2022:18:52:50 -0500] "GET /sipse/faces/javax.faces.resource/jquery/jquery-plugins.js?ln=primefaces&v=4.0 HTTP/1.1" 304 -
161.18.222.179 - - [28/May/2022:18:52:50 -0500] "GET /sipse/faces/javax.faces.resource/layout/layout.js?ln=primefaces&v=4.0 HTTP/1.1" 304 -
161.18.222.179 - - [28/May/2022:18:52:50 -0500] "GET /sipse/css/imagen/contrasena.png HTTP/1.1" 404 383
161.18.222.179 - - [28/May/2022:18:52:50 -0500] "GET /sipse/faces/javax.faces.resource/images/ui-icons_898989_256x240.png?ln=primefaces-aristo HTTP/1.1" 304 -
161.18.222.179 - - [28/May/2022:18:52:50 -0500] "GET /sipse/faces/javax.faces.resource/images/ui-bg_flat_0_2d5972_40x100.png?ln=primefaces-aristo HTTP/1.1" 304 -
161.18.222.179 - - [28/May/2022:18:52:50 -0500] "POST /sipse/faces/presentacion/financiero/solicitudProceso/listarSolicitudProceso.xhtml HTTP/1.1" 200 1452
161.18.222.179 - - [28/May/2022:18:52:50 -0500] "POST /sipse/faces/presentacion/financiero/solicitudProceso/listarSolicitudProceso.xhtml HTTP/1.1" 200 1448
200.118.64.109 - - [28/May/2022:18:52:51 -0500] "POST /forms/lservlet;jsessionid=ac16012b30d6279a8b5810ae4243a5b0c7e88fb7092b.e3iSbxaKaheRe34MbxmQaheMbNz0n6jAmljGr5XDqQLvpAe HTTP/1.1" 200 2
161.18.222.179 - - [28/May/2022:18:52:57 -0500] "POST /sipse/faces/presentacion/financiero/solicitudProceso/listarSolicitudProceso.xhtml HTTP/1.1" 200 111679
161.18.222.179 - - [28/May/2022:18:52:58 -0500] "GET /sipse/faces/javax.faces.resource/theme.css?ln=primefaces-sipse HTTP/1.1" 304 -
161.18.222.179 - - [28/May/2022:18:52:58 -0500] "GET /sipse/faces/javax.faces.resource/primefaces.css?ln=primefaces&v=4.0 HTTP/1.1" 304 -
161.18.222.179 - - [28/May/2022:18:52:58 -0500] "GET /sipse/faces/javax.faces.resource/jquery/jquery.js?ln=primefaces&v=4.0 HTTP/1.1" 304 -
161.18.222.179 - - [28/May/2022:18:52:58 -0500] "GET /sipse/faces/javax.faces.resource/jquery/jquery-plugins.js?ln=primefaces&v=4.0 HTTP/1.1" 304 -
161.18.222.179 - - [28/May/2022:18:52:58 -0500] "GET /sipse/faces/javax.faces.resource/primefaces.js?ln=primefaces&v=4.0 HTTP/1.1" 304 -
161.18.222.179 - - [28/May/2022:18:52:58 -0500] "GET /sipse/faces/javax.faces.resource/layout/layout.js?ln=primefaces&v=4.0 HTTP/1.1" 304 -
161.18.222.179 - - [28/May/2022:18:52:58 -0500] "GET /sipse/faces/javax.faces.resource/layout/layout.css?ln=primefaces&v=4.0 HTTP/1.1" 304 -
161.18.222.179 - - [28/May/2022:18:52:58 -0500] "GET /sipse/css/imagen/contrasena.png HTTP/1.1" 404 383
161.18.222.179 - - [28/May/2022:18:53:13 -0500] "GET /sipse/faces/javax.faces.resource/theme.css?ln=primefaces-sipse HTTP/1.1" 304 -
161.18.222.179 - - [28/May/2022:18:53:13 -0500] "GET /sipse/faces/javax.faces.resource/primefaces.css?ln=primefaces&v=4.0 HTTP/1.1" 304 -
161.18.222.179 - - [28/May/2022:18:53:13 -0500] "GET /sipse/faces/javax.faces.resource/layout/layout.css?ln=primefaces&v=4.0 HTTP/1.1" 304 -
161.18.222.179 - - [28/May/2022:18:53:13 -0500] "GET /sipse/faces/javax.faces.resource/jquery/jquery.js?ln=primefaces&v=4.0 HTTP/1.1" 304 -
161.18.222.179 - - [28/May/2022:18:53:13 -0500] "GET /sipse/faces/javax.faces.resource/jquery/jquery-plugins.js?ln=primefaces&v=4.0 HTTP/1.1" 304 -
161.18.222.179 - - [28/May/2022:18:53:13 -0500] "GET /sipse/faces/javax.faces.resource/primefaces.js?ln=primefaces&v=4.0 HTTP/1.1" 304 -
161.18.222.179 - - [28/May/2022:18:53:13 -0500] "GET /sipse/faces/javax.faces.resource/layout/layout.js?ln=primefaces&v=4.0 HTTP/1.1" 304 -
161.18.222.179 - - [28/May/2022:18:53:12 -0500] "POST /sipse/faces/presentacion/financiero/solicitudProceso/consultarSolicitudProceso.xhtml HTTP/1.1" 200 65449
161.18.222.179 - - [28/May/2022:18:53:13 -0500] "GET /sipse/faces/javax.faces.resource/images/ui-icons_898989_256x240.png?ln=primefaces-aristo HTTP/1.1" 304 -
161.18.222.179 - - [28/May/2022:18:53:13 -0500] "GET /sipse/css/imagen/contrasena.png HTTP/1.1" 404 383
161.18.222.179 - - [28/May/2022:18:53:13 -0500] "GET /sipse/faces/javax.faces.resource/images/ui-bg_flat_0_2d5972_40x100.png?ln=primefaces-aristo HTTP/1.1" 304 -
161.18.222.179 - - [28/May/2022:18:53:13 -0500] "POST /sipse/faces/presentacion/financiero/solicitudProceso/listarSolicitudProceso.xhtml HTTP/1.1" 200 1452
161.18.222.179 - - [28/May/2022:18:53:13 -0500] "POST /sipse/faces/presentacion/financiero/solicitudProceso/listarSolicitudProceso.xhtml HTTP/1.1" 200 1448
45.61.188.169 - - [28/May/2022:18:53:17 -0500] "GET /config/getuser?index=0 HTTP/1.1" 404 1018
161.18.222.179 - - [28/May/2022:18:53:20 -0500] "POST /sipse/faces/presentacion/financiero/solicitudProceso/listarSolicitudProceso.xhtml HTTP/1.1" 200 111503
161.18.222.179 - - [28/May/2022:18:53:21 -0500] "GET /sipse/faces/javax.faces.resource/theme.css?ln=primefaces-sipse HTTP/1.1" 304 -
161.18.222.179 - - [28/May/2022:18:53:21 -0500] "GET /sipse/faces/javax.faces.resource/layout/layout.css?ln=primefaces&v=4.0 HTTP/1.1" 304 -
161.18.222.179 - - [28/May/2022:18:53:21 -0500] "GET /sipse/faces/javax.faces.resource/primefaces.css?ln=primefaces&v=4.0 HTTP/1.1" 304 -
161.18.222.179 - - [28/May/2022:18:53:21 -0500] "GET /sipse/faces/javax.faces.resource/jquery/jquery.js?ln=primefaces&v=4.0 HTTP/1.1" 304 -
161.18.222.179 - - [28/May/2022:18:53:21 -0500] "GET /sipse/faces/javax.faces.resource/jquery/jquery-plugins.js?ln=primefaces&v=4.0 HTTP/1.1" 304 -
161.18.222.179 - - [28/May/2022:18:53:21 -0500] "GET /sipse/faces/javax.faces.resource/primefaces.js?ln=primefaces&v=4.0 HTTP/1.1" 304 -
161.18.222.179 - - [28/May/2022:18:53:21 -0500] "GET /sipse/faces/javax.faces.resource/layout/layout.js?ln=primefaces&v=4.0 HTTP/1.1" 304 -
161.18.222.179 - - [28/May/2022:18:53:21 -0500] "GET /sipse/css/imagen/contrasena.png HTTP/1.1" 404 383
172.22.2.4 - - [28/May/2022:18:53:28 -0500] "GET /BLA/boletinlegal/jurisprudencia/analisis/G__Jurisp.%20Junio%202014_Sent%20Tutela%20Drumond.docx HTTP/1.1" 304 -
181.59.251.151 - - [28/May/2022:18:54:00 -0500] "GET /kwssiamovil/sm/acme/a?s=U2FsdGVkX18R9RErEWQFmOmdVpo+gIXjm+VZ/NRyScC54VDYIXou5c7SVQwERyGS2IwfTJNvg8ie64uF/a/MP1qeJx2CZfEVL2manaDCWaVyBJYpBVAS4+4t8iB1qH1PoW5B4nfRJ0aWSXQpOuFQfwvw4X0VIlMhfz8lZ/qPtwP3HYV4hAEWgS8LEYk0427aF5ECbpLC/TPGfDagTuuZ+2WON+GDMoxDvzg6u+h9oubm5gnk2aZ9XEg4M42u8FU5SBXV7oThdmnz9ykxFQs5jg==&u=U2FsdGVkX18dbXUC4JIQKqY+mlVZkC4QLDTJj6eUuLQ=&y=U2FsdGVkX1+U7lt46cpAzYP4eX5HeQ1FI5OLn92UJAyLrmtRChcygHmzcyaHgOip HTTP/1.1" 200 25
181.59.251.151 - - [28/May/2022:18:54:00 -0500] "GET /kwssiamovil/sm/acme/a?s=U2FsdGVkX18Wt95y3t1jyXgG7dxfzo3yHEko5WluCyw2P7nAcbugJoIGW/CE83kBhA8ufjyiAAjHIKCkQE/uphik1rPg03+p2bxJ22vjJcFYIaJalNBIu1V8taQ3L1LcOhwH2595lYqm0h7ERHnCRaq5JTIPMsN8fsy0zr6iMRkFe0VI6Jpw0QyWtK4F5ojXPD62K0adAmIhZdzSJ9o6iM/xgv6B/bFeFku/8tv1/my8gdQP/tERqZa26VjF/AYxfM0nwF0NdqYHE6Nlq73DqbPFzXWu6n7dge+kH/Qa/flpZPjxQ1FdJDDYgtwd/ir/bs65/jNZDnag2Ues8iZ6U6z1CP5jIvOgmCdSkXYzErwor1sOMlExZURIUeiS9QZO9vizEYaQ0Tl65nW7kVT9cwt3ZTq6y+0JYjQifcbDFphWo6Pfz5mzSqYRWVpsigO9fFi5bnapC/jg9bMoi1VAnrcQtloPH1XXp9FwCDQeBcSKSNQ5xvViUkdUrgRIk/vU/0g/VR/QTSRitRzOjxrqtADtofb91xAgEQ6irkObvwuaf4mbI6k/+2+x/8sx2dtfgNVjd5nRcGIIcsiwpgIvNkYkr/WdxmB6VHhI9ML15tBwWJ+cs4VTDWaBVKWj73G5SieLAxyKfEpTX6uw8qp8MynGbUkEbzVym8JBKZCPwuFjmJ+6kVY5Eussc5d0n/P3GrRMSO9jl16sJH/1YCZUbqG9goXWEFHX9FEtxi4TAT6KIBZ6FHTJQfe8Oq6p8+/6bNJNsP/wkHojZ0KO1vJgOYEOHDyJIpuoNHThVQzgoVx4bkbnWjAk0H2B3+Top9QYLECyW2IdHhmRf5/kK69EwD/8BU3V6RBzYNif19tzareCX/Y2MdmNimcKkywc7T7l6ajbKaM8XM66VNlCpuVWPOLUIQbOB0/KgoZub45Buc0wOAqheSJgVGSslC6T30yn1w1vxm+0cwOGu7Kkm7JsfzcgcxTYsE4JPlqfSHLkYpZ5/+hcWcLdjrjuWWKlObN0U7fiCdghjtXDhxPjPbUQxkG451WwlxULcdGA4TuARUk8zVkakjk4GbIMHIQxKdD8guLYbi/KSi0zPVL+n4o6H689U7IXE7UCK2jEhCJ8qTwWJ1jPDDfwBNDMjoe2DQ7sD+ok/nWclSd5+2NH8gx1zcq30P00LFb5kRpBBVtmGdVWQiiek+fokG5Rf6HhFSUw8rgxfVu44E+RPx6fxgySBIy551TlS/sXSVTnNuQLuVIS6WZP/MxiJwzW8nlLACZR3yYsgNkegHcfaXRfmKUKrvvj+vee1jxz0wnjPG/a/rg=&u=U2FsdGVkX18dbXUC4JIQKqY+mlVZkC4QLDTJj6eUuLQ=&y=U2FsdGVkX1+U7lt46cpAzYP4eX5HeQ1FI5OLn92UJAyLrmtRChcygHmzcyaHgOip HTTP/1.1" 200 25
181.59.251.151 - - [28/May/2022:18:54:01 -0500] "GET /kwssiamovil/sm/acme/a?s=U2FsdGVkX1+5drt/60WFNtPGFKFFykuU8gZwoPGL+L8ABVvXmSrqJSkf9NXwmBzMrNDOFbKmiHpirovVjiUjMJjH35iaZBWVLkjzUQB/bYRSQFwYfs2dQv0Ec0H8w8VwAl9AtL1pA9+WexY/w4ugbldsFC4lRpEtbmMckBv0WuQ=&u=U2FsdGVkX18dbXUC4JIQKqY+mlVZkC4QLDTJj6eUuLQ=&y=U2FsdGVkX1+U7lt46cpAzYP4eX5HeQ1FI5OLn92UJAyLrmtRChcygHmzcyaHgOip HTTP/1.1" 200 25
181.59.251.151 - - [28/May/2022:18:54:01 -0500] "GET /kwssiamovil/sm/acme/a?s=U2FsdGVkX1+/DBdCJli+WWagl45bVq3Ig097rIrkYC8VzHxO4XOA/xGYddEgDad9ilTa50TV2JfcMr3S5s0NzVehRhsT7bTDFGBSeSVPweBUTjs9bMrTHZZ5u68Q9OEleBwZw2vwUZ9pg1AkKtMDt83k+CDZfFbQpBrAn5WBVEc=&u=U2FsdGVkX18dbXUC4JIQKqY+mlVZkC4QLDTJj6eUuLQ=&y=U2FsdGVkX1+U7lt46cpAzYP4eX5HeQ1FI5OLn92UJAyLrmtRChcygHmzcyaHgOip HTTP/1.1" 200 25
181.59.251.151 - - [28/May/2022:18:54:01 -0500] "GET /kwssiamovil/sm/acme/a?s=U2FsdGVkX19MGXT0ouwtlS2x5a5xVlrdXwuWAV02JY1VqTut//P6lkXUeXjtddZJt8f7xz6HikRkLWL91Fw1XUQ3hUJj/iH64QhQJAZid1QQVktzDPBxwirSWMHTYGEGkvKmGe8EplPuMi06Y7BSZRa9aS8krSZv6KbE5Bv5cUk=&u=U2FsdGVkX18dbXUC4JIQKqY+mlVZkC4QLDTJj6eUuLQ=&y=U2FsdGVkX1+U7lt46cpAzYP4eX5HeQ1FI5OLn92UJAyLrmtRChcygHmzcyaHgOip HTTP/1.1" 200 25
181.59.251.151 - - [28/May/2022:18:54:01 -0500] "GET /kwssiamovil/sm/acme/a?s=U2FsdGVkX19PfiWjrtJtMgzflLPyDsZSMjYrakx8yeCGkHKpK9cZk2S2o+BSgfEVUWQwg6GchOaGVcz19IRQSTItUG3c16cUps2NfweXFM0iePbMEO/XBZS43XXTYUxGUzOOAKNFGzeUxj8zBBCudhQYUt+LxGz2wKZs66ZmLtJrjMXg4PUytRHMnf+mJ7OK&u=U2FsdGVkX18dbXUC4JIQKqY+mlVZkC4QLDTJj6eUuLQ=&y=U2FsdGVkX1+U7lt46cpAzYP4eX5HeQ1FI5OLn92UJAyLrmtRChcygHmzcyaHgOip HTTP/1.1" 200 25
181.59.251.151 - - [28/May/2022:18:54:20 -0500] "GET /kwssiamovil/sm/acme/u?s=U2FsdGVkX1+9iqssKjQYufyX9jntNEoD3u21q02xtwZ5jfBYUd/erPh7mIoYO2EMIgDUbNl63TIACetpZltolAWib5jiM8H7OT1LyRy+vsLxZhQxlUdY6AOTTAx/hoUt/3YuceGiNh/WMkRmZtDE+g==&u=U2FsdGVkX18dbXUC4JIQKqY+mlVZkC4QLDTJj6eUuLQ=&y=U2FsdGVkX1+U7lt46cpAzYP4eX5HeQ1FI5OLn92UJAyLrmtRChcygHmzcyaHgOip HTTP/1.1" 200 60
200.118.64.109 - - [28/May/2022:18:54:51 -0500] "POST /forms/lservlet;jsessionid=ac16012b30d6279a8b5810ae4243a5b0c7e88fb7092b.e3iSbxaKaheRe34MbxmQaheMbNz0n6jAmljGr5XDqQLvpAe HTTP/1.1" 200 2
172.22.2.4 - - [28/May/2022:18:53:48 -0500] "HEAD /BLA/boletinlegal/ HTTP/1.1" 200 -
172.22.2.4 - - [28/May/2022:18:54:38 -0500] "GET /BLA/boletinlegal/ HTTP/1.1" 200 58482
191.75.32.64 - - [28/May/2022:18:56:30 -0500] "GET /conoce-los-requisitos-ambientales-para-abrir-un-establecimiento-comercial-en-bogota.html HTTP/1.1" 200 796
200.118.64.109 - - [28/May/2022:18:56:51 -0500] "POST /forms/lservlet;jsessionid=ac16012b30d6279a8b5810ae4243a5b0c7e88fb7092b.e3iSbxaKaheRe34MbxmQaheMbNz0n6jAmljGr5XDqQLvpAe HTTP/1.1" 200 2
216.245.221.92 - - [28/May/2022:18:56:51 -0500] "HEAD / HTTP/1.1" 200 -
201.221.173.77 - - [28/May/2022:18:57:40 -0500] "GET /secretaria-de-ambiente-y-sena-abren-curso-de-jardines-verticales.html HTTP/1.1" 200 734
200.118.64.109 - - [28/May/2022:18:58:51 -0500] "POST /forms/lservlet;jsessionid=ac16012b30d6279a8b5810ae4243a5b0c7e88fb7092b.e3iSbxaKaheRe34MbxmQaheMbNz0n6jAmljGr5XDqQLvpAe HTTP/1.1" 200 2
207.46.13.146 - - [28/May/2022:18:58:55 -0500] "GET /BLA/resoluciones/RESOLUCIONES%202021/3965.pdf HTTP/1.1" 304 -
125.47.251.119 - - [28/May/2022:18:59:09 -0500] "POST /editBlackAndWhiteList HTTP/1.1" 404 1018
172.22.2.4 - - [28/May/2022:18:59:15 -0500] "GET /BLA/boletinlegal/jurisprudencia/analisis/G__Jurisp.%20Junio%202014_ANALISIS%20JURISPRUDENCIA%20C-634-12%20DECOMISO.docx HTTP/1.1" 200 27045
51.75.241.40 - - [28/May/2022:18:59:16 -0500] "GET /BLA/boletinlegal/Directivas/2011/Directiva%20No.%206%20del%208%20de%20Septiembre%20de%202011.pdf HTTP/1.1" 200 996625
123.160.175.86 - - [28/May/2022:18:59:38 -0500] "HEAD http://110.242.68.4/ HTTP/1.1" 200 -
36.32.3.111 - - [28/May/2022:18:59:39 -0500] "GET http://dongtaiwang.com/ HTTP/1.1" 200 319
219.143.174.187 - - [28/May/2022:18:59:40 -0500] "CONNECT www.so.com:443 HTTP/1.1" 405 938
180.95.231.254 - - [28/May/2022:18:59:40 -0500] "CONNECT cn.bing.com:443 HTTP/1.1" 405 939
60.13.138.197 - - [28/May/2022:18:59:41 -0500] "CONNECT www.baidu.com:443 HTTP/1.1" 405 941
27.227.187.26 - - [28/May/2022:18:59:42 -0500] "GET http://www.rfa.org/english/ HTTP/1.1" 404 1015
110.177.179.152 - - [28/May/2022:18:59:42 -0500] "GET http://www.soso.com/ HTTP/1.1" 200 319
123.144.27.158 - - [28/May/2022:18:59:43 -0500] "GET http://www.epochtimes.com/ HTTP/1.1" 200 319
58.48.158.99 - - [28/May/2022:18:59:43 -0500] "CONNECT www.voanews.com:443 HTTP/1.1" 405 943
110.53.241.108 - - [28/May/2022:18:59:43 -0500] "GET http://www.wujieliulan.com/ HTTP/1.1" 200 319
123.163.114.85 - - [28/May/2022:18:59:50 -0500] "GET http://www.minghui.org/ HTTP/1.1" 200 319
200.118.64.109 - - [28/May/2022:19:00:51 -0500] "POST /forms/lservlet;jsessionid=ac16012b30d6279a8b5810ae4243a5b0c7e88fb7092b.e3iSbxaKaheRe34MbxmQaheMbNz0n6jAmljGr5XDqQLvpAe HTTP/1.1" 200 2
172.22.2.4 - - [28/May/2022:18:59:38 -0500] "HEAD /BLA/boletinlegal/ HTTP/1.1" 200 -
216.245.221.92 - - [28/May/2022:19:01:51 -0500] "HEAD / HTTP/1.1" 200 -
172.22.2.4 - - [28/May/2022:19:00:28 -0500] "GET /BLA/boletinlegal/ HTTP/1.1" 200 58029
181.237.171.73 - - [28/May/2022:19:02:31 -0500] "GET /secretaria-de-ambiente-y-sena-abren-curso-de-jardines-verticales.html HTTP/1.1" 200 734
186.84.90.52 - - [28/May/2022:19:02:46 -0500] "GET /forest/ HTTP/1.1" 200 12041
200.118.64.109 - - [28/May/2022:19:02:51 -0500] "POST /forms/lservlet;jsessionid=ac16012b30d6279a8b5810ae4243a5b0c7e88fb7092b.e3iSbxaKaheRe34MbxmQaheMbNz0n6jAmljGr5XDqQLvpAe HTTP/1.1" 200 2
186.84.90.52 - - [28/May/2022:19:02:56 -0500] "POST /forest/index.php HTTP/1.1" 200 12268
40.77.167.79 - - [28/May/2022:19:03:13 -0500] "GET /bla/resoluciones/resoluciones%202012/1210.pdf HTTP/1.1" 200 384662
190.145.240.33 - - [28/May/2022:19:03:21 -0500] "-" 408 -
157.55.39.8 - - [28/May/2022:19:03:26 -0500] "GET /Publicaciones/2022EE88318.pdf HTTP/1.1" 404 227
