172.22.2.4 - - [28/May/2022:12:22:09 -0500] "GET /BLA/boletinlegal/consulta_actos.php?tipo=resoluciones&no=&usuario=&sector=VERTIMIENTOS&fecha=2013&resuelve=CADUCIDAD HTTP/1.1" 200 2463
172.22.2.4 - - [28/May/2022:12:22:15 -0500] "GET /BLA/boletinlegal/consulta_actos.php?tipo=resoluciones&no=&usuario=&sector=VERTIMIENTOS&fecha=2014&resuelve=CADUCIDAD HTTP/1.1" 200 1099
172.22.2.4 - - [28/May/2022:12:22:21 -0500] "GET /BLA/boletinlegal/consulta_actos.php?tipo=resoluciones&no=&usuario=&sector=VERTIMIENTOS&fecha=2015&resuelve=CADUCIDAD HTTP/1.1" 200 626
172.22.2.4 - - [28/May/2022:12:22:26 -0500] "GET /BLA/boletinlegal/consulta_actos.php?tipo=resoluciones&no=&usuario=&sector=VERTIMIENTOS&fecha=2016&resuelve=CADUCIDAD HTTP/1.1" 200 4322
201.245.192.253 - - [28/May/2022:12:21:39 -0500] "POST /kwsrmcab/Wsrmcab HTTP/1.1" 200 43762
172.22.2.4 - - [28/May/2022:12:22:44 -0500] "GET /BLA/boletinlegal/consulta_actos.php?tipo=resoluciones&no=&usuario=&sector=VERTIMIENTOS&fecha=2017&resuelve=CADUCIDAD HTTP/1.1" 200 14788
172.22.2.4 - - [28/May/2022:12:22:49 -0500] "GET /BLA/boletinlegal/consulta_actos.php?tipo=resoluciones&no=&usuario=&sector=VERTIMIENTOS&fecha=2017&resuelve=CADUCIDAD HTTP/1.1" 200 14788
200.118.64.109 - - [28/May/2022:12:23:04 -0500] "POST /forms/lservlet;jsessionid=ac16012b30d6279a8b5810ae4243a5b0c7e88fb7092b.e3iSbxaKaheRe34MbxmQaheMbNz0n6jAmljGr5XDqQLvpAe HTTP/1.1" 200 2
201.245.192.253 - - [28/May/2022:12:22:29 -0500] "POST /kwsrmcab/Wsrmcab HTTP/1.1" 200 47408
172.22.2.4 - - [28/May/2022:12:23:30 -0500] "GET /BLA/boletinlegal/consulta_actos.php?tipo=resoluciones&no=&usuario=&sector=VERTIMIENTOS&fecha=2018&resuelve=CADUCIDAD HTTP/1.1" 200 1374
172.22.2.4 - - [28/May/2022:12:23:48 -0500] "GET /BLA/boletinlegal/consulta_actos.php?tipo=resoluciones&no=&usuario=&sector=VERTIMIENTOS&fecha=2019&resuelve=CADUCIDAD HTTP/1.1" 200 3409
172.22.2.4 - - [28/May/2022:12:24:09 -0500] "GET /BLA/boletinlegal/consulta_actos.php?tipo=resoluciones&no=&usuario=&sector=VERTIMIENTOS&fecha=2020&resuelve=CADUCIDAD HTTP/1.1" 200 13369
172.22.2.4 - - [28/May/2022:12:22:59 -0500] "HEAD /BLA/boletinlegal/ HTTP/1.1" 200 -
172.22.2.4 - - [28/May/2022:12:24:49 -0500] "GET /BLA/boletinlegal/consulta_actos.php?tipo=resoluciones&no=&usuario=&sector=VERTIMIENTOS&fecha=2021&resuelve=CADUCIDAD HTTP/1.1" 200 85020
181.59.126.174 - - [28/May/2022:12:24:55 -0500] "OPTIONS /kwssiamovil/sm/setfile/f? HTTP/1.1" 200 13
181.59.126.174 - - [28/May/2022:12:24:55 -0500] "POST /kwssiamovil/sm/setfile/f? HTTP/1.1" 200 381
200.118.64.109 - - [28/May/2022:12:25:04 -0500] "POST /forms/lservlet;jsessionid=ac16012b30d6279a8b5810ae4243a5b0c7e88fb7092b.e3iSbxaKaheRe34MbxmQaheMbNz0n6jAmljGr5XDqQLvpAe HTTP/1.1" 200 2
181.59.126.174 - - [28/May/2022:12:25:14 -0500] "GET /kwssiamovil/sm/acme/a?s=U2FsdGVkX1/IUQxwJoZvJ6Ogej8oZWPdVsT4R3VpcydIbJiNIe9Lu7f/KplvTpKU94zTeIEfl6C1D5e6T9UDdZumIs57/qJDEFCubZL+7DOpuZ0r/wsEWLrFPEwnBWdglW81ELXmLAQu4fM9OPLZqi8PEZ3bgPc17/thxDycVCLfabuSzaqI71TwLEqvsNyruGDLPwK389Ywf4PhLM8J6OUKM1oXh1j3c+qC2k5tDgT+IxZnmApcuNT+YVgwPvg8TbXjDzcoA7W44Mer0G2KKQ==&u=U2FsdGVkX1/rO+TgJQNtLufsOBZxDpN+b9jkdp3Oshk=&y=U2FsdGVkX19oXVIkDznnJfBDy6HE6YMQrSn/pxWM6+9cquOsCsNiCmrifSnBvNs4 HTTP/1.1" 200 25
181.59.126.174 - - [28/May/2022:12:25:14 -0500] "GET /kwssiamovil/sm/acme/a?s=U2FsdGVkX18tL42gbOUUGJAE7R+Dx9MuSQaPtG32PKQWufXXWdU8NpbMDBkPVjUYVfE7iyhN7U+YNxVTaK4sM5T5qRH1FfJiC1B46OkcCsd2mWci7BywFQyZ2mjspr7KC84iGbAHUv4rv3IgiL/kC9S5vF0NURkFDcYcZtBXNAqoAnn8otZSCUZlMlodtmVrMU1ZJ5OApU3I3Q0tqnGgL0SJgp99edS5+eiJDyZ+lCM/PAxeHFDHxeOhH4sf1tLkSCeOxT6QgkO7uHCrnwyNhJcWmQyk0BnzlcE+vHcNyZ7VB/HRAjjeL/+1SodpC328FWzHLn1QYESvcNPQMiWln5d83iSIDulSjLEBq/Wh9vLmxknKiSHX757V40S8LLWa0QugzKhDq0NpiFU6XftTuHdGzGFSle1J31RmgS2zp1pfn3gKZL33wBBghh1FjQQshY9boUngSWWXpFd8Mb8zMGGiRWyQWNSly8+tYXElBAdsBxWdM2lGAOa0UAyScYnA2HZyWQxABvHPQLL1jbzc3cBB7XvaUFba2jFWxdHOkywkQLmTvGA6OweKOFxFcBst1hLgd7axp/ikNazEjGiwWg5juTyQNFKh6WxmLkIhtUVHIpiOvlpICasQf7r7rZtsP0ELOH+EQA8lXO9octnFvTKAicmTu1N5r8SZe59S1I0YpeAB7GMwvgRGzUC22apACnBHCKovYXsSXhiOVDqsqQopzO2zYZlaxSTWkjOMo7i7jHt7wksxqMW04W6wLlbvjfZ15tsnwJQL/hDUIsvgsqk1FLvt1N9Xr4F5/ZVTc9o3kGZEPkP5qWaGU+hpwh7bi404tHLnZnsgHh4kIPVf0sZBTHVb1U+DI+N5EZXxkmVtNRS9qCKtJT8dhrVyeZ44ZnviVM5Du+LGu5BciVRecKApTER7nHZlHrA+3b+vNXA5ossrxCVNVnB3bLf4xAcx3DOwe6fyPU1NaMtUW7f7HpG5tT2Wi65jMSy+VukgXgH3v3ic7gs6KmhzXREFvLTvKshv7UA9bInGZ/dujwFIh9LKl/ViMN1N+nyd3rEogR1i0/Xn6Lpy5oPGfmtmZsDvFAueQj5hoH/3Z7FPDYXlYDQ32JuvtuxooJQQYzVswp2l6KH05dXhM2Yf0ZXiGM5s5cQxtijYe8K90FSMn/QWauplUjfO1t5j6czm9+VAP95K4pooNNR00EBwmoZmulpsmcHm03X4KqmWFKjLUjO0pSV6BaCvz5AoV4SqoySWOblKhb9GEwzY3oy72aBCVQwtLhS1KkuxbkXKnS/clA9c2YXyJShivTLkm0sQZ8wN8XHODFQhUqj2s4GcWmUC9BmOSrYQVcUDBv3iFv7CqgJXDw9UhDFLqrNj0fEHsV9ndV2xV3XeECz4FqolnrqP4PQavYKILQpFz45vUeWEd7dGhvdWBBMANSLyJOXzwdCz54D7ZyDJ6iZKbt3pJlH6bYHxnY47forHCbYaKgYgU16MaQeHXcZfZViw+f8hh47eoz38MkrCtsFzT8oeq7bipEvaCrv00mexabln8s+cLnshcjAuzHByuZFAWs6Ye/PbrVwsxMkSAcNtgZMRl54mOyS0q5fAq414fyAfESNbxYRUmrcRjinXuQxRywUbyHeQbY03KmtnzD2dPTb1uwLZIIbLDM2VdBCqr4sB9xbNTIR+H6L2jVkQ39NUnanX0cpzcIcX+cScWjMoXJ6kCDjsz18QmJ5CFvvxvMfGE6yiCwVPLbQ1LuK8BHicgbH7nSlp5bijmvurGIvswabxC5JyvAyKFy8vsZatmoRQljrvKYGXAOv5Q6fFIh7Q49luXQ1wCPudvxY7NWnIBm0tHyIBk6a/CA7UhzEhG8lJoVu2vP4jbiCln9W1sydcc8Hj7zXf83S5iy+qtvI8rd8xpccFw60BXTO0Skr+kcJomKx0tGPCsWIoNhy5/8jPYBZvCFWSH1z5HvQP0K1cl0UNDRy6dgM/Wz6Y5BnSWcAJ2ttMir8VnqY+IXsuqKKdh4igsEiPtJWVf4ia0TeNDL+XUwhKOpWA&u=U2FsdGVkX1/rO+TgJQNtLufsOBZxDpN+b9jkdp3Oshk=&y=U2FsdGVkX19oXVIkDznnJfBDy6HE6YMQrSn/pxWM6+9cquOsCsNiCmrifSnBvNs4 HTTP/1.1" 200 25
181.59.126.174 - - [28/May/2022:12:25:15 -0500] "GET /kwssiamovil/sm/acme/a?s=U2FsdGVkX18tzLfc3taeZn6vE6FaguTsn0CYIBWszUZwRggChQsjbsRoSkL7Wfl4LWGdbs9By/GySEBkHh+onGlYzvxUIGtS8IRMGknCWG/PgxOuN/EklWxlAngVDP+CfwtoYoL1fTS6pjaDACRPJmbhA7CxYcNhaymCBMx28UI=&u=U2FsdGVkX1/rO+TgJQNtLufsOBZxDpN+b9jkdp3Oshk=&y=U2FsdGVkX19oXVIkDznnJfBDy6HE6YMQrSn/pxWM6+9cquOsCsNiCmrifSnBvNs4 HTTP/1.1" 200 25
181.59.126.174 - - [28/May/2022:12:25:15 -0500] "GET /kwssiamovil/sm/acme/a?s=U2FsdGVkX19hqGc0tDFUsHeRWuwStgo41gljijVaeyD205PUaol3KenU4H/Qh62R666yT7KKlsTJ0cLinp3dl6JNs6CRREP48+d+TcIs3CAF9reqBfAuMpbLYvp3LKcGaLmBxHLF9FEm3UhtjzDCGzwKy/RzqsfxV35Cu14v8AI=&u=U2FsdGVkX1/rO+TgJQNtLufsOBZxDpN+b9jkdp3Oshk=&y=U2FsdGVkX19oXVIkDznnJfBDy6HE6YMQrSn/pxWM6+9cquOsCsNiCmrifSnBvNs4 HTTP/1.1" 200 25
181.59.126.174 - - [28/May/2022:12:25:16 -0500] "GET /kwssiamovil/sm/acme/a?s=U2FsdGVkX1+MbGrhMp1eRzS3FyO4nHaDxZcipRsdk87D/i/2n672jzmCc96+6efM7o5zubmEtqP+60KzZeFZyy0D4Tcx6kl1+epJADj20uoYvb+syTMVQ/AmdDy4Pjb7p5o/dy50Hqr6nS8Cv7Tysem/0gT4yyBQaWvxfKfuD2U=&u=U2FsdGVkX1/rO+TgJQNtLufsOBZxDpN+b9jkdp3Oshk=&y=U2FsdGVkX19oXVIkDznnJfBDy6HE6YMQrSn/pxWM6+9cquOsCsNiCmrifSnBvNs4 HTTP/1.1" 200 25
181.59.126.174 - - [28/May/2022:12:25:16 -0500] "GET /kwssiamovil/sm/acme/a?s=U2FsdGVkX19CNSXL3xLV+o3D/jtSEcdqmnACuv8324z44+lcqyvKjDcGAuBfZWS2W8fGCGDA9W27VY+gyLLBxMCJ0KTYBYlnlLSXW6+goDFPVIcMYKTp0Q/EHAMbhODa3XA0iau3Ua9rPinv5IMJFyCeP7fogjYEsYxOvohtTzzsnRByGclwUra5Y/oZN5aH&u=U2FsdGVkX1/rO+TgJQNtLufsOBZxDpN+b9jkdp3Oshk=&y=U2FsdGVkX19oXVIkDznnJfBDy6HE6YMQrSn/pxWM6+9cquOsCsNiCmrifSnBvNs4 HTTP/1.1" 200 25
181.59.126.174 - - [28/May/2022:12:25:17 -0500] "GET /kwssiamovil/sm/acme/a?s=U2FsdGVkX1/fij1+WDgoKKuKPciNpnHhcLzqEaJX1CGTEWttwSb4ABFvehGJ6IAtQUOTzjZVvGikjJo+3Czv18LXYC/ps5iXypqc0AY1cahCigSPmgIdvARrSyfNql1uI4BuXiEHyyt8EBnZEV0disLLPbEpQGrJaSoZeRUCrvizZ5cpjYas4o1BxvRDrWZJCu8V+rD/YxxhJ5oj6z3ALf3PYQ6j7yUb8x/J3D54NdfQCNHv8s1kkao0UvIgCI5cBZNQjEGGC95rUaF04snj5S2SM/9dvG4vETHEHv87ImrV9OBWuBerYTTVOIXAQ9mJKOkkATEhCwzWTOKuocJnMdS/iyu5rylZulr7x61IeDCkbRFPyXOunj7qzYiJWPcwNv7JZCBrvOj8TKl6GE6qxQN7iFHs4J8kAGWm0vfO2HhIRM/n2CCVhCliC1nS8k2LBf/GKSj4D3uRoQ2wyBE4lN5p8Tx8fjsvN5mFl8jxVsTtQovSq93FTjk/Vau9eJxx&u=U2FsdGVkX1/rO+TgJQNtLufsOBZxDpN+b9jkdp3Oshk=&y=U2FsdGVkX19oXVIkDznnJfBDy6HE6YMQrSn/pxWM6+9cquOsCsNiCmrifSnBvNs4 HTTP/1.1" 200 25
181.59.126.174 - - [28/May/2022:12:25:17 -0500] "GET /kwssiamovil/sm/acme/a?s=U2FsdGVkX1/4huLo34c9hC8G8zSl/g6r77guLTI/HI+pufZsfS+oRCHngoIsUo+FPuvLW7ap8YvGCCU0d+XmI33IHZ+HEqDYSdtzLd0KH4VBYH0O7XGGwjYKib7fAocb32g2jhPC14ZnFi/0gZOa45zaGrp7v90NRLQg7coSdkLl2CPTiqkNKwea8JGA1hue7VgOCi0untwJ8v4RYydrHZG2/hSOCCl93F8Wi7pSF3s/ss23nbIr5Stk91pkZhNgsNHMn3N4C/IQxEETVBt1LBJtu49Zs9sw5Nc1qtvX/essf1+8c7ckN1oKLTQ0vkTQhxJAUJciIfFvmRyb+uBBFzm65nS8WW55uvhxC3EjPtfr03LTBy5szQk+1idub0JWEgeq0MOQQIK1EoJz+fM7Vg2+n9NZ6Lv20464H8TBMBbrUF7CGSEaeWBDQVvmE28HeqVdKVJxc5N3kYI8DM4UEA==&u=U2FsdGVkX1/rO+TgJQNtLufsOBZxDpN+b9jkdp3Oshk=&y=U2FsdGVkX19oXVIkDznnJfBDy6HE6YMQrSn/pxWM6+9cquOsCsNiCmrifSnBvNs4 HTTP/1.1" 200 25
172.22.2.4 - - [28/May/2022:12:23:49 -0500] "GET /BLA/boletinlegal/ HTTP/1.1" 200 60973
216.245.221.92 - - [28/May/2022:12:26:52 -0500] "HEAD / HTTP/1.1" 200 -
200.118.64.109 - - [28/May/2022:12:27:07 -0500] "POST /forms/lservlet;jsessionid=ac16012b30d6279a8b5810ae4243a5b0c7e88fb7092b.e3iSbxaKaheRe34MbxmQaheMbNz0n6jAmljGr5XDqQLvpAe HTTP/1.1" 200 2
173.252.95.117 - - [28/May/2022:12:27:15 -0500] "GET /plan-de-accion-climatica-pac-de-bogota-aporta-en-cerca-del-90-al-cumplimiento-de-las-acciones-del-acuerdo-de-emergencia-climatica.html HTTP/1.1" 206 1069
172.22.2.4 - - [28/May/2022:12:27:43 -0500] "GET /BLA/boletinlegal/consulta_actos.php?tipo=resoluciones&no=&usuario=&sector=VERTIMIENTOS&fecha=2022&resuelve=CADUCIDAD HTTP/1.1" 200 2023
157.55.39.43 - - [28/May/2022:12:28:43 -0500] "GET /BLA/resoluciones/AUTOS%202018/2452.pdf HTTP/1.1" 304 -
200.118.64.109 - - [28/May/2022:12:29:07 -0500] "POST /forms/lservlet;jsessionid=ac16012b30d6279a8b5810ae4243a5b0c7e88fb7092b.e3iSbxaKaheRe34MbxmQaheMbNz0n6jAmljGr5XDqQLvpAe HTTP/1.1" 200 2
172.22.2.4 - - [28/May/2022:12:29:28 -0500] "GET /BLA/boletinlegal/Circulares/2019/Circular%2000020%20del%2020%20de%20diciembre%20de%202019.pdf HTTP/1.1" 304 -
157.55.39.127 - - [28/May/2022:12:29:36 -0500] "GET /bla/resoluciones/resoluciones%202012/1762.pdf HTTP/1.1" 200 420420
172.22.2.4 - - [28/May/2022:12:28:49 -0500] "HEAD /BLA/boletinlegal/ HTTP/1.1" 200 -
200.118.64.109 - - [28/May/2022:12:31:07 -0500] "POST /forms/lservlet;jsessionid=ac16012b30d6279a8b5810ae4243a5b0c7e88fb7092b.e3iSbxaKaheRe34MbxmQaheMbNz0n6jAmljGr5XDqQLvpAe HTTP/1.1" 200 2
172.22.2.4 - - [28/May/2022:12:29:39 -0500] "GET /BLA/boletinlegal/ HTTP/1.1" 200 60973
216.245.221.92 - - [28/May/2022:12:31:52 -0500] "HEAD / HTTP/1.1" 200 -
201.245.192.253 - - [28/May/2022:12:31:39 -0500] "POST /kwsrmcab/Wsrmcab HTTP/1.1" 200 43762
220.230.168.4 - - [28/May/2022:12:32:51 -0500] "GET /galeria/galeria/fotos/Humedal-la-conejera4P.jpg HTTP/1.1" 200 33365
200.118.64.109 - - [28/May/2022:12:33:08 -0500] "POST /forms/lservlet;jsessionid=ac16012b30d6279a8b5810ae4243a5b0c7e88fb7092b.e3iSbxaKaheRe34MbxmQaheMbNz0n6jAmljGr5XDqQLvpAe HTTP/1.1" 200 2
201.245.192.253 - - [28/May/2022:12:32:28 -0500] "POST /kwsrmcab/Wsrmcab HTTP/1.1" 200 47408
200.118.64.109 - - [28/May/2022:12:35:08 -0500] "POST /forms/lservlet;jsessionid=ac16012b30d6279a8b5810ae4243a5b0c7e88fb7092b.e3iSbxaKaheRe34MbxmQaheMbNz0n6jAmljGr5XDqQLvpAe HTTP/1.1" 200 2
157.55.39.43 - - [28/May/2022:12:36:03 -0500] "GET /bla/resoluciones/resoluciones%202007/res%202007%204101%20al%204200/RESOLUCION%204123%20DE%202007.pdf HTTP/1.1" 200 721622
172.22.2.4 - - [28/May/2022:12:34:39 -0500] "HEAD /BLA/boletinlegal/ HTTP/1.1" 200 -
216.245.221.92 - - [28/May/2022:12:36:52 -0500] "HEAD / HTTP/1.1" 200 -
200.118.64.109 - - [28/May/2022:12:37:08 -0500] "POST /forms/lservlet;jsessionid=ac16012b30d6279a8b5810ae4243a5b0c7e88fb7092b.e3iSbxaKaheRe34MbxmQaheMbNz0n6jAmljGr5XDqQLvpAe HTTP/1.1" 200 2
172.22.2.4 - - [28/May/2022:12:35:29 -0500] "GET /BLA/boletinlegal/ HTTP/1.1" 200 60973
207.46.13.67 - - [28/May/2022:12:37:40 -0500] "GET /portaldeninos/wp-content/uploads/2021/11/aves-fauna-16-junio-134x75.jpg HTTP/1.1" 200 4733
172.22.2.4 - - [28/May/2022:12:37:58 -0500] "GET /BLA/boletinlegal/jurisprudencia/analisis/AnalisisC-035-16.docx HTTP/1.1" 304 -
66.249.65.15 - - [28/May/2022:12:38:16 -0500] "-" 408 -
200.118.64.109 - - [28/May/2022:12:39:08 -0500] "POST /forms/lservlet;jsessionid=ac16012b30d6279a8b5810ae4243a5b0c7e88fb7092b.e3iSbxaKaheRe34MbxmQaheMbNz0n6jAmljGr5XDqQLvpAe HTTP/1.1" 200 2
172.22.2.4 - - [28/May/2022:12:39:46 -0500] "GET /BLA/boletinlegal/remote/fgt_lang?lang=/../../../..//////////dev/ HTTP/1.1" 404 1018
207.46.13.146 - - [28/May/2022:12:40:31 -0500] "GET /bla/resoluciones/resoluciones%202012/0366.pdf HTTP/1.1" 200 264632
200.118.64.109 - - [28/May/2022:12:41:08 -0500] "POST /forms/lservlet;jsessionid=ac16012b30d6279a8b5810ae4243a5b0c7e88fb7092b.e3iSbxaKaheRe34MbxmQaheMbNz0n6jAmljGr5XDqQLvpAe HTTP/1.1" 200 2
157.55.39.127 - - [28/May/2022:12:41:37 -0500] "GET /bla/resoluciones/resoluciones%202022/0880.pdf HTTP/1.1" 200 359043
216.245.221.92 - - [28/May/2022:12:41:52 -0500] "HEAD / HTTP/1.1" 200 -
172.22.2.4 - - [28/May/2022:12:40:29 -0500] "HEAD /BLA/boletinlegal/ HTTP/1.1" 200 -
201.245.192.253 - - [28/May/2022:12:41:40 -0500] "POST /kwsrmcab/Wsrmcab HTTP/1.1" 200 43762
172.22.2.4 - - [28/May/2022:12:41:19 -0500] "GET /BLA/boletinlegal/ HTTP/1.1" 200 60973
200.118.64.109 - - [28/May/2022:12:43:08 -0500] "POST /forms/lservlet;jsessionid=ac16012b30d6279a8b5810ae4243a5b0c7e88fb7092b.e3iSbxaKaheRe34MbxmQaheMbNz0n6jAmljGr5XDqQLvpAe HTTP/1.1" 200 2
201.245.192.253 - - [28/May/2022:12:42:26 -0500] "POST /kwsrmcab/Wsrmcab HTTP/1.1" 200 47408
207.46.13.146 - - [28/May/2022:12:43:32 -0500] "GET /bla/resoluciones/resoluciones%202012/0598.pdf HTTP/1.1" 200 309479
157.55.39.127 - - [28/May/2022:12:43:37 -0500] "GET /bla/resoluciones/resoluciones%202022/0490.pdf HTTP/1.1" 200 846031
66.249.65.15 - - [28/May/2022:12:44:02 -0500] "-" 408 -
46.193.4.101 - - [28/May/2022:12:44:40 -0500] "GET /secretaria-de-ambiente-y-sena-abren-curso-de-jardines-verticales.html HTTP/1.1" 200 734
200.118.64.109 - - [28/May/2022:12:45:08 -0500] "POST /forms/lservlet;jsessionid=ac16012b30d6279a8b5810ae4243a5b0c7e88fb7092b.e3iSbxaKaheRe34MbxmQaheMbNz0n6jAmljGr5XDqQLvpAe HTTP/1.1" 200 2
173.252.107.16 - - [28/May/2022:12:45:40 -0500] "GET /images/semana-santa-ramos-policia-7-abril.jpg HTTP/1.1" 200 43922
172.22.2.4 - - [28/May/2022:12:45:52 -0500] "GET /BLA/boletinlegal/Directivas/2012/Directiva%20No.%201%20del%2030%20de%20octubre%20de%202012.pdf HTTP/1.1" 200 1522771
157.55.39.127 - - [28/May/2022:12:46:37 -0500] "GET /bla/resoluciones/resoluciones%202012/0258.pdf HTTP/1.1" 200 206858
216.245.221.92 - - [28/May/2022:12:46:52 -0500] "HEAD / HTTP/1.1" 200 -
200.118.64.109 - - [28/May/2022:12:47:08 -0500] "POST /forms/lservlet;jsessionid=ac16012b30d6279a8b5810ae4243a5b0c7e88fb7092b.e3iSbxaKaheRe34MbxmQaheMbNz0n6jAmljGr5XDqQLvpAe HTTP/1.1" 200 2
157.55.39.8 - - [28/May/2022:12:47:12 -0500] "GET /BLA/boletinlegal/Circulares/2013/Circular%20No.%208%20del%201%20de%20Noviembre%20de%202013.pdf HTTP/1.1" 200 385156
172.22.2.4 - - [28/May/2022:12:46:19 -0500] "HEAD /BLA/boletinlegal/ HTTP/1.1" 200 -
172.22.2.4 - - [28/May/2022:12:47:09 -0500] "GET /BLA/boletinlegal/ HTTP/1.1" 200 59075
200.118.64.109 - - [28/May/2022:12:49:09 -0500] "POST /forms/lservlet;jsessionid=ac16012b30d6279a8b5810ae4243a5b0c7e88fb7092b.e3iSbxaKaheRe34MbxmQaheMbNz0n6jAmljGr5XDqQLvpAe HTTP/1.1" 200 2
200.118.64.109 - - [28/May/2022:12:51:09 -0500] "POST /forms/lservlet;jsessionid=ac16012b30d6279a8b5810ae4243a5b0c7e88fb7092b.e3iSbxaKaheRe34MbxmQaheMbNz0n6jAmljGr5XDqQLvpAe HTTP/1.1" 200 2
66.249.65.13 - - [28/May/2022:12:51:12 -0500] "-" 408 -
216.245.221.92 - - [28/May/2022:12:51:52 -0500] "HEAD / HTTP/1.1" 200 -
200.118.64.109 - - [28/May/2022:12:53:09 -0500] "POST /forms/lservlet;jsessionid=ac16012b30d6279a8b5810ae4243a5b0c7e88fb7092b.e3iSbxaKaheRe34MbxmQaheMbNz0n6jAmljGr5XDqQLvpAe HTTP/1.1" 200 2
172.22.2.4 - - [28/May/2022:12:52:09 -0500] "HEAD /BLA/boletinlegal/ HTTP/1.1" 200 -
172.22.2.4 - - [28/May/2022:12:52:59 -0500] "GET /BLA/boletinlegal/ HTTP/1.1" 200 58482
69.63.189.3 - - [28/May/2022:12:54:50 -0500] "GET /images/feria-servicios-tramites-19-mayo.jpg HTTP/1.1" 200 40581
173.252.107.10 - - [28/May/2022:12:55:00 -0500] "GET /images/actividades-dia-tierra-22-abril.jpg HTTP/1.1" 200 77276
69.63.184.2 - - [28/May/2022:12:55:03 -0500] "GET /images/bogota-ciudad-pac28-enero.jpg HTTP/1.1" 200 42642
69.63.184.118 - - [28/May/2022:12:55:07 -0500] "GET /images/pieza-mujeres-reverdecen-4-abril.jpg HTTP/1.1" 200 48916
200.118.64.109 - - [28/May/2022:12:55:09 -0500] "POST /forms/lservlet;jsessionid=ac16012b30d6279a8b5810ae4243a5b0c7e88fb7092b.e3iSbxaKaheRe34MbxmQaheMbNz0n6jAmljGr5XDqQLvpAe HTTP/1.1" 200 2
69.63.184.120 - - [28/May/2022:12:55:10 -0500] "GET /images/feria-servicios-cuidamos-bogota-31-marzo.jpg HTTP/1.1" 200 109745
173.252.107.20 - - [28/May/2022:12:55:12 -0500] "GET /images/estacion-monitoreo-usme-29-marzo.jpg HTTP/1.1" 200 30383
173.252.107.3 - - [28/May/2022:12:55:14 -0500] "GET /images/rueda-prensa-lluvias-secretaria-principal-23-marzo.jpg HTTP/1.1" 200 42664
173.252.107.13 - - [28/May/2022:12:55:19 -0500] "GET /images/Memo1.jpg HTTP/1.1" 200 91151
172.22.2.4 - - [28/May/2022:12:55:23 -0500] "GET /BLA/boletinlegal/Circulares/2012/Circular%20No.%208%20del%2021%20de%20Agosto%20de%202012.pdf HTTP/1.1" 200 963197
216.245.221.92 - - [28/May/2022:12:56:52 -0500] "HEAD / HTTP/1.1" 200 -
200.118.64.109 - - [28/May/2022:12:57:09 -0500] "POST /forms/lservlet;jsessionid=ac16012b30d6279a8b5810ae4243a5b0c7e88fb7092b.e3iSbxaKaheRe34MbxmQaheMbNz0n6jAmljGr5XDqQLvpAe HTTP/1.1" 200 2
66.249.65.13 - - [28/May/2022:12:57:24 -0500] "-" 408 -
207.46.13.179 - - [28/May/2022:12:57:33 -0500] "GET /BLA/resoluciones/AUTOS%202021/3692.pdf HTTP/1.1" 304 -
172.22.2.4 - - [28/May/2022:12:57:49 -0500] "GET /BLA/boletinlegal/Directivas/2017/Directiva%20No.%2001%20del%2027%20de%20Junio%20de%202018.pdf HTTP/1.1" 304 -
102.165.48.86 - - [28/May/2022:12:57:52 -0500] "GET /wp-login.php HTTP/1.1" 404 1035
172.22.2.4 - - [28/May/2022:12:57:52 -0500] "GET /BLA/boletinlegal/wp-login.php HTTP/1.1" 404 1038
173.252.83.4 - - [28/May/2022:12:58:48 -0500] "GET /images/energia-eficiencia-26-mayo.jpg HTTP/1.1" 200 46417
181.59.126.174 - - [28/May/2022:12:58:58 -0500] "OPTIONS /kwssiamovil/sm/setfile/f? HTTP/1.1" 200 13
200.118.64.109 - - [28/May/2022:12:59:09 -0500] "POST /forms/lservlet;jsessionid=ac16012b30d6279a8b5810ae4243a5b0c7e88fb7092b.e3iSbxaKaheRe34MbxmQaheMbNz0n6jAmljGr5XDqQLvpAe HTTP/1.1" 200 2
181.59.126.174 - - [28/May/2022:12:58:59 -0500] "POST /kwssiamovil/sm/setfile/f? HTTP/1.1" 200 381
181.59.126.174 - - [28/May/2022:12:59:28 -0500] "OPTIONS /kwssiamovil/sm/setfile/f? HTTP/1.1" 200 13
172.22.2.4 - - [28/May/2022:12:57:59 -0500] "HEAD /BLA/boletinlegal/ HTTP/1.1" 200 -
181.59.126.174 - - [28/May/2022:12:59:28 -0500] "POST /kwssiamovil/sm/setfile/f? HTTP/1.1" 200 381
181.59.126.174 - - [28/May/2022:13:00:10 -0500] "GET /kwssiamovil/sm/acme/a?s=U2FsdGVkX1/K3T+aziJZKXr6+jGqKaiwbgTEKvS8/dFwjo7N0z+YPLXnGOQULNXexjC6qJcbgkRg+BQ9gDK6sRbYEKDT/7hI3wt5N1JzIJuZweSpsKbrx4Z3KKJlVfz4+IybHoQP3lt71QjmGDaNzuTEGn3kYEKEgZsZBiicqj/yFQu2WBjocQO42lMInGlLCg+gh5F1E5gN77Sl/V9s0nNFTfZn21hPekkDCN7j5gXTLsU3bYzqGgVwGOu/a9fgNrUWRxB+j6mnLUsqAHevwA==&u=U2FsdGVkX1/rO+TgJQNtLufsOBZxDpN+b9jkdp3Oshk=&y=U2FsdGVkX19oXVIkDznnJfBDy6HE6YMQrSn/pxWM6+9cquOsCsNiCmrifSnBvNs4 HTTP/1.1" 200 25
181.59.126.174 - - [28/May/2022:13:00:11 -0500] "GET /kwssiamovil/sm/acme/a?s=U2FsdGVkX18WFDHdBHB8guzV4p7UAFslgW7pZH/yvuA7qYloF2xVg81ALM8A16/uaEHudGm67fmS6OylfQqgnEWJo+wrDiz4r0+1cFndSAQ66BaqM1Lk3lY/blo6ZOh/mj2G058fQD4RLPdf4wl8EShB82AVwopWjDHGCsnfcYzs/jz4J4PK2ZWlziC0wAPxbkPsNFXNyNUcARBXQFUOps02w4/lwpDVfVUBq8tMVQWGg57yJa4RDpaiox4bpC2tLTCZbDi4DlM52ELKvK4WLjhJgEeBcNrtJPgiUW3ioHQSF8T7PoA+ne2k7NLJLWe2ud6YhOWYvXdtmmf4VfJ36WasYiJr6eJDmlgcciepB8nsH5MPFwEPdZ3IId9FwN/roCKqUbJu2rEprhRWq2RFYVdFfKWjifVlBwBb2XlXztBkqbgMO+l/Y6EfZ6saI4amAjm/cf9T7ObbTMEGgmBh8tdOD03jT0FKcL+SpS8tO0b9WXLl5NpfG0h0rHFvppZ04uDTocle70XXY8jBZeoR7OytSsPxn3HePryE1dan7vljOUm6hSI+UyM20b1SokW/ONs3xrq2ory8bM1F3nbjdrbQasA5JAka2VxNEDuM53FU5nHiUE+A3yKDKmhxEhOrN4anXH34Xc7oHGhnMTNkQYCW2CkReI9VZtdj/zb2i4aHIlm1qyksy3N+QZLlH8qTZs63PBrOuZ86+j0WGhMaVxqLQD8scGlv2SmnxaV+HYEGQrngkUTu4SSFxqLDsistsRqglamNAsW8y51iENb64jAxqOt5Qa7kSEYPZQ7TUWqMHdbpR7zUaUV+RtgZ7MVO8lKOsE2HuGtVjSXMF/ys4/YfeZNFvvxJ4mQk13aPHAZ8ApEXys5H7EhafseAb2OR3e2HcvDMS3nh0ubOJIC2ojIY2bqcG5lRWk/605RgYA27Pc7ZWB2qKN7ktmPSF3tOp8j5yBE+eHOzJ5avLWe13gmU37k9Ufe7ArjBjq6u7V1RLH2+fIQfdRQk2AlVupKcO9f3EYlSDn9mjlJGbS/nK+bdYyeB58A3a+M1zzzM4+UZg+T1ev2/0RrL4PNHyhvHbMyJxwjtsTYHQHegdp+0XZdLNJ+ekGYcOhGQtyQYOFr7lmNzcGDktLMapm1vOjSKWf64hSwVrYZ1ZcyOGLitdTkXQDQrDKHcT2hDMBH/3vdWR7FzAtNBTV+IGbJRaQWed2vnYH6pBt1LcYDcUnw0zhHLT0cr0SGeSUPb97qluj3xalxP52qmnaY6nRiMnhaLT9MbLyYtsDh+snu8rislBozSV3gNaagQ6vKiv7HIbw1c1mmLETePdISUJpwjWxLE4HliNavv8UtgDc/9tD99urCdJWacPbzJIKhLPJjW38VGZLdINC0R6scvExXn0dgn9LqIO8iZt6ZccCqwCp2Jz7Hd4XEwx1U8ufj5TPGkIpp9ZuexvCG9qNZ8bsZ8c/+QYfUSFBt8gbkneOrn8gf9E2XOe+btgIgVLiQwuIiq+tQ8PCb08kNGmLFomexKOMnxTW4yCuc9MTPxp49kFDOJhbDwI7We2U6yYGcUO5w2laxkoeezUBHfX9k3ok2GBJqvz1Ib6+zqIVIWc9jO9+ABlJ2Pvtgm8sLwDMDug44bBxyfhOqF8/xyqqD2D8OyJ8MOs4IS65UG0sYr5cqMt2SRFG6IwOvG72QF76gjlzDfs51yu5bZ93nPaw6PFXrhrf5I0t5DOh5aDAyzMQ3dbHtPSX3gG0ikwz/PYwawyHlEXpMa2i/F1Yr9JjLTRqfNRnKCR9MnqdLH5s729yvKO3drmQEJ8E+6sJgyhWuXVd4mGrm4Hal0kx/pArW0sAs0Oq/KoPXohG0x8E3VAPwuZGJrY6ELzClUpSFLW38SgU3ocVd04Gwzzx4feHhIyUFhwAujyVB22vL4YPMFpCP/dWLFs9UOFrGoI2k1JmIDnm7MaeD0Rd4J/w78h9HQcbT638MkrDqp0HamMfgpHLskIqepXd84ILLZqrYt0QgpSvNk4gBkLPeZL5w2/d0wZT3JkyDlHY9zr2i7MhNMz7xuXEpFkKoNnKv7FnyDlkurmdxlfr2BvT77L9Ca2k/rg6H0Q5f+4zP/UVnBSBiqXiULRlMdblik4smzN5lk6N5E/YuwCqTOPeWH4OIzX+IABZyILPdfzYVF9dvslx2EpUufGm+Md1kLWVU02fyC/06QsBjDyD2H4k64dHQuqU0lOmbZVi3I&u=U2FsdGVkX1/rO+TgJQNtLufsOBZxDpN+b9jkdp3Oshk=&y=U2FsdGVkX19oXVIkDznnJfBDy6HE6YMQrSn/pxWM6+9cquOsCsNiCmrifSnBvNs4 HTTP/1.1" 200 25
181.59.126.174 - - [28/May/2022:13:00:11 -0500] "GET /kwssiamovil/sm/acme/a?s=U2FsdGVkX18oCu8VQ/PGBG0WhKg7g9WCr2d9WxOu/IAuSpyCSP2ZkJBhRawxgTrsFoqbgfRupDKqiKvp9d3DouqqlWnlQCSQHPCCT3Kf8uJeW7TS3WFLKiuRb/qLGI4fFmke/Yeki+bIgNPqMACBPFpWdnzF26iqMeYBezXV/VA=&u=U2FsdGVkX1/rO+TgJQNtLufsOBZxDpN+b9jkdp3Oshk=&y=U2FsdGVkX19oXVIkDznnJfBDy6HE6YMQrSn/pxWM6+9cquOsCsNiCmrifSnBvNs4 HTTP/1.1" 200 25
181.59.126.174 - - [28/May/2022:13:00:12 -0500] "GET /kwssiamovil/sm/acme/a?s=U2FsdGVkX1+ot94QTmjXUAPN9DRc7zO76bCfAMDA5WE7ZncOvO99FYZT6VFwRLMALrcXliEy5a0/pqdeK2aO+9J+63gI8dEyyvVVVa1ck0h6OP1ULxcXPnE76bo7Ktl1MuIsPL25QM8CHog4sIlRvMn1oBl7V5Ykj2Qy4lOO9PQ=&u=U2FsdGVkX1/rO+TgJQNtLufsOBZxDpN+b9jkdp3Oshk=&y=U2FsdGVkX19oXVIkDznnJfBDy6HE6YMQrSn/pxWM6+9cquOsCsNiCmrifSnBvNs4 HTTP/1.1" 200 25
181.59.126.174 - - [28/May/2022:13:00:12 -0500] "GET /kwssiamovil/sm/acme/a?s=U2FsdGVkX1+6wVuhS7HeNrnZYBuGPcq6QoK0F+MJshHnKa4+sqfa+TC+T+lSBIZqFeKH7HPMI+rk21oWRXcpkrWzjGRB43nyBRkHg/6hJqtesPTdrN3RfbTA7j3KOSbL5zpuBdJZ7N0IXOlqtjzZ8yPxgBUsq22GDC4rS6hKWRc=&u=U2FsdGVkX1/rO+TgJQNtLufsOBZxDpN+b9jkdp3Oshk=&y=U2FsdGVkX19oXVIkDznnJfBDy6HE6YMQrSn/pxWM6+9cquOsCsNiCmrifSnBvNs4 HTTP/1.1" 200 25
181.59.126.174 - - [28/May/2022:13:00:12 -0500] "GET /kwssiamovil/sm/acme/a?s=U2FsdGVkX1/Ffux/3Jkn4n2vJWr7vLCp0n8nS0ZHL2KlGmtwMl+62U02wNnnK1JIwDscpHfjpQ5RUc3iiEZPZeaBzaHONuitiWlx4s8kktKy0Rm/0meHb4vXO0sG6pesSuJzFkAkKfopJOsmhMJKPgiRcDQdasdipkHU1WoHnI9KeZvapT8juX1O5qKc0Kyv&u=U2FsdGVkX1/rO+TgJQNtLufsOBZxDpN+b9jkdp3Oshk=&y=U2FsdGVkX19oXVIkDznnJfBDy6HE6YMQrSn/pxWM6+9cquOsCsNiCmrifSnBvNs4 HTTP/1.1" 200 25
181.59.126.174 - - [28/May/2022:13:00:13 -0500] "GET /kwssiamovil/sm/acme/a?s=U2FsdGVkX18rpZNk2YlhMI9jb9IJ0tIYQ2F2i0srVSxrZqO/d4BkKgzMSTNQRHxp+k4DK2hccrHvJQ+dDMDkkjOyZD94WZMzwcHPfdBcLE44bHW7to1UgeC8r6lZ24nIPhlmBDkO7y7dUXmm7FVUnull4X29V1J/zEnZxoc0sTnOhF2L7AEd9FeMlm5yOrcHGMRm3gfuVsjU4/r4rYL0vQ==&u=U2FsdGVkX1/rO+TgJQNtLufsOBZxDpN+b9jkdp3Oshk=&y=U2FsdGVkX19oXVIkDznnJfBDy6HE6YMQrSn/pxWM6+9cquOsCsNiCmrifSnBvNs4 HTTP/1.1" 200 25
181.59.126.174 - - [28/May/2022:13:00:13 -0500] "GET /kwssiamovil/sm/acme/a?s=U2FsdGVkX19ZKxiPNILR1m/uO9xpY2tOZifFyoWk8AoyBIyuNOnFyb8ygwMAKU2yJTxjHSz2k5omOAb0Y8/WNKLpWWLZmR+3in+qsW6Udib4V6e2+jeOHexYeSGPnU1cRpJX4LLYwfTphmC2Utg9K0iuS2bVCyL0o/jCLYNixz6mIG/rE0dUmywa+iLHCHaI&u=U2FsdGVkX1/rO+TgJQNtLufsOBZxDpN+b9jkdp3Oshk=&y=U2FsdGVkX19oXVIkDznnJfBDy6HE6YMQrSn/pxWM6+9cquOsCsNiCmrifSnBvNs4 HTTP/1.1" 200 25
181.59.126.174 - - [28/May/2022:13:00:13 -0500] "GET /kwssiamovil/sm/acme/a?s=U2FsdGVkX19+7RjqwBJ0zDQm+6IyqVVMDakY2jJe521hcdIjgonujuzbs4msH2A2o0Rhize05Smvr7sTX7gF52TMMEuG/vn2cJwJLvELpzIqxGIDmGZbnrxlRo4bTo3HZ0jqb+dmehKQFtSN+INdlUEzP2NqGH620XhcNtdunH8QvyGTIOfSak59IAX7FgZcwOUSxGcK8ArASQDBc0+RGw==&u=U2FsdGVkX1/rO+TgJQNtLufsOBZxDpN+b9jkdp3Oshk=&y=U2FsdGVkX19oXVIkDznnJfBDy6HE6YMQrSn/pxWM6+9cquOsCsNiCmrifSnBvNs4 HTTP/1.1" 200 25
181.59.126.174 - - [28/May/2022:13:00:14 -0500] "GET /kwssiamovil/sm/acme/a?s=U2FsdGVkX18+TLgTvUglb73L+vKOz8EoTWkWOnb+spCo92mMZILQGkiF9OuA1ReRgW/IfvF5T6tZ7/muas1adVQJcX8FHq7Q0EqN4EXdpumNMYywbqheguiUXEPj8L7VAEGVS3/diI2pPPgN5vbDISu6pDlvGNgII4AAqld2E2B4ybP9KjeI0Gfg6cqRdlVxSslVeWac10inwQCgqdoXxg==&u=U2FsdGVkX1/rO+TgJQNtLufsOBZxDpN+b9jkdp3Oshk=&y=U2FsdGVkX19oXVIkDznnJfBDy6HE6YMQrSn/pxWM6+9cquOsCsNiCmrifSnBvNs4 HTTP/1.1" 200 25
172.22.2.4 - - [28/May/2022:12:58:49 -0500] "GET /BLA/boletinlegal/ HTTP/1.1" 200 58029
157.55.39.8 - - [28/May/2022:13:00:43 -0500] "GET /bla/resoluciones/resoluciones%202012/1105.pdf HTTP/1.1" 200 1641891
200.118.64.109 - - [28/May/2022:13:01:10 -0500] "POST /forms/lservlet;jsessionid=ac16012b30d6279a8b5810ae4243a5b0c7e88fb7092b.e3iSbxaKaheRe34MbxmQaheMbNz0n6jAmljGr5XDqQLvpAe HTTP/1.1" 200 2
216.245.221.92 - - [28/May/2022:13:01:52 -0500] "HEAD / HTTP/1.1" 200 -
173.252.111.20 - - [28/May/2022:13:02:15 -0500] "GET /images/energia-eficiencia-26-mayo.jpg HTTP/1.1" 200 46417
200.118.64.109 - - [28/May/2022:13:03:10 -0500] "POST /forms/lservlet;jsessionid=ac16012b30d6279a8b5810ae4243a5b0c7e88fb7092b.e3iSbxaKaheRe34MbxmQaheMbNz0n6jAmljGr5XDqQLvpAe HTTP/1.1" 200 2
66.249.65.13 - - [28/May/2022:13:03:16 -0500] "-" 408 -
114.119.151.103 - - [28/May/2022:13:03:53 -0500] "-" 408 -
114.119.153.208 - - [28/May/2022:13:04:24 -0500] "-" 408 -
114.119.135.42 - - [28/May/2022:13:04:54 -0500] "-" 408 -
200.118.64.109 - - [28/May/2022:13:05:10 -0500] "POST /forms/lservlet;jsessionid=ac16012b30d6279a8b5810ae4243a5b0c7e88fb7092b.e3iSbxaKaheRe34MbxmQaheMbNz0n6jAmljGr5XDqQLvpAe HTTP/1.1" 200 2
172.22.2.4 - - [28/May/2022:13:03:49 -0500] "HEAD /BLA/boletinlegal/ HTTP/1.1" 200 -
157.55.39.127 - - [28/May/2022:13:06:08 -0500] "GET /bla/resoluciones/resoluciones%202012/1219.pdf HTTP/1.1" 200 1744911
172.22.2.4 - - [28/May/2022:13:04:39 -0500] "GET /BLA/boletinlegal/ HTTP/1.1" 200 56776
216.245.221.92 - - [28/May/2022:13:06:52 -0500] "HEAD / HTTP/1.1" 200 -
200.118.64.109 - - [28/May/2022:13:07:10 -0500] "POST /forms/lservlet;jsessionid=ac16012b30d6279a8b5810ae4243a5b0c7e88fb7092b.e3iSbxaKaheRe34MbxmQaheMbNz0n6jAmljGr5XDqQLvpAe HTTP/1.1" 200 2
200.118.64.109 - - [28/May/2022:13:09:10 -0500] "POST /forms/lservlet;jsessionid=ac16012b30d6279a8b5810ae4243a5b0c7e88fb7092b.e3iSbxaKaheRe34MbxmQaheMbNz0n6jAmljGr5XDqQLvpAe HTTP/1.1" 200 2
191.156.75.34 - - [28/May/2022:13:10:50 -0500] "GET /indicadores-de-fauna-silvestre-en-el-observatorio-ambiental-de-bogota.html HTTP/1.1" 200 949
200.118.64.109 - - [28/May/2022:13:11:11 -0500] "POST /forms/lservlet;jsessionid=ac16012b30d6279a8b5810ae4243a5b0c7e88fb7092b.e3iSbxaKaheRe34MbxmQaheMbNz0n6jAmljGr5XDqQLvpAe HTTP/1.1" 200 2
172.22.2.4 - - [28/May/2022:13:09:39 -0500] "HEAD /BLA/boletinlegal/ HTTP/1.1" 200 -
172.22.2.4 - - [28/May/2022:13:11:36 -0500] "GET /BLA/boletinlegal/actos.php HTTP/1.1" 200 9559
172.22.2.4 - - [28/May/2022:13:11:36 -0500] "GET /BLA/boletinlegal/favicon.ico HTTP/1.1" 404 1326
172.22.2.4 - - [28/May/2022:13:11:44 -0500] "GET /BLA/boletinlegal/consulta_actos.php?tipo=autos&no=0611&usuario=&sector=&fecha=2015&resuelve= HTTP/1.1" 200 1098
186.115.224.158 - - [28/May/2022:13:11:46 -0500] "GET /BLA/resoluciones/ HTTP/1.1" 200 13093
186.115.224.158 - - [28/May/2022:13:11:47 -0500] "GET /BLA/resoluciones/index.php?dir=AUTOS+2015%2F HTTP/1.1" 200 576507
216.245.221.92 - - [28/May/2022:13:11:52 -0500] "HEAD / HTTP/1.1" 200 -
186.115.224.158 - - [28/May/2022:13:12:06 -0500] "GET /BLA/resoluciones/AUTOS%202015/0611.pdf HTTP/1.1" 200 568934
172.22.2.4 - - [28/May/2022:13:10:29 -0500] "GET /BLA/boletinlegal/ HTTP/1.1" 200 57156
191.156.75.34 - - [28/May/2022:13:12:37 -0500] "GET /secretaria-de-ambiente-y-sena-abren-curso-de-jardines-verticales.html HTTP/1.1" 200 734
200.118.64.109 - - [28/May/2022:13:13:11 -0500] "POST /forms/lservlet;jsessionid=ac16012b30d6279a8b5810ae4243a5b0c7e88fb7092b.e3iSbxaKaheRe34MbxmQaheMbNz0n6jAmljGr5XDqQLvpAe HTTP/1.1" 200 2
172.22.2.4 - - [28/May/2022:13:11:35 -0500] "GET /BLA/boletinlegal/ HTTP/1.1" 200 61903
157.55.39.8 - - [28/May/2022:13:14:44 -0500] "GET /forest/ HTTP/1.1" 200 12041
200.118.64.109 - - [28/May/2022:13:15:11 -0500] "POST /forms/lservlet;jsessionid=ac16012b30d6279a8b5810ae4243a5b0c7e88fb7092b.e3iSbxaKaheRe34MbxmQaheMbNz0n6jAmljGr5XDqQLvpAe HTTP/1.1" 200 2
157.55.39.8 - - [28/May/2022:13:16:23 -0500] "GET /galeria/galeria/fotos/Entrenube2G.jpg HTTP/1.1" 200 111422
46.193.4.101 - - [28/May/2022:13:16:31 -0500] "GET /secretaria-de-ambiente-y-sena-abren-curso-de-jardines-verticales.html HTTP/1.1" 200 734
216.245.221.92 - - [28/May/2022:13:16:52 -0500] "HEAD / HTTP/1.1" 200 -
172.22.2.4 - - [28/May/2022:13:15:29 -0500] "HEAD /BLA/boletinlegal/ HTTP/1.1" 200 -
200.118.64.109 - - [28/May/2022:13:17:11 -0500] "POST /forms/lservlet;jsessionid=ac16012b30d6279a8b5810ae4243a5b0c7e88fb7092b.e3iSbxaKaheRe34MbxmQaheMbNz0n6jAmljGr5XDqQLvpAe HTTP/1.1" 200 2
186.83.90.143 - - [28/May/2022:13:17:15 -0500] "GET /bsc_sda/ HTTP/1.1" 404 1245
186.83.90.143 - - [28/May/2022:13:17:15 -0500] "GET /favicon.ico HTTP/1.1" 200 7782
207.46.13.179 - - [28/May/2022:13:17:16 -0500] "GET /bla/resoluciones/resoluciones%202012/0744.pdf HTTP/1.1" 200 508120
186.83.90.143 - - [28/May/2022:13:17:25 -0500] "GET /appsia/controlador HTTP/1.1" 200 4799
186.83.90.143 - - [28/May/2022:13:17:25 -0500] "GET /appsia/scripts/validarIngreso.js HTTP/1.1" 200 851
186.83.90.143 - - [28/May/2022:13:17:25 -0500] "GET /appsia/css/estilos.css HTTP/1.1" 200 4804
186.83.90.143 - - [28/May/2022:13:17:25 -0500] "GET /appsia/images/logo_bogota_p.png HTTP/1.1" 200 14951
186.83.90.143 - - [28/May/2022:13:17:25 -0500] "GET /appsia/images/cabezoteHojaVida.png HTTP/1.1" 200 32493
172.22.2.4 - - [28/May/2022:13:16:19 -0500] "GET /BLA/boletinlegal/ HTTP/1.1" 200 60973
186.83.90.143 - - [28/May/2022:13:18:29 -0500] "GET /galeria/galeria/jquery.fancybox.css?v=2.1.5 HTTP/1.1" 200 4895
186.83.90.143 - - [28/May/2022:13:18:29 -0500] "GET /BLA/boletinlegal/js/jquery.scrollShow.js HTTP/1.1" 200 4586
186.83.90.143 - - [28/May/2022:13:18:29 -0500] "GET /galeria/galeria/jquery.fancybox.js?v=2.1.5 HTTP/1.1" 200 48706
186.83.90.143 - - [28/May/2022:13:18:30 -0500] "GET /galeria/carrusel/Carrusel/jquery.thumbnailScroller.css HTTP/1.1" 200 2066
186.83.90.143 - - [28/May/2022:13:18:30 -0500] "GET /galeria/carrusel/Carrusel/jquery-ui-1.8.13.custom.min.js HTTP/1.1" 200 10800
186.83.90.143 - - [28/May/2022:13:18:30 -0500] "GET /galeria/carrusel/Carrusel/jquery.thumbnailScroller.js HTTP/1.1" 200 8157
186.83.90.143 - - [28/May/2022:13:18:30 -0500] "GET /galeria/nivo-slider/demo/banner.html HTTP/1.1" 200 5446
186.83.90.143 - - [28/May/2022:13:18:31 -0500] "GET /galeria/nivo-slider/themes/default/default.css HTTP/1.1" 200 1569
186.83.90.143 - - [28/May/2022:13:18:31 -0500] "GET /galeria/nivo-slider/themes/pascal/pascal.css HTTP/1.1" 200 2258
186.83.90.143 - - [28/May/2022:13:18:31 -0500] "GET /galeria/nivo-slider/themes/orman/orman.css HTTP/1.1" 200 2152
186.83.90.143 - - [28/May/2022:13:18:31 -0500] "GET /galeria/nivo-slider/demo/style.css HTTP/1.1" 200 2222
186.83.90.143 - - [28/May/2022:13:18:31 -0500] "GET /galeria/nivo-slider/nivo-slider.css HTTP/1.1" 200 1507
186.83.90.143 - - [28/May/2022:13:18:31 -0500] "GET /galeria/nivo-slider/demo/scripts/jquery-1.7.1.min.js HTTP/1.1" 200 93868
186.83.90.143 - - [28/May/2022:13:18:31 -0500] "GET /galeria/nivo-slider/demo/images/bannertortuga_optimized.jpg HTTP/1.1" 200 39066
186.83.90.143 - - [28/May/2022:13:18:31 -0500] "GET /galeria/nivo-slider/jquery.nivo.slider.pack.js HTTP/1.1" 200 11561
186.83.90.143 - - [28/May/2022:13:18:31 -0500] "GET /galeria/nivo-slider/demo/images/Bannermujeresquereverdecen.jpg HTTP/1.1" 200 46558
186.83.90.143 - - [28/May/2022:13:18:31 -0500] "GET /galeria/nivo-slider/demo/images/Bannersedeelectronica.jpg HTTP/1.1" 200 40383
186.83.90.143 - - [28/May/2022:13:18:31 -0500] "GET /galeria/nivo-slider/demo/images/bannertrafico_optimized.jpg HTTP/1.1" 200 42578
186.83.90.143 - - [28/May/2022:13:18:31 -0500] "GET /galeria/nivo-slider/demo/images/bannerrutaesperanza.jpg HTTP/1.1" 200 55560
186.83.90.143 - - [28/May/2022:13:18:31 -0500] "GET /galeria/nivo-slider/demo/images/4Simple_Slider.png HTTP/1.1" 200 11722
186.83.90.143 - - [28/May/2022:13:18:31 -0500] "GET /galeria/nivo-slider/themes/default/loading.gif HTTP/1.1" 200 1737
186.83.90.143 - - [28/May/2022:13:18:31 -0500] "GET /galeria/nivo-slider/demo/images/banneraire2021.jpg HTTP/1.1" 200 265101
186.83.90.143 - - [28/May/2022:13:18:31 -0500] "GET /galeria/nivo-slider/demo/images/Bannerplasticosseptiembre.jpg HTTP/1.1" 200 45633
186.83.90.143 - - [28/May/2022:13:18:31 -0500] "GET /galeria/nivo-slider/demo/images/bannerresiduoshospitalariosagosto.jpg HTTP/1.1" 200 36499
186.83.90.143 - - [28/May/2022:13:18:31 -0500] "GET /galeria/nivo-slider/demo/images/banneraccionpopularcrr68.jpg HTTP/1.1" 200 51887
186.83.90.143 - - [28/May/2022:13:18:31 -0500] "GET /galeria/nivo-slider/demo/images/banneraccionpopular.jpeg HTTP/1.1" 200 41707
186.83.90.143 - - [28/May/2022:13:18:31 -0500] "GET /galeria/nivo-slider/demo/images/bannerclases2021.jpg HTTP/1.1" 200 68230
186.83.90.143 - - [28/May/2022:13:18:31 -0500] "GET /galeria/nivo-slider/demo/images/bannercapacitacionesbogota.jpg HTTP/1.1" 200 42416
186.83.90.143 - - [28/May/2022:13:18:31 -0500] "GET /galeria/nivo-slider/demo/images/Bannerenvases.jpg HTTP/1.1" 200 37316
186.83.90.143 - - [28/May/2022:13:18:31 -0500] "GET /galeria/nivo-slider/demo/images/Bannervirtualescanales.jpg HTTP/1.1" 200 174544
186.83.90.143 - - [28/May/2022:13:18:31 -0500] "GET /galeria/nivo-slider/themes/default/bullets.png HTTP/1.1" 200 1281
186.83.90.143 - - [28/May/2022:13:18:31 -0500] "GET /galeria/nivo-slider/themes/default/arrows.png HTTP/1.1" 200 824
200.118.64.109 - - [28/May/2022:13:19:11 -0500] "POST /forms/lservlet;jsessionid=ac16012b30d6279a8b5810ae4243a5b0c7e88fb7092b.e3iSbxaKaheRe34MbxmQaheMbNz0n6jAmljGr5XDqQLvpAe HTTP/1.1" 200 2
31.13.103.23 - - [28/May/2022:13:19:52 -0500] "GET /images/jardines-verticales-plantas-24-mayo.jpg HTTP/1.1" 200 148288
172.22.2.4 - - [28/May/2022:13:19:56 -0500] "GET /BLA/boletinlegal/actos.php HTTP/1.1" 200 9559
200.2.67.31 - - [28/May/2022:13:19:58 -0500] "GET /BLA/resoluciones/ HTTP/1.1" 200 13093
200.2.67.31 - - [28/May/2022:13:20:27 -0500] "GET /BLA/resoluciones/index.php?dir=AUTOS+2019%2F HTTP/1.1" 200 345752
172.22.2.4 - - [28/May/2022:13:19:53 -0500] "GET /BLA/boletinlegal/ HTTP/1.1" 200 36811
157.55.39.127 - - [28/May/2022:13:20:50 -0500] "GET /bla/resoluciones/resoluciones%202012/0173.pdf HTTP/1.1" 200 188701
200.118.64.109 - - [28/May/2022:13:21:11 -0500] "POST /forms/lservlet;jsessionid=ac16012b30d6279a8b5810ae4243a5b0c7e88fb7092b.e3iSbxaKaheRe34MbxmQaheMbNz0n6jAmljGr5XDqQLvpAe HTTP/1.1" 200 2
216.245.221.92 - - [28/May/2022:13:21:52 -0500] "HEAD / HTTP/1.1" 200 -
157.55.39.8 - - [28/May/2022:13:21:55 -0500] "GET /bla/resoluciones/resoluciones%202012/1391.pdf HTTP/1.1" 200 1005571
201.245.192.253 - - [28/May/2022:13:21:40 -0500] "POST /kwsrmcab/Wsrmcab HTTP/1.1" 200 46649
172.22.2.4 - - [28/May/2022:13:21:19 -0500] "HEAD /BLA/boletinlegal/ HTTP/1.1" 200 -
200.118.64.109 - - [28/May/2022:13:23:11 -0500] "POST /forms/lservlet;jsessionid=ac16012b30d6279a8b5810ae4243a5b0c7e88fb7092b.e3iSbxaKaheRe34MbxmQaheMbNz0n6jAmljGr5XDqQLvpAe HTTP/1.1" 200 2
201.245.192.253 - - [28/May/2022:13:22:31 -0500] "POST /kwsrmcab/Wsrmcab HTTP/1.1" 200 47257
193.106.191.48 - - [28/May/2022:13:23:25 -0500] "GET / HTTP/1.1" 200 319
172.22.2.4 - - [28/May/2022:13:22:09 -0500] "GET /BLA/boletinlegal/ HTTP/1.1" 200 58482
207.46.13.179 - - [28/May/2022:13:24:26 -0500] "GET /bla/resoluciones/resoluciones%202012/1115.pdf HTTP/1.1" 200 1957133
200.118.64.109 - - [28/May/2022:13:25:12 -0500] "POST /forms/lservlet;jsessionid=ac16012b30d6279a8b5810ae4243a5b0c7e88fb7092b.e3iSbxaKaheRe34MbxmQaheMbNz0n6jAmljGr5XDqQLvpAe HTTP/1.1" 200 2
66.249.65.15 - - [28/May/2022:13:25:47 -0500] "-" 408 -
172.22.2.4 - - [28/May/2022:13:26:14 -0500] "GET /BLA/boletinlegal/consulta_actos.php?tipo=autos&no=0627&usuario=&sector=&fecha=2017&resuelve= HTTP/1.1" 200 1322
186.115.224.158 - - [28/May/2022:13:26:26 -0500] "GET /BLA/resoluciones/ HTTP/1.1" 200 13093
186.115.224.158 - - [28/May/2022:13:26:28 -0500] "GET /BLA/resoluciones/index.php?dir=AUTOS+2017%2F HTTP/1.1" 200 456575
186.115.224.158 - - [28/May/2022:13:26:37 -0500] "GET /BLA/resoluciones/AUTOS%202017/0627.pdf HTTP/1.1" 200 1112972
216.245.221.92 - - [28/May/2022:13:26:52 -0500] "HEAD / HTTP/1.1" 200 -
200.118.64.109 - - [28/May/2022:13:27:12 -0500] "POST /forms/lservlet;jsessionid=ac16012b30d6279a8b5810ae4243a5b0c7e88fb7092b.e3iSbxaKaheRe34MbxmQaheMbNz0n6jAmljGr5XDqQLvpAe HTTP/1.1" 200 2
172.22.2.4 - - [28/May/2022:13:27:23 -0500] "GET /BLA/boletinlegal/jurisprudencia/analisis/Analisis%20Jurisprudencia%20Sent%202000-00005-01.doc HTTP/1.1" 200 52736
172.22.2.4 - - [28/May/2022:13:27:34 -0500] "GET /BLA/boletinlegal/Circulares/2011/Circular%20003%20de%20Febrero%20de%202011.pdf HTTP/1.1" 200 224758
172.22.2.4 - - [28/May/2022:13:27:09 -0500] "HEAD /BLA/boletinlegal/ HTTP/1.1" 200 -
200.118.64.109 - - [28/May/2022:13:29:12 -0500] "POST /forms/lservlet;jsessionid=ac16012b30d6279a8b5810ae4243a5b0c7e88fb7092b.e3iSbxaKaheRe34MbxmQaheMbNz0n6jAmljGr5XDqQLvpAe HTTP/1.1" 200 2
172.22.2.4 - - [28/May/2022:13:27:59 -0500] "GET /BLA/boletinlegal/ HTTP/1.1" 200 58482
186.102.43.57 - - [28/May/2022:13:29:46 -0500] "-" 408 -
200.118.64.109 - - [28/May/2022:13:31:12 -0500] "POST /forms/lservlet;jsessionid=ac16012b30d6279a8b5810ae4243a5b0c7e88fb7092b.e3iSbxaKaheRe34MbxmQaheMbNz0n6jAmljGr5XDqQLvpAe HTTP/1.1" 200 2
216.245.221.92 - - [28/May/2022:13:31:52 -0500] "HEAD / HTTP/1.1" 200 -
66.249.65.13 - - [28/May/2022:13:32:02 -0500] "-" 408 -
201.245.192.253 - - [28/May/2022:13:31:40 -0500] "POST /kwsrmcab/Wsrmcab HTTP/1.1" 200 46649
200.118.64.109 - - [28/May/2022:13:33:12 -0500] "POST /forms/lservlet;jsessionid=ac16012b30d6279a8b5810ae4243a5b0c7e88fb7092b.e3iSbxaKaheRe34MbxmQaheMbNz0n6jAmljGr5XDqQLvpAe HTTP/1.1" 200 2
201.245.192.253 - - [28/May/2022:13:32:31 -0500] "POST /kwsrmcab/Wsrmcab HTTP/1.1" 200 47257
172.22.2.4 - - [28/May/2022:13:32:59 -0500] "HEAD /BLA/boletinlegal/ HTTP/1.1" 200 -
190.24.56.30 - - [28/May/2022:13:35:10 -0500] "GET /BLA/boletinlegal/js/jquery.scrollShow.js HTTP/1.1" 200 4586
190.24.56.30 - - [28/May/2022:13:35:10 -0500] "GET /galeria/galeria/jquery.fancybox.js?v=2.1.5 HTTP/1.1" 200 48706
190.24.56.30 - - [28/May/2022:13:35:10 -0500] "GET /galeria/galeria/jquery.fancybox.css?v=2.1.5 HTTP/1.1" 200 4895
200.118.64.109 - - [28/May/2022:13:35:12 -0500] "POST /forms/lservlet;jsessionid=ac16012b30d6279a8b5810ae4243a5b0c7e88fb7092b.e3iSbxaKaheRe34MbxmQaheMbNz0n6jAmljGr5XDqQLvpAe HTTP/1.1" 200 2
207.46.13.179 - - [28/May/2022:13:35:18 -0500] "GET /BLA/resoluciones/AUTOS%202014/3141.pdf HTTP/1.1" 304 -
161.18.170.91 - - [28/May/2022:13:35:24 -0500] "GET /secretaria-de-ambiente-y-sena-abren-curso-de-jardines-verticales.html HTTP/1.1" 304 -
207.46.13.179 - - [28/May/2022:13:35:26 -0500] "GET /bla/resoluciones/resoluciones%202022/0876.pdf HTTP/1.1" 200 368207
172.22.2.4 - - [28/May/2022:13:33:49 -0500] "GET /BLA/boletinlegal/ HTTP/1.1" 200 55926
193.106.191.48 - - [28/May/2022:13:36:35 -0500] "GET /actuator/gateway/routes HTTP/1.1" 404 1018
216.245.221.92 - - [28/May/2022:13:36:52 -0500] "HEAD / HTTP/1.1" 200 -
200.118.64.109 - - [28/May/2022:13:37:12 -0500] "POST /forms/lservlet;jsessionid=ac16012b30d6279a8b5810ae4243a5b0c7e88fb7092b.e3iSbxaKaheRe34MbxmQaheMbNz0n6jAmljGr5XDqQLvpAe HTTP/1.1" 200 2
200.118.64.109 - - [28/May/2022:13:39:13 -0500] "POST /forms/lservlet;jsessionid=ac16012b30d6279a8b5810ae4243a5b0c7e88fb7092b.e3iSbxaKaheRe34MbxmQaheMbNz0n6jAmljGr5XDqQLvpAe HTTP/1.1" 200 2
172.22.2.4 - - [28/May/2022:13:38:49 -0500] "HEAD /BLA/boletinlegal/ HTTP/1.1" 200 -
200.118.64.109 - - [28/May/2022:13:41:13 -0500] "POST /forms/lservlet;jsessionid=ac16012b30d6279a8b5810ae4243a5b0c7e88fb7092b.e3iSbxaKaheRe34MbxmQaheMbNz0n6jAmljGr5XDqQLvpAe HTTP/1.1" 200 2
172.22.2.4 - - [28/May/2022:13:39:39 -0500] "GET /BLA/boletinlegal/ HTTP/1.1" 200 58482
216.245.221.92 - - [28/May/2022:13:41:52 -0500] "HEAD / HTTP/1.1" 200 -
201.245.192.253 - - [28/May/2022:13:41:39 -0500] "POST /kwsrmcab/Wsrmcab HTTP/1.1" 200 46649
207.46.13.179 - - [28/May/2022:13:42:56 -0500] "GET /BLA/resoluciones/AUTOS%202021/3739.pdf HTTP/1.1" 304 -
200.118.64.109 - - [28/May/2022:13:43:13 -0500] "POST /forms/lservlet;jsessionid=ac16012b30d6279a8b5810ae4243a5b0c7e88fb7092b.e3iSbxaKaheRe34MbxmQaheMbNz0n6jAmljGr5XDqQLvpAe HTTP/1.1" 200 2
201.245.192.253 - - [28/May/2022:13:42:30 -0500] "POST /kwsrmcab/Wsrmcab HTTP/1.1" 200 47257
181.53.13.201 - - [28/May/2022:13:44:30 -0500] "GET /medida-preventiva-por-afectacion-al-humedal-de-techo.html HTTP/1.1" 200 779
200.118.64.109 - - [28/May/2022:13:45:13 -0500] "POST /forms/lservlet;jsessionid=ac16012b30d6279a8b5810ae4243a5b0c7e88fb7092b.e3iSbxaKaheRe34MbxmQaheMbNz0n6jAmljGr5XDqQLvpAe HTTP/1.1" 200 2
172.22.2.4 - - [28/May/2022:13:44:39 -0500] "HEAD /BLA/boletinlegal/ HTTP/1.1" 200 -
216.245.221.92 - - [28/May/2022:13:46:52 -0500] "HEAD / HTTP/1.1" 200 -
172.22.2.4 - - [28/May/2022:13:45:29 -0500] "GET /BLA/boletinlegal/ HTTP/1.1" 200 60973
200.118.64.109 - - [28/May/2022:13:47:13 -0500] "POST /forms/lservlet;jsessionid=ac16012b30d6279a8b5810ae4243a5b0c7e88fb7092b.e3iSbxaKaheRe34MbxmQaheMbNz0n6jAmljGr5XDqQLvpAe HTTP/1.1" 200 2
66.249.65.13 - - [28/May/2022:13:47:14 -0500] "-" 408 -
200.118.64.109 - - [28/May/2022:13:49:13 -0500] "POST /forms/lservlet;jsessionid=ac16012b30d6279a8b5810ae4243a5b0c7e88fb7092b.e3iSbxaKaheRe34MbxmQaheMbNz0n6jAmljGr5XDqQLvpAe HTTP/1.1" 200 2
200.118.64.109 - - [28/May/2022:13:51:14 -0500] "POST /forms/lservlet;jsessionid=ac16012b30d6279a8b5810ae4243a5b0c7e88fb7092b.e3iSbxaKaheRe34MbxmQaheMbNz0n6jAmljGr5XDqQLvpAe HTTP/1.1" 200 2
216.245.221.92 - - [28/May/2022:13:51:52 -0500] "HEAD / HTTP/1.1" 200 -
157.55.39.43 - - [28/May/2022:13:52:00 -0500] "GET /galeria/galeria/fotos/Jaboque4G.jpg HTTP/1.1" 200 295106
172.22.2.4 - - [28/May/2022:13:50:29 -0500] "HEAD /BLA/boletinlegal/ HTTP/1.1" 200 -
172.22.2.4 - - [28/May/2022:13:51:19 -0500] "GET /BLA/boletinlegal/ HTTP/1.1" 200 60973
200.118.64.109 - - [28/May/2022:13:53:14 -0500] "POST /forms/lservlet;jsessionid=ac16012b30d6279a8b5810ae4243a5b0c7e88fb7092b.e3iSbxaKaheRe34MbxmQaheMbNz0n6jAmljGr5XDqQLvpAe HTTP/1.1" 200 2
186.102.62.51 - - [28/May/2022:13:53:15 -0500] "-" 408 -
66.249.65.13 - - [28/May/2022:13:53:16 -0500] "-" 408 -
200.118.64.109 - - [28/May/2022:13:55:14 -0500] "POST /forms/lservlet;jsessionid=ac16012b30d6279a8b5810ae4243a5b0c7e88fb7092b.e3iSbxaKaheRe34MbxmQaheMbNz0n6jAmljGr5XDqQLvpAe HTTP/1.1" 200 2
191.156.230.182 - - [28/May/2022:13:55:55 -0500] "GET /conoce-los-requisitos-ambientales-para-abrir-un-establecimiento-comercial-en-bogota.html HTTP/1.1" 200 796
216.245.221.92 - - [28/May/2022:13:56:52 -0500] "HEAD / HTTP/1.1" 200 -
200.118.64.109 - - [28/May/2022:13:57:14 -0500] "POST /forms/lservlet;jsessionid=ac16012b30d6279a8b5810ae4243a5b0c7e88fb7092b.e3iSbxaKaheRe34MbxmQaheMbNz0n6jAmljGr5XDqQLvpAe HTTP/1.1" 200 2
172.22.2.4 - - [28/May/2022:13:56:19 -0500] "HEAD /BLA/boletinlegal/ HTTP/1.1" 200 -
172.22.2.4 - - [28/May/2022:13:57:09 -0500] "GET /BLA/boletinlegal/ HTTP/1.1" 200 55576
66.249.65.13 - - [28/May/2022:13:58:56 -0500] "-" 408 -
200.118.64.109 - - [28/May/2022:13:59:15 -0500] "POST /forms/lservlet;jsessionid=ac16012b30d6279a8b5810ae4243a5b0c7e88fb7092b.e3iSbxaKaheRe34MbxmQaheMbNz0n6jAmljGr5XDqQLvpAe HTTP/1.1" 200 2
207.46.13.146 - - [28/May/2022:14:00:00 -0500] "GET /BLA/resoluciones/AUTOS%202014/3771.pdf HTTP/1.1" 304 -
40.77.167.79 - - [28/May/2022:14:00:23 -0500] "GET /bla/resoluciones/resoluciones%201998/RESOLUCION%20610%20DE%201998.pdf HTTP/1.1" 304 -
200.118.64.109 - - [28/May/2022:14:01:15 -0500] "POST /forms/lservlet;jsessionid=ac16012b30d6279a8b5810ae4243a5b0c7e88fb7092b.e3iSbxaKaheRe34MbxmQaheMbNz0n6jAmljGr5XDqQLvpAe HTTP/1.1" 200 2
216.245.221.92 - - [28/May/2022:14:01:52 -0500] "HEAD / HTTP/1.1" 200 -
200.118.64.109 - - [28/May/2022:14:03:15 -0500] "POST /forms/lservlet;jsessionid=ac16012b30d6279a8b5810ae4243a5b0c7e88fb7092b.e3iSbxaKaheRe34MbxmQaheMbNz0n6jAmljGr5XDqQLvpAe HTTP/1.1" 200 2
172.22.2.4 - - [28/May/2022:14:03:28 -0500] "GET /BLA/boletinlegal/robots.txt HTTP/1.1" 404 1038
172.22.2.4 - - [28/May/2022:14:03:29 -0500] "GET /BLA/boletinlegal/conceptos.php HTTP/1.1" 200 7443
157.55.39.127 - - [28/May/2022:14:03:34 -0500] "GET /bla/resoluciones/resoluciones%202012/1524.pdf HTTP/1.1" 200 642474
172.22.2.4 - - [28/May/2022:14:02:09 -0500] "HEAD /BLA/boletinlegal/ HTTP/1.1" 200 -
172.22.2.4 - - [28/May/2022:14:02:59 -0500] "GET /BLA/boletinlegal/ HTTP/1.1" 200 60973
200.118.64.109 - - [28/May/2022:14:05:15 -0500] "POST /forms/lservlet;jsessionid=ac16012b30d6279a8b5810ae4243a5b0c7e88fb7092b.e3iSbxaKaheRe34MbxmQaheMbNz0n6jAmljGr5XDqQLvpAe HTTP/1.1" 200 2
66.249.65.13 - - [28/May/2022:14:05:33 -0500] "-" 408 -
216.245.221.92 - - [28/May/2022:14:06:52 -0500] "HEAD / HTTP/1.1" 200 -
190.250.61.102 - - [28/May/2022:14:07:01 -0500] "GET /conoce-los-requisitos-ambientales-para-abrir-un-establecimiento-comercial-en-bogota.html HTTP/1.1" 200 796
200.118.64.109 - - [28/May/2022:14:07:16 -0500] "POST /forms/lservlet;jsessionid=ac16012b30d6279a8b5810ae4243a5b0c7e88fb7092b.e3iSbxaKaheRe34MbxmQaheMbNz0n6jAmljGr5XDqQLvpAe HTTP/1.1" 200 2
200.118.64.109 - - [28/May/2022:14:09:16 -0500] "POST /forms/lservlet;jsessionid=ac16012b30d6279a8b5810ae4243a5b0c7e88fb7092b.e3iSbxaKaheRe34MbxmQaheMbNz0n6jAmljGr5XDqQLvpAe HTTP/1.1" 200 2
172.22.2.4 - - [28/May/2022:14:07:59 -0500] "HEAD /BLA/boletinlegal/ HTTP/1.1" 200 -
172.22.2.4 - - [28/May/2022:14:08:49 -0500] "GET /BLA/boletinlegal/ HTTP/1.1" 200 57156
186.155.121.199 - - [28/May/2022:14:10:49 -0500] "GET /secretaria-de-ambiente-se-unio-al-operativo-nacional-de-control-al-trafico-ilegal-de-maderas.html HTTP/1.1" 200 855
157.55.39.127 - - [28/May/2022:14:10:55 -0500] "GET /bla/resoluciones/resoluciones%202012/0909.pdf HTTP/1.1" 200 574870
200.118.64.109 - - [28/May/2022:14:11:16 -0500] "POST /forms/lservlet;jsessionid=ac16012b30d6279a8b5810ae4243a5b0c7e88fb7092b.e3iSbxaKaheRe34MbxmQaheMbNz0n6jAmljGr5XDqQLvpAe HTTP/1.1" 200 2
216.245.221.92 - - [28/May/2022:14:11:52 -0500] "HEAD / HTTP/1.1" 200 -
66.249.65.13 - - [28/May/2022:14:12:12 -0500] "-" 408 -
157.55.39.127 - - [28/May/2022:14:13:04 -0500] "GET /bla/resoluciones/resoluciones%201998/RESOLUCION%201127%20DE%201998.pdf HTTP/1.1" 200 118947
200.118.64.109 - - [28/May/2022:14:13:16 -0500] "POST /forms/lservlet;jsessionid=ac16012b30d6279a8b5810ae4243a5b0c7e88fb7092b.e3iSbxaKaheRe34MbxmQaheMbNz0n6jAmljGr5XDqQLvpAe HTTP/1.1" 200 2
157.55.39.127 - - [28/May/2022:14:14:46 -0500] "GET /BLA/resoluciones/RESOLUCIONES%202019/2135.pdf HTTP/1.1" 304 -
200.118.64.109 - - [28/May/2022:14:15:16 -0500] "POST /forms/lservlet;jsessionid=ac16012b30d6279a8b5810ae4243a5b0c7e88fb7092b.e3iSbxaKaheRe34MbxmQaheMbNz0n6jAmljGr5XDqQLvpAe HTTP/1.1" 200 2
172.22.2.4 - - [28/May/2022:14:13:49 -0500] "HEAD /BLA/boletinlegal/ HTTP/1.1" 200 -
172.22.2.4 - - [28/May/2022:14:14:39 -0500] "GET /BLA/boletinlegal/ HTTP/1.1" 200 60973
216.245.221.92 - - [28/May/2022:14:16:52 -0500] "HEAD / HTTP/1.1" 200 -
200.118.64.109 - - [28/May/2022:14:17:16 -0500] "POST /forms/lservlet;jsessionid=ac16012b30d6279a8b5810ae4243a5b0c7e88fb7092b.e3iSbxaKaheRe34MbxmQaheMbNz0n6jAmljGr5XDqQLvpAe HTTP/1.1" 200 2
66.249.65.13 - - [28/May/2022:14:18:14 -0500] "-" 408 -
200.118.64.109 - - [28/May/2022:14:19:17 -0500] "POST /forms/lservlet;jsessionid=ac16012b30d6279a8b5810ae4243a5b0c7e88fb7092b.e3iSbxaKaheRe34MbxmQaheMbNz0n6jAmljGr5XDqQLvpAe HTTP/1.1" 200 2
31.13.127.117 - - [28/May/2022:14:19:18 -0500] "GET /images/jardines-verticales-plantas-24-mayo.jpg HTTP/1.1" 200 148288
207.46.13.146 - - [28/May/2022:14:19:51 -0500] "GET /bla/resoluciones/resoluciones%202012/0948.pdf HTTP/1.1" 200 871067
104.28.88.132 - - [28/May/2022:14:19:52 -0500] "GET /secretaria-de-ambiente-y-sena-abren-curso-de-jardines-verticales.html?fbclid=IwAR1E5TqlTiYR3oO-WTfuiXE-zczVt1gwRzEmzasd3gnUuNxCUwEijAxIr4Y HTTP/1.1" 200 734
172.22.2.4 - - [28/May/2022:14:18:32 -0500] "GET /BLA/boletinlegal/ HTTP/1.1" 200 60581
217.182.171.12 - - [28/May/2022:14:20:51 -0500] "HEAD /BLA/resoluciones/RESOLUCIONES%202010/7621.pdf HTTP/1.1" 200 -
200.118.64.109 - - [28/May/2022:14:21:17 -0500] "POST /forms/lservlet;jsessionid=ac16012b30d6279a8b5810ae4243a5b0c7e88fb7092b.e3iSbxaKaheRe34MbxmQaheMbNz0n6jAmljGr5XDqQLvpAe HTTP/1.1" 200 2
172.22.2.4 - - [28/May/2022:14:19:39 -0500] "HEAD /BLA/boletinlegal/ HTTP/1.1" 200 -
216.245.221.92 - - [28/May/2022:14:21:52 -0500] "HEAD / HTTP/1.1" 200 -
172.22.2.4 - - [28/May/2022:14:20:29 -0500] "GET /BLA/boletinlegal/ HTTP/1.1" 200 60973
207.46.13.67 - - [28/May/2022:14:22:09 -0500] "GET / HTTP/1.1" 200 319
201.245.192.253 - - [28/May/2022:14:21:40 -0500] "POST /kwsrmcab/Wsrmcab HTTP/1.1" 200 47404
201.245.192.253 - - [28/May/2022:14:22:25 -0500] "POST /kwsrmcab/Wsrmcab HTTP/1.1" 200 47254
200.118.64.109 - - [28/May/2022:14:23:17 -0500] "POST /forms/lservlet;jsessionid=ac16012b30d6279a8b5810ae4243a5b0c7e88fb7092b.e3iSbxaKaheRe34MbxmQaheMbNz0n6jAmljGr5XDqQLvpAe HTTP/1.1" 200 2
66.249.65.13 - - [28/May/2022:14:24:43 -0500] "-" 408 -
200.118.64.109 - - [28/May/2022:14:25:17 -0500] "POST /forms/lservlet;jsessionid=ac16012b30d6279a8b5810ae4243a5b0c7e88fb7092b.e3iSbxaKaheRe34MbxmQaheMbNz0n6jAmljGr5XDqQLvpAe HTTP/1.1" 200 2
172.22.2.4 - - [28/May/2022:14:25:27 -0500] "GET /BLA/boletinlegal/jurisprudencia/analisis/CUADRO%20SENTENCIA%20T-299%20DE%202008.doc HTTP/1.1" 304 -
216.245.221.92 - - [28/May/2022:14:26:52 -0500] "HEAD / HTTP/1.1" 200 -
