186.102.72.195 - - [29/May/2022:19:17:09 -0500] "GET /kwssiamovil/sm/acme/a?s=U2FsdGVkX18euyo6wt9oiNgmVV7njkbNkFc/nIWES3DoYIs5c+wOOIAKSIcQbGMQKiU7a2pi+007bndU2rIugboXW9BRZZCMcW2XVCzFIyhutKJ+ZoOUZEhbdvsbgohNUQr/aNgIWxPPtURMHOqybuTZEosThYn9zeKD8oQWwns=&u=U2FsdGVkX19N4YTqyUZ2Al61N/tI0cl0N8nU9O8ByTC6nWSJU+ZmOdej5YGCkoXe&y=U2FsdGVkX18aJgU9U/LegI+4KaZWGjiTdhHHGcg0CqbcJMhQotKDoxwtW0+WRRj+ HTTP/1.1" 200 25
186.102.72.195 - - [29/May/2022:19:17:09 -0500] "GET /kwssiamovil/sm/acme/a?s=U2FsdGVkX19GygjHDhN1kPQFlceMY3+ErsJDM/FXCwT2WDtTcBjQOx6tQ8ts3TXSMnMS0PvoMRHI1BC0viYMmCGgi27LB173vAu8FJK1yR7MOCst/uQTQfmmKt3t+WQZcR2e+EiIJZaMAK9Cl+IxVGENKkRCuxdikMZjLdbcxRToh219JlilmQIzFp5OK6Bx&u=U2FsdGVkX19N4YTqyUZ2Al61N/tI0cl0N8nU9O8ByTC6nWSJU+ZmOdej5YGCkoXe&y=U2FsdGVkX18aJgU9U/LegI+4KaZWGjiTdhHHGcg0CqbcJMhQotKDoxwtW0+WRRj+ HTTP/1.1" 200 25
199.59.150.180 - - [29/May/2022:19:17:09 -0500] "GET /indicadores-de-fauna-silvestre-en-el-observatorio-ambiental-de-bogota.html HTTP/1.1" 200 949
172.22.2.4 - - [29/May/2022:19:15:45 -0500] "GET /BLA/boletinlegal/ HTTP/1.1" 200 56776
94.130.167.109 - - [29/May/2022:19:18:05 -0500] "GET /indicadores-de-fauna-silvestre-en-el-observatorio-ambiental-de-bogota.html HTTP/1.1" 200 949
136.243.79.224 - - [29/May/2022:19:18:21 -0500] "GET /indicadores-de-fauna-silvestre-en-el-observatorio-ambiental-de-bogota.html HTTP/1.1" 206 949
216.245.221.92 - - [29/May/2022:19:18:56 -0500] "HEAD / HTTP/1.1" 200 -
135.125.88.213 - - [29/May/2022:19:19:18 -0500] "GET /indicadores-de-fauna-silvestre-en-el-observatorio-ambiental-de-bogota.html HTTP/1.1" 200 949
136.243.11.34 - - [29/May/2022:19:19:37 -0500] "GET /indicadores-de-fauna-silvestre-en-el-observatorio-ambiental-de-bogota.html HTTP/1.1" 200 949
190.27.153.63 - - [29/May/2022:19:21:11 -0500] "GET /forest/ HTTP/1.1" 200 12041
181.141.149.12 - - [29/May/2022:19:21:15 -0500] "GET /sig/CALIDAD/NORMATIVIDAD/NTC-ISO14001%202004.pdf HTTP/1.1" 404 1120
190.27.153.63 - - [29/May/2022:19:21:16 -0500] "POST /forest/index.php HTTP/1.1" 200 12268
181.141.149.12 - - [29/May/2022:19:21:17 -0500] "GET /favicon.ico HTTP/1.1" 200 7782
201.245.192.253 - - [29/May/2022:19:21:34 -0500] "POST /kwsrmcab/Wsrmcab HTTP/1.1" 200 47394
172.22.2.4 - - [29/May/2022:19:20:45 -0500] "HEAD /BLA/boletinlegal/ HTTP/1.1" 200 -
201.245.192.253 - - [29/May/2022:19:22:24 -0500] "POST /kwsrmcab/Wsrmcab HTTP/1.1" 200 44399
172.22.2.4 - - [29/May/2022:19:21:35 -0500] "GET /BLA/boletinlegal/ HTTP/1.1" 200 58482
216.245.221.92 - - [29/May/2022:19:23:56 -0500] "HEAD / HTTP/1.1" 200 -
177.55.157.6 - - [29/May/2022:19:26:49 -0500] "GET / HTTP/1.1" 400 946
172.22.2.4 - - [29/May/2022:19:26:35 -0500] "HEAD /BLA/boletinlegal/ HTTP/1.1" 200 -
216.245.221.92 - - [29/May/2022:19:28:56 -0500] "HEAD / HTTP/1.1" 200 -
172.22.2.4 - - [29/May/2022:19:27:25 -0500] "GET /BLA/boletinlegal/ HTTP/1.1" 200 60973
157.55.39.8 - - [29/May/2022:19:29:22 -0500] "GET /forest/ HTTP/1.1" 200 12041
35.195.93.98 - - [29/May/2022:19:29:46 -0500] "GET / HTTP/1.1" 200 319
201.245.192.253 - - [29/May/2022:19:31:33 -0500] "POST /kwsrmcab/Wsrmcab HTTP/1.1" 200 47394
51.15.164.30 - - [29/May/2022:19:33:01 -0500] "HEAD /indicadores-de-fauna-silvestre-en-el-observatorio-ambiental-de-bogota.html HTTP/1.1" 200 -
201.245.192.253 - - [29/May/2022:19:32:21 -0500] "POST /kwsrmcab/Wsrmcab HTTP/1.1" 200 44399
207.46.13.179 - - [29/May/2022:19:33:16 -0500] "GET /BLA/resoluciones/ HTTP/1.1" 200 13093
157.55.39.43 - - [29/May/2022:19:33:20 -0500] "GET /BLA/boletinlegal/conceptos.php HTTP/1.1" 200 7443
157.55.39.8 - - [29/May/2022:19:33:23 -0500] "GET /BLA/boletinlegal/norma_menu.php HTTP/1.1" 200 6318
157.55.39.8 - - [29/May/2022:19:33:25 -0500] "GET /BLA/resoluciones/index.php?dir=AUTOS+2020%2F HTTP/1.1" 200 324373
34.145.35.92 - - [29/May/2022:19:33:28 -0500] "HEAD /indicadores-de-fauna-silvestre-en-el-observatorio-ambiental-de-bogota.html HTTP/1.1" 200 -
216.245.221.92 - - [29/May/2022:19:33:56 -0500] "HEAD / HTTP/1.1" 200 -
172.22.2.4 - - [29/May/2022:19:32:24 -0500] "HEAD /BLA/boletinlegal/ HTTP/1.1" 200 -
207.46.13.179 - - [29/May/2022:19:34:05 -0500] "GET /catalogoisis/js/remote.js HTTP/1.1" 200 436
172.22.2.4 - - [29/May/2022:19:33:15 -0500] "GET /BLA/boletinlegal/ HTTP/1.1" 200 58482
172.22.2.4 - - [29/May/2022:19:34:59 -0500] "GET /BLA/boletinlegal/console/ HTTP/1.1" 404 1018
157.55.39.127 - - [29/May/2022:19:35:18 -0500] "GET /Publicaciones/2022EE82641.pdf HTTP/1.1" 404 227
157.55.39.8 - - [29/May/2022:19:36:16 -0500] "GET /BLA/resoluciones/index.php?dir=AUTOS+2008%2F HTTP/1.1" 200 569644
172.22.2.4 - - [29/May/2022:19:34:59 -0500] "GET /BLA/boletinlegal/ HTTP/1.1" 200 63427
186.30.78.34 - - [29/May/2022:19:38:02 -0500] "GET /BLA/resoluciones/index.php?dir=AUTOS+2012%2F HTTP/1.1" 200 270773
186.30.78.34 - - [29/May/2022:19:38:13 -0500] "GET /BLA/resoluciones/AUTOS%202012/2881.pdf HTTP/1.1" 200 421378
172.22.2.4 - - [29/May/2022:19:38:49 -0500] "GET /BLA/boletinlegal/Circulares/2019/.pdf HTTP/1.1" 404 1218
216.245.221.92 - - [29/May/2022:19:38:56 -0500] "HEAD / HTTP/1.1" 200 -
172.22.2.4 - - [29/May/2022:19:38:58 -0500] "GET /BLA/boletinlegal/Circulares/2012/Circular%20No.%2010%20del%2026%20de%20Enero%20de%202012.pdf HTTP/1.1" 404 1218
186.102.22.203 - - [29/May/2022:19:39:22 -0500] "GET /kwssiamovil/sm/ldap/au?x=U2FsdGVkX185Ln4k49T180ZH7GOf+dxOGzklUnUThW39IZuJg9ithPXl4h8RNHjz&y=U2FsdGVkX1/5/4CIrJiI7y75gRYkeWx1Hj+0ozBOVco= HTTP/1.1" 200 30
186.102.22.203 - - [29/May/2022:19:39:22 -0500] "GET /kwssiamovil/sm/acme/s?s=U2FsdGVkX19dd3IzH33jAz4aIJMK82KpxNyC2OSVV12ISSYC1GOFGWBLQ7Lb7tfTIe5aKwW6euEor9HcDmMMpCPF6TRwpSaryvvUe8m5jJ4=&u=U2FsdGVkX1/WhrSrDUcYSAA55m34woHAiWtRQHTmpbc=&y=U2FsdGVkX1/5/4CIrJiI7y75gRYkeWx1Hj+0ozBOVco= HTTP/1.1" 200 97
186.102.22.203 - - [29/May/2022:19:39:22 -0500] "GET /kwssiamovil/sm/acme/s?s=U2FsdGVkX18YV4dfBMicLeifMPZYDd+1Bw8Q4qEJK6Y2+musoleOxVvMSrxHqQg3eG8kjQRDc7Tg670BC8+JKYAn/O3u2zoRFrUQ4srs5gEJu5GYMb9FWyK8TNgcw2QWDrgBjjhvwhnxUxqFk+01ZLW2oXWAEViYL6Kz3etqwJSBzZ3xazE37n+mOA7L1Xh8AqsaJZZI2pP52dt8KVaBRUdcJrJIjT9JHpkc2TEK4uK2qwdvv1bpWLimUCr32kJOe0WrBE0JvzSC0WqQ9i7Rq45LmWZCVigeN2M1rqWXoGvEu2p+sOtTRwR6U+GnNnmd5GrIO0vbiprNhMKgqIytGZBbZSAct7wqtN25kMJFlzrmBrL0sFe1441LYCoo0aQ4lQT0kou+B3+B638dD1MP3zy0XyRHR59VPNLZddKO4xmWT8SxIgBwRIjqtUFgSTI0I/BAed47ghdjIVuB/qX3hZnFnw2kEgOj4tMj+bkal3BzeIIjMj3DWCkDlygNFaFUbpf80w8r38Y/odWytcOK8WHWzc+QBdmAD5sou7KsQ5CYl2ohsx2BgYuHS4Z739SVodXK/jJa3XlkhwgczkEo/RY/joXa+tUb6rJKQM+lCv86ND63LxYaD/TZDIKZCaPkf4V6wn9jg1qWlwowLN86cbaaDM5PrHEIjezD/oc6OmNNEqrsm2NVUFs5jHY3LelnFvTO81utvZD7BUdTAkw3spv+12GvqDaDi9EZNkMhKF+RtWUDxU58SLvhNT4MbL5Y9yT1mVHX/tkXDmixUEFgZ0L6YZy6an9eGWZHMX/oNeUfPT5UukfYTKb+RhESenQnbyelQins/ewJahoGTJSwfJTM8Eghp7RkUmgRhPCNUIZ3TiEvwIVPk0aEkeyy8AjbogvT/F0x7Q+CdCrXVkGiJLTdkoxzsxnOncZUA+qxCqthFv1g8t7VQ7+wy8f+rWPaAX+kKepsliIpUGL+BqGO6xs/notgfXe2jzpNhDUVNWUfHzkAV8i6dNFQQywuIAYHVzESKolwXhIRln3VMAJ46MR2Grs/ax0BWuBiLN7ncyhFot4FSocuQjPnIuMcEvqqv6vH129dJNaAYqsS9Hl+lgZe7SRKgTDEovU7kNw/wj1IuLXsjAUtrOOWF9vxLI8+HBXPtcDBTTuVzx7fAnzrDmBZ4jn1VzMKSx1nRzVai8ye3LZNJD19Qt7hhoW9ANPwRnuC0cKTMKHZTQflFtFDHprAKpJ9MTUkKkKvJHssRdSNMbqzFJKp+/Co7w8HtIfj6rw3NM6PM7IqwCkZtWWizsY7OGDvXocjKAu+0kDY4rY6HVT/KXNVhamDQ3MI2aY4RBYpetCGFLyIGVYXy1f0JqGqtmh2uZ7blkR81vtXMuc=&u=U2FsdGVkX1/WhrSrDUcYSAA55m34woHAiWtRQHTmpbc=&y=U2FsdGVkX1/5/4CIrJiI7y75gRYkeWx1Hj+0ozBOVco= HTTP/1.1" 200 2767
186.102.22.203 - - [29/May/2022:19:39:22 -0500] "GET /kwssiamovil/sm/acme/s?s=U2FsdGVkX1+0wkmJGX8lzGVyWjaeUmfRcgx55uB2ffa5EpF+6NiDhOHifUHmHUHfVlxLyfc/4cMLajY+iKYNO1RUzdjOlSw1zcs+yrSj46E45cRZbTedrlfm3Mwq0mPYh4jiWLgkdbS3/TGzKG+F1hFI4lDOJ4RBhKUssnemuTE8xuXj2YL9LThlS89IjDkcjCKlXI6W8HEsqGVUOEb+045PtfPs3B6Ms2GpzOa4rO7Pa8Bf06fwjomkiIp21NVedTVBsXtv9aWGhDn+di9BsQwxBqpmpM57hTWZ/PM+y5U=&u=U2FsdGVkX1/WhrSrDUcYSAA55m34woHAiWtRQHTmpbc=&y=U2FsdGVkX1/5/4CIrJiI7y75gRYkeWx1Hj+0ozBOVco= HTTP/1.1" 200 176
186.102.22.203 - - [29/May/2022:19:39:22 -0500] "GET /kwssiamovil/sm/cjson/pre?f=1&x=U2FsdGVkX185Ln4k49T180ZH7GOf+dxOGzklUnUThW39IZuJg9ithPXl4h8RNHjz HTTP/1.1" 200 30992
172.22.2.4 - - [29/May/2022:19:38:14 -0500] "HEAD /BLA/boletinlegal/ HTTP/1.1" 200 -
66.220.149.7 - - [29/May/2022:19:40:08 -0500] "GET /secretaria-de-ambiente-invita-a-comunidad-de-bosa-a-entregar-residuos-especiales-y-peligrosos.html HTTP/1.1" 206 992
172.22.2.4 - - [29/May/2022:19:39:06 -0500] "GET /BLA/boletinlegal/ HTTP/1.1" 200 58482
172.22.2.4 - - [29/May/2022:19:41:49 -0500] "GET /BLA/boletinlegal/jurisprudencia/analisis/analisis%20sentencia%20C%20401%20de%202010.doc HTTP/1.1" 304 -
191.95.168.99 - - [29/May/2022:19:42:16 -0500] "GET /forest/ HTTP/1.1" 200 12041
186.102.72.195 - - [29/May/2022:19:42:19 -0500] "GET /kwssiamovil/sm/acme/u?s=U2FsdGVkX18zLul18ad24QROdMfUMePvzDGNnPEYDvSDv79ZpY4qCUDKiZNsjYo7HElt3Vj+htdbSBqjXQl7eZTDfTn7dT0FOBOoT9CCVbq8U+a/pQMKegV8NzZzVS/SqcuuwuKAbSCfFLoN6zaKMQ==&u=U2FsdGVkX19N4YTqyUZ2Al61N/tI0cl0N8nU9O8ByTC6nWSJU+ZmOdej5YGCkoXe&y=U2FsdGVkX18aJgU9U/LegI+4KaZWGjiTdhHHGcg0CqbcJMhQotKDoxwtW0+WRRj+ HTTP/1.1" 200 60
201.245.192.253 - - [29/May/2022:19:41:33 -0500] "POST /kwsrmcab/Wsrmcab HTTP/1.1" 200 47394
191.95.168.99 - - [29/May/2022:19:42:29 -0500] "POST /forest/index.php HTTP/1.1" 200 12268
172.22.2.4 - - [29/May/2022:19:43:07 -0500] "GET /BLA/boletinlegal/actos.php HTTP/1.1" 200 9559
201.245.192.253 - - [29/May/2022:19:42:22 -0500] "POST /kwsrmcab/Wsrmcab HTTP/1.1" 200 44399
172.22.2.4 - - [29/May/2022:19:43:17 -0500] "GET /BLA/boletinlegal/consulta_actos.php?tipo=autos&no=1143&usuario=&sector=&fecha=2012&resuelve= HTTP/1.1" 200 1103
190.84.117.197 - - [29/May/2022:19:43:35 -0500] "GET /BLA/resoluciones/index.php?dir=RESOLUCIONES+2020%2F HTTP/1.1" 200 161572
172.22.2.4 - - [29/May/2022:19:43:55 -0500] "GET /BLA/boletinlegal/consulta_actos.php?tipo=autos&no=1134&usuario=&sector=&fecha=2012&resuelve= HTTP/1.1" 200 1078
216.245.221.92 - - [29/May/2022:19:43:56 -0500] "HEAD / HTTP/1.1" 200 -
186.102.47.87 - - [29/May/2022:19:45:37 -0500] "GET /kwssiamovil/sm/acme/a?s=U2FsdGVkX1/w1jQ/TV8LwsglpqbVdmFd2xrHDoRpuR7IMdvDLU6y36ecJ+u1PsNqubAtPoF2gv+gQpyyeyBIUm4VQSQ1C5sA6tWhJyw80dlbHvEWULnOi0kYEy7CK+HX2t09VKUCXkOXeFHd9uILje3LamAPyy/TqJADvS4ADNBxf/bDA76091oI7aSfSbtz7sLqLxvsVXeAMa3rWNaPiKoHbQ66b5XVstqQwblJjMaKfmhjnrNTK4IpI4+uvESIZZ7jyTqwepMi828agr0htQ==&u=U2FsdGVkX18NTNACnvXKpjlY4v2mqaMzwdWZ4hp/j75haOCFyfktNBjUyl9S4muN&y=U2FsdGVkX1/lROZrxrFIJVQhBS4Q2Ca6QjPxIxUAIevn2WW7ImzoEH5BkVLBxMyn HTTP/1.1" 200 25
186.102.47.87 - - [29/May/2022:19:45:38 -0500] "GET /kwssiamovil/sm/acme/a?s=U2FsdGVkX1+GCXssx5Y+qKjDtacukoqU15b1M3ghJ39V2COdTWOR2E54Iv3PtVIJStQH84+Yx+FgYj/YJh/YJ5laaqWv4aKiSa/sZPJHq0x/N3XWvETZg8aqDl9n/5cIR+73z4kAQr1Sx6naPvtM3NKBvvnREmzqNQ1Sk1jGfzTSnmG1J1wS26CWjOAnl4Lu2y15+wvl4ct0GH6uQ0groPW4m6fIn3At7M2sJEMiDuH8FG7902LWsaupgn996r1Z/8GqJvMDdiKp9lCJj+BL6RSf3H95AYyCBKV2vGJ5nfAbrYBVUMRTFhRfUhmZYXxFYflB7AfKS5nrdMeLvb2RTM0UBoXr/l6q1NS2bI4X8kHgJ8WHIonbwYbSsXtMjUfYAw5VSmsNOyX8zlRig0tEqc54ZeC77tiFEV5WpJZPuuq+hbAXorGZ06g5G/xQpYAlnEf4llRRnvo4jAhO4wWHJhOn76jslrXNYSerx/SCrO7Q4KmxESSuXG4OHKvH9WTmHj10vyBte+tn+S3W+kzrVrgNZpVCxPVBRZD4aTl6aZPvbdj6ikGipRrxi9df5uz0p/ItSCfhMmrVEQ7r76fXX2ghCa2FlZIz9IGlQWNW9GBF/IwQoZMK9xXqpbBMK6Lus74qSsKtPrLl92rZKE+chWLbla2h4MSpjyXq5elizFSR2VuJBMPp/mhsApDnfFNLxtSgNAx3o5n/Aft1nvIL3BKla18Tx703S7w3f6aOZnGq3fW3UrLPa8hx+Ilf/FKg6tiRygKNfm3NvBREzgYqRHVzS3V6IiGeehNS5Y2F9b3n3wNt3Mz9voBM0T43eelHkhbkHWBt5sguTmuD9e06d3i3XojJmbFrfF6B3mPF5qgQPIZw9YLXpjs3t0n2xglzX1/NXh8pc+tAJLTlW//WWOc6sjon+Jggfa59q5lPDnMUp4ByRjXRUnKoDa6kmYNXnEh8Px629w0Afj6Q4+RTqbsUTMo8Ss+CEMB0Pa/ulW2ym4+qXoxmXtWeC82v86NBdFQbAKfqjGr+c2VDWOiP4KbjExV6l+hfDQcE+0L1qz1Yv9yhSCZMlNBKucYSWyzZ/avXLhzqbcbSBasVzauem6ZgcG+sUaB1+CFRpjCisfabgEOhKqPnemNHWQhAB91rgQXl5JMxGXoPrT05XQHnW6XWsjcuE4DZBds1UEzar4Vh5YZjSupBNsxGehUpv74UZIUKcyYSaaiMDzKIrPystX2NkDb8/YXzvb4nOvgceRxHAej1A9WOC6+BEOACykiNeMVAueOaBr5Y7iH2fG3ucu+HCSweyNimH+1P22cibRxAI2Nz2kQcNAnoseMBjXqkkaB1MwiTxxHMeOPk66HlbvANUTVoCAQNK0M4jr3TcYkNsTkAAqmZ2VWTJtIFafrcdic6bXVzapujT9+kP8sgENmlqJWWy/8WaAdQjxk7bjOCux47JC7vCQN5v0p4AZQ/gmnVvlKnxsT/Mf8O3A665uKsx+pifihLMVvWeYoXOw2QgBBugQ7hcNnm2OeSczDjkxqyNO3v4WYXqX98UlCVa/F2hZ9gx6UuBLANpSAw831WrKsu/3edPWkMPYx0DBVxQKGe5eYnDNGAtJUd9QDEsMeXurQh5k7179lLho8nO3ucbxMZyjdZjB19bldzsohUArOjXxofArYJvEWz4xDkgrKZdlBnyRv6gyDKCz/i0Me5cyuaP6sn90nGkPrGu22gFEQ6mszk4q/ybqgcyapjZ6erxZnA70G/TjVNwBgFk7dyD60tC/WwPzQ07J6CCU9MEtgOzxIXCdUqHi5mRUQIyX810NfaknCwK90K/puEBD25THjpB13RsvFgxWG6HR5CWwaWUorNhK7aGpyLRUaugLKQtfuDJM2zDsWqkfXDRWeYs3a8cLKGKWCIxU+66uCV2nkRRS7w+X2b/IMOIUGOf59JiZyuqa3rUBQMGf5pNXsmCWywe7/M1x40egQLe2E6nzI/qvGkUNOhkftkez3o3whrPaJn35nJ2GILYBDilnG1FBXn7y09vrUh6X2HV9qhFuC2KXKV6DLvqMotbSv+dTZTnKDjHaQvVABlG6KMQe/XJmpQIEBcCxbZPqZTa9IfiD/fA7vOEOa4na2kvjKedUrbkBrQAmHFsqw6pZQ1+W/u9wKNjGCCL3ehoqGzlwruhePfTmzEP2s11XPi4MRIB26yuPdTBAjojIKdYsPS8dqe62R8ipmTyC7GahaCAFQPtJUvlEjqyvbD8glOQT18gA==&u=U2FsdGVkX18NTNACnvXKpjlY4v2mqaMzwdWZ4hp/j75haOCFyfktNBjUyl9S4muN&y=U2FsdGVkX1/lROZrxrFIJVQhBS4Q2Ca6QjPxIxUAIevn2WW7ImzoEH5BkVLBxMyn HTTP/1.1" 200 25
186.102.47.87 - - [29/May/2022:19:45:38 -0500] "GET /kwssiamovil/sm/acme/a?s=U2FsdGVkX19N+tUDEe0IlDSlCQ7cWKNhmoIzbctoCzVBoql6d19uQx1mFOxJPBrMhMZQ9fS5EsVDlZzAYhubDo5ym2ce70LeQZV7QA59iNcqrtYnnftSis8EY6h7FEmijGoPMljT6LQxaHXqgvkyRc6NJpCsKLds37Nun9yZDPc=&u=U2FsdGVkX18NTNACnvXKpjlY4v2mqaMzwdWZ4hp/j75haOCFyfktNBjUyl9S4muN&y=U2FsdGVkX1/lROZrxrFIJVQhBS4Q2Ca6QjPxIxUAIevn2WW7ImzoEH5BkVLBxMyn HTTP/1.1" 200 25
186.102.47.87 - - [29/May/2022:19:45:39 -0500] "GET /kwssiamovil/sm/acme/a?s=U2FsdGVkX18etz3r8Pat5pGSwp3qWom+8zxfeSvVlufZyH/95/S/RxBHRhQlGJcfktpM9hY9K4U6LD3pxIirHEf+7yrFeyhg69AFsD1Tl7nU9E09Va01mekASI6kR6KVXlzieo7jkib8e60t9llgocwom9Ry0DixdM+uUi3h/i4=&u=U2FsdGVkX18NTNACnvXKpjlY4v2mqaMzwdWZ4hp/j75haOCFyfktNBjUyl9S4muN&y=U2FsdGVkX1/lROZrxrFIJVQhBS4Q2Ca6QjPxIxUAIevn2WW7ImzoEH5BkVLBxMyn HTTP/1.1" 200 25
186.102.47.87 - - [29/May/2022:19:45:39 -0500] "GET /kwssiamovil/sm/acme/a?s=U2FsdGVkX1/QoWPpoN7zel90dPJrygdPbD0BGpRtVtNQ5sXhPrdX1j3rVjFaHf2luULCXOyElbD9369QelNt50CxahKVsudlc1YLRvgnqwINdQabpa96uRPpcBnv2D7MJ22kzVvd+5aAT8NHRJyMJ2c0l6peU+GypML78Z2ZAGw=&u=U2FsdGVkX18NTNACnvXKpjlY4v2mqaMzwdWZ4hp/j75haOCFyfktNBjUyl9S4muN&y=U2FsdGVkX1/lROZrxrFIJVQhBS4Q2Ca6QjPxIxUAIevn2WW7ImzoEH5BkVLBxMyn HTTP/1.1" 200 25
186.102.47.87 - - [29/May/2022:19:45:39 -0500] "GET /kwssiamovil/sm/acme/a?s=U2FsdGVkX1+XfK2GC932w6BDpcvvmIL2q6tAlxX/cHepIssvpsmct8f3W4nY1DvED4xwljkY+PNGQ5nc4zB2+rluZLi4h20NEA7mDWGAMfOPNuqbjQrGBB4koxoOXghsxXg1sS9EoRe7FNCA9qhkFlDZLZkBHQfkEkd+Dh92vJT/7tC2e2B7qVJOngB1q4lzShEqMS83j8JwU1hhurVYuw==&u=U2FsdGVkX18NTNACnvXKpjlY4v2mqaMzwdWZ4hp/j75haOCFyfktNBjUyl9S4muN&y=U2FsdGVkX1/lROZrxrFIJVQhBS4Q2Ca6QjPxIxUAIevn2WW7ImzoEH5BkVLBxMyn HTTP/1.1" 200 25
172.22.2.4 - - [29/May/2022:19:44:04 -0500] "HEAD /BLA/boletinlegal/ HTTP/1.1" 200 -
186.155.73.12 - - [29/May/2022:19:45:56 -0500] "-" 408 -
172.22.2.4 - - [29/May/2022:19:44:55 -0500] "GET /BLA/boletinlegal/ HTTP/1.1" 200 60973
190.159.20.62 - - [29/May/2022:19:48:51 -0500] "GET /BLA/resoluciones/AUTOS%202012/1134.pdf HTTP/1.1" 200 369659
190.159.20.62 - - [29/May/2022:19:48:52 -0500] "GET /BLA/resoluciones/AUTOS%202012/1134.pdf HTTP/1.1" 206 1025
190.159.20.62 - - [29/May/2022:19:48:52 -0500] "GET /BLA/resoluciones/AUTOS%202012/1134.pdf HTTP/1.1" 200 369659
216.245.221.92 - - [29/May/2022:19:48:56 -0500] "HEAD / HTTP/1.1" 200 -
172.22.2.4 - - [29/May/2022:19:49:54 -0500] "HEAD /BLA/boletinlegal/ HTTP/1.1" 200 -
173.252.83.15 - - [29/May/2022:19:51:54 -0500] "GET /images/reciclaton-mayo-3-mayo.jpg HTTP/1.1" 200 278453
172.22.2.4 - - [29/May/2022:19:50:45 -0500] "GET /BLA/boletinlegal/ HTTP/1.1" 200 60973
186.102.48.177 - - [29/May/2022:19:53:42 -0500] "GET /kwssiamovil/sm/ldap/au?x=U2FsdGVkX19SyN6fUNvv5PwX0cvcKxHtJH1HYI9HrFQ+yii9/ScxDv3WZ75Ihgnx&y=U2FsdGVkX18E1/VYwe64XSflwiIodQ1bAky6RSQi8cY= HTTP/1.1" 200 30
186.102.48.177 - - [29/May/2022:19:53:42 -0500] "GET /kwssiamovil/sm/acme/s?s=U2FsdGVkX19Z/BrFf6EIgX+IB9IIgiRX+9Jx2YjjxBnUBmYFd2hAqAk+0e5Wpw8mjt/PFXbU3vkTZMd3kwhcNpcD/P26AmPrVm5NoLrCRPI=&u=U2FsdGVkX18GKxMNiZpJLYtmHofBd1MKCsxp2nQG7+w=&y=U2FsdGVkX18E1/VYwe64XSflwiIodQ1bAky6RSQi8cY= HTTP/1.1" 200 97
186.102.48.177 - - [29/May/2022:19:53:42 -0500] "GET /kwssiamovil/sm/acme/s?s=U2FsdGVkX1/MCwn/Zq0nUdUYQG9YvNbeOZTsGANGwbCpMpOA/o0g31KQ4084ShCfUs8fFQrH0rkPEbrdJdz9L+/Gaxc4uukS4OiwDN1KwkoFBbaHP2JLE3xJk2MUWQNaUJU4SBLNJLBrWArQGj3OD9ZcH4M0ZtOBQXMNVBYaGJBe47IKpRhReC8xet2tKPW2ZQRyJyCPCLIr1CwJ+6eyj+0pK2bqyLxKYRcDE8ERf4kuMqr+U74DH9Wp0oOl6wAfmoUtKUkaRl5vgfF+p8t0IVB7mcedOY1APagqZphoXUr24BJia+Y29PA2DC5+HEOopel0Oh7zznClWtgZ/J135K/Pam/hshYD92scKBj+eeR/8M8kdP90+3FR9Xg5ylvV8umXkiB5gWsplrwf1RwPJuuW/7ZIO92m/I5B77Ns9bIETBanKPPjcDijKn6ovb+5KTF+grUyoXCqZoOzjON+fvm4oxzFAR9dI57WwP3YEHHpzAywASQh0USdMKpkmXXChk3ziWv0hKu4I8w9+OPCeVHdgTYFooyFrCVrDyAYmyBoPix8JgmtMkdQEFdSwQhFmbz21BbiAoEmN/O3WXzOdgmBc4i+uDO/dP4XVbF2eMqoB8HwBTon+hL0LQvnMOeMr5JdGFgHIhIdhrFVgp5Wjvq4OrZNYTFwmw+X/DjkC92YML8HRPWh66CuhyG7o1zFPke0US1VdpWFukbbzbrY5DKMCGQ51EvT42+cVCRf+yxjrrqk/XxyC2jw4s4PlA2WEWBc/nDPRshd5VuxLVTz2JJCXjOzFP1xSSeZdj7WdKJB5raYc3yq+h4TQxCsYzqpHB0SP1gkDWsiMFuRJ3Dz9cHVoLpmgF4M7R9QeZHKfW5P8kpqVQgEic9J5sr7A6NsuUS0fRKr2LZeDX7hcMuhcvjhLrAbY6AGBqPXCdU9frGS6ZEwM/wyD+R49SFX6wXdd4yVnsnd/kQocFQIFZXt8r2fZc6pGT1l3cAeAebm5TvBuIU4TbOtRf0Rf50a0P6TMkYHsikfTSawyI8yuwspqwUACothfThqH/ke23Q1c4yaEzjM5FAlq5Bh+Jz27NdpWPlssc2LsH4qtN1Pf9Al7P5aX/emmGIF3q0FIruAVPwTnllI8ucwMRnyT/9YiClFq2xoOVooHW1tnD0yXduw2oXTPc+xahC9Lquaibl+JpxAWdM9pAhgCGIl1YxIRVclAZMBaNMyC3iKTnjQTN5rjHVN9GluRbtQqaignm9q9HdWC7Q7+h6oT+kTHjIZCZEs4Hhl1Xj90QV5o+4iCtFN3dCh0AGOGvYbUf7N0g8OC2e37Wa/cjhzUBBAD4ya9otP1rdXz/cJOrliff8fiYUWQ46PH6oOWx6plhw7f8FmTr4=&u=U2FsdGVkX18GKxMNiZpJLYtmHofBd1MKCsxp2nQG7+w=&y=U2FsdGVkX18E1/VYwe64XSflwiIodQ1bAky6RSQi8cY= HTTP/1.1" 200 5942
186.102.48.177 - - [29/May/2022:19:53:42 -0500] "GET /kwssiamovil/sm/acme/s?s=U2FsdGVkX19RJzWoG8v0RgAejUap5XO26qWG/C2vnmTwY4z+t1onspRo4o/ST7H1trC8nTPC3MF6pQFiyg53vDpsFkPDQNnygzFpyId1nYvE8n/kQyHVXO9zdxybb2LmbDKSFfswz+qk9mrntRHe6wqa3j1ILEerDlOfzFcLUWvWa2yCa+YM1lYWK3YbW8Le3iirqqHzy5VVyMVXG16z7yTgZ0amN2M7v8bU6X/iP7YqqskiT+GvtoUQWYbl/vCGuJ0hgleHWyNw046KBCX2s3k8bNijVOqspjtQPyy4dk0=&u=U2FsdGVkX18GKxMNiZpJLYtmHofBd1MKCsxp2nQG7+w=&y=U2FsdGVkX18E1/VYwe64XSflwiIodQ1bAky6RSQi8cY= HTTP/1.1" 200 176
186.102.48.177 - - [29/May/2022:19:53:43 -0500] "GET /kwssiamovil/sm/cjson/pre?f=1&x=U2FsdGVkX19SyN6fUNvv5PwX0cvcKxHtJH1HYI9HrFQ+yii9/ScxDv3WZ75Ihgnx HTTP/1.1" 200 30992
216.245.221.92 - - [29/May/2022:19:53:56 -0500] "HEAD / HTTP/1.1" 200 -
172.22.2.4 - - [29/May/2022:19:55:10 -0500] "GET /BLA/boletinlegal/actos.php HTTP/1.1" 200 9559
172.22.2.4 - - [29/May/2022:19:55:10 -0500] "GET /BLA/boletinlegal/js/ajax_actos.js HTTP/1.1" 200 1322
172.22.2.4 - - [29/May/2022:19:55:10 -0500] "GET /BLA/boletinlegal/niceforms-default.css HTTP/1.1" 200 6694
172.22.2.4 - - [29/May/2022:19:55:10 -0500] "GET /BLA/boletinlegal/niceforms.js HTTP/1.1" 200 22876
172.22.2.4 - - [29/May/2022:19:55:10 -0500] "GET /BLA/boletinlegal/js/jquery1.js HTTP/1.1" 200 29846
172.22.2.4 - - [29/May/2022:19:55:10 -0500] "GET /BLA/boletinlegal/js/popup.js HTTP/1.1" 200 1270
172.22.2.4 - - [29/May/2022:19:55:10 -0500] "GET /BLA/boletinlegal/js/lib.js HTTP/1.1" 200 6474
172.22.2.4 - - [29/May/2022:19:55:10 -0500] "GET /BLA/boletinlegal/images/green-yellow-blue-pink-th.png HTTP/1.1" 200 7394
172.22.2.4 - - [29/May/2022:19:55:10 -0500] "GET /BLA/boletinlegal/images/abajo.png HTTP/1.1" 200 96676
172.22.2.4 - - [29/May/2022:19:55:10 -0500] "GET /BLA/boletinlegal/images/tel.png HTTP/1.1" 200 14477
172.22.2.4 - - [29/May/2022:19:55:10 -0500] "GET /BLA/boletinlegal/images/icono-email.png HTTP/1.1" 200 5544
172.22.2.4 - - [29/May/2022:19:55:10 -0500] "GET /BLA/boletinlegal/images/footer_bg_l.jpg HTTP/1.1" 200 776
172.22.2.4 - - [29/May/2022:19:55:10 -0500] "GET /BLA/boletinlegal/img/0.png HTTP/1.1" 200 110
172.22.2.4 - - [29/May/2022:19:55:10 -0500] "GET /BLA/boletinlegal/img/select-left.png HTTP/1.1" 200 263
172.22.2.4 - - [29/May/2022:19:55:10 -0500] "GET /BLA/boletinlegal/img/select-right.png HTTP/1.1" 200 44019
172.22.2.4 - - [29/May/2022:19:55:10 -0500] "GET /BLA/boletinlegal/img/button-left.png HTTP/1.1" 200 57071
172.22.2.4 - - [29/May/2022:19:55:10 -0500] "GET /BLA/boletinlegal/img/button-right.png HTTP/1.1" 200 57878
172.22.2.4 - - [29/May/2022:19:55:10 -0500] "GET /BLA/boletinlegal/img/button.png HTTP/1.1" 200 43241
172.22.2.4 - - [29/May/2022:19:55:29 -0500] "GET /BLA/boletinlegal/consulta_actos.php?tipo=resoluciones&no=3054&usuario=&sector=&fecha=2018&resuelve= HTTP/1.1" 200 626
172.22.2.4 - - [29/May/2022:19:55:00 -0500] "GET /BLA/boletinlegal/ HTTP/1.1" 200 32715
172.22.2.4 - - [29/May/2022:19:55:44 -0500] "HEAD /BLA/boletinlegal/ HTTP/1.1" 200 -
172.22.2.4 - - [29/May/2022:19:56:35 -0500] "GET /BLA/boletinlegal/ HTTP/1.1" 200 59075
181.49.64.251 - - [29/May/2022:19:58:35 -0500] "GET /portaldeninos/wp-content/uploads/useanyfont/uaf.css?ver=1589905315 HTTP/1.1" 200 408
181.49.64.251 - - [29/May/2022:19:58:35 -0500] "GET /portaldeninos/wp-content/themes/betheme/style.css?ver=20.9.6 HTTP/1.1" 200 287
181.49.64.251 - - [29/May/2022:19:58:35 -0500] "GET /portaldeninos/wp-content/plugins/gallery-videos/CSS/totalsoft.css?ver=4.9.8 HTTP/1.1" 200 40622
181.49.64.251 - - [29/May/2022:19:58:35 -0500] "GET /portaldeninos/wp-content/plugins/gallery-videos/CSS/Total-Soft-Gallery-Video-Widget.css?ver=4.9.8 HTTP/1.1" 200 51554
181.49.64.251 - - [29/May/2022:19:58:35 -0500] "GET /portaldeninos/wp-content/themes/betheme/assets/jplayer/css/jplayer.blue.monday.css?ver=20.9.6 HTTP/1.1" 200 9834
181.49.64.251 - - [29/May/2022:19:58:35 -0500] "GET /portaldeninos/wp-content/themes/betheme/assets/ui/jquery.ui.all.css?ver=20.9.6 HTTP/1.1" 200 18765
181.49.64.251 - - [29/May/2022:19:58:35 -0500] "GET /portaldeninos/wp-content/themes/betheme/assets/animations/animations.min.css?ver=20.9.6 HTTP/1.1" 200 58508
181.49.64.251 - - [29/May/2022:19:58:35 -0500] "GET /portaldeninos/wp-content/plugins/google-analytics-for-wordpress/assets/js/frontend-gtag.min.js?ver=8.5.0 HTTP/1.1" 200 11801
181.49.64.251 - - [29/May/2022:19:58:35 -0500] "GET /portaldeninos/wp-content/themes/betheme/css/base.css?ver=20.9.6 HTTP/1.1" 200 57283
181.49.64.251 - - [29/May/2022:19:58:35 -0500] "GET /portaldeninos/wp-content/themes/betheme/css/responsive.css?ver=20.9.6 HTTP/1.1" 200 55740
181.49.64.251 - - [29/May/2022:19:58:35 -0500] "GET /portaldeninos/wp-includes/js/jquery/jquery-migrate.min.js?ver=1.4.1 HTTP/1.1" 200 10056
181.49.64.251 - - [29/May/2022:19:58:35 -0500] "GET /portaldeninos/wp-includes/js/jquery/ui/core.min.js?ver=1.11.4 HTTP/1.1" 200 4000
181.49.64.251 - - [29/May/2022:19:58:35 -0500] "GET /portaldeninos/wp-includes/js/jquery/jquery.js?ver=1.12.4 HTTP/1.1" 200 97184
181.49.64.251 - - [29/May/2022:19:58:35 -0500] "GET /portaldeninos/wp-content/plugins/gallery-videos/JS/modernizr.custom.js?ver=4.9.8 HTTP/1.1" 200 9019
181.49.64.251 - - [29/May/2022:19:58:35 -0500] "GET /portaldeninos/wp-content/plugins/gallery-videos/JS/Total-Soft-Gallery-Video-Widget.js?ver=4.9.8 HTTP/1.1" 200 80264
181.49.64.251 - - [29/May/2022:19:58:35 -0500] "GET /portaldeninos/wp-includes/js/jquery/ui/widget.min.js?ver=1.11.4 HTTP/1.1" 200 6908
181.49.64.251 - - [29/May/2022:19:58:36 -0500] "GET /portaldeninos/wp-includes/js/jquery/ui/mouse.min.js?ver=1.11.4 HTTP/1.1" 200 3148
181.49.64.251 - - [29/May/2022:19:58:36 -0500] "GET /portaldeninos/wp-includes/js/jquery/ui/tabs.min.js?ver=1.11.4 HTTP/1.1" 200 12110
181.49.64.251 - - [29/May/2022:19:58:36 -0500] "GET /portaldeninos/wp-includes/js/jquery/ui/accordion.min.js?ver=1.11.4 HTTP/1.1" 200 8584
181.49.64.251 - - [29/May/2022:19:58:35 -0500] "GET /portaldeninos/wp-content/themes/betheme/css/shortcodes.css?ver=20.9.6 HTTP/1.1" 200 138889
181.49.64.251 - - [29/May/2022:19:58:36 -0500] "GET /portaldeninos/wp-includes/js/jquery/ui/sortable.min.js?ver=1.11.4 HTTP/1.1" 200 24899
181.49.64.251 - - [29/May/2022:19:58:36 -0500] "GET /portaldeninos/wp-content/themes/betheme/assets/animations/animations.min.js?ver=20.9.6 HTTP/1.1" 200 1896
181.49.64.251 - - [29/May/2022:19:58:36 -0500] "GET /portaldeninos/wp-content/themes/betheme/js/menu.js?ver=20.9.6 HTTP/1.1" 200 2449
181.49.64.251 - - [29/May/2022:19:58:35 -0500] "GET /portaldeninos/wp-content/themes/betheme/css/layout.css?ver=20.9.6 HTTP/1.1" 200 116639
181.49.64.251 - - [29/May/2022:19:58:36 -0500] "GET /portaldeninos/wp-content/themes/betheme/js/plugins.js?ver=20.9.6 HTTP/1.1" 200 197151
181.49.64.251 - - [29/May/2022:19:58:36 -0500] "GET /portaldeninos/wp-includes/js/wp-embed.min.js?ver=4.9.8 HTTP/1.1" 200 1398
181.49.64.251 - - [29/May/2022:19:58:36 -0500] "GET /portaldeninos/wp-includes/js/wp-emoji-release.min.js?ver=4.9.8 HTTP/1.1" 200 12026
181.49.64.251 - - [29/May/2022:19:58:36 -0500] "GET /portaldeninos/wp-content/themes/betheme/assets/jplayer/jplayer.min.js?ver=20.9.6 HTTP/1.1" 200 52702
181.49.64.251 - - [29/May/2022:19:58:36 -0500] "GET /portaldeninos/wp-content/themes/betheme/js/scripts.js?ver=20.9.6 HTTP/1.1" 200 77162
181.49.64.251 - - [29/May/2022:19:58:36 -0500] "GET /portaldeninos/wp-content/themes/betheme/images/box_shadow.png HTTP/1.1" 200 108
181.49.64.251 - - [29/May/2022:19:58:36 -0500] "GET /portaldeninos/wp-content/themes/betheme/fonts/mfn-icons.woff?93978679 HTTP/1.1" 200 80932
181.49.64.251 - - [29/May/2022:19:58:36 -0500] "GET /portaldeninos/wp-content/themes/betheme/fonts/mfn-icons.ttf?93978679 HTTP/1.1" 200 124684
181.49.64.251 - - [29/May/2022:19:58:50 -0500] "GET /portaldeninos/wp-content/themes/betheme/images/box_shadow.png HTTP/1.1" 200 108
216.245.221.92 - - [29/May/2022:19:58:56 -0500] "HEAD / HTTP/1.1" 200 -
186.28.161.55 - - [29/May/2022:20:02:05 -0500] "GET /BLA/resoluciones/ HTTP/1.1" 200 13093
186.28.161.55 - - [29/May/2022:20:02:05 -0500] "GET /BLA/resoluciones/dlf/styles.css HTTP/1.1" 200 3049
186.28.161.55 - - [29/May/2022:20:02:05 -0500] "GET /BLA/resoluciones/dlf/folder.png HTTP/1.1" 200 410
186.28.161.55 - - [29/May/2022:20:02:05 -0500] "GET /BLA/resoluciones/dlf/bg.gif HTTP/1.1" 200 54
186.28.161.55 - - [29/May/2022:20:02:05 -0500] "GET /favicon.ico HTTP/1.1" 200 7782
186.28.161.55 - - [29/May/2022:20:02:11 -0500] "GET /BLA/resoluciones/index.php?dir=RESOLUCIONES+2018%2F HTTP/1.1" 200 265312
186.28.161.55 - - [29/May/2022:20:02:11 -0500] "GET /BLA/resoluciones/index.php?dir=RESOLUCIONES+2018%2F HTTP/1.1" 200 265312
186.28.161.55 - - [29/May/2022:20:02:12 -0500] "GET /BLA/resoluciones/dlf/dirup.png HTTP/1.1" 200 644
186.28.161.55 - - [29/May/2022:20:02:12 -0500] "GET /BLA/resoluciones/dlf/pdf.gif HTTP/1.1" 200 272
186.28.161.55 - - [29/May/2022:20:02:13 -0500] "GET /BLA/resoluciones/RESOLUCIONES%202018/0061.pdf HTTP/1.1" 200 373497
186.28.161.55 - - [29/May/2022:20:02:22 -0500] "GET /BLA/resoluciones/ HTTP/1.1" 200 13093
186.28.161.55 - - [29/May/2022:20:02:31 -0500] "GET /BLA/resoluciones/index.php?dir=RESOLUCIONES+2018%2F HTTP/1.1" 200 265312
172.22.2.4 - - [29/May/2022:20:01:34 -0500] "HEAD /BLA/boletinlegal/ HTTP/1.1" 200 -
216.245.221.92 - - [29/May/2022:20:03:56 -0500] "HEAD / HTTP/1.1" 200 -
172.22.2.4 - - [29/May/2022:20:02:24 -0500] "GET /BLA/boletinlegal/ HTTP/1.1" 200 60581
172.22.2.4 - - [29/May/2022:20:04:19 -0500] "GET /BLA/boletinlegal/Circulares/2012/Circular%20No.%2014%20del%2011%20de%20Septiembre%20de%202012.pdf HTTP/1.1" 304 -
157.245.70.127 - - [29/May/2022:20:04:57 -0500] "GET /ab2g HTTP/1.1" 400 946
157.245.70.127 - - [29/May/2022:20:04:57 -0500] "GET /ab2h HTTP/1.1" 400 946
172.22.2.4 - - [29/May/2022:20:07:45 -0500] "GET /BLA/boletinlegal/remote/fgt_lang?lang=/../../../..//////////dev/cmdb/sslvpn_websession HTTP/1.1" 404 1018
216.245.221.92 - - [29/May/2022:20:08:56 -0500] "HEAD / HTTP/1.1" 200 -
172.22.2.4 - - [29/May/2022:20:07:24 -0500] "HEAD /BLA/boletinlegal/ HTTP/1.1" 200 -
172.22.2.4 - - [29/May/2022:20:08:15 -0500] "GET /BLA/boletinlegal/ HTTP/1.1" 200 60581
157.55.39.8 - - [29/May/2022:20:10:55 -0500] "GET /forest/ HTTP/1.1" 200 12041
216.245.221.92 - - [29/May/2022:20:13:56 -0500] "HEAD / HTTP/1.1" 200 -
94.102.61.10 - - [29/May/2022:20:14:04 -0500] "GET /portaldeninos/ HTTP/1.1" 200 109662
172.22.2.4 - - [29/May/2022:20:13:14 -0500] "HEAD /BLA/boletinlegal/ HTTP/1.1" 200 -
186.102.47.87 - - [29/May/2022:20:15:22 -0500] "GET /kwssiamovil/sm/ldap/au?x=U2FsdGVkX18+wZFLWJLKfdxRlxXT6WWFHByNz4cTsUOId7uY69JlQaSRd2gVYloA&y=U2FsdGVkX1+oMIEJmKUPHhIIxYY/zMOT+NF+O4HZQSaRV7HxG4YwJDVqs3Yc9DEf HTTP/1.1" 200 30
186.102.47.87 - - [29/May/2022:20:15:22 -0500] "GET /kwssiamovil/sm/acme/s?s=U2FsdGVkX1/z0LNGyZqeXROfLDf91CPNjeSpb5go6Y2YO3oUPKpjWPEkUpln1pSuNo8bq0LUVYsavSNJtItt6jQgEnyGA9kPE01vihNk96Y=&u=U2FsdGVkX18YJM8UKCHexchWanLg06sYLSGCsLN6x8Xg9d2gxFwSDy8Z8HF25iBV&y=U2FsdGVkX1+oMIEJmKUPHhIIxYY/zMOT+NF+O4HZQSaRV7HxG4YwJDVqs3Yc9DEf HTTP/1.1" 200 97
186.102.47.87 - - [29/May/2022:20:15:23 -0500] "GET /kwssiamovil/sm/acme/s?s=U2FsdGVkX19DNnbsrh29ycqyzUtvFzIWOaHB4DHp99PfCMnLMvWRD2rOyzs7Xt563Xx5wqVwOx88ouDnpVXE9khoijwc0u9+2RdJcn0rIbS3lRFkQmLZseo8sf6mMltA6Oy2SwXADAOouaogPGMQXISEfYM95dC0dE5fR5Uca4RFAlv95HrIcE3Z/StjHGfaj8Ceb8BCARCNeArC7HCa3eCp1UZDj3OOhL56d3F/QqboDNqVgfz8Bg3iE5ciybTsRXJxJku3Lphp/vmdyaFqibbwMHZxLjOz7LfFW9JFqUUlUi0L6gGoR6n6E0HJZj7AJ61t+pOmGdcLDLqp7wRdXavqLLDGeio1byvI9MF4/10azl51fAGtSfR0OqTCkx2/3BOSIukZItI5rQFh+ZaRDLC64XJdQJrlDHdx9GX9dgLQWzfmqAHvHNYoIf30syL0VvXjpZPg8s0FR3X+cLboH+iVm2H2CHuANECQ9yogL+3+hPxSGggW7E6roi1mjpwfFk8/1TL7UYCLdSrl8YewEsW/EIe6EdEjWbMdLZIgwwdND8OSnMBRiSDMMHC80G+VdD6KnPVWKLIiXaQRjHHUEUIP/8FzlkN2ldsZ4Lp7WvwJ7V/lyhbcykAuE48uSjGZVWWrd2i2Hb3YOpK+6yWg4OP6IeR7xKrYSnmEZcN5JtcBlhK+EsfVTkA8sB6vajq24vUDvkBHVVSEA7blSr0gYqY3X/UufD+h45ilnFclVrMSGOlToA0oC8uiTO1Y0O6lzgXa/qdLWZJJra79PIW3Lv2+pE1tF84xLggqHXUW7CxyujDx3uecGCef857WvZgON3iRKGrzn2kXdV9WFt5SfsFMobDaQBj2vDfYT6x2bFPmorUQB5gkbD77v0oUiox6eejPJkIrhhGJXzX5djtZgax92rDY3EWTDBpXQIaMyZ31q65PShXSPZriqTUlJEOtGVRYCNcY8jn5WCQcz1mQNitbOtiCzFtcQ88OzH0JpqhNPt16nFZtrJLRihLGXH9yRxEUym9tm74Gf5KvqX9srDSxZePcz9BRlQ7KP1ReONo5WHTK1xH+J1sBrfRwfYfX76k21t4G5IIGev9t5/B1YEgQguBQrkWRXjD24IEr6/kXk0o+iblxV/x88r60vH3oB3lXMiT34T0bpP0XJo+cpM6EN0iiWv74jYVwznZgcFX0jRUkm2nQN3ZhPBP6Eb9C11FjRbCWmzc0FxnpBcx4pkHXRXubinQ8cKDYyqfR9GmhvKH1FrtUXgSVBR+aKv7+QdXd51/gADP47Xq0PD53ywTpPDVVvhnYvDixeiQvAHRQVubMdH/0v+1qdq2dtkLCk1JX3VymKcKFlf4JjyRsyGScO2AKlBNsjGFTSVnOk+o=&u=U2FsdGVkX18YJM8UKCHexchWanLg06sYLSGCsLN6x8Xg9d2gxFwSDy8Z8HF25iBV&y=U2FsdGVkX1+oMIEJmKUPHhIIxYY/zMOT+NF+O4HZQSaRV7HxG4YwJDVqs3Yc9DEf HTTP/1.1" 200 7165
186.102.47.87 - - [29/May/2022:20:15:23 -0500] "GET /kwssiamovil/sm/acme/s?s=U2FsdGVkX19isU8L8sBz0aKNAc81r2gHqp89LwHa09PuvTLp3sIhebeAItHgR41LmYZKso1tpDRfHMom65uT2m2aBw5nJoc2kN2VBRkSJubqqJyDqFV5GS+eYGjQ6hl6E3DTG2HNtD1B9BFfICFADC1/xRTCBFrzHY15rcFU2sJfwDfhknf4Z/WQpOuw+ijxQcNIFediFNedYRkCJO8TcQU7x3e0mtVHCKndo02RELO5qdJgA6eEQpd2Jmxjy83Df7sJc/TaLw+d9yDILkqqf8D2ftoUavqBuYPyt4jbihg=&u=U2FsdGVkX18YJM8UKCHexchWanLg06sYLSGCsLN6x8Xg9d2gxFwSDy8Z8HF25iBV&y=U2FsdGVkX1+oMIEJmKUPHhIIxYY/zMOT+NF+O4HZQSaRV7HxG4YwJDVqs3Yc9DEf HTTP/1.1" 200 176
186.102.47.87 - - [29/May/2022:20:15:23 -0500] "GET /kwssiamovil/sm/cjson/pre?f=1&x=U2FsdGVkX18+wZFLWJLKfdxRlxXT6WWFHByNz4cTsUOId7uY69JlQaSRd2gVYloA HTTP/1.1" 200 30992
172.22.2.4 - - [29/May/2022:20:14:04 -0500] "GET /BLA/boletinlegal/ HTTP/1.1" 200 58029
186.102.47.87 - - [29/May/2022:20:15:45 -0500] "GET /kwssiamovil/sm/acme/u?s=U2FsdGVkX1+7MkOSc0QTnt5HRxGBN5N5ZnhsS5LCA7BcaYKNRnnqA0ZvajKtHohWzzNAnm07y96Rk5//CwsPiddEgluvFHivLe2zjmhQlsWodbs7dn/8eI4a79ZLHZzkjGNTbxpDvq0qlxlxzy/Hcw==&u=U2FsdGVkX18YJM8UKCHexchWanLg06sYLSGCsLN6x8Xg9d2gxFwSDy8Z8HF25iBV&y=U2FsdGVkX1+oMIEJmKUPHhIIxYY/zMOT+NF+O4HZQSaRV7HxG4YwJDVqs3Yc9DEf HTTP/1.1" 200 60
172.22.2.4 - - [29/May/2022:20:16:23 -0500] "POST /BLA/boletinlegal/Autodiscover/Autodiscover.xml HTTP/1.1" 404 1018
31.13.127.119 - - [29/May/2022:20:16:54 -0500] "GET /images/energia-eficiencia-26-mayo.jpg HTTP/1.1" 200 46417
216.245.221.92 - - [29/May/2022:20:18:56 -0500] "HEAD / HTTP/1.1" 200 -
186.102.47.87 - - [29/May/2022:20:19:12 -0500] "GET /kwssiamovil/sm/acme/u?s=U2FsdGVkX1+UFizzqTSWZRQ9v3CLratx207Y1krc3VC84ca4lAdYNp6RvdeL2MzUYNNrfhlXaZVFp9Sv3ahZsdsqWSdoaI9NmpQfjBy2QZ+JEoBhKkRr8tVlNm/QucjOxbQ2MA7yjUn9q03Py4iexA==&u=U2FsdGVkX18YJM8UKCHexchWanLg06sYLSGCsLN6x8Xg9d2gxFwSDy8Z8HF25iBV&y=U2FsdGVkX1+oMIEJmKUPHhIIxYY/zMOT+NF+O4HZQSaRV7HxG4YwJDVqs3Yc9DEf HTTP/1.1" 200 60
186.102.47.87 - - [29/May/2022:20:20:18 -0500] "GET /kwssiamovil/sm/acme/u?s=U2FsdGVkX1/mNFq6FN8Gqgq2/SmMQvkgC0il3pf1XkDKyuluoT6nmwPEIUGkbY2TGiqtVK5J2/b9Kli/CdaaGDh59hxVSvM974Cs2G/d2LoS2QRd0U8hvTb8DqLZb4n9c4TXbOKJZi0sPZFzI0N25A==&u=U2FsdGVkX18YJM8UKCHexchWanLg06sYLSGCsLN6x8Xg9d2gxFwSDy8Z8HF25iBV&y=U2FsdGVkX1+oMIEJmKUPHhIIxYY/zMOT+NF+O4HZQSaRV7HxG4YwJDVqs3Yc9DEf HTTP/1.1" 200 60
172.22.2.4 - - [29/May/2022:20:19:05 -0500] "HEAD /BLA/boletinlegal/ HTTP/1.1" 200 -
172.22.2.4 - - [29/May/2022:20:19:55 -0500] "GET /BLA/boletinlegal/ HTTP/1.1" 200 58482
201.245.192.253 - - [29/May/2022:20:21:33 -0500] "POST /kwsrmcab/Wsrmcab HTTP/1.1" 200 47389
157.55.39.8 - - [29/May/2022:20:22:26 -0500] "GET /forest/ HTTP/1.1" 200 12041
173.252.107.2 - - [29/May/2022:20:22:29 -0500] "GET /comunidad-y-distrito-trabajan-de-la-mano-para-la-proteccion-y-consolidacion-de-los-ecosistemas-de-barrios-unidos.html HTTP/1.1" 206 859
173.252.107.18 - - [29/May/2022:20:22:29 -0500] "GET /comunidad-y-distrito-trabajan-de-la-mano-para-la-proteccion-y-consolidacion-de-los-ecosistemas-de-barrios-unidos.html HTTP/1.1" 206 859
201.245.192.253 - - [29/May/2022:20:22:22 -0500] "POST /kwsrmcab/Wsrmcab HTTP/1.1" 200 44374
216.245.221.92 - - [29/May/2022:20:23:56 -0500] "HEAD / HTTP/1.1" 200 -
35.240.26.48 - - [29/May/2022:20:25:34 -0500] "GET /indicadores-de-fauna-silvestre-en-el-observatorio-ambiental-de-bogota.html HTTP/1.1" 200 949
172.22.2.4 - - [29/May/2022:20:24:54 -0500] "HEAD /BLA/boletinlegal/ HTTP/1.1" 200 -
128.14.136.18 - - [29/May/2022:20:26:38 -0500] "GET /portaldeninos/ HTTP/1.1" 200 109662
172.22.2.4 - - [29/May/2022:20:25:45 -0500] "GET /BLA/boletinlegal/ HTTP/1.1" 200 60973
216.245.221.92 - - [29/May/2022:20:28:56 -0500] "HEAD / HTTP/1.1" 200 -
157.55.39.43 - - [29/May/2022:20:29:55 -0500] "GET /BLA/resoluciones/AUTOS%202017/0565.pdf HTTP/1.1" 304 -
186.102.47.87 - - [29/May/2022:20:30:48 -0500] "GET /kwssiamovil/sm/acme/u?s=U2FsdGVkX18mp5w1S6z3jyI4Y+nD8apEuRbZoSuT3/mD2QLHV8/tm3fwDCZdWLfYkCekrWwlt8zc4I15bsa+tS6ZanrUfZyuscZn3mP4co8ORhirGB2pOgEPn7SdpCJEr03Pq8MzU4thuw43Q/l09A==&u=U2FsdGVkX18YJM8UKCHexchWanLg06sYLSGCsLN6x8Xg9d2gxFwSDy8Z8HF25iBV&y=U2FsdGVkX1+oMIEJmKUPHhIIxYY/zMOT+NF+O4HZQSaRV7HxG4YwJDVqs3Yc9DEf HTTP/1.1" 200 60
186.155.63.86 - - [29/May/2022:20:31:28 -0500] "GET /appsia/controlador HTTP/1.1" 200 4799
186.155.63.86 - - [29/May/2022:20:31:29 -0500] "GET /appsia/css/estilos.css HTTP/1.1" 200 4804
186.155.63.86 - - [29/May/2022:20:31:29 -0500] "GET /appsia/scripts/validarIngreso.js HTTP/1.1" 200 851
186.155.63.86 - - [29/May/2022:20:31:29 -0500] "GET /appsia/images/logo_bogota_p.png HTTP/1.1" 200 14951
186.155.63.86 - - [29/May/2022:20:31:29 -0500] "GET /appsia/images/cabezoteHojaVida.png HTTP/1.1" 200 32493
186.155.63.86 - - [29/May/2022:20:31:29 -0500] "GET /favicon.ico HTTP/1.1" 200 7782
186.155.63.86 - - [29/May/2022:20:32:12 -0500] "POST /appsia/controlador HTTP/1.1" 200 5437
191.102.224.199 - - [29/May/2022:20:32:12 -0500] "GET /appsia/controlador HTTP/1.1" 200 4799
191.102.224.199 - - [29/May/2022:20:32:13 -0500] "GET /appsia/scripts/validarIngreso.js HTTP/1.1" 200 851
191.102.224.199 - - [29/May/2022:20:32:13 -0500] "GET /appsia/css/estilos.css HTTP/1.1" 200 4804
191.102.224.199 - - [29/May/2022:20:32:13 -0500] "GET /appsia/images/logo_bogota_p.png HTTP/1.1" 200 14951
191.102.224.199 - - [29/May/2022:20:32:13 -0500] "GET /appsia/images/cabezoteHojaVida.png HTTP/1.1" 200 32493
186.155.63.86 - - [29/May/2022:20:32:16 -0500] "POST /appsia/controlador HTTP/1.1" 200 7779
201.245.192.253 - - [29/May/2022:20:31:34 -0500] "POST /kwsrmcab/Wsrmcab HTTP/1.1" 200 47389
186.155.63.86 - - [29/May/2022:20:32:24 -0500] "POST /appsia/controlador HTTP/1.1" 200 6644
172.22.2.4 - - [29/May/2022:20:30:44 -0500] "HEAD /BLA/boletinlegal/ HTTP/1.1" 200 -
201.245.192.253 - - [29/May/2022:20:32:22 -0500] "POST /kwsrmcab/Wsrmcab HTTP/1.1" 200 44374
172.22.2.4 - - [29/May/2022:20:31:34 -0500] "GET /BLA/boletinlegal/ HTTP/1.1" 200 60973
186.155.63.86 - - [29/May/2022:20:33:36 -0500] "POST /appsia/controlador HTTP/1.1" 200 11006
186.102.47.87 - - [29/May/2022:20:33:37 -0500] "GET /kwssiamovil/sm/acme/u?s=U2FsdGVkX18H+SyEupJ0pRNNb1BhonaTV2X9m3ZsCCiDw/79ZqLJslmIrUAsJBqxuiNZR32ekOo0BCdwtUMqSOmve5qW3bQjo+GNwsCjSrEJPqwA75GWI0a+7wulm5QHGHB6lMc5v68eO/TZ+RcFnw==&u=U2FsdGVkX18YJM8UKCHexchWanLg06sYLSGCsLN6x8Xg9d2gxFwSDy8Z8HF25iBV&y=U2FsdGVkX1+oMIEJmKUPHhIIxYY/zMOT+NF+O4HZQSaRV7HxG4YwJDVqs3Yc9DEf HTTP/1.1" 200 60
216.245.221.92 - - [29/May/2022:20:33:57 -0500] "HEAD / HTTP/1.1" 200 -
186.102.47.87 - - [29/May/2022:20:34:42 -0500] "GET /kwssiamovil/sm/acme/u?s=U2FsdGVkX1/oR+z4yEHx6Jw23NMovW9WroZM/YqbWdQ8NbQR8YnIFaLOhucxEoEGkzGR3Q56Ck3zP6MKpRxcrGsiqRU1fbzlCEM0thOYIcsMguRtpzFWEwqmKoIGdXUyifxjgZPW0TMbsaMYGFxnSA==&u=U2FsdGVkX18YJM8UKCHexchWanLg06sYLSGCsLN6x8Xg9d2gxFwSDy8Z8HF25iBV&y=U2FsdGVkX1+oMIEJmKUPHhIIxYY/zMOT+NF+O4HZQSaRV7HxG4YwJDVqs3Yc9DEf HTTP/1.1" 200 60
172.22.2.4 - - [29/May/2022:20:35:18 -0500] "GET /BLA/boletinlegal/jurisprudencia/analisis/ANALISIST-046-99.docx HTTP/1.1" 200 20918
186.155.63.86 - - [29/May/2022:20:36:21 -0500] "POST /appsia/controlador HTTP/1.1" 200 7779
186.155.63.86 - - [29/May/2022:20:36:26 -0500] "POST /appsia/controlador HTTP/1.1" 200 5238
186.155.63.86 - - [29/May/2022:20:36:29 -0500] "GET /appsia/controlador?comando=regresar&id=79876838&funcionario=HUGO+ENRIQUE+SAENZ+PULIDO&desde=79876838&hasta=79876838&version=79876838 HTTP/1.1" 200 7779
186.155.63.86 - - [29/May/2022:20:36:31 -0500] "POST /appsia/controlador HTTP/1.1" 200 6644
186.155.63.86 - - [29/May/2022:20:36:33 -0500] "POST /appsia/controlador HTTP/1.1" 200 10615
172.22.2.4 - - [29/May/2022:20:34:59 -0500] "GET /BLA/boletinlegal/ HTTP/1.1" 200 63027
190.66.244.116 - - [29/May/2022:20:36:50 -0500] "GET /secretaria-de-ambiente-y-sena-abren-curso-de-jardines-verticales.html HTTP/1.1" 200 734
172.22.2.4 - - [29/May/2022:20:36:34 -0500] "HEAD /BLA/boletinlegal/ HTTP/1.1" 200 -
172.22.2.4 - - [29/May/2022:20:38:47 -0500] "GET /BLA/boletinlegal/Circulares/2019/.pdf HTTP/1.1" 404 1218
216.245.221.92 - - [29/May/2022:20:38:56 -0500] "HEAD / HTTP/1.1" 200 -
172.22.2.4 - - [29/May/2022:20:38:57 -0500] "GET /BLA/boletinlegal/Circulares/2012/Circular%20No.%2010%20del%2026%20de%20Enero%20de%202012.pdf HTTP/1.1" 404 1218
172.22.2.4 - - [29/May/2022:20:37:24 -0500] "GET /BLA/boletinlegal/ HTTP/1.1" 200 60973
191.67.122.21 - - [29/May/2022:20:39:34 -0500] "GET /portaldeninos/wp-content/uploads/useanyfont/uaf.css?ver=1589905315 HTTP/1.1" 200 408
191.67.122.21 - - [29/May/2022:20:39:34 -0500] "GET /portaldeninos/wp-content/themes/betheme/style.css?ver=20.9.6 HTTP/1.1" 200 287
191.67.122.21 - - [29/May/2022:20:39:34 -0500] "GET /portaldeninos/wp-content/plugins/gallery-videos/CSS/Total-Soft-Gallery-Video-Widget.css?ver=4.9.8 HTTP/1.1" 200 51554
191.67.122.21 - - [29/May/2022:20:39:34 -0500] "GET /portaldeninos/wp-content/plugins/gallery-videos/CSS/totalsoft.css?ver=4.9.8 HTTP/1.1" 200 40622
191.67.122.21 - - [29/May/2022:20:39:35 -0500] "GET /portaldeninos/wp-content/themes/betheme/assets/jplayer/css/jplayer.blue.monday.css?ver=20.9.6 HTTP/1.1" 200 9834
191.67.122.21 - - [29/May/2022:20:39:35 -0500] "GET /portaldeninos/wp-content/themes/betheme/assets/ui/jquery.ui.all.css?ver=20.9.6 HTTP/1.1" 200 18765
191.67.122.21 - - [29/May/2022:20:39:34 -0500] "GET /portaldeninos/wp-content/themes/betheme/css/base.css?ver=20.9.6 HTTP/1.1" 200 57283
191.67.122.21 - - [29/May/2022:20:39:35 -0500] "GET /portaldeninos/wp-content/themes/betheme/assets/animations/animations.min.css?ver=20.9.6 HTTP/1.1" 200 58508
191.67.122.21 - - [29/May/2022:20:39:34 -0500] "GET /portaldeninos/wp-content/themes/betheme/css/shortcodes.css?ver=20.9.6 HTTP/1.1" 200 138889
191.67.122.21 - - [29/May/2022:20:39:35 -0500] "GET /portaldeninos/wp-content/plugins/google-analytics-for-wordpress/assets/js/frontend-gtag.min.js?ver=8.5.0 HTTP/1.1" 200 11801
191.67.122.21 - - [29/May/2022:20:39:35 -0500] "GET /portaldeninos/wp-includes/js/jquery/jquery-migrate.min.js?ver=1.4.1 HTTP/1.1" 200 10056
191.67.122.21 - - [29/May/2022:20:39:35 -0500] "GET /portaldeninos/wp-content/themes/betheme/css/responsive.css?ver=20.9.6 HTTP/1.1" 200 55740
191.67.122.21 - - [29/May/2022:20:39:35 -0500] "GET /portaldeninos/wp-includes/js/jquery/ui/core.min.js?ver=1.11.4 HTTP/1.1" 200 4000
191.67.122.21 - - [29/May/2022:20:39:35 -0500] "GET /portaldeninos/wp-content/plugins/gallery-videos/JS/modernizr.custom.js?ver=4.9.8 HTTP/1.1" 200 9019
191.67.122.21 - - [29/May/2022:20:39:35 -0500] "GET /portaldeninos/wp-includes/js/jquery/ui/widget.min.js?ver=1.11.4 HTTP/1.1" 200 6908
191.67.122.21 - - [29/May/2022:20:39:35 -0500] "GET /portaldeninos/wp-includes/js/jquery/ui/mouse.min.js?ver=1.11.4 HTTP/1.1" 200 3148
191.67.122.21 - - [29/May/2022:20:39:35 -0500] "GET /portaldeninos/wp-includes/js/jquery/jquery.js?ver=1.12.4 HTTP/1.1" 200 97184
191.67.122.21 - - [29/May/2022:20:39:35 -0500] "GET /portaldeninos/wp-content/plugins/gallery-videos/JS/Total-Soft-Gallery-Video-Widget.js?ver=4.9.8 HTTP/1.1" 200 80264
191.67.122.21 - - [29/May/2022:20:39:36 -0500] "GET /portaldeninos/wp-includes/js/jquery/ui/tabs.min.js?ver=1.11.4 HTTP/1.1" 200 12110
191.67.122.21 - - [29/May/2022:20:39:36 -0500] "GET /portaldeninos/wp-includes/js/jquery/ui/accordion.min.js?ver=1.11.4 HTTP/1.1" 200 8584
191.67.122.21 - - [29/May/2022:20:39:36 -0500] "GET /portaldeninos/wp-includes/js/jquery/ui/sortable.min.js?ver=1.11.4 HTTP/1.1" 200 24899
191.67.122.21 - - [29/May/2022:20:39:36 -0500] "GET /portaldeninos/wp-content/themes/betheme/js/menu.js?ver=20.9.6 HTTP/1.1" 200 2449
191.67.122.21 - - [29/May/2022:20:39:36 -0500] "GET /portaldeninos/wp-includes/js/wp-embed.min.js?ver=4.9.8 HTTP/1.1" 200 1398
191.67.122.21 - - [29/May/2022:20:39:36 -0500] "GET /portaldeninos/wp-content/themes/betheme/assets/animations/animations.min.js?ver=20.9.6 HTTP/1.1" 200 1896
191.67.122.21 - - [29/May/2022:20:39:36 -0500] "GET /portaldeninos/wp-content/themes/betheme/js/scripts.js?ver=20.9.6 HTTP/1.1" 200 77162
191.67.122.21 - - [29/May/2022:20:39:36 -0500] "GET /portaldeninos/wp-content/themes/betheme/assets/jplayer/jplayer.min.js?ver=20.9.6 HTTP/1.1" 200 52702
191.67.122.21 - - [29/May/2022:20:39:36 -0500] "GET /portaldeninos/wp-includes/js/wp-emoji-release.min.js?ver=4.9.8 HTTP/1.1" 200 12026
191.67.122.21 - - [29/May/2022:20:39:34 -0500] "GET /portaldeninos/wp-content/themes/betheme/css/layout.css?ver=20.9.6 HTTP/1.1" 200 116639
191.67.122.21 - - [29/May/2022:20:39:36 -0500] "GET /portaldeninos/wp-content/themes/betheme/js/plugins.js?ver=20.9.6 HTTP/1.1" 200 197151
191.67.122.21 - - [29/May/2022:20:39:37 -0500] "GET /portaldeninos/wp-content/themes/betheme/images/box_shadow.png HTTP/1.1" 200 108
191.67.122.21 - - [29/May/2022:20:39:37 -0500] "GET /portaldeninos/wp-content/themes/betheme/fonts/mfn-icons.woff?93978679 HTTP/1.1" 200 80932
191.67.122.21 - - [29/May/2022:20:39:37 -0500] "GET /portaldeninos/wp-content/themes/betheme/fonts/mfn-icons.ttf?93978679 HTTP/1.1" 200 113381
191.67.122.21 - - [29/May/2022:20:40:08 -0500] "GET /portaldeninos/wp-content/themes/betheme/fonts/mfn-icons.woff?93978679 HTTP/1.1" 206 1
191.67.122.21 - - [29/May/2022:20:40:08 -0500] "GET /portaldeninos/wp-content/themes/betheme/fonts/mfn-icons.ttf?93978679 HTTP/1.1" 200 124684
191.101.61.33 - - [29/May/2022:20:40:55 -0500] "GET / HTTP/1.1" 200 319
157.55.39.127 - - [29/May/2022:20:41:04 -0500] "GET /bla/resoluciones/resoluciones%201998/RESOLUCION%201127%20DE%201998.pdf HTTP/1.1" 200 118947
69.63.189.116 - - [29/May/2022:20:42:11 -0500] "GET /secretaria-de-ambiente-rescata-perezoso-y-lo-traslada-al-departamento-de-antioquia-para-su-rehabilitacion.html HTTP/1.1" 206 1059
201.245.192.253 - - [29/May/2022:20:41:33 -0500] "POST /kwsrmcab/Wsrmcab HTTP/1.1" 200 47389
35.204.107.227 - - [29/May/2022:20:43:02 -0500] "GET / HTTP/1.1" 200 319
201.245.192.253 - - [29/May/2022:20:42:21 -0500] "POST /kwsrmcab/Wsrmcab HTTP/1.1" 200 44374
37.0.10.187 - - [29/May/2022:20:43:25 -0500] "GET / HTTP/1.1" 200 319
37.0.10.187 - - [29/May/2022:20:43:33 -0500] "POST /HNAP1/ HTTP/1.1" 404 1018
216.245.221.92 - - [29/May/2022:20:43:56 -0500] "HEAD / HTTP/1.1" 200 -
172.22.2.4 - - [29/May/2022:20:42:24 -0500] "HEAD /BLA/boletinlegal/ HTTP/1.1" 200 -
172.22.2.4 - - [29/May/2022:20:43:15 -0500] "GET /BLA/boletinlegal/ HTTP/1.1" 200 61408
207.46.13.146 - - [29/May/2022:20:46:09 -0500] "GET /Publicaciones/2022EE85800.pdf HTTP/1.1" 404 227
186.84.88.243 - - [29/May/2022:20:47:47 -0500] "GET /conoce-los-requisitos-ambientales-para-abrir-un-establecimiento-comercial-en-bogota.html HTTP/1.1" 200 796
172.22.2.4 - - [29/May/2022:20:47:57 -0500] "GET /BLA/boletinlegal/owa/auth/logon.aspx?url=https%3a%2f%2f1%2fecp%2f HTTP/1.1" 404 1018
216.245.221.92 - - [29/May/2022:20:48:56 -0500] "HEAD / HTTP/1.1" 200 -
172.22.2.4 - - [29/May/2022:20:48:14 -0500] "HEAD /BLA/boletinlegal/ HTTP/1.1" 200 -
172.22.2.4 - - [29/May/2022:20:49:04 -0500] "GET /BLA/boletinlegal/ HTTP/1.1" 200 51841
172.22.2.4 - - [29/May/2022:20:49:19 -0500] "GET /BLA/boletinlegal/index.php HTTP/1.1" 200 52557
216.245.221.92 - - [29/May/2022:20:53:56 -0500] "HEAD / HTTP/1.1" 200 -
157.55.39.127 - - [29/May/2022:20:54:07 -0500] "GET /BLA/resoluciones/AUTOS%202020/0735.pdf HTTP/1.1" 304 -
186.102.72.195 - - [29/May/2022:20:55:39 -0500] "GET /kwssiamovil/sm/acme/a?s=U2FsdGVkX1/jm7Thjpi/RyqgJ0Uy1TorDziqaJ+hBn+JN20s7sseIFImzKnOrDqiWlMOLlEAqf/AKJcYhsa+jI1USf+CxL07eInV98sZiiOGdxafECXApJwbZp0UU/ddvzfs0vysVEjb41+ZuzWqQjZ3RfEvdfIBY5yGj+yIicV2ewXtmRlZuHFOui51mgjZhS7U5dOhtnl6V2Hu7ULELeAKNFY6Zy/2LaF96hyk4TGlTn8x/a4OD/ZTL5moaDrCr5r5LE5SojvMzIKmz34o4A==&u=U2FsdGVkX19N4YTqyUZ2Al61N/tI0cl0N8nU9O8ByTC6nWSJU+ZmOdej5YGCkoXe&y=U2FsdGVkX18aJgU9U/LegI+4KaZWGjiTdhHHGcg0CqbcJMhQotKDoxwtW0+WRRj+ HTTP/1.1" 200 25
186.102.72.195 - - [29/May/2022:20:55:40 -0500] "GET /kwssiamovil/sm/acme/a?s=U2FsdGVkX19UlgqOzxBtNel03CbbPWvK8SrTx+QHR4h5LkTYEYPb98TmMRZINOglHleDnTGoKzYnp+PX+vCJjKXYbmPrWYtf+5FyU1gam+up5u9icAHDr2hK4ryoZYj6wcrOMAWsnayI2jdFfyVdmgsp5pWuB1mr/CaLWS39auLyboifxpFUFBx3Pk2oqX/FmC+oTAFSqhJgXF8hbuDUzkSl0CkAsf6BV6YjVRoJf0ELpp7T91llRuMGUubX9uqDkdp/th2P9m2B9w8Illc/MPmmPAW7IemU5M2k0EWEtOQSW9nb+6D+4N8wGO/XAphNPYGx/p0BNMQwc8P49DrmS4KfVwzZ8G3fBt3CrBS2DiiyO2g3RIuueXbaL1kJlANREYdi4ObWDOLoCK6DhWpToZ+GpHFGZ+T8O5Vug2WpPcZDYB4lq832tSt42MLnyNNs2uPRGAEPQQDgp72J8fiI0zWMfsPU53bKh5VJDjc6lx/QFrktKMKqygVnCvMQ4ZaYrQtbJ8IFazW9ioR6vYMeO/fBc//pHPCf3xyVG1xIFlb3feHHsRi7fc3kgMRfygc8IzpTj331ctPrYiaPEGRe4KtGRWc3LHcQFQuJvIXlOppMq2ULMUnCf77ZyYP/fCF6j2xM98svp9w4V40LjIjolV5kw8EVhrAAgl2ecEf6mHquZmYHpLmvZs/TPTS2gjRmgq5vHpQpGL/Gw1GNqsBGI0auJLzaatfHZa7c3bujRSDBITuBq9KGCAqYdoi2aKCF3V/uZnKbIQPpneKwm6W5kxsQERNFBEolIrMcN0gM3yoEkXPdD+ngfdbdupT/ZTWnnD9aEY4HxSBYC3dBrarutKErcHVMx318st7b+Zl/Xmo1rOhjmFP++jb1sidgnyuGwrCZHoArevzT2/Upn1jKxJ9N8ioVmsfvwQBMc6uWsRP0J+mpf5p00t/zKOtLYKeBMRlgSby5IgUSYbeSmO4gP/AADLzK9asWP5rDE1ivyAhYr2p/jEFT0FlAzbsaXF6uH4c6LsiyRfX/3hPZoyq7HAWqavsl3mzamgiSWD6YMUMv8lmbMVij32R4uE4zaWhZCTyVh9eRSXpgGctEixi0pO4YScsAjog1hoiDoUKxWHtuI6JD08xk4VCi/VV9tc27+ZaHaRBukYBArcDufPQcdtBED3aQetcEUA2NMuUaUp0Cz+6cyBW/xrWEJF4dyeFPruuCkK+I69zKSENEPPSuJ6jMjqlCFxqjgDcrjumm8H3fIbfwlJ+inBygLPOmUTsCFuz8SCA3eoht/nZe6EivLNdLZaikEvtQSk5MMFrZ+OJpH4AAy6gcHKXmBdh5BjAtHokKKFZEI2OUWlgiD7AozvTXDwn01ro/Y5dI9F4mQlrlv5ST/zgDiO1ausVOXzviBVbN+TEXwzwA/RxKzkF8SWz2ceksz/vqRVAOi3fXSiapMeyp+9tQfxJi29ESlyncTyWT9K21Z6JwHSNZ3n13mz0MFXhqg7yZgN37kcavHkZlYLSC3VY+hmTT/bjIfrpdabMMnmrKPirTKGz981LmQ+3rX0KEDoayWWuABmM6ydFZWJc+1Uewb4wLnC8eehIXFBOovdyVjgLJhpbFMjx2Sa4u7ZowJwf5/rugfuL1NXGO+EYDdaXvVolbbja+Ss+l2uoVt5K6EvU/N62nWH7kzurzIr6G2vAZgWcdaN1AJDeRUgV2wEipe+9VjGGLdANsqJQndezZZKFumuCWlC2FdnlwEnOqyEPi/bD76Z6De0pkGDr431M6paK85qjVg1Jx+l10z32u4RoE8HKfIt/vtaQ3c7HITnL/N01rsd0ioJJDeFwoIrTN0SdzfNkujpzUeuQ2NcNeh7w6JKUg4a0YZZX6qoiZtyt3DHwNwWGrAxzufwstyT25GSXgqdS2FboJ9FSqL52UVI1ftDloaijLtGuMMzYVNFPADh+GAMd7MJRDNi5rqdUZ5mHCKzUN7rla9900NavI81gL54VNx8V+6JVYSsl9qDer8LWgnyCLnN8+P/dxIRwMfmMOZh/fQJULC3IR6AQYbF6qhVFNDyoWv3xFQHZ7G59ITr1CyWGBnbT+sFdlZ8vn/hr4Snl5dwswI9NleTICWYY573dwoxNs/deYMtoTrNDy6QyeLAZhTNK4dsdBKSGvrWdx+C1WFHkHAsN3qFBan7ASQMswh2Eb7A==&u=U2FsdGVkX19N4YTqyUZ2Al61N/tI0cl0N8nU9O8ByTC6nWSJU+ZmOdej5YGCkoXe&y=U2FsdGVkX18aJgU9U/LegI+4KaZWGjiTdhHHGcg0CqbcJMhQotKDoxwtW0+WRRj+ HTTP/1.1" 200 25
186.102.72.195 - - [29/May/2022:20:55:40 -0500] "GET /kwssiamovil/sm/acme/a?s=U2FsdGVkX1+fmLEnDNl9W+flRv2aZtTP8aPi2G3TD6OI+Q03vKxZ5x1GDskZQh6UnfsRG5rkXJrT97wx7n1L+BzPqOVIizRxDiAPKOqljUKTn4NAR8HI+9Oi34noMFzc4pXGv5OKTVVlMiUr2xF7Vb/d4/nqpO2ThryKawZ6zAg=&u=U2FsdGVkX19N4YTqyUZ2Al61N/tI0cl0N8nU9O8ByTC6nWSJU+ZmOdej5YGCkoXe&y=U2FsdGVkX18aJgU9U/LegI+4KaZWGjiTdhHHGcg0CqbcJMhQotKDoxwtW0+WRRj+ HTTP/1.1" 200 25
186.102.72.195 - - [29/May/2022:20:55:40 -0500] "GET /kwssiamovil/sm/acme/a?s=U2FsdGVkX1/+0x2ktx7mAXFbp37m7vtZKFAG10CuV5qgS3sZI7Y59Hp3UQd82TTW9Ud59fawYbPxIbSLG9zfbmVJkWM4hLW+wQSUXHydGq4QNDNZ8l1kmOyTVXs64ELQ3FEG9VPVn6CeaH3lhcOHu8eC4z210v4wShXCfUJ1PS0=&u=U2FsdGVkX19N4YTqyUZ2Al61N/tI0cl0N8nU9O8ByTC6nWSJU+ZmOdej5YGCkoXe&y=U2FsdGVkX18aJgU9U/LegI+4KaZWGjiTdhHHGcg0CqbcJMhQotKDoxwtW0+WRRj+ HTTP/1.1" 200 25
186.102.72.195 - - [29/May/2022:20:55:40 -0500] "GET /kwssiamovil/sm/acme/a?s=U2FsdGVkX19UHcBpqeB/AuoTDo0ofxtu4FpXVvOmd0lN5G24lQYlPoK70SFhJo0YFYqPVK53HZL1xH1MKqK1ElRekze3+r6DRyNGnY42oS/XWXK6FgpP1Ul8Mf+t8weWaUvc6mFPWyCE1mb31/rQGP7xo8nUj0KWuJWVGP9s0JM=&u=U2FsdGVkX19N4YTqyUZ2Al61N/tI0cl0N8nU9O8ByTC6nWSJU+ZmOdej5YGCkoXe&y=U2FsdGVkX18aJgU9U/LegI+4KaZWGjiTdhHHGcg0CqbcJMhQotKDoxwtW0+WRRj+ HTTP/1.1" 200 25
186.102.72.195 - - [29/May/2022:20:55:41 -0500] "GET /kwssiamovil/sm/acme/a?s=U2FsdGVkX1/6cbs874IO6F7DaaOt+vXMNpnGmUJSOlaqw6/dDb/shF0W+XltEQtnGPcmG+GHPTklZsLgZ2FBrH2uqtRqgYIy3MPnxDvT5L9u5zcszPEhmShPf7JsL1nIGo292DkCquaSl4RwEH0BdHiPDPC3lVi1kVb8lAnZcia/QOH0P1O9PO5KVu4BRvg/&u=U2FsdGVkX19N4YTqyUZ2Al61N/tI0cl0N8nU9O8ByTC6nWSJU+ZmOdej5YGCkoXe&y=U2FsdGVkX18aJgU9U/LegI+4KaZWGjiTdhHHGcg0CqbcJMhQotKDoxwtW0+WRRj+ HTTP/1.1" 200 25
172.22.2.4 - - [29/May/2022:20:54:04 -0500] "HEAD /BLA/boletinlegal/ HTTP/1.1" 200 -
13.66.139.0 - - [29/May/2022:20:55:45 -0500] "GET /BLA/resoluciones/AUTOS%202019/1587.pdf HTTP/1.1" 200 265508
