200.118.64.109 - - [31/May/2022:12:50:29 -0500] "POST /forms/lservlet;jsessionid=ac16012b30d6ad9496c8287044309e7d8030d938c807.e3iSbxaKaheRe34MbxmQaheMbNz0n6jAmljGr5XDqQLvpAe HTTP/1.1" 200 2
200.118.64.109 - - [31/May/2022:12:52:29 -0500] "POST /forms/lservlet;jsessionid=ac16012b30d6ad9496c8287044309e7d8030d938c807.e3iSbxaKaheRe34MbxmQaheMbNz0n6jAmljGr5XDqQLvpAe HTTP/1.1" 200 2
216.245.221.92 - - [31/May/2022:12:52:30 -0500] "HEAD / HTTP/1.1" 200 -
66.249.65.13 - - [31/May/2022:12:52:48 -0500] "-" 408 -
200.118.64.109 - - [31/May/2022:12:54:30 -0500] "POST /forms/lservlet;jsessionid=ac16012b30d6ad9496c8287044309e7d8030d938c807.e3iSbxaKaheRe34MbxmQaheMbNz0n6jAmljGr5XDqQLvpAe HTTP/1.1" 200 2
172.22.2.4 - - [31/May/2022:12:53:15 -0500] "HEAD /BLA/boletinlegal/ HTTP/1.1" 200 -
172.22.2.4 - - [31/May/2022:12:54:05 -0500] "GET /BLA/boletinlegal/ HTTP/1.1" 200 58029
200.118.64.109 - - [31/May/2022:12:56:30 -0500] "POST /forms/lservlet;jsessionid=ac16012b30d6ad9496c8287044309e7d8030d938c807.e3iSbxaKaheRe34MbxmQaheMbNz0n6jAmljGr5XDqQLvpAe HTTP/1.1" 200 2
66.249.65.13 - - [31/May/2022:12:56:34 -0500] "-" 408 -
216.245.221.92 - - [31/May/2022:12:57:30 -0500] "HEAD / HTTP/1.1" 200 -
172.22.2.4 - - [31/May/2022:12:57:53 -0500] "POST /BLA/boletinlegal/admin/actos/ingresar.php HTTP/1.1" 200 7236
201.244.175.237 - - [31/May/2022:12:58:15 -0500] "GET /semana-ambiental-2022-del-31-de-mayo-al-5-de-junio-se-celebrara-en-bogota.html?fbclid=IwAR2ApZ0PvHpT4qTY6ELDAxsWbx_Otg4Gc69ItIKLa2hUw0WKuSHaGjGCmD8 HTTP/1.1" 200 799
200.118.64.109 - - [31/May/2022:12:58:30 -0500] "POST /forms/lservlet;jsessionid=ac16012b30d6ad9496c8287044309e7d8030d938c807.e3iSbxaKaheRe34MbxmQaheMbNz0n6jAmljGr5XDqQLvpAe HTTP/1.1" 200 2
186.119.111.97 - - [31/May/2022:12:58:54 -0500] "GET /semana-ambiental-2022-del-31-de-mayo-al-5-de-junio-se-celebrara-en-bogota.html HTTP/1.1" 200 799
66.220.149.21 - - [31/May/2022:12:59:23 -0500] "GET /mas-de-30-tinguas-fueron-liberadas-en-la-semana-de-los-humedales.html HTTP/1.1" 206 950
172.22.2.4 - - [31/May/2022:12:59:26 -0500] "POST /BLA/boletinlegal/admin/actos/ingresar.php HTTP/1.1" 200 7236
173.252.107.12 - - [31/May/2022:12:59:56 -0500] "GET /esta-es-la-estrategia-que-plantea-el-pot-para-garantizar-la-conectividad-ecosistemica.html HTTP/1.1" 206 1032
217.182.175.162 - - [31/May/2022:13:00:15 -0500] "HEAD /semana-ambiental-2022-del-31-de-mayo-al-5-de-junio-se-celebrara-en-bogota.html HTTP/1.1" 200 -
200.118.64.109 - - [31/May/2022:13:00:30 -0500] "POST /forms/lservlet;jsessionid=ac16012b30d6ad9496c8287044309e7d8030d938c807.e3iSbxaKaheRe34MbxmQaheMbNz0n6jAmljGr5XDqQLvpAe HTTP/1.1" 200 2
172.22.2.4 - - [31/May/2022:13:00:31 -0500] "GET /BLA/boletinlegal/favicon.ico HTTP/1.1" 404 1018
172.22.2.4 - - [31/May/2022:13:00:32 -0500] "GET /BLA/boletinlegal/robots.txt HTTP/1.1" 404 1018
172.22.2.4 - - [31/May/2022:12:59:55 -0500] "GET /BLA/boletinlegal/ HTTP/1.1" 200 24523
172.22.2.4 - - [31/May/2022:12:59:05 -0500] "HEAD /BLA/boletinlegal/ HTTP/1.1" 200 -
172.22.2.4 - - [31/May/2022:13:00:06 -0500] "GET /BLA/boletinlegal/ HTTP/1.1" 200 32715
172.22.2.4 - - [31/May/2022:13:01:29 -0500] "POST /BLA/boletinlegal/admin/actos/ingresar.php HTTP/1.1" 200 7236
172.22.2.4 - - [31/May/2022:12:59:55 -0500] "GET /BLA/boletinlegal/ HTTP/1.1" 200 49000
172.22.2.4 - - [31/May/2022:13:02:19 -0500] "GET /BLA/boletinlegal/images/screen_2.png HTTP/1.1" 200 362502
172.22.2.4 - - [31/May/2022:13:02:19 -0500] "GET /BLA/boletinlegal/images/screen_3.png HTTP/1.1" 200 210620
172.22.2.4 - - [31/May/2022:13:02:19 -0500] "GET /BLA/boletinlegal/images/screen_5.png HTTP/1.1" 200 368876
172.22.2.4 - - [31/May/2022:13:02:19 -0500] "GET /BLA/boletinlegal/images/arr_r.jpg HTTP/1.1" 200 1998
172.22.2.4 - - [31/May/2022:13:02:22 -0500] "GET /BLA/boletinlegal/actos.php HTTP/1.1" 200 9559
172.22.2.4 - - [31/May/2022:13:02:22 -0500] "GET /BLA/boletinlegal/favicon.ico HTTP/1.1" 404 1326
200.118.64.109 - - [31/May/2022:13:02:30 -0500] "POST /forms/lservlet;jsessionid=ac16012b30d6ad9496c8287044309e7d8030d938c807.e3iSbxaKaheRe34MbxmQaheMbNz0n6jAmljGr5XDqQLvpAe HTTP/1.1" 200 2
216.245.221.92 - - [31/May/2022:13:02:30 -0500] "HEAD / HTTP/1.1" 200 -
172.22.2.4 - - [31/May/2022:13:02:38 -0500] "GET /BLA/boletinlegal/consulta_actos.php?tipo=resoluciones&no=2126&usuario=&sector=&fecha=2021&resuelve= HTTP/1.1" 200 1142
172.22.2.4 - - [31/May/2022:13:02:38 -0500] "GET /BLA/boletinlegal/images/pdf.gif HTTP/1.1" 200 567
186.119.244.240 - - [31/May/2022:13:02:49 -0500] "GET /BLA/resoluciones/ HTTP/1.1" 200 13093
186.119.244.240 - - [31/May/2022:13:02:49 -0500] "GET /BLA/resoluciones/dlf/styles.css HTTP/1.1" 200 3049
186.119.244.240 - - [31/May/2022:13:02:49 -0500] "GET /BLA/resoluciones/dlf/folder.png HTTP/1.1" 200 410
186.119.244.240 - - [31/May/2022:13:02:49 -0500] "GET /BLA/resoluciones/dlf/bg.gif HTTP/1.1" 200 54
186.119.244.240 - - [31/May/2022:13:02:50 -0500] "GET /favicon.ico HTTP/1.1" 200 7782
172.22.2.4 - - [31/May/2022:13:02:12 -0500] "GET /BLA/boletinlegal/ HTTP/1.1" 200 32715
172.22.2.4 - - [31/May/2022:13:03:17 -0500] "POST /BLA/boletinlegal/admin/actos/ingresar.php HTTP/1.1" 200 7236
186.119.244.240 - - [31/May/2022:13:03:41 -0500] "GET /BLA/resoluciones/dlf/dirup.png HTTP/1.1" 200 644
186.119.244.240 - - [31/May/2022:13:03:41 -0500] "GET /BLA/resoluciones/dlf/pdf.gif HTTP/1.1" 200 272
186.119.244.240 - - [31/May/2022:13:03:41 -0500] "GET /BLA/resoluciones/index.php?dir=RESOLUCIONES+2021%2F HTTP/1.1" 200 367847
190.26.205.194 - - [31/May/2022:13:03:41 -0500] "GET /sipse/faces/presentacion/financiero/solicitudAnulacion/solicitudAnulacion.xhtml HTTP/1.1" 200 38687
190.26.205.194 - - [31/May/2022:13:03:42 -0500] "GET /sipse/faces/javax.faces.resource/theme.css?ln=primefaces-sipse HTTP/1.1" 304 -
190.26.205.194 - - [31/May/2022:13:03:42 -0500] "GET /sipse/faces/javax.faces.resource/layout/layout.css?ln=primefaces&v=4.0 HTTP/1.1" 304 -
190.26.205.194 - - [31/May/2022:13:03:42 -0500] "GET /sipse/faces/javax.faces.resource/primefaces.css?ln=primefaces&v=4.0 HTTP/1.1" 304 -
190.26.205.194 - - [31/May/2022:13:03:42 -0500] "GET /sipse/faces/javax.faces.resource/jquery/jquery.js?ln=primefaces&v=4.0 HTTP/1.1" 304 -
190.26.205.194 - - [31/May/2022:13:03:42 -0500] "GET /sipse/faces/javax.faces.resource/primefaces.js?ln=primefaces&v=4.0 HTTP/1.1" 304 -
190.26.205.194 - - [31/May/2022:13:03:42 -0500] "GET /sipse/faces/javax.faces.resource/layout/layout.js?ln=primefaces&v=4.0 HTTP/1.1" 304 -
190.26.205.194 - - [31/May/2022:13:03:42 -0500] "GET /sipse/faces/javax.faces.resource/jquery/jquery-plugins.js?ln=primefaces&v=4.0 HTTP/1.1" 304 -
190.26.205.194 - - [31/May/2022:13:03:42 -0500] "GET /sipse/css/imagen/contrasena.png HTTP/1.1" 404 383
190.26.205.194 - - [31/May/2022:13:03:42 -0500] "GET /sipse/faces/javax.faces.resource/images/ui-icons_898989_256x240.png?ln=primefaces-aristo HTTP/1.1" 304 -
190.26.205.194 - - [31/May/2022:13:03:42 -0500] "GET /sipse/faces/javax.faces.resource/images/ui-bg_flat_0_2d5972_40x100.png?ln=primefaces-aristo HTTP/1.1" 304 -
190.26.205.194 - - [31/May/2022:13:03:42 -0500] "POST /sipse/faces/presentacion/financiero/solicitudAnulacion/solicitudAnulacion.xhtml HTTP/1.1" 200 17034
200.118.64.109 - - [31/May/2022:13:04:30 -0500] "POST /forms/lservlet;jsessionid=ac16012b30d6ad9496c8287044309e7d8030d938c807.e3iSbxaKaheRe34MbxmQaheMbNz0n6jAmljGr5XDqQLvpAe HTTP/1.1" 200 2
31.7.58.162 - - [31/May/2022:13:04:40 -0500] "GET / HTTP/1.1" 200 319
172.22.2.4 - - [31/May/2022:13:04:42 -0500] "POST /BLA/boletinlegal/admin/actos/ingresar.php HTTP/1.1" 200 7236
157.55.39.8 - - [31/May/2022:13:05:42 -0500] "GET /forest/ HTTP/1.1" 200 12041
172.22.2.4 - - [31/May/2022:13:06:25 -0500] "POST /BLA/boletinlegal/admin/actos/ingresar.php HTTP/1.1" 200 7236
200.118.64.109 - - [31/May/2022:13:06:30 -0500] "POST /forms/lservlet;jsessionid=ac16012b30d6ad9496c8287044309e7d8030d938c807.e3iSbxaKaheRe34MbxmQaheMbNz0n6jAmljGr5XDqQLvpAe HTTP/1.1" 200 2
172.22.2.4 - - [31/May/2022:13:04:55 -0500] "HEAD /BLA/boletinlegal/ HTTP/1.1" 200 -
181.60.29.253 - - [31/May/2022:11:26:40 -0500] "POST /kwssiamovil/sm/setfile/f? HTTP/1.1" 400 1022
172.22.2.4 - - [31/May/2022:13:05:45 -0500] "GET /BLA/boletinlegal/ HTTP/1.1" 200 58482
216.245.221.92 - - [31/May/2022:13:07:30 -0500] "HEAD / HTTP/1.1" 200 -
172.22.2.4 - - [31/May/2022:13:07:58 -0500] "POST /BLA/boletinlegal/admin/actos/ingresar.php HTTP/1.1" 200 7236
200.118.64.109 - - [31/May/2022:13:08:30 -0500] "POST /forms/lservlet;jsessionid=ac16012b30d6ad9496c8287044309e7d8030d938c807.e3iSbxaKaheRe34MbxmQaheMbNz0n6jAmljGr5XDqQLvpAe HTTP/1.1" 200 2
157.55.39.8 - - [31/May/2022:13:10:14 -0500] "GET /BLA/resoluciones/AUTOS%202018/4384.pdf HTTP/1.1" 304 -
200.118.64.109 - - [31/May/2022:13:10:30 -0500] "POST /forms/lservlet;jsessionid=ac16012b30d6ad9496c8287044309e7d8030d938c807.e3iSbxaKaheRe34MbxmQaheMbNz0n6jAmljGr5XDqQLvpAe HTTP/1.1" 200 2
66.249.65.13 - - [31/May/2022:13:10:58 -0500] "-" 408 -
172.22.2.4 - - [31/May/2022:13:11:55 -0500] "GET /BLA/boletinlegal/actos.php HTTP/1.1" 200 9559
172.22.2.4 - - [31/May/2022:13:11:55 -0500] "GET /BLA/boletinlegal/styles2.css HTTP/1.1" 200 1838
172.22.2.4 - - [31/May/2022:13:11:55 -0500] "GET /BLA/boletinlegal/niceforms-default.css HTTP/1.1" 200 6694
172.22.2.4 - - [31/May/2022:13:11:55 -0500] "GET /BLA/boletinlegal/js/ajax_actos.js HTTP/1.1" 200 1322
172.22.2.4 - - [31/May/2022:13:11:55 -0500] "GET /BLA/boletinlegal/style.css HTTP/1.1" 200 9406
172.22.2.4 - - [31/May/2022:13:11:55 -0500] "GET /BLA/boletinlegal/niceforms.js HTTP/1.1" 200 22876
172.22.2.4 - - [31/May/2022:13:11:55 -0500] "GET /BLA/boletinlegal/js/jquery1.js HTTP/1.1" 200 29846
172.22.2.4 - - [31/May/2022:13:11:55 -0500] "GET /BLA/boletinlegal/js/lib.js HTTP/1.1" 200 6474
172.22.2.4 - - [31/May/2022:13:11:55 -0500] "GET /BLA/boletinlegal/js/popup.js HTTP/1.1" 200 1270
172.22.2.4 - - [31/May/2022:13:11:55 -0500] "GET /BLA/boletinlegal/images/cabezote%20BLEGAL.jpg HTTP/1.1" 200 118164
172.22.2.4 - - [31/May/2022:13:11:55 -0500] "GET /BLA/boletinlegal/images/subscribe-icon-big.png HTTP/1.1" 200 47702
172.22.2.4 - - [31/May/2022:13:11:55 -0500] "GET /BLA/boletinlegal/images/green-yellow-blue-pink-th.png HTTP/1.1" 200 7394
172.22.2.4 - - [31/May/2022:13:11:55 -0500] "GET /BLA/boletinlegal/images/historia.png HTTP/1.1" 200 52775
172.22.2.4 - - [31/May/2022:13:11:55 -0500] "GET /BLA/boletinlegal/images/registro-usuarios.png HTTP/1.1" 200 8106
172.22.2.4 - - [31/May/2022:13:11:55 -0500] "GET /BLA/boletinlegal/images/abajo.png HTTP/1.1" 200 96676
172.22.2.4 - - [31/May/2022:13:11:55 -0500] "GET /BLA/boletinlegal/images/icono-email.png HTTP/1.1" 200 5544
172.22.2.4 - - [31/May/2022:13:11:55 -0500] "GET /BLA/boletinlegal/images/body_bg.jpg HTTP/1.1" 200 1601
172.22.2.4 - - [31/May/2022:13:11:55 -0500] "GET /BLA/boletinlegal/images/tel.png HTTP/1.1" 200 14477
172.22.2.4 - - [31/May/2022:13:11:55 -0500] "GET /BLA/boletinlegal/images/menu_lft.gif HTTP/1.1" 200 1713
172.22.2.4 - - [31/May/2022:13:11:55 -0500] "GET /BLA/boletinlegal/images/bg_top.jpg HTTP/1.1" 200 522
172.22.2.4 - - [31/May/2022:13:11:55 -0500] "GET /BLA/boletinlegal/images/menu_rght.gif HTTP/1.1" 200 1627
172.22.2.4 - - [31/May/2022:13:11:55 -0500] "GET /BLA/boletinlegal/images/menu_bg.jpg HTTP/1.1" 200 620
172.22.2.4 - - [31/May/2022:13:11:55 -0500] "GET /BLA/boletinlegal/images/hover.jpg HTTP/1.1" 200 640
172.22.2.4 - - [31/May/2022:13:11:55 -0500] "GET /BLA/boletinlegal/images/text.jpg HTTP/1.1" 200 568
172.22.2.4 - - [31/May/2022:13:11:55 -0500] "GET /BLA/boletinlegal/images/footer_bg.jpg HTTP/1.1" 200 586
172.22.2.4 - - [31/May/2022:13:11:55 -0500] "GET /BLA/boletinlegal/images/footer_bg_l.jpg HTTP/1.1" 200 776
172.22.2.4 - - [31/May/2022:13:11:55 -0500] "GET /BLA/boletinlegal/img/0.png HTTP/1.1" 200 110
172.22.2.4 - - [31/May/2022:13:11:55 -0500] "GET /BLA/boletinlegal/img/button-right.png HTTP/1.1" 200 57878
172.22.2.4 - - [31/May/2022:13:11:55 -0500] "GET /BLA/boletinlegal/img/button.png HTTP/1.1" 200 43241
172.22.2.4 - - [31/May/2022:13:11:55 -0500] "GET /BLA/boletinlegal/img/select-right.png HTTP/1.1" 200 44019
172.22.2.4 - - [31/May/2022:13:11:55 -0500] "GET /BLA/boletinlegal/img/button-left.png HTTP/1.1" 200 57071
172.22.2.4 - - [31/May/2022:13:11:55 -0500] "GET /BLA/boletinlegal/img/select-left.png HTTP/1.1" 200 263
172.22.2.4 - - [31/May/2022:13:11:55 -0500] "GET /BLA/boletinlegal/favicon.ico HTTP/1.1" 404 1326
192.168.172.17 - - [31/May/2022:13:12:09 -0500] "GET / HTTP/1.1" 200 4720
192.168.172.17 - - [31/May/2022:13:12:09 -0500] "GET /js/url.js HTTP/1.1" 404 1294
172.22.2.4 - - [31/May/2022:13:10:45 -0500] "HEAD /BLA/boletinlegal/ HTTP/1.1" 200 -
216.245.221.92 - - [31/May/2022:13:12:30 -0500] "HEAD / HTTP/1.1" 200 -
200.118.64.109 - - [31/May/2022:13:12:31 -0500] "POST /forms/lservlet;jsessionid=ac16012b30d6ad9496c8287044309e7d8030d938c807.e3iSbxaKaheRe34MbxmQaheMbNz0n6jAmljGr5XDqQLvpAe HTTP/1.1" 200 2
200.118.64.109 - - [31/May/2022:13:13:09 -0500] "POST /forms/lservlet;jsessionid=ac16012b30d6ad9496c8287044309e7d8030d938c807.e3iSbxaKaheRe34MbxmQaheMbNz0n6jAmljGr5XDqQLvpAe HTTP/1.1" 200 2
200.118.64.109 - - [31/May/2022:13:13:09 -0500] "POST /forms/lservlet;jsessionid=ac16012b30d6ad9496c8287044309e7d8030d938c807.e3iSbxaKaheRe34MbxmQaheMbNz0n6jAmljGr5XDqQLvpAe HTTP/1.1" 200 2353
200.118.64.109 - - [31/May/2022:13:13:09 -0500] "POST /forms/lservlet;jsessionid=ac16012b30d6ad9496c8287044309e7d8030d938c807.e3iSbxaKaheRe34MbxmQaheMbNz0n6jAmljGr5XDqQLvpAe HTTP/1.1" 200 10
200.118.64.109 - - [31/May/2022:13:13:11 -0500] "POST /forms/lservlet;jsessionid=ac16012b30d6ad9496c8287044309e7d8030d938c807.e3iSbxaKaheRe34MbxmQaheMbNz0n6jAmljGr5XDqQLvpAe HTTP/1.1" 200 26
200.118.64.109 - - [31/May/2022:13:13:11 -0500] "POST /forms/lservlet;jsessionid=ac16012b30d6ad9496c8287044309e7d8030d938c807.e3iSbxaKaheRe34MbxmQaheMbNz0n6jAmljGr5XDqQLvpAe HTTP/1.1" 200 14
200.118.64.109 - - [31/May/2022:13:13:12 -0500] "POST /forms/lservlet;jsessionid=ac16012b30d6ad9496c8287044309e7d8030d938c807.e3iSbxaKaheRe34MbxmQaheMbNz0n6jAmljGr5XDqQLvpAe HTTP/1.1" 200 4404
200.118.64.109 - - [31/May/2022:13:13:13 -0500] "POST /forms/lservlet;jsessionid=ac16012b30d6ad9496c8287044309e7d8030d938c807.e3iSbxaKaheRe34MbxmQaheMbNz0n6jAmljGr5XDqQLvpAe HTTP/1.1" 200 2
172.22.2.4 - - [31/May/2022:13:13:15 -0500] "GET /BLA/boletinlegal/consulta_actos.php?tipo=autos&no=&usuario=&sector=SILVICULTURA&fecha=2022&resuelve= HTTP/1.1" 200 34207
172.22.2.4 - - [31/May/2022:13:13:15 -0500] "GET /BLA/boletinlegal/images/pdf.gif HTTP/1.1" 200 567
172.22.2.4 - - [31/May/2022:13:13:15 -0500] "GET /BLA/boletinlegal/images/background.gif HTTP/1.1" 200 -
172.22.2.4 - - [31/May/2022:13:11:35 -0500] "GET /BLA/boletinlegal/ HTTP/1.1" 200 60973
172.22.2.4 - - [31/May/2022:13:13:20 -0500] "GET /BLA/boletinlegal/actos.php HTTP/1.1" 200 9559
172.22.2.4 - - [31/May/2022:13:13:24 -0500] "GET /BLA/boletinlegal/consulta_actos.php?tipo=autos&no=&usuario=&sector=SILVICULTURA&fecha=2022&resuelve= HTTP/1.1" 200 34207
200.118.64.109 - - [31/May/2022:13:13:30 -0500] "POST /forms/lservlet;jsessionid=ac16012b30d6ad9496c8287044309e7d8030d938c807.e3iSbxaKaheRe34MbxmQaheMbNz0n6jAmljGr5XDqQLvpAe HTTP/1.1" 200 2
200.118.64.109 - - [31/May/2022:13:13:30 -0500] "POST /forms/lservlet;jsessionid=ac16012b30d6ad9496c8287044309e7d8030d938c807.e3iSbxaKaheRe34MbxmQaheMbNz0n6jAmljGr5XDqQLvpAe HTTP/1.1" 200 14
200.118.64.109 - - [31/May/2022:13:13:32 -0500] "POST /forms/lservlet;jsessionid=ac16012b30d6ad9496c8287044309e7d8030d938c807.e3iSbxaKaheRe34MbxmQaheMbNz0n6jAmljGr5XDqQLvpAe HTTP/1.1" 200 14
200.118.64.109 - - [31/May/2022:13:13:33 -0500] "POST /forms/lservlet;jsessionid=ac16012b30d6ad9496c8287044309e7d8030d938c807.e3iSbxaKaheRe34MbxmQaheMbNz0n6jAmljGr5XDqQLvpAe HTTP/1.1" 200 14
200.118.64.109 - - [31/May/2022:13:13:34 -0500] "POST /forms/lservlet;jsessionid=ac16012b30d6ad9496c8287044309e7d8030d938c807.e3iSbxaKaheRe34MbxmQaheMbNz0n6jAmljGr5XDqQLvpAe HTTP/1.1" 200 14
200.118.64.109 - - [31/May/2022:13:13:36 -0500] "POST /forms/lservlet;jsessionid=ac16012b30d6ad9496c8287044309e7d8030d938c807.e3iSbxaKaheRe34MbxmQaheMbNz0n6jAmljGr5XDqQLvpAe HTTP/1.1" 200 15
200.118.64.109 - - [31/May/2022:13:13:39 -0500] "POST /forms/lservlet;jsessionid=ac16012b30d6ad9496c8287044309e7d8030d938c807.e3iSbxaKaheRe34MbxmQaheMbNz0n6jAmljGr5XDqQLvpAe HTTP/1.1" 200 108
200.118.64.109 - - [31/May/2022:13:13:40 -0500] "POST /forms/lservlet;jsessionid=ac16012b30d6ad9496c8287044309e7d8030d938c807.e3iSbxaKaheRe34MbxmQaheMbNz0n6jAmljGr5XDqQLvpAe HTTP/1.1" 200 2
200.118.64.109 - - [31/May/2022:13:13:40 -0500] "GET /reports/rwservlet/getjobid76776?server=repnomi HTTP/1.1" 200 48354
34.141.161.140 - - [31/May/2022:13:13:47 -0500] "GET / HTTP/1.1" 200 319
172.22.2.4 - - [31/May/2022:13:13:48 -0500] "GET /BLA/boletinlegal/consulta_actos.php?tipo=autos&no=&usuario=&sector=VERTIMIENTOS&fecha=2022&resuelve= HTTP/1.1" 200 53846
172.22.2.4 - - [31/May/2022:13:14:09 -0500] "GET /BLA/boletinlegal/consulta_actos.php?tipo=autos&no=&usuario=&sector=RESIDUOS&fecha=2022&resuelve= HTTP/1.1" 200 12288
172.22.2.4 - - [31/May/2022:13:14:17 -0500] "GET /BLA/boletinlegal/consulta_actos.php?tipo=autos&no=&usuario=&sector=MINERIA&fecha=2022&resuelve= HTTP/1.1" 200 4443
172.22.2.4 - - [31/May/2022:13:14:38 -0500] "GET /BLA/boletinlegal/jurisprudencia/analisis/CUADRO%20ANALISIS%20SENTENCIA%20T-411%20DE%201992.doc HTTP/1.1" 200 41984
200.118.64.109 - - [31/May/2022:13:14:47 -0500] "POST /forms/lservlet;jsessionid=ac16012b30d6ad9496c8287044309e7d8030d938c807.e3iSbxaKaheRe34MbxmQaheMbNz0n6jAmljGr5XDqQLvpAe HTTP/1.1" 200 2
200.118.64.109 - - [31/May/2022:13:14:52 -0500] "POST /forms/lservlet;jsessionid=ac16012b30d6ad9496c8287044309e7d8030d938c807.e3iSbxaKaheRe34MbxmQaheMbNz0n6jAmljGr5XDqQLvpAe HTTP/1.1" 200 2
200.118.64.109 - - [31/May/2022:13:14:52 -0500] "POST /forms/lservlet;jsessionid=ac16012b30d6ad9496c8287044309e7d8030d938c807.e3iSbxaKaheRe34MbxmQaheMbNz0n6jAmljGr5XDqQLvpAe HTTP/1.1" 200 14
200.118.64.109 - - [31/May/2022:13:14:54 -0500] "POST /forms/lservlet;jsessionid=ac16012b30d6ad9496c8287044309e7d8030d938c807.e3iSbxaKaheRe34MbxmQaheMbNz0n6jAmljGr5XDqQLvpAe HTTP/1.1" 200 14
200.118.64.109 - - [31/May/2022:13:14:56 -0500] "POST /forms/lservlet;jsessionid=ac16012b30d6ad9496c8287044309e7d8030d938c807.e3iSbxaKaheRe34MbxmQaheMbNz0n6jAmljGr5XDqQLvpAe HTTP/1.1" 200 14
200.118.64.109 - - [31/May/2022:13:14:57 -0500] "POST /forms/lservlet;jsessionid=ac16012b30d6ad9496c8287044309e7d8030d938c807.e3iSbxaKaheRe34MbxmQaheMbNz0n6jAmljGr5XDqQLvpAe HTTP/1.1" 200 14
200.118.64.109 - - [31/May/2022:13:14:59 -0500] "POST /forms/lservlet;jsessionid=ac16012b30d6ad9496c8287044309e7d8030d938c807.e3iSbxaKaheRe34MbxmQaheMbNz0n6jAmljGr5XDqQLvpAe HTTP/1.1" 200 15
200.118.64.109 - - [31/May/2022:13:15:02 -0500] "POST /forms/lservlet;jsessionid=ac16012b30d6ad9496c8287044309e7d8030d938c807.e3iSbxaKaheRe34MbxmQaheMbNz0n6jAmljGr5XDqQLvpAe HTTP/1.1" 200 15
200.118.64.109 - - [31/May/2022:13:15:06 -0500] "POST /forms/lservlet;jsessionid=ac16012b30d6ad9496c8287044309e7d8030d938c807.e3iSbxaKaheRe34MbxmQaheMbNz0n6jAmljGr5XDqQLvpAe HTTP/1.1" 200 15
87.229.185.144 - - [31/May/2022:13:15:10 -0500] "GET / HTTP/1.1" 200 319
200.118.64.109 - - [31/May/2022:13:15:14 -0500] "POST /forms/lservlet;jsessionid=ac16012b30d6ad9496c8287044309e7d8030d938c807.e3iSbxaKaheRe34MbxmQaheMbNz0n6jAmljGr5XDqQLvpAe HTTP/1.1" 200 15
200.118.64.109 - - [31/May/2022:13:15:23 -0500] "POST /forms/lservlet;jsessionid=ac16012b30d6ad9496c8287044309e7d8030d938c807.e3iSbxaKaheRe34MbxmQaheMbNz0n6jAmljGr5XDqQLvpAe HTTP/1.1" 200 15
200.118.64.109 - - [31/May/2022:13:15:32 -0500] "POST /forms/lservlet;jsessionid=ac16012b30d6ad9496c8287044309e7d8030d938c807.e3iSbxaKaheRe34MbxmQaheMbNz0n6jAmljGr5XDqQLvpAe HTTP/1.1" 200 15
172.22.2.4 - - [31/May/2022:13:15:35 -0500] "GET /BLA/boletinlegal/apple-touch-icon-precomposed.png HTTP/1.1" 404 1140
172.22.2.4 - - [31/May/2022:13:15:35 -0500] "GET /BLA/boletinlegal/apple-touch-icon.png HTTP/1.1" 404 1140
172.22.2.4 - - [31/May/2022:13:15:35 -0500] "GET /BLA/boletinlegal/favicon.ico HTTP/1.1" 404 1140
200.118.64.109 - - [31/May/2022:13:15:41 -0500] "POST /forms/lservlet;jsessionid=ac16012b30d6ad9496c8287044309e7d8030d938c807.e3iSbxaKaheRe34MbxmQaheMbNz0n6jAmljGr5XDqQLvpAe HTTP/1.1" 200 15
200.118.64.109 - - [31/May/2022:13:15:50 -0500] "POST /forms/lservlet;jsessionid=ac16012b30d6ad9496c8287044309e7d8030d938c807.e3iSbxaKaheRe34MbxmQaheMbNz0n6jAmljGr5XDqQLvpAe HTTP/1.1" 200 15
200.118.64.109 - - [31/May/2022:13:16:00 -0500] "POST /forms/lservlet;jsessionid=ac16012b30d6ad9496c8287044309e7d8030d938c807.e3iSbxaKaheRe34MbxmQaheMbNz0n6jAmljGr5XDqQLvpAe HTTP/1.1" 200 15
200.118.64.109 - - [31/May/2022:13:16:09 -0500] "POST /forms/lservlet;jsessionid=ac16012b30d6ad9496c8287044309e7d8030d938c807.e3iSbxaKaheRe34MbxmQaheMbNz0n6jAmljGr5XDqQLvpAe HTTP/1.1" 200 15
172.22.2.4 - - [31/May/2022:13:15:06 -0500] "GET /BLA/boletinlegal/ HTTP/1.1" 200 49099
200.118.64.109 - - [31/May/2022:13:16:18 -0500] "POST /forms/lservlet;jsessionid=ac16012b30d6ad9496c8287044309e7d8030d938c807.e3iSbxaKaheRe34MbxmQaheMbNz0n6jAmljGr5XDqQLvpAe HTTP/1.1" 200 15
200.118.64.109 - - [31/May/2022:13:16:28 -0500] "POST /forms/lservlet;jsessionid=ac16012b30d6ad9496c8287044309e7d8030d938c807.e3iSbxaKaheRe34MbxmQaheMbNz0n6jAmljGr5XDqQLvpAe HTTP/1.1" 200 15
200.118.64.109 - - [31/May/2022:13:16:37 -0500] "POST /forms/lservlet;jsessionid=ac16012b30d6ad9496c8287044309e7d8030d938c807.e3iSbxaKaheRe34MbxmQaheMbNz0n6jAmljGr5XDqQLvpAe HTTP/1.1" 200 15
200.118.64.109 - - [31/May/2022:13:16:46 -0500] "POST /forms/lservlet;jsessionid=ac16012b30d6ad9496c8287044309e7d8030d938c807.e3iSbxaKaheRe34MbxmQaheMbNz0n6jAmljGr5XDqQLvpAe HTTP/1.1" 200 112
200.118.64.109 - - [31/May/2022:13:16:46 -0500] "POST /forms/lservlet;jsessionid=ac16012b30d6ad9496c8287044309e7d8030d938c807.e3iSbxaKaheRe34MbxmQaheMbNz0n6jAmljGr5XDqQLvpAe HTTP/1.1" 200 2
200.118.64.109 - - [31/May/2022:13:16:51 -0500] "POST /forms/lservlet;jsessionid=ac16012b30d6ad9496c8287044309e7d8030d938c807.e3iSbxaKaheRe34MbxmQaheMbNz0n6jAmljGr5XDqQLvpAe HTTP/1.1" 200 2
200.118.64.109 - - [31/May/2022:13:16:46 -0500] "GET /reports/rwservlet/getjobid76777?server=repnomi HTTP/1.1" 200 34944641
216.245.221.92 - - [31/May/2022:13:17:30 -0500] "HEAD / HTTP/1.1" 200 -
186.102.1.16 - - [31/May/2022:13:17:41 -0500] "GET /kwssiamovil/sm/acme/a?s=U2FsdGVkX19QS1PMikAmiVd/gFFWAjXs0YWmv6qXNoXs690zr0wPDX9UEccCOcm44e5zAHBzz/EWqWFhPLftiUVGq99RiMFYBTgJmw2ZqyZPNwVrRTVe5YBGIxFWPbHt4ZKXX864+g9wDBcl8+B28Lh3hzfmOPiid2AUQENr7I9fvsaCD7ZAXpTGtGlpCEyVqYkJmU6QfRBKYgJm0W66NZNZDMltCkZTixOd8TUJ8f3nzUHlala+dMoVGKmUISVvpqfJiyOuDT+Yp0rqGlvIgw==&u=U2FsdGVkX1968AQkqzl1GQG8QhBSc2MX4SWFZS1vuFk=&y=U2FsdGVkX1/JedHNoufwpH2KN/1un4cenl2DttZA2cgkWTL5RAaTZ8bi9z7+uSR7 HTTP/1.1" 200 25
186.102.1.16 - - [31/May/2022:13:17:41 -0500] "GET /kwssiamovil/sm/acme/a?s=U2FsdGVkX1+sHC3/UqaOb6UEr8JyaC755rV2YC7tDcmu1S7BREqRj9xcIimwMaeNrz1HXJXaUCTjMrvUJ8fjmEMQkeoqVBkR+OlrEj9fbB78iKwTa1y2sQ4fn/8VbZTrBZYD+21v5E9QjyPvSZBseGXQbreKT87HtxquBL1dCFrfdBlss+ALUgw11eMlnoz2tOrM+IwlW4AyoqlwsZvc18v+8Lfc00s5YU6eGQvAxrVH18JKHInHKzq7wQ9SMMJ6ggEoxkLMyKMKOHScmM34Zx+AboQhkAlK/YQa4bYybO2NMPOXCfqb7nMlBUHaveWJqH+CUR//Yl0EmZWXS0tj/WHdBBMW84yGicEA6kJPbGl6atpRa6pmnKIBGrQvBNcY8F9vMDA4KiafYdwxbnAE3V+IxLbQocZnPFcaKxOgKvLD+BF4kLo4Oew07ZogoPBtgwT5u8pLW1wd+fc0xXR5/D0ipATZS/l8eLfVlr9WMLbqplv3Dkt6KzTCek26rnJ1WGNcM1QUZhTiCDyEuT7PmwdLlhpZyMfJUGXRpRLb1oH/KjvaW2yWrJq2BgjPYeHHr3CQm+Su4I2ZTDM7Bma0W7vlC4cL7fM+WsiiXwc7PG5Iv62buYKgAtzEuwVFe3vOb4oo9FWrkNMbvurNd764Gd3OPdvrRxL+wPqXzwybywi00IiXc60T1t4W4Em45e2tR1z+FKKPrexU45ZEP1i+VbL06siHHNY938vZpJnFNOOe5LjgAZShBH0pugYnW5wYvMJelzMCigWusIaOmj694D63z53g3KLCQgidzWzLEwybpfQxtyjHW5Ehar6Ltc0x6g+62RCtQIqtGlrfeBf+cjfFhOaIjVPqqG0hjKy8D7WCJ8PRNHN3ZpTYupKW4MHi7GvgMM2ujatZYsOVPYHkx1jYUM6GwfVwN29mq9Z5XJGTnOwJcB4hDXCU8RVUUzWuZBE8CxAq+GUuA8NQCDLlOzEcYHw3CXLTVNAcLeSNPTr3XWJCIpnsOlNG4T8zd+NmAYPPQShAZKBXvhEg3w7QSrylRQpvhTO3gzQT4Rzvnst/4se97wqmh55fBZxKQMYqsQncNZtx1b/LGQcCMgXFa5rgxy69IdnHL8zZDZ/QbVdGb8Jfhm3xkIBaaAd6vKvT3/Ro1UPQFiEQT6i5bSNwusn6mgPXekhvbAo+piM26kG+oUHrslqRDd0rgaMyVZzj8+OTwuuVVQgcVIYPYUR6WmutJnZwAGZz8YlcwaYP2jZwPIeMykvJjVpmoJlKgo1xsv0KluU9qxsC7xEZ5M0eHxhTY6D4flNBwURZ1UUNfTkzq3i932hkXbQE+hDd/v5eSrlO87PGjB8AaSiW5QxipT/5np1HzjTvozAafy2AxbZHZw5qua1lJuSk5n4MC6btBI2WhBFtaMfSqoj67oVn+A4YKTuCLkOZ0ykqeh2L7DT1F3o5cBSvgdq+hTun6UhtzlXZYUQeuDLyCtx+B+5P1DMzjonyNwuJHFZAU7Ev+074hK9erXcH/qyyh83xCtDJywCM9BEc7n3u0CdzMGHx7SmomWsJAhg8WIM+OIYH0cWMoFliJT64EBviS9fAjhSA5HhZR/JxHbjxV3/2SAzu9buT0urvzM2BeHDRkW7mIJqQIrwn2Z6tAT2QVB591YwEo9Es8UFBW5ne7Nb3cWihLvAkyoDArJetg4GkS9pEJkIoFySYxYlS+tPBtPBzfpfxJUzFjQcHxW7nYusFhn7CAtf02fao7z0oZll5swXG2FOtRtR7p9MaoOizDwhKJUJP2vmVwVz50SvOs8X1jN2tQFM80b0OO+pIr05tkWVO9jRqUe0yHErFPCrkSMrSb489R0TuQ+GfP/JsRRcpJQd0UqJyG6Ay3N0b3qupgj4X7WbDOrUxLIvr2haIyVak3AgWgIFD6y0o332CK+Atbyrkn8DZCqVbS08fVSBG3pPqNOClkt49wrTiy8bvlwol9bOVvqm8x88K9dhU4L04O9ZhbaVY0yE1MBCjSzc+ZW5qyCOMm3McIsC9TrGCujjRZtZykte5tvnfCgi9LsAWZQMSQ9fCqTeXas2a7FZhWHJuewC06eSAIoNoGxtlx4JEB+gnKaHjYp45y5qqLn9/ox3KBIzVBJGyNqz44X8P//Wpk7aEqzVldREmz+ZgO7RqNqDCzc6Vlv7Hv98be/ZMOd4bUlYlUt8N003r985jdwJPt9sgXyzDjLYikYRL5JkHkYXlsDRgoL8Cap8zXjEs/3MZzMPZGR0oLOF7P1pLkr0iivMVxL2kXscTnTHB27MXQePf&u=U2FsdGVkX1968AQkqzl1GQG8QhBSc2MX4SWFZS1vuFk=&y=U2FsdGVkX1/JedHNoufwpH2KN/1un4cenl2DttZA2cgkWTL5RAaTZ8bi9z7+uSR7 HTTP/1.1" 200 25
186.102.1.16 - - [31/May/2022:13:17:41 -0500] "GET /kwssiamovil/sm/acme/a?s=U2FsdGVkX1+PZ0S3rSGgtdMmuV7cYukMoZ4OxEctaMbBkMVoJHpoKLYb8aXRVWofz2Q1il2WKuSP3Nczhv1//B/r82VmfHKiCju/gIrQD08Kbu3qkJ6W1A9Z6+TqE3wIHtPET0kWjsR+GyR1VeRRDaH9meyUJDnYxEu4Mu/BpH0=&u=U2FsdGVkX1968AQkqzl1GQG8QhBSc2MX4SWFZS1vuFk=&y=U2FsdGVkX1/JedHNoufwpH2KN/1un4cenl2DttZA2cgkWTL5RAaTZ8bi9z7+uSR7 HTTP/1.1" 200 25
186.102.1.16 - - [31/May/2022:13:17:42 -0500] "GET /kwssiamovil/sm/acme/a?s=U2FsdGVkX19qm/xSJ5TN816MwxcO800HCp5oMehCQK8PclWsPpVIwEDTU99xKFFHKqgkHQleQ+OkK/wtdUoV7UgbcDucm1aewhfYC/4TJtIsuZuc0OvavSpAsm5r0EbZ6OGOlv7F+tQk3GNEbBgwEKYBGVrsmLerlVMpgfQG+LQ=&u=U2FsdGVkX1968AQkqzl1GQG8QhBSc2MX4SWFZS1vuFk=&y=U2FsdGVkX1/JedHNoufwpH2KN/1un4cenl2DttZA2cgkWTL5RAaTZ8bi9z7+uSR7 HTTP/1.1" 200 25
186.102.1.16 - - [31/May/2022:13:17:42 -0500] "GET /kwssiamovil/sm/acme/a?s=U2FsdGVkX18UVEtwBBpdqBXymoc/MHCTMtjjDq09UCL3Ci9CzCGirwKmzPF1KF23YMuY6rRLjs8q3CUDE6oXsylVRSDDcs5FTbXYcJXDnG6ypXZDUs2JX89Du2kongiVvR2TCYqdQM8XIIXeCFjEXnZFLgSYqosGg0dnYCfR83I=&u=U2FsdGVkX1968AQkqzl1GQG8QhBSc2MX4SWFZS1vuFk=&y=U2FsdGVkX1/JedHNoufwpH2KN/1un4cenl2DttZA2cgkWTL5RAaTZ8bi9z7+uSR7 HTTP/1.1" 200 25
186.102.1.16 - - [31/May/2022:13:17:42 -0500] "GET /kwssiamovil/sm/acme/a?s=U2FsdGVkX19HDrv1P8GEuW2nu95Tx129V0PSeRcPcqLbXFoyg0jW0zl+FeOB9sQCkiabJMdwtaG3WXsAcaMpOxyWNCEse0XFm6fCbCjhj2PM1Sl15U2FHVyqBbxpaKnERm8HabIjzfMFfKCGPXCztYWXejbJ5fIRuSttdWRaa8+FZz/QNoo4PGIO6JL4uQcz&u=U2FsdGVkX1968AQkqzl1GQG8QhBSc2MX4SWFZS1vuFk=&y=U2FsdGVkX1/JedHNoufwpH2KN/1un4cenl2DttZA2cgkWTL5RAaTZ8bi9z7+uSR7 HTTP/1.1" 200 25
172.22.2.4 - - [31/May/2022:13:18:02 -0500] "GET /BLA/boletinlegal/consulta_actos.php?tipo=autos&no=4254&usuario=&sector=&fecha=2021&resuelve= HTTP/1.1" 200 626
172.22.2.4 - - [31/May/2022:13:18:02 -0500] "GET /BLA/boletinlegal/consulta_actos.php?tipo=autos&no=4254&usuario=&sector=&fecha=2021&resuelve= HTTP/1.1" 200 626
172.22.2.4 - - [31/May/2022:13:16:35 -0500] "HEAD /BLA/boletinlegal/ HTTP/1.1" 200 -
200.118.64.109 - - [31/May/2022:13:18:51 -0500] "POST /forms/lservlet;jsessionid=ac16012b30d6ad9496c8287044309e7d8030d938c807.e3iSbxaKaheRe34MbxmQaheMbNz0n6jAmljGr5XDqQLvpAe HTTP/1.1" 200 2
172.22.2.4 - - [31/May/2022:13:17:25 -0500] "GET /BLA/boletinlegal/ HTTP/1.1" 200 54215
172.22.2.4 - - [31/May/2022:13:19:57 -0500] "GET /BLA/boletinlegal/actos.php HTTP/1.1" 200 9559
172.22.2.4 - - [31/May/2022:13:19:57 -0500] "GET /BLA/boletinlegal/favicon.ico HTTP/1.1" 404 1326
172.22.2.4 - - [31/May/2022:13:20:21 -0500] "GET /BLA/boletinlegal/consulta_actos.php?tipo=autos&no=3517&usuario=&sector=&fecha=2018&resuelve= HTTP/1.1" 200 1057
172.22.2.4 - - [31/May/2022:13:20:46 -0500] "GET /BLA/boletinlegal/Circulares/2010/Circular%2006%20de%208%20de%20septiembre%20de%202010.pdf HTTP/1.1" 200 4657752
200.118.64.109 - - [31/May/2022:13:20:51 -0500] "POST /forms/lservlet;jsessionid=ac16012b30d6ad9496c8287044309e7d8030d938c807.e3iSbxaKaheRe34MbxmQaheMbNz0n6jAmljGr5XDqQLvpAe HTTP/1.1" 200 2
173.252.83.23 - - [31/May/2022:13:20:59 -0500] "GET /images/visita-suspension-humedal-techo-24-mayo.jpg HTTP/1.1" 200 57365
200.118.64.109 - - [31/May/2022:13:21:11 -0500] "POST /forms/lservlet;jsessionid=ac16012b30d6ad9496c8287044309e7d8030d938c807.e3iSbxaKaheRe34MbxmQaheMbNz0n6jAmljGr5XDqQLvpAe HTTP/1.1" 200 2
200.118.64.109 - - [31/May/2022:13:21:12 -0500] "POST /forms/lservlet;jsessionid=ac16012b30d6ad9496c8287044309e7d8030d938c807.e3iSbxaKaheRe34MbxmQaheMbNz0n6jAmljGr5XDqQLvpAe HTTP/1.1" 200 14
200.118.64.109 - - [31/May/2022:13:21:13 -0500] "POST /forms/lservlet;jsessionid=ac16012b30d6ad9496c8287044309e7d8030d938c807.e3iSbxaKaheRe34MbxmQaheMbNz0n6jAmljGr5XDqQLvpAe HTTP/1.1" 200 14
200.118.64.109 - - [31/May/2022:13:21:14 -0500] "POST /forms/lservlet;jsessionid=ac16012b30d6ad9496c8287044309e7d8030d938c807.e3iSbxaKaheRe34MbxmQaheMbNz0n6jAmljGr5XDqQLvpAe HTTP/1.1" 200 109
200.118.64.109 - - [31/May/2022:13:21:15 -0500] "POST /forms/lservlet;jsessionid=ac16012b30d6ad9496c8287044309e7d8030d938c807.e3iSbxaKaheRe34MbxmQaheMbNz0n6jAmljGr5XDqQLvpAe HTTP/1.1" 200 2
200.118.64.109 - - [31/May/2022:13:21:15 -0500] "GET /reports/rwservlet/getjobid76778?server=repnomi HTTP/1.1" 200 47763
172.22.2.4 - - [31/May/2022:13:19:55 -0500] "GET /BLA/boletinlegal/ HTTP/1.1" 200 63427
201.245.192.253 - - [31/May/2022:13:21:25 -0500] "POST /kwsrmcab/Wsrmcab HTTP/1.1" 200 45326
200.118.64.109 - - [31/May/2022:13:22:15 -0500] "POST /forms/lservlet;jsessionid=ac16012b30d6ad9496c8287044309e7d8030d938c807.e3iSbxaKaheRe34MbxmQaheMbNz0n6jAmljGr5XDqQLvpAe HTTP/1.1" 200 2
200.118.64.109 - - [31/May/2022:13:22:15 -0500] "POST /forms/lservlet;jsessionid=ac16012b30d6ad9496c8287044309e7d8030d938c807.e3iSbxaKaheRe34MbxmQaheMbNz0n6jAmljGr5XDqQLvpAe HTTP/1.1" 200 14
200.118.64.109 - - [31/May/2022:13:22:17 -0500] "POST /forms/lservlet;jsessionid=ac16012b30d6ad9496c8287044309e7d8030d938c807.e3iSbxaKaheRe34MbxmQaheMbNz0n6jAmljGr5XDqQLvpAe HTTP/1.1" 200 14
200.118.64.109 - - [31/May/2022:13:22:18 -0500] "POST /forms/lservlet;jsessionid=ac16012b30d6ad9496c8287044309e7d8030d938c807.e3iSbxaKaheRe34MbxmQaheMbNz0n6jAmljGr5XDqQLvpAe HTTP/1.1" 200 14
200.118.64.109 - - [31/May/2022:13:22:19 -0500] "POST /forms/lservlet;jsessionid=ac16012b30d6ad9496c8287044309e7d8030d938c807.e3iSbxaKaheRe34MbxmQaheMbNz0n6jAmljGr5XDqQLvpAe HTTP/1.1" 200 109
200.118.64.109 - - [31/May/2022:13:22:20 -0500] "POST /forms/lservlet;jsessionid=ac16012b30d6ad9496c8287044309e7d8030d938c807.e3iSbxaKaheRe34MbxmQaheMbNz0n6jAmljGr5XDqQLvpAe HTTP/1.1" 200 2
200.118.64.109 - - [31/May/2022:13:22:20 -0500] "GET /reports/rwservlet/getjobid76779?server=repnomi HTTP/1.1" 200 107532
216.245.221.92 - - [31/May/2022:13:22:30 -0500] "HEAD / HTTP/1.1" 200 -
186.28.182.30 - - [31/May/2022:13:22:43 -0500] "GET /semana-ambiental-2022-del-31-de-mayo-al-5-de-junio-se-celebrara-en-bogota.html HTTP/1.1" 200 799
207.46.13.81 - - [31/May/2022:13:22:51 -0500] "GET /portaldeninos/aula-ambiental-artistica-itinerante-auambari/ HTTP/1.1" 200 89507
201.245.192.253 - - [31/May/2022:13:22:13 -0500] "POST /kwsrmcab/Wsrmcab HTTP/1.1" 200 45919
200.118.64.109 - - [31/May/2022:13:23:19 -0500] "POST /forms/lservlet;jsessionid=ac16012b30d6ad9496c8287044309e7d8030d938c807.e3iSbxaKaheRe34MbxmQaheMbNz0n6jAmljGr5XDqQLvpAe HTTP/1.1" 200 2
200.118.64.109 - - [31/May/2022:13:23:30 -0500] "POST /forms/lservlet;jsessionid=ac16012b30d6ad9496c8287044309e7d8030d938c807.e3iSbxaKaheRe34MbxmQaheMbNz0n6jAmljGr5XDqQLvpAe HTTP/1.1" 200 2
200.118.64.109 - - [31/May/2022:13:23:30 -0500] "POST /forms/lservlet;jsessionid=ac16012b30d6ad9496c8287044309e7d8030d938c807.e3iSbxaKaheRe34MbxmQaheMbNz0n6jAmljGr5XDqQLvpAe HTTP/1.1" 200 2353
200.118.64.109 - - [31/May/2022:13:23:31 -0500] "POST /forms/lservlet;jsessionid=ac16012b30d6ad9496c8287044309e7d8030d938c807.e3iSbxaKaheRe34MbxmQaheMbNz0n6jAmljGr5XDqQLvpAe HTTP/1.1" 200 10
200.118.64.109 - - [31/May/2022:13:23:42 -0500] "POST /forms/lservlet;jsessionid=ac16012b30d6ad9496c8287044309e7d8030d938c807.e3iSbxaKaheRe34MbxmQaheMbNz0n6jAmljGr5XDqQLvpAe HTTP/1.1" 200 26
200.118.64.109 - - [31/May/2022:13:23:42 -0500] "POST /forms/lservlet;jsessionid=ac16012b30d6ad9496c8287044309e7d8030d938c807.e3iSbxaKaheRe34MbxmQaheMbNz0n6jAmljGr5XDqQLvpAe HTTP/1.1" 200 14
200.118.64.109 - - [31/May/2022:13:23:43 -0500] "POST /forms/lservlet;jsessionid=ac16012b30d6ad9496c8287044309e7d8030d938c807.e3iSbxaKaheRe34MbxmQaheMbNz0n6jAmljGr5XDqQLvpAe HTTP/1.1" 200 3917
200.118.64.109 - - [31/May/2022:13:23:44 -0500] "POST /forms/lservlet;jsessionid=ac16012b30d6ad9496c8287044309e7d8030d938c807.e3iSbxaKaheRe34MbxmQaheMbNz0n6jAmljGr5XDqQLvpAe HTTP/1.1" 200 2
200.118.64.109 - - [31/May/2022:13:23:47 -0500] "POST /forms/lservlet;jsessionid=ac16012b30d6ad9496c8287044309e7d8030d938c807.e3iSbxaKaheRe34MbxmQaheMbNz0n6jAmljGr5XDqQLvpAe HTTP/1.1" 200 2
200.118.64.109 - - [31/May/2022:13:23:47 -0500] "POST /forms/lservlet;jsessionid=ac16012b30d6ad9496c8287044309e7d8030d938c807.e3iSbxaKaheRe34MbxmQaheMbNz0n6jAmljGr5XDqQLvpAe HTTP/1.1" 200 14
200.118.64.109 - - [31/May/2022:13:23:48 -0500] "POST /forms/lservlet;jsessionid=ac16012b30d6ad9496c8287044309e7d8030d938c807.e3iSbxaKaheRe34MbxmQaheMbNz0n6jAmljGr5XDqQLvpAe HTTP/1.1" 200 14
200.118.64.109 - - [31/May/2022:13:23:49 -0500] "POST /forms/lservlet;jsessionid=ac16012b30d6ad9496c8287044309e7d8030d938c807.e3iSbxaKaheRe34MbxmQaheMbNz0n6jAmljGr5XDqQLvpAe HTTP/1.1" 200 14
200.118.64.109 - - [31/May/2022:13:23:51 -0500] "POST /forms/lservlet;jsessionid=ac16012b30d6ad9496c8287044309e7d8030d938c807.e3iSbxaKaheRe34MbxmQaheMbNz0n6jAmljGr5XDqQLvpAe HTTP/1.1" 200 14
200.118.64.109 - - [31/May/2022:13:23:53 -0500] "POST /forms/lservlet;jsessionid=ac16012b30d6ad9496c8287044309e7d8030d938c807.e3iSbxaKaheRe34MbxmQaheMbNz0n6jAmljGr5XDqQLvpAe HTTP/1.1" 200 108
200.118.64.109 - - [31/May/2022:13:23:53 -0500] "POST /forms/lservlet;jsessionid=ac16012b30d6ad9496c8287044309e7d8030d938c807.e3iSbxaKaheRe34MbxmQaheMbNz0n6jAmljGr5XDqQLvpAe HTTP/1.1" 200 2
200.118.64.109 - - [31/May/2022:13:23:54 -0500] "GET /reports/rwservlet/getjobid76780?server=repnomi HTTP/1.1" 200 47989
172.22.2.4 - - [31/May/2022:13:22:25 -0500] "HEAD /BLA/boletinlegal/ HTTP/1.1" 200 -
172.22.2.4 - - [31/May/2022:13:23:15 -0500] "GET /BLA/boletinlegal/ HTTP/1.1" 200 59646
200.118.64.109 - - [31/May/2022:13:25:19 -0500] "POST /forms/lservlet;jsessionid=ac16012b30d6ad9496c8287044309e7d8030d938c807.e3iSbxaKaheRe34MbxmQaheMbNz0n6jAmljGr5XDqQLvpAe HTTP/1.1" 200 2
66.249.65.13 - - [31/May/2022:13:26:40 -0500] "-" 408 -
157.55.39.127 - - [31/May/2022:13:26:42 -0500] "GET /BLA/resoluciones/RESOLUCIONES%202019/2425.pdf HTTP/1.1" 304 -
200.118.64.109 - - [31/May/2022:13:27:19 -0500] "POST /forms/lservlet;jsessionid=ac16012b30d6ad9496c8287044309e7d8030d938c807.e3iSbxaKaheRe34MbxmQaheMbNz0n6jAmljGr5XDqQLvpAe HTTP/1.1" 200 2
216.245.221.92 - - [31/May/2022:13:27:30 -0500] "HEAD / HTTP/1.1" 200 -
172.22.2.4 - - [31/May/2022:13:29:14 -0500] "POST /BLA/boletinlegal/mifs/.;/services/LogService HTTP/1.1" 404 1158
200.118.64.109 - - [31/May/2022:13:29:19 -0500] "POST /forms/lservlet;jsessionid=ac16012b30d6ad9496c8287044309e7d8030d938c807.e3iSbxaKaheRe34MbxmQaheMbNz0n6jAmljGr5XDqQLvpAe HTTP/1.1" 200 2
172.22.2.4 - - [31/May/2022:13:28:15 -0500] "HEAD /BLA/boletinlegal/ HTTP/1.1" 200 -
172.22.2.4 - - [31/May/2022:13:29:58 -0500] "GET /BLA/boletinlegal/jurisprudencia/analisis/AnalisisT-606-15.docx HTTP/1.1" 200 26698
172.22.2.4 - - [31/May/2022:13:29:59 -0500] "GET /BLA/boletinlegal/apple-touch-icon-120x120-precomposed.png HTTP/1.1" 404 1140
172.22.2.4 - - [31/May/2022:13:29:59 -0500] "GET /BLA/boletinlegal/apple-touch-icon-120x120.png HTTP/1.1" 404 1140
172.22.2.4 - - [31/May/2022:13:29:59 -0500] "GET /BLA/boletinlegal/apple-touch-icon-precomposed.png HTTP/1.1" 404 1140
172.22.2.4 - - [31/May/2022:13:29:59 -0500] "GET /BLA/boletinlegal/apple-touch-icon.png HTTP/1.1" 404 1140
172.22.2.4 - - [31/May/2022:13:29:59 -0500] "GET /BLA/boletinlegal/favicon.ico HTTP/1.1" 404 1140
172.22.2.4 - - [31/May/2022:13:29:59 -0500] "GET /BLA/boletinlegal/apple-touch-icon-120x120-precomposed.png HTTP/1.1" 404 1140
172.22.2.4 - - [31/May/2022:13:29:59 -0500] "GET /BLA/boletinlegal/apple-touch-icon-120x120.png HTTP/1.1" 404 1140
172.22.2.4 - - [31/May/2022:13:29:59 -0500] "GET /BLA/boletinlegal/apple-touch-icon-precomposed.png HTTP/1.1" 404 1140
172.22.2.4 - - [31/May/2022:13:29:59 -0500] "GET /BLA/boletinlegal/apple-touch-icon.png HTTP/1.1" 404 1140
172.22.2.4 - - [31/May/2022:13:30:00 -0500] "GET /BLA/boletinlegal/favicon.ico HTTP/1.1" 404 1140
172.22.2.4 - - [31/May/2022:13:29:05 -0500] "GET /BLA/boletinlegal/ HTTP/1.1" 200 60973
200.118.64.109 - - [31/May/2022:13:31:19 -0500] "POST /forms/lservlet;jsessionid=ac16012b30d6ad9496c8287044309e7d8030d938c807.e3iSbxaKaheRe34MbxmQaheMbNz0n6jAmljGr5XDqQLvpAe HTTP/1.1" 200 2
66.220.149.3 - - [31/May/2022:13:31:40 -0500] "GET /images/secretaria-participantes.14-octubre.jpg HTTP/1.1" 200 102021
201.245.192.253 - - [31/May/2022:13:31:28 -0500] "POST /kwsrmcab/Wsrmcab HTTP/1.1" 200 45156
216.245.221.92 - - [31/May/2022:13:32:30 -0500] "HEAD / HTTP/1.1" 200 -
66.249.65.13 - - [31/May/2022:13:32:32 -0500] "-" 408 -
201.245.192.253 - - [31/May/2022:13:32:16 -0500] "POST /kwsrmcab/Wsrmcab HTTP/1.1" 200 45919
200.118.64.109 - - [31/May/2022:13:33:19 -0500] "POST /forms/lservlet;jsessionid=ac16012b30d6ad9496c8287044309e7d8030d938c807.e3iSbxaKaheRe34MbxmQaheMbNz0n6jAmljGr5XDqQLvpAe HTTP/1.1" 200 2
181.53.14.142 - - [31/May/2022:13:34:12 -0500] "GET /kwssiamovil/sm/ldap/au?x=U2FsdGVkX1+AdPuxJBtxasyfoHUMgN0BPN2N2Y9ZNulKlq76beOijDHVFFUBAM7W&y=U2FsdGVkX1/8td21z3XLmm5r0mZPBiVuFdVAjluMXKCBEdgCsasLrn5n5e28v6KT HTTP/1.1" 200 30
181.53.14.142 - - [31/May/2022:13:34:12 -0500] "GET /kwssiamovil/sm/acme/s?s=U2FsdGVkX198wy6qcAOjYCxuhhAPTNjkJzUpkF81l42HfgAKXPMnw/gXxZg5TBh5NIyd8L5VJw4CCf/NcrLm5GpuG8t+oQfYrczJU3axnbE=&u=U2FsdGVkX1/EXJKIOyyyTdLS06ZgrWE9YjFaFD3au8rESQ2bEFt6d3+Amb4f/J3e&y=U2FsdGVkX1/8td21z3XLmm5r0mZPBiVuFdVAjluMXKCBEdgCsasLrn5n5e28v6KT HTTP/1.1" 200 97
181.53.14.142 - - [31/May/2022:13:34:14 -0500] "GET /kwssiamovil/sm/ldap/au?x=U2FsdGVkX19iEILwV+ZA2geqBCul2+qygaJygxkDXsScVetOPZ2yEzehQ5IV0Z2Q&y=U2FsdGVkX19snt1sP6Ve6YX9+eaMuwNFqwajx8pM/l8Sf5MwUInTMlOqqRDf7R2u HTTP/1.1" 200 30
181.53.14.142 - - [31/May/2022:13:34:14 -0500] "GET /kwssiamovil/sm/acme/s?s=U2FsdGVkX18mUlx/YWBEZeYioHqWf8ECoQSXXGAu2U90GZj6omHAfXTOf4em1eoBrzwm+HvxrfVpMpyXL5Wksr8esV/bs2L/YbUmUyysLg4=&u=U2FsdGVkX18x0JEji3/gCLjJn8DKybbl14EtMc7XU4AEF3GtV+q3DWMHS49TD1kI&y=U2FsdGVkX19snt1sP6Ve6YX9+eaMuwNFqwajx8pM/l8Sf5MwUInTMlOqqRDf7R2u HTTP/1.1" 200 97
40.77.167.79 - - [31/May/2022:13:34:54 -0500] "GET /siipev/Diseno%20de%20Elementos%20de%20Mobiliario%20Urbano/Diseno%20pertenecientes%20al%20mobiliario%20urbano%20M10-M160/PARTE%20A/Dise%C3%B1o%20de%20Elementos%20M-10.pdf HTTP/1.1" 304 -
200.118.64.109 - - [31/May/2022:13:35:19 -0500] "POST /forms/lservlet;jsessionid=ac16012b30d6ad9496c8287044309e7d8030d938c807.e3iSbxaKaheRe34MbxmQaheMbNz0n6jAmljGr5XDqQLvpAe HTTP/1.1" 200 2
172.22.2.4 - - [31/May/2022:13:34:05 -0500] "HEAD /BLA/boletinlegal/ HTTP/1.1" 200 -
190.216.141.138 - - [31/May/2022:13:36:10 -0500] "GET /semana-ambiental-2022-del-31-de-mayo-al-5-de-junio-se-celebrara-en-bogota.html HTTP/1.1" 200 799
172.22.2.4 - - [31/May/2022:13:36:23 -0500] "GET /BLA/boletinlegal/robots.txt HTTP/1.1" 404 1038
172.22.2.4 - - [31/May/2022:13:34:55 -0500] "GET /BLA/boletinlegal/ HTTP/1.1" 200 58029
186.102.62.107 - - [31/May/2022:13:37:06 -0500] "OPTIONS /kwssiamovil/sm/setfile/f? HTTP/1.1" 200 13
186.102.62.107 - - [31/May/2022:13:37:06 -0500] "POST /kwssiamovil/sm/setfile/f? HTTP/1.1" 200 381
186.102.62.107 - - [31/May/2022:13:37:15 -0500] "GET /kwssiamovil/sm/acme/a?s=U2FsdGVkX1+7B1XCjOER9deqcmtzFEJ/FUc4GEgmHM+FLaMkyigez+2LS+WccEMbfJp4rYbKwcTE/MjkcCOgmtj2sc7QqhwXysvuZzAWDWgoq78BHy/i8zbhfst+ECE7FhB4CF9Yd2rovZzt4fjak3gt3PC1YtU2tvD8YzWUDMi62w3Sm+50LI6VD/TwKIznCAMc8jgpvOUzaBLI19YBwKgHnRwMV+Kr11P3blhPBcI3GZhkIy5MQMOLytB59lWmmUebZoP/DyPcQSCJ5zzlbQ==&u=U2FsdGVkX1/8DUpxika9bB5wjPOWilxCggLg0JfBeoc=&y=U2FsdGVkX18xGIYG+H6BwBJo+0zGm4fYkn22FG9Mwyg= HTTP/1.1" 200 25
186.102.62.107 - - [31/May/2022:13:37:15 -0500] "GET /kwssiamovil/sm/acme/a?s=U2FsdGVkX1/V7qkga4GAqfo6xFj3+6/kVoylnnD1SUP2Nwyau+SSHeyeymWxj8ifkwFN3mtas2j2hA6O0J4AxfhuQHmLt3XnIIYe88m0ow3rLtKeaSep61EAWXYqxvaQGDvGPhSFfitpaySGxhlK52DASjnfjWqySAK15BkVojJ+YW+AESKO7Zk0vg9oToKPWUp3Pw++v+ZC2dsFY4ym1dFO6JCGpijWMlBHI4prX4ZA3ztRxmSk8/jd/mZ+Fxi0WaLqdjzGeckfJux+LCQQL+GDPLObtBkwzXnPHkLodtslfYayOYr/6piEIyz9jeVAtehnbsspvapz3aEzxnxMMqOp91yc5l2WO/+PFe/cnFd9SLjKkKIgXipnmadb88ZRNDKcCmUfb7VPb0WS1bSB5MYT03GrF9tWZpknOG78hp0sWH3vp571lXLH3p/T1gDOoKQ+qjZZSTncSpXN73MtfdfytEk0gYyUeAFT1XNJ9W1P2Tp/ZgOneXo2Q0FltEQ4u1XU1vLrHmGljsgerP6hnNZ8JNqiog4+UjWavinQU9eX4kltNi+xdzVUTV5iRSM2g4LT3qh9yJBOXktgRSuubRQe2G27lCeVkIsXrUai/4pUuMZlIiRjNwQW6cPig5IRwkMZCPxCNaYDuCWGlCwbRbdBwnmWZ+qUfAmrAe4tdHL3/pAInbizbo0n68Z5RoQqkVxb5XG73HGyiWF01wHXzMdZHSUfu6yyFUasswsoXQunDmBcyc4VCySHvoJfLvLrqO1sviEsmLKDSwWMfDJCPxn1z7W09oiLWSk0hvJqGchgMSyOmkNRtK7B57wud5wFeA8WVmOAfGeJxYv8Q5u/qZHNwpB11AEtGPamztJd1D4X35Z2B/SlPplKZ9kzWiHCFnO9tKMdB5f8+4Ir65WsheRpxz8AlFcr93XfppwM9NFbbt9hiX01U5+Eg0DtY//R4lwWecrnnGfj2uMrvf9bsQJUAitFVetcNun17Xauo+3f2D/XKkh7NFDQbE0rzCG4V0QNY9kdUKCag+eJJn8rvXAcLLYB3YtkB/mhg+PGwkzb0eWg+ANeaDt2pJaS94UtQM7SgDvBfYkN3dW/icwEnglhR69xBy3W+CqRAoB+afHIugSPnGRnVTCzCQkLWid7E3O2/qzJBNYEdlCQbLqPRVdTUBhBQ+9YbG2heHtNwTMt0/93EuYozj9fcXwK7mkUurG1slyQ/zs9ICrv71UP/ToA7dfuJiaPKWb+X56D07HNtakofk5jMm/Z3ZKzyEl5HNtDOlxMQcI7UY0TdyNwUMaqYXjeRGqgsaQSZvaQabnxmBOJiTemIX4iQ0Y69tJ+vEoRQ0ryP7utyZUEowVmuBVkwL0LtG+D5YjccTbhW20mFugYzlLwtcsvfqJ0ME1L5xKvqDlHt2zbnO/mMt20oq47TQgKKsqyIz6yZ0HvxNXSNRHBLk8d6se6Wq05RXXPyL+7yIcxsKfeUU5uq+RXqIHGdNHEwZSfW75ASUP/bVMvXBTXBNByvwsNSoVIM/FfNJ+ehhdNYKcE+X9gPOIyvfd1uSKDYp1gmlVFZ7zOrCqajFxdNlQBAxmp53CtV4QNF1z7DuEwUXhYf1e28dK2a4/TizRiq0hrbXopBNQNwEB9nSlkwUdMV+y3/mRemdSrSHaKIVOFFX5+Ez1lk52LoG9ylNvnwsds+9AzWt/EE4/ghryGIKsXyI4qhUKlScOWbm09qe/A/oEuOx4gq4UORTP9dlOuaTbdRBmoKpJu7t+ag/2ZRlgNjYnQiWxXaW5es2i1WIG5YhF85NxBpjsmIJAgAXmrDkCBhHR2Pb413v+eDSfKdcxEmLDjAfgfz4fKHnI+L89nZZIDEx0TdQda/MzV3Nq79mME9f/MFgOl3EVJM0ViOsGKDEUaI5CbWVvZ68meGR+N6Uf+skcyj5J5Gwd8Ilo/1flXelodfszpsziaDdNug18RBhNLmz45Iuecubgj+HbfjSggdS0fxz+RPgyaGoyqZdxXA7fTpaOYk0N8xUUrtNnVpvVfiE58NBqy66h2eD8mDlMzNO9eD5sOBjIYFhHAAFsVnaXMmhDajufFQS2FN4eJkFeBAbECSsMpw/w6GvJoJqkLWxz8aad7nwEsxe1n6dd3A/VtjgB3FqVToPufQhPT4ekhgcUEtZOZwBjeh2DLtoPCb29HEvDsBDkOp+IK1I2EePAtVkuu/BdNwsEJGjCtBwAKjIagsnmaFYknTC1AS0L2nUwtCaVfF6yP5ci/PlGbkI6Uhp6q8E8=&u=U2FsdGVkX1/8DUpxika9bB5wjPOWilxCggLg0JfBeoc=&y=U2FsdGVkX18xGIYG+H6BwBJo+0zGm4fYkn22FG9Mwyg= HTTP/1.1" 200 25
186.102.62.107 - - [31/May/2022:13:37:15 -0500] "GET /kwssiamovil/sm/acme/a?s=U2FsdGVkX1/IIrDD5UMThM5ySH259Bo03PR3m+lG+COxEpzBD1lm9sK2LpmyqUnit7jUOSP1fGvMwJMrLkK6LEph8bPCJE99ke2WGSojfxFCmdyBITOARSb2oqrZHHA8CSSrh8mGwvmaUlXn+EOhyxzv43AqWy0b5lTstguLOr0=&u=U2FsdGVkX1/8DUpxika9bB5wjPOWilxCggLg0JfBeoc=&y=U2FsdGVkX18xGIYG+H6BwBJo+0zGm4fYkn22FG9Mwyg= HTTP/1.1" 200 25
186.102.62.107 - - [31/May/2022:13:37:15 -0500] "GET /kwssiamovil/sm/acme/a?s=U2FsdGVkX19u97j+CE6oz/Fu10bEM/0OW0kI85A0TFixCzgN6BEyysC2KRO//7arPD34Zlc4YGXYy465nqdlTB4LqiGkxlPVLDnm9EmNFjSJSmUKE/eebueqx0Sob5Kq2rjxaDO6kjf97gBYJDIEyugeqA/ddxjEZYnlCmYpyBU=&u=U2FsdGVkX1/8DUpxika9bB5wjPOWilxCggLg0JfBeoc=&y=U2FsdGVkX18xGIYG+H6BwBJo+0zGm4fYkn22FG9Mwyg= HTTP/1.1" 200 25
186.102.62.107 - - [31/May/2022:13:37:16 -0500] "GET /kwssiamovil/sm/acme/a?s=U2FsdGVkX196pN7nnIhpFZuCFE6EF6XpyOrf2Epeaa2TkQhiVJORSok0CHEDvYAmxoo78VzhLfZFUaLszNuUqN+dkuWjj4P+dswoXNlYy/tH0ydRe4OqDM7uQsej7TFbiLwML2CXR7KXoNd+HxeVhFIeia2yRd0Q+SvE5uxu7I8=&u=U2FsdGVkX1/8DUpxika9bB5wjPOWilxCggLg0JfBeoc=&y=U2FsdGVkX18xGIYG+H6BwBJo+0zGm4fYkn22FG9Mwyg= HTTP/1.1" 200 25
186.102.62.107 - - [31/May/2022:13:37:16 -0500] "GET /kwssiamovil/sm/acme/a?s=U2FsdGVkX1++sVBcmfnd3mlU5adDwL0/v+2zrsnEBcMUuWsEuDzKH5TCkPxMJ9y7hn0vy+Y1RLExdwKwipghCKEzNZ6R9ufEXCWtlKcKqSgH704JtKduNqrSmfJCGJphkpa7jlLh5EmFn2k76qqZlk/h99GhXCiEnTP5heEtACnYisibLJgrV/xThbmyEm7y&u=U2FsdGVkX1/8DUpxika9bB5wjPOWilxCggLg0JfBeoc=&y=U2FsdGVkX18xGIYG+H6BwBJo+0zGm4fYkn22FG9Mwyg= HTTP/1.1" 200 25
186.102.62.107 - - [31/May/2022:13:37:16 -0500] "GET /kwssiamovil/sm/acme/a?s=U2FsdGVkX19v1Ui9SzXISQ9ylVjNboZzz+5vvM3H1qaWG6w5qsxPee1zqT9UsGoPnneZSt0cyW8AGe+lJJSOD6BlXil0oqAJ4RfXc6A6X7iPOPb1z0wGYRLAfULaPXO47zJewLmTb+uOES5u9pZ5G6mZoza50CZyU9W+HPHOBwzvKX5Nbp4T4rg2fK8ilAy7Mta2lmGExMxtrGa+/z3RtM7UXSkC/wFwiL6yoKugAgSzBRTyS5b8fTWfKIxKzoJQgFfrlqQIbWjNLOYziU3OTMEXRKGXdr/JiAcVDNMPKxXjjgGBRydd/6d7q/1mbCbzvAW5w/b1+XY2mO9dELzY+sL3fYspswC3xpAirqlZ+hCXAYFqTCDCHG3F7fpaMduXj7uo6vE3WGIy6c+8Vu73PsVU5dTO07mywR4kXrR6aQSrgo9YnXDmtTbdekoa+O6uSgHs1dveBsIi6NC1Wil0uVk6lPXUMGdAaEkiAt0Zbh8X0THBFnK9t0VZTLQxLvMLjWMLa6GCghSsrhvnAhdMpw==&u=U2FsdGVkX1/8DUpxika9bB5wjPOWilxCggLg0JfBeoc=&y=U2FsdGVkX18xGIYG+H6BwBJo+0zGm4fYkn22FG9Mwyg= HTTP/1.1" 200 25
186.102.62.107 - - [31/May/2022:13:37:16 -0500] "GET /kwssiamovil/sm/acme/a?s=U2FsdGVkX1+/0GGIDIbJ8W5w1Brsa6uouD93bf/snCKu3LbaSDM7F6onIKVPi1a647gbq5EgGKrDCfbIiu07GYkdX0V+sQGYoZZVvY/CdU3ZFBco6FEP77JpsrNsSjaMsMCmNM4AmKDmtaOoKOdL/hcDkhRoW4QhSr4O9DtS9viSNnarepq8T6eQiJcwhtx6FCBQcNFBqnk/Iy/IZ1NfFbfsy9k0duHPpoEUmfgiVU9pGDIFAv0hUyeMdiNdhgsV9jfMXB1YDiNJQdPrKeqh7fD6Fo1byGlGmu0xr+4/CAnPE3oyyexiDhWqLiG8uD4VMSW4IuFfmxnZaG7v/qz7x6jCOPShNk1tV/VduwDMS/m7AX/erhYnVmStEFOZe6aLVGrZfW+6xf6I40box9WLR77xY3XuImpI8Pdi0o7vG7M+CHMW+uC2OYr1jSvBT1ZNkDPdgP8fHkC9jo2fPjJK/hKvyurmEP7pe93A8PoII8Y53OMo1XrXd9z5EqbvhCnR&u=U2FsdGVkX1/8DUpxika9bB5wjPOWilxCggLg0JfBeoc=&y=U2FsdGVkX18xGIYG+H6BwBJo+0zGm4fYkn22FG9Mwyg= HTTP/1.1" 200 25
200.118.64.109 - - [31/May/2022:13:37:19 -0500] "POST /forms/lservlet;jsessionid=ac16012b30d6ad9496c8287044309e7d8030d938c807.e3iSbxaKaheRe34MbxmQaheMbNz0n6jAmljGr5XDqQLvpAe HTTP/1.1" 200 2
216.245.221.92 - - [31/May/2022:13:37:30 -0500] "HEAD / HTTP/1.1" 200 -
192.168.172.17 - - [31/May/2022:13:37:34 -0500] "POST /procesar.php HTTP/1.1" 200 989
173.252.95.13 - - [31/May/2022:13:37:43 -0500] "GET /images/energia-eficiencia-26-mayo.jpg HTTP/1.1" 200 46417
181.53.14.142 - - [31/May/2022:13:38:01 -0500] "GET /kwssiamovil/sm/ldap/au?x=U2FsdGVkX1+CUOnA54ewdbu5sQmbP+FumilB3yBdjfyCiljuaL80vNchHEqRxmMx&y=U2FsdGVkX1+vMToLqN26YiNXJRQlgKpatc2rngVo9bt7+O8vsfsZrl8n1Ti76aFW HTTP/1.1" 200 30
181.53.14.142 - - [31/May/2022:13:38:02 -0500] "GET /kwssiamovil/sm/acme/s?s=U2FsdGVkX1+67fy1NI6MTdFRQTxCSm2Zi1GMhyfOHx2pSaPfsQjGeY64G/XfZVDKTcvz1f6doSwSetLJoUrfJuocRxaAPhfZJ7lohVgR8ZM=&u=U2FsdGVkX198U0eC35m+PlOZUUopgCxc4gsG6cokbboxX2dULc1tcZU/yaP9A0q3&y=U2FsdGVkX1+vMToLqN26YiNXJRQlgKpatc2rngVo9bt7+O8vsfsZrl8n1Ti76aFW HTTP/1.1" 200 97
181.53.14.142 - - [31/May/2022:13:38:02 -0500] "GET /kwssiamovil/sm/acme/s?s=U2FsdGVkX1+I/62QzZ/txTiscFKgSuM+BPIJiNRbci9CYx+CkMobTk7ss94tu77p/0tnpFvjOfnCc9Rjx3LmPKuTWJKawCpPCPx8R1MnBSopP6aPy5vVGGOXnEcNcKROfpe6OjLQc0u24hQSr4NdBbbnMX7Vn/9xk2DRUhYbgYwGEPoIRe4y/+F8sFjl46A1hm3j9UKMfFznqZAMXBKkET0nqGYIn8mzEA0XU/rr/bXipFcwqSAwp37jGddtFaIjJaRwx1choz+cmt/M/uhDfnW2NwOJ8QekQMFlRcokXtJLF67JDuW8kJ//Ac0FeWDUJ8gQzQxXCa1YojNnsx2/QhDrIbf2m9O4u5JQmS14s/HFxLLLqp/KSjBdrJZtlSOLfT+SIKeN4cJ5RppMe5+zYIjOPCdBWeFplZoCmLOO5We5XY3qezc7r/OiKh5n7DZguPkXkKc47WYOhRGTzE845/G+9FIyHstrN3XWOAMGfyklKYL5NJddVJt/EKR/Z7aGqUFMRkrcbOyNl65jaDWbhevOyW/TKdIfzs3umTY5TvastxifUcToFugd19S9l8rRVtVqIZs8q1IYAWidflTdrb3wkK/ze1hHA0CqclF3zKN4aSqMKNyDEXrcq/qzXEYBDR7Wfm6gmyYZBl1hvheK0NYtBizaCKpnVB2mTSR7Bi/2eYVK1xO911XDAcOl/YujbJEBxCkeNV3lDvAifQYuZwCo8Lz6Zaq6o3bXzAp6MSroB6KqO85wjk8XqTQXznukIMxHHBqkYpmnbiCAqIXmK5z8gQCCw4/IOdbnBAvW/1Lul2wgrCrpM2hgtn/Mu2rVgozJ6wrLf0d712V+kxx6hgRlDr9tByRtZ/lcE6wbOQRxK5Cv0vfKpLiYOEf6FCrv1iwB5gXy4b5VB+wuFhNg3VdBaqmTyBpFIo+XSd8hSg5oZSneDQ1vddiXNr0hf6b/pEbe5UCJXBkvTXK4WEfCyb1NNsRzHepMPIRLvX92VApGDjulitC/zb3OxXELEgZ22n6odpMcoSTQKiHp9o9O12K0pS4JtJjaMx2DzDsqRrn+N1vLty3D2KTqPtEzZvQBYjw2gvKgeWvYCCLFucPIW4RPyy397UXSe6oKBvyqN7huEdddfLYhajAXcD5PNIhhpgxi6g4au7hDS0NyVlQc6v8JNWRhX00a5I2wuIkkEUwuxOPk1PR4+CeOqEzlyCkm/6ME3XXPkChZuAx3D4hvNQ8vYchUszUKGLrTH64m4gzcpQoa/WFl3NQ+59K9qLEIQN9ZmA9B64glJjpJ8WGGCHiqAUv4X/olbSUte84G2AgmSHcBJNLaqrw75zVFO3BHRW46dRapBDEOVIpVkLfn29AhTQdgiEiV/DSrlhpiIoc=&u=U2FsdGVkX198U0eC35m+PlOZUUopgCxc4gsG6cokbboxX2dULc1tcZU/yaP9A0q3&y=U2FsdGVkX1+vMToLqN26YiNXJRQlgKpatc2rngVo9bt7+O8vsfsZrl8n1Ti76aFW HTTP/1.1" 200 331
181.53.14.142 - - [31/May/2022:13:38:02 -0500] "GET /kwssiamovil/sm/acme/s?s=U2FsdGVkX1/nZ+DuiszB1Du23HWimrKWuITl9nT5H+3i4Ev1Ea5EnBxkvu77VNduwp+zYY3EF49jC5c++CB4H7Kaav4srmeZaezHrn/3eSQVKQO+GDM+tAHN2QDI5MJ6jFX45iy9Q0iKd+J+Pt0ZZ3xVZL3LYcD8zPXMtRpsscIq4hc+uqyFShuJOG9FaQbHgIrkQ51aPpikTe6hI4ANqLDU9oAOX37QPaC3dtw9ROpSpHn9QhOwpZfhPoFjPOybWjN6VwToLZTgETSP73Y2YfDUMRuILJtK0bVQFucrw7M=&u=U2FsdGVkX198U0eC35m+PlOZUUopgCxc4gsG6cokbboxX2dULc1tcZU/yaP9A0q3&y=U2FsdGVkX1+vMToLqN26YiNXJRQlgKpatc2rngVo9bt7+O8vsfsZrl8n1Ti76aFW HTTP/1.1" 200 176
181.53.14.142 - - [31/May/2022:13:38:02 -0500] "GET /kwssiamovil/sm/cjson/pre?f=1&x=U2FsdGVkX1+CUOnA54ewdbu5sQmbP+FumilB3yBdjfyCiljuaL80vNchHEqRxmMx HTTP/1.1" 200 30992
173.252.107.3 - - [31/May/2022:13:38:03 -0500] "GET /images/rueda-prensa-lluvias-secretaria-principal-23-marzo.jpg HTTP/1.1" 200 42664
172.22.2.4 - - [31/May/2022:13:36:24 -0500] "GET /BLA/boletinlegal/index.php HTTP/1.1" 200 57156
173.252.127.22 - - [31/May/2022:13:38:28 -0500] "GET /semana-ambiental-2022-del-31-de-mayo-al-5-de-junio-se-celebrara-en-bogota.html?fbclid=IwAR0zrC2fJ60ylyBWbwyWWrFqt5kLX2QDYPc7Py4fWamdgyTvchDlmSjO4tk HTTP/1.1" 200 799
66.220.149.6 - - [31/May/2022:13:38:28 -0500] "GET /semana-ambiental-2022-del-31-de-mayo-al-5-de-junio-se-celebrara-en-bogota.html?fbclid=IwAR0Q6gsd5ULLESQ74ftj6Jn_pGcsQZ0-507XTbvFA1BfD7o2bnGscWXDDww HTTP/1.1" 200 799
31.13.115.1 - - [31/May/2022:13:38:29 -0500] "GET /semana-ambiental-2022-del-31-de-mayo-al-5-de-junio-se-celebrara-en-bogota.html?fbclid=IwAR11LUv_MGG_iqWoC5R_RQp8pWgibDXrkq2Lqz_eueZ4iDwGn5AqPm3T7Dg HTTP/1.1" 200 799
173.252.95.7 - - [31/May/2022:13:38:33 -0500] "GET /raton-de-campo-o-arrocero-nuevo-registro-en-el-humedal-torca-guaymaral.html HTTP/1.1" 206 727
