200.118.64.109 - - [31/May/2022:07:59:42 -0500] "GET /imagenes/tree1.gif HTTP/1.1" 200 1161
200.118.64.109 - - [31/May/2022:07:59:42 -0500] "GET /imagenes/listval.gif HTTP/1.1" 200 905
200.118.64.109 - - [31/May/2022:07:59:42 -0500] "GET /imagenes/CAMERA3.gif HTTP/1.1" 200 4150
200.118.64.109 - - [31/May/2022:07:59:42 -0500] "GET /imagenes/SLIDE1.gif HTTP/1.1" 200 1111
200.118.64.109 - - [31/May/2022:07:59:42 -0500] "GET /imagenes/flexcomb.gif HTTP/1.1" 200 1169
200.118.64.109 - - [31/May/2022:07:59:43 -0500] "GET /imagenes/GO.gif HTTP/1.1" 200 904
200.118.64.109 - - [31/May/2022:07:59:43 -0500] "GET /imagenes/HRTOOLS.gif HTTP/1.1" 200 2238
200.118.64.109 - - [31/May/2022:07:59:43 -0500] "GET /imagenes/rt_rec1.gif HTTP/1.1" 200 867
200.118.64.109 - - [31/May/2022:07:59:43 -0500] "GET /imagenes/apply.gif HTTP/1.1" 200 903
200.118.64.109 - - [31/May/2022:07:59:43 -0500] "GET /imagenes/exit.gif HTTP/1.1" 200 916
200.118.64.109 - - [31/May/2022:07:59:43 -0500] "GET /imagenes/LISTVAL.gif HTTP/1.1" 200 905
200.118.64.109 - - [31/May/2022:07:59:43 -0500] "GET /imagenes/edit.gif HTTP/1.1" 200 919
200.118.64.109 - - [31/May/2022:07:59:43 -0500] "GET /imagenes/rt_rec4.gif HTTP/1.1" 200 865
200.118.64.109 - - [31/May/2022:07:59:43 -0500] "GET /imagenes/rt_rec3.gif HTTP/1.1" 200 844
200.118.64.109 - - [31/May/2022:07:59:43 -0500] "GET /imagenes/rt_rec2.gif HTTP/1.1" 200 847
200.118.64.109 - - [31/May/2022:07:59:43 -0500] "GET /imagenes/rt_rdel.gif HTTP/1.1" 200 899
200.118.64.109 - - [31/May/2022:07:59:43 -0500] "GET /imagenes/rt_radd.gif HTTP/1.1" 200 907
200.118.64.109 - - [31/May/2022:07:59:43 -0500] "GET /imagenes/rt_quer3.gif HTTP/1.1" 200 939
200.118.64.109 - - [31/May/2022:07:59:43 -0500] "GET /imagenes/rt_quer2.gif HTTP/1.1" 200 936
200.118.64.109 - - [31/May/2022:07:59:43 -0500] "GET /imagenes/rt_quer1.gif HTTP/1.1" 200 930
200.118.64.109 - - [31/May/2022:07:59:43 -0500] "GET /imagenes/rt_save.gif HTTP/1.1" 200 903
200.118.64.109 - - [31/May/2022:07:59:43 -0500] "GET /imagenes/rt_pset.gif HTTP/1.1" 200 914
200.118.64.109 - - [31/May/2022:07:59:43 -0500] "GET /imagenes/QUEJA.gif HTTP/1.1" 200 1091
200.118.64.109 - - [31/May/2022:07:59:43 -0500] "GET /imagenes/ARBOL.gif HTTP/1.1" 200 1026
200.118.64.109 - - [31/May/2022:07:59:43 -0500] "GET /imagenes/Clipboard.gif HTTP/1.1" 200 1466
200.118.64.109 - - [31/May/2022:07:59:43 -0500] "GET /imagenes/DINERO.gif HTTP/1.1" 200 1766
200.118.64.109 - - [31/May/2022:07:59:43 -0500] "GET /imagenes/URGENTE.gif HTTP/1.1" 200 964
200.118.64.109 - - [31/May/2022:07:59:43 -0500] "GET /imagenes/TREE4.gif HTTP/1.1" 200 4150
200.118.64.109 - - [31/May/2022:07:59:43 -0500] "POST /forms/lservlet;jsessionid=ac16012b30d6ad9496c8287044309e7d8030d938c807.e3iSbxaKaheRe34MbxmQaheMbNz0n6jAmljGr5XDqQLvpAe HTTP/1.1" 200 7
200.118.64.109 - - [31/May/2022:07:59:44 -0500] "POST /forms/lservlet;jsessionid=ac16012b30d6ad9496c8287044309e7d8030d938c807.e3iSbxaKaheRe34MbxmQaheMbNz0n6jAmljGr5XDqQLvpAe HTTP/1.1" 200 34
200.118.64.109 - - [31/May/2022:07:59:44 -0500] "POST /forms/lservlet;jsessionid=ac16012b30d6ad9496c8287044309e7d8030d938c807.e3iSbxaKaheRe34MbxmQaheMbNz0n6jAmljGr5XDqQLvpAe HTTP/1.1" 200 2
200.118.64.109 - - [31/May/2022:07:59:45 -0500] "POST /forms/lservlet;jsessionid=ac16012b30d6ad9496c8287044309e7d8030d938c807.e3iSbxaKaheRe34MbxmQaheMbNz0n6jAmljGr5XDqQLvpAe HTTP/1.1" 200 2
200.118.64.109 - - [31/May/2022:07:59:45 -0500] "POST /forms/lservlet;jsessionid=ac16012b30d6ad9496c8287044309e7d8030d938c807.e3iSbxaKaheRe34MbxmQaheMbNz0n6jAmljGr5XDqQLvpAe HTTP/1.1" 200 699
200.118.64.109 - - [31/May/2022:07:59:45 -0500] "GET /imagenes/Srch_frw.gif HTTP/1.1" 200 925
200.118.64.109 - - [31/May/2022:07:59:45 -0500] "POST /forms/lservlet;jsessionid=ac16012b30d6ad9496c8287044309e7d8030d938c807.e3iSbxaKaheRe34MbxmQaheMbNz0n6jAmljGr5XDqQLvpAe HTTP/1.1" 200 10
200.118.64.109 - - [31/May/2022:07:59:48 -0500] "POST /forms/lservlet;jsessionid=ac16012b30d6ad9496c8287044309e7d8030d938c807.e3iSbxaKaheRe34MbxmQaheMbNz0n6jAmljGr5XDqQLvpAe HTTP/1.1" 200 24
200.118.64.109 - - [31/May/2022:07:59:48 -0500] "POST /forms/lservlet;jsessionid=ac16012b30d6ad9496c8287044309e7d8030d938c807.e3iSbxaKaheRe34MbxmQaheMbNz0n6jAmljGr5XDqQLvpAe HTTP/1.1" 200 14
200.118.64.109 - - [31/May/2022:07:59:49 -0500] "POST /forms/lservlet;jsessionid=ac16012b30d6ad9496c8287044309e7d8030d938c807.e3iSbxaKaheRe34MbxmQaheMbNz0n6jAmljGr5XDqQLvpAe HTTP/1.1" 200 14
200.118.64.109 - - [31/May/2022:07:59:50 -0500] "POST /forms/lservlet;jsessionid=ac16012b30d6ad9496c8287044309e7d8030d938c807.e3iSbxaKaheRe34MbxmQaheMbNz0n6jAmljGr5XDqQLvpAe HTTP/1.1" 200 14
200.118.64.109 - - [31/May/2022:07:59:52 -0500] "POST /forms/lservlet;jsessionid=ac16012b30d6ad9496c8287044309e7d8030d938c807.e3iSbxaKaheRe34MbxmQaheMbNz0n6jAmljGr5XDqQLvpAe HTTP/1.1" 200 4647
200.118.64.109 - - [31/May/2022:07:59:52 -0500] "POST /forms/lservlet;jsessionid=ac16012b30d6ad9496c8287044309e7d8030d938c807.e3iSbxaKaheRe34MbxmQaheMbNz0n6jAmljGr5XDqQLvpAe HTTP/1.1" 200 2
161.18.118.44 - - [31/May/2022:07:59:52 -0500] "GET /kwssiamovil/sm/des/cjson/pre?f=9&x=U2FsdGVkX19vpnVF0nGKqtyvKUUNkEhKq88669L91bXFJyEn1vsy1xIOXVn/GyYw HTTP/1.1" 502 1356
161.18.118.44 - - [31/May/2022:08:00:12 -0500] "GET /favicon.ico HTTP/1.1" 200 7782
200.118.64.109 - - [31/May/2022:08:00:30 -0500] "POST /forms/lservlet;jsessionid=ac16012b30d6ad9496c8287044309e7d8030d938c807.e3iSbxaKaheRe34MbxmQaheMbNz0n6jAmljGr5XDqQLvpAe HTTP/1.1" 200 2
161.18.118.44 - - [31/May/2022:08:00:12 -0500] "GET /kwssiamovil/sm/des/cjson/pre?f=9&x=U2FsdGVkX19vpnVF0nGKqtyvKUUNkEhKq88669L91bXFJyEn1vsy1xIOXVn/GyYw HTTP/1.1" 502 1178
200.118.64.109 - - [31/May/2022:08:00:41 -0500] "POST /forms/lservlet;jsessionid=ac16012b30d6ad9496c8287044309e7d8030d938c807.e3iSbxaKaheRe34MbxmQaheMbNz0n6jAmljGr5XDqQLvpAe HTTP/1.1" 200 2
200.118.64.109 - - [31/May/2022:08:00:41 -0500] "POST /forms/lservlet;jsessionid=ac16012b30d6ad9496c8287044309e7d8030d938c807.e3iSbxaKaheRe34MbxmQaheMbNz0n6jAmljGr5XDqQLvpAe HTTP/1.1" 200 14
200.118.64.109 - - [31/May/2022:08:00:42 -0500] "POST /forms/lservlet;jsessionid=ac16012b30d6ad9496c8287044309e7d8030d938c807.e3iSbxaKaheRe34MbxmQaheMbNz0n6jAmljGr5XDqQLvpAe HTTP/1.1" 200 14
200.118.64.109 - - [31/May/2022:08:00:43 -0500] "POST /forms/lservlet;jsessionid=ac16012b30d6ad9496c8287044309e7d8030d938c807.e3iSbxaKaheRe34MbxmQaheMbNz0n6jAmljGr5XDqQLvpAe HTTP/1.1" 200 14
200.118.64.109 - - [31/May/2022:08:00:45 -0500] "POST /forms/lservlet;jsessionid=ac16012b30d6ad9496c8287044309e7d8030d938c807.e3iSbxaKaheRe34MbxmQaheMbNz0n6jAmljGr5XDqQLvpAe HTTP/1.1" 200 14
200.118.64.109 - - [31/May/2022:08:00:47 -0500] "POST /forms/lservlet;jsessionid=ac16012b30d6ad9496c8287044309e7d8030d938c807.e3iSbxaKaheRe34MbxmQaheMbNz0n6jAmljGr5XDqQLvpAe HTTP/1.1" 200 15
200.118.64.109 - - [31/May/2022:08:00:49 -0500] "POST /forms/lservlet;jsessionid=ac16012b30d6ad9496c8287044309e7d8030d938c807.e3iSbxaKaheRe34MbxmQaheMbNz0n6jAmljGr5XDqQLvpAe HTTP/1.1" 200 15
200.118.64.109 - - [31/May/2022:08:00:54 -0500] "POST /forms/lservlet;jsessionid=ac16012b30d6ad9496c8287044309e7d8030d938c807.e3iSbxaKaheRe34MbxmQaheMbNz0n6jAmljGr5XDqQLvpAe HTTP/1.1" 200 15
161.18.118.44 - - [31/May/2022:08:00:41 -0500] "GET /kwssiamovil/ HTTP/1.1" 502 1146
181.53.13.60 - - [31/May/2022:08:00:42 -0500] "GET /kwssiamovil/sm/ldap/au?x=U2FsdGVkX19e/TMl3FaJ7pBIdYy9fc2NofogIW9HUyoq6UI7oXEB0zCgpf9E9nMr&y=U2FsdGVkX1+GT9BLKIdYhwHhab5rtfmEOpUvlKV5qcW+e8YiXqADbo1P+W3TXSO0 HTTP/1.1" 502 1344
161.18.118.44 - - [31/May/2022:08:00:44 -0500] "GET /kwssiamovil/ HTTP/1.1" 502 1146
161.18.118.44 - - [31/May/2022:08:01:03 -0500] "GET /favicon.ico HTTP/1.1" 200 7782
200.118.64.109 - - [31/May/2022:08:01:05 -0500] "POST /forms/lservlet;jsessionid=ac16012b30d6ad9496c8287044309e7d8030d938c807.e3iSbxaKaheRe34MbxmQaheMbNz0n6jAmljGr5XDqQLvpAe HTTP/1.1" 200 15
181.53.13.60 - - [31/May/2022:08:00:50 -0500] "GET /kwssiamovil/sm/ldap/au?x=U2FsdGVkX18DLAhWY5USAgVMaPqBzBd8alE2BuO5gYzy869+Xyhbl1kEeatjUwJ6&y=U2FsdGVkX19u6EXpAaNKoQicp6qLjiNUlX6X6Cm9qooGvFZFfnE5zlZbtgskCkTP HTTP/1.1" 502 1344
181.53.13.60 - - [31/May/2022:08:00:55 -0500] "GET /kwssiamovil/sm/ldap/au?x=U2FsdGVkX18R3xCcNq5Lz7wx/tvXvqp+YDr/zFYM51tgRifmuQG3QUSsJjzZYYpQ&y=U2FsdGVkX19657Mx851V4o5uwoCtuKdqU25uEoZ/VaMFo7MPcby+X/0l44ctj3at HTTP/1.1" 502 1344
200.118.64.109 - - [31/May/2022:08:01:14 -0500] "POST /forms/lservlet;jsessionid=ac16012b30d6ad9496c8287044309e7d8030d938c807.e3iSbxaKaheRe34MbxmQaheMbNz0n6jAmljGr5XDqQLvpAe HTTP/1.1" 200 15
161.18.118.44 - - [31/May/2022:08:00:57 -0500] "GET /kwssiamovil/sm/des/cjson/pre?f=9&x=U2FsdGVkX19vpnVF0nGKqtyvKUUNkEhKq88669L91bXFJyEn1vsy1xIOXVn/GyYw HTTP/1.1" 502 1356
200.118.64.109 - - [31/May/2022:08:01:23 -0500] "POST /forms/lservlet;jsessionid=ac16012b30d6ad9496c8287044309e7d8030d938c807.e3iSbxaKaheRe34MbxmQaheMbNz0n6jAmljGr5XDqQLvpAe HTTP/1.1" 200 15
186.102.6.65 - - [31/May/2022:08:01:06 -0500] "GET /kwssiamovil/sm/des/ldap/au?x=U2FsdGVkX180GiQN93y1UisYYxZMYx/Uzp4Omz8o3h0zR9EVqc1hGk2WcE3JbVaF&y=U2FsdGVkX1+ICO27nPJbq81J0faQZniv6hmZ22NgYdA= HTTP/1.1" 502 1352
191.156.57.141 - - [31/May/2022:08:01:27 -0500] "GET /css/fondos.css HTTP/1.1" 404 1254
191.156.60.90 - - [31/May/2022:08:01:27 -0500] "GET /css/date_blue.css HTTP/1.1" 404 1254
191.156.57.141 - - [31/May/2022:08:01:27 -0500] "GET /css/textos.css HTTP/1.1" 404 1254
191.156.57.141 - - [31/May/2022:08:01:27 -0500] "GET /css/bordes.css HTTP/1.1" 404 1254
200.118.64.109 - - [31/May/2022:08:01:32 -0500] "POST /forms/lservlet;jsessionid=ac16012b30d6ad9496c8287044309e7d8030d938c807.e3iSbxaKaheRe34MbxmQaheMbNz0n6jAmljGr5XDqQLvpAe HTTP/1.1" 200 15
161.18.118.44 - - [31/May/2022:08:01:15 -0500] "GET /kwssiamovil/sm/des/cjson/pre?f=9&x=U2FsdGVkX19vpnVF0nGKqtyvKUUNkEhKq88669L91bXFJyEn1vsy1xIOXVn/GyYw HTTP/1.1" 502 1356
186.102.6.65 - - [31/May/2022:08:01:22 -0500] "GET /kwssiamovil/sm/des/ldap/au?x=U2FsdGVkX186kbweEvlDc/Awm8Vmh3CKdSf8Oxcw57sWQvdILM2ts4Ym/YpV1qYx&y=U2FsdGVkX193HCn5wX4FhMfjVDhVul1puhSfDxXbLIk= HTTP/1.1" 502 1352
200.118.64.109 - - [31/May/2022:08:01:41 -0500] "POST /forms/lservlet;jsessionid=ac16012b30d6ad9496c8287044309e7d8030d938c807.e3iSbxaKaheRe34MbxmQaheMbNz0n6jAmljGr5XDqQLvpAe HTTP/1.1" 200 15
200.118.64.109 - - [31/May/2022:08:01:50 -0500] "POST /forms/lservlet;jsessionid=ac16012b30d6ad9496c8287044309e7d8030d938c807.e3iSbxaKaheRe34MbxmQaheMbNz0n6jAmljGr5XDqQLvpAe HTTP/1.1" 200 15
186.102.6.65 - - [31/May/2022:08:01:35 -0500] "GET /kwssiamovil/sm/des/ldap/au?x=U2FsdGVkX1/PfX1WV0OzKJKXng+Wr+LQwxwqrEVbv0mXAXkeJg5shT0K+fGSlH64&y=U2FsdGVkX182FiGSJ+56L8O4X8PW183wugXh+O8JN7Y= HTTP/1.1" 200 -
200.118.64.109 - - [31/May/2022:08:01:59 -0500] "POST /forms/lservlet;jsessionid=ac16012b30d6ad9496c8287044309e7d8030d938c807.e3iSbxaKaheRe34MbxmQaheMbNz0n6jAmljGr5XDqQLvpAe HTTP/1.1" 200 15
200.118.64.109 - - [31/May/2022:08:02:08 -0500] "POST /forms/lservlet;jsessionid=ac16012b30d6ad9496c8287044309e7d8030d938c807.e3iSbxaKaheRe34MbxmQaheMbNz0n6jAmljGr5XDqQLvpAe HTTP/1.1" 200 15
186.102.6.65 - - [31/May/2022:08:01:54 -0500] "GET /kwssiamovil/sm/des/ldap/au?x=U2FsdGVkX1/PfX1WV0OzKJKXng+Wr+LQwxwqrEVbv0mXAXkeJg5shT0K+fGSlH64&y=U2FsdGVkX182FiGSJ+56L8O4X8PW183wugXh+O8JN7Y= HTTP/1.1" 200 -
200.118.64.109 - - [31/May/2022:08:02:17 -0500] "POST /forms/lservlet;jsessionid=ac16012b30d6ad9496c8287044309e7d8030d938c807.e3iSbxaKaheRe34MbxmQaheMbNz0n6jAmljGr5XDqQLvpAe HTTP/1.1" 200 15
200.118.64.109 - - [31/May/2022:08:02:26 -0500] "POST /forms/lservlet;jsessionid=ac16012b30d6ad9496c8287044309e7d8030d938c807.e3iSbxaKaheRe34MbxmQaheMbNz0n6jAmljGr5XDqQLvpAe HTTP/1.1" 200 15
216.245.221.92 - - [31/May/2022:08:02:31 -0500] "HEAD / HTTP/1.1" 200 -
186.102.6.65 - - [31/May/2022:08:02:13 -0500] "GET /kwssiamovil/sm/des/ldap/au?x=U2FsdGVkX1/PfX1WV0OzKJKXng+Wr+LQwxwqrEVbv0mXAXkeJg5shT0K+fGSlH64&y=U2FsdGVkX182FiGSJ+56L8O4X8PW183wugXh+O8JN7Y= HTTP/1.1" 502 1352
200.118.64.109 - - [31/May/2022:08:02:35 -0500] "POST /forms/lservlet;jsessionid=ac16012b30d6ad9496c8287044309e7d8030d938c807.e3iSbxaKaheRe34MbxmQaheMbNz0n6jAmljGr5XDqQLvpAe HTTP/1.1" 200 15
200.118.64.109 - - [31/May/2022:08:02:44 -0500] "POST /forms/lservlet;jsessionid=ac16012b30d6ad9496c8287044309e7d8030d938c807.e3iSbxaKaheRe34MbxmQaheMbNz0n6jAmljGr5XDqQLvpAe HTTP/1.1" 200 125
200.118.64.109 - - [31/May/2022:08:02:44 -0500] "POST /forms/lservlet;jsessionid=ac16012b30d6ad9496c8287044309e7d8030d938c807.e3iSbxaKaheRe34MbxmQaheMbNz0n6jAmljGr5XDqQLvpAe HTTP/1.1" 200 2
200.118.64.109 - - [31/May/2022:08:02:45 -0500] "GET /reports/rwservlet/getjobid76730?server=repnomi HTTP/1.1" 200 25996016
172.22.2.4 - - [31/May/2022:08:01:36 -0500] "HEAD /BLA/boletinlegal/ HTTP/1.1" 200 -
172.22.2.4 - - [31/May/2022:08:02:26 -0500] "GET /BLA/boletinlegal/ HTTP/1.1" 200 58029
207.46.13.146 - - [31/May/2022:08:04:07 -0500] "GET /bla/resoluciones/autos%202011/5211.pdf HTTP/1.1" 200 219111
200.118.64.109 - - [31/May/2022:08:04:30 -0500] "POST /forms/lservlet;jsessionid=ac16012b30d6ad9496c8287044309e7d8030d938c807.e3iSbxaKaheRe34MbxmQaheMbNz0n6jAmljGr5XDqQLvpAe HTTP/1.1" 200 2
34.91.37.76 - - [31/May/2022:08:04:33 -0500] "GET / HTTP/1.1" 200 319
190.69.227.55 - - [31/May/2022:08:04:57 -0500] "GET /sipse/faces/faces/index.xhtml HTTP/1.1" 200 677
190.69.227.55 - - [31/May/2022:08:04:57 -0500] "GET /sipse/faces/javax.faces.resource/theme.css?ln=primefaces-sipse HTTP/1.1" 304 -
190.69.227.55 - - [31/May/2022:08:04:57 -0500] "GET /sipse/faces/faces/faces/autenticacion.xhtml HTTP/1.1" 200 12169
190.69.227.55 - - [31/May/2022:08:04:58 -0500] "GET /sipse/css/custom_css_sg.css HTTP/1.1" 304 -
190.69.227.55 - - [31/May/2022:08:04:58 -0500] "GET /sipse/js/disable_browser_buttons.js HTTP/1.1" 304 -
190.69.227.55 - - [31/May/2022:08:04:58 -0500] "GET /sipse/css/custom_css_sg_prime_login.css HTTP/1.1" 304 -
190.69.227.55 - - [31/May/2022:08:04:58 -0500] "GET /sipse/js/funciones.js HTTP/1.1" 304 -
190.69.227.55 - - [31/May/2022:08:04:58 -0500] "GET /sipse/faces/javax.faces.resource/theme.css?ln=primefaces-sipse HTTP/1.1" 304 -
190.69.227.55 - - [31/May/2022:08:04:58 -0500] "GET /sipse/faces/javax.faces.resource/primefaces.css?ln=primefaces&v=4.0 HTTP/1.1" 304 -
190.69.227.55 - - [31/May/2022:08:04:58 -0500] "GET /sipse/faces/javax.faces.resource/layout/layout.css?ln=primefaces&v=4.0 HTTP/1.1" 304 -
190.69.227.55 - - [31/May/2022:08:04:58 -0500] "GET /sipse/faces/javax.faces.resource/jquery/jquery.js?ln=primefaces&v=4.0 HTTP/1.1" 304 -
190.69.227.55 - - [31/May/2022:08:04:58 -0500] "GET /sipse/faces/javax.faces.resource/jquery/jquery-plugins.js?ln=primefaces&v=4.0 HTTP/1.1" 304 -
190.69.227.55 - - [31/May/2022:08:04:58 -0500] "GET /sipse/faces/javax.faces.resource/primefaces.js?ln=primefaces&v=4.0 HTTP/1.1" 304 -
190.69.227.55 - - [31/May/2022:08:04:58 -0500] "GET /sipse/faces/javax.faces.resource/layout/layout.js?ln=primefaces&v=4.0 HTTP/1.1" 304 -
190.69.227.55 - - [31/May/2022:08:04:58 -0500] "GET /sipse/css/imagen/logoSDG.png HTTP/1.1" 304 -
190.69.227.55 - - [31/May/2022:08:04:58 -0500] "GET /sipse/css/imagen/loginimg.png HTTP/1.1" 304 -
190.69.227.55 - - [31/May/2022:08:04:58 -0500] "GET /sipse/faces/javax.faces.resource/images/ui-icons_898989_256x240.png?ln=primefaces-aristo HTTP/1.1" 304 -
190.69.227.55 - - [31/May/2022:08:05:02 -0500] "POST /sipse/faces/autenticacion.xhtml HTTP/1.1" 200 2216
190.69.227.55 - - [31/May/2022:08:05:02 -0500] "GET /sipse/faces/javax.faces.resource/messages/messages.png?ln=primefaces&v=4.0 HTTP/1.1" 304 -
190.69.227.55 - - [31/May/2022:08:05:03 -0500] "POST /sipse/faces/autenticacion.xhtml HTTP/1.1" 200 16237
190.69.227.55 - - [31/May/2022:08:05:04 -0500] "GET /sipse/css/custom_css_sg_prime.css HTTP/1.1" 304 -
190.69.227.55 - - [31/May/2022:08:05:04 -0500] "GET /sipse/faces/javax.faces.resource/primefaces.css?ln=primefaces&v=4.0 HTTP/1.1" 304 -
190.69.227.55 - - [31/May/2022:08:05:04 -0500] "GET /sipse/faces/javax.faces.resource/theme.css?ln=primefaces-sipse HTTP/1.1" 304 -
190.69.227.55 - - [31/May/2022:08:05:04 -0500] "GET /sipse/faces/javax.faces.resource/layout/layout.css?ln=primefaces&v=4.0 HTTP/1.1" 304 -
190.69.227.55 - - [31/May/2022:08:05:04 -0500] "GET /sipse/js/jquery.min.js HTTP/1.1" 304 -
190.69.227.55 - - [31/May/2022:08:05:04 -0500] "GET /sipse/faces/javax.faces.resource/jquery/jquery.js?ln=primefaces&v=4.0 HTTP/1.1" 304 -
190.69.227.55 - - [31/May/2022:08:05:04 -0500] "GET /sipse/faces/javax.faces.resource/jquery/jquery-plugins.js?ln=primefaces&v=4.0 HTTP/1.1" 304 -
190.69.227.55 - - [31/May/2022:08:05:04 -0500] "GET /sipse/faces/javax.faces.resource/primefaces.js?ln=primefaces&v=4.0 HTTP/1.1" 304 -
190.69.227.55 - - [31/May/2022:08:05:04 -0500] "GET /sipse/faces/javax.faces.resource/layout/layout.js?ln=primefaces&v=4.0 HTTP/1.1" 304 -
190.69.227.55 - - [31/May/2022:08:05:04 -0500] "GET /sipse/imagenes/cargando.gif HTTP/1.1" 304 -
190.69.227.55 - - [31/May/2022:08:05:04 -0500] "GET /sipse/imagenes/logoAplicacion.jpg HTTP/1.1" 304 -
190.69.227.55 - - [31/May/2022:08:05:04 -0500] "GET /sipse/css/imagen/contrasena.png HTTP/1.1" 404 383
190.69.227.55 - - [31/May/2022:08:05:05 -0500] "GET /sipse/faces/javax.faces.resource/images/ui-bg_flat_0_2d5972_40x100.png?ln=primefaces-aristo HTTP/1.1" 304 -
190.69.227.55 - - [31/May/2022:08:05:05 -0500] "POST /sipse/faces/bienvenido.xhtml HTTP/1.1" 200 2658
190.69.227.55 - - [31/May/2022:08:05:06 -0500] "POST /sipse/faces/bienvenido.xhtml HTTP/1.1" 200 36793
190.69.227.55 - - [31/May/2022:08:05:07 -0500] "GET /sipse/faces/javax.faces.resource/theme.css?ln=primefaces-sipse HTTP/1.1" 304 -
190.69.227.55 - - [31/May/2022:08:05:07 -0500] "GET /sipse/faces/javax.faces.resource/primefaces.css?ln=primefaces&v=4.0 HTTP/1.1" 304 -
190.69.227.55 - - [31/May/2022:08:05:07 -0500] "GET /sipse/faces/javax.faces.resource/layout/layout.css?ln=primefaces&v=4.0 HTTP/1.1" 304 -
190.69.227.55 - - [31/May/2022:08:05:07 -0500] "GET /sipse/faces/javax.faces.resource/jquery/jquery.js?ln=primefaces&v=4.0 HTTP/1.1" 304 -
190.69.227.55 - - [31/May/2022:08:05:07 -0500] "GET /sipse/faces/javax.faces.resource/jquery/jquery-plugins.js?ln=primefaces&v=4.0 HTTP/1.1" 304 -
190.69.227.55 - - [31/May/2022:08:05:07 -0500] "GET /sipse/faces/javax.faces.resource/primefaces.js?ln=primefaces&v=4.0 HTTP/1.1" 304 -
190.69.227.55 - - [31/May/2022:08:05:07 -0500] "GET /sipse/faces/javax.faces.resource/layout/layout.js?ln=primefaces&v=4.0 HTTP/1.1" 304 -
190.69.227.55 - - [31/May/2022:08:05:15 -0500] "POST /sipse/faces/presentacion/financiero/solicitudProceso/solicitudProcesoOtrosPagos.xhtml HTTP/1.1" 200 54833
190.69.227.55 - - [31/May/2022:08:05:16 -0500] "GET /sipse/faces/javax.faces.resource/theme.css?ln=primefaces-sipse HTTP/1.1" 304 -
190.69.227.55 - - [31/May/2022:08:05:16 -0500] "GET /sipse/faces/javax.faces.resource/primefaces.css?ln=primefaces&v=4.0 HTTP/1.1" 304 -
190.69.227.55 - - [31/May/2022:08:05:16 -0500] "GET /sipse/faces/javax.faces.resource/fileupload/fileupload.css?ln=primefaces&v=4.0 HTTP/1.1" 304 -
190.69.227.55 - - [31/May/2022:08:05:16 -0500] "GET /sipse/faces/javax.faces.resource/layout/layout.css?ln=primefaces&v=4.0 HTTP/1.1" 304 -
190.69.227.55 - - [31/May/2022:08:05:16 -0500] "GET /sipse/faces/javax.faces.resource/jquery/jquery.js?ln=primefaces&v=4.0 HTTP/1.1" 304 -
190.69.227.55 - - [31/May/2022:08:05:16 -0500] "GET /sipse/faces/javax.faces.resource/jquery/jquery-plugins.js?ln=primefaces&v=4.0 HTTP/1.1" 304 -
190.69.227.55 - - [31/May/2022:08:05:16 -0500] "GET /sipse/faces/javax.faces.resource/primefaces.js?ln=primefaces&v=4.0 HTTP/1.1" 304 -
190.69.227.55 - - [31/May/2022:08:05:16 -0500] "GET /sipse/faces/javax.faces.resource/layout/layout.js?ln=primefaces&v=4.0 HTTP/1.1" 304 -
190.69.227.55 - - [31/May/2022:08:05:16 -0500] "GET /sipse/faces/javax.faces.resource/fileupload/fileupload.js?ln=primefaces&v=4.0 HTTP/1.1" 304 -
186.102.6.65 - - [31/May/2022:08:05:05 -0500] "GET /kwssiamovil/sm/des/ldap/au?x=U2FsdGVkX18uISwDpkp85FS5kDcQXG4103CB4B5mrmkC/l3Vd5Yj/XsbGQlaTofV&y=U2FsdGVkX18bwZdwgzD35F08AhG5myheVVYoA1VV5Qg= HTTP/1.1" 502 1352
190.69.227.55 - - [31/May/2022:08:05:41 -0500] "POST /sipse/faces/presentacion/financiero/solicitudProceso/detalleSolicitudProcesoOtrosPagos.xhtml HTTP/1.1" 200 190
190.69.227.55 - - [31/May/2022:08:05:41 -0500] "GET /sipse/faces/presentacion/financiero/solicitudProceso/solicitudProcesoOtrosPagos.xhtml HTTP/1.1" 200 39640
190.69.227.55 - - [31/May/2022:08:05:41 -0500] "GET /sipse/faces/javax.faces.resource/primefaces.css?ln=primefaces&v=4.0 HTTP/1.1" 304 -
190.69.227.55 - - [31/May/2022:08:05:41 -0500] "GET /sipse/faces/javax.faces.resource/theme.css?ln=primefaces-sipse HTTP/1.1" 304 -
190.69.227.55 - - [31/May/2022:08:05:41 -0500] "GET /sipse/faces/javax.faces.resource/jquery/jquery.js?ln=primefaces&v=4.0 HTTP/1.1" 304 -
190.69.227.55 - - [31/May/2022:08:05:41 -0500] "GET /sipse/faces/javax.faces.resource/jquery/jquery-plugins.js?ln=primefaces&v=4.0 HTTP/1.1" 304 -
190.69.227.55 - - [31/May/2022:08:05:41 -0500] "GET /sipse/faces/javax.faces.resource/primefaces.js?ln=primefaces&v=4.0 HTTP/1.1" 304 -
190.69.227.55 - - [31/May/2022:08:05:41 -0500] "GET /sipse/faces/javax.faces.resource/layout/layout.css?ln=primefaces&v=4.0 HTTP/1.1" 304 -
190.69.227.55 - - [31/May/2022:08:05:41 -0500] "GET /sipse/faces/javax.faces.resource/layout/layout.js?ln=primefaces&v=4.0 HTTP/1.1" 304 -
190.69.227.55 - - [31/May/2022:08:05:42 -0500] "GET /sipse/css/imagen/contrasena.png HTTP/1.1" 404 383
190.69.227.55 - - [31/May/2022:08:05:42 -0500] "GET /sipse/faces/javax.faces.resource/images/ui-icons_898989_256x240.png?ln=primefaces-aristo HTTP/1.1" 304 -
190.69.227.55 - - [31/May/2022:08:05:42 -0500] "GET /sipse/faces/javax.faces.resource/messages/messages.png?ln=primefaces&v=4.0 HTTP/1.1" 304 -
193.106.191.48 - - [31/May/2022:08:05:47 -0500] "GET /actuator/gateway/routes HTTP/1.1" 404 1018
190.69.227.55 - - [31/May/2022:08:05:52 -0500] "GET /sipse/faces/faces/index.xhtml HTTP/1.1" 200 677
190.69.227.55 - - [31/May/2022:08:05:52 -0500] "GET /sipse/faces/javax.faces.resource/theme.css?ln=primefaces-sipse HTTP/1.1" 304 -
190.69.227.55 - - [31/May/2022:08:05:52 -0500] "GET /sipse/faces/faces/faces/autenticacion.xhtml HTTP/1.1" 200 12178
190.69.227.55 - - [31/May/2022:08:05:52 -0500] "GET /sipse/faces/javax.faces.resource/primefaces.css?ln=primefaces&v=4.0 HTTP/1.1" 304 -
190.69.227.55 - - [31/May/2022:08:05:52 -0500] "GET /sipse/faces/javax.faces.resource/theme.css?ln=primefaces-sipse HTTP/1.1" 304 -
190.69.227.55 - - [31/May/2022:08:05:52 -0500] "GET /sipse/faces/javax.faces.resource/layout/layout.css?ln=primefaces&v=4.0 HTTP/1.1" 304 -
190.69.227.55 - - [31/May/2022:08:05:52 -0500] "GET /sipse/faces/javax.faces.resource/jquery/jquery-plugins.js?ln=primefaces&v=4.0 HTTP/1.1" 304 -
190.69.227.55 - - [31/May/2022:08:05:52 -0500] "GET /sipse/faces/javax.faces.resource/jquery/jquery.js?ln=primefaces&v=4.0 HTTP/1.1" 304 -
190.69.227.55 - - [31/May/2022:08:05:52 -0500] "GET /sipse/faces/javax.faces.resource/primefaces.js?ln=primefaces&v=4.0 HTTP/1.1" 304 -
190.69.227.55 - - [31/May/2022:08:05:52 -0500] "GET /sipse/faces/javax.faces.resource/layout/layout.js?ln=primefaces&v=4.0 HTTP/1.1" 304 -
190.69.227.55 - - [31/May/2022:08:05:52 -0500] "GET /sipse/faces/javax.faces.resource/images/ui-icons_898989_256x240.png?ln=primefaces-aristo HTTP/1.1" 304 -
190.69.227.55 - - [31/May/2022:08:05:57 -0500] "POST /sipse/faces/autenticacion.xhtml HTTP/1.1" 200 16698
190.69.227.55 - - [31/May/2022:08:05:57 -0500] "GET /sipse/faces/javax.faces.resource/theme.css?ln=primefaces-sipse HTTP/1.1" 304 -
190.69.227.55 - - [31/May/2022:08:05:57 -0500] "GET /sipse/faces/javax.faces.resource/primefaces.css?ln=primefaces&v=4.0 HTTP/1.1" 304 -
190.69.227.55 - - [31/May/2022:08:05:57 -0500] "GET /sipse/faces/javax.faces.resource/layout/layout.css?ln=primefaces&v=4.0 HTTP/1.1" 304 -
190.69.227.55 - - [31/May/2022:08:05:58 -0500] "GET /sipse/faces/javax.faces.resource/jquery/jquery.js?ln=primefaces&v=4.0 HTTP/1.1" 304 -
190.69.227.55 - - [31/May/2022:08:05:58 -0500] "GET /sipse/faces/javax.faces.resource/jquery/jquery-plugins.js?ln=primefaces&v=4.0 HTTP/1.1" 304 -
190.69.227.55 - - [31/May/2022:08:05:58 -0500] "GET /sipse/faces/javax.faces.resource/primefaces.js?ln=primefaces&v=4.0 HTTP/1.1" 304 -
190.69.227.55 - - [31/May/2022:08:05:58 -0500] "GET /sipse/faces/javax.faces.resource/layout/layout.js?ln=primefaces&v=4.0 HTTP/1.1" 304 -
190.69.227.55 - - [31/May/2022:08:05:58 -0500] "GET /sipse/css/imagen/contrasena.png HTTP/1.1" 404 383
190.69.227.55 - - [31/May/2022:08:05:58 -0500] "GET /sipse/faces/javax.faces.resource/messages/messages.png?ln=primefaces&v=4.0 HTTP/1.1" 304 -
190.69.227.55 - - [31/May/2022:08:06:00 -0500] "GET /sipse/faces/javax.faces.resource/images/ui-bg_flat_0_2d5972_40x100.png?ln=primefaces-aristo HTTP/1.1" 304 -
190.69.227.55 - - [31/May/2022:08:06:00 -0500] "POST /sipse/faces/bienvenido.xhtml HTTP/1.1" 200 3255
190.69.227.55 - - [31/May/2022:08:06:01 -0500] "POST /sipse/faces/bienvenido.xhtml HTTP/1.1" 200 28422
190.69.227.55 - - [31/May/2022:08:06:02 -0500] "GET /sipse/faces/javax.faces.resource/theme.css?ln=primefaces-sipse HTTP/1.1" 304 -
190.69.227.55 - - [31/May/2022:08:06:02 -0500] "GET /sipse/faces/javax.faces.resource/primefaces.css?ln=primefaces&v=4.0 HTTP/1.1" 304 -
190.69.227.55 - - [31/May/2022:08:06:02 -0500] "GET /sipse/faces/javax.faces.resource/layout/layout.css?ln=primefaces&v=4.0 HTTP/1.1" 304 -
190.69.227.55 - - [31/May/2022:08:06:02 -0500] "GET /sipse/faces/javax.faces.resource/jquery/jquery.js?ln=primefaces&v=4.0 HTTP/1.1" 304 -
190.69.227.55 - - [31/May/2022:08:06:02 -0500] "GET /sipse/faces/javax.faces.resource/jquery/jquery-plugins.js?ln=primefaces&v=4.0 HTTP/1.1" 304 -
190.69.227.55 - - [31/May/2022:08:06:02 -0500] "GET /sipse/faces/javax.faces.resource/primefaces.js?ln=primefaces&v=4.0 HTTP/1.1" 304 -
190.69.227.55 - - [31/May/2022:08:06:02 -0500] "GET /sipse/faces/javax.faces.resource/layout/layout.js?ln=primefaces&v=4.0 HTTP/1.1" 304 -
200.118.64.109 - - [31/May/2022:08:06:31 -0500] "POST /forms/lservlet;jsessionid=ac16012b30d6ad9496c8287044309e7d8030d938c807.e3iSbxaKaheRe34MbxmQaheMbNz0n6jAmljGr5XDqQLvpAe HTTP/1.1" 200 2
157.55.39.127 - - [31/May/2022:08:06:43 -0500] "GET /BLA/resoluciones/AUTOS%202019/0931.pdf HTTP/1.1" 304 -
181.58.186.188 - - [31/May/2022:08:06:28 -0500] "GET /kwssiamovil/sm/des/cjson/pre? HTTP/1.1" 502 1178
216.245.221.92 - - [31/May/2022:08:07:31 -0500] "HEAD / HTTP/1.1" 200 -
181.61.36.16 - - [31/May/2022:08:07:20 -0500] "GET /kwssiamovil/sm/ldap/au?x=U2FsdGVkX1+AcoifUFPnX/SJufJsyJOJUbKUvDW4YqFbYopFIj0K7F1lR+K8lV1n&y=U2FsdGVkX1/41vJOCeYoUKA0QlYGOCIuwADUoLCY2XM= HTTP/1.1" 502 1344
217.182.175.162 - - [31/May/2022:08:08:10 -0500] "HEAD /semana-ambiental-2022-del-31-de-mayo-al-5-de-junio-se-celebrara-en-bogota.html HTTP/1.1" 200 -
186.29.82.49 - - [31/May/2022:08:08:10 -0500] "GET /kwssiamovil/sm/des/cjson/pre?f=9&x=U2FsdGVkX19vpnVF0nGKqtyvKUUNkEhKq88669L91bXFJyEn1vsy1xIOXVn/GyYw HTTP/1.1" 502 1356
200.118.64.109 - - [31/May/2022:08:08:31 -0500] "POST /forms/lservlet;jsessionid=ac16012b30d6ad9496c8287044309e7d8030d938c807.e3iSbxaKaheRe34MbxmQaheMbNz0n6jAmljGr5XDqQLvpAe HTTP/1.1" 200 2
161.18.118.44 - - [31/May/2022:08:08:22 -0500] "GET /BLA/boletinlegal/ HTTP/1.1" 200 20427
172.22.2.4 - - [31/May/2022:08:07:26 -0500] "HEAD /BLA/boletinlegal/ HTTP/1.1" 200 -
181.61.36.16 - - [31/May/2022:08:09:35 -0500] "GET /kwssiamovil/sm/ldap/au?x=U2FsdGVkX19nbu6oJXaUYnFJPivyM79uIWDp+MU0bF2ovfZD2kBBioOUdTq1n97V&y=U2FsdGVkX185kkDPc/itUvIvQSNqGtDoqQUjZLsuG/k= HTTP/1.1" 502 1344
172.22.2.4 - - [31/May/2022:08:08:16 -0500] "GET /BLA/boletinlegal/ HTTP/1.1" 200 55926
181.58.186.188 - - [31/May/2022:08:09:57 -0500] "GET /sipsepre/faces/index.xhtml HTTP/1.1" 200 680
181.58.186.188 - - [31/May/2022:08:09:57 -0500] "GET /sipsepre/faces/javax.faces.resource/theme.css?ln=primefaces-sipse HTTP/1.1" 304 -
181.58.186.188 - - [31/May/2022:08:09:57 -0500] "GET /sipsepre/faces/faces/autenticacion.xhtml HTTP/1.1" 200 12205
181.58.186.188 - - [31/May/2022:08:09:58 -0500] "GET /sipsepre/js/disable_browser_buttons.js HTTP/1.1" 304 -
181.58.186.188 - - [31/May/2022:08:09:58 -0500] "GET /sipsepre/css/custom_css_sg.css HTTP/1.1" 304 -
181.58.186.188 - - [31/May/2022:08:09:58 -0500] "GET /sipsepre/css/custom_css_sg_prime_login.css HTTP/1.1" 200 443
181.58.186.188 - - [31/May/2022:08:09:58 -0500] "GET /sipsepre/faces/javax.faces.resource/primefaces.css?ln=primefaces&v=4.0 HTTP/1.1" 304 -
181.58.186.188 - - [31/May/2022:08:09:58 -0500] "GET /sipsepre/faces/javax.faces.resource/theme.css?ln=primefaces-sipse HTTP/1.1" 304 -
181.58.186.188 - - [31/May/2022:08:09:58 -0500] "GET /sipsepre/faces/javax.faces.resource/layout/layout.css?ln=primefaces&v=4.0 HTTP/1.1" 304 -
181.58.186.188 - - [31/May/2022:08:09:58 -0500] "GET /sipsepre/js/funciones.js HTTP/1.1" 304 -
181.58.186.188 - - [31/May/2022:08:09:58 -0500] "GET /sipsepre/faces/javax.faces.resource/primefaces.js?ln=primefaces&v=4.0 HTTP/1.1" 304 -
181.58.186.188 - - [31/May/2022:08:09:58 -0500] "GET /sipsepre/faces/javax.faces.resource/layout/layout.js?ln=primefaces&v=4.0 HTTP/1.1" 304 -
181.58.186.188 - - [31/May/2022:08:09:58 -0500] "GET /sipsepre/faces/javax.faces.resource/jquery/jquery.js?ln=primefaces&v=4.0 HTTP/1.1" 304 -
181.58.186.188 - - [31/May/2022:08:09:58 -0500] "GET /sipsepre/faces/javax.faces.resource/jquery/jquery-plugins.js?ln=primefaces&v=4.0 HTTP/1.1" 304 -
181.58.186.188 - - [31/May/2022:08:09:58 -0500] "GET /sipsepre/faces/javax.faces.resource/images/ui-icons_898989_256x240.png?ln=primefaces-aristo HTTP/1.1" 200 5355
181.58.186.188 - - [31/May/2022:08:09:58 -0500] "GET /sipsepre/css/imagen/loginimg.png HTTP/1.1" 200 71635
181.58.186.188 - - [31/May/2022:08:09:58 -0500] "GET /sipsepre/css/imagen/logoSDG.png HTTP/1.1" 200 53064
200.118.64.109 - - [31/May/2022:08:10:31 -0500] "POST /forms/lservlet;jsessionid=ac16012b30d6ad9496c8287044309e7d8030d938c807.e3iSbxaKaheRe34MbxmQaheMbNz0n6jAmljGr5XDqQLvpAe HTTP/1.1" 200 2
216.245.221.92 - - [31/May/2022:08:12:31 -0500] "HEAD / HTTP/1.1" 200 -
200.118.64.109 - - [31/May/2022:08:12:31 -0500] "POST /forms/lservlet;jsessionid=ac16012b30d6ad9496c8287044309e7d8030d938c807.e3iSbxaKaheRe34MbxmQaheMbNz0n6jAmljGr5XDqQLvpAe HTTP/1.1" 200 2
161.18.118.44 - - [31/May/2022:08:12:23 -0500] "GET /kwssiamovil/sm/des/cjson/pre?f=9&x=U2FsdGVkX19vpnVF0nGKqtyvKUUNkEhKq88669L91bXFJyEn1vsy1xIOXVn/GyYw HTTP/1.1" 502 1356
40.77.167.79 - - [31/May/2022:08:13:03 -0500] "GET /bla/resoluciones/autos%202008/1265.pdf HTTP/1.1" 200 80933
186.154.176.42 - - [31/May/2022:08:14:14 -0500] "GET /BLA/resoluciones/RESOLUCIONES%202021/1865.pdf HTTP/1.1" 200 466582
186.154.176.42 - - [31/May/2022:08:14:15 -0500] "GET /favicon.ico HTTP/1.1" 200 7782
200.118.64.109 - - [31/May/2022:08:14:31 -0500] "POST /forms/lservlet;jsessionid=ac16012b30d6ad9496c8287044309e7d8030d938c807.e3iSbxaKaheRe34MbxmQaheMbNz0n6jAmljGr5XDqQLvpAe HTTP/1.1" 200 2
172.22.2.4 - - [31/May/2022:08:14:41 -0500] "GET /BLA/boletinlegal/images/cabezote%20BLEGAL.jpg HTTP/1.1" 200 118164
172.22.2.4 - - [31/May/2022:08:13:16 -0500] "HEAD /BLA/boletinlegal/ HTTP/1.1" 200 -
181.58.186.188 - - [31/May/2022:08:15:07 -0500] "GET /kwssiamovil/sm/des/ldap/au?x=U2FsdGVkX1+kXekUs4URfwrZhpghS5QD+pBSkvAaIhMfbN3CMhw2BOpREg0tOHd7&y=U2FsdGVkX196LErl1uVnWWHP3wRtxh/miCVQ635/at1W553dCLb24DhhqV+XZ1m5 HTTP/1.1" 502 1174
181.58.186.188 - - [31/May/2022:08:15:08 -0500] "GET /kwssiamovil/sm/des/ldap/au?x=U2FsdGVkX18MzVwNzWvY0ijT7LjNJz5BwLm+hVUH7IqtWwbDy9FOXRYbzaYlEDaC&y=U2FsdGVkX18sWLJ6rDmMbJY4K6VdHTzOKc1zIMQALF7Z2T8XH4C1oBOc1SxNbQNt HTTP/1.1" 502 1174
181.58.186.188 - - [31/May/2022:08:15:09 -0500] "GET /kwssiamovil/sm/des/ldap/au?x=U2FsdGVkX18nBONSvc9n///wwFXTf4xdDmxC1wZ7spq+N99RwxDcY6ef7x4UGuAC&y=U2FsdGVkX1/WlybWTMjUtkYOiJoHwo8uIqkKuvi8jhreQto31k4GFpKKB/Rll56G HTTP/1.1" 502 1174
181.58.186.188 - - [31/May/2022:08:15:10 -0500] "GET /kwssiamovil/sm/des/ldap/au?x=U2FsdGVkX18juRIK7mlXqD5lWI+KAr7zoHFEKfLju3NCmp3vtmHpv0h5Cor9vgvd&y=U2FsdGVkX18aSP6i7p1CdHaCXcLRr0wdP7KJCeHTUFjgBVJ0xj7PTSpHi7NQOXFG HTTP/1.1" 502 1174
181.58.186.188 - - [31/May/2022:08:15:10 -0500] "GET /kwssiamovil/sm/des/ldap/au?x=U2FsdGVkX1/BheKicugz5/XKog+E93OsHAvJJF7gpoBDLh+5UOKe560WkEvjwY7/&y=U2FsdGVkX1++OEQDyn4WXg8gryQDeKCrFOOijrBFUy9cSiPplOJv6zLW/QD8/YLg HTTP/1.1" 502 1174
186.29.82.49 - - [31/May/2022:08:15:24 -0500] "GET /kwssiamovil/sm/des/cjson/pre?f=9&x=U2FsdGVkX19vpnVF0nGKqtyvKUUNkEhKq88669L91bXFJyEn1vsy1xIOXVn/GyYw HTTP/1.1" 502 1356
172.22.2.4 - - [31/May/2022:08:14:06 -0500] "GET /BLA/boletinlegal/ HTTP/1.1" 200 60973
191.156.182.207 - - [31/May/2022:08:15:59 -0500] "GET /conoce-los-requisitos-ambientales-para-abrir-un-establecimiento-comercial-en-bogota.html HTTP/1.1" 200 796
186.31.48.238 - - [31/May/2022:08:16:03 -0500] "GET /semana-ambiental-2022-del-31-de-mayo-al-5-de-junio-se-celebrara-en-bogota.html HTTP/1.1" 200 799
200.118.64.109 - - [31/May/2022:08:16:31 -0500] "POST /forms/lservlet;jsessionid=ac16012b30d6ad9496c8287044309e7d8030d938c807.e3iSbxaKaheRe34MbxmQaheMbNz0n6jAmljGr5XDqQLvpAe HTTP/1.1" 200 2
137.184.6.182 - - [31/May/2022:08:16:33 -0500] "GET /a001/pc.html HTTP/1.1" 404 1023
181.58.186.188 - - [31/May/2022:08:15:10 -0500] "GET /kwssiamovil/sm/des/ldap/au?x=U2FsdGVkX18/+YKDkl2fiRsKHHgkpohaKWcCaQ57sacU34/z0CqMK8AN5W08/LlH&y=U2FsdGVkX1+s/w2zvAtdxvKhKRZnk3GQzK8Lg+0JVcITriDyKa+UWtuqJW6S1HxC HTTP/1.1" 502 1174
186.154.176.42 - - [31/May/2022:08:17:04 -0500] "GET /BLA/resoluciones/RESOLUCIONES%202021/1865.pdf HTTP/1.1" 200 466582
216.245.221.92 - - [31/May/2022:08:17:31 -0500] "HEAD / HTTP/1.1" 200 -
181.58.186.188 - - [31/May/2022:08:18:08 -0500] "GET /kwssiamovil/sm/ldap/au?x=U2FsdGVkX1/Gyki+726P4Pj9jdJZPVW7ziy7xpN9qUahmCc3biX/z0y9FLjQWqMn&y=U2FsdGVkX19oC95w9x0nlInQQDet9jdODY9mB6wG2Wx+dgXzZ4y3S8bnUXhe+6LQ HTTP/1.1" 503 1020
173.252.107.8 - - [31/May/2022:08:18:21 -0500] "GET /images/jardines-verticales-plantas-24-mayo.jpg HTTP/1.1" 200 148288
173.252.107.2 - - [31/May/2022:08:18:24 -0500] "GET /images/bogota-polvo-sahara-23-mayo.jpg HTTP/1.1" 200 35039
69.63.189.5 - - [31/May/2022:08:18:25 -0500] "GET /images/Naturalista1.jpeg HTTP/1.1" 200 202073
173.252.107.15 - - [31/May/2022:08:18:27 -0500] "GET /images/arbolado-bogota-mayo-13.jpg HTTP/1.1" 200 62568
69.63.189.5 - - [31/May/2022:08:18:28 -0500] "GET /images/cronica-amanda-rodriguez-30-abril.jpg HTTP/1.1" 200 26304
69.63.184.116 - - [31/May/2022:08:18:29 -0500] "GET /images/parque-nal-secretaria.jpg HTTP/1.1" 200 168060
69.171.249.119 - - [31/May/2022:08:18:29 -0500] "GET /images/ptar-alcaldesa-rio-bogota-12-mato.jpg HTTP/1.1" 200 40205
200.118.64.109 - - [31/May/2022:08:18:31 -0500] "POST /forms/lservlet;jsessionid=ac16012b30d6ad9496c8287044309e7d8030d938c807.e3iSbxaKaheRe34MbxmQaheMbNz0n6jAmljGr5XDqQLvpAe HTTP/1.1" 200 2
173.252.107.14 - - [31/May/2022:08:18:31 -0500] "GET /images/feria-servicios-5-MAYO.jpg HTTP/1.1" 200 39759
69.63.189.117 - - [31/May/2022:08:18:33 -0500] "GET /images/Animales1.jpeg HTTP/1.1" 200 76841
69.63.184.3 - - [31/May/2022:08:18:34 -0500] "GET /images/fachada-secretaria-ambiente-abril.jpg HTTP/1.1" 200 148853
69.63.184.5 - - [31/May/2022:08:18:36 -0500] "GET /images/operativos-residuos-peligrosos-25-ABRIL.jpg HTTP/1.1" 200 35345
69.63.184.4 - - [31/May/2022:08:18:38 -0500] "GET /images/feria-servicios-tramites-puente-aranda-21-abril.jpg HTTP/1.1" 200 28255
69.63.184.4 - - [31/May/2022:08:18:38 -0500] "GET /images/ecosistema-dia-internacional-tierra-21-abril.jpg HTTP/1.1" 200 30098
69.63.189.116 - - [31/May/2022:08:18:38 -0500] "GET /images/plantacion-jbb-22-abril.jpg HTTP/1.1" 200 52184
69.63.184.3 - - [31/May/2022:08:18:40 -0500] "GET /images/JBB1.jpeg HTTP/1.1" 200 90628
69.63.189.120 - - [31/May/2022:08:18:41 -0500] "GET /images/caminos-cerros-orientales-7-abril.jpg HTTP/1.1" 200 80138
173.252.107.15 - - [31/May/2022:08:18:41 -0500] "GET /images/zapatos-negocios-8-abril.jpg HTTP/1.1" 200 25964
69.63.184.2 - - [31/May/2022:08:18:45 -0500] "GET /images/interpretes-humedales-principal-26-marzo.jpg HTTP/1.1" 200 40211
173.252.107.15 - - [31/May/2022:08:18:46 -0500] "GET /images/operativos-control-residuos-hospitalarios-28-marzo.jpg HTTP/1.1" 200 36883
69.63.189.117 - - [31/May/2022:08:18:47 -0500] "GET /images/jornada-llantaton-usaquen-bosa-25-marzo.jpg HTTP/1.1" 200 60391
69.63.184.1 - - [31/May/2022:08:18:48 -0500] "GET /images/feria-servicios-principal-24-marzo.jpg HTTP/1.1" 200 37032
69.63.184.5 - - [31/May/2022:08:18:48 -0500] "GET /images/jornada-llantaton-usaquen-24-marzo.jpg HTTP/1.1" 200 41830
69.63.184.5 - - [31/May/2022:08:18:49 -0500] "GET /images/dia-agua-participantes-22-marzo.jpg HTTP/1.1" 200 53143
173.252.107.117 - - [31/May/2022:08:18:51 -0500] "GET /images/feria-servicios-cuidamos-bogota-31-marzo.jpg HTTP/1.1" 200 109745
69.171.249.22 - - [31/May/2022:08:18:57 -0500] "GET /images/reunion-plan-accion-calidad-aire-7-marzo.jpeg HTTP/1.1" 200 62356
69.63.189.116 - - [31/May/2022:08:18:59 -0500] "GET /images/negocios-verdes-3-marzo.jpg HTTP/1.1" 200 33179
158.68.208.69 - - [31/May/2022:08:20:24 -0500] "GET / HTTP/1.1" 200 319
200.118.64.109 - - [31/May/2022:08:20:31 -0500] "POST /forms/lservlet;jsessionid=ac16012b30d6ad9496c8287044309e7d8030d938c807.e3iSbxaKaheRe34MbxmQaheMbNz0n6jAmljGr5XDqQLvpAe HTTP/1.1" 200 2
172.22.2.4 - - [31/May/2022:08:19:06 -0500] "HEAD /BLA/boletinlegal/ HTTP/1.1" 200 -
172.22.2.4 - - [31/May/2022:08:19:56 -0500] "GET /BLA/boletinlegal/ HTTP/1.1" 200 58482
186.102.31.50 - - [31/May/2022:08:21:40 -0500] "OPTIONS /kwssiamovil/sm/setfile/f? HTTP/1.1" 200 13
186.102.31.50 - - [31/May/2022:08:21:40 -0500] "POST /kwssiamovil/sm/setfile/f? HTTP/1.1" 200 381
186.102.31.50 - - [31/May/2022:08:21:42 -0500] "OPTIONS /kwssiamovil/sm/setfile/f? HTTP/1.1" 200 13
186.102.31.50 - - [31/May/2022:08:21:42 -0500] "POST /kwssiamovil/sm/setfile/f? HTTP/1.1" 200 381
186.102.31.50 - - [31/May/2022:08:21:44 -0500] "OPTIONS /kwssiamovil/sm/setfile/f? HTTP/1.1" 200 13
186.102.31.50 - - [31/May/2022:08:21:45 -0500] "POST /kwssiamovil/sm/setfile/f? HTTP/1.1" 200 381
186.102.31.50 - - [31/May/2022:08:21:47 -0500] "OPTIONS /kwssiamovil/sm/setfile/f? HTTP/1.1" 200 13
186.102.31.50 - - [31/May/2022:08:21:47 -0500] "POST /kwssiamovil/sm/setfile/f? HTTP/1.1" 200 381
186.102.31.50 - - [31/May/2022:08:21:51 -0500] "OPTIONS /kwssiamovil/sm/setfile/f? HTTP/1.1" 200 13
186.102.31.50 - - [31/May/2022:08:21:51 -0500] "POST /kwssiamovil/sm/setfile/f? HTTP/1.1" 200 381
186.102.31.50 - - [31/May/2022:08:21:54 -0500] "OPTIONS /kwssiamovil/sm/setfile/f? HTTP/1.1" 200 13
186.102.31.50 - - [31/May/2022:08:21:54 -0500] "POST /kwssiamovil/sm/setfile/f? HTTP/1.1" 200 381
186.102.31.50 - - [31/May/2022:08:22:04 -0500] "GET /kwssiamovil/sm/acme/a?s=U2FsdGVkX19WsygPYqw27ARvKT3EtbWRYX6fjG/JUUQAxcgZ6WKH6cxYD5nGzsq1v9pXL7/o40W3dS7MjRrIAOhoaw2WkkniMb/8OeXOjJZuQwTMMTLI0rQbId4o7/Q/xJfUPW/0cwInuK4bDwEDgytuJadB/Fe2j3/u+Al2X/rcVRASJ0X6YgVA6C83/fBSe5JFmm1ZDfx9bNRRS4NrQopmCYcvt/W13RpUXlwD9w0d0VV9uJQVAgUjdaZA99Y2f3nA6CIdksXsN9myzFcCrA==&u=U2FsdGVkX1+LMHalGveKKYRpiiHfTwtLNo0hzzjR/Z0B/uV5IaAQYZ7gvAk7BT+/&y=U2FsdGVkX19e94FOOYQjIj6LRRefylqPCHVuK2L+jB3X3O3jlRok0hd3ob6gyXXz HTTP/1.1" 200 25
186.102.31.50 - - [31/May/2022:08:22:05 -0500] "GET /kwssiamovil/sm/acme/a?s=U2FsdGVkX186TgdJGqMe7QqqrVHnsE9WHWjio0AqxwN4yxJcEcrn0MOLEYoHtBjHi/9CytqERQLv+hvfoaysDm3n7tMIW34A2cJbc5QnQJqojLNNQHY69ba/wpC5rthGjTppVbh6GoKctpCVjxWQNW/UNXWUxVli797jCw33M9kDnlyhKHNyIuI2YpXe4uxWiBYbSJj3IKFadJNjIHC351c07IhGXVGAg+Mny4GeoK3UN7ApAYUrl6ogg3jp5j13bHhLw24qKslzdyFftQhe4Icq68qegF4WorixOsb0cPiZPWrAnOS/8tVWcoaKDE3OoQ+x7Okx/erewi3FKS1d72BeyoJ7PAnzSDA1UB8NxZRJMN+zLrrZxnOtPVYiFqcc5ddGFWdJDJF7ZrnotkoYNzEGK63EEuUpwQy1r9dUHf+hs/y2yuZ5vJUL1PcLS+nGnu/a1xkSifMjwS9bo+5/v83OmvMSorrOSz2pdoNa3VVHCIyh6tdTH3hTiP4TogEYFUWGlSF9PMHw+tu7P8e1aZa7/stjqPcIt8RSO1+8JM6oKJfQwQ4951W1MpQHuyz45qIgijBKWxlNaZ28DosB0CUqg2zBe/ZkXIKdzKUJ0pwqz7tRIrU6dLsaHHtvWUryPIQcVZYTRehNIy2RkPLXBw54XhqCJpiaG8lmWiZsIrAMjudhrdiuBrjH6P28gK0mzHTb8yh5tkSyRZQmbuTuW2h8a2GqDT3HDV9P0yoyWNbY+vD9CUevuvZOfgvK03rVoX7gzmpXsjJZg9Sud4Bdi1AudyNQYRud0rZRVldLiCBXxrzfIbXSfAALB4wjGuc7757ggdw/Orq+VCJU53ALcjw+IT4MQOFLznmjF2EgnjqvsbPx6GyD9dNEHrT72k1Rfdb1vVdsooKZReO47BsbiAbfmg0GyKxpqDKwqXZBmywUqVfQN1DMDW7GQCWHgqQ0oxU/Dgmph0UvIptHhXj09RqdVI+fqQxKhoF6yuzIsSpKSq/nae4TiqDpriUVHtdla8A+36l3eFAGg2MmP4n0SOeudHf66e31bt7GZ97BpL5qADLYC1gcfOs2T95VGWaS0lo7zaY1wPPxRHboEjvojDqbNSkTOx8Hrsljz9mC7NNclf4MhMlVn7AJLz2C6c2fGRYzngiEjmmFcoD0eAYEeJfDCmyj+XG8mUcqpb3JrcGYoGvM7gThb4uz6IvBEDdZmB7smgvBXj+3/14mikTkshBHBKUto5fogdSlS03E4V+dHsNjzfHOwMh3SVnEbbwaej/zax9VkjiFyNrDp3RQi3omipCoSDOL3R2NZmdBQWESWe/PDpCjS4RxXiYhfb2zze+ptFoLpZ6pUBfIpAAh078qOVHx5gjyMMMAG/TSeav2p2tC5ldF4LYQYkENV9TrtHjKB447iaLEE4a2JqACXTh9VB9BpnwGQmLLBnEejOA4OEup0sNjGDV0nR97W7t3UfyRYMi+9Z2sPNeFAbBvrzq4H3PZrDk0tAAYzAG/qvzbbNBuX7sS1Wjr4Tzwlc6PGSPrKdSkJci+/o9A7xvnE9NAF2IahoRKYuTHSkRLRUeoG86FhCahXLYnj/Gz8J2CjcwerI3fPLQx49p57/WqUynF9d2KGmpJDX7fUIcjaKTT8yfMjO+pJjQ116UIPYfX&u=U2FsdGVkX1+LMHalGveKKYRpiiHfTwtLNo0hzzjR/Z0B/uV5IaAQYZ7gvAk7BT+/&y=U2FsdGVkX19e94FOOYQjIj6LRRefylqPCHVuK2L+jB3X3O3jlRok0hd3ob6gyXXz HTTP/1.1" 200 25
186.102.31.50 - - [31/May/2022:08:22:05 -0500] "GET /kwssiamovil/sm/acme/a?s=U2FsdGVkX18Hkl6V/IoYgSms4i9k2JAWrBSMCawnVwHVsTNbadEBxX35+7aAsOofodQEhPgUmBkszhRebq42hW8BVD8s9vVg5Bo8OPGwsLOu7UwX6Nmnj4++LIdsCIDvGMh7cm5RzPvitfCGwAOSV+ujgsztsXi+NKxJ8c2T1bU=&u=U2FsdGVkX1+LMHalGveKKYRpiiHfTwtLNo0hzzjR/Z0B/uV5IaAQYZ7gvAk7BT+/&y=U2FsdGVkX19e94FOOYQjIj6LRRefylqPCHVuK2L+jB3X3O3jlRok0hd3ob6gyXXz HTTP/1.1" 200 25
186.102.31.50 - - [31/May/2022:08:22:05 -0500] "GET /kwssiamovil/sm/acme/a?s=U2FsdGVkX18ucJSgO6HkzD7/3NslJW83Me+s7/aP2M7R2DBWHdU2sD2gCEl1biYJD8cKBx4m0N7XKHCieqHzDabH1SjjAThb5bSnUM2Ol3Kgquh7UVoeVVm0I7KPiJ8dbV+di/hjYs8lZ0VmRZgVeVljSeZRwWXTIz8lQWa8zLI=&u=U2FsdGVkX1+LMHalGveKKYRpiiHfTwtLNo0hzzjR/Z0B/uV5IaAQYZ7gvAk7BT+/&y=U2FsdGVkX19e94FOOYQjIj6LRRefylqPCHVuK2L+jB3X3O3jlRok0hd3ob6gyXXz HTTP/1.1" 200 25
186.102.31.50 - - [31/May/2022:08:22:06 -0500] "GET /kwssiamovil/sm/acme/a?s=U2FsdGVkX1/G0VW5yHxno29XSLdnHA18LIX7rQMqBfIuIS2GP5qAA80kC+ZLY5IQjqMf9SgK1tpY6p36WYj546Yjg3OJq6PqD+FaIBQhSWzwSmZhGB7pofLz1RR4LQZg6RZpjtx+oCoNw0k4iZBweWu0pCb3x/SkCNZjHGxjy5A=&u=U2FsdGVkX1+LMHalGveKKYRpiiHfTwtLNo0hzzjR/Z0B/uV5IaAQYZ7gvAk7BT+/&y=U2FsdGVkX19e94FOOYQjIj6LRRefylqPCHVuK2L+jB3X3O3jlRok0hd3ob6gyXXz HTTP/1.1" 200 25
186.102.31.50 - - [31/May/2022:08:22:06 -0500] "GET /kwssiamovil/sm/acme/a?s=U2FsdGVkX19ZP12dF7CQMheqHc7nLKrQbp9kSOJYBOb0gz5OgP4U0a5BATvxQFKjuYjsSwWqs/lGGvVBbyg2KGVposlvnXlTH2mb/IIrjtrGuL/Km8qFCBLcL/g00Tsn0HfyjOHoSGzTrYVuuFB1RcfnoTSV5lJfvLeUEsarCvW3FRngiTyfamM7LwyO3I9Q&u=U2FsdGVkX1+LMHalGveKKYRpiiHfTwtLNo0hzzjR/Z0B/uV5IaAQYZ7gvAk7BT+/&y=U2FsdGVkX19e94FOOYQjIj6LRRefylqPCHVuK2L+jB3X3O3jlRok0hd3ob6gyXXz HTTP/1.1" 200 25
186.102.31.50 - - [31/May/2022:08:22:06 -0500] "GET /kwssiamovil/sm/acme/a?s=U2FsdGVkX1/+LwNUTN5MQdjpBgOGfrZvQSubUEgp+4Gm2ZENye+LRmIcBeZZ4JLpRi1R/v8fAHeCJV6jjQZ78M2Ttgp+bTeMbLtDwap1EpaytxThgSeNbJOJG3Eg/5jX/XlBHdO86A3nuRqkty059DXUCv+azK3ybxOK62dISZkvIRI5alZGL3JWRc0m3fYnUc2FooPHlx4XPKfTOMHm4g==&u=U2FsdGVkX1+LMHalGveKKYRpiiHfTwtLNo0hzzjR/Z0B/uV5IaAQYZ7gvAk7BT+/&y=U2FsdGVkX19e94FOOYQjIj6LRRefylqPCHVuK2L+jB3X3O3jlRok0hd3ob6gyXXz HTTP/1.1" 200 25
186.102.31.50 - - [31/May/2022:08:22:06 -0500] "GET /kwssiamovil/sm/acme/a?s=U2FsdGVkX1/2HvQ7UlU10C01jMQgjlFulxz8pPZRxScdHinKxknAoP+fbPw7LHMwZhLQ19F64q2K+6ZRq8FA3RYwNpGNC/YQULIK7b4O/fGx3C1iWBeJtIZu8rq5rCUYnbLUNvyKVqOC+E2BzMWi4GB4GClvKHp6pm0Nwj6v5Gfd8nJS/lwFshgv9wIhFQ4VUZEzOuNL5CEkAbBZOjhCs1hln+HfBtGFAvtSLhw0Ee61N0mHpwf4gFOSooGX+f4yj/fsKnXD7uSkrd7K/7i05R7lcjy4yzTDtrW/U5toGXFzP9+HQXeUtwTXcoOGD1nKbeqoM0DkuMyp5AI0z8IJh9+8zMhF+HJEw+dsFqtMK1rJRhyPhsY98dRNc14kILMA+uy5BhGNtyqkq50qlgmNTiTxYqhPkeN3oA8rKn3yk3VNxDwz62YM8txTSo26s3EZ1djJWrYEfj3MaDj1IT86jA==&u=U2FsdGVkX1+LMHalGveKKYRpiiHfTwtLNo0hzzjR/Z0B/uV5IaAQYZ7gvAk7BT+/&y=U2FsdGVkX19e94FOOYQjIj6LRRefylqPCHVuK2L+jB3X3O3jlRok0hd3ob6gyXXz HTTP/1.1" 200 25
186.102.31.50 - - [31/May/2022:08:22:07 -0500] "GET /kwssiamovil/sm/acme/a?s=U2FsdGVkX18IzrsEECOTVjiHUt64dRusC3KFIw9/AkurN3SIJ/9ECB9iXS7ElYiMcJly+pJhTsTZnqKjY95fl/OEt3CqeqQv8vr+be/yIy8y2vfhPLDktY29eTSeiDiM+vorYTjr90Ew8sAEd1ZHU4B+nCcOAS4JMhh2aON3iRxsmM4KsrxVgdRXJNvJwmt9&u=U2FsdGVkX1+LMHalGveKKYRpiiHfTwtLNo0hzzjR/Z0B/uV5IaAQYZ7gvAk7BT+/&y=U2FsdGVkX19e94FOOYQjIj6LRRefylqPCHVuK2L+jB3X3O3jlRok0hd3ob6gyXXz HTTP/1.1" 200 25
186.102.31.50 - - [31/May/2022:08:22:07 -0500] "GET /kwssiamovil/sm/acme/a?s=U2FsdGVkX18nwztuFGUVbQ0K1Z7FYovrWBuKyuIHj6zV6LnsMebuQtHtkfpOrazxusD0j/K7MQsoiUU6mU00+IZJYk0jcdilZLVmEVGfamuss8w7Vo3xWJ2LjbRNllVU6gfRWnbmQaN/ULvuYYY5VTVcsLG674Xw1mlJashGgpXQmOxKVNRztIk5xn3VazZezeFRx3EvyoQy6QaaZA2zVFpPIOI5AfJqn5UqRqyIHNvA9y/vNVbpAQUdvWML6TtPOLKSHK5Y9AWl9/7nNZ/IlT+5Hnijy4f34RgevGF+G9FHIL1gkulOITGI3USYii3Po9/tUM6INfEpxBOC8DJjP5GKo45XZYyghu2y8O65NoEaxs6u6YDYGV5o9PUzmaY2Bt3x11Fv5V+KvL0heyfGo891NSPKyGA73pgCXIDFjx0=&u=U2FsdGVkX1+LMHalGveKKYRpiiHfTwtLNo0hzzjR/Z0B/uV5IaAQYZ7gvAk7BT+/&y=U2FsdGVkX19e94FOOYQjIj6LRRefylqPCHVuK2L+jB3X3O3jlRok0hd3ob6gyXXz HTTP/1.1" 200 25
186.102.31.50 - - [31/May/2022:08:22:07 -0500] "GET /kwssiamovil/sm/acme/a?s=U2FsdGVkX1+yeusbz/MM7VjTesIlva0YzTRgug9It2e2zl1RDUyNnW0nxmpwfLu3CAw0mXnEX3VJjs4wCRvsxV8ru7HUWaahsWL2F6E3be/mjMCnrwCbLnTckrAu5Szn2fhmO5ibWb+EECLofRBTYt87JQW8iA7fLXOnRrHGtnYVYRm3qzCS8XXIg1jzkjc5RObjqNy1rOfofdw42OrGPA==&u=U2FsdGVkX1+LMHalGveKKYRpiiHfTwtLNo0hzzjR/Z0B/uV5IaAQYZ7gvAk7BT+/&y=U2FsdGVkX19e94FOOYQjIj6LRRefylqPCHVuK2L+jB3X3O3jlRok0hd3ob6gyXXz HTTP/1.1" 200 25
186.102.31.50 - - [31/May/2022:08:22:07 -0500] "GET /kwssiamovil/sm/acme/a?s=U2FsdGVkX1+GhXEe/tKCacWHJE2/o8+zCVNxKKvq50E1svX9wcR1UPgztQD++lhj4W3kH1Ud86Jr+PzmrXDJnUtfQjCagvVbfkBsi5+2UsyFDpEoDkE3wueswQYYw99bFSLLVylGZKBqzbG49EMP4kXYM7u1qhK/h1us0RrflXVqE2kaKou1Ua3kANGqmMRE&u=U2FsdGVkX1+LMHalGveKKYRpiiHfTwtLNo0hzzjR/Z0B/uV5IaAQYZ7gvAk7BT+/&y=U2FsdGVkX19e94FOOYQjIj6LRRefylqPCHVuK2L+jB3X3O3jlRok0hd3ob6gyXXz HTTP/1.1" 200 25
186.102.31.50 - - [31/May/2022:08:22:08 -0500] "GET /kwssiamovil/sm/acme/a?s=U2FsdGVkX18/Txk3/QIww3L90Pl2fhquIDddCshGP9Tdp/CwLFZZgcf0q+JT7HvhwaRpHODI9O9dSr7yS0CRQodPvNHdk2mwx4Nti9ojyf7u5QQ5sj470hoMrMNCZbymqHSxzSJ8Eju6r75jxgQclq1lscm04XvcydHG0xKFGNAQiqmzBh7ct/LYzOsV8fLbokFwjBc8L8j6Wb+R2zmfdA==&u=U2FsdGVkX1+LMHalGveKKYRpiiHfTwtLNo0hzzjR/Z0B/uV5IaAQYZ7gvAk7BT+/&y=U2FsdGVkX19e94FOOYQjIj6LRRefylqPCHVuK2L+jB3X3O3jlRok0hd3ob6gyXXz HTTP/1.1" 200 25
186.102.31.50 - - [31/May/2022:08:22:08 -0500] "GET /kwssiamovil/sm/acme/a?s=U2FsdGVkX1+pqfyQI8Ahc7iUWV3KWOYAOazWNnQiM/lDKqfedbciwrgRgwbe4mLNDORwi+cNi6QhGQVY8JeyKpPWc2DpikEWHeODKi38UYjdDE+OLwjpqeji82/r2moKVFKsZM4FPc2OtAo3+zFK8IxmjkO7bWY876Wna2IaH4I6NMBuafaMhHpsyV8H08zItt7r/+wrtStxImTqmQNMig==&u=U2FsdGVkX1+LMHalGveKKYRpiiHfTwtLNo0hzzjR/Z0B/uV5IaAQYZ7gvAk7BT+/&y=U2FsdGVkX19e94FOOYQjIj6LRRefylqPCHVuK2L+jB3X3O3jlRok0hd3ob6gyXXz HTTP/1.1" 200 25
186.102.31.50 - - [31/May/2022:08:22:08 -0500] "GET /kwssiamovil/sm/acme/a?s=U2FsdGVkX19Q6U5u//XtI9yQH2NAywTfQqQMvWE9UgHH0dqfG2D1aL1HXHfAzjm0mf0OjTELuI6rGHHaIXwaiTLeW6d2FOQkeVUM2E6l5nQOWOvD8mM3BVhmZl40bCn1a9XVts9VDx69QMPFjTgc4rBKE/JbMPNypsqjnIm6XdlOKAbAXAULZ0+PrW08xW69AiNB/xvvt8i57dmPjHYqOg==&u=U2FsdGVkX1+LMHalGveKKYRpiiHfTwtLNo0hzzjR/Z0B/uV5IaAQYZ7gvAk7BT+/&y=U2FsdGVkX19e94FOOYQjIj6LRRefylqPCHVuK2L+jB3X3O3jlRok0hd3ob6gyXXz HTTP/1.1" 200 25
186.102.31.50 - - [31/May/2022:08:22:08 -0500] "GET /kwssiamovil/sm/acme/a?s=U2FsdGVkX18ksPNRx1EAIGBb8qpyKqe/Eg0Wq+bEsN+Bmsal/jULW0yM7KszP3N9Orvda1w0+dQUOWzV+p4VyPrkYt1Jt4vyfNdU9OOi3w9un8VjsD6i4efUDvyyzo0/bYObjy6tgfzNTggREmEL052IZ29dhvDMoDzPddu4r9REdxftK7eNtAPf58fZrXfZ&u=U2FsdGVkX1+LMHalGveKKYRpiiHfTwtLNo0hzzjR/Z0B/uV5IaAQYZ7gvAk7BT+/&y=U2FsdGVkX19e94FOOYQjIj6LRRefylqPCHVuK2L+jB3X3O3jlRok0hd3ob6gyXXz HTTP/1.1" 200 25
186.102.31.50 - - [31/May/2022:08:22:09 -0500] "GET /kwssiamovil/sm/acme/a?s=U2FsdGVkX1/+X7d5V7DtDI/auonTXnjL2TYQD00E5ZoW86uVs7rbz8vzrTNYsRgOGg5Z/pf/Qv0LR2pPkf1v2T8TqNK9OCWn+txN/28dneBtd12IGocnYmRdRTKy9jpmzOheuvophtFrxS2MwehjufP6jKba1ERrVfBWI7IhpT2SKj4qje3Y8J4g7RdxHWufDYczYZ8fv2JUTDIMySlWvw==&u=U2FsdGVkX1+LMHalGveKKYRpiiHfTwtLNo0hzzjR/Z0B/uV5IaAQYZ7gvAk7BT+/&y=U2FsdGVkX19e94FOOYQjIj6LRRefylqPCHVuK2L+jB3X3O3jlRok0hd3ob6gyXXz HTTP/1.1" 200 25
186.102.31.50 - - [31/May/2022:08:22:09 -0500] "GET /kwssiamovil/sm/acme/a?s=U2FsdGVkX1/8EdfJWz5bfudOzR1HgL6hgzMD70fjTEgb6aLX9NAjkPAg5f0L2ws40bAMnydkzDmkClxkNR4x69lkszTGNvmFIwTkZyiKTmcu+m+quhswU4JpqE7Q5U/Y/t7/DEgDIm0I2l7bvRUGesHIeA25FNQwM4qhgFUF/r39o5i7R1Mv/MbkmPxsHyv2&u=U2FsdGVkX1+LMHalGveKKYRpiiHfTwtLNo0hzzjR/Z0B/uV5IaAQYZ7gvAk7BT+/&y=U2FsdGVkX19e94FOOYQjIj6LRRefylqPCHVuK2L+jB3X3O3jlRok0hd3ob6gyXXz HTTP/1.1" 200 25
186.114.255.90 - - [31/May/2022:08:22:13 -0500] "GET /semana-ambiental-2022-del-31-de-mayo-al-5-de-junio-se-celebrara-en-bogota.html?fbclid=IwAR2g3KnCvGm-0L7kSJqOXv1QqMFS0dy2ERNyOj2qtXAZ1eWXh6OUywQcILo HTTP/1.1" 200 799
201.245.192.253 - - [31/May/2022:08:21:26 -0500] "POST /kwsrmcab/Wsrmcab HTTP/1.1" 200 46632
216.245.221.92 - - [31/May/2022:08:22:31 -0500] "HEAD / HTTP/1.1" 200 -
200.118.64.109 - - [31/May/2022:08:22:31 -0500] "POST /forms/lservlet;jsessionid=ac16012b30d6ad9496c8287044309e7d8030d938c807.e3iSbxaKaheRe34MbxmQaheMbNz0n6jAmljGr5XDqQLvpAe HTTP/1.1" 200 2
186.102.31.50 - - [31/May/2022:08:22:33 -0500] "GET /kwssiamovil/sm/acme/u?s=U2FsdGVkX18dKWQ9EFx4cjkJ+8DX4llpv9BpzzNn/QCmUMN3B1nGjj4fTo9M3tDhDdsByNihuee3JgqQCpb0CPEK6/EPHEnFNI0H98+5OYtE4UY1twhxniKcFlo0ivmGdkhJvoEvx32uiP2B56X80Q==&u=U2FsdGVkX1+LMHalGveKKYRpiiHfTwtLNo0hzzjR/Z0B/uV5IaAQYZ7gvAk7BT+/&y=U2FsdGVkX19e94FOOYQjIj6LRRefylqPCHVuK2L+jB3X3O3jlRok0hd3ob6gyXXz HTTP/1.1" 200 60
186.80.52.63 - - [31/May/2022:08:22:46 -0500] "GET /sipse/faces/index.xhtml HTTP/1.1" 200 677
186.80.52.63 - - [31/May/2022:08:22:46 -0500] "GET /sipse/faces/javax.faces.resource/theme.css?ln=primefaces-sipse HTTP/1.1" 200 50058
186.80.52.63 - - [31/May/2022:08:22:47 -0500] "GET /favicon.ico HTTP/1.1" 200 7782
186.80.52.63 - - [31/May/2022:08:22:47 -0500] "GET /sipse/faces/faces/autenticacion.xhtml HTTP/1.1" 200 12169
186.80.52.63 - - [31/May/2022:08:22:47 -0500] "GET /sipse/js/disable_browser_buttons.js HTTP/1.1" 200 3230
186.80.52.63 - - [31/May/2022:08:22:47 -0500] "GET /sipse/js/funciones.js HTTP/1.1" 200 12592
186.80.52.63 - - [31/May/2022:08:22:47 -0500] "GET /sipse/css/custom_css_sg.css HTTP/1.1" 200 9694
