!C99Shell v. 1.0 pre-release build #13!

Software: Apache. PHP/5.5.15 

uname -a: Windows NT SVR-DMZ 6.1 build 7600 (Windows Server 2008 R2 Enterprise Edition) i586 

SYSTEM 

Safe-mode: OFF (not secure)

E:\nuevo\apache\logs\   drwxrwxrwx
Free 9.41 GB of 239.26 GB (3.93%)
Detected drives: [ a ] [ c ] [ d ] [ e ] [ f ]
Home    Back    Forward    UPDIR    Refresh    Search    Buffer    Encoder    Tools    Proc.    FTP brute    Sec.    SQL    PHP-code    Update    Feedback    Self remove    Logout    


Viewing file:     access.2022.05.31.log (2.12 MB)      -rw-rw-rw-
Select action/file-type:
(+) | (+) | (+) | Code (+) | Session (+) | (+) | SDB (+) | (+) | (+) | (+) | (+) | (+) |
216.245.221.92 - - [31/May/2022:00:00:11 -0500] "HEAD / HTTP/1.1" 200 -
35.208.187.63 - - [31/May/2022:00:00:35 -0500] "HEAD /BLA/resoluciones/RESOLUCIONES%202017/0520.pdf HTTP/1.1" 200 -
186.80.52.47 - - [31/May/2022:00:00:32 -0500] "GET /kwssiamovil/sm/ldap/au?x=U2FsdGVkX19MMq1MhNVU3bjg5W1rgdKMlSiznfq++xeB7vHh/9/jeRdOYI2AZ6vZ&y=U2FsdGVkX1/qbpMvw06Gfgq+oMpCdnjoV5jfPiyaINA= HTTP/1.1" 502 1344
40.77.139.89 - - [31/May/2022:00:02:15 -0500] "GET /BLA/boletinlegal/style.css HTTP/1.1" 200 9406
40.77.139.85 - - [31/May/2022:00:02:15 -0500] "GET /BLA/boletinlegal/styles2.css HTTP/1.1" 200 1838
186.80.52.47 - - [31/May/2022:00:00:33 -0500] "GET /kwssiamovil/sm/ldap/au?x=U2FsdGVkX1/eyfvY6o+5ClGFW98skZ10nt4jF+dfErooBvlOcqsL9YeEH3xka2G5&y=U2FsdGVkX18uknj8L+7ql7WNPka3yKHf28jkNfcaPJo= HTTP/1.1" 502 1344
172.22.2.4 - - [31/May/2022:00:01:48 -0500] "HEAD /BLA/boletinlegal/ HTTP/1.1" 200 -
186.80.52.47 - - [30/May/2022:23:59:52 -0500] "GET /kwssiamovil/sm/ldap/au?x=U2FsdGVkX18lXcpULk4Pc3Yx9Qp27uwJ4N17CA6m74rXqGw6qNHtuE3Ij43hEF6y&y=U2FsdGVkX1+Ztc6szMb1HspKsxiJ08QSuBkkTEkA4UI= HTTP/1.1" 502 1344
186.80.52.47 - - [31/May/2022:00:00:34 -0500] "GET /kwssiamovil/sm/ldap/au?x=U2FsdGVkX19rBQFDiqNi+2vkm5iu7yAZmbwc2dAlZB59WXrESEF9/M8HSX5cXo3w&y=U2FsdGVkX19uQW3o0h9W34QN69ew8p6d77xqBMLhcZg= HTTP/1.1" 502 1344
172.22.2.4 - - [31/May/2022:00:02:38 -0500] "GET /BLA/boletinlegal/ HTTP/1.1" 200 58482
186.80.52.47 - - [30/May/2022:23:59:56 -0500] "GET /kwssiamovil/sm/ldap/au?x=U2FsdGVkX19M+LZvHN0RexIYRvbiijREsEsEPmSehQhtyemD0e1xVcdmfpxmPNcH&y=U2FsdGVkX18qGh/D5QlqIK5QhwraZhACLNQm+LYMr7o= HTTP/1.1" 500 -
186.80.52.47 - - [31/May/2022:00:00:08 -0500] "GET /kwssiamovil/sm/ldap/au?x=U2FsdGVkX1/u9rNYfyRZn9l196455VqSX2hHZim14FBUKy7QhCdG6qZvJb6DChH3&y=U2FsdGVkX1+dNy5WgPtCexihMvzu2RXHJG1F5rwswVc= HTTP/1.1" 500 -
186.80.52.47 - - [31/May/2022:00:00:35 -0500] "GET /kwssiamovil/sm/ldap/au?x=U2FsdGVkX18zMDXUjOGN2tW6Y61ZjHLlL0ZfiFQEtP092vooK2S9caX1A1BLKrIS&y=U2FsdGVkX19eqW/OeYznyG+Kmida/EasqGUhRg+oJsI= HTTP/1.1" 502 1344
157.55.39.43 - - [31/May/2022:00:04:40 -0500] "GET /galeria/galeria/fotos/GuaymaralTorca4G.jpg HTTP/1.1" 200 373786
186.80.52.47 - - [30/May/2022:23:59:51 -0500] "GET /kwssiamovil/sm/ldap/au?x=U2FsdGVkX19saj/ylUSxZT/uuxud40BEnPdjGTRtNhmzzH8vkkkQ8lITdbzjrsS3&y=U2FsdGVkX1+XA2+Kodzkn5qQAb6+BBEEDbHzES5pIbM= HTTP/1.1" 500 86
186.102.56.30 - - [30/May/2022:23:59:34 -0500] "GET /kwssiamovil/sm/ldap/au?x=U2FsdGVkX18K2EMDCRxMrTVUTzOX+5cb2lhRDyuzv7fwh1+eBIccLLxUthP5m6eo&y=U2FsdGVkX1+z1JFpjq+yZBJg73JHFs+Yr/4jvgOKrBk= HTTP/1.1" 200 -
216.245.221.92 - - [31/May/2022:00:05:11 -0500] "HEAD / HTTP/1.1" 200 -
172.22.2.4 - - [31/May/2022:00:08:15 -0500] "GET /BLA/boletinlegal/actos.php HTTP/1.1" 200 9559
172.22.2.4 - - [31/May/2022:00:08:16 -0500] "GET /BLA/boletinlegal/styles2.css HTTP/1.1" 200 1838
172.22.2.4 - - [31/May/2022:00:08:16 -0500] "GET /BLA/boletinlegal/js/popup.js HTTP/1.1" 200 1270
172.22.2.4 - - [31/May/2022:00:08:16 -0500] "GET /BLA/boletinlegal/niceforms-default.css HTTP/1.1" 200 6694
172.22.2.4 - - [31/May/2022:00:08:16 -0500] "GET /BLA/boletinlegal/js/jquery1.js HTTP/1.1" 200 29846
172.22.2.4 - - [31/May/2022:00:08:16 -0500] "GET /BLA/boletinlegal/niceforms.js HTTP/1.1" 200 22876
172.22.2.4 - - [31/May/2022:00:08:16 -0500] "GET /BLA/boletinlegal/style.css HTTP/1.1" 200 9406
172.22.2.4 - - [31/May/2022:00:08:16 -0500] "GET /BLA/boletinlegal/js/lib.js HTTP/1.1" 200 6474
172.22.2.4 - - [31/May/2022:00:08:16 -0500] "GET /BLA/boletinlegal/js/ajax_actos.js HTTP/1.1" 200 1322
172.22.2.4 - - [31/May/2022:00:08:16 -0500] "GET /BLA/boletinlegal/images/cabezote%20BLEGAL.jpg HTTP/1.1" 200 118164
172.22.2.4 - - [31/May/2022:00:08:16 -0500] "GET /BLA/boletinlegal/images/subscribe-icon-big.png HTTP/1.1" 200 47702
172.22.2.4 - - [31/May/2022:00:08:16 -0500] "GET /BLA/boletinlegal/images/historia.png HTTP/1.1" 200 52775
172.22.2.4 - - [31/May/2022:00:08:16 -0500] "GET /BLA/boletinlegal/images/registro-usuarios.png HTTP/1.1" 200 8106
172.22.2.4 - - [31/May/2022:00:08:16 -0500] "GET /BLA/boletinlegal/images/green-yellow-blue-pink-th.png HTTP/1.1" 200 7394
172.22.2.4 - - [31/May/2022:00:08:16 -0500] "GET /BLA/boletinlegal/images/abajo.png HTTP/1.1" 200 96676
172.22.2.4 - - [31/May/2022:00:08:16 -0500] "GET /BLA/boletinlegal/images/tel.png HTTP/1.1" 200 14477
172.22.2.4 - - [31/May/2022:00:08:16 -0500] "GET /BLA/boletinlegal/images/icono-email.png HTTP/1.1" 200 5544
172.22.2.4 - - [31/May/2022:00:08:16 -0500] "GET /BLA/boletinlegal/images/body_bg.jpg HTTP/1.1" 200 1601
172.22.2.4 - - [31/May/2022:00:08:16 -0500] "GET /BLA/boletinlegal/images/menu_lft.gif HTTP/1.1" 200 1713
172.22.2.4 - - [31/May/2022:00:08:16 -0500] "GET /BLA/boletinlegal/images/menu_rght.gif HTTP/1.1" 200 1627
172.22.2.4 - - [31/May/2022:00:08:16 -0500] "GET /BLA/boletinlegal/images/bg_top.jpg HTTP/1.1" 200 522
172.22.2.4 - - [31/May/2022:00:08:16 -0500] "GET /BLA/boletinlegal/images/menu_bg.jpg HTTP/1.1" 200 620
172.22.2.4 - - [31/May/2022:00:08:16 -0500] "GET /BLA/boletinlegal/images/hover.jpg HTTP/1.1" 200 640
172.22.2.4 - - [31/May/2022:00:08:16 -0500] "GET /BLA/boletinlegal/images/footer_bg.jpg HTTP/1.1" 200 586
172.22.2.4 - - [31/May/2022:00:08:16 -0500] "GET /BLA/boletinlegal/images/text.jpg HTTP/1.1" 200 568
172.22.2.4 - - [31/May/2022:00:08:16 -0500] "GET /BLA/boletinlegal/images/footer_bg_l.jpg HTTP/1.1" 200 776
172.22.2.4 - - [31/May/2022:00:08:16 -0500] "GET /BLA/boletinlegal/img/0.png HTTP/1.1" 200 110
172.22.2.4 - - [31/May/2022:00:08:16 -0500] "GET /BLA/boletinlegal/img/button.png HTTP/1.1" 200 43241
172.22.2.4 - - [31/May/2022:00:08:16 -0500] "GET /BLA/boletinlegal/img/select-left.png HTTP/1.1" 200 263
172.22.2.4 - - [31/May/2022:00:08:16 -0500] "GET /BLA/boletinlegal/img/select-right.png HTTP/1.1" 200 44019
172.22.2.4 - - [31/May/2022:00:08:16 -0500] "GET /BLA/boletinlegal/img/button-left.png HTTP/1.1" 200 57071
172.22.2.4 - - [31/May/2022:00:08:16 -0500] "GET /BLA/boletinlegal/img/button-right.png HTTP/1.1" 200 57878
172.22.2.4 - - [31/May/2022:00:08:16 -0500] "GET /BLA/boletinlegal/favicon.ico HTTP/1.1" 404 1326
172.22.2.4 - - [31/May/2022:00:08:37 -0500] "GET /BLA/boletinlegal/consulta_actos.php?tipo=resoluciones&no=0190&usuario=&sector=&fecha=2019&resuelve= HTTP/1.1" 200 626
172.22.2.4 - - [31/May/2022:00:08:49 -0500] "GET /BLA/boletinlegal/consulta_actos.php?tipo=resoluciones&no=1905&usuario=&sector=&fecha=2019&resuelve= HTTP/1.1" 200 1487
172.22.2.4 - - [31/May/2022:00:08:49 -0500] "GET /BLA/boletinlegal/images/pdf.gif HTTP/1.1" 200 567
207.46.13.146 - - [31/May/2022:00:08:51 -0500] "GET /BLA/resoluciones/RESOLUCIONES%202021/2903.pdf HTTP/1.1" 200 474460
200.119.48.95 - - [31/May/2022:00:09:01 -0500] "GET /BLA/resoluciones/RESOLUCIONES%202019/1905.pdf HTTP/1.1" 200 1832203
172.22.2.4 - - [31/May/2022:00:07:38 -0500] "HEAD /BLA/boletinlegal/ HTTP/1.1" 200 -
172.22.2.4 - - [31/May/2022:00:08:28 -0500] "GET /BLA/boletinlegal/ HTTP/1.1" 200 58029
216.245.221.92 - - [31/May/2022:00:10:11 -0500] "HEAD / HTTP/1.1" 200 -
152.61.192.232 - - [31/May/2022:00:12:10 -0500] "GET / HTTP/1.1" 200 319
66.249.79.111 - - [31/May/2022:00:14:42 -0500] "-" 408 -
172.22.2.4 - - [31/May/2022:00:13:28 -0500] "HEAD /BLA/boletinlegal/ HTTP/1.1" 200 -
216.245.221.92 - - [31/May/2022:00:15:11 -0500] "HEAD / HTTP/1.1" 200 -
172.22.2.4 - - [31/May/2022:00:14:18 -0500] "GET /BLA/boletinlegal/ HTTP/1.1" 200 58482
186.29.234.250 - - [31/May/2022:00:19:21 -0500] "GET /BLA/resoluciones/index.php?dir= HTTP/1.1" 200 13093
186.29.234.250 - - [31/May/2022:00:19:29 -0500] "GET /BLA/resoluciones/index.php?dir=AUTOS+2018%2F HTTP/1.1" 200 434154
216.245.221.92 - - [31/May/2022:00:20:11 -0500] "HEAD / HTTP/1.1" 200 -
172.22.2.4 - - [31/May/2022:00:19:08 -0500] "GET /BLA/boletinlegal/ HTTP/1.1" 200 51491
172.22.2.4 - - [31/May/2022:00:19:18 -0500] "HEAD /BLA/boletinlegal/ HTTP/1.1" 200 -
186.102.14.169 - - [30/May/2022:22:40:37 -0500] "POST /kwssiamovil/sm/setfile/f? HTTP/1.1" 502 1349
192.241.204.100 - - [31/May/2022:00:21:08 -0500] "GET / HTTP/1.1" 200 319
152.61.128.50 - - [31/May/2022:00:21:37 -0500] "GET / HTTP/1.1" 200 319
172.22.2.4 - - [31/May/2022:00:20:08 -0500] "GET /BLA/boletinlegal/ HTTP/1.1" 200 53831
2.57.122.35 - - [31/May/2022:00:22:43 -0500] "GET / HTTP/1.1" 200 319
157.55.39.127 - - [31/May/2022:00:23:49 -0500] "GET /galeria/galeria/jquery.fancybox.css?v=2.1.5 HTTP/1.1" 200 4895
172.22.2.4 - - [31/May/2022:00:23:54 -0500] "GET /BLA/boletinlegal/robots.txt HTTP/1.1" 404 1140
40.77.167.79 - - [31/May/2022:00:23:59 -0500] "GET /galeria/bibloteca/contentflow.js HTTP/1.1" 200 42804
35.204.192.146 - - [31/May/2022:00:24:36 -0500] "GET / HTTP/1.1" 200 319
157.55.39.215 - - [31/May/2022:00:25:09 -0500] "GET /portaldeninos/wp-content/uploads/2021/07/inforgrafia-agua-35x146.jpg HTTP/1.1" 200 3574
216.245.221.92 - - [31/May/2022:00:25:11 -0500] "HEAD / HTTP/1.1" 200 -
173.252.107.10 - - [31/May/2022:00:25:47 -0500] "GET /images/pieza-grafica-cronograma-rio-bog.jpg HTTP/1.1" 200 293470
172.22.2.4 - - [31/May/2022:00:25:08 -0500] "HEAD /BLA/boletinlegal/ HTTP/1.1" 200 -
172.22.2.4 - - [31/May/2022:00:25:58 -0500] "GET /BLA/boletinlegal/ HTTP/1.1" 200 58482
216.245.221.92 - - [31/May/2022:00:30:11 -0500] "HEAD / HTTP/1.1" 200 -
71.6.135.131 - - [31/May/2022:00:32:00 -0500] "GET / HTTP/1.1" 200 319
71.6.135.131 - - [31/May/2022:00:32:06 -0500] "GET /sitemap.xml HTTP/1.1" 404 1018
71.6.135.131 - - [31/May/2022:00:32:07 -0500] "GET /.well-known/security.txt HTTP/1.1" 404 1018
71.6.135.131 - - [31/May/2022:00:32:07 -0500] "GET /favicon.ico HTTP/1.1" 200 7782
35.233.62.116 - - [31/May/2022:00:32:20 -0500] "GET / HTTP/1.1" 200 319
172.22.2.4 - - [31/May/2022:00:30:58 -0500] "HEAD /BLA/boletinlegal/ HTTP/1.1" 200 -
172.22.2.4 - - [31/May/2022:00:31:48 -0500] "GET /BLA/boletinlegal/ HTTP/1.1" 200 60973
207.46.13.146 - - [31/May/2022:00:34:55 -0500] "GET /BLA/resoluciones/RESOLUCIONES%202021/2903.pdf HTTP/1.1" 200 474460
216.245.221.92 - - [31/May/2022:00:35:11 -0500] "HEAD / HTTP/1.1" 200 -
172.22.2.4 - - [31/May/2022:00:35:30 -0500] "GET /BLA/boletinlegal/ HTTP/1.1" 200 24523
172.22.2.4 - - [31/May/2022:00:36:48 -0500] "HEAD /BLA/boletinlegal/ HTTP/1.1" 200 -
186.80.52.47 - - [30/May/2022:22:58:27 -0500] "POST /kwssiamovil/sm/setfile/f? HTTP/1.1" 502 1349
66.249.79.113 - - [31/May/2022:00:39:15 -0500] "-" 408 -
172.22.2.4 - - [31/May/2022:00:37:38 -0500] "GET /BLA/boletinlegal/ HTTP/1.1" 200 58482
40.77.139.58 - - [31/May/2022:00:39:53 -0500] "GET /galeria/bibloteca/contentflow.css HTTP/1.1" 200 3201
40.77.139.58 - - [31/May/2022:00:39:53 -0500] "GET /galeria/bibloteca/mycontentflow.css HTTP/1.1" 200 3110
40.77.139.58 - - [31/May/2022:00:39:53 -0500] "GET /galeria/bibloteca/ContentFlowAddOn_white.js HTTP/1.1" 200 2497
40.77.139.58 - - [31/May/2022:00:39:54 -0500] "GET /galeria/bibloteca/ContentFlowAddOn_white.css HTTP/1.1" 200 3355
216.245.221.92 - - [31/May/2022:00:40:11 -0500] "HEAD / HTTP/1.1" 200 -
186.80.52.47 - - [30/May/2022:23:01:51 -0500] "POST /kwssiamovil/sm/setfile/f? HTTP/1.1" 502 1349
172.22.2.4 - - [31/May/2022:00:41:18 -0500] "GET /BLA/boletinlegal/ HTTP/1.1" 200 61903
172.22.2.4 - - [31/May/2022:00:42:38 -0500] "HEAD /BLA/boletinlegal/ HTTP/1.1" 200 -
172.22.2.4 - - [31/May/2022:00:45:08 -0500] "GET /BLA/boletinlegal/actas/097-2013.pdf HTTP/1.1" 200 164183
172.22.2.4 - - [31/May/2022:00:43:28 -0500] "GET /BLA/boletinlegal/ HTTP/1.1" 200 60973
216.245.221.92 - - [31/May/2022:00:45:11 -0500] "HEAD / HTTP/1.1" 200 -
66.249.79.111 - - [31/May/2022:00:45:22 -0500] "-" 408 -
172.22.2.4 - - [31/May/2022:00:47:09 -0500] "GET /BLA/boletinlegal/jurisprudencia/analisis/AnalisisT-606-15.docx HTTP/1.1" 200 26698
172.22.2.4 - - [31/May/2022:00:47:10 -0500] "GET /BLA/boletinlegal/apple-touch-icon-120x120-precomposed.png HTTP/1.1" 404 1140
172.22.2.4 - - [31/May/2022:00:47:10 -0500] "GET /BLA/boletinlegal/apple-touch-icon-120x120.png HTTP/1.1" 404 1140
172.22.2.4 - - [31/May/2022:00:47:10 -0500] "GET /BLA/boletinlegal/apple-touch-icon-precomposed.png HTTP/1.1" 404 1140
172.22.2.4 - - [31/May/2022:00:47:10 -0500] "GET /BLA/boletinlegal/apple-touch-icon.png HTTP/1.1" 404 1140
172.22.2.4 - - [31/May/2022:00:47:10 -0500] "GET /BLA/boletinlegal/favicon.ico HTTP/1.1" 404 1140
172.22.2.4 - - [31/May/2022:00:47:10 -0500] "GET /BLA/boletinlegal/apple-touch-icon-120x120-precomposed.png HTTP/1.1" 404 1140
172.22.2.4 - - [31/May/2022:00:47:10 -0500] "GET /BLA/boletinlegal/apple-touch-icon-120x120.png HTTP/1.1" 404 1140
172.22.2.4 - - [31/May/2022:00:47:10 -0500] "GET /BLA/boletinlegal/apple-touch-icon-precomposed.png HTTP/1.1" 404 1140
172.22.2.4 - - [31/May/2022:00:47:10 -0500] "GET /BLA/boletinlegal/apple-touch-icon.png HTTP/1.1" 404 1140
172.22.2.4 - - [31/May/2022:00:47:10 -0500] "GET /BLA/boletinlegal/favicon.ico HTTP/1.1" 404 1140
172.22.2.4 - - [31/May/2022:00:48:28 -0500] "HEAD /BLA/boletinlegal/ HTTP/1.1" 200 -
216.245.221.92 - - [31/May/2022:00:50:11 -0500] "HEAD / HTTP/1.1" 200 -
172.22.2.4 - - [31/May/2022:00:49:18 -0500] "GET /BLA/boletinlegal/ HTTP/1.1" 200 60581
66.249.79.111 - - [31/May/2022:00:51:07 -0500] "-" 408 -
207.46.13.179 - - [31/May/2022:00:52:52 -0500] "GET /BLA/resoluciones/index.php?dir=RESOLUCIONES+2022%2F HTTP/1.1" 200 31804
191.108.17.50 - - [30/May/2022:23:14:04 -0500] "POST /kwssiamovil/sm/setfile/f? HTTP/1.1" 502 1349
216.245.221.92 - - [31/May/2022:00:55:11 -0500] "HEAD / HTTP/1.1" 200 -
172.22.2.4 - - [31/May/2022:00:54:18 -0500] "HEAD /BLA/boletinlegal/ HTTP/1.1" 200 -
172.22.2.4 - - [31/May/2022:00:56:19 -0500] "GET /BLA/boletinlegal/doctrina.php/js/jquery1.js HTTP/1.1" 200 5604
157.55.39.127 - - [31/May/2022:00:56:43 -0500] "GET /bla/resoluciones/autos%202008/2100.pdf HTTP/1.1" 200 132797
172.22.2.4 - - [31/May/2022:00:55:08 -0500] "GET /BLA/boletinlegal/ HTTP/1.1" 200 60973
66.249.79.111 - - [31/May/2022:00:56:52 -0500] "-" 408 -
186.80.52.47 - - [30/May/2022:23:18:18 -0500] "POST /kwssiamovil/sm/setfile/f? HTTP/1.1" 502 1349
172.22.2.4 - - [31/May/2022:00:58:26 -0500] "GET /BLA/boletinlegal/style.css HTTP/1.1" 200 9406
172.22.2.4 - - [31/May/2022:00:58:26 -0500] "GET /BLA/boletinlegal/styles2.css HTTP/1.1" 200 1838
172.22.2.4 - - [31/May/2022:00:58:26 -0500] "GET /BLA/boletinlegal/js/jquery.js HTTP/1.1" 200 57254
172.22.2.4 - - [31/May/2022:00:58:26 -0500] "GET /BLA/boletinlegal/js/jquery.scrollTo-min.js HTTP/1.1" 200 1150
172.22.2.4 - - [31/May/2022:00:58:26 -0500] "GET /BLA/boletinlegal/js/jquery.scrollShow.js HTTP/1.1" 200 4586
172.22.2.4 - - [31/May/2022:00:58:26 -0500] "GET /BLA/boletinlegal/images/cabezote%20BLEGAL.jpg HTTP/1.1" 200 118164
172.22.2.4 - - [31/May/2022:00:58:26 -0500] "GET /BLA/boletinlegal/images/subscribe-icon-big.png HTTP/1.1" 200 47702
172.22.2.4 - - [31/May/2022:00:58:26 -0500] "GET /BLA/boletinlegal/images/historia.png HTTP/1.1" 200 52775
172.22.2.4 - - [31/May/2022:00:58:26 -0500] "GET /BLA/boletinlegal/images/registro-usuarios.png HTTP/1.1" 200 8106
172.22.2.4 - - [31/May/2022:00:58:26 -0500] "GET /BLA/boletinlegal/images/arr_l.jpg HTTP/1.1" 200 1979
172.22.2.4 - - [31/May/2022:00:58:26 -0500] "GET /BLA/boletinlegal/images/screen_1.png HTTP/1.1" 200 202547
172.22.2.4 - - [31/May/2022:00:58:26 -0500] "GET /BLA/boletinlegal/images/launch.jpg HTTP/1.1" 200 14577
172.22.2.4 - - [31/May/2022:00:58:26 -0500] "GET /BLA/boletinlegal/images/body_bg.jpg HTTP/1.1" 200 1601
172.22.2.4 - - [31/May/2022:00:58:26 -0500] "GET /BLA/boletinlegal/images/menu_lft.gif HTTP/1.1" 200 1713
172.22.2.4 - - [31/May/2022:00:58:26 -0500] "GET /BLA/boletinlegal/images/menu_rght.gif HTTP/1.1" 200 1627
172.22.2.4 - - [31/May/2022:00:58:27 -0500] "GET /BLA/boletinlegal/images/hover.jpg HTTP/1.1" 200 640
172.22.2.4 - - [31/May/2022:00:58:27 -0500] "GET /BLA/boletinlegal/images/text.jpg HTTP/1.1" 200 568
172.22.2.4 - - [31/May/2022:00:58:27 -0500] "GET /BLA/boletinlegal/images/menu_bg.jpg HTTP/1.1" 200 620
172.22.2.4 - - [31/May/2022:00:58:27 -0500] "GET /BLA/boletinlegal/images/bg_top.jpg HTTP/1.1" 200 522
172.22.2.4 - - [31/May/2022:00:58:28 -0500] "GET /BLA/boletinlegal/actos.php HTTP/1.1" 200 9559
172.22.2.4 - - [31/May/2022:00:58:28 -0500] "GET /BLA/boletinlegal/js/ajax_actos.js HTTP/1.1" 200 1322
172.22.2.4 - - [31/May/2022:00:58:28 -0500] "GET /BLA/boletinlegal/niceforms.js HTTP/1.1" 200 22876
172.22.2.4 - - [31/May/2022:00:58:28 -0500] "GET /BLA/boletinlegal/niceforms-default.css HTTP/1.1" 200 6694
172.22.2.4 - - [31/May/2022:00:58:28 -0500] "GET /BLA/boletinlegal/js/lib.js HTTP/1.1" 200 6474
172.22.2.4 - - [31/May/2022:00:58:28 -0500] "GET /BLA/boletinlegal/js/popup.js HTTP/1.1" 200 1270
172.22.2.4 - - [31/May/2022:00:58:28 -0500] "GET /BLA/boletinlegal/js/jquery1.js HTTP/1.1" 200 29846
172.22.2.4 - - [31/May/2022:00:58:28 -0500] "GET /BLA/boletinlegal/images/green-yellow-blue-pink-th.png HTTP/1.1" 200 7394
172.22.2.4 - - [31/May/2022:00:58:29 -0500] "GET /BLA/boletinlegal/images/abajo.png HTTP/1.1" 200 96676
172.22.2.4 - - [31/May/2022:00:58:29 -0500] "GET /BLA/boletinlegal/images/tel.png HTTP/1.1" 200 14477
172.22.2.4 - - [31/May/2022:00:58:29 -0500] "GET /BLA/boletinlegal/images/icono-email.png HTTP/1.1" 200 5544
172.22.2.4 - - [31/May/2022:00:58:29 -0500] "GET /BLA/boletinlegal/images/footer_bg.jpg HTTP/1.1" 200 586
172.22.2.4 - - [31/May/2022:00:58:29 -0500] "GET /BLA/boletinlegal/images/footer_bg_l.jpg HTTP/1.1" 200 776
172.22.2.4 - - [31/May/2022:00:58:29 -0500] "GET /BLA/boletinlegal/img/0.png HTTP/1.1" 200 110
172.22.2.4 - - [31/May/2022:00:58:29 -0500] "GET /BLA/boletinlegal/img/select-left.png HTTP/1.1" 200 263
172.22.2.4 - - [31/May/2022:00:58:29 -0500] "GET /BLA/boletinlegal/img/select-right.png HTTP/1.1" 200 44019
172.22.2.4 - - [31/May/2022:00:58:29 -0500] "GET /BLA/boletinlegal/img/button-left.png HTTP/1.1" 200 57071
172.22.2.4 - - [31/May/2022:00:58:29 -0500] "GET /BLA/boletinlegal/img/button.png HTTP/1.1" 200 43241
172.22.2.4 - - [31/May/2022:00:58:29 -0500] "GET /BLA/boletinlegal/favicon.ico HTTP/1.1" 404 1326
172.22.2.4 - - [31/May/2022:00:58:29 -0500] "GET /BLA/boletinlegal/img/button-right.png HTTP/1.1" 200 57878
190.250.96.203 - - [31/May/2022:00:58:31 -0500] "GET /BLA/resoluciones/dlf/styles.css HTTP/1.1" 200 3049
190.250.96.203 - - [31/May/2022:00:58:31 -0500] "GET /BLA/resoluciones/ HTTP/1.1" 200 13093
190.250.96.203 - - [31/May/2022:00:58:31 -0500] "GET /BLA/resoluciones/dlf/folder.png HTTP/1.1" 200 410
190.250.96.203 - - [31/May/2022:00:58:31 -0500] "GET /BLA/resoluciones/dlf/bg.gif HTTP/1.1" 200 54
172.22.2.4 - - [31/May/2022:00:58:32 -0500] "GET /BLA/boletinlegal/images/screen_2.png HTTP/1.1" 200 362502
172.22.2.4 - - [31/May/2022:00:58:32 -0500] "GET /BLA/boletinlegal/images/screen_3.png HTTP/1.1" 200 210620
172.22.2.4 - - [31/May/2022:00:58:33 -0500] "GET /BLA/boletinlegal/images/screen_5.png HTTP/1.1" 200 368876
172.22.2.4 - - [31/May/2022:00:58:33 -0500] "GET /BLA/boletinlegal/images/arr_r.jpg HTTP/1.1" 200 1998
190.250.96.203 - - [31/May/2022:00:58:39 -0500] "GET /BLA/resoluciones/dlf/dirup.png HTTP/1.1" 200 644
190.250.96.203 - - [31/May/2022:00:58:39 -0500] "GET /BLA/resoluciones/dlf/pdf.gif HTTP/1.1" 200 272
190.250.96.203 - - [31/May/2022:00:58:39 -0500] "GET /BLA/resoluciones/dlf/unknown.png HTTP/1.1" 200 266
190.250.96.203 - - [31/May/2022:00:58:39 -0500] "GET /BLA/resoluciones/index.php?dir=AUTOS+2021%2F HTTP/1.1" 200 383700
172.22.2.4 - - [31/May/2022:00:58:41 -0500] "GET /BLA/boletinlegal/images/pdf.gif HTTP/1.1" 200 567
157.55.39.8 - - [31/May/2022:00:58:55 -0500] "GET /BLA/resoluciones/00001449.tif HTTP/1.1" 404 1018
172.22.2.4 - - [31/May/2022:00:58:25 -0500] "GET /BLA/boletinlegal/ HTTP/1.1" 200 63427
216.245.221.92 - - [31/May/2022:01:00:11 -0500] "HEAD / HTTP/1.1" 200 -
152.61.192.232 - - [31/May/2022:01:00:47 -0500] "GET /arcgis/services/Calidad_del_Agua_WQI/MapServer/WMSServer?request=GetCapabilities&service=WMS HTTP/1.1" 503 1020
152.61.192.232 - - [31/May/2022:01:00:49 -0500] "GET /arcgis/services/Calidad_del_Agua_WQI/MapServer/WMSServer?SERVICE=WMS&REQUEST=GetCapabilities HTTP/1.1" 503 1020
152.61.192.232 - - [31/May/2022:01:00:49 -0500] "GET /arcgis/services/Calidad_del_Agua_WQI/MapServer/WMSServer?WMTVER=1.0.0&REQUEST=capabilities HTTP/1.1" 503 1020
172.22.2.4 - - [31/May/2022:01:00:08 -0500] "HEAD /BLA/boletinlegal/ HTTP/1.1" 200 -
172.22.2.4 - - [31/May/2022:01:00:58 -0500] "GET /BLA/boletinlegal/ HTTP/1.1" 200 58482
191.108.17.50 - - [30/May/2022:23:23:13 -0500] "POST /kwssiamovil/sm/setfile/f? HTTP/1.1" 502 1349
216.245.221.92 - - [31/May/2022:01:05:11 -0500] "HEAD / HTTP/1.1" 200 -
172.22.2.4 - - [31/May/2022:01:05:58 -0500] "HEAD /BLA/boletinlegal/ HTTP/1.1" 200 -
31.13.103.4 - - [31/May/2022:01:08:00 -0500] "GET /images/la-vieja-mayo-24.jpg HTTP/1.1" 200 58217
172.22.2.4 - - [31/May/2022:01:06:48 -0500] "GET /BLA/boletinlegal/ HTTP/1.1" 200 55926
216.245.221.92 - - [31/May/2022:01:10:11 -0500] "HEAD / HTTP/1.1" 200 -
185.189.182.234 - - [31/May/2022:01:10:23 -0500] "GET / HTTP/1.1" 400 946
186.80.52.47 - - [30/May/2022:23:30:48 -0500] "POST /kwssiamovil/sm/setfile/f? HTTP/1.1" 502 1349
161.35.48.16 - - [31/May/2022:01:12:39 -0500] "GET /vendor/phpunit/phpunit/src/Util/PHP/eval-stdin.php HTTP/1.1" 404 1018
161.35.48.16 - - [31/May/2022:01:12:39 -0500] "GET /vendor/phpunit/phpunit/src/Util/PHP/evil.php HTTP/1.1" 404 1018
161.35.48.16 - - [31/May/2022:01:12:42 -0500] "GET /app/vendor/phpunit/phpunit/src/Util/PHP/eval-stdin.php HTTP/1.1" 404 1018
161.35.48.16 - - [31/May/2022:01:12:42 -0500] "GET /app/vendor/phpunit/phpunit/src/Util/PHP/evil.php HTTP/1.1" 404 1018
161.35.48.16 - - [31/May/2022:01:12:42 -0500] "GET /yii/vendor/phpunit/phpunit/src/Util/PHP/eval-stdin.php HTTP/1.1" 404 1018
161.35.48.16 - - [31/May/2022:01:12:43 -0500] "GET /yii/vendor/phpunit/phpunit/src/Util/PHP/evil.php HTTP/1.1" 404 1018
161.35.48.16 - - [31/May/2022:01:12:44 -0500] "GET /laravel/vendor/phpunit/phpunit/src/Util/PHP/eval-stdin.php HTTP/1.1" 404 1018
157.55.39.215 - - [31/May/2022:01:12:44 -0500] "GET /portaldeninos/wp-content/uploads/2020/11/Humedal-octubre-6-260x130.jpg HTTP/1.1" 200 9780
161.35.48.16 - - [31/May/2022:01:12:46 -0500] "GET /laravel/vendor/phpunit/phpunit/src/Util/PHP/evil.php HTTP/1.1" 404 1018
161.35.48.16 - - [31/May/2022:01:12:46 -0500] "GET /laravel52/vendor/phpunit/phpunit/src/Util/PHP/eval-stdin.php HTTP/1.1" 404 1018
161.35.48.16 - - [31/May/2022:01:12:49 -0500] "GET /laravel52/vendor/phpunit/phpunit/src/Util/PHP/evil.php HTTP/1.1" 404 1018
161.35.48.16 - - [31/May/2022:01:12:51 -0500] "GET /lib/vendor/phpunit/phpunit/src/Util/PHP/eval-stdin.php HTTP/1.1" 404 1018
161.35.48.16 - - [31/May/2022:01:12:52 -0500] "GET /lib/vendor/phpunit/phpunit/src/Util/PHP/evil.php HTTP/1.1" 404 1018
161.35.48.16 - - [31/May/2022:01:12:53 -0500] "GET /zend/vendor/phpunit/phpunit/src/Util/PHP/eval-stdin.php HTTP/1.1" 404 1018
161.35.48.16 - - [31/May/2022:01:12:54 -0500] "GET /zend/vendor/phpunit/phpunit/src/Util/PHP/evil.php HTTP/1.1" 404 1018
161.35.48.16 - - [31/May/2022:01:12:55 -0500] "GET /.env HTTP/1.1" 404 1018
186.155.16.68 - - [31/May/2022:01:13:09 -0500] "GET /semana-ambiental-2022-del-31-de-mayo-al-5-de-junio-se-celebrara-en-bogota.html HTTP/1.1" 200 799
173.252.107.119 - - [31/May/2022:01:13:10 -0500] "GET /BLA/resoluciones/RESOLUCIONES%202010/4756.pdf HTTP/1.1" 206 524288
172.22.2.4 - - [31/May/2022:01:11:48 -0500] "HEAD /BLA/boletinlegal/ HTTP/1.1" 200 -
172.22.2.4 - - [31/May/2022:01:12:38 -0500] "GET /BLA/boletinlegal/ HTTP/1.1" 200 58482
40.77.167.79 - - [31/May/2022:01:14:35 -0500] "GET / HTTP/1.1" 200 319
216.245.221.92 - - [31/May/2022:01:15:11 -0500] "HEAD / HTTP/1.1" 200 -
172.22.2.4 - - [31/May/2022:01:15:53 -0500] "GET /BLA/boletinlegal/actos.php HTTP/1.1" 200 9559
172.22.2.4 - - [31/May/2022:01:16:04 -0500] "GET /BLA/boletinlegal/consulta_actos.php?tipo=autos&no=1538&usuario=&sector=&fecha=2020&resuelve= HTTP/1.1" 200 1078
186.84.91.62 - - [31/May/2022:01:16:06 -0500] "GET /BLA/resoluciones/ HTTP/1.1" 200 13093
186.84.91.62 - - [31/May/2022:01:16:08 -0500] "GET /BLA/resoluciones/index.php?dir=AUTOS+2020%2F HTTP/1.1" 200 324373
172.22.2.4 - - [31/May/2022:01:15:50 -0500] "GET /BLA/boletinlegal/ HTTP/1.1" 200 24523
172.22.2.4 - - [31/May/2022:01:16:43 -0500] "GET /BLA/boletinlegal/doctrina.php/js/popup.js HTTP/1.1" 200 5604
13.77.163.14 - - [31/May/2022:01:17:04 -0500] "GET /BLA/resoluciones/RESOLUCIONES%202021/5262.pdf HTTP/1.1" 200 370932
172.22.2.4 - - [31/May/2022:01:16:58 -0500] "GET /BLA/boletinlegal/ HTTP/1.1" 200 20427
13.66.158.22 - - [31/May/2022:01:17:57 -0500] "GET /BLA/resoluciones/RESOLUCIONES%202007/RES%202007%20701%20AL%20800/RESOLUCION%200705%20DE%202007.pdf HTTP/1.1" 200 1060513
172.22.2.4 - - [31/May/2022:01:17:38 -0500] "HEAD /BLA/boletinlegal/ HTTP/1.1" 200 -
172.22.2.4 - - [31/May/2022:01:18:28 -0500] "GET /BLA/boletinlegal/ HTTP/1.1" 200 60973
216.245.221.92 - - [31/May/2022:01:20:11 -0500] "HEAD / HTTP/1.1" 200 -
181.237.60.227 - - [31/May/2022:01:20:42 -0500] "GET /sipsepre/faces/index.xhtml HTTP/1.1" 200 680
181.237.60.227 - - [31/May/2022:01:20:42 -0500] "GET /sipsepre/faces/javax.faces.resource/theme.css?ln=primefaces-sipse HTTP/1.1" 200 50106
181.237.60.227 - - [31/May/2022:01:20:42 -0500] "GET /sipsepre/faces/faces/autenticacion.xhtml HTTP/1.1" 200 12205
181.237.60.227 - - [31/May/2022:01:20:42 -0500] "GET /sipsepre/css/custom_css_sg.css HTTP/1.1" 200 9694
181.237.60.227 - - [31/May/2022:01:20:42 -0500] "GET /sipsepre/css/custom_css_sg_prime_login.css HTTP/1.1" 200 443
181.237.60.227 - - [31/May/2022:01:20:42 -0500] "GET /sipsepre/faces/javax.faces.resource/theme.css?ln=primefaces-sipse HTTP/1.1" 304 -
181.237.60.227 - - [31/May/2022:01:20:42 -0500] "GET /sipsepre/faces/javax.faces.resource/primefaces.js?ln=primefaces&v=4.0 HTTP/1.1" 304 -
181.237.60.227 - - [31/May/2022:01:20:42 -0500] "GET /sipsepre/js/funciones.js HTTP/1.1" 304 -
181.237.60.227 - - [31/May/2022:01:20:42 -0500] "GET /sipsepre/faces/javax.faces.resource/jquery/jquery.js?ln=primefaces&v=4.0 HTTP/1.1" 304 -
181.237.60.227 - - [31/May/2022:01:20:42 -0500] "GET /sipsepre/faces/javax.faces.resource/layout/layout.css?ln=primefaces&v=4.0 HTTP/1.1" 200 542
181.237.60.227 - - [31/May/2022:01:20:42 -0500] "GET /sipsepre/faces/javax.faces.resource/jquery/jquery-plugins.js?ln=primefaces&v=4.0 HTTP/1.1" 304 -
181.237.60.227 - - [31/May/2022:01:20:42 -0500] "GET /sipsepre/js/disable_browser_buttons.js HTTP/1.1" 304 -
181.237.60.227 - - [31/May/2022:01:20:42 -0500] "GET /sipsepre/faces/javax.faces.resource/layout/layout.js?ln=primefaces&v=4.0 HTTP/1.1" 304 -
181.237.60.227 - - [31/May/2022:01:20:42 -0500] "GET /sipsepre/faces/javax.faces.resource/primefaces.css?ln=primefaces&v=4.0 HTTP/1.1" 200 53325
181.237.60.227 - - [31/May/2022:01:20:42 -0500] "GET /sipsepre/faces/javax.faces.resource/images/ui-icons_898989_256x240.png?ln=primefaces-aristo HTTP/1.1" 200 5355
181.237.60.227 - - [31/May/2022:01:20:42 -0500] "GET /sipsepre/css/imagen/logoSDG.png HTTP/1.1" 200 53064
181.237.60.227 - - [31/May/2022:01:20:42 -0500] "GET /sipsepre/css/imagen/loginimg.png HTTP/1.1" 200 71635
181.237.60.227 - - [31/May/2022:01:20:51 -0500] "POST /sipsepre/faces/autenticacion.xhtml HTTP/1.1" 200 2216
181.237.60.227 - - [31/May/2022:01:20:51 -0500] "GET /sipsepre/faces/javax.faces.resource/messages/messages.png?ln=primefaces&v=4.0 HTTP/1.1" 200 27209
181.237.60.227 - - [31/May/2022:01:20:52 -0500] "POST /sipsepre/faces/autenticacion.xhtml HTTP/1.1" 200 16296
181.237.60.227 - - [31/May/2022:01:20:52 -0500] "GET /sipsepre/css/custom_css_sg_prime.css HTTP/1.1" 200 5201
181.237.60.227 - - [31/May/2022:01:20:52 -0500] "GET /sipsepre/js/jquery.min.js HTTP/1.1" 304 -
181.237.60.227 - - [31/May/2022:01:20:52 -0500] "GET /sipsepre/faces/javax.faces.resource/jquery/jquery.js?ln=primefaces&v=4.0 HTTP/1.1" 304 -
181.237.60.227 - - [31/May/2022:01:20:52 -0500] "GET /sipsepre/faces/javax.faces.resource/jquery/jquery-plugins.js?ln=primefaces&v=4.0 HTTP/1.1" 304 -
181.237.60.227 - - [31/May/2022:01:20:52 -0500] "GET /sipsepre/faces/javax.faces.resource/primefaces.js?ln=primefaces&v=4.0 HTTP/1.1" 304 -
181.237.60.227 - - [31/May/2022:01:20:52 -0500] "GET /sipsepre/faces/javax.faces.resource/layout/layout.js?ln=primefaces&v=4.0 HTTP/1.1" 304 -
181.237.60.227 - - [31/May/2022:01:20:52 -0500] "GET /sipsepre/css/imagen/contrasena.png HTTP/1.1" 404 383
181.237.60.227 - - [31/May/2022:01:20:52 -0500] "GET /sipsepre/imagenes/cargando.gif HTTP/1.1" 200 36959
181.237.60.227 - - [31/May/2022:01:20:52 -0500] "GET /sipsepre/imagenes/logoAplicacion.jpg HTTP/1.1" 200 155084
181.237.60.227 - - [31/May/2022:01:20:53 -0500] "GET /sipsepre/faces/javax.faces.resource/images/ui-bg_flat_0_2d5972_40x100.png?ln=primefaces-aristo HTTP/1.1" 304 -
181.237.60.227 - - [31/May/2022:01:20:53 -0500] "POST /sipsepre/faces/bienvenido.xhtml HTTP/1.1" 200 2658
181.237.60.227 - - [31/May/2022:01:20:54 -0500] "POST /sipsepre/faces/bienvenido.xhtml HTTP/1.1" 200 63140
181.237.60.227 - - [31/May/2022:01:20:54 -0500] "GET /sipsepre/faces/javax.faces.resource/jquery/jquery.js?ln=primefaces&v=4.0 HTTP/1.1" 304 -
181.237.60.227 - - [31/May/2022:01:20:54 -0500] "GET /sipsepre/faces/javax.faces.resource/jquery/jquery-plugins.js?ln=primefaces&v=4.0 HTTP/1.1" 304 -
181.237.60.227 - - [31/May/2022:01:20:54 -0500] "GET /sipsepre/faces/javax.faces.resource/primefaces.js?ln=primefaces&v=4.0 HTTP/1.1" 304 -
181.237.60.227 - - [31/May/2022:01:20:54 -0500] "GET /sipsepre/faces/javax.faces.resource/layout/layout.js?ln=primefaces&v=4.0 HTTP/1.1" 304 -
181.237.60.227 - - [31/May/2022:01:20:55 -0500] "POST /sipsepre/faces/presentacion/financiero/solicitudProceso/listarSolicitudProceso.xhtml HTTP/1.1" 200 1560
13.66.158.22 - - [31/May/2022:01:21:07 -0500] "GET /BLA/resoluciones/RESOLUCIONES%202019/1070.pdf HTTP/1.1" 200 2897964
157.55.39.8 - - [31/May/2022:01:22:30 -0500] "GET /BLA/resoluciones/AUTOS%202019/1982.pdf HTTP/1.1" 304 -
172.22.2.4 - - [31/May/2022:01:23:13 -0500] "GET /BLA/boletinlegal/Circulares/2018/Circular%20No.%2010%20del%2021%20de%20Septiembre%20de%202018.pdf HTTP/1.1" 304 -
13.77.163.14 - - [31/May/2022:01:24:08 -0500] "GET /BLA/resoluciones/RESOLUCIONES%202021/2903.pdf HTTP/1.1" 200 474460
172.22.2.4 - - [31/May/2022:01:23:28 -0500] "HEAD /BLA/boletinlegal/ HTTP/1.1" 200 -
216.245.221.92 - - [31/May/2022:01:25:11 -0500] "HEAD / HTTP/1.1" 200 -
181.237.60.227 - - [31/May/2022:01:25:12 -0500] "POST /sipsepre/faces/presentacion/financiero/solicitudProceso/listarSolicitudProceso.xhtml HTTP/1.1" 200 45477
181.237.60.227 - - [31/May/2022:01:25:13 -0500] "POST /sipsepre/faces/presentacion/financiero/solicitudProceso/listarSolicitudProceso.xhtml HTTP/1.1" 200 1560
181.237.60.227 - - [31/May/2022:01:25:14 -0500] "POST /sipsepre/faces/presentacion/financiero/solicitudProceso/listarSolicitudProceso.xhtml HTTP/1.1" 200 16402
181.237.60.227 - - [31/May/2022:01:25:14 -0500] "POST /sipsepre/faces/presentacion/financiero/solicitudProceso/listarSolicitudProceso.xhtml HTTP/1.1" 200 28392
191.108.17.50 - - [30/May/2022:23:45:27 -0500] "POST /kwssiamovil/sm/setfile/f? HTTP/1.1" 502 1349
172.22.2.4 - - [31/May/2022:01:24:18 -0500] "GET /BLA/boletinlegal/ HTTP/1.1" 200 60973
172.22.2.4 - - [31/May/2022:01:26:29 -0500] "GET /BLA/boletinlegal/jurisprudencia/analisis/CUADRO%20ANALISIS%20SENTENCIA%20T-411%20DE%201992.doc HTTP/1.1" 200 41984
207.46.13.146 - - [31/May/2022:01:27:29 -0500] "GET /BLA/resoluciones/RESOLUCIONES%202000/2000%202350-2399.tif HTTP/1.1" 200 4845966
191.108.17.50 - - [30/May/2022:23:47:34 -0500] "POST /kwssiamovil/sm/setfile/f? HTTP/1.1" 502 1349
207.46.13.146 - - [31/May/2022:01:28:00 -0500] "GET /BLA/resoluciones/index.php?dir=RESOLUCIONES+2007%2FRES+2007+2401+AL+2500%2F HTTP/1.1" 200 26869
66.249.79.113 - - [31/May/2022:01:28:54 -0500] "-" 408 -
157.55.39.8 - - [31/May/2022:01:29:18 -0500] "GET /Publicaciones/2022EE83951.pdf HTTP/1.1" 404 227
216.245.221.92 - - [31/May/2022:01:30:11 -0500] "HEAD / HTTP/1.1" 200 -
172.22.2.4 - - [31/May/2022:01:29:18 -0500] "HEAD /BLA/boletinlegal/ HTTP/1.1" 200 -
172.22.2.4 - - [31/May/2022:01:30:08 -0500] "GET /BLA/boletinlegal/ HTTP/1.1" 200 58482
152.61.128.50 - - [31/May/2022:01:32:52 -0500] "GET /arcgis/services/Calidad_del_Agua_WQI/MapServer/WMSServer?request=GetCapabilities&service=WMS HTTP/1.1" 503 1020
152.61.128.50 - - [31/May/2022:01:32:53 -0500] "GET /arcgis/services/Calidad_del_Agua_WQI/MapServer/WMSServer?SERVICE=WMS&REQUEST=GetCapabilities HTTP/1.1" 503 1020
152.61.128.50 - - [31/May/2022:01:32:53 -0500] "GET /arcgis/services/Calidad_del_Agua_WQI/MapServer/WMSServer?WMTVER=1.0.0&REQUEST=capabilities HTTP/1.1" 503 1020
207.46.13.146 - - [31/May/2022:01:34:30 -0500] "GET /BLA/resoluciones/dlf/styles.css HTTP/1.1" 200 3049
207.46.13.146 - - [31/May/2022:01:34:40 -0500] "GET /BLA/resoluciones/RESOLUCIONES%202008/5029.pdf HTTP/1.1" 304 -
157.55.39.127 - - [31/May/2022:01:34:45 -0500] "GET /BLA/resoluciones/1818.tif HTTP/1.1" 404 1018
216.245.221.92 - - [31/May/2022:01:35:11 -0500] "HEAD / HTTP/1.1" 200 -
66.249.79.111 - - [31/May/2022:01:36:08 -0500] "-" 408 -
191.108.17.50 - - [30/May/2022:23:56:14 -0500] "GET /kwssiamovil/sm/cjson/pre?f=1&x=U2FsdGVkX180tdLjEEu0EHsMa0YfqxTjc/HwL4Yfws55GwsB6lUPdV8tWGGoAYBfbovNTh8EGKV8VVaWAtXeLQ== HTTP/1.1" 502 1348
191.108.17.50 - - [30/May/2022:23:56:34 -0500] "POST /kwssiamovil/sm/setfile/f? HTTP/1.1" 502 1349
172.22.2.4 - - [31/May/2022:01:35:08 -0500] "HEAD /BLA/boletinlegal/ HTTP/1.1" 200 -
69.171.251.116 - - [31/May/2022:01:36:58 -0500] "GET /images/Naturalista1.jpeg HTTP/1.1" 200 202073
173.252.79.3 - - [31/May/2022:01:37:00 -0500] "GET /images/feria-servicios-tramites-19-mayo.jpg HTTP/1.1" 200 40581
173.252.87.9 - - [31/May/2022:01:37:05 -0500] "GET /images/reciclaton-mayo-3-mayo.jpg HTTP/1.1" 200 278453
172.22.2.4 - - [31/May/2022:01:35:58 -0500] "GET /BLA/boletinlegal/ HTTP/1.1" 200 60973
186.102.56.30 - - [30/May/2022:23:59:18 -0500] "GET /kwssiamovil/sm/ldap/au?x=U2FsdGVkX19+LRkWDOC+Fqud+oDXIvRZCubtaLO7dZjBXXkSHAmEfCUv3YJrKPVU&y=U2FsdGVkX19iEHGjyJ46bLheWrxMffU/hnPy6PhTzxQ= HTTP/1.1" 502 1344
186.102.56.30 - - [30/May/2022:23:59:22 -0500] "GET /kwssiamovil/sm/ldap/au?x=U2FsdGVkX1+hHcuFOpBdqNYCc+Iqeehoj6FfKEuNgov2s2c7Exo5K9KPAs9MueUa&y=U2FsdGVkX1+5ciOBG8zQrIf7xDrAssNi7Ok9xvsuJ6I= HTTP/1.1" 502 1344
186.102.56.30 - - [30/May/2022:23:59:32 -0500] "GET /kwssiamovil/sm/ldap/au?x=U2FsdGVkX19ozWxEOpUHjQi0eaLHS8pbw5cclQWnoWiTaMfxHSYl9NL/oKSKFBUF&y=U2FsdGVkX1/L+4V3JQrEkb37VcMX5Nosou03b3YMtCg= HTTP/1.1" 502 1344
186.102.56.30 - - [30/May/2022:23:59:33 -0500] "GET /kwssiamovil/sm/ldap/au?x=U2FsdGVkX19UgNGDjO84CEWFnBtPqddBivWFmZaKyoxPhGhB1/clk7iSDo914mjE&y=U2FsdGVkX1+ayNsqbZ0aBePovRiDDcvo3Wx9NBRkHkk= HTTP/1.1" 502 1344
186.102.56.30 - - [30/May/2022:23:59:33 -0500] "GET /kwssiamovil/sm/ldap/au?x=U2FsdGVkX1+3cl0OOOmIfXyp5LLHUQuP/fCxwS5w+A/u9VCrEw+CywJBU2C1zzlj&y=U2FsdGVkX1+hdIFsmCiDlIi+B7FV0oDEUG8asO3Vq+8= HTTP/1.1" 502 1344
186.80.52.47 - - [30/May/2022:23:59:48 -0500] "GET /kwssiamovil/sm/ldap/au?x=U2FsdGVkX19qq1WZmK06zrgRuNw8eDZEAUPE34yLeLW3eVFXIJYvSF5CCIvSmgyk&y=U2FsdGVkX18Ymi02C5gL7207BSt42BYIGib+D4VTglY= HTTP/1.1" 502 1344
186.80.52.47 - - [30/May/2022:23:59:49 -0500] "GET /kwssiamovil/sm/ldap/au?x=U2FsdGVkX1+RCgP8wqzBMwUKYcS1stWyhHU3vC9wgnTcJwW9Zx0S27qE83PPhQNG&y=U2FsdGVkX185+1DJWa1iYNuwDscopFErJ3OLpa1S+Ao= HTTP/1.1" 502 1344
216.245.221.92 - - [31/May/2022:01:40:11 -0500] "HEAD / HTTP/1.1" 200 -
186.80.52.47 - - [31/May/2022:00:00:34 -0500] "GET /kwssiamovil/sm/ldap/au?x=U2FsdGVkX19apIXellgwaFt0GVpkSJaYE0wJ11UurQX19KlYJYOjf0ibjffTurDo&y=U2FsdGVkX1/Y1gnzLF/mEUF5pJz6anFXmKcuDxwoQ1c= HTTP/1.1" 502 1344
207.46.13.146 - - [31/May/2022:01:41:23 -0500] "GET /BLA/resoluciones/AUTOS%202019/1412.pdf HTTP/1.1" 304 -
186.80.52.47 - - [31/May/2022:00:01:46 -0500] "GET /kwssiamovil/sm/ldap/au?x=U2FsdGVkX18ovAH3RF9IxlplO7P19yJyFEXgVTnkqVX1vrxb/1Fhvp4UDOvmOvBa&y=U2FsdGVkX18pDX8VKjEneubqweh+IbQfR+gV49vGwYs= HTTP/1.1" 502 1344
186.80.52.47 - - [31/May/2022:00:01:48 -0500] "GET /kwssiamovil/sm/ldap/au?x=U2FsdGVkX1+BwDZ8PNLB6E2Win1otFreYMGbBNMeVOVkcSK+2S2kc6zVcUamzFjn&y=U2FsdGVkX18KtK4shX9hUq6ZNf+h7oBWzWasS3QdTwA= HTTP/1.1" 502 1344
186.80.52.47 - - [31/May/2022:00:01:49 -0500] "GET /kwssiamovil/sm/ldap/au?x=U2FsdGVkX19Ox1SEJ8aJ8fNJPXP8VpmEpvF6VZ8ekzMTGXzgCopLoT1eUESHHZX4&y=U2FsdGVkX19dOag5+vCxcsi0LZFOKQm9filNg0fsPo0= HTTP/1.1" 502 1344
186.80.52.47 - - [31/May/2022:00:01:50 -0500] "GET /kwssiamovil/sm/ldap/au?x=U2FsdGVkX19RQWT/g0Jw2wgiWnEpjC2sG3tWjKWx3SUUcZJDTJ5l78n/lmEwpuSP&y=U2FsdGVkX18JCDfHnTHwJB+i+1+12OkKhBzptVSu9hY= HTTP/1.1" 502 1344
186.80.52.47 - - [31/May/2022:00:01:51 -0500] "GET /kwssiamovil/sm/ldap/au?x=U2FsdGVkX18jwTJj0/R/EzRGi4jjHmK/iI6XIlG40SfAqJU+bzgfmkLppW9tOCxf&y=U2FsdGVkX19xF9I5CnL/dCx4ymjfZg/q47mutWUWQJk= HTTP/1.1" 502 1344
186.80.52.47 - - [31/May/2022:00:01:51 -0500] "GET /kwssiamovil/sm/ldap/au?x=U2FsdGVkX19TCQJbta9hvVcJ4PXmnQDMlGCXhwoS3ArSOk/K+Dw5TUmP64BRJQQt&y=U2FsdGVkX1/IiOdkPpqg1NImop5LixGXoAP9mrTbONc= HTTP/1.1" 502 1344
157.55.39.8 - - [31/May/2022:01:42:29 -0500] "GET /BLA/resoluciones/RESOLUCIONES%202000/2000%202300-2349.tif HTTP/1.1" 200 4577676
193.106.191.48 - - [31/May/2022:01:42:34 -0500] "GET /vendor/phpunit/phpunit/src/Util/PHP/eval-stdin.php HTTP/1.1" 404 1018
172.22.2.4 - - [31/May/2022:01:40:58 -0500] "HEAD /BLA/boletinlegal/ HTTP/1.1" 200 -
157.55.39.215 - - [31/May/2022:01:42:57 -0500] "GET /portaldeninos/wp-content/uploads/2020/11/EL-Burro-B-1-300x169.jpg HTTP/1.1" 200 15916
186.80.52.47 - - [31/May/2022:00:03:02 -0500] "GET /kwssiamovil/sm/ldap/au?x=U2FsdGVkX1+hHsLBwNxWRcFv/M+lUaG/uOG9YFAMDXRceGpiNR9kbfAADrKiehaL&y=U2FsdGVkX18Zq9vNbEg4rRw757dOHLXg8xpn8+6PKq0= HTTP/1.1" 502 1344
207.46.13.179 - - [31/May/2022:01:43:03 -0500] "GET /BLA/resoluciones/AUTOS%202013/2218.pdf HTTP/1.1" 304 -
186.80.52.47 - - [31/May/2022:00:03:03 -0500] "GET /kwssiamovil/sm/ldap/au?x=U2FsdGVkX18ds9152v8/HFv4pPMZ7aIElg9V7aomV4ZBDXhJqAwyS7p1KJjeI8Vd&y=U2FsdGVkX1/RRhncVYfU9G44w6ssa/+GxRIkBGKPUNU= HTTP/1.1" 502 1344
186.80.52.47 - - [31/May/2022:00:03:03 -0500] "GET /kwssiamovil/sm/ldap/au?x=U2FsdGVkX1/Qoa7l8E46sltfYEocJW2qkdvfXQUeTySr6l6vOGtIbA/WJMzI5Q2/&y=U2FsdGVkX18duqCPB9zBEi7C0Keg+6GSK7KImvEJ8ak= HTTP/1.1" 502 1344
186.80.52.47 - - [31/May/2022:00:03:03 -0500] "GET /kwssiamovil/sm/ldap/au?x=U2FsdGVkX1/FgL3sDSnVZ7ds/Q5sMMiRns4htOtWwfXYIDncMmB89jP7n1UP1G3y&y=U2FsdGVkX18IbMju7TTie4bzoBKX8IeU5IjEaGTsFc0= HTTP/1.1" 502 1344
186.80.52.47 - - [31/May/2022:00:03:04 -0500] "GET /kwssiamovil/sm/ldap/au?x=U2FsdGVkX1/7G3iptBCCJkTqEsSqYC+neCLDnLhgaGBi3xe9l0j17FbjSukIcihc&y=U2FsdGVkX19cVSuAkERNAnregeFgSR4HWrvCcoi7b/w= HTTP/1.1" 502 1344
186.80.52.47 - - [31/May/2022:00:03:04 -0500] "GET /kwssiamovil/sm/ldap/au?x=U2FsdGVkX1+HGtHIWwfpih5wbUHSbcuKPPrbQoE5XaTnuVm5XPiJiLtf2M4LKPok&y=U2FsdGVkX18KfFYuFDkNnMpQLwlMEHf8dgdIkSxwxGs= HTTP/1.1" 502 1344
66.249.79.111 - - [31/May/2022:01:43:08 -0500] "-" 408 -
172.22.2.4 - - [31/May/2022:01:41:48 -0500] "GET /BLA/boletinlegal/ HTTP/1.1" 200 60973
186.30.100.55 - - [31/May/2022:01:43:37 -0500] "GET /la-moda-circular-es-tendencia-nueva-apuesta-para-avanzar-en-la-sostenibilidad-del-sector-en-bogota.html HTTP/1.1" 200 796
216.245.221.92 - - [31/May/2022:01:45:11 -0500] "HEAD / HTTP/1.1" 200 -
172.22.2.4 - - [31/May/2022:01:47:24 -0500] "GET /BLA/boletinlegal/actos.php HTTP/1.1" 200 9559
172.22.2.4 - - [31/May/2022:01:47:26 -0500] "GET /BLA/boletinlegal/favicon.ico HTTP/1.1" 404 1326
172.22.2.4 - - [31/May/2022:01:47:34 -0500] "GET /BLA/boletinlegal/consulta_actos.php?tipo=autos&no=&usuario=&sector=&fecha=2022&resuelve=visita HTTP/1.1" 200 2524
172.22.2.4 - - [31/May/2022:01:47:58 -0500] "GET /BLA/boletinlegal/consulta_actos.php?tipo=autos&no=&usuario=&sector=&fecha=2022&resuelve=pago HTTP/1.1" 200 626
172.22.2.4 - - [31/May/2022:01:47:20 -0500] "GET /BLA/boletinlegal/ HTTP/1.1" 200 24523
172.22.2.4 - - [31/May/2022:01:48:04 -0500] "GET /BLA/boletinlegal/consulta_actos.php?tipo=autos&no=&usuario=&sector=&fecha=2021&resuelve=pago HTTP/1.1" 200 626
172.22.2.4 - - [31/May/2022:01:48:09 -0500] "GET /BLA/boletinlegal/consulta_actos.php?tipo=resoluciones&no=&usuario=&sector=&fecha=2021&resuelve=pago HTTP/1.1" 200 4713
172.22.2.4 - - [31/May/2022:01:46:48 -0500] "HEAD /BLA/boletinlegal/ HTTP/1.1" 200 -
172.22.2.4 - - [31/May/2022:01:48:32 -0500] "GET /BLA/boletinlegal/consulta_actos.php?tipo=resoluciones&no=&usuario=&sector=&fecha=2022&resuelve=pago HTTP/1.1" 200 1058
45.65.233.2 - - [31/May/2022:01:48:42 -0500] "GET /BLA/resoluciones/RESOLUCIONES%202022/0957.pdf HTTP/1.1" 200 541396
66.249.79.111 - - [31/May/2022:01:49:10 -0500] "-" 408 -
172.22.2.4 - - [31/May/2022:01:47:38 -0500] "GET /BLA/boletinlegal/ HTTP/1.1" 200 55576
186.102.2.195 - - [31/May/2022:00:09:39 -0500] "GET /kwssiamovil/sm/acme/u?s=U2FsdGVkX1/K9t+iba1sOvzIv0TapZLw88yVH3ERg2AgNzUyVosR4Tw2yatRKH9CFqy+Pmx+LPW2s4+5i9//CqBAghsfimZu+x/8KeppBIwK+1Amv3r+vnhwCXbOB3SVX1PvP5Lv3DR4BCM0G9M72w==&u=U2FsdGVkX19N4YTqyUZ2Al61N/tI0cl0N8nU9O8ByTC6nWSJU+ZmOdej5YGCkoXe&y=U2FsdGVkX18aJgU9U/LegI+4KaZWGjiTdhHHGcg0CqbcJMhQotKDoxwtW0+WRRj+ HTTP/1.1" 502 1342
186.102.2.195 - - [31/May/2022:00:09:44 -0500] "GET /kwssiamovil/sm/acme/u?s=U2FsdGVkX18eoeFxcR+S6voAwMoyYnmdGTdCzRuaNPkEEjOqyeitI+OPqJVEJyKty6fPPsuSoGIdcVHJ7YsWpksKGx1rRhBqoBFDGR0zzsELtfLJnMjxsHk/Mvte+MoHLJbyf9tqT0NzzHF6VNDY1Q==&u=U2FsdGVkX19N4YTqyUZ2Al61N/tI0cl0N8nU9O8ByTC6nWSJU+ZmOdej5YGCkoXe&y=U2FsdGVkX18aJgU9U/LegI+4KaZWGjiTdhHHGcg0CqbcJMhQotKDoxwtW0+WRRj+ HTTP/1.1" 502 1342
186.102.2.195 - - [31/May/2022:00:09:46 -0500] "GET /kwssiamovil/sm/acme/u?s=U2FsdGVkX1/s3h+nLVOLI6PdE1LoC9wFVyvsCIcBWYXFwcn8pwtsFhH4GLnGMTp1tAgpLkq2i0Of8X+r/sOoYr4dpEdUO2aTesU+vUQSk0bjfblrQ8j8fGOjHioEfh9sErEWFhDrAiDKdMwoHlWTpA==&u=U2FsdGVkX19N4YTqyUZ2Al61N/tI0cl0N8nU9O8ByTC6nWSJU+ZmOdej5YGCkoXe&y=U2FsdGVkX18aJgU9U/LegI+4KaZWGjiTdhHHGcg0CqbcJMhQotKDoxwtW0+WRRj+ HTTP/1.1" 502 1342
186.102.2.195 - - [31/May/2022:00:09:54 -0500] "GET /kwssiamovil/sm/acme/u?s=U2FsdGVkX18QWtzxnpiJjbbjMCeeM/0lfHFHhbXdS+osAVGePCzd+3xf7Q189Ef2qljAUqPyVKly3ljvrhTzUjJYCPt3yoIegNJcqNibY6boO8qXB7vdBnPgPo/PG/ahoiEHuZFGWmQumazj1mrn2w==&u=U2FsdGVkX19N4YTqyUZ2Al61N/tI0cl0N8nU9O8ByTC6nWSJU+ZmOdej5YGCkoXe&y=U2FsdGVkX18aJgU9U/LegI+4KaZWGjiTdhHHGcg0CqbcJMhQotKDoxwtW0+WRRj+ HTTP/1.1" 502 1342
186.102.2.195 - - [31/May/2022:00:09:55 -0500] "GET /kwssiamovil/sm/acme/u?s=U2FsdGVkX1+W0wfwPmozA1BbCxi7ZA5cxVjqAnTyk/M30SFXszwFs+rxTQaQP22mydXgC9n76cro9oiwku0/LgYzqtZl8bHLaN6nF9iTbP4au2Q9RiRjgyC57pyIqE6W5dHP4DS20TkHcvVLx6EBhA==&u=U2FsdGVkX19N4YTqyUZ2Al61N/tI0cl0N8nU9O8ByTC6nWSJU+ZmOdej5YGCkoXe&y=U2FsdGVkX18aJgU9U/LegI+4KaZWGjiTdhHHGcg0CqbcJMhQotKDoxwtW0+WRRj+ HTTP/1.1" 502 1342
186.102.2.195 - - [31/May/2022:00:09:55 -0500] "GET /kwssiamovil/sm/acme/u?s=U2FsdGVkX1+wQC5TpaJIs9QQ3EncS8L7qJ9z/zfQqrsSLDrNgBo2C4uPjhYcW3tnLWerxikzy7Xj+Jp7RAid+XoEgfO+SZZCSdXqzEJicuOqutLycdsYNGcXNjY5R8BVhi2R4d3e/0QJGBaZwB55eA==&u=U2FsdGVkX19N4YTqyUZ2Al61N/tI0cl0N8nU9O8ByTC6nWSJU+ZmOdej5YGCkoXe&y=U2FsdGVkX18aJgU9U/LegI+4KaZWGjiTdhHHGcg0CqbcJMhQotKDoxwtW0+WRRj+ HTTP/1.1" 502 1342
186.102.2.195 - - [31/May/2022:00:09:56 -0500] "GET /kwssiamovil/sm/acme/u?s=U2FsdGVkX1+Rtos7kWXpGbb9bWpqkzHi53C5cHraFHJ2AszR6VZ/FXhnK4vkVOlF3q8554BBGCk9qRhD5tp/h5zd9PvyJ6+WqbUsGgr/0T2uC1Qdyb0gmrvL3r8UKjYr7h8CUd27PLp3eTHlx9uSkw==&u=U2FsdGVkX19N4YTqyUZ2Al61N/tI0cl0N8nU9O8ByTC6nWSJU+ZmOdej5YGCkoXe&y=U2FsdGVkX18aJgU9U/LegI+4KaZWGjiTdhHHGcg0CqbcJMhQotKDoxwtW0+WRRj+ HTTP/1.1" 502 1342
216.245.221.92 - - [31/May/2022:01:50:11 -0500] "HEAD / HTTP/1.1" 200 -
186.102.2.195 - - [31/May/2022:00:10:24 -0500] "GET /kwssiamovil/sm/ldap/au?x=U2FsdGVkX1/OpIO6aWyao0QAb97H9LFcnlr+helcfYMWBDwIsRzMeHb++zXfvzOf&y=U2FsdGVkX19Ko39yvAlZYVQiOBA0rzvBctHq++VadMs6knNH8RmN1bvj1rWX6TlH HTTP/1.1" 502 1344
186.102.2.195 - - [31/May/2022:00:10:27 -0500] "GET /kwssiamovil/sm/ldap/au?x=U2FsdGVkX18Mo79a17U8ZoDRi1r1i23RrOcYCzqYe1u/DJdDaU8fWkPyyLJ0wR7j&y=U2FsdGVkX182jab8ccH4REJcopUET194IJCoVMOSTBW/DnXDm2A/2wBXSb2fe5Ak HTTP/1.1" 502 1344
137.184.92.62 - - [31/May/2022:01:50:28 -0500] "GET / HTTP/1.1" 200 319
186.102.2.195 - - [31/May/2022:00:10:28 -0500] "GET /kwssiamovil/sm/ldap/au?x=U2FsdGVkX1+QYQU3wbbooXQJEF7MULDv7bueafio0+eJ6PwSnpY/rjuuLc1KxgNE&y=U2FsdGVkX1/l2yCzvgh31IdPQK8BphF7vWD83ynXlQrZ3BNQdT7jZBeM5SO7P3F7 HTTP/1.1" 502 1344
186.102.2.195 - - [31/May/2022:00:10:30 -0500] "GET /kwssiamovil/sm/ldap/au?x=U2FsdGVkX18+3AttUmDAe/K+XTON4EsgaydPselnJ4JUychDo+pxjwK8EoElHjT1&y=U2FsdGVkX19UnsLviWWcwZAF9Y/keL8gR5d8NgyI3AdHf/ctJiwC4c3tbD0MOLZb HTTP/1.1" 502 1344
186.102.2.195 - - [31/May/2022:00:10:30 -0500] "GET /kwssiamovil/sm/ldap/au?x=U2FsdGVkX18rpupKaRV/wpFqOgjgMNRZvE25UKMV2wF1iCg/vHk1wMtX7+pDcPN9&y=U2FsdGVkX1/+hOkczWY9BT1AsYpI907cdI2kV4YPC1oFLUxNycKIWoeYW947uhHC HTTP/1.1" 502 1344
186.102.2.195 - - [31/May/2022:00:10:31 -0500] "GET /kwssiamovil/sm/ldap/au?x=U2FsdGVkX1/4kQ/2B9IZrp575RaHiDRH+s/y5I8uLIqSPXnI/QX3lMByCwZbaO2n&y=U2FsdGVkX19tBkKsnaRtoDyDEyQJY2AjnBM0iAJKtpneATKIkqBc0EXkUadhet1T HTTP/1.1" 502 1344
193.106.191.48 - - [31/May/2022:01:50:53 -0500] "GET /solr/admin/info/system?wt=json HTTP/1.1" 404 1018
191.108.17.50 - - [31/May/2022:00:11:25 -0500] "OPTIONS /kwssiamovil/sm/setfile/f? HTTP/1.1" 502 1352
186.102.2.195 - - [31/May/2022:00:11:28 -0500] "GET /kwssiamovil/sm/ldap/au?x=U2FsdGVkX18WCH4EyNAUEtnig6qrz+WS9JcYgvcHHTbLxLkq834lJeriLsYUDtuN&y=U2FsdGVkX1+mpRmmJwjmVOQyoNHFQ17PgylABpc0WXA1nQAIBsEpEQeulpq0Ceig HTTP/1.1" 502 1344
186.102.2.195 - - [31/May/2022:00:11:29 -0500] "GET /kwssiamovil/sm/ldap/au?x=U2FsdGVkX195QD7Uivsmc7SGusEfrWxiHh8XSutthKvPFfKWuhs58dXQUF6rtQ2e&y=U2FsdGVkX1+Bg9CUtce706QcbmPkjhyDaqPztAF1LxARcNmKtw8N8EIh5k4XLZVr HTTP/1.1" 502 1344
172.22.2.4 - - [31/May/2022:01:51:51 -0500] "GET /BLA/boletinlegal/jurisprudencia/analisis/SENTENCIA%20C-703%20DE%202010.xls HTTP/1.1" 304 -
40.77.167.79 - - [31/May/2022:01:52:48 -0500] "GET /galeria/galeria/fotos/Capellania1G.jpg HTTP/1.1" 200 373859
172.22.2.4 - - [31/May/2022:01:53:59 -0500] "GET /BLA/boletinlegal/robots.txt HTTP/1.1" 404 1038
191.108.17.50 - - [31/May/2022:00:14:08 -0500] "GET /kwssiamovil/sm/acme/a?s=U2FsdGVkX1/q5gKJTxOJuQQgQ5PMnuilVFAkzKtBuhCR4bZnA89s3/R5xWlGzpVv7U67L1ycVuubdOQpblSjNCcuklXKEGEhOgC4cTrJeKuG9KQct0RicpW1LQ06dTUFeWTuzb4HhnpWY0RTYdJDkKTlhmaP1y6Tp0+HyHIs+nPuLwSMva8f0aVi0Rt8CIPGPqlRWh0mq3445PnJW/gs9/gL8BuFysG8jVAWFFggVBwK9sgq6VaLGqyNyOlPwG8OhPqGemsWBCJ/7Vw9msghBg==&u=U2FsdGVkX1+PqSZYne85cTeS0lKLerilEt5Ebm53wrF9vQusKqTdYGTynkOo37mm&y=U2FsdGVkX18k7ubNr5MK5XEH2wCPX9Z6oJHWJQzelIMGn6uI1ecMEVsIKBXaADFM HTTP/1.1" 502 1342
172.22.2.4 - - [31/May/2022:01:52:38 -0500] "HEAD /BLA/boletinlegal/ HTTP/1.1" 200 -
172.22.2.4 - - [31/May/2022:01:54:39 -0500] "GET /BLA/boletinlegal/consulta_actos.php?tipo=resoluciones&no=&usuario=&sector=&fecha=2021&resuelve=pago HTTP/1.1" 200 4713
66.249.79.111 - - [31/May/2022:01:55:00 -0500] "-" 408 -
172.22.2.4 - - [31/May/2022:01:54:00 -0500] "GET /BLA/boletinlegal/ HTTP/1.1" 200 40907
172.22.2.4 - - [31/May/2022:01:53:29 -0500] "GET /BLA/boletinlegal/ HTTP/1.1" 200 51841
216.245.221.92 - - [31/May/2022:01:55:11 -0500] "HEAD / HTTP/1.1" 200 -
172.22.2.4 - - [31/May/2022:01:55:16 -0500] "GET /BLA/boletinlegal/consulta_actos.php?tipo=resoluciones&no=&usuario=&sector=&fecha=2022&resuelve=seguimiento HTTP/1.1" 200 1058
172.22.2.4 - - [31/May/2022:01:55:26 -0500] "GET /BLA/boletinlegal/consulta_actos.php?tipo=resoluciones&no=&usuario=&sector=&fecha=2021&resuelve=seguimiento HTTP/1.1" 200 3524
172.22.2.4 - - [31/May/2022:01:55:32 -0500] "GET /BLA/boletinlegal/consulta_actos.php?tipo=resoluciones&no=&usuario=&sector=&fecha=2020&resuelve=seguimiento HTTP/1.1" 200 3000
191.108.17.50 - - [31/May/2022:00:17:35 -0500] "GET /kwssiamovil/sm/acme/a?s=U2FsdGVkX19zAzoihjQWigX0Y5TPtz6onZJnZERqJ40r7kayT0aG8dbYEZjVFJa4Ue1R+twNxOBMBYsZYlLR8Ue2u+xGmGYSfFlB4AtBicnb/nwCfBBXZGUaD8H/DNOKzPZXGhQJ3DMdLtSo/l7d2X4vv0mVLwsDUIk7qVx75kjnoy0p/sKJ1GvEiGpDjtDC17OoDrpf0+o4eRrdY1431f9JX3Nmak8JIW04jZ63hZDGV3zPj9MM4Kvb8AvYI4ulChUmR+nkcvuTz8q9RtmRwQ==&u=U2FsdGVkX1+PqSZYne85cTeS0lKLerilEt5Ebm53wrF9vQusKqTdYGTynkOo37mm&y=U2FsdGVkX18k7ubNr5MK5XEH2wCPX9Z6oJHWJQzelIMGn6uI1ecMEVsIKBXaADFM HTTP/1.1" 502 1342
172.22.2.4 - - [31/May/2022:01:58:28 -0500] "HEAD /BLA/boletinlegal/ HTTP/1.1" 200 -
216.245.221.92 - - [31/May/2022:02:00:11 -0500] "HEAD / HTTP/1.1" 200 -
172.22.2.4 - - [31/May/2022:01:59:18 -0500] "GET /BLA/boletinlegal/ HTTP/1.1" 200 58482
191.108.17.50 - - [31/May/2022:00:21:27 -0500] "GET /kwssiamovil/sm/ldap/au?x=U2FsdGVkX1+2f9rzWpb1PZFpcpkq2g8zioA+xB0DXg4/vPSO0DZdivROKuKtnY2+ESCj7O/ciUQOILzp0gqWBg==&y=U2FsdGVkX1/YKnMz51Z5ZZEr9HPsQe4s9ieCFjoZfBAnth/1TG0gZChnAcSxf1gY HTTP/1.1" 502 1344
201.245.192.253 - - [31/May/2022:00:21:27 -0500] "POST /kwsrmcab/Wsrmcab HTTP/1.1" 502 1155
191.108.17.50 - - [31/May/2022:00:21:28 -0500] "GET /kwssiamovil/sm/ldap/au?x=U2FsdGVkX1+JvpWpX3mSfGbacyPEClEvyABdsFZ3rU+/1FRC7WcrIqbx8jAlX5iJ9LEXpb/0+21FKM0wP9euwg==&y=U2FsdGVkX1+/xJClBJ90/dn+xSes8BLI7CTfmxnKut0QGTwfp1BTwB5ZK++9k74b HTTP/1.1" 502 1344
191.108.17.50 - - [31/May/2022:00:21:31 -0500] "GET /kwssiamovil/sm/ldap/au?x=U2FsdGVkX18FjjfzuStR1NjUuwDn0OkwzS/nTQliXP0c/JdgTrCexo5sGutqD3Sb4Sweu+Lm4LePC01F49o9Jw==&y=U2FsdGVkX186pjtpvEm/4193k6tlx2tZn80MoXQM5M2QbSxAmfgYwnZmfmvLYyZs HTTP/1.1" 502 1344
191.108.17.50 - - [31/May/2022:00:21:32 -0500] "GET /kwssiamovil/sm/ldap/au?x=U2FsdGVkX1+IJ6WX/jKZuodIG2CN8+WHrRsI08CWbM8vMSGDUXnWYOzoOQm+AWv0xxWvqNu7EXMOGe0G4TIuGw==&y=U2FsdGVkX1+0qOo6IPLoE5R157W4rbqR0Cj9pSayIvfF02COQLiIRHxSxPhL5HGY HTTP/1.1" 502 1344
