181.60.29.253 - - [31/May/2022:16:19:09 -0500] "GET /kwssiamovil/sm/acme/a?s=U2FsdGVkX186kMrN2a1zR0Y9PNpEaQggiQnfp3G+fOhWU2ZeQKae/1yYvE/b1ImXUJvqH79A24MelAUyCGf2XRmZSpmIBRQXDmMdcPkuHA4wDQdDUM3DVjKkyEJYVlGV05U37DRSAQaWLFvxGTvWyL33zGEzx91ZorCEaqE8+w6B1a2GqjztsErK/DZpyQPlNlDxdWV3BnxiqpEc2qhw/QuyK3VIeDjYHeN/rr68g6E4wER4vhUf5pGx9OiRpIPedBXPs2dWfYuO//tP8hCwvQ==&u=U2FsdGVkX18QA/Ukd9/Af98SfTrw5xycFxVWSNwp4z5UckhCqenJ/8Zb3RFD+Fyc&y=U2FsdGVkX1+6mhVHiN2GGhsT8hifO3W3KxwCVcBgwnGc9ARnN2/k19XyQE4vjMCT HTTP/1.1" 200 25
181.60.29.253 - - [31/May/2022:16:19:09 -0500] "GET /kwssiamovil/sm/acme/a?s=U2FsdGVkX18yuBrWVj6aKBzeKr30rQKq7l5K8G54ngjZ+Zgdx9W0jwQWarJV48oQxQItaWjMwWf8JQKVoq5j7taYvbH2BNgrBeaAjPi0TezPln316Ae7EINuhojv7sAI4MSge9HOQIIsaa/ZqdW3yEJTQxN67pTxWSy/DJL2z+oGZJSRW/gNAWvJ11lvOb012qj17So+kAEk5HIknVrvIr2NWyxphb9W2c+2cxLnSZqDEmrqYHdB7OrDgWfm6qSkeVVd0KP8atTc3+vF+HrV6mZ5noNqP0kElvRzl6ctQrYAaxF6MgX9FJB5PM7hXN371eXFRSmr0Td9PvWBGgTOEpl1zCHS49UIJkGLdJ6ka0z0hBCLrqDZMVxQsjI28dD5ZPSbnvqGYcZ6kkTSv7s3oUrA37D207ONdRBzF0ebuZUWXpRJiVJyAxlqzzR11JdxZzRfLaa/0ceMFyBwz3lRbFgeMBLtyZORwl9KChnUh0NsxPdr+Ny+WHaA3YxtjDCpXJkm1wlb88WoAsUnGkqNzw5NUfk7/BmfDsg8JhWNOZS1wcntPNUla9mtuBNTf8vmVr/cK1QcnzRGruPaTi20dtO7n0jCJAPpUft0w1LUsIsdF398NHS6MGZZiWUG+0sDvcg6aQ8PZPSHllwwxXlp5RVdeFYMUb9eKMfrjEPAjvXNGLW1fCo8YuxYBbMueWZ+WUWgvXN3PBg77A/kz+zIKY8+dqenkWZuRCfT1m0ZaJckuoiSrZ88GBrKxQ/qFX34Pmq5JMj4mGcKKoHJejE+81ktKkcxZdi8f87a9pDneSPHv85NZO8wCeEBjNSF7P+84FYrBsCOWP7xhx3udZsKs276BEI/LvMTaaKa+gO9MUHmkP9s5+UWg2jjFfM1Y33sHWMrsu5AGjhz3b88oecxx9V40zbPcxP5cemJA51Tw5SrBwJjGW6t1bRBe7LWeSMIa2zZOhSmul57sv3+TA/hAgb2DuPf9kyU13HNVKe47fBE3UNSslnN/bkIM8ZpbfGH8yerX78hIEOS1FDc7gfwZuktIwu1n5ElP0dv1Y5mZLJbGNs0i44YL8DKK/WzbJw8wkiekoEH8BIS705Jk/1UP5AjiS5lyyhq4mU9q0oZxLN83x6HklUPzJc/wCuWj7LO1HDkybucAUUtLfpb+yaUk/7nCiNLjv2qU5X/Vaf3MeIWlIVdeM+4o44ji7/rPjW9HfPvBXMawdJezd0KltGwt7zpNzwxhiIOhEOOdT84sQgD1vV+ybXyWGUQ6vVOsSel&u=U2FsdGVkX18QA/Ukd9/Af98SfTrw5xycFxVWSNwp4z5UckhCqenJ/8Zb3RFD+Fyc&y=U2FsdGVkX1+6mhVHiN2GGhsT8hifO3W3KxwCVcBgwnGc9ARnN2/k19XyQE4vjMCT HTTP/1.1" 200 25
181.60.29.253 - - [31/May/2022:16:19:09 -0500] "GET /kwssiamovil/sm/acme/a?s=U2FsdGVkX1+qs9wkpWLW9gVmQR7Yx9Lb2l81AU694BROaHkocBkRRwcamjouZsIUQsUqlAkexZa0r2NFOq4CsjN+ncAJlNFNJykqcDr6Ju304rizHyX+ERg1rvHJ624eEf9RsBGSe9oPdUARigxazz1UnRQq7LALwidY8X8Fo9M=&u=U2FsdGVkX18QA/Ukd9/Af98SfTrw5xycFxVWSNwp4z5UckhCqenJ/8Zb3RFD+Fyc&y=U2FsdGVkX1+6mhVHiN2GGhsT8hifO3W3KxwCVcBgwnGc9ARnN2/k19XyQE4vjMCT HTTP/1.1" 200 25
181.60.29.253 - - [31/May/2022:16:19:09 -0500] "GET /kwssiamovil/sm/acme/a?s=U2FsdGVkX1+odhfj0p5qaAualpu0mZXYkuEZ7wx3fL0VZ/uCDASWwr8INh80wzkDGVpCeU8bC3b9sL2VpFuH8oUBRA6fHzU1f2Svz72NcrzcI9SACzVSJ5F1d8hTlpuZw7iG+h1tlm6F4KW6HchIVc56vmZlehZ2ycwxVgdTRzg=&u=U2FsdGVkX18QA/Ukd9/Af98SfTrw5xycFxVWSNwp4z5UckhCqenJ/8Zb3RFD+Fyc&y=U2FsdGVkX1+6mhVHiN2GGhsT8hifO3W3KxwCVcBgwnGc9ARnN2/k19XyQE4vjMCT HTTP/1.1" 200 25
181.60.29.253 - - [31/May/2022:16:19:09 -0500] "GET /kwssiamovil/sm/acme/a?s=U2FsdGVkX1+JUKyV2XDEVZe/cPc7SqNp63QgLdWufNtiwhUs18D2KWATrb2V8hshDSQayeCE1vSsdYmh0mHVpEhaLh2z6RJiIq4lfwt4czfqpKEnCgfgIVeIge7q6svj6aink/4Sc07mkUT0hxPvZk62Yb91u/ZVx7gx5BZAdcQ=&u=U2FsdGVkX18QA/Ukd9/Af98SfTrw5xycFxVWSNwp4z5UckhCqenJ/8Zb3RFD+Fyc&y=U2FsdGVkX1+6mhVHiN2GGhsT8hifO3W3KxwCVcBgwnGc9ARnN2/k19XyQE4vjMCT HTTP/1.1" 200 25
181.60.29.253 - - [31/May/2022:16:19:10 -0500] "GET /kwssiamovil/sm/acme/a?s=U2FsdGVkX1//+qktsNHMtYJG8SqixZmHLuA5RWCBHa88CcN4CdldjfabOusd+5LS2Y5yitbfWfmSYQUPYWloIwWRoUTRrvo+Fp7mfv6Rql7zETpLeim4VlJY4EUcVBw60YBI0Brocv+5jqp03l3cezO11jjRixWdfpEusSTRigAKcQ00e6sMZ6XZ54u32HyFuamigUN8p/rUrMxwkivRPQ==&u=U2FsdGVkX18QA/Ukd9/Af98SfTrw5xycFxVWSNwp4z5UckhCqenJ/8Zb3RFD+Fyc&y=U2FsdGVkX1+6mhVHiN2GGhsT8hifO3W3KxwCVcBgwnGc9ARnN2/k19XyQE4vjMCT HTTP/1.1" 200 25
181.60.29.253 - - [31/May/2022:16:19:10 -0500] "GET /kwssiamovil/sm/acme/a?s=U2FsdGVkX195k+ovO0pMy83u2tyCeOcugqkJ3qYvjcDwi3IjCMiWgK8P923HS3l/NAYU6w+e81wYgKZF/MBsAmKdoEg+Ej70PKb4SGlN25+g6CbiOVlRAPMAdc1d/eoaP9J8rlYJzsIrUM8yTTnjHZgjlzwxj3IH/5rWVVGPL8KwWzIKx5oK4grFxnUFalkpGjmym/K7HseSMcLgdH25IQ==&u=U2FsdGVkX18QA/Ukd9/Af98SfTrw5xycFxVWSNwp4z5UckhCqenJ/8Zb3RFD+Fyc&y=U2FsdGVkX1+6mhVHiN2GGhsT8hifO3W3KxwCVcBgwnGc9ARnN2/k19XyQE4vjMCT HTTP/1.1" 200 25
181.60.29.253 - - [31/May/2022:16:19:10 -0500] "GET /kwssiamovil/sm/acme/a?s=U2FsdGVkX1+G5GsmN6QaU1AZiRxQXk6flMTFGE6KBRar2MEKlU+79tovnUh2Tgs14x1rWNqfoY/yxm1gMOTFz1sqpaxluq5lnJWSOfra/lKMsvWUqObYAGjnIXfc3mpGd/2l1o3A1ZsaYJ2k+2a4TPhY9c2/+Fn4LWI4yr1Dw2378c0x68eUqM0jvgQj7DW+&u=U2FsdGVkX18QA/Ukd9/Af98SfTrw5xycFxVWSNwp4z5UckhCqenJ/8Zb3RFD+Fyc&y=U2FsdGVkX1+6mhVHiN2GGhsT8hifO3W3KxwCVcBgwnGc9ARnN2/k19XyQE4vjMCT HTTP/1.1" 200 25
181.60.29.253 - - [31/May/2022:16:19:10 -0500] "GET /kwssiamovil/sm/acme/a?s=U2FsdGVkX1+fWvbyxl5jQ36xbFYMdYVMxxU76kevYxyZTVQN5R0lk3sctbnK7gSO6Yxa36QZm8CDROqPHV0WThc/mlxVfi3vA/qSysDw8xYmapDliiShp1bhhGpBOKuox7OQr8i/QNSXeZ/GCqN9XAwcjx0JiQ8RwdAlYj/5PLni6o695ELa6+d27+izgp+/ZLdnAhCRUbdhrSUvZgTRjA==&u=U2FsdGVkX18QA/Ukd9/Af98SfTrw5xycFxVWSNwp4z5UckhCqenJ/8Zb3RFD+Fyc&y=U2FsdGVkX1+6mhVHiN2GGhsT8hifO3W3KxwCVcBgwnGc9ARnN2/k19XyQE4vjMCT HTTP/1.1" 200 25
181.60.29.253 - - [31/May/2022:16:19:10 -0500] "GET /kwssiamovil/sm/acme/a?s=U2FsdGVkX19x0ffg6IhwyvcTkxxJZya63rlLWPJvIFxRIuB3kRPB2i3Cqt2fH817K44e7jRWs8gjO2qZRhxi45kN8MHT4kkD8txiNCy1zAGDOkOpzad5R8o2F4NAL/eKSVocixlFcGr6ybal8BKWC2xB99RJX8jjQAzal+VETbPvgCgf0ZemdeKyDvsfMlVM&u=U2FsdGVkX18QA/Ukd9/Af98SfTrw5xycFxVWSNwp4z5UckhCqenJ/8Zb3RFD+Fyc&y=U2FsdGVkX1+6mhVHiN2GGhsT8hifO3W3KxwCVcBgwnGc9ARnN2/k19XyQE4vjMCT HTTP/1.1" 200 25
181.60.29.253 - - [31/May/2022:16:19:10 -0500] "GET /kwssiamovil/sm/acme/a?s=U2FsdGVkX19rqtQ23YPkps0tg636lHhJn6DcuvuZo+lnfyVxpZuksQxs/whjJqMuPUI7aFjiPhQ96OhaSeSuxb03x2olvjLnL01pJ2ah8k+ZJAuFo4dqQUsU6uuHcDZWbFECO9xpdOHRQ/jggWbr2EeCuUKJYsgbVc87TA5jEUoD8CY2HG6rRUD+e4Bpbh5yEhhKFQPmGPri6fIYglL3PQ==&u=U2FsdGVkX18QA/Ukd9/Af98SfTrw5xycFxVWSNwp4z5UckhCqenJ/8Zb3RFD+Fyc&y=U2FsdGVkX1+6mhVHiN2GGhsT8hifO3W3KxwCVcBgwnGc9ARnN2/k19XyQE4vjMCT HTTP/1.1" 200 25
181.60.29.253 - - [31/May/2022:16:19:11 -0500] "GET /kwssiamovil/sm/acme/a?s=U2FsdGVkX1+wGRbQxpV3SjXIiZ7c9I9vhtmjXWHZ8q1/Bdo5+nVQVUXLR9CJrIB12P+j8axturIJItgB6uvaedP53fTX8NUSb1wfd6IVXRlajo4mJolSjTGM0bSm3JrHVDUoeW6frOwJen2iR5rKnVgie9MzkHj7RhGgQA71awpk5P5qj2bKoz7h32NQvupxNAMYH61TKYyMV8RuZhZ0QQ==&u=U2FsdGVkX18QA/Ukd9/Af98SfTrw5xycFxVWSNwp4z5UckhCqenJ/8Zb3RFD+Fyc&y=U2FsdGVkX1+6mhVHiN2GGhsT8hifO3W3KxwCVcBgwnGc9ARnN2/k19XyQE4vjMCT HTTP/1.1" 200 25
200.118.64.109 - - [31/May/2022:16:19:34 -0500] "POST /forms/lservlet;jsessionid=ac16012b30d667ae8b0305b44810b33bab2f95ae2214.e3iSbxaKaheRe34MbxmQaheMbNz0n6jAmljGr5XDqQLvpAe HTTP/1.1" 200 2
200.118.64.109 - - [31/May/2022:16:19:34 -0500] "POST /forms/lservlet;jsessionid=ac16012b30d667ae8b0305b44810b33bab2f95ae2214.e3iSbxaKaheRe34MbxmQaheMbNz0n6jAmljGr5XDqQLvpAe HTTP/1.1" 200 14
200.118.64.109 - - [31/May/2022:16:19:36 -0500] "POST /forms/lservlet;jsessionid=ac16012b30d667ae8b0305b44810b33bab2f95ae2214.e3iSbxaKaheRe34MbxmQaheMbNz0n6jAmljGr5XDqQLvpAe HTTP/1.1" 200 14
200.118.64.109 - - [31/May/2022:16:19:37 -0500] "POST /forms/lservlet;jsessionid=ac16012b30d667ae8b0305b44810b33bab2f95ae2214.e3iSbxaKaheRe34MbxmQaheMbNz0n6jAmljGr5XDqQLvpAe HTTP/1.1" 200 14
200.118.64.109 - - [31/May/2022:16:19:39 -0500] "POST /forms/lservlet;jsessionid=ac16012b30d667ae8b0305b44810b33bab2f95ae2214.e3iSbxaKaheRe34MbxmQaheMbNz0n6jAmljGr5XDqQLvpAe HTTP/1.1" 200 14
200.118.64.109 - - [31/May/2022:16:19:40 -0500] "POST /forms/lservlet;jsessionid=ac16012b30d667ae8b0305b44810b33bab2f95ae2214.e3iSbxaKaheRe34MbxmQaheMbNz0n6jAmljGr5XDqQLvpAe HTTP/1.1" 200 106
200.118.64.109 - - [31/May/2022:16:19:41 -0500] "POST /forms/lservlet;jsessionid=ac16012b30d667ae8b0305b44810b33bab2f95ae2214.e3iSbxaKaheRe34MbxmQaheMbNz0n6jAmljGr5XDqQLvpAe HTTP/1.1" 200 2
200.118.64.109 - - [31/May/2022:16:19:41 -0500] "GET /reports/rwservlet/getjobid76794?server=repnomi HTTP/1.1" 200 48210
200.118.64.109 - - [31/May/2022:16:19:53 -0500] "POST /forms/lservlet;jsessionid=ac16012b30d667ae8b0305b44810b33bab2f95ae2214.e3iSbxaKaheRe34MbxmQaheMbNz0n6jAmljGr5XDqQLvpAe HTTP/1.1" 200 2
172.22.2.4 - - [31/May/2022:16:18:15 -0500] "GET /BLA/boletinlegal/ HTTP/1.1" 200 57520
181.60.29.253 - - [31/May/2022:16:20:22 -0500] "GET /kwssiamovil/sm/acme/u?s=U2FsdGVkX1+oGjO+RR8fYgH7Ek6EfmSc2w88E+f9nZlNYJK6Ab8v8mWL9I5Axi5kTlBC4gHpXw1HyH0xWXMmzYsYgwbEejWgBt3v9I7cDSC8isz1KTJJHQM9F7YgJbNzdhSJD5vcVdy+LFXdKAOHZQ==&u=U2FsdGVkX18QA/Ukd9/Af98SfTrw5xycFxVWSNwp4z5UckhCqenJ/8Zb3RFD+Fyc&y=U2FsdGVkX1+6mhVHiN2GGhsT8hifO3W3KxwCVcBgwnGc9ARnN2/k19XyQE4vjMCT HTTP/1.1" 200 60
66.249.65.13 - - [31/May/2022:16:21:12 -0500] "-" 408 -
181.62.149.79 - - [31/May/2022:16:21:13 -0500] "GET /BLA/resoluciones/ HTTP/1.1" 200 13093
181.62.149.79 - - [31/May/2022:16:21:13 -0500] "GET /BLA/resoluciones/dlf/styles.css HTTP/1.1" 200 3049
181.62.149.79 - - [31/May/2022:16:21:13 -0500] "GET /BLA/resoluciones/dlf/folder.png HTTP/1.1" 200 410
181.62.149.79 - - [31/May/2022:16:21:13 -0500] "GET /BLA/resoluciones/dlf/bg.gif HTTP/1.1" 200 54
181.62.149.79 - - [31/May/2022:16:21:16 -0500] "GET /BLA/resoluciones/index.php?dir=RESOLUCIONES+2022%2F HTTP/1.1" 200 36224
181.62.149.79 - - [31/May/2022:16:21:16 -0500] "GET /BLA/resoluciones/dlf/pdf.gif HTTP/1.1" 200 272
181.62.149.79 - - [31/May/2022:16:21:16 -0500] "GET /BLA/resoluciones/dlf/dirup.png HTTP/1.1" 200 644
201.245.192.253 - - [31/May/2022:16:21:18 -0500] "POST /sipse/faces/presentacion/financiero/solicitudProceso/consultarSolicitudProceso.xhtml HTTP/1.1" 200 62430
201.245.192.253 - - [31/May/2022:16:21:18 -0500] "GET /sipse/faces/javax.faces.resource/jquery/jquery.js?ln=primefaces&v=4.0 HTTP/1.1" 304 -
201.245.192.253 - - [31/May/2022:16:21:18 -0500] "GET /sipse/faces/javax.faces.resource/jquery/jquery-plugins.js?ln=primefaces&v=4.0 HTTP/1.1" 304 -
201.245.192.253 - - [31/May/2022:16:21:19 -0500] "GET /sipse/faces/javax.faces.resource/primefaces.js?ln=primefaces&v=4.0 HTTP/1.1" 304 -
201.245.192.253 - - [31/May/2022:16:21:19 -0500] "GET /sipse/faces/javax.faces.resource/layout/layout.js?ln=primefaces&v=4.0 HTTP/1.1" 304 -
201.245.192.253 - - [31/May/2022:16:21:19 -0500] "POST /sipse/faces/presentacion/financiero/solicitudProceso/listarSolicitudProceso.xhtml HTTP/1.1" 200 55803
201.245.192.253 - - [31/May/2022:16:21:19 -0500] "POST /sipse/faces/presentacion/financiero/solicitudProceso/listarSolicitudProceso.xhtml HTTP/1.1" 200 55803
201.245.192.253 - - [31/May/2022:16:21:20 -0500] "POST /sipse/faces/presentacion/financiero/solicitudProceso/listarSolicitudProceso.xhtml HTTP/1.1" 200 55803
181.62.149.79 - - [31/May/2022:16:21:21 -0500] "GET /BLA/resoluciones/RESOLUCIONES%202022/0042.pdf HTTP/1.1" 200 374982
201.245.192.253 - - [31/May/2022:16:21:21 -0500] "POST /sipse/faces/presentacion/financiero/solicitudProceso/listarSolicitudProceso.xhtml HTTP/1.1" 200 1452
201.245.192.253 - - [31/May/2022:16:21:21 -0500] "POST /sipse/faces/presentacion/financiero/solicitudProceso/listarSolicitudProceso.xhtml HTTP/1.1" 200 1448
201.245.192.253 - - [31/May/2022:16:21:21 -0500] "POST /sipse/faces/presentacion/financiero/solicitudProceso/listarSolicitudProceso.xhtml HTTP/1.1" 200 1452
201.245.192.253 - - [31/May/2022:16:21:21 -0500] "POST /sipse/faces/presentacion/financiero/solicitudProceso/listarSolicitudProceso.xhtml HTTP/1.1" 200 1448
201.245.192.253 - - [31/May/2022:16:21:24 -0500] "POST /sipse/faces/presentacion/financiero/solicitudProceso/listarSolicitudProceso.xhtml HTTP/1.1" 200 35007
201.245.192.253 - - [31/May/2022:16:21:24 -0500] "GET /sipse/faces/javax.faces.resource/jquery/jquery.js?ln=primefaces&v=4.0 HTTP/1.1" 304 -
201.245.192.253 - - [31/May/2022:16:21:24 -0500] "GET /sipse/faces/javax.faces.resource/jquery/jquery-plugins.js?ln=primefaces&v=4.0 HTTP/1.1" 304 -
201.245.192.253 - - [31/May/2022:16:21:25 -0500] "GET /sipse/faces/javax.faces.resource/primefaces.js?ln=primefaces&v=4.0 HTTP/1.1" 304 -
201.245.192.253 - - [31/May/2022:16:21:25 -0500] "GET /sipse/faces/javax.faces.resource/layout/layout.js?ln=primefaces&v=4.0 HTTP/1.1" 304 -
201.245.192.253 - - [31/May/2022:16:21:25 -0500] "POST /sipse/faces/presentacion/financiero/solicitudProceso/solicitudProcesoOtrosPagos.xhtml HTTP/1.1" 200 28372
201.245.192.253 - - [31/May/2022:16:21:25 -0500] "POST /sipse/faces/presentacion/financiero/solicitudProceso/solicitudProcesoOtrosPagos.xhtml HTTP/1.1" 200 28372
201.245.192.253 - - [31/May/2022:16:21:26 -0500] "POST /sipse/faces/presentacion/financiero/solicitudProceso/solicitudProcesoOtrosPagos.xhtml HTTP/1.1" 200 28372
201.245.192.253 - - [31/May/2022:16:21:26 -0500] "POST /sipse/faces/presentacion/financiero/solicitudProceso/solicitudProcesoOtrosPagos.xhtml HTTP/1.1" 200 28372
201.245.192.253 - - [31/May/2022:16:21:28 -0500] "POST /sipse/faces/presentacion/financiero/solicitudProceso/solicitudProcesoOtrosPagos.xhtml HTTP/1.1" 200 39955
201.245.192.253 - - [31/May/2022:16:21:29 -0500] "GET /sipse/faces/javax.faces.resource/jquery/jquery.js?ln=primefaces&v=4.0 HTTP/1.1" 304 -
201.245.192.253 - - [31/May/2022:16:21:29 -0500] "GET /sipse/faces/javax.faces.resource/jquery/jquery-plugins.js?ln=primefaces&v=4.0 HTTP/1.1" 304 -
201.245.192.253 - - [31/May/2022:16:21:29 -0500] "GET /sipse/faces/javax.faces.resource/primefaces.js?ln=primefaces&v=4.0 HTTP/1.1" 304 -
201.245.192.253 - - [31/May/2022:16:21:29 -0500] "GET /sipse/faces/javax.faces.resource/layout/layout.js?ln=primefaces&v=4.0 HTTP/1.1" 304 -
201.245.192.253 - - [31/May/2022:16:21:29 -0500] "GET /sipse/faces/javax.faces.resource/jsf.js?ln=javax.faces&stage=Development HTTP/1.1" 304 -
201.245.192.253 - - [31/May/2022:16:21:29 -0500] "GET /sipse/faces/javax.faces.resource/fileupload/fileupload.js?ln=primefaces&v=4.0 HTTP/1.1" 304 -
200.118.64.109 - - [31/May/2022:16:21:47 -0500] "POST /forms/lservlet;jsessionid=ac16012b30d667ae8b0305b44810b33bab2f95ae2214.e3iSbxaKaheRe34MbxmQaheMbNz0n6jAmljGr5XDqQLvpAe HTTP/1.1" 200 2
200.118.64.109 - - [31/May/2022:16:21:47 -0500] "POST /forms/lservlet;jsessionid=ac16012b30d667ae8b0305b44810b33bab2f95ae2214.e3iSbxaKaheRe34MbxmQaheMbNz0n6jAmljGr5XDqQLvpAe HTTP/1.1" 200 14
200.118.64.109 - - [31/May/2022:16:21:48 -0500] "POST /forms/lservlet;jsessionid=ac16012b30d667ae8b0305b44810b33bab2f95ae2214.e3iSbxaKaheRe34MbxmQaheMbNz0n6jAmljGr5XDqQLvpAe HTTP/1.1" 200 14
200.118.64.109 - - [31/May/2022:16:21:50 -0500] "POST /forms/lservlet;jsessionid=ac16012b30d667ae8b0305b44810b33bab2f95ae2214.e3iSbxaKaheRe34MbxmQaheMbNz0n6jAmljGr5XDqQLvpAe HTTP/1.1" 200 110
200.118.64.109 - - [31/May/2022:16:21:50 -0500] "POST /forms/lservlet;jsessionid=ac16012b30d667ae8b0305b44810b33bab2f95ae2214.e3iSbxaKaheRe34MbxmQaheMbNz0n6jAmljGr5XDqQLvpAe HTTP/1.1" 200 2
200.118.64.109 - - [31/May/2022:16:21:50 -0500] "GET /reports/rwservlet/getjobid76796?server=repnomi HTTP/1.1" 200 47748
201.245.192.253 - - [31/May/2022:16:21:53 -0500] "POST /sipse/faces/presentacion/financiero/solicitudProceso/registroSolicitudProcesoOtrosPagos.xhtml HTTP/1.1" 200 1872
200.118.64.109 - - [31/May/2022:16:21:54 -0500] "POST /forms/lservlet;jsessionid=ac16012b30d667ae8b0305b44810b33bab2f95ae2214.e3iSbxaKaheRe34MbxmQaheMbNz0n6jAmljGr5XDqQLvpAe HTTP/1.1" 200 2
201.245.192.253 - - [31/May/2022:16:21:24 -0500] "POST /kwsrmcab/Wsrmcab HTTP/1.1" 200 47092
201.245.192.253 - - [31/May/2022:16:22:13 -0500] "POST /sipse/faces/presentacion/financiero/solicitudProceso/registroSolicitudProcesoOtrosPagos.xhtml HTTP/1.1" 200 1888
216.245.221.92 - - [31/May/2022:16:22:30 -0500] "HEAD / HTTP/1.1" 200 -
172.22.2.4 - - [31/May/2022:16:22:42 -0500] "GET /BLA/boletinlegal/actos.php HTTP/1.1" 200 9559
172.22.2.4 - - [31/May/2022:16:22:42 -0500] "GET /BLA/boletinlegal/favicon.ico HTTP/1.1" 404 1326
172.22.2.4 - - [31/May/2022:16:22:49 -0500] "GET /BLA/boletinlegal/actos.php HTTP/1.1" 200 9559
172.22.2.4 - - [31/May/2022:16:22:49 -0500] "GET /BLA/boletinlegal/favicon.ico HTTP/1.1" 404 1326
172.22.2.4 - - [31/May/2022:16:22:56 -0500] "GET /BLA/boletinlegal/consulta_actos.php?tipo=autos&no=0827&usuario=&sector=&fecha=2022&resuelve= HTTP/1.1" 200 626
190.158.204.49 - - [31/May/2022:16:23:00 -0500] "GET /BLA/resoluciones/dlf/styles.css HTTP/1.1" 200 3049
190.158.204.49 - - [31/May/2022:16:23:00 -0500] "GET /BLA/resoluciones/ HTTP/1.1" 200 13093
190.158.204.49 - - [31/May/2022:16:23:00 -0500] "GET /BLA/resoluciones/dlf/folder.png HTTP/1.1" 200 410
190.158.204.49 - - [31/May/2022:16:23:00 -0500] "GET /BLA/resoluciones/dlf/bg.gif HTTP/1.1" 200 54
190.158.204.49 - - [31/May/2022:16:23:00 -0500] "GET /favicon.ico HTTP/1.1" 200 7782
201.245.192.253 - - [31/May/2022:16:22:12 -0500] "POST /kwsrmcab/Wsrmcab HTTP/1.1" 200 47266
190.158.204.49 - - [31/May/2022:16:23:02 -0500] "GET /BLA/resoluciones/dlf/dirup.png HTTP/1.1" 200 644
190.158.204.49 - - [31/May/2022:16:23:02 -0500] "GET /BLA/resoluciones/dlf/pdf.gif HTTP/1.1" 200 272
190.158.204.49 - - [31/May/2022:16:23:02 -0500] "GET /BLA/resoluciones/index.php?dir=AUTOS+2022%2F HTTP/1.1" 200 61344
172.22.2.4 - - [31/May/2022:16:23:02 -0500] "GET /BLA/boletinlegal/consulta_actos.php?tipo=resoluciones&no=1543&usuario=&sector=&fecha=2020&resuelve= HTTP/1.1" 200 626
179.1.102.177 - - [31/May/2022:16:23:05 -0500] "-" 408 -
201.245.192.253 - - [31/May/2022:16:23:07 -0500] "POST /sipse/faces/presentacion/financiero/solicitudProceso/registroSolicitudProcesoOtrosPagos.xhtml HTTP/1.1" 200 2312
172.22.2.4 - - [31/May/2022:16:23:11 -0500] "GET /BLA/boletinlegal/consulta_actos.php?tipo=autos&no=1543&usuario=&sector=&fecha=2020&resuelve= HTTP/1.1" 200 1107
201.245.192.253 - - [31/May/2022:16:23:13 -0500] "GET /BLA/resoluciones/AUTOS%202020/1543.pdf HTTP/1.1" 200 369606
200.118.64.109 - - [31/May/2022:16:23:13 -0500] "POST /forms/lservlet;jsessionid=ac16012b30d667ae8b0305b44810b33bab2f95ae2214.e3iSbxaKaheRe34MbxmQaheMbNz0n6jAmljGr5XDqQLvpAe HTTP/1.1" 200 2
200.118.64.109 - - [31/May/2022:16:23:13 -0500] "POST /forms/lservlet;jsessionid=ac16012b30d667ae8b0305b44810b33bab2f95ae2214.e3iSbxaKaheRe34MbxmQaheMbNz0n6jAmljGr5XDqQLvpAe HTTP/1.1" 200 14
172.22.2.4 - - [31/May/2022:16:22:35 -0500] "GET /BLA/boletinlegal/ HTTP/1.1" 200 32715
200.118.64.109 - - [31/May/2022:16:23:15 -0500] "POST /forms/lservlet;jsessionid=ac16012b30d667ae8b0305b44810b33bab2f95ae2214.e3iSbxaKaheRe34MbxmQaheMbNz0n6jAmljGr5XDqQLvpAe HTTP/1.1" 200 14
200.118.64.109 - - [31/May/2022:16:23:17 -0500] "POST /forms/lservlet;jsessionid=ac16012b30d667ae8b0305b44810b33bab2f95ae2214.e3iSbxaKaheRe34MbxmQaheMbNz0n6jAmljGr5XDqQLvpAe HTTP/1.1" 200 14
201.245.192.253 - - [31/May/2022:16:23:18 -0500] "POST /sipse/faces/presentacion/financiero/solicitudProceso/registroSolicitudProcesoOtrosPagos.xhtml HTTP/1.1" 200 1892
201.245.192.253 - - [31/May/2022:16:23:19 -0500] "POST /sipse/faces/presentacion/financiero/solicitudProceso/registroSolicitudProcesoOtrosPagos.xhtml HTTP/1.1" 302 -
201.245.192.253 - - [31/May/2022:16:23:19 -0500] "GET /sipse/faces/presentacion/financiero/solicitudProyectoActividad/asociarProyectoSolicitud.xhtml HTTP/1.1" 200 24642
200.118.64.109 - - [31/May/2022:16:23:18 -0500] "POST /forms/lservlet;jsessionid=ac16012b30d667ae8b0305b44810b33bab2f95ae2214.e3iSbxaKaheRe34MbxmQaheMbNz0n6jAmljGr5XDqQLvpAe HTTP/1.1" 200 14
190.60.254.210 - - [31/May/2022:16:23:18 -0500] "GET /portaldeninos/ HTTP/1.1" 200 109662
190.60.254.210 - - [31/May/2022:16:23:20 -0500] "GET /portaldeninos/wp-includes/js/wp-emoji-release.min.js?ver=4.9.8 HTTP/1.1" 200 12026
190.60.254.210 - - [31/May/2022:16:23:20 -0500] "GET /portaldeninos/wp-content/themes/betheme/style.css?ver=20.9.6 HTTP/1.1" 200 287
190.60.254.210 - - [31/May/2022:16:23:20 -0500] "GET /portaldeninos/wp-content/uploads/useanyfont/uaf.css?ver=1589905315 HTTP/1.1" 200 408
190.60.254.210 - - [31/May/2022:16:23:20 -0500] "GET /portaldeninos/wp-content/plugins/gallery-videos/CSS/Total-Soft-Gallery-Video-Widget.css?ver=4.9.8 HTTP/1.1" 200 51554
190.60.254.210 - - [31/May/2022:16:23:20 -0500] "GET /portaldeninos/wp-content/plugins/gallery-videos/CSS/totalsoft.css?ver=4.9.8 HTTP/1.1" 200 40622
190.60.254.210 - - [31/May/2022:16:23:20 -0500] "GET /portaldeninos/wp-content/themes/betheme/css/layout.css?ver=20.9.6 HTTP/1.1" 200 116639
190.60.254.210 - - [31/May/2022:16:23:20 -0500] "GET /portaldeninos/wp-content/themes/betheme/css/base.css?ver=20.9.6 HTTP/1.1" 200 57283
190.60.254.210 - - [31/May/2022:16:23:20 -0500] "GET /portaldeninos/wp-content/themes/betheme/assets/jplayer/css/jplayer.blue.monday.css?ver=20.9.6 HTTP/1.1" 200 9834
190.60.254.210 - - [31/May/2022:16:23:20 -0500] "GET /portaldeninos/wp-content/themes/betheme/assets/ui/jquery.ui.all.css?ver=20.9.6 HTTP/1.1" 200 18765
190.60.254.210 - - [31/May/2022:16:23:20 -0500] "GET /portaldeninos/wp-content/themes/betheme/assets/animations/animations.min.css?ver=20.9.6 HTTP/1.1" 200 58508
190.60.254.210 - - [31/May/2022:16:23:20 -0500] "GET /portaldeninos/wp-content/plugins/popup-maker/assets/css/site.min.css?ver=1.8.14 HTTP/1.1" 200 8260
190.60.254.210 - - [31/May/2022:16:23:20 -0500] "GET /portaldeninos/wp-content/plugins/google-analytics-for-wordpress/assets/js/frontend-gtag.min.js?ver=8.5.0 HTTP/1.1" 200 11801
190.60.254.210 - - [31/May/2022:16:23:20 -0500] "GET /portaldeninos/wp-content/themes/betheme/css/responsive.css?ver=20.9.6 HTTP/1.1" 200 55740
190.60.254.210 - - [31/May/2022:16:23:20 -0500] "GET /portaldeninos/wp-includes/js/jquery/jquery-migrate.min.js?ver=1.4.1 HTTP/1.1" 200 10056
190.60.254.210 - - [31/May/2022:16:23:20 -0500] "GET /portaldeninos/wp-includes/js/jquery/ui/core.min.js?ver=1.11.4 HTTP/1.1" 200 4000
190.60.254.210 - - [31/May/2022:16:23:20 -0500] "GET /portaldeninos/wp-content/plugins/gallery-videos/JS/modernizr.custom.js?ver=4.9.8 HTTP/1.1" 200 9019
190.60.254.210 - - [31/May/2022:16:23:20 -0500] "GET /portaldeninos/wp-includes/js/jquery/jquery.js?ver=1.12.4 HTTP/1.1" 200 97184
201.245.192.253 - - [31/May/2022:16:23:20 -0500] "GET /sipse/faces/javax.faces.resource/theme.css?ln=primefaces-sipse HTTP/1.1" 304 -
201.245.192.253 - - [31/May/2022:16:23:20 -0500] "GET /sipse/faces/javax.faces.resource/primefaces.css?ln=primefaces&v=4.0 HTTP/1.1" 304 -
201.245.192.253 - - [31/May/2022:16:23:20 -0500] "GET /sipse/faces/javax.faces.resource/layout/layout.css?ln=primefaces&v=4.0 HTTP/1.1" 304 -
201.245.192.253 - - [31/May/2022:16:23:20 -0500] "GET /sipse/faces/javax.faces.resource/jquery/jquery.js?ln=primefaces&v=4.0 HTTP/1.1" 304 -
201.245.192.253 - - [31/May/2022:16:23:20 -0500] "GET /sipse/faces/javax.faces.resource/jquery/jquery-plugins.js?ln=primefaces&v=4.0 HTTP/1.1" 304 -
190.60.254.210 - - [31/May/2022:16:23:20 -0500] "GET /portaldeninos/wp-content/plugins/gallery-videos/JS/Total-Soft-Gallery-Video-Widget.js?ver=4.9.8 HTTP/1.1" 200 80264
201.245.192.253 - - [31/May/2022:16:23:20 -0500] "GET /sipse/faces/javax.faces.resource/primefaces.js?ln=primefaces&v=4.0 HTTP/1.1" 304 -
201.245.192.253 - - [31/May/2022:16:23:20 -0500] "GET /sipse/faces/javax.faces.resource/layout/layout.js?ln=primefaces&v=4.0 HTTP/1.1" 304 -
190.60.254.210 - - [31/May/2022:16:23:21 -0500] "GET /portaldeninos/wp-includes/js/jquery/ui/widget.min.js?ver=1.11.4 HTTP/1.1" 200 6908
190.60.254.210 - - [31/May/2022:16:23:21 -0500] "GET /portaldeninos/wp-includes/js/jquery/ui/mouse.min.js?ver=1.11.4 HTTP/1.1" 200 3148
190.60.254.210 - - [31/May/2022:16:23:20 -0500] "GET /portaldeninos/wp-content/themes/betheme/css/shortcodes.css?ver=20.9.6 HTTP/1.1" 200 138889
190.60.254.210 - - [31/May/2022:16:23:21 -0500] "GET /portaldeninos/wp-includes/js/jquery/ui/sortable.min.js?ver=1.11.4 HTTP/1.1" 200 24899
201.245.192.253 - - [31/May/2022:16:23:21 -0500] "GET /sipse/faces/javax.faces.resource/images/ui-icons_898989_256x240.png?ln=primefaces-aristo HTTP/1.1" 304 -
190.60.254.210 - - [31/May/2022:16:23:21 -0500] "GET /portaldeninos/wp-includes/js/jquery/ui/tabs.min.js?ver=1.11.4 HTTP/1.1" 200 12110
190.60.254.210 - - [31/May/2022:16:23:21 -0500] "GET /portaldeninos/wp-includes/js/jquery/ui/accordion.min.js?ver=1.11.4 HTTP/1.1" 200 8584
200.118.64.109 - - [31/May/2022:16:23:20 -0500] "POST /forms/lservlet;jsessionid=ac16012b30d667ae8b0305b44810b33bab2f95ae2214.e3iSbxaKaheRe34MbxmQaheMbNz0n6jAmljGr5XDqQLvpAe HTTP/1.1" 200 15
190.60.254.210 - - [31/May/2022:16:23:21 -0500] "GET /portaldeninos/wp-content/themes/betheme/assets/animations/animations.min.js?ver=20.9.6 HTTP/1.1" 200 1896
190.60.254.210 - - [31/May/2022:16:23:21 -0500] "GET /portaldeninos/wp-content/themes/betheme/js/menu.js?ver=20.9.6 HTTP/1.1" 200 2449
190.60.254.210 - - [31/May/2022:16:23:21 -0500] "GET /portaldeninos/wp-includes/js/jquery/ui/position.min.js?ver=1.11.4 HTTP/1.1" 200 6527
190.60.254.210 - - [31/May/2022:16:23:21 -0500] "GET /portaldeninos/wp-content/themes/betheme/assets/jplayer/jplayer.min.js?ver=20.9.6 HTTP/1.1" 200 52702
190.60.254.210 - - [31/May/2022:16:23:21 -0500] "GET /portaldeninos/wp-content/plugins/popup-maker/assets/js/site.min.js?defer&ver=1.8.14 HTTP/1.1" 200 48457
190.60.254.210 - - [31/May/2022:16:23:22 -0500] "GET /portaldeninos/wp-includes/js/wp-embed.min.js?ver=4.9.8 HTTP/1.1" 200 1398
190.60.254.210 - - [31/May/2022:16:23:21 -0500] "GET /portaldeninos/wp-content/themes/betheme/js/scripts.js?ver=20.9.6 HTTP/1.1" 200 77162
190.60.254.210 - - [31/May/2022:16:23:21 -0500] "GET /portaldeninos/wp-content/themes/betheme/js/plugins.js?ver=20.9.6 HTTP/1.1" 200 197151
190.60.254.210 - - [31/May/2022:16:23:22 -0500] "GET /portaldeninos/wp-content/uploads/2021/06/titulo-cabezote-ni%C3%B1os.png HTTP/1.1" 200 64425
190.60.254.210 - - [31/May/2022:16:23:22 -0500] "GET /portaldeninos/wp-content/uploads/2021/06/titulo-miambiente-ni%C3%B1os.png HTTP/1.1" 200 11944
190.60.254.210 - - [31/May/2022:16:23:21 -0500] "GET /portaldeninos/wp-content/themes/betheme/fonts/mfn-icons.woff?93978679 HTTP/1.1" 200 80932
190.60.254.210 - - [31/May/2022:16:23:21 -0500] "GET /portaldeninos/wp-content/uploads/2019/08/Logo-Ambientic.png HTTP/1.1" 200 22941
190.60.254.210 - - [31/May/2022:16:23:22 -0500] "GET /portaldeninos/wp-content/uploads/2021/06/titulo-videos-ni%C3%B1os.png HTTP/1.1" 200 10502
190.60.254.210 - - [31/May/2022:16:23:22 -0500] "GET /portaldeninos/wp-content/uploads/2021/06/titulo-humedales-ni%C3%B1os.png HTTP/1.1" 200 13361
190.60.254.210 - - [31/May/2022:16:23:22 -0500] "GET /portaldeninos/wp-content/uploads/2020/01/Frailejon-escenario.jpg HTTP/1.1" 200 357472
190.60.254.210 - - [31/May/2022:16:23:22 -0500] "GET /portaldeninos/wp-content/uploads/2022/03/humedal-capellania.jpg HTTP/1.1" 200 42159
190.60.254.210 - - [31/May/2022:16:23:23 -0500] "GET /portaldeninos/wp-content/uploads/2020/05/fb.jpg HTTP/1.1" 200 9893
190.60.254.210 - - [31/May/2022:16:23:22 -0500] "GET /portaldeninos/wp-content/uploads/2018/10/oso.jpg HTTP/1.1" 200 305180
190.60.254.210 - - [31/May/2022:16:23:23 -0500] "GET /portaldeninos/wp-content/uploads/2020/05/ig.jpg HTTP/1.1" 200 11470
190.60.254.210 - - [31/May/2022:16:23:23 -0500] "GET /portaldeninos/wp-content/uploads/2020/06/yt.jpg HTTP/1.1" 200 10577
190.60.254.210 - - [31/May/2022:16:23:23 -0500] "GET /portaldeninos/wp-content/themes/betheme/images/box_shadow.png HTTP/1.1" 200 108
190.60.254.210 - - [31/May/2022:16:23:23 -0500] "GET /portaldeninos/wp-content/uploads/2020/06/tw.jpg HTTP/1.1" 200 11056
190.60.254.210 - - [31/May/2022:16:23:22 -0500] "GET /portaldeninos/wp-content/uploads/2020/01/Tierra-escenario.jpg HTTP/1.1" 200 181491
200.118.64.109 - - [31/May/2022:16:23:23 -0500] "POST /forms/lservlet;jsessionid=ac16012b30d667ae8b0305b44810b33bab2f95ae2214.e3iSbxaKaheRe34MbxmQaheMbNz0n6jAmljGr5XDqQLvpAe HTTP/1.1" 200 15
190.60.254.210 - - [31/May/2022:16:23:22 -0500] "GET /portaldeninos/wp-content/uploads/2018/11/caneca.jpg HTTP/1.1" 200 262661
190.60.254.210 - - [31/May/2022:16:23:24 -0500] "GET /portaldeninos/wp-json/pum/v1/analytics/?event=open&pid=1126&_cache=1654032079644 HTTP/1.1" 204 -
190.60.254.210 - - [31/May/2022:16:23:22 -0500] "GET /portaldeninos/wp-content/uploads/2018/11/tigrillo.jpg HTTP/1.1" 200 402961
190.60.254.210 - - [31/May/2022:16:23:23 -0500] "GET /portaldeninos/wp-content/uploads/2022/03/Mapa-humedales-2022.jpg HTTP/1.1" 200 894674
200.118.64.109 - - [31/May/2022:16:23:28 -0500] "POST /forms/lservlet;jsessionid=ac16012b30d667ae8b0305b44810b33bab2f95ae2214.e3iSbxaKaheRe34MbxmQaheMbNz0n6jAmljGr5XDqQLvpAe HTTP/1.1" 200 15
172.22.2.4 - - [31/May/2022:16:23:29 -0500] "GET /BLA/boletinlegal/consulta_actos.php?tipo=resoluciones&no=1543&usuario=&sector=&fecha=2020&resuelve= HTTP/1.1" 200 626
190.60.254.210 - - [31/May/2022:16:23:31 -0500] "GET /portaldeninos/que-es-cambio-climatico HTTP/1.1" 301 -
190.60.254.210 - - [31/May/2022:16:23:23 -0500] "GET /portaldeninos/wp-content/uploads/2019/06/CabezoteAMBIENTIC.mp4 HTTP/1.1" 206 2627814
190.60.254.210 - - [31/May/2022:16:23:24 -0500] "GET /portaldeninos/wp-content/uploads/2022/01/Conoce-lo-que-hace-la-Secretar%C3%ADa-de-Ambiente.mp4 HTTP/1.1" 206 3700838
190.60.254.210 - - [31/May/2022:16:23:32 -0500] "GET /portaldeninos/que-es-cambio-climatico/ HTTP/1.1" 200 86928
190.60.254.210 - - [31/May/2022:16:23:33 -0500] "GET /portaldeninos/wp-content/uploads/2020/01/Infograf%C3%ADa.gif%22%22 HTTP/1.1" 301 -
200.118.64.109 - - [31/May/2022:16:23:35 -0500] "POST /forms/lservlet;jsessionid=ac16012b30d667ae8b0305b44810b33bab2f95ae2214.e3iSbxaKaheRe34MbxmQaheMbNz0n6jAmljGr5XDqQLvpAe HTTP/1.1" 200 15
190.60.254.210 - - [31/May/2022:16:23:33 -0500] "GET /portaldeninos/wp-content/uploads/2020/01/Infograf%C3%ADa.gif HTTP/1.1" 200 965626
179.1.102.177 - - [31/May/2022:16:23:45 -0500] "-" 408 -
200.118.64.109 - - [31/May/2022:16:23:45 -0500] "POST /forms/lservlet;jsessionid=ac16012b30d667ae8b0305b44810b33bab2f95ae2214.e3iSbxaKaheRe34MbxmQaheMbNz0n6jAmljGr5XDqQLvpAe HTTP/1.1" 200 15
190.60.254.210 - - [31/May/2022:16:23:46 -0500] "GET /favicon.ico HTTP/1.1" 200 7782
201.245.192.253 - - [31/May/2022:16:23:50 -0500] "GET /sipse/faces/javax.faces.resource/images/ui-bg_flat_0_2d5972_40x100.png?ln=primefaces-aristo HTTP/1.1" 304 -
201.245.192.253 - - [31/May/2022:16:23:50 -0500] "POST /sipse/faces/presentacion/financiero/solicitudProyectoActividad/asociarProyectoSolicitud.xhtml HTTP/1.1" 200 2142
201.245.192.253 - - [31/May/2022:16:23:50 -0500] "GET /sipse/faces/javax.faces.resource/messages/messages.png?ln=primefaces&v=4.0 HTTP/1.1" 304 -
201.245.192.253 - - [31/May/2022:16:23:51 -0500] "POST /sipse/faces/presentacion/financiero/solicitudProyectoActividad/asociarProyectoSolicitud.xhtml HTTP/1.1" 200 6581
200.118.64.109 - - [31/May/2022:16:23:54 -0500] "POST /forms/lservlet;jsessionid=ac16012b30d667ae8b0305b44810b33bab2f95ae2214.e3iSbxaKaheRe34MbxmQaheMbNz0n6jAmljGr5XDqQLvpAe HTTP/1.1" 200 15
201.245.192.253 - - [31/May/2022:16:23:55 -0500] "POST /sipse/faces/presentacion/financiero/solicitudProyectoActividad/asociarProyectoSolicitud.xhtml HTTP/1.1" 200 1696
201.245.192.253 - - [31/May/2022:16:23:56 -0500] "POST /sipse/faces/presentacion/financiero/solicitudProyectoActividad/asociarProyectoSolicitud.xhtml HTTP/1.1" 200 69804
201.245.192.253 - - [31/May/2022:16:23:57 -0500] "GET /sipse/faces/javax.faces.resource/jquery/jquery.js?ln=primefaces&v=4.0 HTTP/1.1" 304 -
201.245.192.253 - - [31/May/2022:16:23:57 -0500] "GET /sipse/faces/javax.faces.resource/jquery/jquery-plugins.js?ln=primefaces&v=4.0 HTTP/1.1" 304 -
201.245.192.253 - - [31/May/2022:16:23:57 -0500] "GET /sipse/faces/javax.faces.resource/primefaces.js?ln=primefaces&v=4.0 HTTP/1.1" 304 -
201.245.192.253 - - [31/May/2022:16:23:57 -0500] "GET /sipse/faces/javax.faces.resource/layout/layout.js?ln=primefaces&v=4.0 HTTP/1.1" 304 -
200.118.64.109 - - [31/May/2022:16:24:03 -0500] "POST /forms/lservlet;jsessionid=ac16012b30d667ae8b0305b44810b33bab2f95ae2214.e3iSbxaKaheRe34MbxmQaheMbNz0n6jAmljGr5XDqQLvpAe HTTP/1.1" 200 15
172.22.2.4 - - [31/May/2022:16:24:05 -0500] "GET /BLA/boletinlegal/actos.php HTTP/1.1" 200 9559
200.118.64.109 - - [31/May/2022:16:24:12 -0500] "POST /forms/lservlet;jsessionid=ac16012b30d667ae8b0305b44810b33bab2f95ae2214.e3iSbxaKaheRe34MbxmQaheMbNz0n6jAmljGr5XDqQLvpAe HTTP/1.1" 200 15
172.22.2.4 - - [31/May/2022:16:24:16 -0500] "GET /BLA/boletinlegal/consulta_actos.php?tipo=resoluciones&no=&usuario=&sector=&fecha=2022&resuelve= HTTP/1.1" 200 148358
201.245.192.253 - - [31/May/2022:16:24:17 -0500] "POST /sipse/faces/presentacion/financiero/solicitudProyectoActividad/asociarActividadSolicitud.xhtml HTTP/1.1" 200 20134
201.245.192.253 - - [31/May/2022:16:24:18 -0500] "GET /sipse/faces/javax.faces.resource/jquery/jquery.js?ln=primefaces&v=4.0 HTTP/1.1" 304 -
201.245.192.253 - - [31/May/2022:16:24:20 -0500] "GET /sipse/faces/javax.faces.resource/jquery/jquery-plugins.js?ln=primefaces&v=4.0 HTTP/1.1" 304 -
201.245.192.253 - - [31/May/2022:16:24:20 -0500] "GET /sipse/faces/javax.faces.resource/primefaces.js?ln=primefaces&v=4.0 HTTP/1.1" 304 -
201.245.192.253 - - [31/May/2022:16:24:20 -0500] "GET /sipse/faces/javax.faces.resource/layout/layout.js?ln=primefaces&v=4.0 HTTP/1.1" 304 -
200.118.64.109 - - [31/May/2022:16:24:21 -0500] "POST /forms/lservlet;jsessionid=ac16012b30d667ae8b0305b44810b33bab2f95ae2214.e3iSbxaKaheRe34MbxmQaheMbNz0n6jAmljGr5XDqQLvpAe HTTP/1.1" 200 15
200.118.64.109 - - [31/May/2022:16:24:30 -0500] "POST /forms/lservlet;jsessionid=ac16012b30d667ae8b0305b44810b33bab2f95ae2214.e3iSbxaKaheRe34MbxmQaheMbNz0n6jAmljGr5XDqQLvpAe HTTP/1.1" 200 15
201.245.192.253 - - [31/May/2022:16:24:36 -0500] "POST /sipse/faces/presentacion/financiero/solicitudProyectoActividad/asociarFuentesSolicitud.xhtml HTTP/1.1" 200 44302
201.245.192.253 - - [31/May/2022:16:24:36 -0500] "GET /sipse/faces/javax.faces.resource/theme.css?ln=primefaces-sipse HTTP/1.1" 304 -
201.245.192.253 - - [31/May/2022:16:24:36 -0500] "GET /sipse/faces/javax.faces.resource/primefaces.css?ln=primefaces&v=4.0 HTTP/1.1" 304 -
201.245.192.253 - - [31/May/2022:16:24:36 -0500] "GET /sipse/faces/javax.faces.resource/layout/layout.css?ln=primefaces&v=4.0 HTTP/1.1" 304 -
201.245.192.253 - - [31/May/2022:16:24:36 -0500] "GET /sipse/faces/javax.faces.resource/primefaces.js?ln=primefaces&v=4.0 HTTP/1.1" 304 -
201.245.192.253 - - [31/May/2022:16:24:36 -0500] "GET /sipse/faces/javax.faces.resource/jsf.js?ln=javax.faces&stage=Development HTTP/1.1" 304 -
201.245.192.253 - - [31/May/2022:16:24:36 -0500] "GET /sipse/faces/javax.faces.resource/jquery/jquery-plugins.js?ln=primefaces&v=4.0 HTTP/1.1" 304 -
201.245.192.253 - - [31/May/2022:16:24:36 -0500] "GET /sipse/faces/javax.faces.resource/jquery/jquery.js?ln=primefaces&v=4.0 HTTP/1.1" 304 -
201.245.192.253 - - [31/May/2022:16:24:36 -0500] "GET /sipse/faces/javax.faces.resource/layout/layout.js?ln=primefaces&v=4.0 HTTP/1.1" 304 -
201.245.192.253 - - [31/May/2022:16:24:36 -0500] "GET /sipse/faces/javax.faces.resource/fileupload/fileupload.css?ln=primefaces&v=4.0 HTTP/1.1" 304 -
201.245.192.253 - - [31/May/2022:16:24:36 -0500] "GET /sipse/faces/javax.faces.resource/fileupload/fileupload.js?ln=primefaces&v=4.0 HTTP/1.1" 304 -
201.245.192.253 - - [31/May/2022:16:24:36 -0500] "GET /sipse/faces/javax.faces.resource/images/ui-icons_898989_256x240.png?ln=primefaces-aristo HTTP/1.1" 304 -
200.118.64.109 - - [31/May/2022:16:24:39 -0500] "POST /forms/lservlet;jsessionid=ac16012b30d667ae8b0305b44810b33bab2f95ae2214.e3iSbxaKaheRe34MbxmQaheMbNz0n6jAmljGr5XDqQLvpAe HTTP/1.1" 200 15
200.118.64.109 - - [31/May/2022:16:24:48 -0500] "POST /forms/lservlet;jsessionid=ac16012b30d667ae8b0305b44810b33bab2f95ae2214.e3iSbxaKaheRe34MbxmQaheMbNz0n6jAmljGr5XDqQLvpAe HTTP/1.1" 200 15
190.60.254.210 - - [31/May/2022:16:24:49 -0500] "GET /portaldeninos/ HTTP/1.1" 200 109662
172.22.2.4 - - [31/May/2022:16:23:15 -0500] "HEAD /BLA/boletinlegal/ HTTP/1.1" 200 -
200.118.64.109 - - [31/May/2022:16:24:57 -0500] "POST /forms/lservlet;jsessionid=ac16012b30d667ae8b0305b44810b33bab2f95ae2214.e3iSbxaKaheRe34MbxmQaheMbNz0n6jAmljGr5XDqQLvpAe HTTP/1.1" 200 15
190.60.254.210 - - [31/May/2022:16:24:51 -0500] "GET /portaldeninos/wp-content/uploads/2022/01/Conoce-lo-que-hace-la-Secretar%C3%ADa-de-Ambiente.mp4 HTTP/1.1" 206 2652383
190.60.254.210 - - [31/May/2022:16:24:51 -0500] "GET /portaldeninos/wp-content/uploads/2019/06/CabezoteAMBIENTIC.mp4 HTTP/1.1" 206 3561168
190.60.254.210 - - [31/May/2022:16:25:02 -0500] "GET /portaldeninos/que-es-cambio-climatico/ HTTP/1.1" 200 86928
186.28.227.62 - - [31/May/2022:16:24:47 -0500] "GET /BLA/boletinlegal/admin/ HTTP/1.1" 200 17208
186.28.227.62 - - [31/May/2022:16:25:04 -0500] "GET /BLA/boletinlegal/admin/index_files/index_files/tback.gif HTTP/1.1" 404 1334
186.28.227.62 - - [31/May/2022:16:25:04 -0500] "GET /favicon.ico HTTP/1.1" 200 7782
190.60.254.210 - - [31/May/2022:16:25:03 -0500] "GET /portaldeninos/wp-content/uploads/2020/01/Infograf%C3%ADa.gif%22%22 HTTP/1.1" 301 -
200.118.64.109 - - [31/May/2022:16:25:06 -0500] "POST /forms/lservlet;jsessionid=ac16012b30d667ae8b0305b44810b33bab2f95ae2214.e3iSbxaKaheRe34MbxmQaheMbNz0n6jAmljGr5XDqQLvpAe HTTP/1.1" 200 15
200.118.64.109 - - [31/May/2022:16:25:16 -0500] "POST /forms/lservlet;jsessionid=ac16012b30d667ae8b0305b44810b33bab2f95ae2214.e3iSbxaKaheRe34MbxmQaheMbNz0n6jAmljGr5XDqQLvpAe HTTP/1.1" 200 15
200.118.64.109 - - [31/May/2022:16:25:25 -0500] "POST /forms/lservlet;jsessionid=ac16012b30d667ae8b0305b44810b33bab2f95ae2214.e3iSbxaKaheRe34MbxmQaheMbNz0n6jAmljGr5XDqQLvpAe HTTP/1.1" 200 15
181.60.29.253 - - [31/May/2022:16:25:28 -0500] "OPTIONS /kwssiamovil/sm/setfile/f? HTTP/1.1" 200 13
186.28.227.62 - - [31/May/2022:16:25:29 -0500] "GET /BLA/boletinlegal/admin/notificaciones/ingresar.php HTTP/1.1" 200 30188
186.28.227.62 - - [31/May/2022:16:25:29 -0500] "GET /css/global/buttons.css HTTP/1.1" 404 1324
186.28.227.62 - - [31/May/2022:16:25:29 -0500] "GET /BLA/boletinlegal/admin/images/calendario.png HTTP/1.1" 200 4380
186.28.227.62 - - [31/May/2022:16:25:30 -0500] "GET /BLA/boletinlegal/images/favicon.ico HTTP/1.1" 404 1346
181.60.29.253 - - [31/May/2022:16:25:28 -0500] "POST /kwssiamovil/sm/setfile/f? HTTP/1.1" 200 381
181.60.29.253 - - [31/May/2022:16:25:32 -0500] "OPTIONS /kwssiamovil/sm/setfile/f? HTTP/1.1" 200 13
181.60.29.253 - - [31/May/2022:16:25:32 -0500] "POST /kwssiamovil/sm/setfile/f? HTTP/1.1" 200 381
200.118.64.109 - - [31/May/2022:16:25:34 -0500] "POST /forms/lservlet;jsessionid=ac16012b30d667ae8b0305b44810b33bab2f95ae2214.e3iSbxaKaheRe34MbxmQaheMbNz0n6jAmljGr5XDqQLvpAe HTTP/1.1" 200 15
181.60.29.253 - - [31/May/2022:16:25:36 -0500] "OPTIONS /kwssiamovil/sm/setfile/f? HTTP/1.1" 200 13
181.60.29.253 - - [31/May/2022:16:25:36 -0500] "POST /kwssiamovil/sm/setfile/f? HTTP/1.1" 200 381
181.60.29.253 - - [31/May/2022:16:25:40 -0500] "OPTIONS /kwssiamovil/sm/setfile/f? HTTP/1.1" 200 13
181.60.29.253 - - [31/May/2022:16:25:40 -0500] "POST /kwssiamovil/sm/setfile/f? HTTP/1.1" 200 381
200.118.64.109 - - [31/May/2022:16:25:43 -0500] "POST /forms/lservlet;jsessionid=ac16012b30d667ae8b0305b44810b33bab2f95ae2214.e3iSbxaKaheRe34MbxmQaheMbNz0n6jAmljGr5XDqQLvpAe HTTP/1.1" 200 15
172.22.2.4 - - [31/May/2022:16:24:05 -0500] "GET /BLA/boletinlegal/ HTTP/1.1" 200 59646
179.1.102.177 - - [31/May/2022:16:25:45 -0500] "-" 408 -
181.60.29.253 - - [31/May/2022:16:25:50 -0500] "GET /kwssiamovil/sm/acme/a?s=U2FsdGVkX18k/ZwIKDNWFGPwJHQuNdhagZbFcl+kOq8zUENL1IXkW2KI7dC79+IzbNGH8vK/ZFChg86YLwhmE+OG80Y00gg1HqxMF42TJlQdHpb3gajZ07pwRNZCr2CjRRMsItxqlqTvroNrsexAXEA1jK/qhmkdwwnJ1MOvBIT8K9cXHxMd92Uj4opIGRHaGmIh3RjucxcO8BsYsRfXi002hjFaZNDaOgN6deRCFrNg29rYDAXg4WXiagPcMqf2Hx6ZqVEYRJi52dk3UsOCtw==&u=U2FsdGVkX18QA/Ukd9/Af98SfTrw5xycFxVWSNwp4z5UckhCqenJ/8Zb3RFD+Fyc&y=U2FsdGVkX1+6mhVHiN2GGhsT8hifO3W3KxwCVcBgwnGc9ARnN2/k19XyQE4vjMCT HTTP/1.1" 200 25
181.60.29.253 - - [31/May/2022:16:25:51 -0500] "GET /kwssiamovil/sm/acme/a?s=U2FsdGVkX1+4IEqjJwTiBbfWeOmkYh0Zv9e7oWlXLf+WrXYuwekjJZx2qhselpFL9XDmN/s6byoH52D8p8JIrK8JO3FkEKhs9Q79Ucwh6kltq53CbjX6Co80AGFSu9lFR2utr9iCRaxCLedu/ZbHpVuYl0pwKHOGtwoDoWMGT0nqqA0T3+pi1lvEi5bfOZq7RG6BlOzdC8ZNP/6omz2aalimjSISl+HshJjIypfDc0SqAD2Z8/SW+iXhod4Ems1760uvriqTVEuKllOrsEgZSI/v2tN5Ptr8JzaZLcyDvp9+J1hl/sv6tw36ATuBkTbIGUZ+AJJh7crYRDIpse1w8hGPv8pVngtwqNGyykRLIVElzbLGJsDmTHDtQvPhBjnd9bVYjotBXkfw5ZDg3c3nGh5jiT96a++bReEC8SMFVFe0Awhfq8+Eiuo3gk7ZeIqwIym4VzstwWsS05l7c+yxE86tw3Hngx8pZik68h4nkBKEXPVofHHOg6LEQXh6iC3/y4c5Txl53U2G57TB+VFjLLxts9jf6oDZjUB5ZMNrYp/ktLrbyN2//wB+0FTt839ZqTOmKr0bImCRvQL9C1b3O9iRyAk3LAezC/1nkPb8UHc+xGn1Y2es0wrcMnQLzX7cUYtK1C09HLnAM03RaGuyGynWHtheqmJ9T7mW3mlOAceP3pFWOHnMB2q2cqENZsf/pA1QYUjda6GLoaFlU2lcQu8Mwm2YP2k4f39BdNbudu9+AG79CVfyjafMNkWLl+Z6bR/oIrP9tyfB16oehV4yKuH1wk54Y4Zkr390XYcjKwnIb+9EZcToUBzMSl5N+M9OAEObWQMLGbNMaJ7y6KQ5eQqZpJLIgPt1TJSdIHVcYivh6DO7952K6fiTC65aoeADn/HTsJgtU2/xDyOTx4nF8AH8BhDCyTtw90HHrt90ILGU8FLr3R1zhqhFEv5uPwWy3w4/RNpkezDtP7wtBK7NyZnwIFjTl8aBF3Md9AElJ4jjyXet9s2gd0mXdY/T58hbsRGkJ5jS3wxxuP5oWPHZ4Et+xMIxBUngPJQjDVK5zKEX1xD9kfNjgOdjNOIPR1NbdnLWlMHOu5W1QIdOeSyded/YHwhORm9oP68oCqbZj5wbemRkQcbv4wJxPWpst5Y3fsGFd3TOllYGhvckKTgNMLhpXU01+dnHbZaCXm3t0DHK2ZCiqLm1OUh1Y4fi9/HoIvjftaSgcU1iRN0+84mNtArX13H8cXEml8kHdoEv0RefC1el00yEwM0YSnDeQNhTIEZMoYBaKTFtRN86bAs2SRVTvh80eg4t+UadJUUtrdw=&u=U2FsdGVkX18QA/Ukd9/Af98SfTrw5xycFxVWSNwp4z5UckhCqenJ/8Zb3RFD+Fyc&y=U2FsdGVkX1+6mhVHiN2GGhsT8hifO3W3KxwCVcBgwnGc9ARnN2/k19XyQE4vjMCT HTTP/1.1" 200 25
181.60.29.253 - - [31/May/2022:16:25:51 -0500] "GET /kwssiamovil/sm/acme/a?s=U2FsdGVkX1+Y2xSJjXAPcY+VsDqnvpw+7/m06RoGYxh0gKb5DaYGnIrJN2Dxdv1+tJySRga1y0VA3BCvz99oo+vy63Kg9XJazO7U70CVFjcoFxa5nt3wSEBq3480ee2RyY9uJh+rM0W7Rp7Si0fAOEEypjnnqqqxQgCk/mGMLzc=&u=U2FsdGVkX18QA/Ukd9/Af98SfTrw5xycFxVWSNwp4z5UckhCqenJ/8Zb3RFD+Fyc&y=U2FsdGVkX1+6mhVHiN2GGhsT8hifO3W3KxwCVcBgwnGc9ARnN2/k19XyQE4vjMCT HTTP/1.1" 200 25
181.60.29.253 - - [31/May/2022:16:25:51 -0500] "GET /kwssiamovil/sm/acme/a?s=U2FsdGVkX18s1qpzGzRy6Zeve399ZMjPonyA2JwttL3m9lO2OL30yc03h72lRNrMTnm8X6hFQQo28oW/nYO8jc0jVPgeq1htdlvXllExjeS4Z4dx2CVjlvhqWUE5fUcWm6NGPg8w8LAiS24899wBrZRGpNTd0PGrm0VCNZtDr1k=&u=U2FsdGVkX18QA/Ukd9/Af98SfTrw5xycFxVWSNwp4z5UckhCqenJ/8Zb3RFD+Fyc&y=U2FsdGVkX1+6mhVHiN2GGhsT8hifO3W3KxwCVcBgwnGc9ARnN2/k19XyQE4vjMCT HTTP/1.1" 200 25
181.60.29.253 - - [31/May/2022:16:25:51 -0500] "GET /kwssiamovil/sm/acme/a?s=U2FsdGVkX18amNaqTVpvJUz2/CWnJQB8FyoOAEcDUWQW9x1pc+nzezBxKZaPaZOOAAe0suPEc/AkLZA8vv9Xqb4x/KB4jELa5KfpV1FQwfPd/Y4mbWFqGrGMlxKDNzhKGsptL0i8SkpVRYrIObUmTcjuezSctTUWuEm2qIlniiE=&u=U2FsdGVkX18QA/Ukd9/Af98SfTrw5xycFxVWSNwp4z5UckhCqenJ/8Zb3RFD+Fyc&y=U2FsdGVkX1+6mhVHiN2GGhsT8hifO3W3KxwCVcBgwnGc9ARnN2/k19XyQE4vjMCT HTTP/1.1" 200 25
181.60.29.253 - - [31/May/2022:16:25:51 -0500] "GET /kwssiamovil/sm/acme/a?s=U2FsdGVkX1+INBvK/RjaZX7heihmuMycp4zWi6F51YWSoe0gMff7fO1Pritz/UqN9mZgeRhzY31q4UiZYnSSxFrenMJ0EJlbQOrrfQqIQ6zPz4cI/oRs8CgjTnIjGju4hAtZ8x5Dt7Fo7UyNChxD55AiR6EhHScXRZJDFIVPg48MHJv77m5ogR3mp8NzHwmozxEXNGH/sGtCbKPwhR1fWg==&u=U2FsdGVkX18QA/Ukd9/Af98SfTrw5xycFxVWSNwp4z5UckhCqenJ/8Zb3RFD+Fyc&y=U2FsdGVkX1+6mhVHiN2GGhsT8hifO3W3KxwCVcBgwnGc9ARnN2/k19XyQE4vjMCT HTTP/1.1" 200 25
181.60.29.253 - - [31/May/2022:16:25:52 -0500] "GET /kwssiamovil/sm/acme/a?s=U2FsdGVkX1+jJerHGje7c1VABdJBopFmpgkpQ0EujNxwHQ3V9klybwpj9QDjazLITeK+E5z1rQPPlzeWr0bSXQ7avlfVvmEtLzzkQdC9zKgG+o1tQ2gtdsi9FJfLDMudlsN5sO90L6ap+GK4kmh722QCERQfaWcqGFFrGsUa9jf02mdDa6rjW/pO4plRGyHY/dNLc2w0TwWXnfoIjFBIIfEtahJuFhkPzwxVlUltpqM=&u=U2FsdGVkX18QA/Ukd9/Af98SfTrw5xycFxVWSNwp4z5UckhCqenJ/8Zb3RFD+Fyc&y=U2FsdGVkX1+6mhVHiN2GGhsT8hifO3W3KxwCVcBgwnGc9ARnN2/k19XyQE4vjMCT HTTP/1.1" 200 25
181.60.29.253 - - [31/May/2022:16:25:52 -0500] "GET /kwssiamovil/sm/acme/a?s=U2FsdGVkX1+bA4aV7kdd75Z/fJrxi4xUcEQRer46IKzK9B9pe14d2pKCTynHRUjjzwHcy/9KgkLRwJZyyEzE5JxtNTyXBaKBkVP1rPgvkE4K38HimgII/V+YaMAVePRCXwrARvrJXxhrjKQon95Ij3gEm0SPcW4oqLQMVB2FW6WaGllUfQVdjlxW6f0TxFy/uFH8+rnOTKy66wKm6HaNhw==&u=U2FsdGVkX18QA/Ukd9/Af98SfTrw5xycFxVWSNwp4z5UckhCqenJ/8Zb3RFD+Fyc&y=U2FsdGVkX1+6mhVHiN2GGhsT8hifO3W3KxwCVcBgwnGc9ARnN2/k19XyQE4vjMCT HTTP/1.1" 200 25
181.60.29.253 - - [31/May/2022:16:25:52 -0500] "GET /kwssiamovil/sm/acme/a?s=U2FsdGVkX1/ctdW7sIcrvjqU0XmBj4zp5bhHNDgjyOZs3YGqW5q0/DgXyZ2thuxlf/nmG4MAmraRQWn+ZGq2DhFV8G+Jg2AWuh6CRGneiFt47dloL82mv9qpk74EIFlJ2wA4vBQgGg425NSDCSr9FAzZtg+rbku1yLFnWTiOyKeZcmOWqW6P3Zc8sKt+ydJno0i2xw/qimCsgp4or6W77HxyYW0gcx5jJAumsjzh/DE=&u=U2FsdGVkX18QA/Ukd9/Af98SfTrw5xycFxVWSNwp4z5UckhCqenJ/8Zb3RFD+Fyc&y=U2FsdGVkX1+6mhVHiN2GGhsT8hifO3W3KxwCVcBgwnGc9ARnN2/k19XyQE4vjMCT HTTP/1.1" 200 25
181.60.29.253 - - [31/May/2022:16:25:53 -0500] "GET /kwssiamovil/sm/acme/a?s=U2FsdGVkX1+7zA2qlzQ4/Kt+5tfPOY9ffQRrYExka3gK63caVPVD3IFeHXg1/JwCAoefMsSdYC2XGd6N5h08zj2x0q01lnYA8OX6oFXMZrar6e/6QMjTqvu2zvhstBDLGVjSZsbknYTtw6t2laMVYigbUAYCAE8QDqfEKx1gmXD6VZAK6mleLR+4tvlwzmalAvxUT5/+lTNyzBHWAZJkYg==&u=U2FsdGVkX18QA/Ukd9/Af98SfTrw5xycFxVWSNwp4z5UckhCqenJ/8Zb3RFD+Fyc&y=U2FsdGVkX1+6mhVHiN2GGhsT8hifO3W3KxwCVcBgwnGc9ARnN2/k19XyQE4vjMCT HTTP/1.1" 200 25
181.60.29.253 - - [31/May/2022:16:25:53 -0500] "GET /kwssiamovil/sm/acme/a?s=U2FsdGVkX19jORLon6yJJnGYMxa2kukJwA9aYKWrnrBSi3lzuG3GUpTffrHgG7YAw07/N8pwAF2zXUmO5WL2vhuW94M/gb2N0Qr7QsxwCeC68r2RnQUjUGDtMp83DjN+5CsRq6HSAhB4UhLLUXgLsl1JkZf80PZ4fdtVUELL9SCtBSbdH0pi2iacxitwabxX2IvkpTBFQHfyuw/t+Zf2Fg==&u=U2FsdGVkX18QA/Ukd9/Af98SfTrw5xycFxVWSNwp4z5UckhCqenJ/8Zb3RFD+Fyc&y=U2FsdGVkX1+6mhVHiN2GGhsT8hifO3W3KxwCVcBgwnGc9ARnN2/k19XyQE4vjMCT HTTP/1.1" 200 25
200.118.64.109 - - [31/May/2022:16:25:52 -0500] "POST /forms/lservlet;jsessionid=ac16012b30d667ae8b0305b44810b33bab2f95ae2214.e3iSbxaKaheRe34MbxmQaheMbNz0n6jAmljGr5XDqQLvpAe HTTP/1.1" 200 15
181.60.29.253 - - [31/May/2022:16:25:53 -0500] "GET /kwssiamovil/sm/acme/a?s=U2FsdGVkX18dWCdKMQ6EUGjmk9CVA2rqf8kVsLo0yMdmPeypMqPutQfaI+IjM3b3dLs8OMLUXm1ZgNsjHauYNlI31yx8LSYBxXgOiaVSH8i7K1gtEZIol5+eokFvgVqVdZduQsQoo8bz8fp54+yvtVM8Q9XgjB0oHuu0nJKc7HlzoQaokLzD8WDa50wdDVh49ceZDnkFhuL20506GdJiZA==&u=U2FsdGVkX18QA/Ukd9/Af98SfTrw5xycFxVWSNwp4z5UckhCqenJ/8Zb3RFD+Fyc&y=U2FsdGVkX1+6mhVHiN2GGhsT8hifO3W3KxwCVcBgwnGc9ARnN2/k19XyQE4vjMCT HTTP/1.1" 200 25
181.60.29.253 - - [31/May/2022:16:25:53 -0500] "GET /kwssiamovil/sm/acme/a?s=U2FsdGVkX19CcXJldKLTUCbIDFscSd/x+fBeGoeM+Gg6JQpQVDBwYMvRtEKCigEY2aUEJQvN5bx6u21U7IVPozM/i5H0blFO9n9cDDBqjTjprUd2BmbcHsBLeh99Q39fFhTRxnQyyVr0FzJKcdrXhqptZXtVhE5SNaTQ7abNtbLIeJ3c/HE8XYCvt3ZH4lVLUE9KzxcipUIMttFIdiKwm5xte9ZWc4vrVOiryWqJtyY=&u=U2FsdGVkX18QA/Ukd9/Af98SfTrw5xycFxVWSNwp4z5UckhCqenJ/8Zb3RFD+Fyc&y=U2FsdGVkX1+6mhVHiN2GGhsT8hifO3W3KxwCVcBgwnGc9ARnN2/k19XyQE4vjMCT HTTP/1.1" 200 25
181.60.29.253 - - [31/May/2022:16:25:53 -0500] "GET /kwssiamovil/sm/acme/a?s=U2FsdGVkX198368/WOtAGN5Yh/WiY01XoHgk0YhEOiyXfAdO4RTZe5WVn7PlFS/tCVH7gzYBhG1aaLxvXwRtN4ksHIiI2wdFq06EIc3erSHp1r7RMLWzqC8HAUlNqeE0XJt43bydMKzJf9RE1GRHKdyyNI/o9gC1TYKVLc/QmD9RvuCncpY6wyQWK9PMPE8IarrNS8h3KvWqkGD9lKCqJw==&u=U2FsdGVkX18QA/Ukd9/Af98SfTrw5xycFxVWSNwp4z5UckhCqenJ/8Zb3RFD+Fyc&y=U2FsdGVkX1+6mhVHiN2GGhsT8hifO3W3KxwCVcBgwnGc9ARnN2/k19XyQE4vjMCT HTTP/1.1" 200 25
200.118.64.109 - - [31/May/2022:16:26:01 -0500] "POST /forms/lservlet;jsessionid=ac16012b30d667ae8b0305b44810b33bab2f95ae2214.e3iSbxaKaheRe34MbxmQaheMbNz0n6jAmljGr5XDqQLvpAe HTTP/1.1" 200 15
201.245.192.253 - - [31/May/2022:16:26:09 -0500] "POST /sipse/faces/presentacion/financiero/solicitudProceso/registroSolicitudProcesoOtrosPagos.xhtml HTTP/1.1" 200 6920
200.118.64.109 - - [31/May/2022:16:26:10 -0500] "POST /forms/lservlet;jsessionid=ac16012b30d667ae8b0305b44810b33bab2f95ae2214.e3iSbxaKaheRe34MbxmQaheMbNz0n6jAmljGr5XDqQLvpAe HTTP/1.1" 200 15
201.245.192.253 - - [31/May/2022:16:26:15 -0500] "POST /sipse/faces/presentacion/financiero/solicitudProceso/registroSolicitudProcesoOtrosPagos.xhtml HTTP/1.1" 200 7189
201.245.192.253 - - [31/May/2022:16:26:17 -0500] "GET /sipse/faces/javax.faces.resource/images/ui-bg_flat_0_2d5972_40x100.png?ln=primefaces-aristo HTTP/1.1" 304 -
201.245.192.253 - - [31/May/2022:16:26:17 -0500] "POST /sipse/faces/presentacion/financiero/solicitudProceso/registroSolicitudProcesoOtrosPagos.xhtml HTTP/1.1" 200 190
201.245.192.253 - - [31/May/2022:16:26:18 -0500] "GET /sipse/faces/presentacion/financiero/solicitudProceso/solicitudProcesoOtrosPagos.xhtml HTTP/1.1" 200 40531
201.245.192.253 - - [31/May/2022:16:26:18 -0500] "GET /sipse/faces/javax.faces.resource/theme.css?ln=primefaces-sipse HTTP/1.1" 304 -
201.245.192.253 - - [31/May/2022:16:26:18 -0500] "GET /sipse/faces/javax.faces.resource/primefaces.css?ln=primefaces&v=4.0 HTTP/1.1" 304 -
201.245.192.253 - - [31/May/2022:16:26:18 -0500] "GET /sipse/faces/javax.faces.resource/jquery/jquery.js?ln=primefaces&v=4.0 HTTP/1.1" 304 -
201.245.192.253 - - [31/May/2022:16:26:18 -0500] "GET /sipse/faces/javax.faces.resource/jquery/jquery-plugins.js?ln=primefaces&v=4.0 HTTP/1.1" 304 -
201.245.192.253 - - [31/May/2022:16:26:18 -0500] "GET /sipse/faces/javax.faces.resource/layout/layout.css?ln=primefaces&v=4.0 HTTP/1.1" 304 -
201.245.192.253 - - [31/May/2022:16:26:18 -0500] "GET /sipse/faces/javax.faces.resource/primefaces.js?ln=primefaces&v=4.0 HTTP/1.1" 304 -
201.245.192.253 - - [31/May/2022:16:26:18 -0500] "GET /sipse/faces/javax.faces.resource/layout/layout.js?ln=primefaces&v=4.0 HTTP/1.1" 304 -
201.245.192.253 - - [31/May/2022:16:26:18 -0500] "GET /sipse/faces/javax.faces.resource/images/ui-icons_898989_256x240.png?ln=primefaces-aristo HTTP/1.1" 304 -
201.245.192.253 - - [31/May/2022:16:26:19 -0500] "GET /sipse/faces/javax.faces.resource/messages/messages.png?ln=primefaces&v=4.0 HTTP/1.1" 304 -
200.118.64.109 - - [31/May/2022:16:26:19 -0500] "POST /forms/lservlet;jsessionid=ac16012b30d667ae8b0305b44810b33bab2f95ae2214.e3iSbxaKaheRe34MbxmQaheMbNz0n6jAmljGr5XDqQLvpAe HTTP/1.1" 200 15
200.118.64.109 - - [31/May/2022:16:26:28 -0500] "POST /forms/lservlet;jsessionid=ac16012b30d667ae8b0305b44810b33bab2f95ae2214.e3iSbxaKaheRe34MbxmQaheMbNz0n6jAmljGr5XDqQLvpAe HTTP/1.1" 200 15
200.118.64.109 - - [31/May/2022:16:26:37 -0500] "POST /forms/lservlet;jsessionid=ac16012b30d667ae8b0305b44810b33bab2f95ae2214.e3iSbxaKaheRe34MbxmQaheMbNz0n6jAmljGr5XDqQLvpAe HTTP/1.1" 200 15
200.118.64.109 - - [31/May/2022:16:26:46 -0500] "POST /forms/lservlet;jsessionid=ac16012b30d667ae8b0305b44810b33bab2f95ae2214.e3iSbxaKaheRe34MbxmQaheMbNz0n6jAmljGr5XDqQLvpAe HTTP/1.1" 200 15
181.60.29.253 - - [31/May/2022:16:26:56 -0500] "GET /kwssiamovil/sm/acme/u?s=U2FsdGVkX1/8JcUOAgFyi7ZoOOXf/b1I5QwLh0EaDS/fzzwE1/TN9GA109ELuNFiOXtGUUOgWlTxWONrwF/OtxL0J3kM3lMmuo8ADm77Q8oCoP1iRVnvPtLq4fPQh+lgnmTmUSlj4fbaVgD+JqBuYw==&u=U2FsdGVkX18QA/Ukd9/Af98SfTrw5xycFxVWSNwp4z5UckhCqenJ/8Zb3RFD+Fyc&y=U2FsdGVkX1+6mhVHiN2GGhsT8hifO3W3KxwCVcBgwnGc9ARnN2/k19XyQE4vjMCT HTTP/1.1" 200 60
