200.118.64.109 - - [04/Jun/2022:15:13:30 -0500] "POST /forms/lservlet;jsessionid=ac16012b30d684b5d39a3b344f8ebddcfe1b7861534d.e3iSbxaKaheRe34OaN8QahmTbNz0n6jAmljGr5XDqQLvpAe HTTP/1.1" 200 14
200.118.64.109 - - [04/Jun/2022:15:13:32 -0500] "POST /forms/lservlet;jsessionid=ac16012b30d684b5d39a3b344f8ebddcfe1b7861534d.e3iSbxaKaheRe34OaN8QahmTbNz0n6jAmljGr5XDqQLvpAe HTTP/1.1" 200 15
200.118.64.109 - - [04/Jun/2022:15:13:35 -0500] "POST /forms/lservlet;jsessionid=ac16012b30d684b5d39a3b344f8ebddcfe1b7861534d.e3iSbxaKaheRe34OaN8QahmTbNz0n6jAmljGr5XDqQLvpAe HTTP/1.1" 200 15
200.118.64.109 - - [04/Jun/2022:15:13:39 -0500] "POST /forms/lservlet;jsessionid=ac16012b30d684b5d39a3b344f8ebddcfe1b7861534d.e3iSbxaKaheRe34OaN8QahmTbNz0n6jAmljGr5XDqQLvpAe HTTP/1.1" 200 15
200.118.64.109 - - [04/Jun/2022:15:13:47 -0500] "POST /forms/lservlet;jsessionid=ac16012b30d684b5d39a3b344f8ebddcfe1b7861534d.e3iSbxaKaheRe34OaN8QahmTbNz0n6jAmljGr5XDqQLvpAe HTTP/1.1" 200 15
200.118.64.109 - - [04/Jun/2022:15:13:56 -0500] "POST /forms/lservlet;jsessionid=ac16012b30d684b5d39a3b344f8ebddcfe1b7861534d.e3iSbxaKaheRe34OaN8QahmTbNz0n6jAmljGr5XDqQLvpAe HTTP/1.1" 200 15
200.118.64.109 - - [04/Jun/2022:15:14:05 -0500] "POST /forms/lservlet;jsessionid=ac16012b30d684b5d39a3b344f8ebddcfe1b7861534d.e3iSbxaKaheRe34OaN8QahmTbNz0n6jAmljGr5XDqQLvpAe HTTP/1.1" 200 15
200.118.64.109 - - [04/Jun/2022:15:14:14 -0500] "POST /forms/lservlet;jsessionid=ac16012b30d684b5d39a3b344f8ebddcfe1b7861534d.e3iSbxaKaheRe34OaN8QahmTbNz0n6jAmljGr5XDqQLvpAe HTTP/1.1" 200 15
200.118.64.109 - - [04/Jun/2022:15:14:23 -0500] "POST /forms/lservlet;jsessionid=ac16012b30d684b5d39a3b344f8ebddcfe1b7861534d.e3iSbxaKaheRe34OaN8QahmTbNz0n6jAmljGr5XDqQLvpAe HTTP/1.1" 200 15
200.118.64.109 - - [04/Jun/2022:15:14:32 -0500] "POST /forms/lservlet;jsessionid=ac16012b30d684b5d39a3b344f8ebddcfe1b7861534d.e3iSbxaKaheRe34OaN8QahmTbNz0n6jAmljGr5XDqQLvpAe HTTP/1.1" 200 15
200.118.64.109 - - [04/Jun/2022:15:14:41 -0500] "POST /forms/lservlet;jsessionid=ac16012b30d684b5d39a3b344f8ebddcfe1b7861534d.e3iSbxaKaheRe34OaN8QahmTbNz0n6jAmljGr5XDqQLvpAe HTTP/1.1" 200 15
200.118.64.109 - - [04/Jun/2022:15:14:50 -0500] "POST /forms/lservlet;jsessionid=ac16012b30d684b5d39a3b344f8ebddcfe1b7861534d.e3iSbxaKaheRe34OaN8QahmTbNz0n6jAmljGr5XDqQLvpAe HTTP/1.1" 200 110
200.118.64.109 - - [04/Jun/2022:15:14:54 -0500] "POST /forms/lservlet;jsessionid=ac16012b30d684b5d39a3b344f8ebddcfe1b7861534d.e3iSbxaKaheRe34OaN8QahmTbNz0n6jAmljGr5XDqQLvpAe HTTP/1.1" 200 2
172.22.2.4 - - [04/Jun/2022:15:13:32 -0500] "HEAD /BLA/boletinlegal/ HTTP/1.1" 200 -
216.245.221.92 - - [04/Jun/2022:15:15:59 -0500] "HEAD / HTTP/1.1" 200 -
172.22.2.4 - - [04/Jun/2022:15:14:22 -0500] "GET /BLA/boletinlegal/ HTTP/1.1" 200 58482
200.118.64.109 - - [04/Jun/2022:15:16:09 -0500] "POST /forms/lservlet;jsessionid=ac16012b30d684b5d39a3b344f8ebddcfe1b7861534d.e3iSbxaKaheRe34OaN8QahmTbNz0n6jAmljGr5XDqQLvpAe HTTP/1.1" 200 2
200.118.64.109 - - [04/Jun/2022:15:14:54 -0500] "GET /reports/rwservlet/getjobid77002?server=repnomi HTTP/1.1" 200 23463391
190.60.254.202 - - [04/Jun/2022:15:16:23 -0500] "GET /dia-mundial-del-medio-ambiente-con-3-500-beneficiarias-comienza-la-segunda-fase-de-mujeres-que-reverdecen.html HTTP/1.1" 200 845
190.60.254.202 - - [04/Jun/2022:15:16:23 -0500] "GET /images/mujeres-reverdecen-4-junio.jpg HTTP/1.1" 200 59432
191.156.229.83 - - [04/Jun/2022:15:16:56 -0500] "GET /dia-mundial-del-medio-ambiente-con-3-500-beneficiarias-comienza-la-segunda-fase-de-mujeres-que-reverdecen.html HTTP/1.1" 200 845
66.249.75.63 - - [04/Jun/2022:15:18:02 -0500] "-" 408 -
200.118.64.109 - - [04/Jun/2022:15:18:09 -0500] "POST /forms/lservlet;jsessionid=ac16012b30d684b5d39a3b344f8ebddcfe1b7861534d.e3iSbxaKaheRe34OaN8QahmTbNz0n6jAmljGr5XDqQLvpAe HTTP/1.1" 200 2
172.22.2.4 - - [04/Jun/2022:15:18:29 -0500] "GET /BLA/boletinlegal/actos.php HTTP/1.1" 200 9559
172.22.2.4 - - [04/Jun/2022:15:18:33 -0500] "GET /BLA/boletinlegal/favicon.ico HTTP/1.1" 404 1326
172.22.2.4 - - [04/Jun/2022:15:18:58 -0500] "GET /BLA/boletinlegal/consulta_actos.php?tipo=resoluciones&no=&usuario=&sector=SILVICULTURA&fecha=2020&resuelve=REVOCA HTTP/1.1" 200 6929
172.22.2.4 - - [04/Jun/2022:15:19:12 -0500] "GET /BLA/boletinlegal/consulta_actos.php?tipo=resoluciones&no=&usuario=&sector=SILVICULTURA&fecha=2019&resuelve=REVOCA HTTP/1.1" 200 9534
172.22.2.4 - - [04/Jun/2022:15:19:12 -0500] "GET /BLA/boletinlegal/consulta_actos.php?tipo=resoluciones&no=4353&usuario=&sector=&fecha=2021&resuelve= HTTP/1.1" 200 1114
93.43.28.72 - - [04/Jun/2022:15:19:17 -0500] "POST /editBlackAndWhiteList HTTP/1.1" 404 1018
193.106.191.48 - - [04/Jun/2022:15:19:21 -0500] "GET /?a=fetch&content=<php>die(@md5(HelloThinkCMF))</php> HTTP/1.1" 200 319
172.22.2.4 - - [04/Jun/2022:15:19:52 -0500] "GET /BLA/boletinlegal/consulta_actos.php?tipo=resoluciones&no=&usuario=&sector=SILVICULTURA&fecha=2018&resuelve=REVOCA HTTP/1.1" 200 23409
200.118.64.109 - - [04/Jun/2022:15:20:09 -0500] "POST /forms/lservlet;jsessionid=ac16012b30d684b5d39a3b344f8ebddcfe1b7861534d.e3iSbxaKaheRe34OaN8QahmTbNz0n6jAmljGr5XDqQLvpAe HTTP/1.1" 200 2
216.245.221.92 - - [04/Jun/2022:15:20:59 -0500] "HEAD / HTTP/1.1" 200 -
172.22.2.4 - - [04/Jun/2022:15:19:22 -0500] "HEAD /BLA/boletinlegal/ HTTP/1.1" 200 -
40.77.167.79 - - [04/Jun/2022:15:21:16 -0500] "GET /bla/resoluciones/resoluciones%202007/res%202007%204101%20al%204200/RESOLUCION%204146%20DE%202007.pdf HTTP/1.1" 200 56385
172.22.2.4 - - [04/Jun/2022:15:21:29 -0500] "GET /BLA/boletinlegal/consulta_actos.php?tipo=resoluciones&no=&usuario=&sector=SILVICULTURA&fecha=2017&resuelve=REVOCA HTTP/1.1" 200 19092
172.22.2.4 - - [04/Jun/2022:15:20:13 -0500] "GET /BLA/boletinlegal/ HTTP/1.1" 200 54577
172.22.2.4 - - [04/Jun/2022:15:21:55 -0500] "GET /BLA/boletinlegal/consulta_actos.php?tipo=resoluciones&no=&usuario=&sector=SILVICULTURA&fecha=2016&resuelve=REVOCA HTTP/1.1" 200 7828
200.118.64.109 - - [04/Jun/2022:15:22:09 -0500] "POST /forms/lservlet;jsessionid=ac16012b30d684b5d39a3b344f8ebddcfe1b7861534d.e3iSbxaKaheRe34OaN8QahmTbNz0n6jAmljGr5XDqQLvpAe HTTP/1.1" 200 2
173.252.95.1 - - [04/Jun/2022:15:22:56 -0500] "GET /en-esta-navidad-bogota-esta-mejorando-con-mas-espacios-verdes-para-el-disfrute-de-la-ciudadania.html HTTP/1.1" 206 1114
201.245.192.253 - - [04/Jun/2022:15:22:05 -0500] "POST /kwsrmcab/Wsrmcab HTTP/1.1" 200 46804
201.245.192.253 - - [04/Jun/2022:15:22:57 -0500] "POST /kwsrmcab/Wsrmcab HTTP/1.1" 200 47867
172.22.2.4 - - [04/Jun/2022:15:23:58 -0500] "GET /BLA/boletinlegal/consulta_actos.php?tipo=resoluciones&no=&usuario=&sector=SILVICULTURA&fecha=2015&resuelve=REVOCA HTTP/1.1" 200 5678
173.252.111.16 - - [04/Jun/2022:15:23:59 -0500] "GET /dia-mundial-del-medio-ambiente-con-3-500-beneficiarias-comienza-la-segunda-fase-de-mujeres-que-reverdecen.html HTTP/1.1" 206 845
190.24.186.195 - - [04/Jun/2022:15:24:05 -0500] "GET /BLA/resoluciones/RESOLUCIONES%202015/2399.pdf HTTP/1.1" 200 532400
200.118.64.109 - - [04/Jun/2022:15:24:09 -0500] "POST /forms/lservlet;jsessionid=ac16012b30d684b5d39a3b344f8ebddcfe1b7861534d.e3iSbxaKaheRe34OaN8QahmTbNz0n6jAmljGr5XDqQLvpAe HTTP/1.1" 200 2
172.22.2.4 - - [04/Jun/2022:15:24:41 -0500] "GET /BLA/boletinlegal/consulta_actos.php?tipo=resoluciones&no=&usuario=&sector=SILVICULTURA&fecha=2014&resuelve=REVOCA HTTP/1.1" 200 6641
190.24.186.195 - - [04/Jun/2022:15:24:46 -0500] "GET /BLA/resoluciones/RESOLUCIONES%202014/3500.pdf HTTP/1.1" 200 345333
190.24.186.195 - - [04/Jun/2022:15:25:26 -0500] "GET /BLA/resoluciones/RESOLUCIONES%202014/0421.pdf HTTP/1.1" 200 575943
66.249.75.63 - - [04/Jun/2022:15:25:47 -0500] "-" 408 -
172.22.2.4 - - [04/Jun/2022:15:25:54 -0500] "GET /BLA/boletinlegal/consulta_actos.php?tipo=resoluciones&no=&usuario=&sector=VERTIMIENTOS&fecha=2020&resuelve=REVOCA HTTP/1.1" 200 3194
190.24.186.195 - - [04/Jun/2022:15:25:58 -0500] "GET /BLA/resoluciones/RESOLUCIONES%202020/2295.pdf HTTP/1.1" 200 426849
216.245.221.92 - - [04/Jun/2022:15:25:59 -0500] "HEAD / HTTP/1.1" 200 -
200.118.64.109 - - [04/Jun/2022:15:26:10 -0500] "POST /forms/lservlet;jsessionid=ac16012b30d684b5d39a3b344f8ebddcfe1b7861534d.e3iSbxaKaheRe34OaN8QahmTbNz0n6jAmljGr5XDqQLvpAe HTTP/1.1" 200 2
172.22.2.4 - - [04/Jun/2022:15:26:24 -0500] "GET /BLA/boletinlegal/consulta_actos.php?tipo=resoluciones&no=&usuario=&sector=VERTIMIENTOS&fecha=2020&resuelve=REVOCA HTTP/1.1" 200 3194
172.22.2.4 - - [04/Jun/2022:15:26:25 -0500] "GET /BLA/boletinlegal/consulta_actos.php?tipo=resoluciones&no=&usuario=&sector=VERTIMIENTOS&fecha=2020&resuelve=REVOCA HTTP/1.1" 200 3194
157.55.39.43 - - [04/Jun/2022:15:26:46 -0500] "GET /BLA/resoluciones/RESOLUCIONES%202022/0296.pdf HTTP/1.1" 304 -
172.22.2.4 - - [04/Jun/2022:15:26:47 -0500] "GET /BLA/boletinlegal/consulta_actos.php?tipo=resoluciones&no=&usuario=&sector=RESIDUOS&fecha=2020&resuelve=REVOCA HTTP/1.1" 200 626
172.22.2.4 - - [04/Jun/2022:15:25:12 -0500] "HEAD /BLA/boletinlegal/ HTTP/1.1" 200 -
172.22.2.4 - - [04/Jun/2022:15:26:53 -0500] "GET /BLA/boletinlegal/consulta_actos.php?tipo=resoluciones&no=&usuario=&sector=RESIDUOS&fecha=2021&resuelve=REVOCA HTTP/1.1" 200 1145
190.24.186.195 - - [04/Jun/2022:15:27:03 -0500] "GET /BLA/resoluciones/RESOLUCIONES%202021/5648.pdf HTTP/1.1" 200 423381
66.220.149.116 - - [04/Jun/2022:15:27:13 -0500] "GET /dia-mundial-del-medio-ambiente-con-3-500-beneficiarias-comienza-la-segunda-fase-de-mujeres-que-reverdecen.html HTTP/1.1" 206 845
66.220.149.9 - - [04/Jun/2022:15:27:13 -0500] "GET /dia-mundial-del-medio-ambiente-con-3-500-beneficiarias-comienza-la-segunda-fase-de-mujeres-que-reverdecen.html HTTP/1.1" 206 845
66.220.149.20 - - [04/Jun/2022:15:27:13 -0500] "GET /dia-mundial-del-medio-ambiente-con-3-500-beneficiarias-comienza-la-segunda-fase-de-mujeres-que-reverdecen.html HTTP/1.1" 206 845
172.22.2.4 - - [04/Jun/2022:15:26:02 -0500] "GET /BLA/boletinlegal/ HTTP/1.1" 200 58482
200.118.64.109 - - [04/Jun/2022:15:27:58 -0500] "POST /forms/lservlet;jsessionid=ac16012b30d684b5d39a3b344f8ebddcfe1b7861534d.e3iSbxaKaheRe34OaN8QahmTbNz0n6jAmljGr5XDqQLvpAe HTTP/1.1" 200 2
200.118.64.109 - - [04/Jun/2022:15:27:58 -0500] "POST /forms/lservlet;jsessionid=ac16012b30d684b5d39a3b344f8ebddcfe1b7861534d.e3iSbxaKaheRe34OaN8QahmTbNz0n6jAmljGr5XDqQLvpAe HTTP/1.1" 200 42
200.118.64.109 - - [04/Jun/2022:15:27:59 -0500] "POST /forms/lservlet;jsessionid=ac16012b30d684b5d39a3b344f8ebddcfe1b7861534d.e3iSbxaKaheRe34OaN8QahmTbNz0n6jAmljGr5XDqQLvpAe HTTP/1.1" 200 2
200.118.64.109 - - [04/Jun/2022:15:28:10 -0500] "POST /forms/lservlet;jsessionid=ac16012b30d684b5d39a3b344f8ebddcfe1b7861534d.e3iSbxaKaheRe34OaN8QahmTbNz0n6jAmljGr5XDqQLvpAe HTTP/1.1" 200 2
186.80.102.210 - - [04/Jun/2022:15:28:20 -0500] "GET /dia-mundial-del-medio-ambiente-con-3-500-beneficiarias-comienza-la-segunda-fase-de-mujeres-que-reverdecen.html HTTP/1.1" 200 845
178.40.206.225 - - [04/Jun/2022:15:29:46 -0500] "GET / HTTP/1.1" 200 319
200.118.64.109 - - [04/Jun/2022:15:30:10 -0500] "POST /forms/lservlet;jsessionid=ac16012b30d684b5d39a3b344f8ebddcfe1b7861534d.e3iSbxaKaheRe34OaN8QahmTbNz0n6jAmljGr5XDqQLvpAe HTTP/1.1" 200 2
216.245.221.92 - - [04/Jun/2022:15:30:59 -0500] "HEAD / HTTP/1.1" 200 -
181.54.144.74 - - [04/Jun/2022:15:31:24 -0500] "GET /semana-ambiental-500-arboles-plantados-en-el-humedal-el-burro.html HTTP/1.1" 200 768
172.22.2.4 - - [04/Jun/2022:15:31:41 -0500] "GET /BLA/boletinlegal/consulta_actos.php?tipo=resoluciones&no=&usuario=&sector=RESIDUOS&fecha=2019&resuelve=REVOCA HTTP/1.1" 200 626
66.249.75.63 - - [04/Jun/2022:15:31:43 -0500] "-" 408 -
172.22.2.4 - - [04/Jun/2022:15:31:49 -0500] "GET /BLA/boletinlegal/consulta_actos.php?tipo=resoluciones&no=&usuario=&sector=RESIDUOS&fecha=2020&resuelve=REVOCA HTTP/1.1" 200 626
172.22.2.4 - - [04/Jun/2022:15:31:52 -0500] "GET /BLA/boletinlegal/consulta_actos.php?tipo=resoluciones&no=&usuario=&sector=RESIDUOS&fecha=2020&resuelve=REVOCA HTTP/1.1" 200 626
172.22.2.4 - - [04/Jun/2022:15:31:52 -0500] "GET /BLA/boletinlegal/consulta_actos.php?tipo=resoluciones&no=&usuario=&sector=RESIDUOS&fecha=2020&resuelve=REVOCA HTTP/1.1" 200 626
172.22.2.4 - - [04/Jun/2022:15:31:53 -0500] "GET /BLA/boletinlegal/consulta_actos.php?tipo=resoluciones&no=&usuario=&sector=RESIDUOS&fecha=2020&resuelve=REVOCA HTTP/1.1" 200 626
172.22.2.4 - - [04/Jun/2022:15:31:59 -0500] "GET /BLA/boletinlegal/consulta_actos.php?tipo=resoluciones&no=&usuario=&sector=VERTIMIENTOS&fecha=2020&resuelve=REVOCA HTTP/1.1" 200 3194
200.118.64.109 - - [04/Jun/2022:15:32:10 -0500] "POST /forms/lservlet;jsessionid=ac16012b30d684b5d39a3b344f8ebddcfe1b7861534d.e3iSbxaKaheRe34OaN8QahmTbNz0n6jAmljGr5XDqQLvpAe HTTP/1.1" 200 2
190.24.186.195 - - [04/Jun/2022:15:32:23 -0500] "GET /BLA/resoluciones/RESOLUCIONES%202020/0075.pdf HTTP/1.1" 200 298102
172.22.2.4 - - [04/Jun/2022:15:32:39 -0500] "GET /BLA/boletinlegal/consulta_actos.php?tipo=resoluciones&no=&usuario=&sector=AIRE&fecha=2020&resuelve=REVOCA HTTP/1.1" 200 1531
172.22.2.4 - - [04/Jun/2022:15:31:02 -0500] "HEAD /BLA/boletinlegal/ HTTP/1.1" 200 -
172.22.2.4 - - [04/Jun/2022:15:32:51 -0500] "GET /BLA/boletinlegal/consulta_actos.php?tipo=resoluciones&no=&usuario=&sector=SILVICULTURA&fecha=2012&resuelve=REVOCA HTTP/1.1" 200 2224
201.245.192.253 - - [04/Jun/2022:15:32:06 -0500] "POST /kwsrmcab/Wsrmcab HTTP/1.1" 200 46804
190.24.186.195 - - [04/Jun/2022:15:32:56 -0500] "GET /BLA/resoluciones/RESOLUCIONES%202012/1854.pdf HTTP/1.1" 200 834878
172.22.2.4 - - [04/Jun/2022:15:33:15 -0500] "GET /BLA/boletinlegal/consulta_actos.php?tipo=resoluciones&no=&usuario=&sector=SILVICULTURA&fecha=2013&resuelve=REVOCA HTTP/1.1" 200 5497
190.24.186.195 - - [04/Jun/2022:15:33:21 -0500] "GET /BLA/resoluciones/RESOLUCIONES%202013/0431.pdf HTTP/1.1" 200 1681629
172.22.2.4 - - [04/Jun/2022:15:31:52 -0500] "GET /BLA/boletinlegal/ HTTP/1.1" 200 58482
201.245.192.253 - - [04/Jun/2022:15:32:56 -0500] "POST /kwsrmcab/Wsrmcab HTTP/1.1" 200 47867
172.22.2.4 - - [04/Jun/2022:15:33:56 -0500] "GET /BLA/boletinlegal/consulta_actos.php?tipo=resoluciones&no=&usuario=&sector=VERTIMIENTOS&fecha=2013&resuelve=REVOCA HTTP/1.1" 200 3667
190.24.186.195 - - [04/Jun/2022:15:34:00 -0500] "GET /BLA/resoluciones/RESOLUCIONES%202013/2729.pdf HTTP/1.1" 200 511528
200.118.64.109 - - [04/Jun/2022:15:34:10 -0500] "POST /forms/lservlet;jsessionid=ac16012b30d684b5d39a3b344f8ebddcfe1b7861534d.e3iSbxaKaheRe34OaN8QahmTbNz0n6jAmljGr5XDqQLvpAe HTTP/1.1" 200 2
172.22.2.4 - - [04/Jun/2022:15:34:14 -0500] "GET /BLA/boletinlegal/consulta_actos.php?tipo=resoluciones&no=&usuario=&sector=VERTIMIENTOS&fecha=2017&resuelve=REVOCA HTTP/1.1" 200 4907
190.24.186.195 - - [04/Jun/2022:15:34:19 -0500] "GET /BLA/resoluciones/RESOLUCIONES%202017/3709.pdf HTTP/1.1" 200 824220
173.252.107.119 - - [04/Jun/2022:15:34:40 -0500] "GET /images/RECICLATON-JORNADA-17-MAYO.jpg HTTP/1.1" 200 203133
190.24.186.195 - - [04/Jun/2022:15:35:03 -0500] "GET /BLA/resoluciones/RESOLUCIONES%202017/1548.pdf HTTP/1.1" 200 1474386
186.86.34.23 - - [04/Jun/2022:15:35:13 -0500] "GET /forest/ HTTP/1.1" 200 12041
172.22.2.4 - - [04/Jun/2022:15:35:18 -0500] "GET /BLA/boletinlegal/consulta_actos.php?tipo=resoluciones&no=&usuario=&sector=RESIDUOS&fecha=2017&resuelve=REVOCA HTTP/1.1" 200 626
193.118.53.210 - - [04/Jun/2022:15:35:23 -0500] "GET / HTTP/1.1" 200 319
172.22.2.4 - - [04/Jun/2022:15:35:23 -0500] "GET /BLA/boletinlegal/consulta_actos.php?tipo=resoluciones&no=&usuario=&sector=PEV&fecha=2017&resuelve=REVOCA HTTP/1.1" 200 7179
199.16.157.182 - - [04/Jun/2022:15:35:26 -0500] "GET /dia-mundial-del-medio-ambiente-con-3-500-beneficiarias-comienza-la-segunda-fase-de-mujeres-que-reverdecen.html HTTP/1.1" 200 845
199.16.157.183 - - [04/Jun/2022:15:35:27 -0500] "GET /images/mujeres-reverdecen-4-junio.jpg HTTP/1.1" 200 59432
199.16.157.181 - - [04/Jun/2022:15:35:33 -0500] "GET /images/alcaldesa-secretaria-29-octubre.jpg HTTP/1.1" 200 72783
199.16.157.180 - - [04/Jun/2022:15:35:33 -0500] "GET /images/imagen-comunicado-podcast.jpg HTTP/1.1" 200 39765
199.16.157.183 - - [04/Jun/2022:15:35:33 -0500] "GET /alcaldesa-asistira-a-la-conferencia-de-las-naciones-unidas-sobre-el-cambio-climatico-cop26.html HTTP/1.1" 200 1289
199.16.157.182 - - [04/Jun/2022:15:35:37 -0500] "GET /images/mujeres-reverdecen-4-junio.jpg HTTP/1.1" 200 59432
135.181.214.38 - - [04/Jun/2022:15:35:37 -0500] "GET /dia-mundial-del-medio-ambiente-con-3-500-beneficiarias-comienza-la-segunda-fase-de-mujeres-que-reverdecen.html HTTP/1.1" 200 845
172.22.2.4 - - [04/Jun/2022:15:35:39 -0500] "GET /BLA/boletinlegal/consulta_actos.php?tipo=resoluciones&no=&usuario=&sector=AIRE&fecha=2017&resuelve=REVOCA HTTP/1.1" 200 1048
199.16.157.180 - - [04/Jun/2022:15:35:39 -0500] "GET /images/mujeres-reverdecen-4-junio.jpg HTTP/1.1" 200 59432
199.16.157.183 - - [04/Jun/2022:15:35:40 -0500] "GET /images/mujeres-reverdecen-4-junio.jpg HTTP/1.1" 200 59432
190.24.186.195 - - [04/Jun/2022:15:35:43 -0500] "GET /BLA/resoluciones/RESOLUCIONES%202017/0869.pdf HTTP/1.1" 200 467285
199.16.157.182 - - [04/Jun/2022:15:35:53 -0500] "GET /images/mujeres-reverdecen-4-junio.jpg HTTP/1.1" 200 59432
216.245.221.92 - - [04/Jun/2022:15:35:59 -0500] "HEAD / HTTP/1.1" 200 -
136.243.80.152 - - [04/Jun/2022:15:36:04 -0500] "GET /dia-mundial-del-medio-ambiente-con-3-500-beneficiarias-comienza-la-segunda-fase-de-mujeres-que-reverdecen.html HTTP/1.1" 206 845
200.118.64.109 - - [04/Jun/2022:15:36:13 -0500] "POST /forms/lservlet;jsessionid=ac16012b30d684b5d39a3b344f8ebddcfe1b7861534d.e3iSbxaKaheRe34OaN8QahmTbNz0n6jAmljGr5XDqQLvpAe HTTP/1.1" 200 2
190.145.240.123 - - [04/Jun/2022:15:36:20 -0500] "GET /dia-mundial-del-medio-ambiente-con-3-500-beneficiarias-comienza-la-segunda-fase-de-mujeres-que-reverdecen.html HTTP/1.1" 200 845
172.22.2.4 - - [04/Jun/2022:15:36:33 -0500] "GET /BLA/boletinlegal/consulta_actos.php?tipo=resoluciones&no=&usuario=&sector=RUIDO&fecha=2017&resuelve=REVOCA HTTP/1.1" 200 1340
88.99.195.215 - - [04/Jun/2022:15:36:39 -0500] "GET /dia-mundial-del-medio-ambiente-con-3-500-beneficiarias-comienza-la-segunda-fase-de-mujeres-que-reverdecen.html HTTP/1.1" 200 845
172.22.2.4 - - [04/Jun/2022:15:36:40 -0500] "GET /BLA/boletinlegal/consulta_actos.php?tipo=resoluciones&no=&usuario=&sector=RUIDO&fecha=2018&resuelve=REVOCA HTTP/1.1" 200 1135
190.24.186.195 - - [04/Jun/2022:15:36:44 -0500] "GET /BLA/resoluciones/RESOLUCIONES%202018/3388.pdf HTTP/1.1" 200 309565
193.106.191.48 - - [04/Jun/2022:15:37:05 -0500] "GET /?XDEBUG_SESSION_START=phpstorm HTTP/1.1" 200 319
172.22.2.4 - - [04/Jun/2022:15:37:16 -0500] "GET /BLA/boletinlegal/consulta_actos.php?tipo=resoluciones&no=&usuario=&sector=RESIDUOS&fecha=2018&resuelve=REVOCA HTTP/1.1" 200 1350
190.24.186.195 - - [04/Jun/2022:15:37:20 -0500] "GET /BLA/resoluciones/RESOLUCIONES%202018/3355.pdf HTTP/1.1" 200 228958
172.22.2.4 - - [04/Jun/2022:15:35:43 -0500] "GET /BLA/boletinlegal/ HTTP/1.1" 200 60973
94.177.248.121 - - [04/Jun/2022:15:37:23 -0500] "GET /dia-mundial-del-medio-ambiente-con-3-500-beneficiarias-comienza-la-segunda-fase-de-mujeres-que-reverdecen.html HTTP/1.1" 200 845
152.228.166.119 - - [04/Jun/2022:15:37:29 -0500] "GET /dia-mundial-del-medio-ambiente-con-3-500-beneficiarias-comienza-la-segunda-fase-de-mujeres-que-reverdecen.html HTTP/1.1" 200 845
103.161.17.72 - - [04/Jun/2022:15:37:37 -0500] "POST /boaform/admin/formLogin HTTP/1.1" 404 1186
199.16.157.183 - - [04/Jun/2022:15:37:56 -0500] "GET /images/mujeres-reverdecen-4-junio.jpg HTTP/1.1" 200 59432
52.0.164.169 - - [04/Jun/2022:15:37:58 -0500] "GET /dia-mundial-del-medio-ambiente-con-3-500-beneficiarias-comienza-la-segunda-fase-de-mujeres-que-reverdecen.html HTTP/1.1" 200 845
52.0.164.169 - - [04/Jun/2022:15:37:58 -0500] "GET /dia-mundial-del-medio-ambiente-con-3-500-beneficiarias-comienza-la-segunda-fase-de-mujeres-que-reverdecen.html HTTP/1.1" 200 845
181.55.57.170 - - [04/Jun/2022:15:38:00 -0500] "GET /forest/ HTTP/1.1" 200 12041
172.22.2.4 - - [04/Jun/2022:15:38:01 -0500] "GET /BLA/boletinlegal/consulta_actos.php?tipo=resoluciones&no=&usuario=&sector=VERTIMIENTOS&fecha=2018&resuelve=REVOCA HTTP/1.1" 200 626
172.22.2.4 - - [04/Jun/2022:15:38:08 -0500] "GET /BLA/boletinlegal/consulta_actos.php?tipo=resoluciones&no=&usuario=&sector=VERTIMIENTOS&fecha=2019&resuelve=REVOCA HTTP/1.1" 200 2341
200.118.64.109 - - [04/Jun/2022:15:38:13 -0500] "POST /forms/lservlet;jsessionid=ac16012b30d684b5d39a3b344f8ebddcfe1b7861534d.e3iSbxaKaheRe34OaN8QahmTbNz0n6jAmljGr5XDqQLvpAe HTTP/1.1" 200 2
190.24.186.195 - - [04/Jun/2022:15:38:16 -0500] "GET /BLA/resoluciones/RESOLUCIONES%202019/0770.pdf HTTP/1.1" 200 330548
66.249.75.63 - - [04/Jun/2022:15:38:22 -0500] "-" 408 -
172.22.2.4 - - [04/Jun/2022:15:36:52 -0500] "HEAD /BLA/boletinlegal/ HTTP/1.1" 200 -
172.22.2.4 - - [04/Jun/2022:15:38:49 -0500] "GET /BLA/boletinlegal/consulta_actos.php?tipo=resoluciones&no=&usuario=&sector=RUIDO&fecha=2019&resuelve=REVOCA HTTP/1.1" 200 8535
190.24.186.195 - - [04/Jun/2022:15:38:53 -0500] "GET /BLA/resoluciones/RESOLUCIONES%202019/3724.pdf HTTP/1.1" 200 325245
200.118.64.109 - - [04/Jun/2022:15:38:55 -0500] "POST /forms/lservlet;jsessionid=ac16012b30d684b5d39a3b344f8ebddcfe1b7861534d.e3iSbxaKaheRe34OaN8QahmTbNz0n6jAmljGr5XDqQLvpAe HTTP/1.1" 200 2027
200.118.64.109 - - [04/Jun/2022:15:38:55 -0500] "POST /forms/lservlet;jsessionid=ac16012b30d684b5d39a3b344f8ebddcfe1b7861534d.e3iSbxaKaheRe34OaN8QahmTbNz0n6jAmljGr5XDqQLvpAe HTTP/1.1" 200 78
200.118.64.109 - - [04/Jun/2022:15:38:57 -0500] "POST /forms/lservlet;jsessionid=ac16012b30d684b5d39a3b344f8ebddcfe1b7861534d.e3iSbxaKaheRe34OaN8QahmTbNz0n6jAmljGr5XDqQLvpAe HTTP/1.1" 200 2
200.118.64.109 - - [04/Jun/2022:15:38:57 -0500] "POST /forms/lservlet;jsessionid=ac16012b30d684b5d39a3b344f8ebddcfe1b7861534d.e3iSbxaKaheRe34OaN8QahmTbNz0n6jAmljGr5XDqQLvpAe HTTP/1.1" 200 2
200.118.64.109 - - [04/Jun/2022:15:38:58 -0500] "POST /forms/lservlet;jsessionid=ac16012b30d684b5d39a3b344f8ebddcfe1b7861534d.e3iSbxaKaheRe34OaN8QahmTbNz0n6jAmljGr5XDqQLvpAe HTTP/1.1" 200 86
200.118.64.109 - - [04/Jun/2022:15:38:58 -0500] "POST /forms/lservlet;jsessionid=ac16012b30d684b5d39a3b344f8ebddcfe1b7861534d.e3iSbxaKaheRe34OaN8QahmTbNz0n6jAmljGr5XDqQLvpAe HTTP/1.1" 200 -
172.22.2.4 - - [04/Jun/2022:15:37:42 -0500] "GET /BLA/boletinlegal/ HTTP/1.1" 200 58482
181.55.57.170 - - [04/Jun/2022:15:39:22 -0500] "GET /forest/ HTTP/1.1" 200 12041
200.118.64.109 - - [04/Jun/2022:15:39:26 -0500] "GET /forms/frmservlet?config=sia HTTP/1.1" 200 4046
200.118.64.109 - - [04/Jun/2022:15:39:26 -0500] "GET /favicon.ico HTTP/1.1" 200 7782
200.118.64.109 - - [04/Jun/2022:15:39:26 -0500] "GET /forms/frmservlet?config=sia HTTP/1.1" 200 4046
200.118.64.109 - - [04/Jun/2022:15:39:26 -0500] "GET /forms/java/oracle/forms/registry/Registry.dat HTTP/1.1" 200 4213
200.118.64.109 - - [04/Jun/2022:15:39:26 -0500] "GET /forms/java/oracle/forms/registry/default.dat HTTP/1.1" 404 350
200.118.64.109 - - [04/Jun/2022:15:39:27 -0500] "GET /forms/frmservlet?config=sia&acceptLanguage=en-us,en;q=0.5&ifcmd=startsession HTTP/1.1" 200 119
200.118.64.109 - - [04/Jun/2022:15:39:27 -0500] "GET /forms/lservlet;jsessionid=ac16012b30d62fa5b232b42645fe98148458f933fcbb.e3iSbxaKaheRe34OaN8QahmTbNz0n6jAmljGr5XDqQLvpAe?ifcmd=getinfo HTTP/1.1" 200 8
200.118.64.109 - - [04/Jun/2022:15:39:27 -0500] "POST /forms/lservlet;jsessionid=ac16012b30d62fa5b232b42645fe98148458f933fcbb.e3iSbxaKaheRe34OaN8QahmTbNz0n6jAmljGr5XDqQLvpAe HTTP/1.1" 200 8
200.118.64.109 - - [04/Jun/2022:15:39:28 -0500] "POST /forms/lservlet;jsessionid=ac16012b30d62fa5b232b42645fe98148458f933fcbb.e3iSbxaKaheRe34OaN8QahmTbNz0n6jAmljGr5XDqQLvpAe HTTP/1.1" 200 64000
200.118.64.109 - - [04/Jun/2022:15:39:29 -0500] "HEAD /imagenes/dama_logo.gif HTTP/1.1" 200 -
200.118.64.109 - - [04/Jun/2022:15:39:29 -0500] "POST /forms/lservlet;jsessionid=ac16012b30d62fa5b232b42645fe98148458f933fcbb.e3iSbxaKaheRe34OaN8QahmTbNz0n6jAmljGr5XDqQLvpAe HTTP/1.1" 200 64000
200.118.64.109 - - [04/Jun/2022:15:39:29 -0500] "POST /forms/lservlet;jsessionid=ac16012b30d62fa5b232b42645fe98148458f933fcbb.e3iSbxaKaheRe34OaN8QahmTbNz0n6jAmljGr5XDqQLvpAe HTTP/1.1" 200 63623
200.118.64.109 - - [04/Jun/2022:15:39:29 -0500] "POST /forms/lservlet;jsessionid=ac16012b30d62fa5b232b42645fe98148458f933fcbb.e3iSbxaKaheRe34OaN8QahmTbNz0n6jAmljGr5XDqQLvpAe HTTP/1.1" 200 2
181.55.57.170 - - [04/Jun/2022:15:39:31 -0500] "POST /forest/index.php HTTP/1.1" 200 12268
94.130.136.122 - - [04/Jun/2022:15:39:32 -0500] "HEAD /dia-mundial-del-medio-ambiente-con-3-500-beneficiarias-comienza-la-segunda-fase-de-mujeres-que-reverdecen.html HTTP/1.1" 200 -
172.22.2.4 - - [04/Jun/2022:15:39:35 -0500] "GET /BLA/boletinlegal/Circulares/2019/.pdf HTTP/1.1" 404 1218
190.24.186.195 - - [04/Jun/2022:15:39:40 -0500] "GET /BLA/resoluciones/RESOLUCIONES%202019/0578.pdf HTTP/1.1" 200 274729
172.22.2.4 - - [04/Jun/2022:15:39:43 -0500] "GET /BLA/boletinlegal/Circulares/2012/Circular%20No.%2010%20del%2026%20de%20Enero%20de%202012.pdf HTTP/1.1" 404 1218
200.118.64.109 - - [04/Jun/2022:15:39:45 -0500] "POST /forms/lservlet;jsessionid=ac16012b30d62fa5b232b42645fe98148458f933fcbb.e3iSbxaKaheRe34OaN8QahmTbNz0n6jAmljGr5XDqQLvpAe HTTP/1.1" 200 98
200.118.64.109 - - [04/Jun/2022:15:39:47 -0500] "POST /forms/lservlet;jsessionid=ac16012b30d62fa5b232b42645fe98148458f933fcbb.e3iSbxaKaheRe34OaN8QahmTbNz0n6jAmljGr5XDqQLvpAe HTTP/1.1" 200 7979
200.118.64.109 - - [04/Jun/2022:15:39:47 -0500] "POST /forms/lservlet;jsessionid=ac16012b30d62fa5b232b42645fe98148458f933fcbb.e3iSbxaKaheRe34OaN8QahmTbNz0n6jAmljGr5XDqQLvpAe HTTP/1.1" 200 64
200.118.64.109 - - [04/Jun/2022:15:39:51 -0500] "POST /forms/lservlet;jsessionid=ac16012b30d62fa5b232b42645fe98148458f933fcbb.e3iSbxaKaheRe34OaN8QahmTbNz0n6jAmljGr5XDqQLvpAe HTTP/1.1" 200 34713
200.118.64.109 - - [04/Jun/2022:15:39:52 -0500] "GET /imagenes/listval.gif HTTP/1.1" 200 905
200.118.64.109 - - [04/Jun/2022:15:39:52 -0500] "GET /imagenes/tree1.gif HTTP/1.1" 200 1161
200.118.64.109 - - [04/Jun/2022:15:39:52 -0500] "GET /imagenes/listval.gif HTTP/1.1" 200 905
200.118.64.109 - - [04/Jun/2022:15:39:52 -0500] "GET /imagenes/CAMERA3.gif HTTP/1.1" 200 4150
200.118.64.109 - - [04/Jun/2022:15:39:52 -0500] "GET /imagenes/SLIDE1.gif HTTP/1.1" 200 1111
200.118.64.109 - - [04/Jun/2022:15:39:52 -0500] "GET /imagenes/flexcomb.gif HTTP/1.1" 200 1169
200.118.64.109 - - [04/Jun/2022:15:39:52 -0500] "GET /imagenes/GO.gif HTTP/1.1" 200 904
200.118.64.109 - - [04/Jun/2022:15:39:52 -0500] "GET /imagenes/HRTOOLS.gif HTTP/1.1" 200 2238
200.118.64.109 - - [04/Jun/2022:15:39:52 -0500] "GET /imagenes/rt_rec1.gif HTTP/1.1" 200 867
200.118.64.109 - - [04/Jun/2022:15:39:52 -0500] "GET /imagenes/apply.gif HTTP/1.1" 200 903
200.118.64.109 - - [04/Jun/2022:15:39:52 -0500] "GET /imagenes/exit.gif HTTP/1.1" 200 916
200.118.64.109 - - [04/Jun/2022:15:39:52 -0500] "GET /imagenes/LISTVAL.gif HTTP/1.1" 200 905
200.118.64.109 - - [04/Jun/2022:15:39:52 -0500] "GET /imagenes/edit.gif HTTP/1.1" 200 919
200.118.64.109 - - [04/Jun/2022:15:39:52 -0500] "GET /imagenes/rt_rec4.gif HTTP/1.1" 200 865
200.118.64.109 - - [04/Jun/2022:15:39:52 -0500] "GET /imagenes/rt_rec3.gif HTTP/1.1" 200 844
200.118.64.109 - - [04/Jun/2022:15:39:52 -0500] "GET /imagenes/rt_rec2.gif HTTP/1.1" 200 847
200.118.64.109 - - [04/Jun/2022:15:39:53 -0500] "GET /imagenes/rt_rdel.gif HTTP/1.1" 200 899
200.118.64.109 - - [04/Jun/2022:15:39:53 -0500] "GET /imagenes/rt_radd.gif HTTP/1.1" 200 907
200.118.64.109 - - [04/Jun/2022:15:39:53 -0500] "GET /imagenes/rt_quer3.gif HTTP/1.1" 200 939
200.118.64.109 - - [04/Jun/2022:15:39:53 -0500] "GET /imagenes/rt_quer2.gif HTTP/1.1" 200 936
200.118.64.109 - - [04/Jun/2022:15:39:53 -0500] "GET /imagenes/rt_quer1.gif HTTP/1.1" 200 930
200.118.64.109 - - [04/Jun/2022:15:39:53 -0500] "GET /imagenes/rt_save.gif HTTP/1.1" 200 903
200.118.64.109 - - [04/Jun/2022:15:39:53 -0500] "GET /imagenes/rt_pset.gif HTTP/1.1" 200 914
200.118.64.109 - - [04/Jun/2022:15:39:53 -0500] "GET /imagenes/QUEJA.gif HTTP/1.1" 200 1091
200.118.64.109 - - [04/Jun/2022:15:39:53 -0500] "GET /imagenes/ARBOL.gif HTTP/1.1" 200 1026
200.118.64.109 - - [04/Jun/2022:15:39:53 -0500] "GET /imagenes/Clipboard.gif HTTP/1.1" 200 1466
200.118.64.109 - - [04/Jun/2022:15:39:53 -0500] "GET /imagenes/DINERO.gif HTTP/1.1" 200 1766
200.118.64.109 - - [04/Jun/2022:15:39:53 -0500] "GET /imagenes/URGENTE.gif HTTP/1.1" 200 964
200.118.64.109 - - [04/Jun/2022:15:39:53 -0500] "POST /forms/lservlet;jsessionid=ac16012b30d62fa5b232b42645fe98148458f933fcbb.e3iSbxaKaheRe34OaN8QahmTbNz0n6jAmljGr5XDqQLvpAe HTTP/1.1" 200 7
200.118.64.109 - - [04/Jun/2022:15:39:53 -0500] "POST /forms/lservlet;jsessionid=ac16012b30d62fa5b232b42645fe98148458f933fcbb.e3iSbxaKaheRe34OaN8QahmTbNz0n6jAmljGr5XDqQLvpAe HTTP/1.1" 200 34
200.118.64.109 - - [04/Jun/2022:15:39:53 -0500] "POST /forms/lservlet;jsessionid=ac16012b30d62fa5b232b42645fe98148458f933fcbb.e3iSbxaKaheRe34OaN8QahmTbNz0n6jAmljGr5XDqQLvpAe HTTP/1.1" 200 2
200.118.64.109 - - [04/Jun/2022:15:39:54 -0500] "POST /forms/lservlet;jsessionid=ac16012b30d62fa5b232b42645fe98148458f933fcbb.e3iSbxaKaheRe34OaN8QahmTbNz0n6jAmljGr5XDqQLvpAe HTTP/1.1" 200 2
200.118.64.109 - - [04/Jun/2022:15:39:54 -0500] "POST /forms/lservlet;jsessionid=ac16012b30d62fa5b232b42645fe98148458f933fcbb.e3iSbxaKaheRe34OaN8QahmTbNz0n6jAmljGr5XDqQLvpAe HTTP/1.1" 200 699
200.118.64.109 - - [04/Jun/2022:15:39:54 -0500] "GET /imagenes/Srch_frw.gif HTTP/1.1" 200 925
200.118.64.109 - - [04/Jun/2022:15:39:55 -0500] "POST /forms/lservlet;jsessionid=ac16012b30d62fa5b232b42645fe98148458f933fcbb.e3iSbxaKaheRe34OaN8QahmTbNz0n6jAmljGr5XDqQLvpAe HTTP/1.1" 200 10
199.16.157.182 - - [04/Jun/2022:15:39:57 -0500] "GET /images/mujeres-reverdecen-4-junio.jpg HTTP/1.1" 200 59432
200.118.64.109 - - [04/Jun/2022:15:39:58 -0500] "POST /forms/lservlet;jsessionid=ac16012b30d62fa5b232b42645fe98148458f933fcbb.e3iSbxaKaheRe34OaN8QahmTbNz0n6jAmljGr5XDqQLvpAe HTTP/1.1" 200 24
200.118.64.109 - - [04/Jun/2022:15:39:58 -0500] "POST /forms/lservlet;jsessionid=ac16012b30d62fa5b232b42645fe98148458f933fcbb.e3iSbxaKaheRe34OaN8QahmTbNz0n6jAmljGr5XDqQLvpAe HTTP/1.1" 200 14
200.118.64.109 - - [04/Jun/2022:15:39:59 -0500] "POST /forms/lservlet;jsessionid=ac16012b30d62fa5b232b42645fe98148458f933fcbb.e3iSbxaKaheRe34OaN8QahmTbNz0n6jAmljGr5XDqQLvpAe HTTP/1.1" 200 14
200.118.64.109 - - [04/Jun/2022:15:40:01 -0500] "POST /forms/lservlet;jsessionid=ac16012b30d62fa5b232b42645fe98148458f933fcbb.e3iSbxaKaheRe34OaN8QahmTbNz0n6jAmljGr5XDqQLvpAe HTTP/1.1" 200 4648
200.118.64.109 - - [04/Jun/2022:15:40:01 -0500] "POST /forms/lservlet;jsessionid=ac16012b30d62fa5b232b42645fe98148458f933fcbb.e3iSbxaKaheRe34OaN8QahmTbNz0n6jAmljGr5XDqQLvpAe HTTP/1.1" 200 2
200.118.64.109 - - [04/Jun/2022:15:40:02 -0500] "POST /forms/lservlet;jsessionid=ac16012b30d62fa5b232b42645fe98148458f933fcbb.e3iSbxaKaheRe34OaN8QahmTbNz0n6jAmljGr5XDqQLvpAe HTTP/1.1" 200 2
200.118.64.109 - - [04/Jun/2022:15:40:02 -0500] "POST /forms/lservlet;jsessionid=ac16012b30d62fa5b232b42645fe98148458f933fcbb.e3iSbxaKaheRe34OaN8QahmTbNz0n6jAmljGr5XDqQLvpAe HTTP/1.1" 200 14
200.118.64.109 - - [04/Jun/2022:15:40:04 -0500] "POST /forms/lservlet;jsessionid=ac16012b30d62fa5b232b42645fe98148458f933fcbb.e3iSbxaKaheRe34OaN8QahmTbNz0n6jAmljGr5XDqQLvpAe HTTP/1.1" 200 78
200.118.64.109 - - [04/Jun/2022:15:40:04 -0500] "POST /forms/lservlet;jsessionid=ac16012b30d62fa5b232b42645fe98148458f933fcbb.e3iSbxaKaheRe34OaN8QahmTbNz0n6jAmljGr5XDqQLvpAe HTTP/1.1" 200 2
200.118.64.109 - - [04/Jun/2022:15:40:16 -0500] "POST /forms/lservlet;jsessionid=ac16012b30d62fa5b232b42645fe98148458f933fcbb.e3iSbxaKaheRe34OaN8QahmTbNz0n6jAmljGr5XDqQLvpAe HTTP/1.1" 200 2
200.118.64.109 - - [04/Jun/2022:15:40:17 -0500] "POST /forms/lservlet;jsessionid=ac16012b30d62fa5b232b42645fe98148458f933fcbb.e3iSbxaKaheRe34OaN8QahmTbNz0n6jAmljGr5XDqQLvpAe HTTP/1.1" 200 42
200.118.64.109 - - [04/Jun/2022:15:40:17 -0500] "POST /forms/lservlet;jsessionid=ac16012b30d62fa5b232b42645fe98148458f933fcbb.e3iSbxaKaheRe34OaN8QahmTbNz0n6jAmljGr5XDqQLvpAe HTTP/1.1" 200 2
200.118.64.109 - - [04/Jun/2022:15:40:54 -0500] "POST /forms/lservlet;jsessionid=ac16012b30d62fa5b232b42645fe98148458f933fcbb.e3iSbxaKaheRe34OaN8QahmTbNz0n6jAmljGr5XDqQLvpAe HTTP/1.1" 200 2027
200.118.64.109 - - [04/Jun/2022:15:40:54 -0500] "POST /forms/lservlet;jsessionid=ac16012b30d62fa5b232b42645fe98148458f933fcbb.e3iSbxaKaheRe34OaN8QahmTbNz0n6jAmljGr5XDqQLvpAe HTTP/1.1" 200 78
200.118.64.109 - - [04/Jun/2022:15:40:55 -0500] "POST /forms/lservlet;jsessionid=ac16012b30d62fa5b232b42645fe98148458f933fcbb.e3iSbxaKaheRe34OaN8QahmTbNz0n6jAmljGr5XDqQLvpAe HTTP/1.1" 200 86
200.118.64.109 - - [04/Jun/2022:15:40:55 -0500] "POST /forms/lservlet;jsessionid=ac16012b30d62fa5b232b42645fe98148458f933fcbb.e3iSbxaKaheRe34OaN8QahmTbNz0n6jAmljGr5XDqQLvpAe HTTP/1.1" 200 -
216.245.221.92 - - [04/Jun/2022:15:40:59 -0500] "HEAD / HTTP/1.1" 200 -
190.24.186.195 - - [04/Jun/2022:15:41:03 -0500] "GET /BLA/resoluciones/RESOLUCIONES%202019/0577.pdf HTTP/1.1" 200 304953
110.93.150.204 - - [04/Jun/2022:15:41:03 -0500] "GET /dia-mundial-del-medio-ambiente-con-3-500-beneficiarias-comienza-la-segunda-fase-de-mujeres-que-reverdecen.html HTTP/1.1" 200 845
190.24.186.195 - - [04/Jun/2022:15:41:56 -0500] "GET /BLA/resoluciones/RESOLUCIONES%202019/1986.pdf HTTP/1.1" 200 253328
199.16.157.180 - - [04/Jun/2022:15:42:02 -0500] "GET /images/mujeres-reverdecen-4-junio.jpg HTTP/1.1" 200 59432
172.22.2.4 - - [04/Jun/2022:15:42:16 -0500] "GET /BLA/boletinlegal/consulta_actos.php?tipo=resoluciones&no=&usuario=&sector=VERTIMIENTOS&fecha=2019&resuelve=REVOCA HTTP/1.1" 200 2341
172.22.2.4 - - [04/Jun/2022:15:42:25 -0500] "GET /BLA/boletinlegal/consulta_actos.php?tipo=resoluciones&no=&usuario=&sector=VERTIMIENTOS&fecha=2021&resuelve=REVOCA HTTP/1.1" 200 3265
172.22.2.4 - - [04/Jun/2022:15:42:53 -0500] "GET /BLA/boletinlegal/consulta_actos.php?tipo=resoluciones&no=&usuario=&sector=VERTIMIENTOS&fecha=2019&resuelve=REVOCA HTTP/1.1" 200 2341
201.245.192.253 - - [04/Jun/2022:15:42:06 -0500] "POST /kwsrmcab/Wsrmcab HTTP/1.1" 200 46804
172.22.2.4 - - [04/Jun/2022:15:43:04 -0500] "GET /BLA/boletinlegal/consulta_actos.php?tipo=resoluciones&no=&usuario=&sector=VERTIMIENTOS&fecha=2017&resuelve=REVOCA HTTP/1.1" 200 4907
173.252.95.4 - - [04/Jun/2022:15:43:11 -0500] "HEAD /dia-mundial-del-medio-ambiente-con-3-500-beneficiarias-comienza-la-segunda-fase-de-mujeres-que-reverdecen.html HTTP/1.1" 206 -
172.22.2.4 - - [04/Jun/2022:15:43:13 -0500] "GET /BLA/boletinlegal/consulta_actos.php?tipo=resoluciones&no=&usuario=&sector=VERTIMIENTOS&fecha=2015&resuelve=REVOCA HTTP/1.1" 200 626
173.252.95.16 - - [04/Jun/2022:15:43:17 -0500] "GET /dia-mundial-del-medio-ambiente-con-3-500-beneficiarias-comienza-la-segunda-fase-de-mujeres-que-reverdecen.html HTTP/1.1" 206 845
172.22.2.4 - - [04/Jun/2022:15:43:17 -0500] "GET /BLA/boletinlegal/consulta_actos.php?tipo=resoluciones&no=&usuario=&sector=VERTIMIENTOS&fecha=2014&resuelve=REVOCA HTTP/1.1" 200 1543
173.252.95.18 - - [04/Jun/2022:15:43:18 -0500] "GET /images/mujeres-reverdecen-4-junio.jpg HTTP/1.1" 200 59432
173.252.95.11 - - [04/Jun/2022:15:43:18 -0500] "GET /dia-mundial-del-medio-ambiente-con-3-500-beneficiarias-comienza-la-segunda-fase-de-mujeres-que-reverdecen.html HTTP/1.1" 206 845
190.24.186.195 - - [04/Jun/2022:15:43:23 -0500] "GET /BLA/resoluciones/RESOLUCIONES%202014/2833.pdf HTTP/1.1" 200 4720940
173.252.87.24 - - [04/Jun/2022:15:43:24 -0500] "GET /dia-mundial-del-medio-ambiente-con-3-500-beneficiarias-comienza-la-segunda-fase-de-mujeres-que-reverdecen.html?fbclid=IwAR3KcVNIN498Ox1ZQFNdAjPZN5B-efphF8f39A9AHfzaw6crLPxYPQXQakk HTTP/1.1" 200 845
173.252.95.7 - - [04/Jun/2022:15:43:24 -0500] "GET /dia-mundial-del-medio-ambiente-con-3-500-beneficiarias-comienza-la-segunda-fase-de-mujeres-que-reverdecen.html?fbclid=IwAR3d7xjFouG_sDv5ZD1Ql7Bqn6ciyGHe_axBbFedmZqKMEwqiguo7zUZu6Q HTTP/1.1" 200 845
173.252.87.9 - - [04/Jun/2022:15:43:24 -0500] "GET /dia-mundial-del-medio-ambiente-con-3-500-beneficiarias-comienza-la-segunda-fase-de-mujeres-que-reverdecen.html?fbclid=IwAR1RTys7VC8hpwgAvbAFIh_LzaqPlAUJ0ahjne5vpsTEeMROBPoYEcqLdxI HTTP/1.1" 200 845
202.102.144.122 - - [04/Jun/2022:15:43:24 -0500] "\x16\x03\x01" 400 226
31.13.115.12 - - [04/Jun/2022:15:43:28 -0500] "GET /dia-mundial-del-medio-ambiente-con-3-500-beneficiarias-comienza-la-segunda-fase-de-mujeres-que-reverdecen.html?fbclid=IwAR1HSybjJYaWeWSu1-LLJeS-kVBJDoID5ZRRi7Mj3wmoZqpxOZzRR8dOxUg HTTP/1.1" 200 845
173.252.95.16 - - [04/Jun/2022:15:43:28 -0500] "GET /dia-mundial-del-medio-ambiente-con-3-500-beneficiarias-comienza-la-segunda-fase-de-mujeres-que-reverdecen.html?fbclid=IwAR1dTKqIyFH6TZX9o8r9KXmUAr4L3QOQXon4LSFEujLpU4EjyJwV9LSjSUk HTTP/1.1" 200 845
69.171.251.15 - - [04/Jun/2022:15:43:28 -0500] "GET /dia-mundial-del-medio-ambiente-con-3-500-beneficiarias-comienza-la-segunda-fase-de-mujeres-que-reverdecen.html?fbclid=IwAR2zrvNF1-SHQcC2bv5wGxXU7H9ntzNWaCwBGSoHdnJtw1XPaU4SMQE8I9E HTTP/1.1" 200 845
201.245.192.253 - - [04/Jun/2022:15:42:56 -0500] "POST /kwsrmcab/Wsrmcab HTTP/1.1" 200 47867
173.252.87.116 - - [04/Jun/2022:15:43:58 -0500] "GET /dia-mundial-del-medio-ambiente-con-3-500-beneficiarias-comienza-la-segunda-fase-de-mujeres-que-reverdecen.html HTTP/1.1" 200 845
69.63.189.120 - - [04/Jun/2022:15:43:59 -0500] "GET /dia-mundial-del-medio-ambiente-con-3-500-beneficiarias-comienza-la-segunda-fase-de-mujeres-que-reverdecen.html HTTP/1.1" 200 845
173.252.107.116 - - [04/Jun/2022:15:44:00 -0500] "GET /dia-mundial-del-medio-ambiente-con-3-500-beneficiarias-comienza-la-segunda-fase-de-mujeres-que-reverdecen.html HTTP/1.1" 200 845
173.252.127.13 - - [04/Jun/2022:15:44:01 -0500] "GET /dia-mundial-del-medio-ambiente-con-3-500-beneficiarias-comienza-la-segunda-fase-de-mujeres-que-reverdecen.html HTTP/1.1" 200 845
69.63.189.4 - - [04/Jun/2022:15:44:03 -0500] "GET /dia-mundial-del-medio-ambiente-con-3-500-beneficiarias-comienza-la-segunda-fase-de-mujeres-que-reverdecen.html HTTP/1.1" 200 845
172.22.2.4 - - [04/Jun/2022:15:44:03 -0500] "GET /BLA/boletinlegal/consulta_actos.php?tipo=resoluciones&no=&usuario=&sector=VERTIMIENTOS&fecha=2016&resuelve=REVOCA HTTP/1.1" 200 10412
173.252.83.7 - - [04/Jun/2022:15:44:04 -0500] "GET /dia-mundial-del-medio-ambiente-con-3-500-beneficiarias-comienza-la-segunda-fase-de-mujeres-que-reverdecen.html HTTP/1.1" 200 845
199.16.157.180 - - [04/Jun/2022:15:44:04 -0500] "GET /images/mujeres-reverdecen-4-junio.jpg HTTP/1.1" 200 59432
173.252.111.23 - - [04/Jun/2022:15:44:06 -0500] "GET /images/mujeres-reverdecen-4-junio.jpg HTTP/1.1" 200 59432
173.252.127.120 - - [04/Jun/2022:15:44:06 -0500] "GET /images/mujeres-reverdecen-4-junio.jpg HTTP/1.1" 200 59432
66.220.149.15 - - [04/Jun/2022:15:44:06 -0500] "GET /images/mujeres-reverdecen-4-junio.jpg HTTP/1.1" 200 59432
190.24.186.195 - - [04/Jun/2022:15:44:07 -0500] "GET /BLA/resoluciones/RESOLUCIONES%202016/2273.pdf HTTP/1.1" 200 377167
66.249.75.63 - - [04/Jun/2022:15:44:18 -0500] "-" 408 -
186.99.156.177 - - [04/Jun/2022:15:44:20 -0500] "GET /dia-mundial-del-medio-ambiente-con-3-500-beneficiarias-comienza-la-segunda-fase-de-mujeres-que-reverdecen.html HTTP/1.1" 200 845
172.22.2.4 - - [04/Jun/2022:15:42:42 -0500] "HEAD /BLA/boletinlegal/ HTTP/1.1" 200 -
173.252.127.25 - - [04/Jun/2022:15:44:25 -0500] "GET /images/mujeres-reverdecen-4-junio.jpg HTTP/1.1" 200 59432
66.220.149.117 - - [04/Jun/2022:15:44:25 -0500] "GET /images/mujeres-reverdecen-4-junio.jpg HTTP/1.1" 200 59432
186.86.34.0 - - [04/Jun/2022:15:44:34 -0500] "GET /dia-mundial-del-medio-ambiente-con-3-500-beneficiarias-comienza-la-segunda-fase-de-mujeres-que-reverdecen.html HTTP/1.1" 200 845
172.22.2.4 - - [04/Jun/2022:15:44:53 -0500] "GET /BLA/boletinlegal/consulta_actos.php?tipo=resoluciones&no=&usuario=&sector=VERTIMIENTOS&fecha=2017&resuelve=REVOCA HTTP/1.1" 200 4907
172.22.2.4 - - [04/Jun/2022:15:45:00 -0500] "GET /BLA/boletinlegal/consulta_actos.php?tipo=resoluciones&no=&usuario=&sector=VERTIMIENTOS&fecha=2018&resuelve=REVOCA HTTP/1.1" 200 626
172.22.2.4 - - [04/Jun/2022:15:45:05 -0500] "GET /BLA/boletinlegal/consulta_actos.php?tipo=resoluciones&no=&usuario=&sector=VERTIMIENTOS&fecha=2019&resuelve=REVOCA HTTP/1.1" 200 2341
172.22.2.4 - - [04/Jun/2022:15:43:32 -0500] "GET /BLA/boletinlegal/ HTTP/1.1" 200 57520
172.22.2.4 - - [04/Jun/2022:15:45:24 -0500] "GET /BLA/boletinlegal/consulta_actos.php?tipo=resoluciones&no=&usuario=&sector=VERTIMIENTOS&fecha=2022&resuelve=REVOCA HTTP/1.1" 200 626
172.22.2.4 - - [04/Jun/2022:15:45:29 -0500] "GET /BLA/boletinlegal/consulta_actos.php?tipo=resoluciones&no=&usuario=&sector=SILVICULTURA&fecha=2022&resuelve=REVOCA HTTP/1.1" 200 1627
172.22.2.4 - - [04/Jun/2022:15:45:37 -0500] "GET /BLA/boletinlegal/consulta_actos.php?tipo=autos&no=&usuario=&sector=&fecha=2022&resuelve=archivo HTTP/1.1" 200 3240
186.154.24.21 - - [04/Jun/2022:15:45:44 -0500] "GET /BLA/resoluciones/AUTOS%202022/1944.pdf HTTP/1.1" 304 -
172.22.2.4 - - [04/Jun/2022:15:45:54 -0500] "GET /BLA/boletinlegal/consulta_actos.php?tipo=resoluciones&no=&usuario=&sector=VERTIMIENTOS&fecha=2022&resuelve=REVOCA HTTP/1.1" 200 626
186.155.15.36 - - [04/Jun/2022:15:45:55 -0500] "GET /dia-mundial-del-medio-ambiente-con-3-500-beneficiarias-comienza-la-segunda-fase-de-mujeres-que-reverdecen.html HTTP/1.1" 200 845
216.245.221.92 - - [04/Jun/2022:15:45:59 -0500] "HEAD / HTTP/1.1" 200 -
172.22.2.4 - - [04/Jun/2022:15:45:59 -0500] "GET /BLA/boletinlegal/consulta_actos.php?tipo=resoluciones&no=&usuario=&sector=PEV&fecha=2022&resuelve=REVOCA HTTP/1.1" 200 1584
190.24.186.195 - - [04/Jun/2022:15:46:02 -0500] "GET /BLA/resoluciones/RESOLUCIONES%202022/0898.pdf HTTP/1.1" 200 445499
199.16.157.181 - - [04/Jun/2022:15:46:11 -0500] "GET /images/mujeres-reverdecen-4-junio.jpg HTTP/1.1" 200 59432
186.28.77.229 - - [04/Jun/2022:15:46:37 -0500] "GET /dia-mundial-del-medio-ambiente-con-3-500-beneficiarias-comienza-la-segunda-fase-de-mujeres-que-reverdecen.html HTTP/1.1" 200 845
186.154.24.21 - - [04/Jun/2022:15:46:39 -0500] "GET /BLA/resoluciones/AUTOS%202022/1369.pdf HTTP/1.1" 200 390652
173.252.95.7 - - [04/Jun/2022:15:46:42 -0500] "GET /dia-internacional-de-la-tierra-actividades-para-celebrar-esta-fecha-en-bogota.html HTTP/1.1" 206 879
181.53.12.154 - - [04/Jun/2022:15:46:57 -0500] "GET /dia-mundial-del-medio-ambiente-con-3-500-beneficiarias-comienza-la-segunda-fase-de-mujeres-que-reverdecen.html HTTP/1.1" 200 845
173.252.111.116 - - [04/Jun/2022:15:47:07 -0500] "GET /images/mujeres-reverdecen-4-junio.jpg HTTP/1.1" 200 59432
173.252.127.117 - - [04/Jun/2022:15:47:07 -0500] "GET /images/mujeres-reverdecen-4-junio.jpg HTTP/1.1" 200 59432
173.252.127.7 - - [04/Jun/2022:15:47:07 -0500] "GET /images/mujeres-reverdecen-4-junio.jpg HTTP/1.1" 200 59432
191.95.63.76 - - [04/Jun/2022:15:47:18 -0500] "GET /dia-mundial-del-medio-ambiente-con-3-500-beneficiarias-comienza-la-segunda-fase-de-mujeres-que-reverdecen.html HTTP/1.1" 200 845
186.154.24.21 - - [04/Jun/2022:15:47:22 -0500] "GET /BLA/resoluciones/AUTOS%202020/2864.pdf HTTP/1.1" 200 312404
179.1.67.82 - - [04/Jun/2022:15:47:32 -0500] "GET /dia-mundial-del-medio-ambiente-con-3-500-beneficiarias-comienza-la-segunda-fase-de-mujeres-que-reverdecen.html HTTP/1.1" 200 845
172.22.2.4 - - [04/Jun/2022:15:47:45 -0500] "GET /BLA/boletinlegal/consulta_actos.php?tipo=resoluciones&no=&usuario=&sector=AIRE&fecha=2022&resuelve=REVOCA HTTP/1.1" 200 626
172.22.2.4 - - [04/Jun/2022:15:47:45 -0500] "GET /BLA/boletinlegal/consulta_actos.php?tipo=autos&no=&usuario=&sector=&fecha=2022&resuelve=aclara HTTP/1.1" 200 626
172.22.2.4 - - [04/Jun/2022:15:47:48 -0500] "GET /BLA/boletinlegal/consulta_actos.php?tipo=autos&no=&usuario=&sector=&fecha=2022&resuelve=aclara HTTP/1.1" 200 626
172.22.2.4 - - [04/Jun/2022:15:47:49 -0500] "GET /BLA/boletinlegal/consulta_actos.php?tipo=resoluciones&no=&usuario=&sector=RUIDO&fecha=2022&resuelve=REVOCA HTTP/1.1" 200 626
172.22.2.4 - - [04/Jun/2022:15:47:52 -0500] "GET /BLA/boletinlegal/consulta_actos.php?tipo=autos&no=&usuario=&sector=&fecha=2022&resuelve=aclara HTTP/1.1" 200 626
172.22.2.4 - - [04/Jun/2022:15:47:53 -0500] "GET /BLA/boletinlegal/consulta_actos.php?tipo=autos&no=&usuario=&sector=&fecha=2022&resuelve=aclara HTTP/1.1" 200 626
172.22.2.4 - - [04/Jun/2022:15:47:53 -0500] "GET /BLA/boletinlegal/consulta_actos.php?tipo=autos&no=&usuario=&sector=&fecha=2022&resuelve=aclara HTTP/1.1" 200 626
172.22.2.4 - - [04/Jun/2022:15:47:54 -0500] "GET /BLA/boletinlegal/consulta_actos.php?tipo=autos&no=&usuario=&sector=&fecha=2022&resuelve=aclara HTTP/1.1" 200 626
172.22.2.4 - - [04/Jun/2022:15:47:54 -0500] "GET /BLA/boletinlegal/consulta_actos.php?tipo=autos&no=&usuario=&sector=&fecha=2022&resuelve=aclara HTTP/1.1" 200 626
172.22.2.4 - - [04/Jun/2022:15:47:54 -0500] "GET /BLA/boletinlegal/consulta_actos.php?tipo=autos&no=&usuario=&sector=&fecha=2022&resuelve=aclara HTTP/1.1" 200 626
172.22.2.4 - - [04/Jun/2022:15:47:55 -0500] "GET /BLA/boletinlegal/consulta_actos.php?tipo=resoluciones&no=&usuario=&sector=RESIDUOS&fecha=2022&resuelve=REVOCA HTTP/1.1" 200 626
172.22.2.4 - - [04/Jun/2022:15:47:56 -0500] "GET /BLA/boletinlegal/consulta_actos.php?tipo=resoluciones&no=&usuario=&sector=RESIDUOS&fecha=2022&resuelve=REVOCA HTTP/1.1" 200 626
172.22.2.4 - - [04/Jun/2022:15:47:59 -0500] "GET /BLA/boletinlegal/consulta_actos.php?tipo=resoluciones&no=&usuario=&sector=MINERIA&fecha=2022&resuelve=REVOCA HTTP/1.1" 200 626
172.22.2.4 - - [04/Jun/2022:15:48:09 -0500] "GET /BLA/boletinlegal/consulta_actos.php?tipo=resoluciones&no=&usuario=&sector=MINERIA&fecha=2021&resuelve=REVOCA HTTP/1.1" 200 1137
172.22.2.4 - - [04/Jun/2022:15:48:17 -0500] "GET /BLA/boletinlegal/consulta_actos.php?tipo=resoluciones&no=&usuario=&sector=SILVICULTURA&fecha=2021&resuelve=REVOCA HTTP/1.1" 200 9352
40.77.167.23 - - [04/Jun/2022:15:48:21 -0500] "GET /BLA/resoluciones/RESOLUCIONES%202019/3731.pdf HTTP/1.1" 304 -
199.16.157.181 - - [04/Jun/2022:15:48:28 -0500] "GET /images/mujeres-reverdecen-4-junio.jpg HTTP/1.1" 200 59432
35.86.96.148 - - [04/Jun/2022:15:48:33 -0500] "GET /semana-ambiental-500-arboles-plantados-en-el-humedal-el-burro.html HTTP/1.1" 200 768
172.22.2.4 - - [04/Jun/2022:15:49:38 -0500] "GET /BLA/boletinlegal/consulta_actos.php?tipo=resoluciones&no=&usuario=&sector=VERTIMIENTOS&fecha=2021&resuelve=REVOCA HTTP/1.1" 200 3265
190.24.186.195 - - [04/Jun/2022:15:49:47 -0500] "GET /BLA/resoluciones/RESOLUCIONES%202021/3026.pdf HTTP/1.1" 200 435366
186.84.108.100 - - [04/Jun/2022:15:49:52 -0500] "GET /dia-mundial-del-medio-ambiente-con-3-500-beneficiarias-comienza-la-segunda-fase-de-mujeres-que-reverdecen.html HTTP/1.1" 200 845
190.157.162.30 - - [04/Jun/2022:15:50:02 -0500] "GET /dia-mundial-del-medio-ambiente-con-3-500-beneficiarias-comienza-la-segunda-fase-de-mujeres-que-reverdecen.html HTTP/1.1" 200 845
172.22.2.4 - - [04/Jun/2022:15:50:06 -0500] "GET /BLA/boletinlegal/consulta_actos.php?tipo=resoluciones&no=&usuario=&sector=PEV&fecha=2021&resuelve=REVOCA HTTP/1.1" 200 7724
172.22.2.4 - - [04/Jun/2022:15:48:32 -0500] "HEAD /BLA/boletinlegal/ HTTP/1.1" 200 -
207.46.13.42 - - [04/Jun/2022:15:50:15 -0500] "GET /BLA/boletinlegal/Directivas/2019/Directiva%20No.%200001%20del%2011%20de%20junio%20de%202019.pdf HTTP/1.1" 304 -
186.155.74.117 - - [04/Jun/2022:15:50:30 -0500] "GET /dia-mundial-del-medio-ambiente-con-3-500-beneficiarias-comienza-la-segunda-fase-de-mujeres-que-reverdecen.html HTTP/1.1" 200 845
190.24.186.195 - - [04/Jun/2022:15:50:30 -0500] "GET /BLA/resoluciones/RESOLUCIONES%202021/2926.pdf HTTP/1.1" 200 415500
190.60.255.203 - - [04/Jun/2022:15:50:39 -0500] "GET /semana-ambiental-2022-del-31-de-mayo-al-5-de-junio-se-celebrara-en-bogota.html HTTP/1.1" 200 799
66.249.75.63 - - [04/Jun/2022:15:50:45 -0500] "-" 408 -
199.16.157.182 - - [04/Jun/2022:15:50:45 -0500] "GET /images/mujeres-reverdecen-4-junio.jpg HTTP/1.1" 200 59432
216.245.221.92 - - [04/Jun/2022:15:50:59 -0500] "HEAD / HTTP/1.1" 200 -
173.252.95.118 - - [04/Jun/2022:15:50:59 -0500] "GET /images/semana-santa-ramos-policia-7-abril.jpg HTTP/1.1" 200 43922
172.22.2.4 - - [04/Jun/2022:15:49:22 -0500] "GET /BLA/boletinlegal/ HTTP/1.1" 200 58482
199.16.157.181 - - [04/Jun/2022:15:51:32 -0500] "GET /images/mujeres-reverdecen-4-junio.jpg HTTP/1.1" 200 59432
186.86.32.239 - - [04/Jun/2022:15:52:15 -0500] "GET /dia-mundial-del-medio-ambiente-con-3-500-beneficiarias-comienza-la-segunda-fase-de-mujeres-que-reverdecen.html HTTP/1.1" 200 845
170.78.42.67 - - [04/Jun/2022:15:52:21 -0500] "GET /dia-mundial-del-medio-ambiente-con-3-500-beneficiarias-comienza-la-segunda-fase-de-mujeres-que-reverdecen.html HTTP/1.1" 200 845
172.22.2.4 - - [04/Jun/2022:15:52:32 -0500] "GET /BLA/boletinlegal/consulta_actos.php?tipo=resoluciones&no=&usuario=&sector=AIRE&fecha=2021&resuelve=REVOCA HTTP/1.1" 200 13769
190.24.186.195 - - [04/Jun/2022:15:52:39 -0500] "GET /BLA/resoluciones/RESOLUCIONES%202021/1085.pdf HTTP/1.1" 200 398458
199.16.157.182 - - [04/Jun/2022:15:52:58 -0500] "GET /images/mujeres-reverdecen-4-junio.jpg HTTP/1.1" 200 59432
95.217.231.154 - - [04/Jun/2022:15:53:20 -0500] "GET /dia-mundial-del-medio-ambiente-con-3-500-beneficiarias-comienza-la-segunda-fase-de-mujeres-que-reverdecen.html HTTP/1.1" 200 845
157.55.39.198 - - [04/Jun/2022:15:53:36 -0500] "GET /portaldeninos/wp-content/plugins/smart-slider-3/nextend/media/dist/nextend-frontend.min.js?1563274780 HTTP/1.1" 200 76980
190.24.186.195 - - [04/Jun/2022:15:53:39 -0500] "GET /BLA/resoluciones/RESOLUCIONES%202021/0572.pdf HTTP/1.1" 200 387235
190.24.186.195 - - [04/Jun/2022:15:54:15 -0500] "GET /BLA/resoluciones/RESOLUCIONES%202021/0232.pdf HTTP/1.1" 200 412936
172.22.2.4 - - [04/Jun/2022:15:54:27 -0500] "GET /BLA/boletinlegal/jurisprudencia/analisis/AnalisisT-606-15.docx HTTP/1.1" 200 26698
172.22.2.4 - - [04/Jun/2022:15:54:52 -0500] "GET /BLA/boletinlegal/consulta_actos.php?tipo=resoluciones&no=&usuario=&sector=RUIDO&fecha=2021&resuelve=REVOCA HTTP/1.1" 200 2663
190.24.186.195 - - [04/Jun/2022:15:55:03 -0500] "GET /BLA/resoluciones/RESOLUCIONES%202021/1058.pdf HTTP/1.1" 200 403009
199.16.157.181 - - [04/Jun/2022:15:55:04 -0500] "GET /images/mujeres-reverdecen-4-junio.jpg HTTP/1.1" 200 59432
190.24.186.195 - - [04/Jun/2022:15:55:41 -0500] "GET /BLA/resoluciones/RESOLUCIONES%202021/0243.pdf HTTP/1.1" 200 385602
