216.245.221.92 - - [04/Jun/2022:15:55:59 -0500] "HEAD / HTTP/1.1" 200 -
172.22.2.4 - - [04/Jun/2022:15:54:22 -0500] "HEAD /BLA/boletinlegal/ HTTP/1.1" 200 -
172.22.2.4 - - [04/Jun/2022:15:56:11 -0500] "GET /BLA/boletinlegal/consulta_actos.php?tipo=resoluciones&no=&usuario=&sector=RESIDUOS&fecha=2021&resuelve=REVOCA HTTP/1.1" 200 1145
172.22.2.4 - - [04/Jun/2022:15:56:26 -0500] "GET /BLA/boletinlegal/consulta_actos.php?tipo=resoluciones&no=&usuario=&sector=RESIDUOS&fecha=2020&resuelve=REVOCA HTTP/1.1" 200 626
66.249.75.63 - - [04/Jun/2022:15:56:27 -0500] "-" 408 -
172.22.2.4 - - [04/Jun/2022:15:56:30 -0500] "GET /BLA/boletinlegal/consulta_actos.php?tipo=resoluciones&no=&usuario=&sector=RUIDO&fecha=2020&resuelve=REVOCA HTTP/1.1" 200 27488
190.24.186.195 - - [04/Jun/2022:15:56:42 -0500] "GET /BLA/resoluciones/RESOLUCIONES%202020/2494.pdf HTTP/1.1" 200 389987
172.22.2.4 - - [04/Jun/2022:15:55:12 -0500] "GET /BLA/boletinlegal/ HTTP/1.1" 200 54577
199.16.157.182 - - [04/Jun/2022:15:57:14 -0500] "GET /images/mujeres-reverdecen-4-junio.jpg HTTP/1.1" 200 59432
190.24.186.195 - - [04/Jun/2022:15:57:18 -0500] "GET /BLA/resoluciones/RESOLUCIONES%202020/2346.pdf HTTP/1.1" 200 400039
172.22.2.4 - - [04/Jun/2022:15:56:37 -0500] "GET /BLA/boletinlegal/ HTTP/1.1" 200 32715
186.84.22.117 - - [04/Jun/2022:15:57:28 -0500] "GET /dia-mundial-del-medio-ambiente-con-3-500-beneficiarias-comienza-la-segunda-fase-de-mujeres-que-reverdecen.html HTTP/1.1" 200 845
186.147.184.106 - - [04/Jun/2022:15:57:29 -0500] "GET /dia-mundial-del-medio-ambiente-con-3-500-beneficiarias-comienza-la-segunda-fase-de-mujeres-que-reverdecen.html HTTP/1.1" 200 845
66.220.149.22 - - [04/Jun/2022:15:57:32 -0500] "GET /dia-mundial-del-medio-ambiente-con-3-500-beneficiarias-comienza-la-segunda-fase-de-mujeres-que-reverdecen.html HTTP/1.1" 206 845
66.220.149.117 - - [04/Jun/2022:15:57:32 -0500] "GET /dia-mundial-del-medio-ambiente-con-3-500-beneficiarias-comienza-la-segunda-fase-de-mujeres-que-reverdecen.html HTTP/1.1" 206 845
173.252.127.6 - - [04/Jun/2022:15:57:33 -0500] "GET /images/mujeres-reverdecen-4-junio.jpg HTTP/1.1" 200 59432
186.84.91.88 - - [04/Jun/2022:15:57:44 -0500] "GET /dia-mundial-del-medio-ambiente-con-3-500-beneficiarias-comienza-la-segunda-fase-de-mujeres-que-reverdecen.html HTTP/1.1" 200 845
157.55.39.43 - - [04/Jun/2022:15:57:50 -0500] "GET /bla/resoluciones/index.php?dir=notificaciones/registros%202020/&sort=date&order=desc HTTP/1.1" 200 17791
172.22.2.4 - - [04/Jun/2022:15:57:59 -0500] "GET /BLA/boletinlegal/consulta_actos.php?tipo=resoluciones&no=&usuario=&sector=AIRE&fecha=2020&resuelve=REVOCA HTTP/1.1" 200 1531
172.22.2.4 - - [04/Jun/2022:15:58:00 -0500] "GET /BLA/boletinlegal/consulta_actos.php?tipo=resoluciones&no=&usuario=&sector=AIRE&fecha=2020&resuelve=REVOCA HTTP/1.1" 200 1531
172.22.2.4 - - [04/Jun/2022:15:58:06 -0500] "GET /BLA/boletinlegal/consulta_actos.php?tipo=resoluciones&no=&usuario=&sector=AIRE&fecha=2019&resuelve=REVOCA HTTP/1.1" 200 1912
186.86.33.141 - - [04/Jun/2022:15:58:09 -0500] "GET /semana-ambiental-2022-del-31-de-mayo-al-5-de-junio-se-celebrara-en-bogota.html HTTP/1.1" 200 799
172.22.2.4 - - [04/Jun/2022:15:59:16 -0500] "GET /BLA/boletinlegal/consulta_actos.php?tipo=resoluciones&no=&usuario=&sector=PEV&fecha=2019&resuelve=REVOCA HTTP/1.1" 200 18327
199.16.157.183 - - [04/Jun/2022:15:59:18 -0500] "GET /images/mujeres-reverdecen-4-junio.jpg HTTP/1.1" 200 59432
190.24.186.195 - - [04/Jun/2022:15:59:22 -0500] "GET /BLA/resoluciones/RESOLUCIONES%202019/3725. HTTP/1.1" 404 1120
201.221.173.35 - - [04/Jun/2022:15:59:26 -0500] "GET /dia-mundial-del-medio-ambiente-con-3-500-beneficiarias-comienza-la-segunda-fase-de-mujeres-que-reverdecen.html HTTP/1.1" 200 845
190.24.186.195 - - [04/Jun/2022:15:59:44 -0500] "GET /BLA/resoluciones/RESOLUCIONES%202019/2010.pdf HTTP/1.1" 200 309757
45.238.183.101 - - [04/Jun/2022:15:59:55 -0500] "GET /dia-mundial-del-medio-ambiente-con-3-500-beneficiarias-comienza-la-segunda-fase-de-mujeres-que-reverdecen.html HTTP/1.1" 200 845
172.22.2.4 - - [04/Jun/2022:16:00:26 -0500] "GET /BLA/boletinlegal/consulta_actos.php?tipo=resoluciones&no=&usuario=&sector=VERTIMIENTOS&fecha=2019&resuelve=REVOCA HTTP/1.1" 200 2341
172.22.2.4 - - [04/Jun/2022:16:00:40 -0500] "GET /BLA/boletinlegal/consulta_actos.php?tipo=resoluciones&no=&usuario=&sector=SILVICULTURA&fecha=2019&resuelve=REVOCA HTTP/1.1" 200 9534
216.245.221.92 - - [04/Jun/2022:16:00:59 -0500] "HEAD / HTTP/1.1" 200 -
199.16.157.180 - - [04/Jun/2022:16:01:19 -0500] "GET /images/mujeres-reverdecen-4-junio.jpg HTTP/1.1" 200 59432
199.16.157.180 - - [04/Jun/2022:16:01:19 -0500] "GET /images/mujeres-reverdecen-4-junio.jpg HTTP/1.1" 200 59432
190.109.21.51 - - [04/Jun/2022:16:01:20 -0500] "GET /dia-mundial-del-medio-ambiente-con-3-500-beneficiarias-comienza-la-segunda-fase-de-mujeres-que-reverdecen.html HTTP/1.1" 200 845
172.22.2.4 - - [04/Jun/2022:16:00:12 -0500] "HEAD /BLA/boletinlegal/ HTTP/1.1" 200 -
66.249.75.63 - - [04/Jun/2022:16:02:32 -0500] "-" 408 -
172.22.2.4 - - [04/Jun/2022:16:01:02 -0500] "GET /BLA/boletinlegal/ HTTP/1.1" 200 60973
181.61.206.235 - - [04/Jun/2022:16:03:08 -0500] "GET /dia-mundial-del-medio-ambiente-con-3-500-beneficiarias-comienza-la-segunda-fase-de-mujeres-que-reverdecen.html HTTP/1.1" 200 845
192.144.113.218 - - [04/Jun/2022:16:03:14 -0500] "GET /dia-mundial-del-medio-ambiente-con-3-500-beneficiarias-comienza-la-segunda-fase-de-mujeres-que-reverdecen.html HTTP/1.1" 200 845
199.16.157.181 - - [04/Jun/2022:16:03:19 -0500] "GET /images/mujeres-reverdecen-4-junio.jpg HTTP/1.1" 200 59432
199.16.157.180 - - [04/Jun/2022:16:05:21 -0500] "GET /images/mujeres-reverdecen-4-junio.jpg HTTP/1.1" 200 59432
69.171.251.11 - - [04/Jun/2022:16:05:24 -0500] "GET /images/mujeres-reverdecen-4-junio.jpg HTTP/1.1" 200 59432
173.252.111.2 - - [04/Jun/2022:16:05:24 -0500] "GET /images/mujeres-reverdecen-4-junio.jpg HTTP/1.1" 200 59432
173.252.87.5 - - [04/Jun/2022:16:05:24 -0500] "GET /images/mujeres-reverdecen-4-junio.jpg HTTP/1.1" 200 59432
216.245.221.92 - - [04/Jun/2022:16:05:59 -0500] "HEAD / HTTP/1.1" 200 -
190.26.167.116 - - [04/Jun/2022:16:06:56 -0500] "GET /dia-mundial-del-medio-ambiente-con-3-500-beneficiarias-comienza-la-segunda-fase-de-mujeres-que-reverdecen.html HTTP/1.1" 200 845
199.16.157.182 - - [04/Jun/2022:16:07:21 -0500] "GET /images/mujeres-reverdecen-4-junio.jpg HTTP/1.1" 200 59432
200.118.16.135 - - [04/Jun/2022:16:07:27 -0500] "GET /dia-mundial-del-medio-ambiente-con-3-500-beneficiarias-comienza-la-segunda-fase-de-mujeres-que-reverdecen.html HTTP/1.1" 200 845
172.22.2.4 - - [04/Jun/2022:16:06:02 -0500] "HEAD /BLA/boletinlegal/ HTTP/1.1" 200 -
172.22.2.4 - - [04/Jun/2022:16:06:52 -0500] "GET /BLA/boletinlegal/ HTTP/1.1" 200 60973
186.86.33.61 - - [04/Jun/2022:16:08:33 -0500] "GET /dia-mundial-del-medio-ambiente-con-3-500-beneficiarias-comienza-la-segunda-fase-de-mujeres-que-reverdecen.html HTTP/1.1" 200 845
13.64.93.136 - - [04/Jun/2022:16:08:33 -0500] "GET /semana-ambiental-500-arboles-plantados-en-el-humedal-el-burro.html HTTP/1.1" 200 768
34.219.122.79 - - [04/Jun/2022:16:08:34 -0500] "GET /semana-ambiental-500-arboles-plantados-en-el-humedal-el-burro.html HTTP/1.1" 200 768
34.213.104.169 - - [04/Jun/2022:16:08:34 -0500] "GET /semana-ambiental-500-arboles-plantados-en-el-humedal-el-burro.html HTTP/1.1" 200 768
172.22.2.4 - - [04/Jun/2022:16:08:38 -0500] "GET /BLA/boletinlegal/style.css HTTP/1.1" 200 9406
172.22.2.4 - - [04/Jun/2022:16:08:38 -0500] "GET /BLA/boletinlegal/styles2.css HTTP/1.1" 200 1838
172.22.2.4 - - [04/Jun/2022:16:08:38 -0500] "GET /BLA/boletinlegal/js/jquery.js HTTP/1.1" 200 57254
172.22.2.4 - - [04/Jun/2022:16:08:38 -0500] "GET /BLA/boletinlegal/js/jquery.scrollTo-min.js HTTP/1.1" 200 1150
172.22.2.4 - - [04/Jun/2022:16:08:38 -0500] "GET /BLA/boletinlegal/js/jquery.scrollShow.js HTTP/1.1" 200 4586
172.22.2.4 - - [04/Jun/2022:16:08:38 -0500] "GET /BLA/boletinlegal/images/cabezote%20BLEGAL.jpg HTTP/1.1" 200 118164
172.22.2.4 - - [04/Jun/2022:16:08:38 -0500] "GET /BLA/boletinlegal/images/subscribe-icon-big.png HTTP/1.1" 200 47702
172.22.2.4 - - [04/Jun/2022:16:08:38 -0500] "GET /BLA/boletinlegal/images/historia.png HTTP/1.1" 200 52775
172.22.2.4 - - [04/Jun/2022:16:08:38 -0500] "GET /BLA/boletinlegal/images/arr_l.jpg HTTP/1.1" 200 1979
172.22.2.4 - - [04/Jun/2022:16:08:38 -0500] "GET /BLA/boletinlegal/images/registro-usuarios.png HTTP/1.1" 200 8106
172.22.2.4 - - [04/Jun/2022:16:08:38 -0500] "GET /BLA/boletinlegal/images/screen_1.png HTTP/1.1" 200 202547
172.22.2.4 - - [04/Jun/2022:16:08:38 -0500] "GET /BLA/boletinlegal/images/launch.jpg HTTP/1.1" 200 14577
172.22.2.4 - - [04/Jun/2022:16:08:38 -0500] "GET /BLA/boletinlegal/images/body_bg.jpg HTTP/1.1" 200 1601
172.22.2.4 - - [04/Jun/2022:16:08:38 -0500] "GET /BLA/boletinlegal/images/menu_bg.jpg HTTP/1.1" 200 620
172.22.2.4 - - [04/Jun/2022:16:08:38 -0500] "GET /BLA/boletinlegal/images/menu_rght.gif HTTP/1.1" 200 1627
172.22.2.4 - - [04/Jun/2022:16:08:38 -0500] "GET /BLA/boletinlegal/images/hover.jpg HTTP/1.1" 200 640
172.22.2.4 - - [04/Jun/2022:16:08:38 -0500] "GET /BLA/boletinlegal/images/bg_top.jpg HTTP/1.1" 200 522
172.22.2.4 - - [04/Jun/2022:16:08:38 -0500] "GET /BLA/boletinlegal/images/menu_lft.gif HTTP/1.1" 200 1713
172.22.2.4 - - [04/Jun/2022:16:08:38 -0500] "GET /BLA/boletinlegal/images/text.jpg HTTP/1.1" 200 568
66.249.75.63 - - [04/Jun/2022:16:08:40 -0500] "-" 408 -
172.22.2.4 - - [04/Jun/2022:16:08:45 -0500] "GET /BLA/boletinlegal/images/screen_2.png HTTP/1.1" 200 362502
172.22.2.4 - - [04/Jun/2022:16:08:45 -0500] "GET /BLA/boletinlegal/images/screen_3.png HTTP/1.1" 200 210620
172.22.2.4 - - [04/Jun/2022:16:08:45 -0500] "GET /BLA/boletinlegal/images/screen_5.png HTTP/1.1" 200 368876
172.22.2.4 - - [04/Jun/2022:16:08:45 -0500] "GET /BLA/boletinlegal/images/arr_r.jpg HTTP/1.1" 200 1998
172.22.2.4 - - [04/Jun/2022:16:08:45 -0500] "GET /BLA/boletinlegal/images/footer_bg.jpg HTTP/1.1" 200 586
172.22.2.4 - - [04/Jun/2022:16:08:53 -0500] "GET /BLA/boletinlegal/images/pdf.gif HTTP/1.1" 200 567
172.22.2.4 - - [04/Jun/2022:16:08:56 -0500] "GET /BLA/boletinlegal/conceptos.php HTTP/1.1" 200 7443
172.22.2.4 - - [04/Jun/2022:16:08:56 -0500] "GET /BLA/boletinlegal/js/ajax_conceptos.js HTTP/1.1" 200 1326
172.22.2.4 - - [04/Jun/2022:16:08:56 -0500] "GET /BLA/boletinlegal/niceforms-default.css HTTP/1.1" 200 6694
172.22.2.4 - - [04/Jun/2022:16:08:56 -0500] "GET /BLA/boletinlegal/niceforms.js HTTP/1.1" 200 22876
172.22.2.4 - - [04/Jun/2022:16:08:56 -0500] "GET /BLA/boletinlegal/images/abajo.png HTTP/1.1" 200 96676
172.22.2.4 - - [04/Jun/2022:16:08:56 -0500] "GET /BLA/boletinlegal/images/tel.png HTTP/1.1" 200 14477
172.22.2.4 - - [04/Jun/2022:16:08:56 -0500] "GET /BLA/boletinlegal/images/icono-email.png HTTP/1.1" 200 5544
172.22.2.4 - - [04/Jun/2022:16:08:56 -0500] "GET /BLA/boletinlegal/images/footer_bg_l.jpg HTTP/1.1" 200 776
172.22.2.4 - - [04/Jun/2022:16:08:56 -0500] "GET /BLA/boletinlegal/img/0.png HTTP/1.1" 200 110
172.22.2.4 - - [04/Jun/2022:16:08:56 -0500] "GET /BLA/boletinlegal/img/select-left.png HTTP/1.1" 200 263
172.22.2.4 - - [04/Jun/2022:16:08:56 -0500] "GET /BLA/boletinlegal/img/select-right.png HTTP/1.1" 200 44019
172.22.2.4 - - [04/Jun/2022:16:08:56 -0500] "GET /BLA/boletinlegal/img/button-left.png HTTP/1.1" 200 57071
172.22.2.4 - - [04/Jun/2022:16:08:56 -0500] "GET /BLA/boletinlegal/img/button.png HTTP/1.1" 200 43241
172.22.2.4 - - [04/Jun/2022:16:08:56 -0500] "GET /BLA/boletinlegal/favicon.ico HTTP/1.1" 404 1334
172.22.2.4 - - [04/Jun/2022:16:08:56 -0500] "GET /BLA/boletinlegal/img/button-right.png HTTP/1.1" 200 57878
74.125.213.57 - - [04/Jun/2022:16:09:07 -0500] "GET /galeria/galeria/fotos/Soratama1G.jpg HTTP/1.1" 200 127762
190.249.19.242 - - [04/Jun/2022:16:09:11 -0500] "GET /dia-mundial-del-medio-ambiente-con-3-500-beneficiarias-comienza-la-segunda-fase-de-mujeres-que-reverdecen.html HTTP/1.1" 200 845
199.16.157.181 - - [04/Jun/2022:16:09:22 -0500] "GET /images/mujeres-reverdecen-4-junio.jpg HTTP/1.1" 200 59432
172.22.2.4 - - [04/Jun/2022:16:08:38 -0500] "GET /BLA/boletinlegal/ HTTP/1.1" 200 36811
186.155.74.105 - - [04/Jun/2022:16:09:55 -0500] "GET /dia-mundial-del-medio-ambiente-con-3-500-beneficiarias-comienza-la-segunda-fase-de-mujeres-que-reverdecen.html HTTP/1.1" 200 845
199.16.157.181 - - [04/Jun/2022:16:10:03 -0500] "GET /images/mujeres-reverdecen-4-junio.jpg HTTP/1.1" 200 59432
172.22.2.4 - - [04/Jun/2022:16:09:07 -0500] "GET /BLA/boletinlegal/index.php HTTP/1.1" 200 61408
216.245.221.92 - - [04/Jun/2022:16:10:59 -0500] "HEAD / HTTP/1.1" 200 -
199.16.157.181 - - [04/Jun/2022:16:11:25 -0500] "GET /images/mujeres-reverdecen-4-junio.jpg HTTP/1.1" 200 59432
213.186.1.249 - - [04/Jun/2022:16:11:25 -0500] "GET /dia-mundial-del-medio-ambiente-con-3-500-beneficiarias-comienza-la-segunda-fase-de-mujeres-que-reverdecen.html HTTP/1.1" 200 845
173.252.111.116 - - [04/Jun/2022:16:11:39 -0500] "GET /images/mujeres-reverdecen-4-junio.jpg HTTP/1.1" 200 59432
173.252.127.2 - - [04/Jun/2022:16:11:39 -0500] "GET /images/mujeres-reverdecen-4-junio.jpg HTTP/1.1" 200 59432
173.252.95.14 - - [04/Jun/2022:16:11:39 -0500] "GET /images/mujeres-reverdecen-4-junio.jpg HTTP/1.1" 200 59432
173.252.95.4 - - [04/Jun/2022:16:12:10 -0500] "GET /avanzamos-en-la-conservacion-del-rio-bogota-con-megaobras-reverdecer-educacion-ambiental-control-y-monitoreo-secretaria-de-ambiente.html HTTP/1.1" 206 939
181.53.4.184 - - [04/Jun/2022:16:12:13 -0500] "GET /dia-mundial-del-medio-ambiente-con-3-500-beneficiarias-comienza-la-segunda-fase-de-mujeres-que-reverdecen.html HTTP/1.1" 200 845
173.252.95.4 - - [04/Jun/2022:16:12:14 -0500] "GET /alcaldesa-claudia-lopez-presento-la-hoja-de-terminos-para-el-proceso-de-licitacion-de-la-planta-con-la-que-se-descontaminara-el-rio-bogota.html HTTP/1.1" 206 959
170.78.40.169 - - [04/Jun/2022:16:12:53 -0500] "GET /dia-mundial-del-medio-ambiente-con-3-500-beneficiarias-comienza-la-segunda-fase-de-mujeres-que-reverdecen.html HTTP/1.1" 200 845
173.252.79.6 - - [04/Jun/2022:16:13:06 -0500] "GET /images/jardines-verticales-plantas-24-mayo.jpg HTTP/1.1" 200 148288
173.252.95.9 - - [04/Jun/2022:16:13:14 -0500] "GET /images/mujeres-reverdecen-humedales-2-febrero.jpg HTTP/1.1" 200 47327
69.63.189.4 - - [04/Jun/2022:16:13:17 -0500] "GET /images/mujeres-reverdecen-humedales-2-febrero.jpg HTTP/1.1" 200 47327
172.22.2.4 - - [04/Jun/2022:16:11:52 -0500] "HEAD /BLA/boletinlegal/ HTTP/1.1" 200 -
199.16.157.182 - - [04/Jun/2022:16:13:38 -0500] "GET /images/mujeres-reverdecen-4-junio.jpg HTTP/1.1" 200 59432
173.252.95.10 - - [04/Jun/2022:16:13:43 -0500] "GET /una-mujer-que-trabaja-por-la-equidad-de-genero-y-la-proteccion-del-ambiente-asi-es-amanda-rodriguez.html HTTP/1.1" 206 935
172.22.2.4 - - [04/Jun/2022:16:12:42 -0500] "GET /BLA/boletinlegal/ HTTP/1.1" 200 60581
66.249.75.63 - - [04/Jun/2022:16:15:18 -0500] "-" 408 -
201.221.173.46 - - [04/Jun/2022:16:15:39 -0500] "GET /dia-mundial-del-medio-ambiente-con-3-500-beneficiarias-comienza-la-segunda-fase-de-mujeres-que-reverdecen.html HTTP/1.1" 200 845
199.16.157.180 - - [04/Jun/2022:16:15:41 -0500] "GET /images/mujeres-reverdecen-4-junio.jpg HTTP/1.1" 200 59432
216.245.221.92 - - [04/Jun/2022:16:15:59 -0500] "HEAD / HTTP/1.1" 200 -
199.16.157.182 - - [04/Jun/2022:16:16:06 -0500] "GET /images/mujeres-reverdecen-4-junio.jpg HTTP/1.1" 200 59432
181.53.12.69 - - [04/Jun/2022:16:16:10 -0500] "GET /dia-mundial-del-medio-ambiente-con-3-500-beneficiarias-comienza-la-segunda-fase-de-mujeres-que-reverdecen.html HTTP/1.1" 200 845
51.161.115.226 - - [04/Jun/2022:16:16:43 -0500] "GET /dia-mundial-del-medio-ambiente-con-3-500-beneficiarias-comienza-la-segunda-fase-de-mujeres-que-reverdecen.html HTTP/1.1" 200 845
158.69.27.213 - - [04/Jun/2022:16:16:43 -0500] "GET /semana-ambiental-500-arboles-plantados-en-el-humedal-el-burro.html HTTP/1.1" 200 768
181.53.13.228 - - [04/Jun/2022:16:16:45 -0500] "GET /dia-mundial-del-medio-ambiente-con-3-500-beneficiarias-comienza-la-segunda-fase-de-mujeres-que-reverdecen.html HTTP/1.1" 200 845
191.156.185.186 - - [04/Jun/2022:16:17:06 -0500] "GET /dia-mundial-del-medio-ambiente-con-3-500-beneficiarias-comienza-la-segunda-fase-de-mujeres-que-reverdecen.html HTTP/1.1" 200 845
186.154.178.87 - - [04/Jun/2022:16:17:39 -0500] "GET /semana-ambiental-500-arboles-plantados-en-el-humedal-el-burro.html HTTP/1.1" 200 768
199.16.157.183 - - [04/Jun/2022:16:17:41 -0500] "GET /images/mujeres-reverdecen-4-junio.jpg HTTP/1.1" 200 59432
191.156.136.130 - - [04/Jun/2022:16:18:23 -0500] "GET /dia-mundial-del-medio-ambiente-con-3-500-beneficiarias-comienza-la-segunda-fase-de-mujeres-que-reverdecen.html HTTP/1.1" 200 845
186.155.74.175 - - [04/Jun/2022:16:18:51 -0500] "GET /dia-mundial-del-medio-ambiente-con-3-500-beneficiarias-comienza-la-segunda-fase-de-mujeres-que-reverdecen.html HTTP/1.1" 200 845
172.22.2.4 - - [04/Jun/2022:16:17:42 -0500] "HEAD /BLA/boletinlegal/ HTTP/1.1" 200 -
199.16.157.181 - - [04/Jun/2022:16:19:43 -0500] "GET /images/mujeres-reverdecen-4-junio.jpg HTTP/1.1" 200 59432
172.22.2.4 - - [04/Jun/2022:16:18:33 -0500] "GET /BLA/boletinlegal/ HTTP/1.1" 200 58482
34.209.131.146 - - [04/Jun/2022:16:20:27 -0500] "GET /semana-ambiental-500-arboles-plantados-en-el-humedal-el-burro.html HTTP/1.1" 200 768
216.245.221.92 - - [04/Jun/2022:16:20:59 -0500] "HEAD / HTTP/1.1" 200 -
217.182.175.162 - - [04/Jun/2022:16:21:22 -0500] "HEAD /dia-mundial-del-medio-ambiente-con-3-500-beneficiarias-comienza-la-segunda-fase-de-mujeres-que-reverdecen.html HTTP/1.1" 200 -
190.24.99.71 - - [04/Jun/2022:16:21:29 -0500] "-" 408 -
186.155.74.202 - - [04/Jun/2022:16:21:37 -0500] "GET /dia-mundial-del-medio-ambiente-con-3-500-beneficiarias-comienza-la-segunda-fase-de-mujeres-que-reverdecen.html HTTP/1.1" 200 845
66.249.75.63 - - [04/Jun/2022:16:21:43 -0500] "-" 408 -
199.16.157.181 - - [04/Jun/2022:16:21:43 -0500] "GET /images/mujeres-reverdecen-4-junio.jpg HTTP/1.1" 200 59432
186.84.88.80 - - [04/Jun/2022:16:22:05 -0500] "GET /dia-mundial-del-medio-ambiente-con-3-500-beneficiarias-comienza-la-segunda-fase-de-mujeres-que-reverdecen.html HTTP/1.1" 200 845
181.63.132.231 - - [04/Jun/2022:16:22:16 -0500] "GET / HTTP/1.1" 200 4720
181.63.132.231 - - [04/Jun/2022:16:22:17 -0500] "GET /js/url.js HTTP/1.1" 404 1294
181.63.132.231 - - [04/Jun/2022:16:22:17 -0500] "GET /fonts/icomoon/style.css HTTP/1.1" 200 79820
181.63.132.231 - - [04/Jun/2022:16:22:17 -0500] "GET /css/bootstrap.min.css HTTP/1.1" 200 178212
181.63.132.231 - - [04/Jun/2022:16:22:17 -0500] "GET /css/style.css HTTP/1.1" 200 3473
181.63.132.231 - - [04/Jun/2022:16:22:17 -0500] "GET /favicon.ico HTTP/1.1" 404 1294
168.90.13.178 - - [04/Jun/2022:16:22:25 -0500] "GET /css/bootstrap.min.css HTTP/1.1" 200 178212
200.118.64.109 - - [04/Jun/2022:16:22:26 -0500] "GET /forms/frmservlet?config=sia HTTP/1.1" 200 4046
200.118.64.109 - - [04/Jun/2022:16:22:27 -0500] "GET /forms/frmservlet?config=sia HTTP/1.1" 200 4046
200.118.64.109 - - [04/Jun/2022:16:22:27 -0500] "GET /forms/java/oracle/forms/registry/Registry.dat HTTP/1.1" 200 4213
200.118.64.109 - - [04/Jun/2022:16:22:27 -0500] "GET /forms/java/oracle/forms/registry/default.dat HTTP/1.1" 404 350
200.118.64.109 - - [04/Jun/2022:16:22:27 -0500] "GET /forms/frmservlet?config=sia&acceptLanguage=en-us,en;q=0.5&ifcmd=startsession HTTP/1.1" 200 119
200.118.64.109 - - [04/Jun/2022:16:22:27 -0500] "GET /forms/lservlet;jsessionid=ac16012b30d6d461d341d7824b7f8814a12faccfff34.e3iSbxaKaheRe34OaN8QahmTbNz0n6jAmljGr5XDqQLvpAe?ifcmd=getinfo HTTP/1.1" 200 8
200.118.64.109 - - [04/Jun/2022:16:22:27 -0500] "POST /forms/lservlet;jsessionid=ac16012b30d6d461d341d7824b7f8814a12faccfff34.e3iSbxaKaheRe34OaN8QahmTbNz0n6jAmljGr5XDqQLvpAe HTTP/1.1" 200 8
200.118.64.109 - - [04/Jun/2022:16:22:28 -0500] "POST /forms/lservlet;jsessionid=ac16012b30d6d461d341d7824b7f8814a12faccfff34.e3iSbxaKaheRe34OaN8QahmTbNz0n6jAmljGr5XDqQLvpAe HTTP/1.1" 200 64000
200.118.64.109 - - [04/Jun/2022:16:22:29 -0500] "HEAD /imagenes/dama_logo.gif HTTP/1.1" 200 -
200.118.64.109 - - [04/Jun/2022:16:22:29 -0500] "POST /forms/lservlet;jsessionid=ac16012b30d6d461d341d7824b7f8814a12faccfff34.e3iSbxaKaheRe34OaN8QahmTbNz0n6jAmljGr5XDqQLvpAe HTTP/1.1" 200 64000
200.118.64.109 - - [04/Jun/2022:16:22:29 -0500] "POST /forms/lservlet;jsessionid=ac16012b30d6d461d341d7824b7f8814a12faccfff34.e3iSbxaKaheRe34OaN8QahmTbNz0n6jAmljGr5XDqQLvpAe HTTP/1.1" 200 63623
200.118.64.109 - - [04/Jun/2022:16:22:30 -0500] "POST /forms/lservlet;jsessionid=ac16012b30d6d461d341d7824b7f8814a12faccfff34.e3iSbxaKaheRe34OaN8QahmTbNz0n6jAmljGr5XDqQLvpAe HTTP/1.1" 200 2
200.118.64.109 - - [04/Jun/2022:16:22:45 -0500] "POST /forms/lservlet;jsessionid=ac16012b30d6d461d341d7824b7f8814a12faccfff34.e3iSbxaKaheRe34OaN8QahmTbNz0n6jAmljGr5XDqQLvpAe HTTP/1.1" 200 98
200.118.64.109 - - [04/Jun/2022:16:22:47 -0500] "POST /forms/lservlet;jsessionid=ac16012b30d6d461d341d7824b7f8814a12faccfff34.e3iSbxaKaheRe34OaN8QahmTbNz0n6jAmljGr5XDqQLvpAe HTTP/1.1" 200 7979
200.118.64.109 - - [04/Jun/2022:16:22:47 -0500] "POST /forms/lservlet;jsessionid=ac16012b30d6d461d341d7824b7f8814a12faccfff34.e3iSbxaKaheRe34OaN8QahmTbNz0n6jAmljGr5XDqQLvpAe HTTP/1.1" 200 64
200.118.64.109 - - [04/Jun/2022:16:22:50 -0500] "POST /forms/lservlet;jsessionid=ac16012b30d6d461d341d7824b7f8814a12faccfff34.e3iSbxaKaheRe34OaN8QahmTbNz0n6jAmljGr5XDqQLvpAe HTTP/1.1" 200 34713
200.118.64.109 - - [04/Jun/2022:16:22:50 -0500] "GET /imagenes/listval.gif HTTP/1.1" 200 905
200.118.64.109 - - [04/Jun/2022:16:22:50 -0500] "GET /imagenes/tree1.gif HTTP/1.1" 200 1161
200.118.64.109 - - [04/Jun/2022:16:22:51 -0500] "GET /imagenes/listval.gif HTTP/1.1" 200 905
200.118.64.109 - - [04/Jun/2022:16:22:51 -0500] "GET /imagenes/CAMERA3.gif HTTP/1.1" 200 4150
200.118.64.109 - - [04/Jun/2022:16:22:51 -0500] "GET /imagenes/SLIDE1.gif HTTP/1.1" 200 1111
200.118.64.109 - - [04/Jun/2022:16:22:51 -0500] "GET /imagenes/flexcomb.gif HTTP/1.1" 200 1169
200.118.64.109 - - [04/Jun/2022:16:22:51 -0500] "GET /imagenes/GO.gif HTTP/1.1" 200 904
200.118.64.109 - - [04/Jun/2022:16:22:51 -0500] "GET /imagenes/HRTOOLS.gif HTTP/1.1" 200 2238
200.118.64.109 - - [04/Jun/2022:16:22:51 -0500] "GET /imagenes/rt_rec1.gif HTTP/1.1" 200 867
200.118.64.109 - - [04/Jun/2022:16:22:51 -0500] "GET /imagenes/apply.gif HTTP/1.1" 200 903
200.118.64.109 - - [04/Jun/2022:16:22:51 -0500] "GET /imagenes/exit.gif HTTP/1.1" 200 916
200.118.64.109 - - [04/Jun/2022:16:22:51 -0500] "GET /imagenes/LISTVAL.gif HTTP/1.1" 200 905
200.118.64.109 - - [04/Jun/2022:16:22:51 -0500] "GET /imagenes/edit.gif HTTP/1.1" 200 919
200.118.64.109 - - [04/Jun/2022:16:22:51 -0500] "GET /imagenes/rt_rec4.gif HTTP/1.1" 200 865
200.118.64.109 - - [04/Jun/2022:16:22:51 -0500] "GET /imagenes/rt_rec3.gif HTTP/1.1" 200 844
200.118.64.109 - - [04/Jun/2022:16:22:51 -0500] "GET /imagenes/rt_rec2.gif HTTP/1.1" 200 847
200.118.64.109 - - [04/Jun/2022:16:22:51 -0500] "GET /imagenes/rt_rdel.gif HTTP/1.1" 200 899
200.118.64.109 - - [04/Jun/2022:16:22:51 -0500] "GET /imagenes/rt_radd.gif HTTP/1.1" 200 907
200.118.64.109 - - [04/Jun/2022:16:22:52 -0500] "GET /imagenes/rt_quer3.gif HTTP/1.1" 200 939
200.118.64.109 - - [04/Jun/2022:16:22:52 -0500] "GET /imagenes/rt_quer2.gif HTTP/1.1" 200 936
200.118.64.109 - - [04/Jun/2022:16:22:52 -0500] "GET /imagenes/rt_quer1.gif HTTP/1.1" 200 930
200.118.64.109 - - [04/Jun/2022:16:22:52 -0500] "GET /imagenes/rt_save.gif HTTP/1.1" 200 903
200.118.64.109 - - [04/Jun/2022:16:22:52 -0500] "GET /imagenes/rt_pset.gif HTTP/1.1" 200 914
200.118.64.109 - - [04/Jun/2022:16:22:52 -0500] "GET /imagenes/QUEJA.gif HTTP/1.1" 200 1091
200.118.64.109 - - [04/Jun/2022:16:22:52 -0500] "GET /imagenes/ARBOL.gif HTTP/1.1" 200 1026
200.118.64.109 - - [04/Jun/2022:16:22:52 -0500] "GET /imagenes/Clipboard.gif HTTP/1.1" 200 1466
200.118.64.109 - - [04/Jun/2022:16:22:52 -0500] "GET /imagenes/DINERO.gif HTTP/1.1" 200 1766
200.118.64.109 - - [04/Jun/2022:16:22:52 -0500] "GET /imagenes/URGENTE.gif HTTP/1.1" 200 964
200.118.64.109 - - [04/Jun/2022:16:22:52 -0500] "POST /forms/lservlet;jsessionid=ac16012b30d6d461d341d7824b7f8814a12faccfff34.e3iSbxaKaheRe34OaN8QahmTbNz0n6jAmljGr5XDqQLvpAe HTTP/1.1" 200 7
200.118.64.109 - - [04/Jun/2022:16:22:52 -0500] "POST /forms/lservlet;jsessionid=ac16012b30d6d461d341d7824b7f8814a12faccfff34.e3iSbxaKaheRe34OaN8QahmTbNz0n6jAmljGr5XDqQLvpAe HTTP/1.1" 200 34
200.118.64.109 - - [04/Jun/2022:16:22:52 -0500] "POST /forms/lservlet;jsessionid=ac16012b30d6d461d341d7824b7f8814a12faccfff34.e3iSbxaKaheRe34OaN8QahmTbNz0n6jAmljGr5XDqQLvpAe HTTP/1.1" 200 2
200.118.64.109 - - [04/Jun/2022:16:22:54 -0500] "POST /forms/lservlet;jsessionid=ac16012b30d6d461d341d7824b7f8814a12faccfff34.e3iSbxaKaheRe34OaN8QahmTbNz0n6jAmljGr5XDqQLvpAe HTTP/1.1" 200 2
200.118.64.109 - - [04/Jun/2022:16:22:54 -0500] "POST /forms/lservlet;jsessionid=ac16012b30d6d461d341d7824b7f8814a12faccfff34.e3iSbxaKaheRe34OaN8QahmTbNz0n6jAmljGr5XDqQLvpAe HTTP/1.1" 200 699
200.118.64.109 - - [04/Jun/2022:16:22:54 -0500] "GET /imagenes/Srch_frw.gif HTTP/1.1" 200 925
200.118.64.109 - - [04/Jun/2022:16:22:54 -0500] "POST /forms/lservlet;jsessionid=ac16012b30d6d461d341d7824b7f8814a12faccfff34.e3iSbxaKaheRe34OaN8QahmTbNz0n6jAmljGr5XDqQLvpAe HTTP/1.1" 200 10
201.245.192.253 - - [04/Jun/2022:16:22:06 -0500] "POST /kwsrmcab/Wsrmcab HTTP/1.1" 200 46952
200.118.64.109 - - [04/Jun/2022:16:22:56 -0500] "POST /forms/lservlet;jsessionid=ac16012b30d6d461d341d7824b7f8814a12faccfff34.e3iSbxaKaheRe34OaN8QahmTbNz0n6jAmljGr5XDqQLvpAe HTTP/1.1" 200 24
200.118.64.109 - - [04/Jun/2022:16:22:56 -0500] "POST /forms/lservlet;jsessionid=ac16012b30d6d461d341d7824b7f8814a12faccfff34.e3iSbxaKaheRe34OaN8QahmTbNz0n6jAmljGr5XDqQLvpAe HTTP/1.1" 200 14
200.118.64.109 - - [04/Jun/2022:16:22:57 -0500] "POST /forms/lservlet;jsessionid=ac16012b30d6d461d341d7824b7f8814a12faccfff34.e3iSbxaKaheRe34OaN8QahmTbNz0n6jAmljGr5XDqQLvpAe HTTP/1.1" 200 4648
200.118.64.109 - - [04/Jun/2022:16:22:58 -0500] "POST /forms/lservlet;jsessionid=ac16012b30d6d461d341d7824b7f8814a12faccfff34.e3iSbxaKaheRe34OaN8QahmTbNz0n6jAmljGr5XDqQLvpAe HTTP/1.1" 200 2
200.118.64.109 - - [04/Jun/2022:16:23:00 -0500] "POST /forms/lservlet;jsessionid=ac16012b30d6d461d341d7824b7f8814a12faccfff34.e3iSbxaKaheRe34OaN8QahmTbNz0n6jAmljGr5XDqQLvpAe HTTP/1.1" 200 2
200.118.64.109 - - [04/Jun/2022:16:23:00 -0500] "POST /forms/lservlet;jsessionid=ac16012b30d6d461d341d7824b7f8814a12faccfff34.e3iSbxaKaheRe34OaN8QahmTbNz0n6jAmljGr5XDqQLvpAe HTTP/1.1" 200 14
200.118.64.109 - - [04/Jun/2022:16:23:01 -0500] "POST /forms/lservlet;jsessionid=ac16012b30d6d461d341d7824b7f8814a12faccfff34.e3iSbxaKaheRe34OaN8QahmTbNz0n6jAmljGr5XDqQLvpAe HTTP/1.1" 200 14
200.118.64.109 - - [04/Jun/2022:16:23:02 -0500] "POST /forms/lservlet;jsessionid=ac16012b30d6d461d341d7824b7f8814a12faccfff34.e3iSbxaKaheRe34OaN8QahmTbNz0n6jAmljGr5XDqQLvpAe HTTP/1.1" 200 14
200.118.64.109 - - [04/Jun/2022:16:23:04 -0500] "POST /forms/lservlet;jsessionid=ac16012b30d6d461d341d7824b7f8814a12faccfff34.e3iSbxaKaheRe34OaN8QahmTbNz0n6jAmljGr5XDqQLvpAe HTTP/1.1" 200 78
200.118.64.109 - - [04/Jun/2022:16:23:04 -0500] "POST /forms/lservlet;jsessionid=ac16012b30d6d461d341d7824b7f8814a12faccfff34.e3iSbxaKaheRe34OaN8QahmTbNz0n6jAmljGr5XDqQLvpAe HTTP/1.1" 200 2
200.118.64.109 - - [04/Jun/2022:16:23:08 -0500] "POST /forms/lservlet;jsessionid=ac16012b30d6d461d341d7824b7f8814a12faccfff34.e3iSbxaKaheRe34OaN8QahmTbNz0n6jAmljGr5XDqQLvpAe HTTP/1.1" 200 2
200.118.64.109 - - [04/Jun/2022:16:23:08 -0500] "POST /forms/lservlet;jsessionid=ac16012b30d6d461d341d7824b7f8814a12faccfff34.e3iSbxaKaheRe34OaN8QahmTbNz0n6jAmljGr5XDqQLvpAe HTTP/1.1" 200 2
200.118.64.109 - - [04/Jun/2022:16:23:08 -0500] "POST /forms/lservlet;jsessionid=ac16012b30d6d461d341d7824b7f8814a12faccfff34.e3iSbxaKaheRe34OaN8QahmTbNz0n6jAmljGr5XDqQLvpAe HTTP/1.1" 200 17
200.118.64.109 - - [04/Jun/2022:16:23:09 -0500] "POST /forms/lservlet;jsessionid=ac16012b30d6d461d341d7824b7f8814a12faccfff34.e3iSbxaKaheRe34OaN8QahmTbNz0n6jAmljGr5XDqQLvpAe HTTP/1.1" 200 2027
200.118.64.109 - - [04/Jun/2022:16:23:09 -0500] "POST /forms/lservlet;jsessionid=ac16012b30d6d461d341d7824b7f8814a12faccfff34.e3iSbxaKaheRe34OaN8QahmTbNz0n6jAmljGr5XDqQLvpAe HTTP/1.1" 200 78
200.118.64.109 - - [04/Jun/2022:16:23:10 -0500] "POST /forms/lservlet;jsessionid=ac16012b30d6d461d341d7824b7f8814a12faccfff34.e3iSbxaKaheRe34OaN8QahmTbNz0n6jAmljGr5XDqQLvpAe HTTP/1.1" 200 86
200.118.64.109 - - [04/Jun/2022:16:23:10 -0500] "POST /forms/lservlet;jsessionid=ac16012b30d6d461d341d7824b7f8814a12faccfff34.e3iSbxaKaheRe34OaN8QahmTbNz0n6jAmljGr5XDqQLvpAe HTTP/1.1" 200 -
181.130.56.21 - - [04/Jun/2022:16:23:14 -0500] "GET /dia-mundial-del-medio-ambiente-con-3-500-beneficiarias-comienza-la-segunda-fase-de-mujeres-que-reverdecen.html HTTP/1.1" 200 845
40.77.167.79 - - [04/Jun/2022:16:23:24 -0500] "GET / HTTP/1.1" 200 319
168.90.13.178 - - [04/Jun/2022:16:23:35 -0500] "POST /procesar.php HTTP/1.1" 200 991
201.245.192.253 - - [04/Jun/2022:16:22:57 -0500] "POST /kwsrmcab/Wsrmcab HTTP/1.1" 200 47876
199.16.157.181 - - [04/Jun/2022:16:23:52 -0500] "GET /images/mujeres-reverdecen-4-junio.jpg HTTP/1.1" 200 59432
172.22.2.4 - - [04/Jun/2022:16:23:32 -0500] "HEAD /BLA/boletinlegal/ HTTP/1.1" 200 -
199.16.157.182 - - [04/Jun/2022:16:25:57 -0500] "GET /images/mujeres-reverdecen-4-junio.jpg HTTP/1.1" 200 59432
216.245.221.92 - - [04/Jun/2022:16:25:59 -0500] "HEAD / HTTP/1.1" 200 -
172.22.2.4 - - [04/Jun/2022:16:24:22 -0500] "GET /BLA/boletinlegal/ HTTP/1.1" 200 58482
186.28.79.14 - - [04/Jun/2022:16:26:18 -0500] "GET /dia-mundial-del-medio-ambiente-con-3-500-beneficiarias-comienza-la-segunda-fase-de-mujeres-que-reverdecen.html HTTP/1.1" 200 845
190.60.254.202 - - [04/Jun/2022:16:26:35 -0500] "GET /lluvias-y-vientos-aumentan-la-probabilidad-de-caida-de-arboles-en-bogota.html HTTP/1.1" 200 739
190.60.254.202 - - [04/Jun/2022:16:27:00 -0500] "GET /lluvias-y-vientos-aumentan-la-probabilidad-de-caida-de-arboles-en-bogota.html HTTP/1.1" 200 739
190.60.254.202 - - [04/Jun/2022:16:27:00 -0500] "GET /images/Temporada%20Lluvias%20arboles2.jpeg HTTP/1.1" 200 117524
190.130.93.34 - - [04/Jun/2022:16:27:07 -0500] "GET /lluvias-y-vientos-aumentan-la-probabilidad-de-caida-de-arboles-en-bogota.html HTTP/1.1" 200 739
35.240.26.48 - - [04/Jun/2022:16:27:32 -0500] "GET /dia-mundial-del-medio-ambiente-con-3-500-beneficiarias-comienza-la-segunda-fase-de-mujeres-que-reverdecen.html HTTP/1.1" 200 845
168.90.13.178 - - [04/Jun/2022:16:27:45 -0500] "GET /lluvias-y-vientos-aumentan-la-probabilidad-de-caida-de-arboles-en-bogota.html HTTP/1.1" 200 739
191.156.146.73 - - [04/Jun/2022:16:27:55 -0500] "GET /dia-mundial-del-medio-ambiente-con-3-500-beneficiarias-comienza-la-segunda-fase-de-mujeres-que-reverdecen.html HTTP/1.1" 206 845
191.156.146.73 - - [04/Jun/2022:16:27:55 -0500] "GET /images/mujeres-reverdecen-4-junio.jpg HTTP/1.1" 206 59432
191.156.152.128 - - [04/Jun/2022:16:27:59 -0500] "GET /dia-mundial-del-medio-ambiente-con-3-500-beneficiarias-comienza-la-segunda-fase-de-mujeres-que-reverdec HTTP/1.1" 404 1136
191.156.152.128 - - [04/Jun/2022:16:28:00 -0500] "GET /dia-mundial-del-medio-ambiente-con-3-500-beneficiarias-comienza-la-segunda-fase-de-mujeres-que-re HTTP/1.1" 404 1136
191.156.159.177 - - [04/Jun/2022:16:28:01 -0500] "GET /dia-mundial-del-medio-ambiente-con-3-500-beneficiarias-comienza-la-segunda-fase-de-mujeres- HTTP/1.1" 404 1136
191.156.154.237 - - [04/Jun/2022:16:28:01 -0500] "GET /dia-mundial-del-medio-ambiente-con-3-500-beneficiarias-comienza-la-segunda-fase- HTTP/1.1" 404 1136
191.156.147.218 - - [04/Jun/2022:16:28:01 -0500] "GET /dia-mundial-del-medio-ambiente-con-3-500-beneficiarias-comienza-la- HTTP/1.1" 404 1136
191.156.159.177 - - [04/Jun/2022:16:28:02 -0500] "GET /dia-mundial-del-medio-ambiente-con-3-500-beneficiarias- HTTP/1.1" 404 1136
191.156.146.20 - - [04/Jun/2022:16:28:02 -0500] "GET /dia-mundial-del-medio-ambiente-con-3- HTTP/1.1" 404 1136
191.156.146.73 - - [04/Jun/2022:16:28:02 -0500] "GET /dia-mundial-del-medio-ambiente- HTTP/1.1" 404 1136
191.156.146.20 - - [04/Jun/2022:16:28:03 -0500] "GET /dia-mundial-del- HTTP/1.1" 404 1136
191.156.150.139 - - [04/Jun/2022:16:28:03 -0500] "GET /dia- HTTP/1.1" 404 1136
199.16.157.181 - - [04/Jun/2022:16:28:10 -0500] "GET /images/mujeres-reverdecen-4-junio.jpg HTTP/1.1" 200 59432
186.86.32.16 - - [04/Jun/2022:16:28:37 -0500] "GET /dia-mundial-del-medio-ambiente-con-3-500-beneficiarias-comienza-la-segunda-fase-de-mujeres-que-reverdecen.html HTTP/1.1" 200 845
200.119.32.113 - - [04/Jun/2022:16:28:46 -0500] "GET /dia-mundial-del-medio-ambiente-con-3-500-beneficiarias-comienza-la-segunda-fase-de-mujeres-que-reverdecen.html HTTP/1.1" 200 845
168.90.13.178 - - [04/Jun/2022:16:29:17 -0500] "GET /lluvias-y-vientos-aumentan-la-probabilidad-de-caida-de-arboles-en-bogota.html HTTP/1.1" 200 739
199.59.150.183 - - [04/Jun/2022:16:29:26 -0500] "GET /images/mujeres-reverdecen-4-junio.jpg HTTP/1.1" 200 59432
66.249.75.63 - - [04/Jun/2022:16:30:16 -0500] "-" 408 -
186.84.91.88 - - [04/Jun/2022:16:30:29 -0500] "GET /semana-ambiental-500-arboles-plantados-en-el-humedal-el-burro.html HTTP/1.1" 200 768
190.84.12.8 - - [04/Jun/2022:16:30:50 -0500] "GET /dia-mundial-del-medio-ambiente-con-3-500-beneficiarias-comienza-la-segunda-fase-de-mujeres-que-reverdecen.html HTTP/1.1" 200 845
216.245.221.92 - - [04/Jun/2022:16:30:59 -0500] "HEAD / HTTP/1.1" 200 -
172.22.2.4 - - [04/Jun/2022:16:29:22 -0500] "HEAD /BLA/boletinlegal/ HTTP/1.1" 200 -
190.109.21.51 - - [04/Jun/2022:16:31:09 -0500] "GET /dia-mundial-del-medio-ambiente-con-3-500-beneficiarias-comienza-la-segunda-fase-de-mujeres-que-reverdecen.html HTTP/1.1" 200 845
172.22.2.4 - - [04/Jun/2022:16:31:13 -0500] "GET /BLA/boletinlegal/actos.php HTTP/1.1" 200 9559
172.22.2.4 - - [04/Jun/2022:16:31:35 -0500] "GET /BLA/boletinlegal/consulta_actos.php?tipo=autos&no=6569&usuario=&sector=&fecha=2010&resuelve= HTTP/1.1" 200 1029
190.159.20.62 - - [04/Jun/2022:16:31:45 -0500] "GET /BLA/resoluciones/AUTOS%202010/6569.pdf HTTP/1.1" 200 3585995
190.159.20.62 - - [04/Jun/2022:16:31:45 -0500] "GET /BLA/resoluciones/AUTOS%202010/6569.pdf HTTP/1.1" 200 3585995
190.159.20.62 - - [04/Jun/2022:16:31:46 -0500] "GET /BLA/resoluciones/AUTOS%202010/6569.pdf HTTP/1.1" 206 1025
190.159.20.62 - - [04/Jun/2022:16:31:48 -0500] "GET /BLA/resoluciones/AUTOS%202010/6569.pdf HTTP/1.1" 206 3072
172.22.2.4 - - [04/Jun/2022:16:30:12 -0500] "GET /BLA/boletinlegal/ HTTP/1.1" 200 56364
186.80.100.137 - - [04/Jun/2022:16:32:51 -0500] "GET /galeria/galeria/jquery.fancybox.css?v=2.1.5 HTTP/1.1" 200 4895
186.80.100.137 - - [04/Jun/2022:16:32:51 -0500] "GET /BLA/boletinlegal/js/jquery.scrollShow.js HTTP/1.1" 200 4586
186.80.100.137 - - [04/Jun/2022:16:32:51 -0500] "GET /galeria/galeria/jquery.fancybox.js?v=2.1.5 HTTP/1.1" 200 48706
172.22.2.4 - - [04/Jun/2022:16:31:11 -0500] "GET /BLA/boletinlegal/ HTTP/1.1" 200 59646
201.245.192.253 - - [04/Jun/2022:16:32:05 -0500] "POST /kwsrmcab/Wsrmcab HTTP/1.1" 200 46952
199.16.157.182 - - [04/Jun/2022:16:33:03 -0500] "GET /lluvias-y-vientos-aumentan-la-probabilidad-de-caida-de-arboles-en-bogota.html HTTP/1.1" 200 739
199.16.157.182 - - [04/Jun/2022:16:33:03 -0500] "GET /images/Temporada%20Lluvias%20arboles2.jpeg HTTP/1.1" 200 117524
199.16.157.182 - - [04/Jun/2022:16:33:03 -0500] "GET /images/Temporada%20Lluvias%20arboles2.jpeg HTTP/1.1" 200 117524
199.16.157.182 - - [04/Jun/2022:16:33:03 -0500] "GET /images/Temporada%20Lluvias%20arboles2.jpeg HTTP/1.1" 200 117524
199.16.157.183 - - [04/Jun/2022:16:33:04 -0500] "GET /images/Temporada%20Lluvias%20arboles2.jpeg HTTP/1.1" 200 117524
199.16.157.180 - - [04/Jun/2022:16:33:04 -0500] "GET /images/Temporada%20Lluvias%20arboles2.jpeg HTTP/1.1" 200 117524
199.16.157.181 - - [04/Jun/2022:16:33:06 -0500] "GET /lluvias-y-vientos-aumentan-la-probabilidad-de-caida-de-arboles-en-bogota.html HTTP/1.1" 200 739
199.16.157.180 - - [04/Jun/2022:16:33:06 -0500] "GET /images/Temporada%20Lluvias%20arboles2.jpeg HTTP/1.1" 200 117524
179.19.1.248 - - [04/Jun/2022:16:33:13 -0500] "GET /dia-mundial-del-medio-ambiente-con-3-500-beneficiarias-comienza-la-segunda-fase-de-mujeres-que-reverdecen.html HTTP/1.1" 200 845
199.16.157.182 - - [04/Jun/2022:16:33:14 -0500] "GET /lluvias-y-vientos-aumentan-la-probabilidad-de-caida-de-arboles-en-bogota.html HTTP/1.1" 200 739
199.16.157.182 - - [04/Jun/2022:16:33:14 -0500] "GET /images/Temporada%20Lluvias%20arboles2.jpeg HTTP/1.1" 200 117524
186.80.102.210 - - [04/Jun/2022:16:33:17 -0500] "GET /lluvias-y-vientos-aumentan-la-probabilidad-de-caida-de-arboles-en-bogota.html HTTP/1.1" 200 739
201.245.192.253 - - [04/Jun/2022:16:32:56 -0500] "POST /kwsrmcab/Wsrmcab HTTP/1.1" 200 47876
186.80.102.210 - - [04/Jun/2022:16:34:12 -0500] "GET /lluvias-y-vientos-aumentan-la-probabilidad-de-caida-de-arboles-en-bogota.html HTTP/1.1" 200 739
179.19.201.120 - - [04/Jun/2022:16:34:24 -0500] "GET /secretaria-de-ambiente-destaca-practicas-sostenibles-de-10-empresas-forestales.html HTTP/1.1" 304 -
186.80.102.210 - - [04/Jun/2022:16:35:03 -0500] "GET /lluvias-y-vientos-aumentan-la-probabilidad-de-caida-de-arboles-en-bogota.html HTTP/1.1" 200 739
168.90.13.178 - - [04/Jun/2022:16:35:04 -0500] "GET /lluvias-y-vientos-aumentan-la-probabilidad-de-caida-de-arboles-en-bogota.html HTTP/1.1" 304 -
200.118.64.109 - - [04/Jun/2022:16:35:41 -0500] "GET /forms/frmservlet?config=sia HTTP/1.1" 200 4046
200.118.64.109 - - [04/Jun/2022:16:35:41 -0500] "GET /favicon.ico HTTP/1.1" 200 7782
200.118.64.109 - - [04/Jun/2022:16:35:44 -0500] "GET /forms/frmservlet?config=sia HTTP/1.1" 200 4046
200.118.64.109 - - [04/Jun/2022:16:35:50 -0500] "GET /forms/java/frmall_jinit.jar HTTP/1.1" 304 -
200.118.64.109 - - [04/Jun/2022:16:35:50 -0500] "GET /forms/java/icons.jar HTTP/1.1" 304 -
200.118.64.109 - - [04/Jun/2022:16:35:50 -0500] "GET /forms/java/java/awt/KeyboardFocusManager.class HTTP/1.1" 404 352
200.118.64.109 - - [04/Jun/2022:16:35:51 -0500] "GET /forms/java/java/awt/event/MouseWheelListener.class HTTP/1.1" 404 356
200.118.64.109 - - [04/Jun/2022:16:35:54 -0500] "GET /forms/java/oracle/forms/registry/Registry.dat HTTP/1.1" 200 4213
200.118.64.109 - - [04/Jun/2022:16:35:54 -0500] "GET /forms/java/oracle/forms/registry/default.dat HTTP/1.1" 404 350
200.118.64.109 - - [04/Jun/2022:16:35:54 -0500] "GET /forms/frmservlet?config=sia&acceptLanguage=en-us,en;q=0.5&ifcmd=startsession HTTP/1.1" 200 119
200.118.64.109 - - [04/Jun/2022:16:35:54 -0500] "GET /forms/lservlet;jsessionid=ac16012b30d6d2f41fcbf7cc4464813eb32733275f8a.e3iSbxaKaheRe34OaN8QahmTbNz0n6jAmljGr5XDqQLvpAe?ifcmd=getinfo HTTP/1.1" 200 8
200.118.64.109 - - [04/Jun/2022:16:35:54 -0500] "POST /forms/lservlet;jsessionid=ac16012b30d6d2f41fcbf7cc4464813eb32733275f8a.e3iSbxaKaheRe34OaN8QahmTbNz0n6jAmljGr5XDqQLvpAe HTTP/1.1" 200 8
200.118.64.109 - - [04/Jun/2022:16:35:55 -0500] "GET /forms/java/oracle/forms/engine/RunformBundle_es_CO.class HTTP/1.1" 404 362
200.118.64.109 - - [04/Jun/2022:16:35:55 -0500] "GET /forms/java/oracle/forms/engine/RunformBundle_es_CO.properties HTTP/1.1" 404 367
200.118.64.109 - - [04/Jun/2022:16:35:56 -0500] "POST /forms/lservlet;jsessionid=ac16012b30d6d2f41fcbf7cc4464813eb32733275f8a.e3iSbxaKaheRe34OaN8QahmTbNz0n6jAmljGr5XDqQLvpAe HTTP/1.1" 200 64000
200.118.64.109 - - [04/Jun/2022:16:35:57 -0500] "POST /forms/lservlet;jsessionid=ac16012b30d6d2f41fcbf7cc4464813eb32733275f8a.e3iSbxaKaheRe34OaN8QahmTbNz0n6jAmljGr5XDqQLvpAe HTTP/1.1" 200 64000
200.118.64.109 - - [04/Jun/2022:16:35:57 -0500] "POST /forms/lservlet;jsessionid=ac16012b30d6d2f41fcbf7cc4464813eb32733275f8a.e3iSbxaKaheRe34OaN8QahmTbNz0n6jAmljGr5XDqQLvpAe HTTP/1.1" 200 63623
200.118.64.109 - - [04/Jun/2022:16:35:57 -0500] "HEAD /imagenes/dama_logo.gif HTTP/1.1" 200 -
200.118.64.109 - - [04/Jun/2022:16:35:57 -0500] "GET /imagenes/dama_logo.gif HTTP/1.1" 200 21482
200.118.64.109 - - [04/Jun/2022:16:35:58 -0500] "POST /forms/lservlet;jsessionid=ac16012b30d6d2f41fcbf7cc4464813eb32733275f8a.e3iSbxaKaheRe34OaN8QahmTbNz0n6jAmljGr5XDqQLvpAe HTTP/1.1" 200 2
200.118.64.109 - - [04/Jun/2022:16:35:58 -0500] "POST /forms/lservlet;jsessionid=ac16012b30d6d2f41fcbf7cc4464813eb32733275f8a.e3iSbxaKaheRe34OaN8QahmTbNz0n6jAmljGr5XDqQLvpAe HTTP/1.1" 200 2
216.245.221.92 - - [04/Jun/2022:16:35:59 -0500] "HEAD / HTTP/1.1" 200 -
40.77.167.23 - - [04/Jun/2022:16:36:04 -0500] "GET /BLA/resoluciones/RESOLUCIONES%202015/0932.pdf HTTP/1.1" 200 1281773
200.118.64.109 - - [04/Jun/2022:16:36:18 -0500] "POST /forms/lservlet;jsessionid=ac16012b30d6d2f41fcbf7cc4464813eb32733275f8a.e3iSbxaKaheRe34OaN8QahmTbNz0n6jAmljGr5XDqQLvpAe HTTP/1.1" 200 98
191.95.59.111 - - [04/Jun/2022:16:36:20 -0500] "GET /secretaria-de-ambiente-destaca-practicas-sostenibles-de-10-empresas-forestales.html HTTP/1.1" 200 812
200.118.64.109 - - [04/Jun/2022:16:36:20 -0500] "POST /forms/lservlet;jsessionid=ac16012b30d6d2f41fcbf7cc4464813eb32733275f8a.e3iSbxaKaheRe34OaN8QahmTbNz0n6jAmljGr5XDqQLvpAe HTTP/1.1" 200 7979
200.118.64.109 - - [04/Jun/2022:16:36:21 -0500] "POST /forms/lservlet;jsessionid=ac16012b30d6d2f41fcbf7cc4464813eb32733275f8a.e3iSbxaKaheRe34OaN8QahmTbNz0n6jAmljGr5XDqQLvpAe HTTP/1.1" 200 64
45.238.183.75 - - [04/Jun/2022:16:36:23 -0500] "GET /dia-mundial-del-medio-ambiente-con-3-500-beneficiarias-comienza-la-segunda-fase-de-mujeres-que-reverdecen.html HTTP/1.1" 200 845
200.118.64.109 - - [04/Jun/2022:16:36:25 -0500] "POST /forms/lservlet;jsessionid=ac16012b30d6d2f41fcbf7cc4464813eb32733275f8a.e3iSbxaKaheRe34OaN8QahmTbNz0n6jAmljGr5XDqQLvpAe HTTP/1.1" 200 34713
200.118.64.109 - - [04/Jun/2022:16:36:25 -0500] "GET /imagenes/listval.gif HTTP/1.1" 200 905
200.118.64.109 - - [04/Jun/2022:16:36:25 -0500] "GET /imagenes/tree1.gif HTTP/1.1" 200 1161
200.118.64.109 - - [04/Jun/2022:16:36:25 -0500] "GET /imagenes/listval.gif HTTP/1.1" 200 905
200.118.64.109 - - [04/Jun/2022:16:36:25 -0500] "GET /imagenes/CAMERA3.gif HTTP/1.1" 200 4150
200.118.64.109 - - [04/Jun/2022:16:36:25 -0500] "GET /imagenes/SLIDE1.gif HTTP/1.1" 200 1111
200.118.64.109 - - [04/Jun/2022:16:36:25 -0500] "GET /imagenes/flexcomb.gif HTTP/1.1" 200 1169
200.118.64.109 - - [04/Jun/2022:16:36:25 -0500] "GET /imagenes/GO.gif HTTP/1.1" 200 904
200.118.64.109 - - [04/Jun/2022:16:36:26 -0500] "GET /imagenes/HRTOOLS.gif HTTP/1.1" 200 2238
200.118.64.109 - - [04/Jun/2022:16:36:26 -0500] "GET /imagenes/rt_rec1.gif HTTP/1.1" 200 867
200.118.64.109 - - [04/Jun/2022:16:36:26 -0500] "GET /imagenes/apply.gif HTTP/1.1" 200 903
200.118.64.109 - - [04/Jun/2022:16:36:26 -0500] "GET /imagenes/exit.gif HTTP/1.1" 200 916
200.118.64.109 - - [04/Jun/2022:16:36:26 -0500] "GET /imagenes/LISTVAL.gif HTTP/1.1" 200 905
200.118.64.109 - - [04/Jun/2022:16:36:26 -0500] "GET /imagenes/edit.gif HTTP/1.1" 200 919
200.118.64.109 - - [04/Jun/2022:16:36:26 -0500] "GET /imagenes/rt_rec4.gif HTTP/1.1" 200 865
200.118.64.109 - - [04/Jun/2022:16:36:26 -0500] "GET /imagenes/rt_rec3.gif HTTP/1.1" 200 844
200.118.64.109 - - [04/Jun/2022:16:36:26 -0500] "GET /imagenes/rt_rec2.gif HTTP/1.1" 200 847
200.118.64.109 - - [04/Jun/2022:16:36:26 -0500] "GET /imagenes/rt_rdel.gif HTTP/1.1" 200 899
200.118.64.109 - - [04/Jun/2022:16:36:26 -0500] "GET /imagenes/rt_radd.gif HTTP/1.1" 200 907
200.118.64.109 - - [04/Jun/2022:16:36:26 -0500] "GET /imagenes/rt_quer3.gif HTTP/1.1" 200 939
200.118.64.109 - - [04/Jun/2022:16:36:26 -0500] "GET /imagenes/rt_quer2.gif HTTP/1.1" 200 936
200.118.64.109 - - [04/Jun/2022:16:36:26 -0500] "GET /imagenes/rt_quer1.gif HTTP/1.1" 200 930
200.118.64.109 - - [04/Jun/2022:16:36:26 -0500] "GET /imagenes/rt_save.gif HTTP/1.1" 200 903
200.118.64.109 - - [04/Jun/2022:16:36:26 -0500] "GET /imagenes/rt_pset.gif HTTP/1.1" 200 914
200.118.64.109 - - [04/Jun/2022:16:36:26 -0500] "GET /imagenes/QUEJA.gif HTTP/1.1" 200 1091
200.118.64.109 - - [04/Jun/2022:16:36:26 -0500] "GET /imagenes/ARBOL.gif HTTP/1.1" 200 1026
200.118.64.109 - - [04/Jun/2022:16:36:26 -0500] "GET /imagenes/Clipboard.gif HTTP/1.1" 200 1466
200.118.64.109 - - [04/Jun/2022:16:36:26 -0500] "GET /imagenes/DINERO.gif HTTP/1.1" 200 1766
200.118.64.109 - - [04/Jun/2022:16:36:26 -0500] "GET /imagenes/URGENTE.gif HTTP/1.1" 200 964
200.118.64.109 - - [04/Jun/2022:16:36:26 -0500] "GET /imagenes/TREE4.gif HTTP/1.1" 200 4150
200.118.64.109 - - [04/Jun/2022:16:36:27 -0500] "POST /forms/lservlet;jsessionid=ac16012b30d6d2f41fcbf7cc4464813eb32733275f8a.e3iSbxaKaheRe34OaN8QahmTbNz0n6jAmljGr5XDqQLvpAe HTTP/1.1" 200 7
200.118.64.109 - - [04/Jun/2022:16:36:27 -0500] "POST /forms/lservlet;jsessionid=ac16012b30d6d2f41fcbf7cc4464813eb32733275f8a.e3iSbxaKaheRe34OaN8QahmTbNz0n6jAmljGr5XDqQLvpAe HTTP/1.1" 200 34
200.118.64.109 - - [04/Jun/2022:16:36:27 -0500] "POST /forms/lservlet;jsessionid=ac16012b30d6d2f41fcbf7cc4464813eb32733275f8a.e3iSbxaKaheRe34OaN8QahmTbNz0n6jAmljGr5XDqQLvpAe HTTP/1.1" 200 2
200.118.64.109 - - [04/Jun/2022:16:36:28 -0500] "POST /forms/lservlet;jsessionid=ac16012b30d6d2f41fcbf7cc4464813eb32733275f8a.e3iSbxaKaheRe34OaN8QahmTbNz0n6jAmljGr5XDqQLvpAe HTTP/1.1" 200 2
200.118.64.109 - - [04/Jun/2022:16:36:29 -0500] "POST /forms/lservlet;jsessionid=ac16012b30d6d2f41fcbf7cc4464813eb32733275f8a.e3iSbxaKaheRe34OaN8QahmTbNz0n6jAmljGr5XDqQLvpAe HTTP/1.1" 200 699
200.118.64.109 - - [04/Jun/2022:16:36:29 -0500] "GET /imagenes/Srch_frw.gif HTTP/1.1" 200 925
200.118.64.109 - - [04/Jun/2022:16:36:29 -0500] "POST /forms/lservlet;jsessionid=ac16012b30d6d2f41fcbf7cc4464813eb32733275f8a.e3iSbxaKaheRe34OaN8QahmTbNz0n6jAmljGr5XDqQLvpAe HTTP/1.1" 200 10
200.118.64.109 - - [04/Jun/2022:16:36:30 -0500] "POST /forms/lservlet;jsessionid=ac16012b30d6d2f41fcbf7cc4464813eb32733275f8a.e3iSbxaKaheRe34OaN8QahmTbNz0n6jAmljGr5XDqQLvpAe HTTP/1.1" 200 24
200.118.64.109 - - [04/Jun/2022:16:36:31 -0500] "POST /forms/lservlet;jsessionid=ac16012b30d6d2f41fcbf7cc4464813eb32733275f8a.e3iSbxaKaheRe34OaN8QahmTbNz0n6jAmljGr5XDqQLvpAe HTTP/1.1" 200 14
200.118.64.109 - - [04/Jun/2022:16:36:32 -0500] "POST /forms/lservlet;jsessionid=ac16012b30d6d2f41fcbf7cc4464813eb32733275f8a.e3iSbxaKaheRe34OaN8QahmTbNz0n6jAmljGr5XDqQLvpAe HTTP/1.1" 200 4648
200.118.64.109 - - [04/Jun/2022:16:36:32 -0500] "POST /forms/lservlet;jsessionid=ac16012b30d6d2f41fcbf7cc4464813eb32733275f8a.e3iSbxaKaheRe34OaN8QahmTbNz0n6jAmljGr5XDqQLvpAe HTTP/1.1" 200 2
200.118.64.109 - - [04/Jun/2022:16:36:35 -0500] "POST /forms/lservlet;jsessionid=ac16012b30d6d2f41fcbf7cc4464813eb32733275f8a.e3iSbxaKaheRe34OaN8QahmTbNz0n6jAmljGr5XDqQLvpAe HTTP/1.1" 200 2
200.118.64.109 - - [04/Jun/2022:16:36:35 -0500] "POST /forms/lservlet;jsessionid=ac16012b30d6d2f41fcbf7cc4464813eb32733275f8a.e3iSbxaKaheRe34OaN8QahmTbNz0n6jAmljGr5XDqQLvpAe HTTP/1.1" 200 14
200.118.64.109 - - [04/Jun/2022:16:36:36 -0500] "POST /forms/lservlet;jsessionid=ac16012b30d6d2f41fcbf7cc4464813eb32733275f8a.e3iSbxaKaheRe34OaN8QahmTbNz0n6jAmljGr5XDqQLvpAe HTTP/1.1" 200 78
200.118.64.109 - - [04/Jun/2022:16:36:36 -0500] "POST /forms/lservlet;jsessionid=ac16012b30d6d2f41fcbf7cc4464813eb32733275f8a.e3iSbxaKaheRe34OaN8QahmTbNz0n6jAmljGr5XDqQLvpAe HTTP/1.1" 200 2
200.118.64.109 - - [04/Jun/2022:16:36:39 -0500] "POST /forms/lservlet;jsessionid=ac16012b30d6d2f41fcbf7cc4464813eb32733275f8a.e3iSbxaKaheRe34OaN8QahmTbNz0n6jAmljGr5XDqQLvpAe HTTP/1.1" 200 2027
200.118.64.109 - - [04/Jun/2022:16:36:39 -0500] "POST /forms/lservlet;jsessionid=ac16012b30d6d2f41fcbf7cc4464813eb32733275f8a.e3iSbxaKaheRe34OaN8QahmTbNz0n6jAmljGr5XDqQLvpAe HTTP/1.1" 200 78
200.118.64.109 - - [04/Jun/2022:16:36:40 -0500] "POST /forms/lservlet;jsessionid=ac16012b30d6d2f41fcbf7cc4464813eb32733275f8a.e3iSbxaKaheRe34OaN8QahmTbNz0n6jAmljGr5XDqQLvpAe HTTP/1.1" 200 86
191.156.150.139 - - [04/Jun/2022:16:36:40 -0500] "GET /dia-mundial-del-medio-ambiente-con-3-500-beneficiarias-comienza-la-segunda-fase-de-mujeres-que-reverdecen.html HTTP/1.1" 200 845
200.118.64.109 - - [04/Jun/2022:16:36:40 -0500] "POST /forms/lservlet;jsessionid=ac16012b30d6d2f41fcbf7cc4464813eb32733275f8a.e3iSbxaKaheRe34OaN8QahmTbNz0n6jAmljGr5XDqQLvpAe HTTP/1.1" 200 -
193.106.191.48 - - [04/Jun/2022:16:36:47 -0500] "GET /console/ HTTP/1.1" 404 1018
172.22.2.4 - - [04/Jun/2022:16:35:12 -0500] "HEAD /BLA/boletinlegal/ HTTP/1.1" 200 -
172.22.2.4 - - [04/Jun/2022:16:35:51 -0500] "GET /BLA/boletinlegal/ HTTP/1.1" 200 50694
172.22.2.4 - - [04/Jun/2022:16:36:02 -0500] "GET /BLA/boletinlegal/ HTTP/1.1" 200 51491
181.55.7.221 - - [04/Jun/2022:16:38:12 -0500] "GET /dia-mundial-del-medio-ambiente-con-3-500-beneficiarias-comienza-la-segunda-fase-de-mujeres-que-reverdecen.html HTTP/1.1" 200 845
35.204.36.241 - - [04/Jun/2022:16:38:39 -0500] "GET / HTTP/1.1" 200 319
172.22.2.4 - - [04/Jun/2022:16:39:39 -0500] "GET /BLA/boletinlegal/Circulares/2019/.pdf HTTP/1.1" 404 1218
108.174.8.23 - - [04/Jun/2022:16:39:49 -0500] "GET /distrito-entrego-certificado-de-reconocimiento-a-mas-de-600-mujeres-que-reverdecen-tras-seis-meses-de-formacion-teorica-y-practica.html HTTP/1.1" 206 1113
216.245.221.92 - - [04/Jun/2022:16:40:59 -0500] "HEAD / HTTP/1.1" 200 -
186.80.102.210 - - [04/Jun/2022:16:42:32 -0500] "GET /lluvias-y-vientos-aumentan-la-probabilidad-de-caida-de-arboles-en-bogota.html HTTP/1.1" 200 739
66.249.75.63 - - [04/Jun/2022:16:42:38 -0500] "-" 408 -
172.22.2.4 - - [04/Jun/2022:16:41:02 -0500] "HEAD /BLA/boletinlegal/ HTTP/1.1" 200 -
201.245.192.253 - - [04/Jun/2022:16:42:05 -0500] "POST /kwsrmcab/Wsrmcab HTTP/1.1" 200 46952
172.22.2.4 - - [04/Jun/2022:16:41:52 -0500] "GET /BLA/boletinlegal/ HTTP/1.1" 200 60973
201.245.192.253 - - [04/Jun/2022:16:42:56 -0500] "POST /kwsrmcab/Wsrmcab HTTP/1.1" 200 47876
168.90.13.178 - - [04/Jun/2022:16:43:52 -0500] "GET /lluvias-y-vientos-aumentan-la-probabilidad-de-caida-de-arboles-en-bogota.html HTTP/1.1" 304 -
191.156.148.190 - - [04/Jun/2022:16:44:19 -0500] "GET /dia-mundial-del-medio-ambiente-con-3-500-beneficiarias-comienza-la-segunda-fase-de-mujeres-que-reverdecen.html HTTP/1.1" 200 845
168.90.13.178 - - [04/Jun/2022:16:44:22 -0500] "POST /procesar.php HTTP/1.1" 200 831
181.53.14.38 - - [04/Jun/2022:16:44:44 -0500] "GET /dia-mundial-del-medio-ambiente-con-3-500-beneficiarias-comienza-la-segunda-fase-de-mujeres-que-reverdecen.html HTTP/1.1" 200 845
