!C99Shell v. 1.0 pre-release build #13!

Software: Apache. PHP/5.5.15 

uname -a: Windows NT SVR-DMZ 6.1 build 7600 (Windows Server 2008 R2 Enterprise Edition) i586 

SYSTEM 

Safe-mode: OFF (not secure)

E:\nuevo\apache\logs\   drwxrwxrwx
Free 9.41 GB of 239.26 GB (3.93%)
Detected drives: [ a ] [ c ] [ d ] [ e ] [ f ]
Home    Back    Forward    UPDIR    Refresh    Search    Buffer    Encoder    Tools    Proc.    FTP brute    Sec.    SQL    PHP-code    Update    Feedback    Self remove    Logout    


Viewing file:     access.2022.06.07.log (3.13 MB)      -rw-rw-rw-
Select action/file-type:
(+) | (+) | (+) | Code (+) | Session (+) | (+) | SDB (+) | (+) | (+) | (+) | (+) | (+) |
172.22.2.4 - - [06/Jun/2022:23:58:28 -0500] "GET /BLA/boletinlegal/ HTTP/1.1" 200 60973
186.145.69.255 - - [07/Jun/2022:00:00:45 -0500] "GET /BLA/resoluciones/ HTTP/1.1" 200 13093
186.145.69.255 - - [07/Jun/2022:00:00:53 -0500] "GET /BLA/resoluciones/index.php?dir=RESOLUCIONES+2017%2F HTTP/1.1" 200 279685
172.22.2.4 - - [07/Jun/2022:00:02:00 -0500] "GET /BLA/boletinlegal/consulta_actos.php?tipo=resoluciones&no=0138&usuario=&sector=&fecha=2017&resuelve= HTTP/1.1" 200 1064
157.55.39.43 - - [07/Jun/2022:00:02:16 -0500] "GET /galeria/galeria/fotos/3GuaymaralTorcaG3.jpg HTTP/1.1" 200 39105
186.145.69.255 - - [07/Jun/2022:00:03:05 -0500] "GET /BLA/resoluciones/ HTTP/1.1" 200 13093
186.145.69.255 - - [07/Jun/2022:00:03:08 -0500] "GET /BLA/resoluciones/index.php?dir=RESOLUCIONES+2017%2F HTTP/1.1" 200 279685
216.245.221.92 - - [07/Jun/2022:00:03:23 -0500] "HEAD / HTTP/1.1" 200 -
207.46.13.42 - - [07/Jun/2022:00:04:16 -0500] "GET /sipse/faces/javax.faces.resource/primefaces.js;jsessionid=xhqaisnapak+oqdkyfhv18o7.undefined?ln=primefaces&v=4.0 HTTP/1.1" 200 276924
190.27.21.66 - - [07/Jun/2022:00:04:24 -0500] "GET /sia/ HTTP/1.1" 200 2661
190.27.21.66 - - [07/Jun/2022:00:04:24 -0500] "GET /css/date_blue.css HTTP/1.1" 404 1254
190.27.21.66 - - [07/Jun/2022:00:04:24 -0500] "GET /css/fondos.css HTTP/1.1" 404 1254
190.27.21.66 - - [07/Jun/2022:00:04:24 -0500] "GET /css/textos.css HTTP/1.1" 404 1254
190.27.21.66 - - [07/Jun/2022:00:04:24 -0500] "GET /css/bordes.css HTTP/1.1" 404 1254
190.27.21.66 - - [07/Jun/2022:00:04:24 -0500] "GET /favicon.ico HTTP/1.1" 200 7782
172.22.2.4 - - [07/Jun/2022:00:03:27 -0500] "HEAD /BLA/boletinlegal/ HTTP/1.1" 200 -
172.22.2.4 - - [07/Jun/2022:00:04:18 -0500] "GET /BLA/boletinlegal/ HTTP/1.1" 200 58482
178.73.215.171 - - [07/Jun/2022:00:06:21 -0500] "GET / HTTP/1.0" 200 319
173.252.127.1 - - [07/Jun/2022:00:07:39 -0500] "GET /images/pieza-grafica-cronograma-rio-bog.jpg HTTP/1.1" 200 293470
216.245.221.92 - - [07/Jun/2022:00:08:23 -0500] "HEAD / HTTP/1.1" 200 -
172.22.2.4 - - [07/Jun/2022:00:09:17 -0500] "HEAD /BLA/boletinlegal/ HTTP/1.1" 200 -
172.22.2.4 - - [07/Jun/2022:00:11:33 -0500] "GET /BLA/boletinlegal/jurisprudencia/analisis/AnalisisT-606-15.docx HTTP/1.1" 200 26698
172.22.2.4 - - [07/Jun/2022:00:11:33 -0500] "GET /BLA/boletinlegal/images/screen_2.png HTTP/1.1" 304 -
172.22.2.4 - - [07/Jun/2022:00:11:34 -0500] "GET /BLA/boletinlegal/apple-touch-icon-120x120-precomposed.png HTTP/1.1" 404 1140
172.22.2.4 - - [07/Jun/2022:00:11:34 -0500] "GET /BLA/boletinlegal/apple-touch-icon-120x120.png HTTP/1.1" 404 1140
172.22.2.4 - - [07/Jun/2022:00:11:34 -0500] "GET /BLA/boletinlegal/apple-touch-icon-precomposed.png HTTP/1.1" 404 1140
172.22.2.4 - - [07/Jun/2022:00:11:34 -0500] "GET /BLA/boletinlegal/apple-touch-icon.png HTTP/1.1" 404 1140
172.22.2.4 - - [07/Jun/2022:00:11:34 -0500] "GET /BLA/boletinlegal/favicon.ico HTTP/1.1" 404 1140
172.22.2.4 - - [07/Jun/2022:00:11:34 -0500] "GET /BLA/boletinlegal/apple-touch-icon-120x120-precomposed.png HTTP/1.1" 404 1140
172.22.2.4 - - [07/Jun/2022:00:11:34 -0500] "GET /BLA/boletinlegal/apple-touch-icon-120x120.png HTTP/1.1" 404 1140
172.22.2.4 - - [07/Jun/2022:00:11:34 -0500] "GET /BLA/boletinlegal/apple-touch-icon-precomposed.png HTTP/1.1" 404 1140
172.22.2.4 - - [07/Jun/2022:00:11:34 -0500] "GET /BLA/boletinlegal/apple-touch-icon.png HTTP/1.1" 404 1140
172.22.2.4 - - [07/Jun/2022:00:11:35 -0500] "GET /BLA/boletinlegal/favicon.ico HTTP/1.1" 404 1140
172.22.2.4 - - [07/Jun/2022:00:10:08 -0500] "GET /BLA/boletinlegal/ HTTP/1.1" 200 60973
152.61.192.232 - - [07/Jun/2022:00:12:46 -0500] "GET / HTTP/1.1" 200 319
216.245.221.92 - - [07/Jun/2022:00:13:23 -0500] "HEAD / HTTP/1.1" 200 -
40.77.167.79 - - [07/Jun/2022:00:15:35 -0500] "GET /galeria/galeria/fotos/Huemdal-el-Tunjo4G.jpg HTTP/1.1" 200 327819
152.61.128.50 - - [07/Jun/2022:00:16:10 -0500] "GET / HTTP/1.1" 200 319
172.22.2.4 - - [07/Jun/2022:00:15:07 -0500] "HEAD /BLA/boletinlegal/ HTTP/1.1" 200 -
172.22.2.4 - - [07/Jun/2022:00:15:47 -0500] "GET /BLA/boletinlegal/ HTTP/1.1" 200 32715
172.22.2.4 - - [07/Jun/2022:00:15:58 -0500] "GET /BLA/boletinlegal/ HTTP/1.1" 200 53024
216.245.221.92 - - [07/Jun/2022:00:18:23 -0500] "HEAD / HTTP/1.1" 200 -
172.22.2.4 - - [07/Jun/2022:00:20:57 -0500] "HEAD /BLA/boletinlegal/ HTTP/1.1" 200 -
201.245.192.253 - - [07/Jun/2022:00:21:54 -0500] "POST /kwsrmcab/Wsrmcab HTTP/1.1" 200 47059
172.22.2.4 - - [07/Jun/2022:00:21:24 -0500] "GET /BLA/boletinlegal/index.php HTTP/1.1" 200 51078
172.22.2.4 - - [07/Jun/2022:00:23:13 -0500] "GET /BLA/boletinlegal/js/jquery.js HTTP/1.1" 200 57254
172.22.2.4 - - [07/Jun/2022:00:23:16 -0500] "GET /BLA/boletinlegal/js/jquery.scrollShow.js HTTP/1.1" 200 4586
172.22.2.4 - - [07/Jun/2022:00:23:19 -0500] "GET /BLA/boletinlegal/js/jquery.scrollTo-min.js HTTP/1.1" 200 1150
216.245.221.92 - - [07/Jun/2022:00:23:23 -0500] "HEAD / HTTP/1.1" 200 -
172.22.2.4 - - [07/Jun/2022:00:21:48 -0500] "GET /BLA/boletinlegal/ HTTP/1.1" 200 52557
201.245.192.253 - - [07/Jun/2022:00:22:46 -0500] "POST /kwsrmcab/Wsrmcab HTTP/1.1" 200 47388
173.252.107.9 - - [07/Jun/2022:00:25:33 -0500] "GET /san-benito-circular-una-apuesta-para-la-transformacion-sostenible-de-la-industria-manufacturera-en-bogota.html HTTP/1.1" 206 933
207.46.13.42 - - [07/Jun/2022:00:27:37 -0500] "GET /BLA/resoluciones/RESOLUCIONES%202000/2000%202850-2899.tif HTTP/1.1" 200 4291775
216.245.221.92 - - [07/Jun/2022:00:28:23 -0500] "HEAD / HTTP/1.1" 200 -
172.22.2.4 - - [07/Jun/2022:00:26:47 -0500] "HEAD /BLA/boletinlegal/ HTTP/1.1" 200 -
172.22.2.4 - - [07/Jun/2022:00:27:37 -0500] "GET /BLA/boletinlegal/ HTTP/1.1" 200 60973
69.171.231.4 - - [07/Jun/2022:00:31:04 -0500] "GET /images/pieza-mujeres-reverdecen-4-abril.jpg HTTP/1.1" 200 48916
69.171.231.116 - - [07/Jun/2022:00:31:07 -0500] "GET /images/feria-servicios-principal-24-marzo.jpg HTTP/1.1" 200 37032
69.171.231.116 - - [07/Jun/2022:00:31:07 -0500] "GET /images/negocios-verdes-emprendimientos-24-marzo.jpg HTTP/1.1" 200 54522
201.245.192.253 - - [07/Jun/2022:00:31:54 -0500] "POST /kwsrmcab/Wsrmcab HTTP/1.1" 200 47059
216.245.221.92 - - [07/Jun/2022:00:33:23 -0500] "HEAD / HTTP/1.1" 200 -
201.245.192.253 - - [07/Jun/2022:00:32:53 -0500] "POST /kwsrmcab/Wsrmcab HTTP/1.1" 200 47388
172.22.2.4 - - [07/Jun/2022:00:32:37 -0500] "HEAD /BLA/boletinlegal/ HTTP/1.1" 200 -
172.22.2.4 - - [07/Jun/2022:00:33:27 -0500] "GET /BLA/boletinlegal/ HTTP/1.1" 200 58029
66.249.65.15 - - [07/Jun/2022:00:37:01 -0500] "-" 408 -
216.245.221.92 - - [07/Jun/2022:00:38:23 -0500] "HEAD / HTTP/1.1" 200 -
173.252.83.1 - - [07/Jun/2022:00:38:33 -0500] "GET /secretaria-de-ambiente-destaca-practicas-sostenibles-de-10-empresas-forestales.html HTTP/1.1" 206 812
172.22.2.4 - - [07/Jun/2022:00:38:27 -0500] "HEAD /BLA/boletinlegal/ HTTP/1.1" 200 -
172.22.2.4 - - [07/Jun/2022:00:39:17 -0500] "GET /BLA/boletinlegal/ HTTP/1.1" 200 58029
201.245.192.253 - - [07/Jun/2022:00:41:54 -0500] "POST /kwsrmcab/Wsrmcab HTTP/1.1" 200 47059
216.245.221.92 - - [07/Jun/2022:00:43:23 -0500] "HEAD / HTTP/1.1" 200 -
201.245.192.253 - - [07/Jun/2022:00:42:46 -0500] "POST /kwsrmcab/Wsrmcab HTTP/1.1" 200 47388
66.249.65.13 - - [07/Jun/2022:00:43:41 -0500] "-" 408 -
115.56.177.203 - - [07/Jun/2022:00:45:30 -0500] "GET /boaform/admin/formLogin?username=ec8&psd=ec8 HTTP/1.0" 404 1019
172.22.2.4 - - [07/Jun/2022:00:44:17 -0500] "HEAD /BLA/boletinlegal/ HTTP/1.1" 200 -
172.22.2.4 - - [07/Jun/2022:00:45:08 -0500] "GET /BLA/boletinlegal/ HTTP/1.1" 200 57156
172.22.2.4 - - [07/Jun/2022:00:46:54 -0500] "GET /BLA/boletinlegal/jurisprudencia/analisis/analisis%20sentencia%20C-1007-2011-1.doc HTTP/1.1" 304 -
216.245.221.92 - - [07/Jun/2022:00:48:23 -0500] "HEAD / HTTP/1.1" 200 -
173.252.107.116 - - [07/Jun/2022:00:48:24 -0500] "GET /plan-de-accion-climatica-pac-de-bogota-aporta-en-cerca-del-90-al-cumplimiento-de-las-acciones-del-acuerdo-de-emergencia-climatica.html HTTP/1.1" 206 1069
207.46.13.67 - - [07/Jun/2022:00:49:06 -0500] "GET /garza-azul-nueva-ave-registrada-en-el-humedal-el-burro.html HTTP/1.1" 200 890
199.16.157.181 - - [07/Jun/2022:00:50:26 -0500] "GET /images/eficiencia-energetica-11-marzo.jpg HTTP/1.1" 200 46478
199.59.150.181 - - [07/Jun/2022:00:50:27 -0500] "GET /images/eficiencia-energetica-11-marzo.jpg HTTP/1.1" 200 46478
172.22.2.4 - - [07/Jun/2022:00:50:59 -0500] "GET /BLA/boletinlegal/jurisprudencia/analisis/AnalisisT-606-15.docx HTTP/1.1" 200 26698
172.22.2.4 - - [07/Jun/2022:00:51:00 -0500] "GET /BLA/boletinlegal/apple-touch-icon-120x120-precomposed.png HTTP/1.1" 404 1140
172.22.2.4 - - [07/Jun/2022:00:51:00 -0500] "GET /BLA/boletinlegal/apple-touch-icon-120x120.png HTTP/1.1" 404 1140
172.22.2.4 - - [07/Jun/2022:00:51:00 -0500] "GET /BLA/boletinlegal/apple-touch-icon-precomposed.png HTTP/1.1" 404 1140
172.22.2.4 - - [07/Jun/2022:00:51:00 -0500] "GET /BLA/boletinlegal/apple-touch-icon.png HTTP/1.1" 404 1140
172.22.2.4 - - [07/Jun/2022:00:51:00 -0500] "GET /BLA/boletinlegal/favicon.ico HTTP/1.1" 404 1140
172.22.2.4 - - [07/Jun/2022:00:51:00 -0500] "GET /BLA/boletinlegal/apple-touch-icon-120x120-precomposed.png HTTP/1.1" 404 1140
172.22.2.4 - - [07/Jun/2022:00:51:00 -0500] "GET /BLA/boletinlegal/apple-touch-icon-120x120.png HTTP/1.1" 404 1140
172.22.2.4 - - [07/Jun/2022:00:51:00 -0500] "GET /BLA/boletinlegal/apple-touch-icon-precomposed.png HTTP/1.1" 404 1140
172.22.2.4 - - [07/Jun/2022:00:51:00 -0500] "GET /BLA/boletinlegal/apple-touch-icon.png HTTP/1.1" 404 1140
172.22.2.4 - - [07/Jun/2022:00:51:00 -0500] "GET /BLA/boletinlegal/favicon.ico HTTP/1.1" 404 1140
66.249.65.13 - - [07/Jun/2022:00:51:05 -0500] "-" 408 -
172.22.2.4 - - [07/Jun/2022:00:50:07 -0500] "HEAD /BLA/boletinlegal/ HTTP/1.1" 200 -
172.22.2.4 - - [07/Jun/2022:00:50:58 -0500] "GET /BLA/boletinlegal/ HTTP/1.1" 200 60973
216.245.221.92 - - [07/Jun/2022:00:53:23 -0500] "HEAD / HTTP/1.1" 200 -
207.46.13.42 - - [07/Jun/2022:00:55:50 -0500] "GET /BLA/resoluciones/AUTOS%202021/0499.pdf HTTP/1.1" 200 715582
152.61.192.232 - - [07/Jun/2022:00:56:53 -0500] "GET /arcgis/services/Calidad_del_Agua_WQI/MapServer/WMSServer?request=GetCapabilities&service=WMS HTTP/1.1" 503 1020
152.61.192.232 - - [07/Jun/2022:00:56:54 -0500] "GET /arcgis/services/Calidad_del_Agua_WQI/MapServer/WMSServer?SERVICE=WMS&REQUEST=GetCapabilities HTTP/1.1" 503 1020
152.61.192.232 - - [07/Jun/2022:00:56:54 -0500] "GET /arcgis/services/Calidad_del_Agua_WQI/MapServer/WMSServer?WMTVER=1.0.0&REQUEST=capabilities HTTP/1.1" 503 1020
172.22.2.4 - - [07/Jun/2022:00:55:57 -0500] "HEAD /BLA/boletinlegal/ HTTP/1.1" 200 -
216.245.221.92 - - [07/Jun/2022:00:58:23 -0500] "HEAD / HTTP/1.1" 200 -
172.22.2.4 - - [07/Jun/2022:00:56:48 -0500] "GET /BLA/boletinlegal/ HTTP/1.1" 200 60973
216.245.221.92 - - [07/Jun/2022:01:03:23 -0500] "HEAD / HTTP/1.1" 200 -
172.22.2.4 - - [07/Jun/2022:01:01:47 -0500] "HEAD /BLA/boletinlegal/ HTTP/1.1" 200 -
172.22.2.4 - - [07/Jun/2022:01:02:37 -0500] "GET /BLA/boletinlegal/ HTTP/1.1" 200 58029
157.55.39.8 - - [07/Jun/2022:01:06:10 -0500] "GET /BLA/resoluciones/RESOLUCIONES%202000/2000%20650-699.tif HTTP/1.1" 200 6223095
152.61.128.50 - - [07/Jun/2022:01:06:46 -0500] "GET /arcgis/services/Calidad_del_Agua_WQI/MapServer/WMSServer?request=GetCapabilities&service=WMS HTTP/1.1" 503 1020
152.61.128.50 - - [07/Jun/2022:01:06:47 -0500] "GET /arcgis/services/Calidad_del_Agua_WQI/MapServer/WMSServer?SERVICE=WMS&REQUEST=GetCapabilities HTTP/1.1" 503 1020
152.61.128.50 - - [07/Jun/2022:01:06:47 -0500] "GET /arcgis/services/Calidad_del_Agua_WQI/MapServer/WMSServer?WMTVER=1.0.0&REQUEST=capabilities HTTP/1.1" 503 1020
216.245.221.92 - - [07/Jun/2022:01:08:23 -0500] "HEAD / HTTP/1.1" 200 -
172.22.2.4 - - [07/Jun/2022:01:07:37 -0500] "HEAD /BLA/boletinlegal/ HTTP/1.1" 200 -
172.22.2.4 - - [07/Jun/2022:01:08:27 -0500] "GET /BLA/boletinlegal/ HTTP/1.1" 200 58029
191.108.29.79 - - [07/Jun/2022:01:10:05 -0500] "GET /kwssiamovil/sm/ldap/au?x=U2FsdGVkX19eqJMNQSYJszz4Zkym06A2+R6jjybe2LzEw8W40/JwOX/VeY0zbrfFyUbkhiBDWRQYpjHNrUqEsg==&y=U2FsdGVkX1+v78+A3LUCuwFP5o2B81EzO4Eq/Jn8MToS7NLwsuFRatbc3cx2wh9j HTTP/1.1" 200 31
191.108.29.79 - - [07/Jun/2022:01:10:12 -0500] "GET /kwssiamovil/sm/ldap/au?x=U2FsdGVkX19+xBqAk0EEimoRWvgzWPwiqKRr1g365+wRvVN6+N+VBlLn+MMkV6QDozi8lCssYCaIf+oQaOVNyg==&y=U2FsdGVkX1+6+rvDTJqO62mewxEcZKT1ceyFzjJhl+MkXOonQcfDofR4h7bg0icJ HTTP/1.1" 200 31
191.108.29.79 - - [07/Jun/2022:01:10:14 -0500] "GET /kwssiamovil/sm/ldap/au?x=U2FsdGVkX1/zryC99SGeGYtY5TgGWZdI0gvXo0PJ7We9sBKJ+QgjdckPpsnKnqCwNXxl5iNy91ixQPHZPvx0zg==&y=U2FsdGVkX18VjqI1y9sR8Vxy9aaxsz3p8s1SMb0q+85ITXuD7IIcYWFP2KIkHWiA HTTP/1.1" 200 31
191.108.29.79 - - [07/Jun/2022:01:10:14 -0500] "GET /kwssiamovil/sm/ldap/au?x=U2FsdGVkX187at1UFkFPTBe9s3QFUhT3uPTIHwlIhAiJiH7l25m/e4dXRXBM6SHwenIZYbTibrKhS9yyaPDZcA==&y=U2FsdGVkX1/983PfK3l8cL247lVAsZSBsr4hsW+HvOKpWrVWEfGWQph5YRG2XOxL HTTP/1.1" 200 31
191.108.29.79 - - [07/Jun/2022:01:10:14 -0500] "GET /kwssiamovil/sm/ldap/au?x=U2FsdGVkX1++Upitua/5NyLjteLROnFBe7iQxDYlxiLXWNpbn8jtD5LPDbeDSEpkDCBxGas5ImHCJGhImJ80Mg==&y=U2FsdGVkX1+b2ksGYVq832uWez1CCg6m/LLCxRDhqffN6UaA96QPbrObPhoUTUFl HTTP/1.1" 200 31
191.108.29.79 - - [07/Jun/2022:01:10:14 -0500] "GET /kwssiamovil/sm/ldap/au?x=U2FsdGVkX1/onHMkpih9oJLqOL5R0WG+blgT74F/p0TCxK0zLIPBS0h6hd3ishJEyGQeFzJ9T8urPMaomtk5Bw==&y=U2FsdGVkX1+n3OZyjSMobYCQd5hn92fMcQdkhqEu41H58FDoec1WSXyN7I62bWpr HTTP/1.1" 200 31
216.245.221.92 - - [07/Jun/2022:01:13:23 -0500] "HEAD / HTTP/1.1" 200 -
205.169.39.127 - - [07/Jun/2022:01:14:27 -0500] "GET /BLA/resoluciones/RESOLUCIONES%202013/1112.pdf HTTP/1.1" 200 1413984
172.22.2.4 - - [07/Jun/2022:01:14:30 -0500] "GET /BLA/boletinlegal/remote/login HTTP/1.1" 404 1018
207.46.13.67 - - [07/Jun/2022:01:14:38 -0500] "GET /portaldeninos/wp-content/uploads/2020/11/Torca-Guaymaral-B-1024x576.jpg HTTP/1.1" 503 1037
172.22.2.4 - - [07/Jun/2022:01:13:27 -0500] "HEAD /BLA/boletinlegal/ HTTP/1.1" 200 -
207.46.13.42 - - [07/Jun/2022:01:15:34 -0500] "GET /BLA/resoluciones/AUTOS%202021/1841.pdf HTTP/1.1" 304 -
172.22.2.4 - - [07/Jun/2022:01:15:57 -0500] "GET /BLA/boletinlegal/Directivas/2016/Directiva%20No.%2002%20del%2019%20de%20Abril%20de%202016.pdf HTTP/1.1" 200 11898321
172.22.2.4 - - [07/Jun/2022:01:14:17 -0500] "GET /BLA/boletinlegal/ HTTP/1.1" 200 58482
191.108.29.79 - - [07/Jun/2022:01:14:40 -0500] "GET /kwssiamovil/sm/ldap/au?x=U2FsdGVkX1+lRdZLM2WJnYaORw0G+8KA1gBmTGk3dPJfXqhFg/+6TamWilkyC1fqesCZmUAWl8smivwvUogc7w==&y=U2FsdGVkX19mvnq5/yw3nu2LKQIbX26zSa4HrIJf1BcFFWuheo3mb4weraAwzfwG HTTP/1.1" 200 31
191.108.29.79 - - [07/Jun/2022:01:14:43 -0500] "GET /kwssiamovil/sm/ldap/au?x=U2FsdGVkX19YXopBj9+r/pNiECD/vCHnLsBugUrJysh9UM1OkJ6ChFWalcBpaKdxR4BC2FlqQhXFh9RJQJPafQ==&y=U2FsdGVkX18ji/A81DwNm3w+YzCHt2Gjvne04M0xhd/+5CwisQ91JbtCKU6ckAIN HTTP/1.1" 200 31
191.108.29.79 - - [07/Jun/2022:01:14:44 -0500] "GET /kwssiamovil/sm/ldap/au?x=U2FsdGVkX1++SidRMgIaPaawWXzL9UTXubXYVCSXVYCozAVdR7H/H3A0L9kilAPY1DbX4UgvNJqg2aRuxR6kJA==&y=U2FsdGVkX1/FGVv7vnpsDHyKq6uFYS/0W4CwyWEaI10St9nLJhTQ3AyzeI9GC2yl HTTP/1.1" 200 31
191.108.29.79 - - [07/Jun/2022:01:14:45 -0500] "GET /kwssiamovil/sm/ldap/au?x=U2FsdGVkX195bctSH9PaHp8ThS4H/avKOZ0HQnmN24HWNdXN/d0NEAaropSR+eXDm7zw7vWY3hTg5wp0gYhJlA==&y=U2FsdGVkX19OR0U36dyYAPK814Y5D0GpghnJXj7DGQoTqk615QVWqoNJada7Kev2 HTTP/1.1" 200 31
191.108.29.79 - - [07/Jun/2022:01:14:46 -0500] "GET /kwssiamovil/sm/ldap/au?x=U2FsdGVkX185LkckMoNvBugQFuW1MZB85bizUk6KSWziZR4A+OxLRXMIX3C88CJWLoCFFnnYI1AnbjyHu6AUQw==&y=U2FsdGVkX1+IHJLk5gWGxsl57dzcPLEbpXJuRKxgjDkoD8TfMsKnmvlWJQQ9OjkR HTTP/1.1" 200 31
191.108.29.79 - - [07/Jun/2022:01:14:46 -0500] "GET /kwssiamovil/sm/ldap/au?x=U2FsdGVkX19f28vgv3ddIC8A6V754G3SG0UgVvri2iECsTmsgM/Sqa+M+Yx/q1f/FR2cXhzPpHyggvDuoJf5UA==&y=U2FsdGVkX1/Y0PPm5/ZtNAYbyYgewyLYrA2QARQ6ShcNRco9SnnIX8E5l9fQK91o HTTP/1.1" 200 31
216.245.221.92 - - [07/Jun/2022:01:18:23 -0500] "HEAD / HTTP/1.1" 200 -
191.108.29.79 - - [07/Jun/2022:01:16:49 -0500] "GET /kwssiamovil/sm/ldap/au?x=U2FsdGVkX1+Ct3bL1V9eAp49I4lHCGqPe1Slajsbjbm7/9BdL3gIA4ADo7aODflXZNXu0qDUux5tdw8jddtdkQ==&y=U2FsdGVkX1/v3Edjzre6sBXZKHodNZCBuOL8rTKr1w4O9V3M/jX2RzlKpRuXWoJ1 HTTP/1.1" 200 31
191.108.29.79 - - [07/Jun/2022:01:16:51 -0500] "GET /kwssiamovil/sm/ldap/au?x=U2FsdGVkX1+v71Q++6qhA5Rsc/nVHW/S+9ZMeJFaOQrCyEGEjJnGrThGlVIEIdi0iM43UKjPhtD+s0bweoHaoA==&y=U2FsdGVkX1+NRSbx5kXFiFyCmMA8coDd1c8lmR+NgwsYP4VmdgHdkM3SvAg9Qm9n HTTP/1.1" 200 31
191.108.29.79 - - [07/Jun/2022:01:16:52 -0500] "GET /kwssiamovil/sm/ldap/au?x=U2FsdGVkX188lIo5Urk6AKuH9aBiDAu9ao526MbEMLHW1O/bx8LsrafXDFMH3lA8KKvdMqMBaru5HODK809l6w==&y=U2FsdGVkX1+mQJwXeIkxxp2rvBaDliqKhmZMTPH46jU0wtfJZEDdllczLZufZlwd HTTP/1.1" 200 31
191.108.29.79 - - [07/Jun/2022:01:16:53 -0500] "GET /kwssiamovil/sm/ldap/au?x=U2FsdGVkX19FB5ArfQ/cZf+vNE5FSpWvSf6uLgGetjs+iBgxP4Wjm1AI+EE8qN3xOij8ilzhLSUzRULsvQi95w==&y=U2FsdGVkX183Zlz+tABGF0MBNZipH1+FCleLu3kcufHfjg2MhXgrJGxKv1exU23G HTTP/1.1" 200 31
191.108.29.79 - - [07/Jun/2022:01:16:53 -0500] "GET /kwssiamovil/sm/ldap/au?x=U2FsdGVkX18SUi/GHYPMh/UlT59JiJznXGJ1rNiu5iQP04uxvObV/AgYrUvtuWARHXl29eFuvkSjUVYNA9M5OQ==&y=U2FsdGVkX19uznFtNwx/8UL3AkT48ipSHYhFuMZvS9tKo5OVhCfBLhwBTUfn+CQe HTTP/1.1" 200 31
191.108.29.79 - - [07/Jun/2022:01:16:55 -0500] "GET /kwssiamovil/sm/ldap/au?x=U2FsdGVkX1/zEolAuCoiW8fZ1ge6dvbDZhzzh+3Lt8ZtyBXkzekGv9GRKuHQ+iopcgeZsDrRmViMZFNsUGeL6w==&y=U2FsdGVkX1+KwpE47VW/kvJYybmp0yeRWqKEr2jUpOwWVy9ROiEMLTqKr4Wy2r6B HTTP/1.1" 200 31
191.108.29.79 - - [07/Jun/2022:01:17:34 -0500] "GET /kwssiamovil/sm/ldap/au?x=U2FsdGVkX1+SZSgHeNJiirWpv3iv5/1rkiG1x4nrU72o6dOjDVAOwZJ9Aoxsj5swboYbVa3+IBCtCwcKFcB+tw==&y=U2FsdGVkX1+7v4Youv0jwyiZe+frW5D96afacCWF8P9hsrwBrnpMYWelzlO+zS86 HTTP/1.1" 200 31
191.108.29.79 - - [07/Jun/2022:01:17:44 -0500] "GET /kwssiamovil/sm/ldap/au?x=U2FsdGVkX1+HGCT8B7+nXj2x36YXvaJSWYBWWmfmORtc0WXUok7zUcdEDX/qZqbQ3Q0vds01dz1t5r/2PCHYQA==&y=U2FsdGVkX184Nw3C6Fd9tleYGLkAyCNMwWOHG4dHrQ+7wq9zwqxK4Z4YrD42ygTV HTTP/1.1" 200 31
191.108.29.79 - - [07/Jun/2022:01:17:43 -0500] "GET /kwssiamovil/sm/ldap/au?x=U2FsdGVkX1+e3/rKSDMwFDJeUTkHnUGjql6Nn01eprHgTxKe/Bps39jK3FqIrAuYIpfD/CMWilh33gHH0b4cYw==&y=U2FsdGVkX18ashVkMwn+itvdGuou2oh3E695mw6jjTwmYWqaIPPMDO6+vOc9CRO9 HTTP/1.1" 200 31
191.108.29.79 - - [07/Jun/2022:01:17:44 -0500] "GET /kwssiamovil/sm/ldap/au?x=U2FsdGVkX18NjI5yQyqFjHMKYhO1nMXepqZtwNhOxMpU4JtKploQS0SwYxKQQih1HQSaMRsuoS3mikHx6GPJJQ==&y=U2FsdGVkX1+vl1diAp4hbljLmEY6CktVTdKF0MPnIKttHkAhiI/rrih41D0fwFxs HTTP/1.1" 200 31
172.22.2.4 - - [07/Jun/2022:01:19:17 -0500] "HEAD /BLA/boletinlegal/ HTTP/1.1" 200 -
191.108.29.79 - - [07/Jun/2022:01:17:44 -0500] "GET /kwssiamovil/sm/ldap/au?x=U2FsdGVkX1/FqfRrvcTfbnWeT+tAnHMvtL1tQ8BkQ6efcbLFFM5UNFCp2rgWtsr2kFpd4cs8NtXaZFgpc28z4g==&y=U2FsdGVkX1+yoE+YKlJMOegm/BG++NBK8tnY7aJ8IjWrX7Zhn5av18vpV32RonJV HTTP/1.1" 200 31
191.108.29.79 - - [07/Jun/2022:01:17:44 -0500] "GET /kwssiamovil/sm/ldap/au?x=U2FsdGVkX1+cmhXlDzAE+JeldwKCPieVr4Is9Xt7rrTGNRF1KFeW2NW47q7uzj5MJ1MopMBPCj9R3Umw51Jw9Q==&y=U2FsdGVkX18x/lBD461t5VqYRRZguKSNh0M0pOuVEpxtW8NxY/YicMDJiHh9lER/ HTTP/1.1" 200 31
172.22.2.4 - - [07/Jun/2022:01:20:07 -0500] "GET /BLA/boletinlegal/ HTTP/1.1" 200 55576
191.108.29.79 - - [07/Jun/2022:01:19:42 -0500] "GET /kwssiamovil/sm/ldap/au?x=U2FsdGVkX1/sjgJ7Xn2rHZBhlYHVDHNF6g1NtsDNn7/PPOjNVHoFKBMTMJwRG27bJdx+GfOCto8CIh39EaJyCg==&y=U2FsdGVkX1/p39nqovgDR5CR2IaODOKR2kVOuOjdvoasdGzdCoHeeC6pEPu+LDhW HTTP/1.1" 200 31
191.108.29.79 - - [07/Jun/2022:01:19:51 -0500] "GET /kwssiamovil/sm/ldap/au?x=U2FsdGVkX1/7CIrjcJNLS3aifwScVctp2u2AH6+RHx6+MnoeFiZJY7AY2wKj5Cfo01tXib56oyHZ6pIzYXyRXQ==&y=U2FsdGVkX18X+o8JMMSFm1jYMne87OeT/ASv+wO9cwnSKSkLm4Ajl2r5+Rt/RkFj HTTP/1.1" 200 31
191.108.29.79 - - [07/Jun/2022:01:19:51 -0500] "GET /kwssiamovil/sm/ldap/au?x=U2FsdGVkX1+mUXB9zF4KAwPTdyCFiCqypnEJaQOgR2Up/zMjes61ChddN0OLoxqWqPuvij2vcZOjSlI09U8Oug==&y=U2FsdGVkX18S3dDiziYuhi+UrO6qUqsY9IYGI46nkhJfZUS7Nd9YQo74mWaCx0HQ HTTP/1.1" 200 31
191.108.29.79 - - [07/Jun/2022:01:19:51 -0500] "GET /kwssiamovil/sm/ldap/au?x=U2FsdGVkX1/2yhPjNTOQnHu0FaH5jfmDQx8pvYXr+3Q/VGIfM2DJa9o1PtGz5mbpfX2tavDJ69/a0UZZtG1prw==&y=U2FsdGVkX1/6o+zZISGuW1XdDE8moTzQNdgMt10ofi7a7ENi8pPYrPUEH6lzaqar HTTP/1.1" 200 31
66.249.65.15 - - [07/Jun/2022:01:22:00 -0500] "-" 408 -
201.245.192.253 - - [07/Jun/2022:01:21:54 -0500] "POST /kwsrmcab/Wsrmcab HTTP/1.1" 200 47061
191.108.29.79 - - [07/Jun/2022:01:21:07 -0500] "GET /kwssiamovil/sm/ldap/au?x=U2FsdGVkX1/vhzAOCsiSPJ8V6Qx93S+gC4I/KV6jRJ+9gbASOjnuLilVhhlemh+t56FcgEjSNDhBKfNVT6VFrQ==&y=U2FsdGVkX18vnrrD5VeAPXupAYkQbTt91cpmkmfxBxYuYLt5BnO3p8ZQ/nqBFIW1 HTTP/1.1" 200 31
191.108.29.79 - - [07/Jun/2022:01:21:07 -0500] "GET /kwssiamovil/sm/ldap/au?x=U2FsdGVkX185yV2LG5g74PmTMn048MSomkA3X1Y98U7iUkcerxfLaOqxyrwgZCbW88MgQ5fwitE2/CniOdYKRQ==&y=U2FsdGVkX1/5M8xdWTI1svbCo1okIT+rWDfhzLfvABsukiJyQiJSfG9Yu7MI1FnF HTTP/1.1" 200 31
216.245.221.92 - - [07/Jun/2022:01:23:23 -0500] "HEAD / HTTP/1.1" 200 -
201.245.192.253 - - [07/Jun/2022:01:22:52 -0500] "POST /kwsrmcab/Wsrmcab HTTP/1.1" 200 213
191.108.29.79 - - [07/Jun/2022:01:21:49 -0500] "GET /kwssiamovil/sm/ldap/au?x=U2FsdGVkX19rrlmRFBLIKQ7wdiHMvyxZGQbqvwOFioYwtWlU1QYHTlgzwKsSldBZcevf2Z5Uefa7UtbTaZcR4g==&y=U2FsdGVkX1+X/6uHW4hcc9XW5kIm0ozLlyYgWcqhngHXJNrcDTdwCuydbCXIz8Xc HTTP/1.1" 200 31
191.108.29.79 - - [07/Jun/2022:01:21:59 -0500] "GET /kwssiamovil/sm/ldap/au?x=U2FsdGVkX18YUY4ftTvHDcUND8+rwQpMszLn4DOhij4YMXd+mc2PwnyvjZrf/4fwPoINVMGSELo16v9gYiqgog==&y=U2FsdGVkX18XGTpiJ3X9ZoOJbC0AFfkCbgTbpCwKCyfN4oXk6Tgm9kbgfQsqnX9P HTTP/1.1" 200 31
191.108.29.79 - - [07/Jun/2022:01:21:59 -0500] "GET /kwssiamovil/sm/ldap/au?x=U2FsdGVkX1+qEKaqhWfb0iYcUSWqRzehFf9FCdcdDLjQFRSQ0rKPgrxxNAoMPvRuragUWlaxWtkVwj2deG+y4w==&y=U2FsdGVkX18aglLSGHyKe3yhjl+lDdEg0/lDhhdOsa/emPqRofDr3NihH3cGSoWP HTTP/1.1" 200 31
191.108.29.79 - - [07/Jun/2022:01:21:59 -0500] "GET /kwssiamovil/sm/ldap/au?x=U2FsdGVkX19oRIUU/16k+m31d2Fs0Xit2CyniYAb1CQLYLD/lXiUjzPNmsRYL8xwsDIZM6zjRISyZ+7ceo3sYw==&y=U2FsdGVkX19PHuaBja9L4/At9CyNzZ7G1SgaCbLN3m7N1YKFe3d5eywQvLhfvusm HTTP/1.1" 200 31
191.108.29.79 - - [07/Jun/2022:01:23:14 -0500] "GET /kwssiamovil/sm/ldap/au?x=U2FsdGVkX18fopCSDE1G57XRPl376PPXzxiVg5Hb1yHAWNH+BPoWE6G47Acm0N45L2u1QZ5j/AfRwSPmznJznw==&y=U2FsdGVkX19muX9W3NXzWWwlq1jiXdBuv0ZXmgRVf2OXqK+j/fzf3SJ5HTnMtdyw HTTP/1.1" 200 31
191.108.29.79 - - [07/Jun/2022:01:23:14 -0500] "GET /kwssiamovil/sm/ldap/au?x=U2FsdGVkX18ovHiW60fBHLEKeO4dORWGtgrRltQOyo4ZR5qreieLFSSlsPqzdCxITcS2B4JOl7z9nkD8u8Yd8g==&y=U2FsdGVkX1+nCGwoMj80/OPvAIGZw9+SfsQwD7fIpDchnA3hIN7TP8KvklimQXI6 HTTP/1.1" 200 31
191.108.29.79 - - [07/Jun/2022:01:23:57 -0500] "GET /kwssiamovil/sm/ldap/au?x=U2FsdGVkX1+h4TlwtU5l6GJH+TrUdyjzyLDvgHFbzf+5t4VmXHKQ4RxO24Wzl36s4AnCHDawO7QSCwA3kjVY0w==&y=U2FsdGVkX19JktKarL1QT/Gip+kHoHE0VhBqfsrD3bEXJk3Sgak00/dPftuuj4/6 HTTP/1.1" 200 31
191.108.29.79 - - [07/Jun/2022:01:24:06 -0500] "GET /kwssiamovil/sm/ldap/au?x=U2FsdGVkX1/olUTlJlrSLXCkPJs0+TsIWPVBaDGNMCDwTmI8hhaOkJTv4HHMbkZB1WvnmDbq3rpvSYP/OJF6RQ==&y=U2FsdGVkX19Zfj/ESfU2PSA9tRrZRUhv6zmbxUr9qStiFDpAGMG0OcLAgzSI2Hoh HTTP/1.1" 200 31
191.108.29.79 - - [07/Jun/2022:01:24:06 -0500] "GET /kwssiamovil/sm/ldap/au?x=U2FsdGVkX19e0/32JU6t1bRj6EJPOFC7rChzWshZgXa150iDk4URVy+aKOiNp+biX7pahDcNdD8NTgTfrYk85g==&y=U2FsdGVkX1+Uv2h1KgmuKd4Tm5fCwSRbgLUR0mAbzWRRl9lPQHmXINzSLBq+Eb/8 HTTP/1.1" 200 31
191.108.29.79 - - [07/Jun/2022:01:24:06 -0500] "GET /kwssiamovil/sm/ldap/au?x=U2FsdGVkX1/Ngvs1TY9EqRLDFp4GgYnqeoC3fiqDEtfDdKQbeAVPdAAOzGVi6LsSnHEUTCUmB4R8amp9KVupEg==&y=U2FsdGVkX1+Gz8nOXcUafal5RIq1RSk4h75rsOACE3G7eEo3Zx9IgeyPWhKKwl1p HTTP/1.1" 200 31
172.22.2.4 - - [07/Jun/2022:01:25:07 -0500] "HEAD /BLA/boletinlegal/ HTTP/1.1" 200 -
191.108.29.79 - - [07/Jun/2022:01:25:23 -0500] "GET /kwssiamovil/sm/ldap/au?x=U2FsdGVkX1/HXN3uOd+Z811yeUYBVA36NyYZqlFGvX2qmz3q7FGSDC51DWZlbMT+Dbv+D4U1x8tSlt0wC0YBVw==&y=U2FsdGVkX1+sxtSGCt83QAKOJDwg0EfF9miaZacbGYgQC+tSNO+s0BaRGY0X5IAg HTTP/1.1" 200 31
172.22.2.4 - - [07/Jun/2022:01:25:57 -0500] "GET /BLA/boletinlegal/ HTTP/1.1" 200 59075
192.109.145.231 - - [07/Jun/2022:01:28:09 -0500] "GET /galeria/nivo-slider/demo/images/BANNER%20VAN%20DER%20HAMMEN.jpg HTTP/1.1" 304 -
66.249.65.13 - - [07/Jun/2022:01:28:21 -0500] "-" 408 -
216.245.221.92 - - [07/Jun/2022:01:28:23 -0500] "HEAD / HTTP/1.1" 200 -
157.55.39.215 - - [07/Jun/2022:01:30:50 -0500] "GET /semana-ambiental-500-arboles-plantados-en-el-humedal-el-burro.html HTTP/1.1" 200 768
40.77.167.94 - - [07/Jun/2022:01:32:15 -0500] "GET /images/plantacion-humedal-burro-4-junio.jpg HTTP/1.1" 200 63607
157.55.39.43 - - [07/Jun/2022:01:32:17 -0500] "GET /BLA/resoluciones/index.php?dir=RESOLUCIONES+2003%2F HTTP/1.1" 200 31404
40.77.167.21 - - [07/Jun/2022:01:32:33 -0500] "GET /BLA/resoluciones/dlf/styles.css HTTP/1.1" 200 3049
172.22.2.4 - - [07/Jun/2022:01:30:57 -0500] "HEAD /BLA/boletinlegal/ HTTP/1.1" 200 -
201.245.192.253 - - [07/Jun/2022:01:31:54 -0500] "POST /kwsrmcab/Wsrmcab HTTP/1.1" 200 14506
216.245.221.92 - - [07/Jun/2022:01:33:23 -0500] "HEAD / HTTP/1.1" 200 -
172.22.2.4 - - [07/Jun/2022:01:31:47 -0500] "GET /BLA/boletinlegal/ HTTP/1.1" 200 58482
201.245.192.253 - - [07/Jun/2022:01:32:54 -0500] "POST /kwsrmcab/Wsrmcab HTTP/1.1" 200 213
66.249.65.13 - - [07/Jun/2022:01:36:04 -0500] "-" 408 -
172.22.2.4 - - [07/Jun/2022:01:36:25 -0500] "GET /BLA/boletinlegal/Directivas/2011/Directiva%20No.%2010%20del%2028%20de%20Septiembre%20de%202011.pdf HTTP/1.1" 200 465887
172.22.2.4 - - [07/Jun/2022:01:35:51 -0500] "GET /BLA/boletinlegal/ HTTP/1.1" 200 36811
216.245.221.92 - - [07/Jun/2022:01:38:23 -0500] "HEAD / HTTP/1.1" 200 -
172.22.2.4 - - [07/Jun/2022:01:36:47 -0500] "HEAD /BLA/boletinlegal/ HTTP/1.1" 200 -
172.22.2.4 - - [07/Jun/2022:01:37:37 -0500] "GET /BLA/boletinlegal/ HTTP/1.1" 200 58482
157.55.39.8 - - [07/Jun/2022:01:41:03 -0500] "GET /BLA/resoluciones/RESOLUCIONES%202020/2163.pdf HTTP/1.1" 304 -
201.245.192.253 - - [07/Jun/2022:01:41:54 -0500] "POST /kwsrmcab/Wsrmcab HTTP/1.1" 500 253
201.245.192.253 - - [07/Jun/2022:01:41:56 -0500] "POST /kwsrmcab/Wsrmcab HTTP/1.1" 500 253
157.55.39.127 - - [07/Jun/2022:01:42:04 -0500] "GET /BLA/resoluciones/index.php?dir=RESOLUCIONES+2001%2F HTTP/1.1" 200 24983
66.249.65.13 - - [07/Jun/2022:01:42:20 -0500] "-" 408 -
147.182.239.192 - - [07/Jun/2022:01:42:37 -0500] "GET /upload/2022-04-27/94302162b57a4b5cb95e9fe43b98f9d4.png HTTP/1.1" 404 1016
124.220.171.218 - - [07/Jun/2022:01:43:23 -0500] "GET / HTTP/1.1" 200 319
216.245.221.92 - - [07/Jun/2022:01:43:23 -0500] "HEAD / HTTP/1.1" 200 -
172.22.2.4 - - [07/Jun/2022:01:42:37 -0500] "HEAD /BLA/boletinlegal/ HTTP/1.1" 200 -
172.22.2.4 - - [07/Jun/2022:01:43:14 -0500] "GET /BLA/boletinlegal/ HTTP/1.1" 200 49831
172.22.2.4 - - [07/Jun/2022:01:43:27 -0500] "GET /BLA/boletinlegal/ HTTP/1.1" 200 51491
191.108.29.79 - - [07/Jun/2022:01:43:55 -0500] "GET /kwssiamovil/sm/ldap/au?x=U2FsdGVkX1++rUAl5yoh/I9y81CZIYz4SgPoA9LJmgcBa+GmC6BUrsEYuOSL/3Eng/RpsQV1iu1F/vfr8DOCwA==&y=U2FsdGVkX1+mNlEd1RPFBl+3TaAGATgU9hjA1fEDrx26seiI0e5X2WxJmOijFOWT HTTP/1.1" 200 31
191.108.29.79 - - [07/Jun/2022:01:44:35 -0500] "GET /kwssiamovil/sm/ldap/au?x=U2FsdGVkX19F3gR37RyzdltGiR9hsnwmC5CCk/0eJkthuP99vPBdEOuLiVOtuEf2FDQeOsQr3ynwU6XUxLp4vg==&y=U2FsdGVkX1/uSkL6/+frvD/H1IazLZp4sMFqNa4nyCD7ai2XD7p735XCyfIZvDF0 HTTP/1.1" 200 31
172.22.2.4 - - [07/Jun/2022:01:46:48 -0500] "GET /BLA/boletinlegal/jurisprudencia/analisis/Analisis%20Jurisprudencia%20Sent%202000-00005-01.doc HTTP/1.1" 304 -
40.77.167.79 - - [07/Jun/2022:01:47:52 -0500] "GET /BLA/resoluciones/AUTOS%202019/3504.pdf HTTP/1.1" 304 -
216.245.221.92 - - [07/Jun/2022:01:48:23 -0500] "HEAD / HTTP/1.1" 200 -
66.249.65.13 - - [07/Jun/2022:01:49:05 -0500] "-" 408 -
172.22.2.4 - - [07/Jun/2022:01:48:27 -0500] "HEAD /BLA/boletinlegal/ HTTP/1.1" 200 -
172.22.2.4 - - [07/Jun/2022:01:49:17 -0500] "GET /BLA/boletinlegal/ HTTP/1.1" 200 58482
172.22.2.4 - - [07/Jun/2022:01:51:16 -0500] "GET /BLA/boletinlegal/actas/097-2013.pdf HTTP/1.1" 200 164183
191.108.29.79 - - [07/Jun/2022:01:49:19 -0500] "GET /kwssiamovil/sm/ldap/au?x=U2FsdGVkX18kmmERgzPTvKBjNNUqKlxz8l8R3z2zRNzNcmd3sg/X/DVg9upH/Zgxh2JTE3W/RzAyhhnVxYNuVg==&y=U2FsdGVkX19ilDbWlMBTiVm4boWDbrKRTgHILtb6sBfSDNEoaVKSwd3F8xUdknit HTTP/1.1" 200 31
191.108.29.79 - - [07/Jun/2022:01:50:30 -0500] "GET /kwssiamovil/sm/ldap/au?x=U2FsdGVkX19OVv/QSqpBD9D26rzPiX4GZKYR19yIVv6CFyEpYZo0zCuWrToTLjRnOEI31eQw3rzsvZXs3EwRWQ==&y=U2FsdGVkX19zbXf7WjeAoZTT4p3XZdKwetp2T+SYGmdEAoWe67fkdgCSyGxN9gMT HTTP/1.1" 200 30
157.55.39.77 - - [07/Jun/2022:01:51:45 -0500] "GET /portaldeninos/wp-content/uploads/2021/07/auambari-foto-portal-ni%C3%B1os.jpg HTTP/1.1" 200 36962
172.22.2.4 - - [07/Jun/2022:01:52:04 -0500] "GET /BLA/boletinlegal/Circulares/2019/Circular%20No.%200005%20del%2020%20de%20Marzo%20de%202019.pdf HTTP/1.1" 200 159877
191.108.29.79 - - [07/Jun/2022:01:52:16 -0500] "GET /kwssiamovil/sm/ldap/au?x=U2FsdGVkX1+bSyABQuC56Q8zgBgiQxgdj/ziSmLJ9silVxN7Dyb4ACoJhSsFVijHXnSQaCI+YIwEqgB0FrHbEQ==&y=U2FsdGVkX1/e4IBkPiCRmwBwZ1OPenHPtzrsURZk4ZyEcsZGquGMfCr8T7dUpEs3 HTTP/1.1" 200 30
191.108.29.79 - - [07/Jun/2022:01:52:19 -0500] "GET /kwssiamovil/sm/acme/s?s=U2FsdGVkX1/TqvNgjQLSlv5t6gu1sDYHyiv6yTiK8Ga4T5cAQWJwU+7ewGXICHcaa52rd18fGvAR83ZXs8mQs+k//JJVgKUuzomvswwWAIc=&u=U2FsdGVkX19BUWoHO6jajln/39NcOUHclRNNCYxH7G19hgYN8lmYmqPe4dOGeksU&y=U2FsdGVkX1/e4IBkPiCRmwBwZ1OPenHPtzrsURZk4ZyEcsZGquGMfCr8T7dUpEs3 HTTP/1.1" 200 97
191.108.29.79 - - [07/Jun/2022:01:52:20 -0500] "GET /kwssiamovil/sm/acme/s?s=U2FsdGVkX186lh1FqJ6LASDVhHIo8XNp02xnr/1JGBstVrPqdUISsYfcrcnAQUPo8pxh4z6lrfZkj2XaQlMOreVlhGfd3z/FlFHBsn1lGCX2uunj8jZPslFs5iQU1SiifcGY8z3wMUg/KIW38uf0gWiatCg89WYgiBRerkn71Ua72m/qLtj3sV3DMU2WmVYpHyH2F4QZO5z7R70stZjwRwG2xKVEbya4asDcDlzhSDKUj3GEFJMNmCIwkTI2gqDx4KLodT5+Kv6Ziz9KHlN+75UkG1/cLQ87jvhVluyz+HIXZt22pERwxe+g2Mu41nWzjY/bAbOJimzIYuzvPBcNXt0UbQ8YsKuTzRxEOmqF/94Wa4dTXAtp43Ld29fycSwrwKYZ9PyKD2VGyVLeuhF/nimhNV3BxOSY7EYJ9tmErM2T8AS09zyPb3bjuwwnHXZDpB/phXXcZoKDxPQCPbZcoHRfrT2nZNj3I1TD2D8XdPRvJZUTxF2Sr/xXL2jfaEiLgN5zG7Fk0iGRr1w5f4wOr7L+dxiRvpKmQx7Mfz3rIBvHnNsk69mqcoaVhTHg1Kjywn8sxS5ZSACFpLcsOeQF/YE4e1lspexomsA3wb1dI70q8lh7Vg57VfNDqJAk55VznjwwcU6Rvi/AEyoeHTB4YCcrzhhvIZfF3K1k91bTo9c7sJsMQETz7J8b0rqIQRcONXKwbxdPYtnfMY6YpqnaVwGEBvBrW7RaNcd5rK52zGOCz47YmD4xG3m2GoiTGP1+DJX5LxoLb354kJXUZiZAs+kRTNaxmYgilP+xbw9ws5clypefQfHGjpCzQUAgU0vPTxzcX3NPFYxW/BcPZJufFFKzSflP9bQf5/DRKKUgvmflK744sqwPue3LcBf5uSZmFuOLjEovEP/c6Y9/JOMJvypvgf0ihqdN3oj7EgCvzWwVs+0o7pkHKrVqmkotKCjtLd868IoXoLcL+5h3gEnBuUFUyECq3bhPQvvl4w08BWZdo0KGP2rbKzbZ4Zs4zo25oPAmOXxN+wk3vdVMrXx1lRhG3DYGAfzkoRdCJt/uDqg11MWHLJ2cC7ma7LB0gRuSQsEhRXdeDNFbc5EcNqQbChxXaxhC4yBRa4Dujm9CQdZWX+ALNFdp44kvnJNowOua8AWP81edyvoAS8r4uPKx08xwBqiXPJQeqio43AIH5NbRpot2cLdv8A0m4Sp58UCpU4vJKgMa2KnoGmaIHIQpw62DnA5uEOVl64BJqj2jCBQqJ5x1z7RwHwPaEUhfQParMVDIuJmvDPbXoeQtnEupxnZfIxVoiwIs419McAI/IWXfJJsu+zOuCZGUc8/8q71nkW1yTHaDSiKLZwijDtRUu3VsPtnnzigiVQO3ndkLM+M=&u=U2FsdGVkX19BUWoHO6jajln/39NcOUHclRNNCYxH7G19hgYN8lmYmqPe4dOGeksU&y=U2FsdGVkX1/e4IBkPiCRmwBwZ1OPenHPtzrsURZk4ZyEcsZGquGMfCr8T7dUpEs3 HTTP/1.1" 200 7801
191.108.29.79 - - [07/Jun/2022:01:52:31 -0500] "GET /kwssiamovil/sm/acme/s?s=U2FsdGVkX19ykKe/ynqcNAFcsH2JHYESqRWNlId/a6CK9Loai/hGHtYZibwFFG8Dg5E37/Yyz14p4ELQLqzef4/GowSOcv2MboeLKlm2r9CeP2Fc3UsQqFjzGY1QwZS7JFiRqPSw19QmMOGiV+C1C3KKOVdd2gE6GQrpuvQxKTEQXpNj/mzjHWlydEVHYuyljiSVG/9NtIj46h1IpO2UfxVaBhJP5eD0wG7BJxeTP1kWMQVaMJB14fjuS78uXyqnNMk6iLzBkQeHTyCMNbUpgbwxjqQhi+VfwDnbov4BA+Y=&u=U2FsdGVkX19BUWoHO6jajln/39NcOUHclRNNCYxH7G19hgYN8lmYmqPe4dOGeksU&y=U2FsdGVkX1/e4IBkPiCRmwBwZ1OPenHPtzrsURZk4ZyEcsZGquGMfCr8T7dUpEs3 HTTP/1.1" 200 176
216.245.221.92 - - [07/Jun/2022:01:53:23 -0500] "HEAD / HTTP/1.1" 200 -
173.252.107.117 - - [07/Jun/2022:01:54:32 -0500] "GET /images/RCD1.jpg HTTP/1.1" 200 195843
66.249.65.13 - - [07/Jun/2022:01:55:00 -0500] "-" 408 -
172.22.2.4 - - [07/Jun/2022:01:54:17 -0500] "HEAD /BLA/boletinlegal/ HTTP/1.1" 200 -
172.22.2.4 - - [07/Jun/2022:01:55:07 -0500] "GET /BLA/boletinlegal/ HTTP/1.1" 200 58482
172.22.2.4 - - [07/Jun/2022:01:57:16 -0500] "GET /BLA/boletinlegal/Circulares/2015/Circular%20No.%202%20del%201%20de%20julio%20de%202015.pdf HTTP/1.1" 200 752890
216.245.221.92 - - [07/Jun/2022:01:58:23 -0500] "HEAD / HTTP/1.1" 200 -
193.118.53.194 - - [07/Jun/2022:01:58:49 -0500] "GET /portaldeninos/ HTTP/1.1" 200 109662
172.22.2.4 - - [07/Jun/2022:02:00:07 -0500] "HEAD /BLA/boletinlegal/ HTTP/1.1" 200 -
164.52.24.190 - - [07/Jun/2022:02:01:53 -0500] "\x16\x03\x01\x01 \x01" 400 226
164.52.24.190 - - [07/Jun/2022:02:02:02 -0500] "\x16\x03\x01" 400 226
164.52.24.190 - - [07/Jun/2022:02:02:16 -0500] "\x16\x03\x01" 400 226
164.52.24.190 - - [07/Jun/2022:02:02:25 -0500] "\x16\x03\x01" 400 226
172.22.2.4 - - [07/Jun/2022:02:00:57 -0500] "GET /BLA/boletinlegal/ HTTP/1.1" 200 58482
164.52.24.190 - - [07/Jun/2022:02:02:38 -0500] "GET / HTTP/1.1" 200 319
216.245.221.92 - - [07/Jun/2022:02:03:23 -0500] "HEAD / HTTP/1.1" 200 -
66.249.65.13 - - [07/Jun/2022:02:04:06 -0500] "-" 408 -
172.22.2.4 - - [07/Jun/2022:02:04:08 -0500] "GET /BLA/boletinlegal/jurisprudencia/analisis/AnalisisT-095-16.docx HTTP/1.1" 200 20284
172.22.2.4 - - [07/Jun/2022:02:04:09 -0500] "GET /BLA/boletinlegal/jurisprudencia/analisis/AnalisisT-095-16.docx HTTP/1.1" 200 20284
184.170.240.231 - - [07/Jun/2022:02:05:35 -0500] "GET / HTTP/1.1" 200 319
31.220.3.140 - - [07/Jun/2022:02:07:23 -0500] "GET / HTTP/1.1" 200 319
172.22.2.4 - - [07/Jun/2022:02:05:57 -0500] "HEAD /BLA/boletinlegal/ HTTP/1.1" 200 -
173.252.95.10 - - [07/Jun/2022:02:07:54 -0500] "GET /semana-ambiental-2022-del-31-de-mayo-al-5-de-junio-se-celebrara-en-bogota.html?fbclid=IwAR2tOvxTC20jAxgeadDXJ_AaQCMDP-Wa4b7mDad_2CTl3rjeptB_GOzhHxU HTTP/1.1" 200 799
216.245.221.92 - - [07/Jun/2022:02:08:23 -0500] "HEAD / HTTP/1.1" 200 -
172.22.2.4 - - [07/Jun/2022:02:06:47 -0500] "GET /BLA/boletinlegal/ HTTP/1.1" 200 60973
164.92.102.67 - - [07/Jun/2022:02:08:43 -0500] "GET / HTTP/1.1" 200 319
66.249.65.13 - - [07/Jun/2022:02:09:55 -0500] "-" 408 -
216.245.221.92 - - [07/Jun/2022:02:13:23 -0500] "HEAD / HTTP/1.1" 200 -
172.22.2.4 - - [07/Jun/2022:02:11:47 -0500] "HEAD /BLA/boletinlegal/ HTTP/1.1" 200 -
172.22.2.4 - - [07/Jun/2022:02:13:23 -0500] "GET /BLA/boletinlegal/ HTTP/1.1" 200 20427
172.22.2.4 - - [07/Jun/2022:02:12:37 -0500] "GET /BLA/boletinlegal/ HTTP/1.1" 200 56364
34.76.60.69 - - [07/Jun/2022:02:15:10 -0500] "GET /portaldeninos/ HTTP/1.1" 200 109662
66.249.70.45 - - [07/Jun/2022:02:15:33 -0500] "-" 408 -
172.22.2.4 - - [07/Jun/2022:02:16:35 -0500] "GET /BLA/boletinlegal/actos.php HTTP/1.1" 200 9559
2.57.122.35 - - [07/Jun/2022:02:17:59 -0500] "GET / HTTP/1.1" 200 319
216.245.221.92 - - [07/Jun/2022:02:18:23 -0500] "HEAD / HTTP/1.1" 200 -
172.22.2.4 - - [07/Jun/2022:02:17:37 -0500] "HEAD /BLA/boletinlegal/ HTTP/1.1" 200 -
207.46.13.42 - - [07/Jun/2022:02:19:39 -0500] "GET /BLA/resoluciones/RESOLUCIONES%202018/3927.pdf HTTP/1.1" 304 -
172.22.2.4 - - [07/Jun/2022:02:18:27 -0500] "GET /BLA/boletinlegal/ HTTP/1.1" 200 58482
66.249.65.13 - - [07/Jun/2022:02:21:20 -0500] "-" 408 -
201.245.192.253 - - [07/Jun/2022:02:21:54 -0500] "POST /kwsrmcab/Wsrmcab HTTP/1.1" 500 253
201.245.192.253 - - [07/Jun/2022:02:21:58 -0500] "POST /kwsrmcab/Wsrmcab HTTP/1.1" 500 253
216.245.221.92 - - [07/Jun/2022:02:23:23 -0500] "HEAD / HTTP/1.1" 200 -
207.46.13.134 - - [07/Jun/2022:02:24:43 -0500] "GET /portaldeninos/parque-ecologico-distrital-humedal-santa-maria-del-lago/ HTTP/1.1" 200 90400
207.46.13.134 - - [07/Jun/2022:02:25:02 -0500] "GET /portaldeninos/wp-content/themes/betheme/assets/animations/animations.min.css?ver=20.9.6 HTTP/1.1" 200 58508
207.46.13.134 - - [07/Jun/2022:02:25:05 -0500] "GET /portaldeninos/wp-includes/js/jquery/ui/accordion.min.js?ver=1.11.4 HTTP/1.1" 200 8584
172.22.2.4 - - [07/Jun/2022:02:23:27 -0500] "HEAD /BLA/boletinlegal/ HTTP/1.1" 200 -
157.55.39.198 - - [07/Jun/2022:02:25:07 -0500] "GET /portaldeninos/wp-content/uploads/2021/07/Humedal-Santa-Maria-del-Lago.mp4 HTTP/1.1" 200 10811678
157.55.39.198 - - [07/Jun/2022:02:25:47 -0500] "GET /portaldeninos/wp-includes/js/wp-emoji-release.min.js?ver=4.9.8 HTTP/1.1" 200 12026
172.22.2.4 - - [07/Jun/2022:02:24:17 -0500] "GET /BLA/boletinlegal/ HTTP/1.1" 200 58029
66.249.65.13 - - [07/Jun/2022:02:27:29 -0500] "-" 408 -
37.0.10.187 - - [07/Jun/2022:02:28:21 -0500] "GET / HTTP/1.1" 200 319
216.245.221.92 - - [07/Jun/2022:02:28:23 -0500] "HEAD / HTTP/1.1" 200 -
37.0.10.187 - - [07/Jun/2022:02:28:29 -0500] "POST /HNAP1/ HTTP/1.1" 404 1018
191.96.150.226 - - [07/Jun/2022:02:30:27 -0500] "GET /wp-login.php HTTP/1.1" 404 1018
191.96.150.226 - - [07/Jun/2022:02:30:31 -0500] "GET /wp-login.php HTTP/1.1" 404 1035
172.22.2.4 - - [07/Jun/2022:02:30:31 -0500] "GET /BLA/boletinlegal/wp-login.php HTTP/1.1" 404 1038
172.22.2.4 - - [07/Jun/2022:02:29:17 -0500] "HEAD /BLA/boletinlegal/ HTTP/1.1" 200 -
172.22.2.4 - - [07/Jun/2022:02:30:07 -0500] "GET /BLA/boletinlegal/ HTTP/1.1" 200 60973
201.245.192.253 - - [07/Jun/2022:02:31:53 -0500] "POST /kwsrmcab/Wsrmcab HTTP/1.1" 500 253
201.245.192.253 - - [07/Jun/2022:02:31:55 -0500] "POST /kwsrmcab/Wsrmcab HTTP/1.1" 500 253
172.22.2.4 - - [07/Jun/2022:02:32:19 -0500] "GET /BLA/boletinlegal/robots.txt HTTP/1.1" 404 1038
172.22.2.4 - - [07/Jun/2022:02:32:19 -0500] "GET /BLA/boletinlegal/doctrina.php HTTP/1.1" 200 5604
20.96.170.139 - - [07/Jun/2022:02:32:52 -0500] "GET /noticias/rssambiente.php HTTP/1.1" 406 -
20.96.170.139 - - [07/Jun/2022:02:32:52 -0500] "GET /noticias/rssambiente.php HTTP/1.1" 406 -
216.245.221.92 - - [07/Jun/2022:02:33:23 -0500] "HEAD / HTTP/1.1" 200 -
66.249.65.13 - - [07/Jun/2022:02:34:20 -0500] "-" 408 -
172.22.2.4 - - [07/Jun/2022:02:35:07 -0500] "HEAD /BLA/boletinlegal/ HTTP/1.1" 200 -
40.77.167.79 - - [07/Jun/2022:02:37:07 -0500] "GET /galeria/bibloteca/contentflow.js HTTP/1.1" 200 42804
172.22.2.4 - - [07/Jun/2022:02:35:57 -0500] "GET /BLA/boletinlegal/ HTTP/1.1" 200 56776
216.245.221.92 - - [07/Jun/2022:02:38:23 -0500] "HEAD / HTTP/1.1" 200 -
172.22.2.4 - - [07/Jun/2022:02:39:24 -0500] "GET /BLA/boletinlegal/robots.txt HTTP/1.1" 404 1038
172.22.2.4 - - [07/Jun/2022:02:39:25 -0500] "GET /BLA/boletinlegal/jurisprudencia/analisis/ANALISIST-672-14.docx HTTP/1.1" 200 22530
66.249.65.13 - - [07/Jun/2022:02:40:34 -0500] "-" 408 -
201.245.192.253 - - [07/Jun/2022:02:41:54 -0500] "POST /kwsrmcab/Wsrmcab HTTP/1.1" 500 253
201.245.192.253 - - [07/Jun/2022:02:41:57 -0500] "POST /kwsrmcab/Wsrmcab HTTP/1.1" 500 253
172.22.2.4 - - [07/Jun/2022:02:40:57 -0500] "HEAD /BLA/boletinlegal/ HTTP/1.1" 200 -
216.245.221.92 - - [07/Jun/2022:02:43:23 -0500] "HEAD / HTTP/1.1" 200 -
172.22.2.4 - - [07/Jun/2022:02:41:47 -0500] "GET /BLA/boletinlegal/ HTTP/1.1" 200 60581
66.249.65.13 - - [07/Jun/2022:02:46:43 -0500] "-" 408 -
132.145.39.16 - - [07/Jun/2022:02:47:43 -0500] "GET /.env HTTP/1.1" 404 1018
132.145.39.16 - - [07/Jun/2022:02:47:43 -0500] "POST / HTTP/1.1" 200 319
216.245.221.92 - - [07/Jun/2022:02:48:23 -0500] "HEAD / HTTP/1.1" 200 -
172.22.2.4 - - [07/Jun/2022:02:46:47 -0500] "HEAD /BLA/boletinlegal/ HTTP/1.1" 200 -
172.22.2.4 - - [07/Jun/2022:02:47:37 -0500] "GET /BLA/boletinlegal/ HTTP/1.1" 200 58482
143.198.64.52 - - [07/Jun/2022:02:52:30 -0500] "GET / HTTP/1.1" 200 319
66.249.65.13 - - [07/Jun/2022:02:52:43 -0500] "-" 408 -
40.77.189.113 - - [07/Jun/2022:02:52:59 -0500] "GET /galeria/bibloteca/contentflow.css HTTP/1.1" 200 3201
40.77.190.29 - - [07/Jun/2022:02:52:59 -0500] "GET /galeria/bibloteca/mycontentflow.css HTTP/1.1" 200 3110
40.77.190.249 - - [07/Jun/2022:02:52:59 -0500] "GET /galeria/bibloteca/ContentFlowAddOn_white.js HTTP/1.1" 200 2497
40.77.189.31 - - [07/Jun/2022:02:52:59 -0500] "GET /galeria/bibloteca/ContentFlowAddOn_white.css HTTP/1.1" 200 3355
216.245.221.92 - - [07/Jun/2022:02:53:23 -0500] "HEAD / HTTP/1.1" 200 -
172.22.2.4 - - [07/Jun/2022:02:54:02 -0500] "GET /BLA/boletinlegal/Circulares/2012/Circular%20No.%201%20del%2017%20de%20Enero%20de%202012.pdf HTTP/1.1" 304 -
172.22.2.4 - - [07/Jun/2022:02:52:37 -0500] "HEAD /BLA/boletinlegal/ HTTP/1.1" 200 -
172.22.2.4 - - [07/Jun/2022:02:53:27 -0500] "GET /BLA/boletinlegal/ HTTP/1.1" 200 58482
165.232.144.206 - - [07/Jun/2022:02:55:15 -0500] "GET /images/KL.png HTTP/1.1" 404 1016
216.245.221.92 - - [07/Jun/2022:02:58:23 -0500] "HEAD / HTTP/1.1" 200 -
172.22.2.4 - - [07/Jun/2022:02:58:27 -0500] "HEAD /BLA/boletinlegal/ HTTP/1.1" 200 -
66.249.65.13 - - [07/Jun/2022:03:00:35 -0500] "-" 408 -
172.22.2.4 - - [07/Jun/2022:02:59:17 -0500] "GET /BLA/boletinlegal/ HTTP/1.1" 200 58482
40.77.167.79 - - [07/Jun/2022:03:01:40 -0500] "GET /BLA/boletinlegal/Circulares/2011/Circular%20No.%205%20del%2014%20de%20Julio%20de%202011.pdf HTTP/1.1" 304 -
207.46.13.42 - - [07/Jun/2022:03:01:43 -0500] "GET /BLA/resoluciones/AUTOS%202019/3939.pdf HTTP/1.1" 304 -
31.148.131.173 - - [07/Jun/2022:03:03:03 -0500] "GET /BLA/resoluciones/AUTOS%202019/2923.pdf HTTP/1.1" 200 321513
216.245.221.92 - - [07/Jun/2022:03:03:23 -0500] "HEAD / HTTP/1.1" 200 -
207.46.13.42 - - [07/Jun/2022:03:05:13 -0500] "GET /bla/resoluciones/notificaciones/autos%202016/00274.doc HTTP/1.1" 200 190947
172.22.2.4 - - [07/Jun/2022:03:04:17 -0500] "HEAD /BLA/boletinlegal/ HTTP/1.1" 200 -
172.22.2.4 - - [07/Jun/2022:03:05:07 -0500] "GET /BLA/boletinlegal/ HTTP/1.1" 200 58482
66.249.65.13 - - [07/Jun/2022:03:07:15 -0500] "-" 408 -
216.245.221.92 - - [07/Jun/2022:03:08:23 -0500] "HEAD / HTTP/1.1" 200 -
172.22.2.4 - - [07/Jun/2022:03:10:07 -0500] "HEAD /BLA/boletinlegal/ HTTP/1.1" 200 -
172.22.2.4 - - [07/Jun/2022:03:10:57 -0500] "GET /BLA/boletinlegal/ HTTP/1.1" 200 60973
66.249.65.13 - - [07/Jun/2022:03:12:53 -0500] "-" 408 -
216.245.221.92 - - [07/Jun/2022:03:13:23 -0500] "HEAD / HTTP/1.1" 200 -
172.22.2.4 - - [07/Jun/2022:03:15:57 -0500] "HEAD /BLA/boletinlegal/ HTTP/1.1" 200 -
94.102.61.10 - - [07/Jun/2022:03:18:12 -0500] "GET /portaldeninos/ HTTP/1.1" 200 109662
216.245.221.92 - - [07/Jun/2022:03:18:23 -0500] "HEAD / HTTP/1.1" 200 -
172.22.2.4 - - [07/Jun/2022:03:16:47 -0500] "GET /BLA/boletinlegal/ HTTP/1.1" 200 58482
66.249.65.13 - - [07/Jun/2022:03:18:51 -0500] "-" 408 -
172.22.2.4 - - [07/Jun/2022:03:18:58 -0500] "GET /BLA/boletinlegal/showLogin.cc HTTP/1.1" 404 1018
172.22.2.4 - - [07/Jun/2022:03:18:44 -0500] "GET /BLA/boletinlegal/ HTTP/1.1" 200 24523
172.22.2.4 - - [07/Jun/2022:03:19:25 -0500] "GET /BLA/boletinlegal/images/cabezote%20BLEGAL.jpg HTTP/1.1" 200 118164
172.22.2.4 - - [07/Jun/2022:03:19:26 -0500] "GET /BLA/boletinlegal/images/abajo.png HTTP/1.1" 200 96676
172.22.2.4 - - [07/Jun/2022:03:19:27 -0500] "GET /BLA/boletinlegal/images/tel.png HTTP/1.1" 200 14477
172.22.2.4 - - [07/Jun/2022:03:19:27 -0500] "GET /BLA/boletinlegal/images/registro-usuarios.png HTTP/1.1" 200 8106
172.22.2.4 - - [07/Jun/2022:03:19:29 -0500] "GET /BLA/boletinlegal/images/subscribe-icon-big.png HTTP/1.1" 200 47702
172.22.2.4 - - [07/Jun/2022:03:19:32 -0500] "GET /BLA/boletinlegal/images/icono-email.png HTTP/1.1" 200 5544
172.22.2.4 - - [07/Jun/2022:03:19:40 -0500] "GET /BLA/boletinlegal/images/historia.png HTTP/1.1" 200 52775
201.245.192.253 - - [07/Jun/2022:03:21:54 -0500] "POST /kwsrmcab/Wsrmcab HTTP/1.1" 500 253
201.245.192.253 - - [07/Jun/2022:03:21:57 -0500] "POST /kwsrmcab/Wsrmcab HTTP/1.1" 500 253
40.77.167.21 - - [07/Jun/2022:03:22:13 -0500] "GET /BLA/resoluciones/RESOLUCIONES%202021/2903.pdf HTTP/1.1" 304 -
216.245.221.92 - - [07/Jun/2022:03:23:23 -0500] "HEAD / HTTP/1.1" 200 -
172.22.2.4 - - [07/Jun/2022:03:21:47 -0500] "HEAD /BLA/boletinlegal/ HTTP/1.1" 200 -
172.22.2.4 - - [07/Jun/2022:03:22:37 -0500] "GET /BLA/boletinlegal/ HTTP/1.1" 200 60973
66.249.65.13 - - [07/Jun/2022:03:25:04 -0500] "-" 408 -
203.86.236.189 - - [07/Jun/2022:03:25:09 -0500] "GET / HTTP/1.1" 200 319
216.245.221.92 - - [07/Jun/2022:03:28:23 -0500] "HEAD / HTTP/1.1" 200 -
172.22.2.4 - - [07/Jun/2022:03:27:37 -0500] "HEAD /BLA/boletinlegal/ HTTP/1.1" 200 -
172.22.2.4 - - [07/Jun/2022:03:28:27 -0500] "GET /BLA/boletinlegal/ HTTP/1.1" 200 60581
66.249.65.13 - - [07/Jun/2022:03:31:04 -0500] "-" 408 -
191.108.29.79 - - [07/Jun/2022:01:52:31 -0500] "GET /kwssiamovil/sm/cjson/pre?f=1&x=U2FsdGVkX1+bSyABQuC56Q8zgBgiQxgdj/ziSmLJ9silVxN7Dyb4ACoJhSsFVijHXnSQaCI+YIwEqgB0FrHbEQ== HTTP/1.1" 502 1348
201.245.192.253 - - [07/Jun/2022:03:32:53 -0500] "POST /kwsrmcab/Wsrmcab HTTP/1.1" 500 253
216.245.221.92 - - [07/Jun/2022:03:33:23 -0500] "HEAD / HTTP/1.1" 200 -
172.22.2.4 - - [07/Jun/2022:03:33:27 -0500] "HEAD /BLA/boletinlegal/ HTTP/1.1" 200 -
172.22.2.4 - - [07/Jun/2022:03:34:17 -0500] "GET /BLA/boletinlegal/ HTTP/1.1" 200 58482
66.249.65.13 - - [07/Jun/2022:03:37:00 -0500] "-" 408 -
216.245.221.92 - - [07/Jun/2022:03:38:23 -0500] "HEAD / HTTP/1.1" 200 -
172.22.2.4 - - [07/Jun/2022:03:39:17 -0500] "HEAD /BLA/boletinlegal/ HTTP/1.1" 200 -
157.55.39.198 - - [07/Jun/2022:03:41:17 -0500] "GET /portaldeninos/wp-content/uploads/2021/07/Banners-p%C3%A1gina-de-ni%C3%B1os15.jpg HTTP/1.1" 404 75240
172.22.2.4 - - [07/Jun/2022:03:40:07 -0500] "GET /BLA/boletinlegal/ HTTP/1.1" 200 56364
201.245.192.253 - - [07/Jun/2022:03:41:53 -0500] "POST /kwsrmcab/Wsrmcab HTTP/1.1" 500 253
201.245.192.253 - - [07/Jun/2022:03:42:00 -0500] "POST /kwsrmcab/Wsrmcab HTTP/1.1" 500 253
66.249.65.13 - - [07/Jun/2022:03:43:05 -0500] "-" 408 -
216.245.221.92 - - [07/Jun/2022:03:43:23 -0500] "HEAD / HTTP/1.1" 200 -
172.22.2.4 - - [07/Jun/2022:03:45:34 -0500] "GET /BLA/boletinlegal/norma_menu.php HTTP/1.1" 200 6318
172.22.2.4 - - [07/Jun/2022:03:45:50 -0500] "GET /BLA/boletinlegal/swfobject.js HTTP/1.1" 200 9763
172.22.2.4 - - [07/Jun/2022:03:45:55 -0500] "GET /BLA/boletinlegal/js/ajax.js HTTP/1.1" 200 772
172.22.2.4 - - [07/Jun/2022:03:45:07 -0500] "HEAD /BLA/boletinlegal/ HTTP/1.1" 200 -
172.22.2.4 - - [07/Jun/2022:03:45:57 -0500] "GET /BLA/boletinlegal/ HTTP/1.1" 200 54215
143.198.68.4 - - [07/Jun/2022:03:47:51 -0500] "GET /static/cs/ntjiheng.png HTTP/1.1" 404 1020
216.245.221.92 - - [07/Jun/2022:03:48:23 -0500] "HEAD / HTTP/1.1" 200 -
66.249.65.13 - - [07/Jun/2022:03:48:44 -0500] "-" 408 -
172.22.2.4 - - [07/Jun/2022:03:50:57 -0500] "HEAD /BLA/boletinlegal/ HTTP/1.1" 200 -
216.245.221.92 - - [07/Jun/2022:03:53:23 -0500] "HEAD / HTTP/1.1" 200 -
172.22.2.4 - - [07/Jun/2022:03:51:47 -0500] "GET /BLA/boletinlegal/ HTTP/1.1" 200 58482
66.249.65.13 - - [07/Jun/2022:03:54:24 -0500] "-" 408 -
216.245.221.92 - - [07/Jun/2022:03:58:23 -0500] "HEAD / HTTP/1.1" 200 -
172.22.2.4 - - [07/Jun/2022:03:56:47 -0500] "HEAD /BLA/boletinlegal/ HTTP/1.1" 200 -
172.22.2.4 - - [07/Jun/2022:03:57:37 -0500] "GET /BLA/boletinlegal/ HTTP/1.1" 200 58482
35.204.225.75 - - [07/Jun/2022:04:00:07 -0500] "GET / HTTP/1.1" 200 319
66.249.65.13 - - [07/Jun/2022:04:02:06 -0500] "-" 408 -
13.66.162.184 - - [07/Jun/2022:04:02:16 -0500] "GET /BLA/resoluciones/RESOLUCIONES%20CONJUNTAS/Resolucion%20conjunta%20No.%20001-2017.pdf HTTP/1.1" 200 332456
13.66.162.184 - - [07/Jun/2022:04:03:15 -0500] "GET /BLA/resoluciones/RESOLUCIONES%202021/2903.pdf HTTP/1.1" 200 474460
216.245.221.92 - - [07/Jun/2022:04:03:23 -0500] "HEAD / HTTP/1.1" 200 -
172.22.2.4 - - [07/Jun/2022:04:02:37 -0500] "HEAD /BLA/boletinlegal/ HTTP/1.1" 200 -
173.252.107.1 - - [07/Jun/2022:04:04:20 -0500] "GET /images/humedales-agua-14-diciembre.jpg HTTP/1.1" 200 111054
173.252.107.23 - - [07/Jun/2022:04:04:21 -0500] "GET /images/Novenas1.jpg HTTP/1.1" 200 133200
173.252.107.119 - - [07/Jun/2022:04:04:23 -0500] "GET /images/Aniversario1.jpg HTTP/1.1" 200 103242
173.252.107.21 - - [07/Jun/2022:04:04:29 -0500] "GET /images/oso-peresozo-25-nov.jpg HTTP/1.1" 200 301880
173.252.107.5 - - [07/Jun/2022:04:04:31 -0500] "GET /images/publicidad-exterior-visual-colash-22-noviembre.jpg HTTP/1.1" 200 44629
173.252.107.4 - - [07/Jun/2022:04:04:32 -0500] "GET /images/pieza-grafica-noviembre-17.jpg HTTP/1.1" 200 48558
173.252.107.6 - - [07/Jun/2022:04:04:33 -0500] "GET /images/pieza-mujeres-reverdecen-falso.jpg HTTP/1.1" 200 132707
173.252.107.3 - - [07/Jun/2022:04:04:36 -0500] "GET /images/Sumapaz.jpg HTTP/1.1" 200 84378
173.252.107.15 - - [07/Jun/2022:04:04:37 -0500] "GET /images/residuos-construccion-demolicion-control-bogota.jpeg HTTP/1.1" 200 79264
173.252.107.19 - - [07/Jun/2022:04:04:38 -0500] "GET /images/buenas-practicas-ambientales-3-noviembre.png HTTP/1.1" 200 183375
173.252.107.119 - - [07/Jun/2022:04:04:41 -0500] "GET /images/PAC1.jpeg HTTP/1.1" 200 66191
173.252.107.14 - - [07/Jun/2022:04:04:45 -0500] "GET /images/Global-big.jpg HTTP/1.1" 200 67381
173.252.107.16 - - [07/Jun/2022:04:04:47 -0500] "GET /images/bogota-aire-habitos-7-septiembre.jpg HTTP/1.1" 200 45647
173.252.107.3 - - [07/Jun/2022:04:04:47 -0500] "GET /images/dinamizadores-ambientales-capacitaciones-7-octubre.jpg HTTP/1.1" 200 82767
173.252.107.20 - - [07/Jun/2022:04:04:47 -0500] "GET /images/pot-intervencion-secretaria-5-octubre.jpg HTTP/1.1" 200 117709
173.252.107.120 - - [07/Jun/2022:04:04:49 -0500] "GET /images/pot-humedales-2-octubre.jpg HTTP/1.1" 200 53089
180.149.125.166 - - [07/Jun/2022:04:05:03 -0500] "GET /stalker_portal/server/tools/auth_simple.php HTTP/1.1" 404 1018
172.22.2.4 - - [07/Jun/2022:04:03:27 -0500] "GET /BLA/boletinlegal/ HTTP/1.1" 200 60581
173.252.107.13 - - [07/Jun/2022:04:07:10 -0500] "GET /BLA/resoluciones/RESOLUCIONES%202019/3918.pdf HTTP/1.1" 206 258617
173.252.107.13 - - [07/Jun/2022:04:07:10 -0500] "GET /BLA/resoluciones/RESOLUCIONES%202019/3918.pdf HTTP/1.1" 206 258617
173.252.107.1 - - [07/Jun/2022:04:07:11 -0500] "GET /BLA/resoluciones/RESOLUCIONES%202019/3918.pdf HTTP/1.1" 206 258617
137.184.6.182 - - [07/Jun/2022:04:07:50 -0500] "GET /static/cs/ntjiheng.png HTTP/1.1" 404 1020
172.22.2.4 - - [07/Jun/2022:04:07:18 -0500] "GET /BLA/boletinlegal/ HTTP/1.1" 200 36811
216.245.221.92 - - [07/Jun/2022:04:08:23 -0500] "HEAD / HTTP/1.1" 200 -
