!C99Shell v. 1.0 pre-release build #13!

Software: Apache. PHP/5.5.15 

uname -a: Windows NT SVR-DMZ 6.1 build 7600 (Windows Server 2008 R2 Enterprise Edition) i586 

SYSTEM 

Safe-mode: OFF (not secure)

E:\nuevo\apache\logs\   drwxrwxrwx
Free 9.41 GB of 239.26 GB (3.93%)
Detected drives: [ a ] [ c ] [ d ] [ e ] [ f ]
Home    Back    Forward    UPDIR    Refresh    Search    Buffer    Encoder    Tools    Proc.    FTP brute    Sec.    SQL    PHP-code    Update    Feedback    Self remove    Logout    


Viewing file:     access.2022.06.09.log (1.64 MB)      -rw-rw-rw-
Select action/file-type:
(+) | (+) | (+) | Code (+) | Session (+) | (+) | SDB (+) | (+) | (+) | (+) | (+) | (+) |
172.22.2.4 - - [09/Jun/2022:00:00:06 -0500] "HEAD /BLA/boletinlegal/ HTTP/1.1" 200 -
172.22.2.4 - - [09/Jun/2022:00:00:56 -0500] "GET /BLA/boletinlegal/ HTTP/1.1" 200 60973
216.245.221.92 - - [09/Jun/2022:00:02:59 -0500] "HEAD / HTTP/1.1" 200 -
179.19.136.227 - - [09/Jun/2022:00:03:36 -0500] "-" 408 -
179.19.136.227 - - [09/Jun/2022:00:03:36 -0500] "-" 408 -
157.55.39.127 - - [09/Jun/2022:00:04:44 -0500] "GET /bla/resoluciones/resoluciones%201998/0882.pdf HTTP/1.1" 304 -
191.95.57.38 - - [09/Jun/2022:00:05:15 -0500] "GET /dia-mundial-del-medio-ambiente-con-3-500-beneficiarias-comienza-la-segunda-fase-de-mujeres-que-reverdecen.html HTTP/1.1" 200 845
60.217.75.69 - - [09/Jun/2022:00:05:23 -0500] "GET / HTTP/1.1" 200 319
172.22.2.4 - - [09/Jun/2022:00:05:56 -0500] "HEAD /BLA/boletinlegal/ HTTP/1.1" 200 -
216.245.221.92 - - [09/Jun/2022:00:07:59 -0500] "HEAD / HTTP/1.1" 200 -
172.22.2.4 - - [09/Jun/2022:00:06:46 -0500] "GET /BLA/boletinlegal/ HTTP/1.1" 200 58482
35.208.187.63 - - [09/Jun/2022:00:09:03 -0500] "HEAD /BLA/resoluciones/RESOLUCIONES%202017/0520.pdf HTTP/1.1" 200 -
40.77.107.38 - - [09/Jun/2022:00:11:24 -0500] "GET /galeria/galeria/fotos/juan-amarillo2P.jpg HTTP/1.1" 200 32696
40.77.107.38 - - [09/Jun/2022:00:11:24 -0500] "GET /galeria/galeria/fotos/juan-amarillo1P.jpg HTTP/1.1" 200 30845
40.77.107.38 - - [09/Jun/2022:00:11:24 -0500] "GET /galeria/galeria/fotos/juan-amarillo3P.jpg HTTP/1.1" 200 28033
40.77.107.38 - - [09/Jun/2022:00:11:24 -0500] "GET /galeria/galeria/fotos/juan-amarillo4P.jpg HTTP/1.1" 200 23811
191.156.189.75 - - [09/Jun/2022:00:12:26 -0500] "-" 408 -
117.148.130.28 - - [09/Jun/2022:00:12:27 -0500] "GET /imagenes/Turnbo1.gif HTTP/1.1" 404 326
152.61.192.232 - - [09/Jun/2022:00:12:48 -0500] "GET / HTTP/1.1" 200 319
216.245.221.92 - - [09/Jun/2022:00:12:59 -0500] "HEAD / HTTP/1.1" 200 -
172.22.2.4 - - [09/Jun/2022:00:11:46 -0500] "HEAD /BLA/boletinlegal/ HTTP/1.1" 200 -
172.22.2.4 - - [09/Jun/2022:00:12:36 -0500] "GET /BLA/boletinlegal/ HTTP/1.1" 200 60973
222.175.199.226 - - [09/Jun/2022:00:15:22 -0500] "GET / HTTP/1.1" 200 319
152.61.128.50 - - [09/Jun/2022:00:16:11 -0500] "GET / HTTP/1.1" 200 319
216.245.221.92 - - [09/Jun/2022:00:17:59 -0500] "HEAD / HTTP/1.1" 200 -
172.22.2.4 - - [09/Jun/2022:00:18:05 -0500] "GET /BLA/boletinlegal/robots.txt HTTP/1.1" 404 1038
172.22.2.4 - - [09/Jun/2022:00:18:05 -0500] "GET /BLA/boletinlegal/images/tel.png HTTP/1.1" 200 14477
172.22.2.4 - - [09/Jun/2022:00:17:36 -0500] "HEAD /BLA/boletinlegal/ HTTP/1.1" 200 -
66.249.65.17 - - [09/Jun/2022:00:19:42 -0500] "-" 408 -
172.22.2.4 - - [09/Jun/2022:00:18:26 -0500] "GET /BLA/boletinlegal/ HTTP/1.1" 200 58482
207.46.13.134 - - [09/Jun/2022:00:21:11 -0500] "GET /portaldeninos/humedal-juan-amarillo-2/ HTTP/1.1" 200 88356
201.245.192.253 - - [09/Jun/2022:00:21:44 -0500] "POST /kwsrmcab/Wsrmcab HTTP/1.1" 200 46707
216.245.221.92 - - [09/Jun/2022:00:22:59 -0500] "HEAD / HTTP/1.1" 200 -
172.22.2.4 - - [09/Jun/2022:00:23:00 -0500] "GET /BLA/boletinlegal/images/icono-email.png HTTP/1.1" 200 5544
201.245.192.253 - - [09/Jun/2022:00:22:32 -0500] "POST /kwsrmcab/Wsrmcab HTTP/1.1" 200 47379
172.22.2.4 - - [09/Jun/2022:00:23:58 -0500] "GET /BLA/boletinlegal/images/abajo.png HTTP/1.1" 200 96676
172.22.2.4 - - [09/Jun/2022:00:23:26 -0500] "HEAD /BLA/boletinlegal/ HTTP/1.1" 200 -
172.22.2.4 - - [09/Jun/2022:00:24:16 -0500] "GET /BLA/boletinlegal/ HTTP/1.1" 200 57156
34.91.116.36 - - [09/Jun/2022:00:27:20 -0500] "GET / HTTP/1.1" 200 319
172.22.2.4 - - [09/Jun/2022:00:27:50 -0500] "GET /BLA/boletinlegal/images/launch.jpg HTTP/1.1" 200 14577
216.245.221.92 - - [09/Jun/2022:00:27:59 -0500] "HEAD / HTTP/1.1" 200 -
64.124.8.31 - - [09/Jun/2022:00:30:42 -0500] "GET /portaldeninos/wp-content/uploads/2019/08/Logo-Ambientic.png HTTP/1.1" 200 22941
172.22.2.4 - - [09/Jun/2022:00:29:16 -0500] "HEAD /BLA/boletinlegal/ HTTP/1.1" 200 -
172.22.2.4 - - [09/Jun/2022:00:30:06 -0500] "GET /BLA/boletinlegal/ HTTP/1.1" 200 60973
201.245.192.253 - - [09/Jun/2022:00:31:44 -0500] "POST /kwsrmcab/Wsrmcab HTTP/1.1" 200 46707
216.245.221.92 - - [09/Jun/2022:00:32:59 -0500] "HEAD / HTTP/1.1" 200 -
201.245.192.253 - - [09/Jun/2022:00:32:32 -0500] "POST /kwsrmcab/Wsrmcab HTTP/1.1" 200 47379
66.249.65.13 - - [09/Jun/2022:00:34:50 -0500] "-" 408 -
172.22.2.4 - - [09/Jun/2022:00:35:06 -0500] "HEAD /BLA/boletinlegal/ HTTP/1.1" 200 -
172.22.2.4 - - [09/Jun/2022:00:35:56 -0500] "GET /BLA/boletinlegal/ HTTP/1.1" 200 60973
64.124.8.29 - - [09/Jun/2022:00:37:47 -0500] "GET /BLA/boletinlegal/images/screen_1.png HTTP/1.1" 200 202547
216.245.221.92 - - [09/Jun/2022:00:37:59 -0500] "HEAD / HTTP/1.1" 200 -
40.77.167.79 - - [09/Jun/2022:00:39:15 -0500] "GET / HTTP/1.1" 200 319
66.249.65.13 - - [09/Jun/2022:00:41:03 -0500] "-" 408 -
157.55.39.127 - - [09/Jun/2022:00:41:44 -0500] "GET /bla/resoluciones/resoluciones%201998/RESOLUCION%20105%20DE%201998.pdf HTTP/1.1" 304 -
201.245.192.253 - - [09/Jun/2022:00:41:44 -0500] "POST /kwsrmcab/Wsrmcab HTTP/1.1" 200 46707
172.22.2.4 - - [09/Jun/2022:00:40:56 -0500] "HEAD /BLA/boletinlegal/ HTTP/1.1" 200 -
190.145.24.148 - - [09/Jun/2022:00:42:40 -0500] "GET / HTTP/1.1" 200 319
190.145.24.148 - - [09/Jun/2022:00:42:40 -0500] "GET / HTTP/1.1" 200 319
190.145.24.148 - - [09/Jun/2022:00:42:40 -0500] "GET / HTTP/1.1" 200 319
190.145.24.148 - - [09/Jun/2022:00:42:40 -0500] "GET / HTTP/1.1" 200 319
216.245.221.92 - - [09/Jun/2022:00:42:59 -0500] "HEAD / HTTP/1.1" 200 -
201.245.192.253 - - [09/Jun/2022:00:42:35 -0500] "POST /kwsrmcab/Wsrmcab HTTP/1.1" 200 47379
172.22.2.4 - - [09/Jun/2022:00:41:46 -0500] "GET /BLA/boletinlegal/ HTTP/1.1" 200 60973
64.124.8.29 - - [09/Jun/2022:00:44:06 -0500] "GET /BLA/boletinlegal/images/pdf.gif HTTP/1.1" 200 567
143.198.34.90 - - [09/Jun/2022:00:44:50 -0500] "GET /portaldeninos/ HTTP/1.1" 200 109662
191.156.150.173 - - [09/Jun/2022:00:45:52 -0500] "-" 408 -
216.245.221.92 - - [09/Jun/2022:00:47:59 -0500] "HEAD / HTTP/1.1" 200 -
157.55.39.8 - - [09/Jun/2022:00:48:04 -0500] "GET /BLA/resoluciones/400-449.tif HTTP/1.1" 404 1018
207.46.13.137 - - [09/Jun/2022:00:48:12 -0500] "GET /BLA/resoluciones/ HTTP/1.1" 200 13093
157.55.39.8 - - [09/Jun/2022:00:48:05 -0500] "GET /BLA/resoluciones/index.php?dir=RESOLUCIONES+2008%2F HTTP/1.1" 200 749515
157.55.39.127 - - [09/Jun/2022:00:48:15 -0500] "GET /BLA/resoluciones/index.php?dir=AUTOS+2010%2F HTTP/1.1" 200 276290
172.22.2.4 - - [09/Jun/2022:00:46:46 -0500] "HEAD /BLA/boletinlegal/ HTTP/1.1" 200 -
207.46.13.137 - - [09/Jun/2022:00:48:41 -0500] "GET /galeria/galeria/fotos/1GuaymaralTorcaG1.jpg HTTP/1.1" 200 36592
66.249.65.13 - - [09/Jun/2022:00:48:42 -0500] "-" 408 -
172.22.2.4 - - [09/Jun/2022:00:47:36 -0500] "GET /BLA/boletinlegal/ HTTP/1.1" 200 49000
207.46.13.137 - - [09/Jun/2022:00:48:14 -0500] "GET /BLA/boletinlegal/index.php HTTP/1.1" 200 52557
207.46.13.137 - - [09/Jun/2022:00:50:01 -0500] "GET /BLA/resoluciones/index.php?dir=AUTOS+2011%2F HTTP/1.1" 200 632181
157.55.39.127 - - [09/Jun/2022:00:50:26 -0500] "GET /BLA/resoluciones/RESOLUCIONES%202000/2000%202700-2749.tif HTTP/1.1" 200 3928129
172.22.2.4 - - [09/Jun/2022:00:52:32 -0500] "GET /BLA/boletinlegal/images/registro-usuarios.png HTTP/1.1" 200 8106
216.245.221.92 - - [09/Jun/2022:00:52:59 -0500] "HEAD / HTTP/1.1" 200 -
172.22.2.4 - - [09/Jun/2022:00:52:36 -0500] "HEAD /BLA/boletinlegal/ HTTP/1.1" 200 -
2.56.57.72 - - [09/Jun/2022:00:54:27 -0500] "POST /boaform/admin/formLogin HTTP/1.1" 404 1186
172.22.2.4 - - [09/Jun/2022:00:53:26 -0500] "GET /BLA/boletinlegal/ HTTP/1.1" 200 58482
40.64.91.96 - - [09/Jun/2022:00:56:15 -0500] "GET /galeria/galeria/fotos/Movilizacion2G.jpg HTTP/1.1" 200 131743
93.160.62.190 - - [09/Jun/2022:00:56:44 -0500] "GET /.env HTTP/1.1" 404 1018
93.160.62.190 - - [09/Jun/2022:00:56:44 -0500] "POST / HTTP/1.1" 200 319
216.245.221.92 - - [09/Jun/2022:00:57:59 -0500] "HEAD / HTTP/1.1" 200 -
152.61.192.232 - - [09/Jun/2022:00:58:37 -0500] "GET /arcgis/services/Calidad_del_Agua_WQI/MapServer/WMSServer?request=GetCapabilities&service=WMS HTTP/1.1" 503 1020
152.61.192.232 - - [09/Jun/2022:00:58:39 -0500] "GET /arcgis/services/Calidad_del_Agua_WQI/MapServer/WMSServer?SERVICE=WMS&REQUEST=GetCapabilities HTTP/1.1" 503 1020
152.61.192.232 - - [09/Jun/2022:00:58:39 -0500] "GET /arcgis/services/Calidad_del_Agua_WQI/MapServer/WMSServer?WMTVER=1.0.0&REQUEST=capabilities HTTP/1.1" 503 1020
40.64.91.5 - - [09/Jun/2022:00:59:25 -0500] "GET /galeria/galeria/fotos/Capellania1G.jpg HTTP/1.1" 200 373859
172.22.2.4 - - [09/Jun/2022:00:58:26 -0500] "HEAD /BLA/boletinlegal/ HTTP/1.1" 200 -
172.22.2.4 - - [09/Jun/2022:00:59:16 -0500] "GET /BLA/boletinlegal/ HTTP/1.1" 200 57156
216.245.221.92 - - [09/Jun/2022:01:02:59 -0500] "HEAD / HTTP/1.1" 200 -
66.249.65.13 - - [09/Jun/2022:01:03:55 -0500] "-" 408 -
152.61.128.50 - - [09/Jun/2022:01:05:10 -0500] "GET /arcgis/services/Calidad_del_Agua_WQI/MapServer/WMSServer?request=GetCapabilities&service=WMS HTTP/1.1" 503 1020
152.61.128.50 - - [09/Jun/2022:01:05:11 -0500] "GET /arcgis/services/Calidad_del_Agua_WQI/MapServer/WMSServer?SERVICE=WMS&REQUEST=GetCapabilities HTTP/1.1" 503 1020
152.61.128.50 - - [09/Jun/2022:01:05:11 -0500] "GET /arcgis/services/Calidad_del_Agua_WQI/MapServer/WMSServer?WMTVER=1.0.0&REQUEST=capabilities HTTP/1.1" 503 1020
172.22.2.4 - - [09/Jun/2022:01:04:16 -0500] "HEAD /BLA/boletinlegal/ HTTP/1.1" 200 -
157.55.39.215 - - [09/Jun/2022:01:05:56 -0500] "GET /dia-mundial-del-medio-ambiente-con-3-500-beneficiarias-comienza-la-segunda-fase-de-mujeres-que-reverdecen.html HTTP/1.1" 200 845
64.124.8.29 - - [09/Jun/2022:01:06:07 -0500] "GET /BLA/boletinlegal/images/launch.jpg HTTP/1.1" 200 14577
193.106.191.48 - - [09/Jun/2022:01:06:21 -0500] "GET /vendor/phpunit/phpunit/src/Util/PHP/eval-stdin.php HTTP/1.1" 404 1018
172.22.2.4 - - [09/Jun/2022:01:06:30 -0500] "GET /BLA/boletinlegal/images/pdf.gif HTTP/1.1" 200 567
172.22.2.4 - - [09/Jun/2022:01:05:06 -0500] "GET /BLA/boletinlegal/ HTTP/1.1" 200 60973
216.245.221.92 - - [09/Jun/2022:01:07:59 -0500] "HEAD / HTTP/1.1" 200 -
172.22.2.4 - - [09/Jun/2022:01:09:55 -0500] "GET /BLA/boletinlegal/solr/ HTTP/1.1" 404 1018
66.249.65.13 - - [09/Jun/2022:01:10:43 -0500] "-" 408 -
157.55.39.127 - - [09/Jun/2022:01:11:36 -0500] "GET /BLA/ HTTP/1.1" 200 538
172.22.2.4 - - [09/Jun/2022:01:10:06 -0500] "HEAD /BLA/boletinlegal/ HTTP/1.1" 200 -
40.64.91.5 - - [09/Jun/2022:01:12:35 -0500] "GET /galeria/galeria/fotos/Movilizacion14G.jpg HTTP/1.1" 200 155911
172.22.2.4 - - [09/Jun/2022:01:10:56 -0500] "GET /BLA/boletinlegal/ HTTP/1.1" 200 49384
216.245.221.92 - - [09/Jun/2022:01:12:59 -0500] "HEAD / HTTP/1.1" 200 -
172.22.2.4 - - [09/Jun/2022:01:13:08 -0500] "GET /BLA/boletinlegal/images/historia.png HTTP/1.1" 200 52775
207.46.13.137 - - [09/Jun/2022:01:11:53 -0500] "GET /BLA/boletinlegal/index.php HTTP/1.1" 200 54215
172.22.2.4 - - [09/Jun/2022:01:14:59 -0500] "GET /BLA/boletinlegal/images/subscribe-icon-big.png HTTP/1.1" 200 47702
157.55.39.8 - - [09/Jun/2022:01:16:57 -0500] "GET /galeria/galeria/fotos/Humedal-Tibanica2P.jpg HTTP/1.1" 200 29568
172.22.2.4 - - [09/Jun/2022:01:15:56 -0500] "HEAD /BLA/boletinlegal/ HTTP/1.1" 200 -
207.46.13.67 - - [09/Jun/2022:01:17:41 -0500] "GET /garza-azul-nueva-ave-registrada-en-el-humedal-el-burro.html HTTP/1.1" 200 890
216.245.221.92 - - [09/Jun/2022:01:17:59 -0500] "HEAD / HTTP/1.1" 200 -
172.22.2.4 - - [09/Jun/2022:01:16:46 -0500] "GET /BLA/boletinlegal/ HTTP/1.1" 200 60973
66.249.65.13 - - [09/Jun/2022:01:21:17 -0500] "-" 408 -
201.245.192.253 - - [09/Jun/2022:01:21:44 -0500] "POST /kwsrmcab/Wsrmcab HTTP/1.1" 200 46389
216.245.221.92 - - [09/Jun/2022:01:22:59 -0500] "HEAD / HTTP/1.1" 200 -
201.245.192.253 - - [09/Jun/2022:01:22:35 -0500] "POST /kwsrmcab/Wsrmcab HTTP/1.1" 200 47550
172.22.2.4 - - [09/Jun/2022:01:21:46 -0500] "HEAD /BLA/boletinlegal/ HTTP/1.1" 200 -
172.22.2.4 - - [09/Jun/2022:01:22:36 -0500] "GET /BLA/boletinlegal/ HTTP/1.1" 200 54933
172.22.2.4 - - [09/Jun/2022:01:24:28 -0500] "GET /BLA/boletinlegal/xmlrpc.php HTTP/1.1" 404 1038
40.77.189.36 - - [09/Jun/2022:01:27:44 -0500] "GET /BLA/boletinlegal/js/jquery.js HTTP/1.1" 200 57254
40.77.189.36 - - [09/Jun/2022:01:27:44 -0500] "GET /BLA/boletinlegal/js/jquery.scrollTo-min.js HTTP/1.1" 200 1150
216.245.221.92 - - [09/Jun/2022:01:27:59 -0500] "HEAD / HTTP/1.1" 200 -
66.249.65.13 - - [09/Jun/2022:01:28:27 -0500] "-" 408 -
172.22.2.4 - - [09/Jun/2022:01:27:36 -0500] "HEAD /BLA/boletinlegal/ HTTP/1.1" 200 -
193.106.191.48 - - [09/Jun/2022:01:29:46 -0500] "GET /solr/admin/info/system?wt=json HTTP/1.1" 404 1018
79.110.73.43 - - [09/Jun/2022:01:29:54 -0500] "GET /bla/resoluciones/resoluciones%202012/1450.pdf HTTP/1.1" 200 370413
172.22.2.4 - - [09/Jun/2022:01:28:26 -0500] "GET /BLA/boletinlegal/ HTTP/1.1" 200 58482
157.55.39.77 - - [09/Jun/2022:01:32:10 -0500] "GET /images/pieza-sostenibilidad-21-octubre.jpg HTTP/1.1" 200 37769
201.245.192.253 - - [09/Jun/2022:01:31:44 -0500] "POST /kwsrmcab/Wsrmcab HTTP/1.1" 200 46389
216.245.221.92 - - [09/Jun/2022:01:32:59 -0500] "HEAD / HTTP/1.1" 200 -
201.245.192.253 - - [09/Jun/2022:01:32:35 -0500] "POST /kwsrmcab/Wsrmcab HTTP/1.1" 200 47550
40.77.167.79 - - [09/Jun/2022:01:34:20 -0500] "GET / HTTP/1.1" 200 319
66.249.65.13 - - [09/Jun/2022:01:34:45 -0500] "-" 408 -
172.22.2.4 - - [09/Jun/2022:01:33:26 -0500] "HEAD /BLA/boletinlegal/ HTTP/1.1" 200 -
172.22.2.4 - - [09/Jun/2022:01:34:17 -0500] "GET /BLA/boletinlegal/ HTTP/1.1" 200 60973
172.22.2.4 - - [09/Jun/2022:01:36:38 -0500] "GET /BLA/boletinlegal/owa/auth/logon.aspx?replaceCurrent=1&url=https://186.28.229.121/ecp HTTP/1.1" 404 1018
172.22.2.4 - - [09/Jun/2022:01:36:26 -0500] "GET /BLA/boletinlegal/ HTTP/1.1" 200 36811
172.22.2.4 - - [09/Jun/2022:01:37:51 -0500] "GET /BLA/boletinlegal/robots.txt HTTP/1.1" 404 1140
216.245.221.92 - - [09/Jun/2022:01:37:59 -0500] "HEAD / HTTP/1.1" 200 -
172.22.2.4 - - [09/Jun/2022:01:38:14 -0500] "GET /BLA/boletinlegal/robots.txt HTTP/1.1" 404 1037
172.22.2.4 - - [09/Jun/2022:01:38:14 -0500] "GET /BLA/boletinlegal/robots.txt HTTP/1.1" 404 1037
172.22.2.4 - - [09/Jun/2022:01:38:18 -0500] "GET /BLA/boletinlegal/Circulares/2010/Circular%2006%20de%208%20de%20septiembre%20de%202010.pdf HTTP/1.1" 200 4657752
172.22.2.4 - - [09/Jun/2022:01:39:53 -0500] "GET /BLA/boletinlegal/jurisprudencia/analisis/CUADRO%20SENTENCIA%20T-299%20DE%202008.doc HTTP/1.1" 200 40960
172.22.2.4 - - [09/Jun/2022:01:39:16 -0500] "HEAD /BLA/boletinlegal/ HTTP/1.1" 200 -
66.249.65.13 - - [09/Jun/2022:01:41:20 -0500] "-" 408 -
207.46.13.137 - - [09/Jun/2022:01:41:36 -0500] "GET /bla/resoluciones/resoluciones%202007/res%202007%204101%20al%204200/RESOLUCION%204167%20DE%202007.pdf HTTP/1.1" 200 664204
172.22.2.4 - - [09/Jun/2022:01:40:06 -0500] "GET /BLA/boletinlegal/ HTTP/1.1" 200 57156
172.22.2.4 - - [09/Jun/2022:01:41:22 -0500] "GET /BLA/boletinlegal/ HTTP/1.1" 200 24523
201.245.192.253 - - [09/Jun/2022:01:41:44 -0500] "POST /kwsrmcab/Wsrmcab HTTP/1.1" 200 46389
216.245.221.92 - - [09/Jun/2022:01:42:59 -0500] "HEAD / HTTP/1.1" 200 -
201.245.192.253 - - [09/Jun/2022:01:42:35 -0500] "POST /kwsrmcab/Wsrmcab HTTP/1.1" 200 47550
40.77.167.21 - - [09/Jun/2022:01:44:59 -0500] "GET /bla/resoluciones/dlf/styles.css HTTP/1.1" 200 3049
172.22.2.4 - - [09/Jun/2022:01:45:06 -0500] "HEAD /BLA/boletinlegal/ HTTP/1.1" 200 -
172.22.2.4 - - [09/Jun/2022:01:45:56 -0500] "GET /BLA/boletinlegal/ HTTP/1.1" 200 60973
216.245.221.92 - - [09/Jun/2022:01:47:59 -0500] "HEAD / HTTP/1.1" 200 -
172.22.2.4 - - [09/Jun/2022:01:50:56 -0500] "HEAD /BLA/boletinlegal/ HTTP/1.1" 200 -
216.245.221.92 - - [09/Jun/2022:01:52:59 -0500] "HEAD / HTTP/1.1" 200 -
172.22.2.4 - - [09/Jun/2022:01:51:46 -0500] "GET /BLA/boletinlegal/ HTTP/1.1" 200 58482
66.249.65.13 - - [09/Jun/2022:01:54:00 -0500] "-" 408 -
69.63.184.5 - - [09/Jun/2022:01:55:07 -0500] "GET /secretaria-de-ambiente-capacito-a-200-personas-privadas-de-la-libertad-en-la-carcel-la-modelo.html HTTP/1.1" 206 956
216.245.221.92 - - [09/Jun/2022:01:57:59 -0500] "HEAD / HTTP/1.1" 200 -
172.22.2.4 - - [09/Jun/2022:01:56:46 -0500] "HEAD /BLA/boletinlegal/ HTTP/1.1" 200 -
172.22.2.4 - - [09/Jun/2022:01:57:36 -0500] "GET /BLA/boletinlegal/ HTTP/1.1" 200 57520
117.148.130.28 - - [09/Jun/2022:02:00:25 -0500] "GET /images/FORO HTTP/1.1" 404 1018
80.94.93.250 - - [09/Jun/2022:02:00:29 -0500] "GET /admin/config.php HTTP/1.1" 404 1018
117.148.130.28 - - [09/Jun/2022:02:00:32 -0500] "GET /images/Banner HTTP/1.1" 404 1018
216.245.221.92 - - [09/Jun/2022:02:02:59 -0500] "HEAD / HTTP/1.1" 200 -
172.22.2.4 - - [09/Jun/2022:02:02:36 -0500] "HEAD /BLA/boletinlegal/ HTTP/1.1" 200 -
172.22.2.4 - - [09/Jun/2022:02:03:26 -0500] "GET /BLA/boletinlegal/ HTTP/1.1" 200 58482
193.106.191.48 - - [09/Jun/2022:02:06:44 -0500] "GET /index.php?s=/Index/\\think\\app/invokefunction&function=call_user_func_array&vars[0]=md5&vars[1][]=HelloThinkPHP21 HTTP/1.1" 404 1018
216.245.221.92 - - [09/Jun/2022:02:07:59 -0500] "HEAD / HTTP/1.1" 200 -
157.55.39.8 - - [09/Jun/2022:02:08:03 -0500] "GET /BLA/resoluciones/AUTOS%202016/1149.pdf HTTP/1.1" 304 -
172.22.2.4 - - [09/Jun/2022:02:08:26 -0500] "HEAD /BLA/boletinlegal/ HTTP/1.1" 200 -
64.124.8.31 - - [09/Jun/2022:02:10:32 -0500] "-" 408 -
172.22.2.4 - - [09/Jun/2022:02:09:16 -0500] "GET /BLA/boletinlegal/ HTTP/1.1" 200 60581
51.222.253.15 - - [09/Jun/2022:02:11:00 -0500] "-" 408 -
66.249.65.13 - - [09/Jun/2022:02:11:54 -0500] "-" 408 -
216.245.221.92 - - [09/Jun/2022:02:12:59 -0500] "HEAD / HTTP/1.1" 200 -
172.22.2.4 - - [09/Jun/2022:02:14:16 -0500] "HEAD /BLA/boletinlegal/ HTTP/1.1" 200 -
94.74.188.194 - - [09/Jun/2022:02:16:16 -0500] "GET / HTTP/1.1" 200 319
172.22.2.4 - - [09/Jun/2022:02:15:06 -0500] "GET /BLA/boletinlegal/ HTTP/1.1" 200 60973
20.80.137.110 - - [09/Jun/2022:02:17:07 -0500] "GET /galeria/galeria/fotos/Capellania4G.jpg HTTP/1.1" 200 567842
64.124.8.29 - - [09/Jun/2022:02:17:37 -0500] "-" 408 -
216.245.221.92 - - [09/Jun/2022:02:17:59 -0500] "HEAD / HTTP/1.1" 200 -
66.249.65.13 - - [09/Jun/2022:02:18:29 -0500] "-" 408 -
186.116.212.11 - - [09/Jun/2022:02:20:27 -0500] "GET /kwssiamovil/sm/ldap/au?x=U2FsdGVkX1/J/vKJoERPgj+algCOQ6b6EQYgqcw7DDDmj2T3cL7ebaZpZb78C7XU&y=U2FsdGVkX194K6Gt0lNnQw+bM+oDJvTy8AC2Y7r9lmw= HTTP/1.1" 200 30
186.116.212.11 - - [09/Jun/2022:02:20:27 -0500] "GET /kwssiamovil/sm/acme/s?s=U2FsdGVkX1/yOTJNqRRyuZk7c/NLgrEy0HIp/Ow2eEsuY0fkqA9evOn7D0vFj3gSCvq+dI1sGriTXC9vQrjC82GuLKtYtvq7Bc62A/jEgik=&u=U2FsdGVkX1+HAUIvLTupxr3XBDwT12/UJ7U5LS7oIZc=&y=U2FsdGVkX194K6Gt0lNnQw+bM+oDJvTy8AC2Y7r9lmw= HTTP/1.1" 200 97
186.116.212.11 - - [09/Jun/2022:02:20:27 -0500] "GET /kwssiamovil/sm/acme/s?s=U2FsdGVkX1/K6ivQ3mBOgqpohxal21OVXE5IDsNQvateJCmVACw+zUmmG59tCJuuRGE3IVElcZxBtDJU6hfU7axPOngpJHFq8RpsKt6NiYNPsB9sPZo0tpSeVRO253S/rmvE6ZqW8mkjd5jR907diaPaoBIhIWqJNT6jMa8qBOXimud6fnpMus+TQCNP7G0vTecFxkVok4x/yRIrhWbJX8RssUIv0SKLIRXu8T2Z5Wy81gOFL/4lBBV5FbiH7rLEwnUukwtCif+BnYqfjy3IbAQ61sfAtauvNze8Ax2dyB4KmW8yRTLli3FM6yDEydlTKKkSMupsWK+bqtAcVfEhN1oqKi++KZfC9cBVuQzLNNP1UREUOKV7XwZCQn0mgg0DIaJtws+x0cXFu85p6G1XkxF/0oavS+cNwT3HmcAz8DLgzlJBYoNCJ5G0buUBIhj8fa3tPiYiLh/hXiKqVnypSJjYZW3qFKLOUwn6+Sw/tHR/7E53vU9tugyW0jh3y0FATGC9SBH0bZ0nJd1tXGP0v061liBwtgnWRODIUs/qoTW9wFkzNmK6dCYBT2NXc/fMZvvue3YdRA9LNWoQfDyHT5BU7dEo677AF0jr1L3XKZdid2YriICu9RkknV5k/fyZfvmv8ChDHBJ93T0GNa96zaY6kIFYe1cxYNr3a2RSjtUOAcurbSwbmpYENAhBN/0Z/+mnXebIDsPbq6zJNKZ55ZOL3cjwSJU5kP/2aeT45xy3OoXWfvAn83Hx+jreqVDEfNsXupwo1Q5YF6/uvXVnUweZkAoMc+k4Xq6tr41i4xyLd5QYG9L+0kfXg8N/ALXKWrvKnTZSEc+IzRIEdQs2RibRfAkCBpsGf/B3GkJWQ45fKbqcc9MG+hQCzkWU7vdtUvKfIHYDZtcLW+VpAH8Amm8XGFJvxEkoSRV0qQ4pIhg/IgEGdHZDsjS7Rzr38PbuYZuv0tC2WWTJxEPKc41SzM7YaUpKF4W0DwaadurCXt3jr2ZryuQflVktjGADip1fij6L662GVGCKV2q/iaDbwFO26iKei+X6gfsY9Gh4lIqIE08V3E8jPOIw2Q57jSy4GIO1CcJ6MeI/zSZaV3u7pcr9NW1cLup0ZjEuG/I5hJVApdWZKichC2dI/YCUdXoFCIHJ/DGk0oETb0hrdLHdpFzJ2ADCfoG8ChUrXO4x8G1R4bTAt3JuEv0rUnWLO3vBKMR7ywD9eVhU2F2SIt7HGOONdty48fYBe2/beDUqK1/WV32krXYCcOmVrDAzI332lpzq4Kx9MbJe5ZXGBo1L+cutEWl1ZtWp/nppiwaGgp/thqSaSnNkiUQEgdrwAz+oFUGZ4cgjD+ZlJeaeB6hKjovYSTB+BGgypz0lgkNnpAo=&u=U2FsdGVkX1+HAUIvLTupxr3XBDwT12/UJ7U5LS7oIZc=&y=U2FsdGVkX194K6Gt0lNnQw+bM+oDJvTy8AC2Y7r9lmw= HTTP/1.1" 200 4395
186.116.212.11 - - [09/Jun/2022:02:20:28 -0500] "GET /kwssiamovil/sm/acme/s?s=U2FsdGVkX19nopjwNUhvWpynd3Roq3gvaiBT7WhqizlI7nVhZ+7mW7N1hTYGDJfklq+EdLMHyl9xeYs3B07Yc5qgkjlwEmzIRteqSnWtwGyxcHCjGk0LBAMlu2GOKKgZywFU+La+U9TCG3smB93c2d/qJodyGUFd2FfJ8mBUpnpPSZtHW37I8yJok6Xm++4AT/3FGb1bGMR/cFZzLBls8tBMN/EN1bxlUCZEF/2RMycEsnVtN59mZSMeuiCCLt5Q1zbg+dXtS3LiaWnCKMdq8QhczX2hwaVN/v84dqHG1mo=&u=U2FsdGVkX1+HAUIvLTupxr3XBDwT12/UJ7U5LS7oIZc=&y=U2FsdGVkX194K6Gt0lNnQw+bM+oDJvTy8AC2Y7r9lmw= HTTP/1.1" 200 176
186.116.212.11 - - [09/Jun/2022:02:20:28 -0500] "GET /kwssiamovil/sm/cjson/pre?f=1&x=U2FsdGVkX1/J/vKJoERPgj+algCOQ6b6EQYgqcw7DDDmj2T3cL7ebaZpZb78C7XU HTTP/1.1" 200 30992
172.22.2.4 - - [09/Jun/2022:02:20:06 -0500] "HEAD /BLA/boletinlegal/ HTTP/1.1" 200 -
173.252.111.118 - - [09/Jun/2022:02:21:50 -0500] "GET /asi-las-mujeres-que-reverdecen-cuidan-los-arboles-para-la-restauracion-ecologica-de-bogota.html HTTP/1.1" 206 911
173.252.111.3 - - [09/Jun/2022:02:21:50 -0500] "GET /asi-las-mujeres-que-reverdecen-cuidan-los-arboles-para-la-restauracion-ecologica-de-bogota.html HTTP/1.1" 206 911
173.252.111.3 - - [09/Jun/2022:02:21:51 -0500] "GET /images/mujer-reverdece-bogota-16-marzo.jpg HTTP/1.1" 200 54612
201.245.192.253 - - [09/Jun/2022:02:21:44 -0500] "POST /kwsrmcab/Wsrmcab HTTP/1.1" 200 46399
172.22.2.4 - - [09/Jun/2022:02:20:56 -0500] "GET /BLA/boletinlegal/ HTTP/1.1" 200 60973
193.106.191.48 - - [09/Jun/2022:02:22:57 -0500] "-" 408 -
216.245.221.92 - - [09/Jun/2022:02:22:59 -0500] "HEAD / HTTP/1.1" 200 -
201.245.192.253 - - [09/Jun/2022:02:22:30 -0500] "POST /kwsrmcab/Wsrmcab HTTP/1.1" 200 47549
172.22.2.4 - - [09/Jun/2022:02:22:57 -0500] "GET /BLA/boletinlegal/ HTTP/1.1" 200 20427
64.124.8.29 - - [09/Jun/2022:02:23:56 -0500] "-" 408 -
66.249.65.15 - - [09/Jun/2022:02:25:49 -0500] "-" 408 -
172.22.2.4 - - [09/Jun/2022:02:27:17 -0500] "GET /BLA/boletinlegal/.aws/credentials HTTP/1.1" 404 1018
172.22.2.4 - - [09/Jun/2022:02:25:56 -0500] "HEAD /BLA/boletinlegal/ HTTP/1.1" 200 -
216.245.221.92 - - [09/Jun/2022:02:27:59 -0500] "HEAD / HTTP/1.1" 200 -
157.55.39.8 - - [09/Jun/2022:02:28:04 -0500] "GET /catalogoisis/js/aceptarlimpiar.js HTTP/1.1" 200 331
172.22.2.4 - - [09/Jun/2022:02:26:46 -0500] "GET /BLA/boletinlegal/ HTTP/1.1" 200 58482
157.55.39.127 - - [09/Jun/2022:02:31:45 -0500] "GET /autoliquidacion/grupo%20forestal%20-%20industria%20de%20la%20madera/3-%20INSTRUCTIVO%20REGISTRO%20DE%20NUEVOS%20USUARIOS%20EN%20LA%20PLATAFORMA%20VITAL.pdf HTTP/1.1" 304 -
66.249.65.13 - - [09/Jun/2022:02:31:57 -0500] "-" 408 -
201.245.192.253 - - [09/Jun/2022:02:31:44 -0500] "POST /kwsrmcab/Wsrmcab HTTP/1.1" 200 46399
216.245.221.92 - - [09/Jun/2022:02:32:59 -0500] "HEAD / HTTP/1.1" 200 -
20.96.170.139 - - [09/Jun/2022:02:32:51 -0500] "GET /noticias/rssambiente.php HTTP/1.1" 406 -
20.96.170.139 - - [09/Jun/2022:02:32:51 -0500] "GET /noticias/rssambiente.php HTTP/1.1" 406 -
201.245.192.253 - - [09/Jun/2022:02:32:34 -0500] "POST /kwsrmcab/Wsrmcab HTTP/1.1" 200 47549
172.22.2.4 - - [09/Jun/2022:02:31:46 -0500] "HEAD /BLA/boletinlegal/ HTTP/1.1" 200 -
172.22.2.4 - - [09/Jun/2022:02:32:36 -0500] "GET /BLA/boletinlegal/ HTTP/1.1" 200 58482
193.106.191.48 - - [09/Jun/2022:02:36:54 -0500] "GET /?a=fetch&content=<php>die(@md5(HelloThinkCMF))</php> HTTP/1.1" 200 319
216.245.221.92 - - [09/Jun/2022:02:37:59 -0500] "HEAD / HTTP/1.1" 200 -
66.249.65.13 - - [09/Jun/2022:02:38:34 -0500] "-" 408 -
40.64.91.96 - - [09/Jun/2022:02:39:14 -0500] "GET /galeria/galeria/fotos/Humedal-Tibanica2G.jpg HTTP/1.1" 200 535148
172.22.2.4 - - [09/Jun/2022:02:37:36 -0500] "HEAD /BLA/boletinlegal/ HTTP/1.1" 200 -
172.22.2.4 - - [09/Jun/2022:02:38:26 -0500] "GET /BLA/boletinlegal/ HTTP/1.1" 200 60581
201.245.192.253 - - [09/Jun/2022:02:41:44 -0500] "POST /kwsrmcab/Wsrmcab HTTP/1.1" 200 46399
216.245.221.92 - - [09/Jun/2022:02:42:59 -0500] "HEAD / HTTP/1.1" 200 -
201.245.192.253 - - [09/Jun/2022:02:42:35 -0500] "POST /kwsrmcab/Wsrmcab HTTP/1.1" 200 47549
66.249.65.13 - - [09/Jun/2022:02:44:38 -0500] "-" 408 -
172.22.2.4 - - [09/Jun/2022:02:43:26 -0500] "HEAD /BLA/boletinlegal/ HTTP/1.1" 200 -
172.22.2.4 - - [09/Jun/2022:02:44:16 -0500] "GET /BLA/boletinlegal/ HTTP/1.1" 200 60973
64.124.8.29 - - [09/Jun/2022:02:45:58 -0500] "-" 408 -
173.252.107.14 - - [09/Jun/2022:02:46:49 -0500] "GET /images/pieza-grafica-semana-ambiental-30.jpg HTTP/1.1" 200 38850
173.252.107.11 - - [09/Jun/2022:02:46:54 -0500] "GET /images/arbolado-bogota-mayo-13.jpg HTTP/1.1" 200 62568
173.252.127.119 - - [09/Jun/2022:02:46:54 -0500] "GET /images/negocios-verdes-mayo-2022.jpg HTTP/1.1" 200 48000
216.245.221.92 - - [09/Jun/2022:02:47:59 -0500] "HEAD / HTTP/1.1" 200 -
66.249.65.13 - - [09/Jun/2022:02:50:29 -0500] "-" 408 -
172.22.2.4 - - [09/Jun/2022:02:49:16 -0500] "HEAD /BLA/boletinlegal/ HTTP/1.1" 200 -
172.22.2.4 - - [09/Jun/2022:02:50:06 -0500] "GET /BLA/boletinlegal/ HTTP/1.1" 200 60973
216.245.221.92 - - [09/Jun/2022:02:52:59 -0500] "HEAD / HTTP/1.1" 200 -
172.22.2.4 - - [09/Jun/2022:02:53:40 -0500] "GET /BLA/boletinlegal/jurisprudencia/analisis/Analisis%20Jurisprudencia%20Sent%202000-00005-01.doc HTTP/1.1" 304 -
66.249.65.15 - - [09/Jun/2022:02:56:40 -0500] "-" 408 -
172.22.2.4 - - [09/Jun/2022:02:55:06 -0500] "HEAD /BLA/boletinlegal/ HTTP/1.1" 200 -
172.22.2.4 - - [09/Jun/2022:02:55:56 -0500] "GET /BLA/boletinlegal/ HTTP/1.1" 200 60581
216.245.221.92 - - [09/Jun/2022:02:57:59 -0500] "HEAD / HTTP/1.1" 200 -
34.147.52.95 - - [09/Jun/2022:03:01:12 -0500] "GET / HTTP/1.1" 200 319
172.22.2.4 - - [09/Jun/2022:03:00:56 -0500] "HEAD /BLA/boletinlegal/ HTTP/1.1" 200 -
216.245.221.92 - - [09/Jun/2022:03:02:59 -0500] "HEAD / HTTP/1.1" 200 -
66.249.65.15 - - [09/Jun/2022:03:03:11 -0500] "-" 408 -
172.22.2.4 - - [09/Jun/2022:03:01:46 -0500] "GET /BLA/boletinlegal/ HTTP/1.1" 200 58482
20.252.0.201 - - [09/Jun/2022:03:07:03 -0500] "GET /galeria/galeria/fotos/Humedal-techo1G.jpg HTTP/1.1" 200 396540
216.245.221.92 - - [09/Jun/2022:03:07:59 -0500] "HEAD / HTTP/1.1" 200 -
172.22.2.4 - - [09/Jun/2022:03:06:46 -0500] "HEAD /BLA/boletinlegal/ HTTP/1.1" 200 -
40.64.91.224 - - [09/Jun/2022:03:08:56 -0500] "GET /galeria/galeria/fotos/diaSC2.jpg HTTP/1.1" 200 169077
172.22.2.4 - - [09/Jun/2022:03:07:36 -0500] "GET /BLA/boletinlegal/ HTTP/1.1" 200 58482
66.249.65.13 - - [09/Jun/2022:03:09:37 -0500] "-" 408 -
216.245.221.92 - - [09/Jun/2022:03:12:59 -0500] "HEAD / HTTP/1.1" 200 -
207.46.13.137 - - [09/Jun/2022:03:13:30 -0500] "GET /BLA/resoluciones/RESOLUCIONES%202000/2000%201900-1949.tif HTTP/1.1" 200 4383060
172.22.2.4 - - [09/Jun/2022:03:12:36 -0500] "HEAD /BLA/boletinlegal/ HTTP/1.1" 200 -
172.22.2.4 - - [09/Jun/2022:03:14:34 -0500] "GET /BLA/boletinlegal/jurisprudencia/analisis/analisis%20sentencia%20C-1007-2011-1.doc HTTP/1.1" 200 35328
172.22.2.4 - - [09/Jun/2022:03:13:26 -0500] "GET /BLA/boletinlegal/ HTTP/1.1" 200 60973
216.245.221.92 - - [09/Jun/2022:03:17:59 -0500] "HEAD / HTTP/1.1" 200 -
193.106.191.48 - - [09/Jun/2022:03:18:37 -0500] "GET /?XDEBUG_SESSION_START=phpstorm HTTP/1.1" 200 319
66.249.65.13 - - [09/Jun/2022:03:18:57 -0500] "-" 408 -
172.22.2.4 - - [09/Jun/2022:03:18:26 -0500] "HEAD /BLA/boletinlegal/ HTTP/1.1" 200 -
172.22.2.4 - - [09/Jun/2022:03:19:16 -0500] "GET /BLA/boletinlegal/ HTTP/1.1" 200 60581
157.55.39.215 - - [09/Jun/2022:03:21:08 -0500] "GET /portaldeninos/humedal-el-tunjo/ HTTP/1.1" 200 87862
157.55.39.198 - - [09/Jun/2022:03:21:10 -0500] "GET /portaldeninos/ HTTP/1.1" 200 109662
207.46.13.67 - - [09/Jun/2022:03:21:16 -0500] "GET /portaldeninos/2021/06/29/jasbleady-castaneda-una-mujer-que-le-pone-el-alma-a-la-proteccion-de-las-tinguas-azules/ HTTP/1.1" 200 108589
201.245.192.253 - - [09/Jun/2022:03:21:43 -0500] "POST /kwsrmcab/Wsrmcab HTTP/1.1" 200 46398
207.46.13.134 - - [09/Jun/2022:03:22:48 -0500] "GET /portaldeninos/wp-content/uploads/2021/11/flores-humedales-bogota-18-mayo-1200x480.jpg HTTP/1.1" 200 57593
216.245.221.92 - - [09/Jun/2022:03:22:59 -0500] "HEAD / HTTP/1.1" 200 -
201.245.192.253 - - [09/Jun/2022:03:22:31 -0500] "POST /kwsrmcab/Wsrmcab HTTP/1.1" 200 47548
193.106.191.48 - - [09/Jun/2022:03:25:39 -0500] "GET /console/ HTTP/1.1" 404 1018
172.22.2.4 - - [09/Jun/2022:03:24:16 -0500] "HEAD /BLA/boletinlegal/ HTTP/1.1" 200 -
66.249.65.13 - - [09/Jun/2022:03:26:19 -0500] "-" 408 -
172.22.2.4 - - [09/Jun/2022:03:25:06 -0500] "GET /BLA/boletinlegal/ HTTP/1.1" 200 60973
216.245.221.92 - - [09/Jun/2022:03:27:59 -0500] "HEAD / HTTP/1.1" 200 -
172.22.2.4 - - [09/Jun/2022:03:30:21 -0500] "GET /BLA/boletinlegal/style.css HTTP/1.1" 200 9406
172.22.2.4 - - [09/Jun/2022:03:30:21 -0500] "GET /BLA/boletinlegal/styles2.css HTTP/1.1" 200 1838
172.22.2.4 - - [09/Jun/2022:03:30:21 -0500] "GET /BLA/boletinlegal/js/jquery.js HTTP/1.1" 200 57254
172.22.2.4 - - [09/Jun/2022:03:30:21 -0500] "GET /BLA/boletinlegal/js/jquery.scrollTo-min.js HTTP/1.1" 200 1150
172.22.2.4 - - [09/Jun/2022:03:30:21 -0500] "GET /BLA/boletinlegal/js/jquery.scrollShow.js HTTP/1.1" 200 4586
172.22.2.4 - - [09/Jun/2022:03:30:22 -0500] "GET /BLA/boletinlegal/images/cabezote%20BLEGAL.jpg HTTP/1.1" 200 118164
172.22.2.4 - - [09/Jun/2022:03:30:22 -0500] "GET /BLA/boletinlegal/images/subscribe-icon-big.png HTTP/1.1" 200 47702
172.22.2.4 - - [09/Jun/2022:03:30:22 -0500] "GET /BLA/boletinlegal/images/historia.png HTTP/1.1" 200 52775
172.22.2.4 - - [09/Jun/2022:03:30:22 -0500] "GET /BLA/boletinlegal/images/registro-usuarios.png HTTP/1.1" 200 8106
172.22.2.4 - - [09/Jun/2022:03:30:22 -0500] "GET /BLA/boletinlegal/images/arr_l.jpg HTTP/1.1" 200 1979
172.22.2.4 - - [09/Jun/2022:03:30:22 -0500] "GET /BLA/boletinlegal/images/body_bg.jpg HTTP/1.1" 200 1601
172.22.2.4 - - [09/Jun/2022:03:30:22 -0500] "GET /BLA/boletinlegal/images/menu_rght.gif HTTP/1.1" 200 1627
172.22.2.4 - - [09/Jun/2022:03:30:22 -0500] "GET /BLA/boletinlegal/images/menu_lft.gif HTTP/1.1" 200 1713
172.22.2.4 - - [09/Jun/2022:03:30:22 -0500] "GET /BLA/boletinlegal/images/bg_top.jpg HTTP/1.1" 200 522
172.22.2.4 - - [09/Jun/2022:03:30:22 -0500] "GET /BLA/boletinlegal/images/menu_bg.jpg HTTP/1.1" 200 620
172.22.2.4 - - [09/Jun/2022:03:30:22 -0500] "GET /BLA/boletinlegal/images/text.jpg HTTP/1.1" 200 568
172.22.2.4 - - [09/Jun/2022:03:30:22 -0500] "GET /BLA/boletinlegal/images/launch.jpg HTTP/1.1" 200 14577
172.22.2.4 - - [09/Jun/2022:03:30:22 -0500] "GET /BLA/boletinlegal/images/hover.jpg HTTP/1.1" 200 640
172.22.2.4 - - [09/Jun/2022:03:30:22 -0500] "GET /BLA/boletinlegal/images/screen_1.png HTTP/1.1" 200 202547
172.22.2.4 - - [09/Jun/2022:03:30:30 -0500] "GET /BLA/boletinlegal/images/screen_2.png HTTP/1.1" 200 362502
172.22.2.4 - - [09/Jun/2022:03:30:30 -0500] "GET /BLA/boletinlegal/images/screen_3.png HTTP/1.1" 200 210620
172.22.2.4 - - [09/Jun/2022:03:30:30 -0500] "GET /BLA/boletinlegal/images/screen_5.png HTTP/1.1" 200 368876
172.22.2.4 - - [09/Jun/2022:03:30:30 -0500] "GET /BLA/boletinlegal/images/arr_r.jpg HTTP/1.1" 200 1998
172.22.2.4 - - [09/Jun/2022:03:30:30 -0500] "GET /BLA/boletinlegal/images/footer_bg.jpg HTTP/1.1" 200 586
172.22.2.4 - - [09/Jun/2022:03:30:40 -0500] "GET /BLA/boletinlegal/images/pdf.gif HTTP/1.1" 200 567
207.46.13.81 - - [09/Jun/2022:03:31:40 -0500] "GET /secretaria-de-ambiente-se-unio-al-operativo-nacional-de-control-al-trafico-ilegal-de-maderas.html HTTP/1.1" 200 855
172.22.2.4 - - [09/Jun/2022:03:30:06 -0500] "HEAD /BLA/boletinlegal/ HTTP/1.1" 200 -
172.22.2.4 - - [09/Jun/2022:03:30:21 -0500] "GET /BLA/boletinlegal/ HTTP/1.1" 200 53421
172.22.2.4 - - [09/Jun/2022:03:32:01 -0500] "GET /BLA/boletinlegal/favicon.ico HTTP/1.1" 404 1212
172.22.2.4 - - [09/Jun/2022:03:32:07 -0500] "GET /BLA/boletinlegal/.well-known/assetlinks.json HTTP/1.1" 404 1212
172.22.2.4 - - [09/Jun/2022:03:32:07 -0500] "GET /BLA/boletinlegal/.well-known/apple-app-site-association HTTP/1.1" 404 1212
172.22.2.4 - - [09/Jun/2022:03:32:07 -0500] "GET /BLA/boletinlegal/robots.txt HTTP/1.1" 404 1212
172.22.2.4 - - [09/Jun/2022:03:32:07 -0500] "GET /BLA/boletinlegal/.well-known/apple-app-site-association HTTP/1.1" 404 1212
172.22.2.4 - - [09/Jun/2022:03:32:07 -0500] "GET /BLA/boletinlegal/.well-known/assetlinks.json HTTP/1.1" 404 1212
172.22.2.4 - - [09/Jun/2022:03:32:07 -0500] "GET /BLA/boletinlegal/.well-known/gpc.json HTTP/1.1" 404 1212
172.22.2.4 - - [09/Jun/2022:03:32:07 -0500] "GET /BLA/boletinlegal/robots.txt HTTP/1.1" 404 1212
172.22.2.4 - - [09/Jun/2022:03:32:08 -0500] "GET /BLA/boletinlegal/.well-known/security.txt HTTP/1.1" 404 1212
172.22.2.4 - - [09/Jun/2022:03:32:08 -0500] "GET /BLA/boletinlegal/.well-known/resource-that-should-not-exist-whose-status-code-should-not-be-200/ HTTP/1.1" 404 1212
172.22.2.4 - - [09/Jun/2022:03:32:08 -0500] "GET /BLA/boletinlegal/.well-known/change-password HTTP/1.1" 404 1212
207.46.13.225 - - [09/Jun/2022:03:32:26 -0500] "GET /images/control-madera-ilegal-24-mayo.jpg HTTP/1.1" 200 48269
172.22.2.4 - - [09/Jun/2022:03:32:32 -0500] "GET /BLA/boletinlegal/style.css HTTP/1.1" 200 9406
172.22.2.4 - - [09/Jun/2022:03:32:33 -0500] "GET /BLA/boletinlegal/styles2.css HTTP/1.1" 200 1838
172.22.2.4 - - [09/Jun/2022:03:32:33 -0500] "GET /BLA/boletinlegal/js/jquery.js HTTP/1.1" 200 57254
172.22.2.4 - - [09/Jun/2022:03:32:33 -0500] "GET /BLA/boletinlegal/js/jquery.scrollTo-min.js HTTP/1.1" 200 1150
172.22.2.4 - - [09/Jun/2022:03:32:33 -0500] "GET /BLA/boletinlegal/js/jquery.scrollShow.js HTTP/1.1" 200 4586
172.22.2.4 - - [09/Jun/2022:03:32:33 -0500] "GET /BLA/boletinlegal/images/cabezote%20BLEGAL.jpg HTTP/1.1" 200 118164
172.22.2.4 - - [09/Jun/2022:03:32:33 -0500] "GET /BLA/boletinlegal/images/subscribe-icon-big.png HTTP/1.1" 200 47702
172.22.2.4 - - [09/Jun/2022:03:32:33 -0500] "GET /BLA/boletinlegal/images/historia.png HTTP/1.1" 200 52775
172.22.2.4 - - [09/Jun/2022:03:32:33 -0500] "GET /BLA/boletinlegal/images/registro-usuarios.png HTTP/1.1" 200 8106
172.22.2.4 - - [09/Jun/2022:03:32:33 -0500] "GET /BLA/boletinlegal/images/arr_l.jpg HTTP/1.1" 200 1979
172.22.2.4 - - [09/Jun/2022:03:32:34 -0500] "GET /BLA/boletinlegal/images/menu_rght.gif HTTP/1.1" 200 1627
172.22.2.4 - - [09/Jun/2022:03:32:34 -0500] "GET /BLA/boletinlegal/images/menu_bg.jpg HTTP/1.1" 200 620
172.22.2.4 - - [09/Jun/2022:03:32:34 -0500] "GET /BLA/boletinlegal/images/body_bg.jpg HTTP/1.1" 200 1601
201.245.192.253 - - [09/Jun/2022:03:31:44 -0500] "POST /kwsrmcab/Wsrmcab HTTP/1.1" 200 46398
172.22.2.4 - - [09/Jun/2022:03:32:34 -0500] "GET /BLA/boletinlegal/images/text.jpg HTTP/1.1" 200 568
172.22.2.4 - - [09/Jun/2022:03:32:34 -0500] "GET /BLA/boletinlegal/images/launch.jpg HTTP/1.1" 200 14577
172.22.2.4 - - [09/Jun/2022:03:32:35 -0500] "GET /BLA/boletinlegal/images/hover.jpg HTTP/1.1" 200 640
172.22.2.4 - - [09/Jun/2022:03:32:35 -0500] "GET /BLA/boletinlegal/images/menu_lft.gif HTTP/1.1" 200 1713
172.22.2.4 - - [09/Jun/2022:03:32:35 -0500] "GET /BLA/boletinlegal/images/bg_top.jpg HTTP/1.1" 200 522
172.22.2.4 - - [09/Jun/2022:03:32:35 -0500] "GET /BLA/boletinlegal/images/screen_1.png HTTP/1.1" 200 202547
172.22.2.4 - - [09/Jun/2022:03:30:56 -0500] "GET /BLA/boletinlegal/ HTTP/1.1" 200 55926
172.22.2.4 - - [09/Jun/2022:03:32:41 -0500] "GET /BLA/boletinlegal/images/screen_2.png HTTP/1.1" 200 362502
172.22.2.4 - - [09/Jun/2022:03:32:41 -0500] "GET /BLA/boletinlegal/images/screen_3.png HTTP/1.1" 200 210620
172.22.2.4 - - [09/Jun/2022:03:32:41 -0500] "GET /BLA/boletinlegal/images/screen_5.png HTTP/1.1" 200 368876
172.22.2.4 - - [09/Jun/2022:03:32:41 -0500] "GET /BLA/boletinlegal/images/arr_r.jpg HTTP/1.1" 200 1998
172.22.2.4 - - [09/Jun/2022:03:32:41 -0500] "GET /BLA/boletinlegal/images/footer_bg.jpg HTTP/1.1" 200 586
172.22.2.4 - - [09/Jun/2022:03:32:48 -0500] "GET /BLA/boletinlegal/images/pdf.gif HTTP/1.1" 200 567
216.245.221.92 - - [09/Jun/2022:03:32:59 -0500] "HEAD / HTTP/1.1" 200 -
201.245.192.253 - - [09/Jun/2022:03:32:36 -0500] "POST /kwsrmcab/Wsrmcab HTTP/1.1" 200 47548
172.22.2.4 - - [09/Jun/2022:03:32:32 -0500] "GET /BLA/boletinlegal/ HTTP/1.1" 200 63027
172.22.2.4 - - [09/Jun/2022:03:34:12 -0500] "GET /BLA/boletinlegal/images/background.gif HTTP/1.1" 200 -
172.22.2.4 - - [09/Jun/2022:03:34:14 -0500] "GET /BLA/boletinlegal/robots.txt HTTP/1.1" 404 1038
13.77.171.82 - - [09/Jun/2022:03:35:33 -0500] "GET /BLA/resoluciones/RESOLUCIONES%202021/1865.pdf HTTP/1.1" 200 466582
172.22.2.4 - - [09/Jun/2022:03:34:15 -0500] "GET /BLA/boletinlegal/ HTTP/1.1" 200 63427
172.22.2.4 - - [09/Jun/2022:03:35:56 -0500] "HEAD /BLA/boletinlegal/ HTTP/1.1" 200 -
216.245.221.92 - - [09/Jun/2022:03:37:58 -0500] "HEAD / HTTP/1.1" 200 -
172.22.2.4 - - [09/Jun/2022:03:36:46 -0500] "GET /BLA/boletinlegal/ HTTP/1.1" 200 60973
46.98.184.86 - - [09/Jun/2022:03:39:03 -0500] "GET / HTTP/1.1" 200 319
20.106.125.22 - - [09/Jun/2022:03:39:51 -0500] "GET /transparencia/financiera/Ejecucion%20Presupuestal/Vigencia%20actual/2.%20EJECUCION%20DE%20RESERVAS%20FEBRERO%202022.xlsx HTTP/1.1" 200 28955
201.245.192.253 - - [09/Jun/2022:03:41:43 -0500] "POST /kwsrmcab/Wsrmcab HTTP/1.1" 200 46398
216.245.221.92 - - [09/Jun/2022:03:42:58 -0500] "HEAD / HTTP/1.1" 200 -
201.245.192.253 - - [09/Jun/2022:03:42:35 -0500] "POST /kwsrmcab/Wsrmcab HTTP/1.1" 200 47548
172.22.2.4 - - [09/Jun/2022:03:41:46 -0500] "HEAD /BLA/boletinlegal/ HTTP/1.1" 200 -
172.22.2.4 - - [09/Jun/2022:03:42:36 -0500] "GET /BLA/boletinlegal/ HTTP/1.1" 200 60973
128.1.248.42 - - [09/Jun/2022:03:47:14 -0500] "GET /solr/ HTTP/1.1" 404 1018
216.245.221.92 - - [09/Jun/2022:03:47:58 -0500] "HEAD / HTTP/1.1" 200 -
40.64.91.224 - - [09/Jun/2022:03:48:25 -0500] "GET /galeria/galeria/fotos/Caminando-la-tierra4G.jpg HTTP/1.1" 200 159185
172.22.2.4 - - [09/Jun/2022:03:47:36 -0500] "HEAD /BLA/boletinlegal/ HTTP/1.1" 200 -
172.22.2.4 - - [09/Jun/2022:03:48:26 -0500] "GET /BLA/boletinlegal/ HTTP/1.1" 200 60973
216.245.221.92 - - [09/Jun/2022:03:52:58 -0500] "HEAD / HTTP/1.1" 200 -
172.22.2.4 - - [09/Jun/2022:03:53:26 -0500] "HEAD /BLA/boletinlegal/ HTTP/1.1" 200 -
172.22.2.4 - - [09/Jun/2022:03:54:16 -0500] "GET /BLA/boletinlegal/ HTTP/1.1" 200 60973
193.106.191.48 - - [09/Jun/2022:03:57:34 -0500] "POST /Autodiscover/Autodiscover.xml HTTP/1.1" 404 1018
216.245.221.92 - - [09/Jun/2022:03:57:58 -0500] "HEAD / HTTP/1.1" 200 -
207.46.13.134 - - [09/Jun/2022:03:58:01 -0500] "GET /images/carro-carga-movilidad-4-febrero.jpg HTTP/1.1" 200 46258
40.77.167.21 - - [09/Jun/2022:04:00:27 -0500] "GET /BLA/resoluciones/RESOLUCIONES%202000/2000%201200-1249.tif HTTP/1.1" 200 4148361
172.22.2.4 - - [09/Jun/2022:03:59:17 -0500] "HEAD /BLA/boletinlegal/ HTTP/1.1" 200 -
172.22.2.4 - - [09/Jun/2022:04:00:07 -0500] "GET /BLA/boletinlegal/ HTTP/1.1" 200 58482
216.245.221.92 - - [09/Jun/2022:04:02:58 -0500] "HEAD / HTTP/1.1" 200 -
167.71.44.46 - - [09/Jun/2022:04:04:20 -0500] "\x16\x03\x01" 400 226
167.71.44.46 - - [09/Jun/2022:04:04:20 -0500] "GET / HTTP/1.1" 200 319
167.71.44.46 - - [09/Jun/2022:04:04:20 -0500] "HELP" 501 953
167.71.44.46 - - [09/Jun/2022:04:04:21 -0500] "GET / HTTP/1.1" 200 319
167.71.44.46 - - [09/Jun/2022:04:04:21 -0500] "GET /?rest_route=/wp/v2/users/ HTTP/1.1" 200 319
167.71.44.46 - - [09/Jun/2022:04:04:21 -0500] "GET /info.php HTTP/1.1" 404 1018
167.71.44.46 - - [09/Jun/2022:04:04:21 -0500] "GET /s/3139302e32372e3234352e313036/_/;/META-INF/maven/com.atlassian.jira/jira-webapp-dist/pom.properties HTTP/1.1" 404 1018
167.71.44.46 - - [09/Jun/2022:04:04:21 -0500] "GET /.git/config HTTP/1.1" 404 1018
167.71.44.46 - - [09/Jun/2022:04:04:21 -0500] "GET /.env HTTP/1.1" 404 1018
167.71.44.46 - - [09/Jun/2022:04:04:21 -0500] "GET /.DS_Store HTTP/1.1" 404 1018
167.71.44.46 - - [09/Jun/2022:04:04:21 -0500] "GET /server-status HTTP/1.1" 403 1165
167.71.44.46 - - [09/Jun/2022:04:04:21 -0500] "GET /ecp/Current/exporttool/microsoft.exchange.ediscovery.exporttool.application HTTP/1.1" 404 1018
167.71.44.46 - - [09/Jun/2022:04:04:21 -0500] "GET /telescope/requests HTTP/1.1" 404 1018
167.71.44.46 - - [09/Jun/2022:04:04:21 -0500] "GET /login.action HTTP/1.1" 404 1018
167.71.44.46 - - [09/Jun/2022:04:04:21 -0500] "GET /config.json HTTP/1.1" 404 1018
40.91.125.208 - - [09/Jun/2022:04:06:22 -0500] "GET /galeria/galeria/fotos/Encuentro-de-Movimientos-sociales6G.jpg HTTP/1.1" 200 100850
172.22.2.4 - - [09/Jun/2022:04:05:06 -0500] "HEAD /BLA/boletinlegal/ HTTP/1.1" 200 -
172.22.2.4 - - [09/Jun/2022:04:05:40 -0500] "GET /BLA/boletinlegal/ HTTP/1.1" 200 36811
172.22.2.4 - - [09/Jun/2022:04:05:57 -0500] "GET /BLA/boletinlegal/ HTTP/1.1" 200 54933
216.245.221.92 - - [09/Jun/2022:04:07:58 -0500] "HEAD / HTTP/1.1" 200 -
192.184.90.239 - - [09/Jun/2022:04:08:30 -0500] "GET / HTTP/1.1" 200 319
40.77.167.79 - - [09/Jun/2022:04:10:10 -0500] "GET /bla/resoluciones/autos%202015/1052.pdf HTTP/1.1" 200 2210866
40.77.167.79 - - [09/Jun/2022:04:10:30 -0500] "GET /bla/resoluciones/autos%202015/1052.pdf HTTP/1.1" 200 2210866
172.22.2.4 - - [09/Jun/2022:04:10:56 -0500] "HEAD /BLA/boletinlegal/ HTTP/1.1" 200 -
216.245.221.92 - - [09/Jun/2022:04:12:58 -0500] "HEAD / HTTP/1.1" 200 -
172.22.2.4 - - [09/Jun/2022:04:11:47 -0500] "GET /BLA/boletinlegal/ HTTP/1.1" 200 60973
111.180.160.206 - - [09/Jun/2022:04:16:00 -0500] "GET / HTTP/1.0" 200 319
193.106.191.48 - - [09/Jun/2022:04:17:47 -0500] "GET /_ignition/execute-solution HTTP/1.1" 404 1018
216.245.221.92 - - [09/Jun/2022:04:17:58 -0500] "HEAD / HTTP/1.1" 200 -
172.22.2.4 - - [09/Jun/2022:04:16:46 -0500] "HEAD /BLA/boletinlegal/ HTTP/1.1" 200 -
172.22.2.4 - - [09/Jun/2022:04:17:37 -0500] "GET /BLA/boletinlegal/ HTTP/1.1" 200 58482
201.245.192.253 - - [09/Jun/2022:04:21:44 -0500] "POST /kwsrmcab/Wsrmcab HTTP/1.1" 200 46217
216.245.221.92 - - [09/Jun/2022:04:22:58 -0500] "HEAD / HTTP/1.1" 200 -
201.245.192.253 - - [09/Jun/2022:04:22:35 -0500] "POST /kwsrmcab/Wsrmcab HTTP/1.1" 200 47558
172.22.2.4 - - [09/Jun/2022:04:22:36 -0500] "HEAD /BLA/boletinlegal/ HTTP/1.1" 200 -
172.22.2.4 - - [09/Jun/2022:04:23:27 -0500] "GET /BLA/boletinlegal/ HTTP/1.1" 200 54215
216.245.221.92 - - [09/Jun/2022:04:27:58 -0500] "HEAD / HTTP/1.1" 200 -
64.124.8.35 - - [09/Jun/2022:04:28:00 -0500] "GET /BLA/boletinlegal/images/subscribe-icon-big.png HTTP/1.1" 200 47702
64.124.8.35 - - [09/Jun/2022:04:29:09 -0500] "GET /BLA/boletinlegal/images/screen_5.png HTTP/1.1" 200 368876
172.22.2.4 - - [09/Jun/2022:04:28:26 -0500] "HEAD /BLA/boletinlegal/ HTTP/1.1" 200 -
172.22.2.4 - - [09/Jun/2022:04:29:17 -0500] "GET /BLA/boletinlegal/ HTTP/1.1" 200 58482
64.124.8.35 - - [09/Jun/2022:04:32:05 -0500] "GET /galeria/galeria/fotos/Humedal-la-conejera4G.jpg HTTP/1.1" 200 371145
201.245.192.253 - - [09/Jun/2022:04:31:43 -0500] "POST /kwsrmcab/Wsrmcab HTTP/1.1" 200 46217
216.245.221.92 - - [09/Jun/2022:04:32:58 -0500] "HEAD / HTTP/1.1" 200 -
192.241.213.237 - - [09/Jun/2022:04:33:05 -0500] "GET /hudson HTTP/1.1" 404 1018
201.245.192.253 - - [09/Jun/2022:04:32:36 -0500] "POST /kwsrmcab/Wsrmcab HTTP/1.1" 200 47558
13.77.170.114 - - [09/Jun/2022:04:33:56 -0500] "GET /BLA/resoluciones/RESOLUCIONES%202019/1070.pdf HTTP/1.1" 200 2897964
172.22.2.4 - - [09/Jun/2022:04:34:16 -0500] "HEAD /BLA/boletinlegal/ HTTP/1.1" 200 -
64.124.8.35 - - [09/Jun/2022:04:36:09 -0500] "GET /BLA/boletinlegal/images/registro-usuarios.png HTTP/1.1" 200 8106
172.22.2.4 - - [09/Jun/2022:04:35:07 -0500] "GET /BLA/boletinlegal/ HTTP/1.1" 200 57520
64.124.8.35 - - [09/Jun/2022:04:37:45 -0500] "GET /galeria/galeria/fotos/Humedal-Tibanica2P.jpg HTTP/1.1" 200 29568
216.245.221.92 - - [09/Jun/2022:04:37:58 -0500] "HEAD / HTTP/1.1" 200 -
157.55.39.8 - - [09/Jun/2022:04:38:06 -0500] "GET /BLA/resoluciones/index.php?dir=RESOLUCIONES+2020%2F HTTP/1.1" 200 162082
40.77.167.21 - - [09/Jun/2022:04:38:21 -0500] "GET /BLA/resoluciones/dlf/styles.css HTTP/1.1" 200 3049
45.56.121.155 - - [09/Jun/2022:04:38:30 -0500] "GET / HTTP/1.1" 200 4720
65.181.112.202 - - [09/Jun/2022:04:38:30 -0500] "GET / HTTP/1.1" 200 319
172.22.2.4 - - [09/Jun/2022:04:38:30 -0500] "GET /BLA/boletinlegal/ HTTP/1.1" 200 24523
64.124.8.35 - - [09/Jun/2022:04:40:55 -0500] "GET /galeria/galeria/fotos/Humedal-Santa-Mar%C3%ADa-del-Lago3P.jpg HTTP/1.1" 200 30161
64.124.8.35 - - [09/Jun/2022:04:41:35 -0500] "GET /BLA/boletinlegal/images/cabezote%20BLEGAL.jpg HTTP/1.1" 200 118164
172.22.2.4 - - [09/Jun/2022:04:40:06 -0500] "HEAD /BLA/boletinlegal/ HTTP/1.1" 200 -
201.245.192.253 - - [09/Jun/2022:04:41:43 -0500] "POST /kwsrmcab/Wsrmcab HTTP/1.1" 200 46217
172.22.2.4 - - [09/Jun/2022:04:40:57 -0500] "GET /BLA/boletinlegal/ HTTP/1.1" 200 58482
64.124.8.35 - - [09/Jun/2022:04:42:52 -0500] "GET /galeria/galeria/fotos/Humedal-Santa-Mar%C3%ADa-del-Lago4P.jpg HTTP/1.1" 200 33121
216.245.221.92 - - [09/Jun/2022:04:42:58 -0500] "HEAD / HTTP/1.1" 200 -
40.77.167.79 - - [09/Jun/2022:04:43:15 -0500] "GET /transparencia/directorioservidores/2017/enero.xlsx HTTP/1.1" 200 88152
201.245.192.253 - - [09/Jun/2022:04:42:35 -0500] "POST /kwsrmcab/Wsrmcab HTTP/1.1" 200 47558
193.106.191.48 - - [09/Jun/2022:04:45:34 -0500] "GET / HTTP/1.1" 200 319
45.143.200.118 - - [09/Jun/2022:04:47:34 -0500] "\x03" 400 226
172.22.2.4 - - [09/Jun/2022:04:45:56 -0500] "HEAD /BLA/boletinlegal/ HTTP/1.1" 200 -
216.245.221.92 - - [09/Jun/2022:04:47:58 -0500] "HEAD / HTTP/1.1" 200 -
172.22.2.4 - - [09/Jun/2022:04:46:47 -0500] "GET /BLA/boletinlegal/ HTTP/1.1" 200 60973
64.124.8.35 - - [09/Jun/2022:04:51:39 -0500] "GET /galeria/galeria/fotos/Humedal-Santa-Mar%C3%ADa-del-Lago1G.jpg HTTP/1.1" 200 290867
216.245.221.92 - - [09/Jun/2022:04:52:58 -0500] "HEAD / HTTP/1.1" 200 -
185.193.17.235 - - [09/Jun/2022:04:53:15 -0500] "GET /_profiler/phpinfo HTTP/1.1" 404 1018
185.193.17.235 - - [09/Jun/2022:04:53:16 -0500] "POST / HTTP/1.1" 200 319
185.193.17.235 - - [09/Jun/2022:04:53:16 -0500] "POST /debug/default/view?panel=config HTTP/1.1" 404 1018
185.193.17.235 - - [09/Jun/2022:04:53:17 -0500] "POST /tool/view/phpinfo.view.php HTTP/1.1" 404 1018
185.193.17.235 - - [09/Jun/2022:04:53:18 -0500] "POST /wp-config.php-backup HTTP/1.1" 404 1018
185.193.17.235 - - [09/Jun/2022:04:53:18 -0500] "POST /%C0 HTTP/1.1" 403 1006
185.193.17.235 - - [09/Jun/2022:04:53:19 -0500] "POST /debug/default/view.html HTTP/1.1" 404 1018
185.193.17.235 - - [09/Jun/2022:04:53:19 -0500] "POST /debug/default/view HTTP/1.1" 404 1018
185.193.17.235 - - [09/Jun/2022:04:53:20 -0500] "POST /frontend/web/debug/default/view HTTP/1.1" 404 1018
185.193.17.235 - - [09/Jun/2022:04:53:20 -0500] "POST /web/debug/default/view HTTP/1.1" 404 1018
185.193.17.235 - - [09/Jun/2022:04:53:20 -0500] "POST /sapi/debug/default/view HTTP/1.1" 404 1018
185.193.17.235 - - [09/Jun/2022:04:53:21 -0500] "POST /debug/default/view?panel=config HTTP/1.1" 404 1018
185.193.17.235 - - [09/Jun/2022:04:53:21 -0500] "GET /tool/view/phpinfo.view.php HTTP/1.1" 404 1018
185.193.17.235 - - [09/Jun/2022:04:53:22 -0500] "POST / HTTP/1.1" 200 319
185.193.17.235 - - [09/Jun/2022:04:53:22 -0500] "POST /debug/default/view?panel=config HTTP/1.1" 404 1018
185.193.17.235 - - [09/Jun/2022:04:53:23 -0500] "POST /tool/view/phpinfo.view.php HTTP/1.1" 404 1018
185.193.17.235 - - [09/Jun/2022:04:53:23 -0500] "POST /wp-config.php-backup HTTP/1.1" 404 1018
185.193.17.235 - - [09/Jun/2022:04:53:23 -0500] "POST /%C0 HTTP/1.1" 403 1006
185.193.17.235 - - [09/Jun/2022:04:53:24 -0500] "POST /debug/default/view.html HTTP/1.1" 404 1018
185.193.17.235 - - [09/Jun/2022:04:53:24 -0500] "POST /debug/default/view HTTP/1.1" 404 1018
185.193.17.235 - - [09/Jun/2022:04:53:25 -0500] "POST /frontend/web/debug/default/view HTTP/1.1" 404 1018
185.193.17.235 - - [09/Jun/2022:04:53:25 -0500] "POST /web/debug/default/view HTTP/1.1" 404 1018
185.193.17.235 - - [09/Jun/2022:04:53:26 -0500] "POST /sapi/debug/default/view HTTP/1.1" 404 1018
185.193.17.235 - - [09/Jun/2022:04:53:26 -0500] "POST /debug/default/view?panel=config HTTP/1.1" 404 1018
172.22.2.4 - - [09/Jun/2022:04:51:46 -0500] "HEAD /BLA/boletinlegal/ HTTP/1.1" 200 -
185.193.17.235 - - [09/Jun/2022:04:53:27 -0500] "GET /wp-config.php-backup HTTP/1.1" 404 1018
185.193.17.235 - - [09/Jun/2022:04:53:27 -0500] "POST / HTTP/1.1" 200 319
185.193.17.235 - - [09/Jun/2022:04:53:28 -0500] "POST /debug/default/view?panel=config HTTP/1.1" 404 1018
185.193.17.235 - - [09/Jun/2022:04:53:28 -0500] "POST /tool/view/phpinfo.view.php HTTP/1.1" 404 1018
185.193.17.235 - - [09/Jun/2022:04:53:29 -0500] "POST /wp-config.php-backup HTTP/1.1" 404 1018
185.193.17.235 - - [09/Jun/2022:04:53:29 -0500] "POST /%C0 HTTP/1.1" 403 1006
185.193.17.235 - - [09/Jun/2022:04:53:30 -0500] "POST /debug/default/view.html HTTP/1.1" 404 1018
185.193.17.235 - - [09/Jun/2022:04:53:30 -0500] "POST /debug/default/view HTTP/1.1" 404 1018
185.193.17.235 - - [09/Jun/2022:04:53:31 -0500] "POST /frontend/web/debug/default/view HTTP/1.1" 404 1018
185.193.17.235 - - [09/Jun/2022:04:53:31 -0500] "POST /web/debug/default/view HTTP/1.1" 404 1018
185.193.17.235 - - [09/Jun/2022:04:53:31 -0500] "POST /sapi/debug/default/view HTTP/1.1" 404 1018
185.193.17.235 - - [09/Jun/2022:04:53:32 -0500] "POST /debug/default/view?panel=config HTTP/1.1" 404 1018
185.193.17.235 - - [09/Jun/2022:04:53:32 -0500] "GET /%C0 HTTP/1.1" 403 1006
185.193.17.235 - - [09/Jun/2022:04:53:33 -0500] "POST / HTTP/1.1" 200 319
185.193.17.235 - - [09/Jun/2022:04:53:33 -0500] "POST /debug/default/view?panel=config HTTP/1.1" 404 1018
185.193.17.235 - - [09/Jun/2022:04:53:34 -0500] "POST /tool/view/phpinfo.view.php HTTP/1.1" 404 1018
