!C99Shell v. 1.0 pre-release build #13!

Software: Apache. PHP/5.5.15 

uname -a: Windows NT SVR-DMZ 6.1 build 7600 (Windows Server 2008 R2 Enterprise Edition) i586 

SYSTEM 

Safe-mode: OFF (not secure)

E:\nuevo\apache\logs\   drwxrwxrwx
Free 9.41 GB of 239.26 GB (3.93%)
Detected drives: [ a ] [ c ] [ d ] [ e ] [ f ]
Home    Back    Forward    UPDIR    Refresh    Search    Buffer    Encoder    Tools    Proc.    FTP brute    Sec.    SQL    PHP-code    Update    Feedback    Self remove    Logout    


Viewing file:     access.2022.06.10.log (2.3 MB)      -rw-rw-rw-
Select action/file-type:
(+) | (+) | (+) | Code (+) | Session (+) | (+) | SDB (+) | (+) | (+) | (+) | (+) | (+) |
216.245.221.92 - - [10/Jun/2022:00:02:55 -0500] "HEAD / HTTP/1.1" 200 -
172.22.2.4 - - [10/Jun/2022:00:01:31 -0500] "HEAD /BLA/boletinlegal/ HTTP/1.1" 200 -
172.22.2.4 - - [10/Jun/2022:00:02:22 -0500] "GET /BLA/boletinlegal/ HTTP/1.1" 200 56776
20.69.145.54 - - [10/Jun/2022:00:06:18 -0500] "GET /galeria/galeria/fotos/Caminando-la-tierra5G.jpg HTTP/1.1" 200 171370
216.245.221.92 - - [10/Jun/2022:00:07:55 -0500] "HEAD / HTTP/1.1" 200 -
172.22.2.4 - - [10/Jun/2022:00:07:21 -0500] "HEAD /BLA/boletinlegal/ HTTP/1.1" 200 -
172.22.2.4 - - [10/Jun/2022:00:08:12 -0500] "GET /BLA/boletinlegal/ HTTP/1.1" 200 57520
172.22.2.4 - - [10/Jun/2022:00:09:22 -0500] "GET /BLA/boletinlegal/ HTTP/1.1" 200 36811
152.61.192.232 - - [10/Jun/2022:00:12:37 -0500] "GET / HTTP/1.1" 200 319
216.245.221.92 - - [10/Jun/2022:00:12:55 -0500] "HEAD / HTTP/1.1" 200 -
172.22.2.4 - - [10/Jun/2022:00:13:12 -0500] "GET /BLA/boletinlegal/Directivas/2017/Directiva%20No.%2001%20del%2017%20de%20Enero%20de%202017.pdf HTTP/1.1" 304 -
172.22.2.4 - - [10/Jun/2022:00:13:11 -0500] "HEAD /BLA/boletinlegal/ HTTP/1.1" 200 -
172.22.2.4 - - [10/Jun/2022:00:14:02 -0500] "GET /BLA/boletinlegal/ HTTP/1.1" 200 60581
216.245.221.92 - - [10/Jun/2022:00:17:55 -0500] "HEAD / HTTP/1.1" 200 -
152.61.128.50 - - [10/Jun/2022:00:17:59 -0500] "GET / HTTP/1.1" 200 319
172.22.2.4 - - [10/Jun/2022:00:19:01 -0500] "HEAD /BLA/boletinlegal/ HTTP/1.1" 200 -
199.16.157.180 - - [10/Jun/2022:00:21:03 -0500] "GET /images/feria-movil-sda-19-noviembre.jpg HTTP/1.1" 200 47278
207.46.13.67 - - [10/Jun/2022:00:21:16 -0500] "GET / HTTP/1.1" 200 319
172.22.2.4 - - [10/Jun/2022:00:19:52 -0500] "GET /BLA/boletinlegal/ HTTP/1.1" 200 60973
201.245.192.253 - - [10/Jun/2022:00:21:39 -0500] "POST /kwsrmcab/Wsrmcab HTTP/1.1" 200 45052
216.245.221.92 - - [10/Jun/2022:00:22:55 -0500] "HEAD / HTTP/1.1" 200 -
201.245.192.253 - - [10/Jun/2022:00:22:27 -0500] "POST /kwsrmcab/Wsrmcab HTTP/1.1" 200 44427
66.249.65.15 - - [10/Jun/2022:00:23:17 -0500] "-" 408 -
37.57.82.112 - - [10/Jun/2022:00:25:51 -0500] "GET / HTTP/1.1" 200 319
65.154.226.220 - - [10/Jun/2022:00:26:18 -0500] "GET /portaldeninos/wp-includes/js/wp-emoji-release.min.js?ver=4.9.8 HTTP/1.1" 200 12026
65.154.226.220 - - [10/Jun/2022:00:26:22 -0500] "GET /portaldeninos/wp-content/plugins/google-analytics-for-wordpress/assets/js/frontend-gtag.min.js?ver=8.5.0 HTTP/1.1" 200 11801
65.154.226.220 - - [10/Jun/2022:00:26:23 -0500] "GET /portaldeninos/wp-includes/js/jquery/jquery.js?ver=1.12.4 HTTP/1.1" 200 97184
65.154.226.220 - - [10/Jun/2022:00:26:25 -0500] "GET /portaldeninos/wp-includes/js/jquery/jquery-migrate.min.js?ver=1.4.1 HTTP/1.1" 200 10056
65.154.226.220 - - [10/Jun/2022:00:26:25 -0500] "GET /portaldeninos/wp-includes/js/jquery/ui/core.min.js?ver=1.11.4 HTTP/1.1" 200 4000
65.154.226.220 - - [10/Jun/2022:00:26:25 -0500] "GET /portaldeninos/wp-content/plugins/gallery-videos/JS/modernizr.custom.js?ver=4.9.8 HTTP/1.1" 200 9019
65.154.226.220 - - [10/Jun/2022:00:26:25 -0500] "GET /portaldeninos/wp-content/plugins/gallery-videos/JS/Total-Soft-Gallery-Video-Widget.js?ver=4.9.8 HTTP/1.1" 200 80264
65.154.226.220 - - [10/Jun/2022:00:26:26 -0500] "GET /portaldeninos/wp-includes/js/jquery/ui/widget.min.js?ver=1.11.4 HTTP/1.1" 200 6908
65.154.226.220 - - [10/Jun/2022:00:26:26 -0500] "GET /portaldeninos/wp-includes/js/jquery/ui/mouse.min.js?ver=1.11.4 HTTP/1.1" 200 3148
65.154.226.220 - - [10/Jun/2022:00:26:26 -0500] "GET /portaldeninos/wp-includes/js/jquery/ui/sortable.min.js?ver=1.11.4 HTTP/1.1" 200 24899
65.154.226.220 - - [10/Jun/2022:00:26:27 -0500] "GET /portaldeninos/wp-includes/js/jquery/ui/tabs.min.js?ver=1.11.4 HTTP/1.1" 200 12110
65.154.226.220 - - [10/Jun/2022:00:26:27 -0500] "GET /portaldeninos/wp-includes/js/jquery/ui/accordion.min.js?ver=1.11.4 HTTP/1.1" 200 8584
65.154.226.220 - - [10/Jun/2022:00:26:27 -0500] "GET /portaldeninos/wp-content/themes/betheme/js/plugins.js?ver=20.9.6 HTTP/1.1" 200 197151
65.154.226.220 - - [10/Jun/2022:00:26:29 -0500] "GET /portaldeninos/wp-content/themes/betheme/js/menu.js?ver=20.9.6 HTTP/1.1" 200 2449
65.154.226.220 - - [10/Jun/2022:00:26:29 -0500] "GET /portaldeninos/wp-content/themes/betheme/assets/animations/animations.min.js?ver=20.9.6 HTTP/1.1" 200 1896
65.154.226.220 - - [10/Jun/2022:00:26:29 -0500] "GET /portaldeninos/wp-content/themes/betheme/assets/jplayer/jplayer.min.js?ver=20.9.6 HTTP/1.1" 200 52702
65.154.226.220 - - [10/Jun/2022:00:26:30 -0500] "GET /portaldeninos/wp-content/themes/betheme/js/scripts.js?ver=20.9.6 HTTP/1.1" 200 77162
65.154.226.220 - - [10/Jun/2022:00:26:31 -0500] "GET /portaldeninos/wp-includes/js/wp-embed.min.js?ver=4.9.8 HTTP/1.1" 200 1398
172.22.2.4 - - [10/Jun/2022:00:24:51 -0500] "HEAD /BLA/boletinlegal/ HTTP/1.1" 200 -
172.22.2.4 - - [10/Jun/2022:00:25:42 -0500] "GET /BLA/boletinlegal/ HTTP/1.1" 200 58482
216.245.221.92 - - [10/Jun/2022:00:27:55 -0500] "HEAD / HTTP/1.1" 200 -
172.22.2.4 - - [10/Jun/2022:00:27:27 -0500] "GET /BLA/boletinlegal/ HTTP/1.1" 200 63427
172.22.2.4 - - [10/Jun/2022:00:30:41 -0500] "HEAD /BLA/boletinlegal/ HTTP/1.1" 200 -
201.245.192.253 - - [10/Jun/2022:00:31:39 -0500] "POST /kwsrmcab/Wsrmcab HTTP/1.1" 200 45052
216.245.221.92 - - [10/Jun/2022:00:32:55 -0500] "HEAD / HTTP/1.1" 200 -
172.22.2.4 - - [10/Jun/2022:00:31:32 -0500] "GET /BLA/boletinlegal/ HTTP/1.1" 200 60973
201.245.192.253 - - [10/Jun/2022:00:32:30 -0500] "POST /kwsrmcab/Wsrmcab HTTP/1.1" 200 44427
157.55.39.215 - - [10/Jun/2022:00:35:26 -0500] "GET /portaldeninos/wp-content/uploads/2019/09/Nogal-%C3%A1rboles.jpg HTTP/1.1" 200 378405
216.245.221.92 - - [10/Jun/2022:00:37:55 -0500] "HEAD / HTTP/1.1" 200 -
172.22.2.4 - - [10/Jun/2022:00:36:31 -0500] "HEAD /BLA/boletinlegal/ HTTP/1.1" 200 -
172.22.2.4 - - [10/Jun/2022:00:37:22 -0500] "GET /BLA/boletinlegal/ HTTP/1.1" 200 58482
172.22.2.4 - - [10/Jun/2022:00:40:54 -0500] "GET /BLA/boletinlegal/Circulares/2012/Circular%20No.%202%20del%2014%20de%20Marzo%20de%202012.pdf HTTP/1.1" 200 113666
201.245.192.253 - - [10/Jun/2022:00:41:40 -0500] "POST /kwsrmcab/Wsrmcab HTTP/1.1" 200 45052
216.245.221.92 - - [10/Jun/2022:00:42:55 -0500] "HEAD / HTTP/1.1" 200 -
201.245.192.253 - - [10/Jun/2022:00:42:30 -0500] "POST /kwsrmcab/Wsrmcab HTTP/1.1" 200 44427
172.22.2.4 - - [10/Jun/2022:00:42:21 -0500] "HEAD /BLA/boletinlegal/ HTTP/1.1" 200 -
66.249.65.17 - - [10/Jun/2022:00:44:20 -0500] "-" 408 -
172.22.2.4 - - [10/Jun/2022:00:43:12 -0500] "GET /BLA/boletinlegal/ HTTP/1.1" 200 60973
172.22.2.4 - - [10/Jun/2022:00:47:53 -0500] "GET /BLA/boletinlegal/Directivas/2013/Directiva%20No.%201%20del%2004%20de%20Abril%20de%202013.pdf HTTP/1.1" 200 472003
216.245.221.92 - - [10/Jun/2022:00:47:55 -0500] "HEAD / HTTP/1.1" 200 -
172.22.2.4 - - [10/Jun/2022:00:48:41 -0500] "GET /BLA/boletinlegal/Circulares/2012/Circular%20No.%2013%20del%2006%20de%20Septiembre%20de%202012.pdf HTTP/1.1" 200 351421
172.22.2.4 - - [10/Jun/2022:00:49:16 -0500] "GET /BLA/boletinlegal/Circulares/2013/Circular%20No.%201%20del%2014%20de%20enero%20de%202013.pdf HTTP/1.1" 200 1298384
172.22.2.4 - - [10/Jun/2022:00:48:11 -0500] "HEAD /BLA/boletinlegal/ HTTP/1.1" 200 -
172.22.2.4 - - [10/Jun/2022:00:49:02 -0500] "GET /BLA/boletinlegal/ HTTP/1.1" 200 58029
172.22.2.4 - - [10/Jun/2022:00:51:02 -0500] "GET /BLA/boletinlegal/Circulares/2019/Circular%20No.%2012%20del%2014%20de%20Marzo%20de%202019.pdf HTTP/1.1" 200 344384
157.55.39.127 - - [10/Jun/2022:00:51:15 -0500] "GET /galeria/galeria/jquery.fancybox.css?v=2.1.5 HTTP/1.1" 200 4895
40.77.167.21 - - [10/Jun/2022:00:51:16 -0500] "GET /autoliquidacion2020 HTTP/1.1" 301 250
40.77.167.21 - - [10/Jun/2022:00:51:26 -0500] "GET /autoliquidacion2020/ HTTP/1.1" 200 6146
165.232.157.181 - - [10/Jun/2022:00:52:52 -0500] "GET / HTTP/1.1" 200 319
216.245.221.92 - - [10/Jun/2022:00:52:55 -0500] "HEAD / HTTP/1.1" 200 -
66.249.65.13 - - [10/Jun/2022:00:53:34 -0500] "-" 408 -
40.77.167.21 - - [10/Jun/2022:00:54:56 -0500] "GET /BLA/resoluciones/RESOLUCIONES%202000/2000%20850-899.tif HTTP/1.1" 200 6189794
172.22.2.4 - - [10/Jun/2022:00:54:01 -0500] "HEAD /BLA/boletinlegal/ HTTP/1.1" 200 -
172.22.2.4 - - [10/Jun/2022:00:55:57 -0500] "GET /BLA/boletinlegal/Circulares/2013/Circular%20No.%205%20del%2013%20de%20junio%20de%202013.pdf HTTP/1.1" 200 110904
207.46.13.137 - - [10/Jun/2022:00:56:28 -0500] "GET /BLA/resoluciones/RESOLUCIONES%202011/5203.pdf HTTP/1.1" 304 -
172.22.2.4 - - [10/Jun/2022:00:54:52 -0500] "GET /BLA/boletinlegal/ HTTP/1.1" 200 57156
172.22.2.4 - - [10/Jun/2022:00:57:01 -0500] "GET /BLA/boletinlegal/Circulares/2011/Circular%20No.%202%20del%2026%20de%20Mayo%20de%202011.pdf HTTP/1.1" 200 644194
152.61.192.232 - - [10/Jun/2022:00:57:01 -0500] "GET /arcgis/services/Calidad_del_Agua_WQI/MapServer/WMSServer?request=GetCapabilities&service=WMS HTTP/1.1" 503 1020
152.61.192.232 - - [10/Jun/2022:00:57:02 -0500] "GET /arcgis/services/Calidad_del_Agua_WQI/MapServer/WMSServer?SERVICE=WMS&REQUEST=GetCapabilities HTTP/1.1" 503 1020
152.61.192.232 - - [10/Jun/2022:00:57:03 -0500] "GET /arcgis/services/Calidad_del_Agua_WQI/MapServer/WMSServer?WMTVER=1.0.0&REQUEST=capabilities HTTP/1.1" 503 1020
172.22.2.4 - - [10/Jun/2022:00:57:29 -0500] "GET /BLA/boletinlegal/Circulares/2013/Circular%20No.%202%20del%2022%20de%20enero%20de%202013.pdf HTTP/1.1" 200 85466
216.245.221.92 - - [10/Jun/2022:00:57:55 -0500] "HEAD / HTTP/1.1" 200 -
172.22.2.4 - - [10/Jun/2022:00:57:59 -0500] "GET /BLA/boletinlegal/Circulares/2012/Circular%20No.%2015%20del%2022%20de%20octubre%20de%202012.pdf HTTP/1.1" 200 486506
172.22.2.4 - - [10/Jun/2022:00:58:21 -0500] "GET /BLA/boletinlegal/Directivas/2016/Directiva%20No.%2002%20del%2019%20de%20Abril%20de%202016.pdf HTTP/1.1" 304 -
172.22.2.4 - - [10/Jun/2022:00:58:42 -0500] "GET /BLA/boletinlegal/Directivas/2019/Directiva%20008%20del%2001%20de%20noviembre%20de%202019.pdf HTTP/1.1" 200 1382642
186.102.13.165 - - [10/Jun/2022:00:58:52 -0500] "OPTIONS /kwssiamovil/sm/setfile/f? HTTP/1.1" 200 13
186.102.13.165 - - [10/Jun/2022:00:58:52 -0500] "POST /kwssiamovil/sm/setfile/f? HTTP/1.1" 200 381
186.102.13.165 - - [10/Jun/2022:00:58:58 -0500] "OPTIONS /kwssiamovil/sm/setfile/f? HTTP/1.1" 200 13
186.102.13.165 - - [10/Jun/2022:00:58:58 -0500] "POST /kwssiamovil/sm/setfile/f? HTTP/1.1" 200 381
186.102.13.165 - - [10/Jun/2022:00:59:03 -0500] "OPTIONS /kwssiamovil/sm/setfile/f? HTTP/1.1" 200 13
186.102.13.165 - - [10/Jun/2022:00:59:03 -0500] "POST /kwssiamovil/sm/setfile/f? HTTP/1.1" 200 381
186.102.13.165 - - [10/Jun/2022:00:59:06 -0500] "OPTIONS /kwssiamovil/sm/setfile/f? HTTP/1.1" 200 13
20.99.201.17 - - [10/Jun/2022:00:59:08 -0500] "GET /galeria/galeria/fotos/Movilizacio-por-el-agua3G.jpg HTTP/1.1" 200 65828
186.102.13.165 - - [10/Jun/2022:00:59:06 -0500] "POST /kwssiamovil/sm/setfile/f? HTTP/1.1" 200 381
186.102.13.165 - - [10/Jun/2022:00:59:09 -0500] "OPTIONS /kwssiamovil/sm/setfile/f? HTTP/1.1" 200 13
186.102.13.165 - - [10/Jun/2022:00:59:09 -0500] "POST /kwssiamovil/sm/setfile/f? HTTP/1.1" 200 381
186.102.13.165 - - [10/Jun/2022:00:59:24 -0500] "GET /kwssiamovil/sm/acme/a?s=U2FsdGVkX18/Irz8vYnMbLYWgu3+VTtNBKy9lLp55QKwSbAOnUIavzlZoiWpHRsF3zxrA0iI7QFO0HQNXSuOLAgbS/yC9EvomTBZbG2tCa4yzRQ60ZuU7xcKhIFdLAygmHgY1gdQxfiwiy2pc9qpfuJH2xbqbwXzmsfia7Tr3IIvQcBmF8UEbRfbh/0V8LwFXDK7lFSnh3jDvML9wU93I6feb5mNeTBzukgTWtmslZ5hYDlrAUDe3hgDqC9nY8gUqYIwDpQKD7mZmsnMGkg+1A==&u=U2FsdGVkX18Cq1PLLph/JTIRygz7q7zj5AFsLMxBUcRY4qDkjQBm72SrEn83EMKz&y=U2FsdGVkX19L6iRyZvMI5je3s9l3Vc/b3nRCPpBio0VwIa/xQ7w3L8WQP4+stMnK HTTP/1.1" 200 25
186.102.13.165 - - [10/Jun/2022:00:59:24 -0500] "GET /kwssiamovil/sm/acme/a?s=U2FsdGVkX181jICijFTNqjEL4VvEdQrw+kbkPTIBLo+FrPU3DKHugnzM5AhkfwakK+uZy5Y4hLBCL9E72pwSJxyBPaUA67toY/aXwUxeGvclZwQ3/cdF3Sa9UDFpBSPEn2Gu4JDru+2dybIBUlEy7Bnnyrtux5yEy84QKXwkzqeUNGk5j+oeFuo/CCWAeYd+8uK9gEy0zLI4Pwlsifc1r7sUISSrD1CcBRnaRTCXkG8YD9ayvc9SRc/MuNbZltIdUOZtxK5R8ngNh18+uGPWGQk1gzoqvNx0bV5Q0Mbcy6OGr8aFUxG62Y8hapG+r75vSIGPGIyd1v7eBiz4gJBEJevdEouUCV9nRt/W0I2yZ0RMuW3Yz9SYvNMBvz5rFugUMZAMIPyJRE7H+Lzp59eVE6DkmP9KslsogqfPRvSEGapGHpuce2Xl0lStZxzs+qTrIP+j1RB3z7fnN2V6QscKGEZyu2q5rvlKI4jDCQtwiKcUsjgUdAjoFBeCNGKghtI7BDOFh4qyminKhgfZo3739In+L5u9MfHxg8mHjExuLtuIt9w9JtQm4XGBqKat3mCuJel8lxrX77zUT1MoXRZVm98jDer9hyVtx3RzFu02yIE8RjRmhfNt3FVfvrZMSpGwzn6HnoD4tB1xCRSeRFqgOvbfbt/Y+Fjd2pnp+E+Ob/tdrjthbAKWPDUvijm27HFzX8gMkwsb9x3B2yDQiHnolb76NwrDJXk3ghTzPKtXw7mULh1nzj5Y4qov7dIT5TUFTIjA7ek51wvQPvEQWtAAk9796naKP/BNE63AUTBh9B3xqwbT7KJM1ExT2vkcqupwlI6disTHUTJlD5AqWJsoYrOd8d1SxVBNcGJgKGMEfJVad26Fkwl6K5GZgjktLHW0F94lElurNNQh6DxuDiv6B3DxDjev8h3U25PqdiE1NWG26FjYejuOhMFQCPOYxBMDzHcCViamukmef4hF5LbobzKv/FxTNTXXeNJsN3vz/tGA3Ge/Bqu97TmnhxhmwJrNk8k42FhZcebxF/mOWJLYUdS/njZXjNHP/GHRnQ7bNjD5cXzKW73AcpP1ic/CeoJNJ1l13YH4gUYaICpHBnS3nDoNBSgOGULaf6WHcdsjJ1OVcF0cr/tdk7SPN3kS692+y8tK36xOywJey2waTVjuh+GBh4waV6OQ7e21YV+2JbER+7mm8XCVMTYGMF5DrUZO&u=U2FsdGVkX18Cq1PLLph/JTIRygz7q7zj5AFsLMxBUcRY4qDkjQBm72SrEn83EMKz&y=U2FsdGVkX19L6iRyZvMI5je3s9l3Vc/b3nRCPpBio0VwIa/xQ7w3L8WQP4+stMnK HTTP/1.1" 200 25
186.102.13.165 - - [10/Jun/2022:00:59:24 -0500] "GET /kwssiamovil/sm/acme/a?s=U2FsdGVkX1+IGnRyITYDzaj+kDLnq8EgjnW973K1SEduy1YscZImcW3pMnxFX63oHJFgDhKRCS3rvODc+jfOgGg/FRt+rffk8vkLRWNtYGvOB+EC724cWAfXftOinK64ezjfO2cmOI6sHMZKc1cPlUx0krHiRWFl+OjObACPmOA=&u=U2FsdGVkX18Cq1PLLph/JTIRygz7q7zj5AFsLMxBUcRY4qDkjQBm72SrEn83EMKz&y=U2FsdGVkX19L6iRyZvMI5je3s9l3Vc/b3nRCPpBio0VwIa/xQ7w3L8WQP4+stMnK HTTP/1.1" 200 25
186.102.13.165 - - [10/Jun/2022:00:59:24 -0500] "GET /kwssiamovil/sm/acme/a?s=U2FsdGVkX19HJ1211kAgEJDwVQCgjH4/i9Y4Wmam1cW03ZpEJRrUTE5sXDq62/PI8kCxkj0XF0wm5dDjLgfzVx8VmuUUhz2SvABCQe9KhzS+BNtJVI921rqSYx9tpd+j20yz3UUh3W2n0tq6ZK+sgWwVW6lXavZXXbUCmKLi8hw=&u=U2FsdGVkX18Cq1PLLph/JTIRygz7q7zj5AFsLMxBUcRY4qDkjQBm72SrEn83EMKz&y=U2FsdGVkX19L6iRyZvMI5je3s9l3Vc/b3nRCPpBio0VwIa/xQ7w3L8WQP4+stMnK HTTP/1.1" 200 25
186.102.13.165 - - [10/Jun/2022:00:59:25 -0500] "GET /kwssiamovil/sm/acme/a?s=U2FsdGVkX18jfjfbtJscAtUjSqi8865IRHehPQAC81snILUUlv9aP9/XivgcSh6YD3e9/YZxb2WaR617+7+yhXB8PP2mpB/XLqEbWE+1PFZOgLDf5r9oBW+MyYGdxaCuX4fRx6vo3TnRJepQ5n4Mur7gY+m0iyLFNSbbGicK4Vs=&u=U2FsdGVkX18Cq1PLLph/JTIRygz7q7zj5AFsLMxBUcRY4qDkjQBm72SrEn83EMKz&y=U2FsdGVkX19L6iRyZvMI5je3s9l3Vc/b3nRCPpBio0VwIa/xQ7w3L8WQP4+stMnK HTTP/1.1" 200 25
186.102.13.165 - - [10/Jun/2022:00:59:25 -0500] "GET /kwssiamovil/sm/acme/a?s=U2FsdGVkX1/MA49yFBlWM21h9IcvJ5akkjkfP6Jizrv29DtbIHdDaBI5sngo/+JximXFVI8/1SGco4X4wfknRAeiQkMC2MHeFyT9H/7aB4xDVPXTsmQKGX3Vb/5TrZlirC9g3mcfVkqNyzktR4TxXAf2kW98/+60+0hUoGkCR0j7ByZt880Jqs555nTeHDJ6mQw8tLqmwLTLIqiAo0aM0w==&u=U2FsdGVkX18Cq1PLLph/JTIRygz7q7zj5AFsLMxBUcRY4qDkjQBm72SrEn83EMKz&y=U2FsdGVkX19L6iRyZvMI5je3s9l3Vc/b3nRCPpBio0VwIa/xQ7w3L8WQP4+stMnK HTTP/1.1" 200 25
186.102.13.165 - - [10/Jun/2022:00:59:25 -0500] "GET /kwssiamovil/sm/acme/a?s=U2FsdGVkX1/xrGENazc4FrkHwuPdElIplEhl+ueiKxPAFzSan7lP0uP/FpIJVRlki1KkZJTrFKHIGUDq0xlcRHGhiK04Ng/wuQ27fvihbPC4SZgo0Pqn80OeRlu57d2V81Km+aADPoV/2zP5qsVf0IZ1FumAHrHvbjkcNUg6tdcCxfWPzCvXEyqf9nQ91h79BZ28yjWQFZWCgy2nRbJAZA==&u=U2FsdGVkX18Cq1PLLph/JTIRygz7q7zj5AFsLMxBUcRY4qDkjQBm72SrEn83EMKz&y=U2FsdGVkX19L6iRyZvMI5je3s9l3Vc/b3nRCPpBio0VwIa/xQ7w3L8WQP4+stMnK HTTP/1.1" 200 25
186.102.13.165 - - [10/Jun/2022:00:59:25 -0500] "GET /kwssiamovil/sm/acme/a?s=U2FsdGVkX1+1hWjFxW/HoIxJHFp3+/y9kzlxdxiXVFi4fQLIRA7cOWmZlDZbO9hIiIzaklcKti3aMrOupoA9F/7BimUQPn//n/4rtez6IIRF/b2IBAWx+9H+I6XWtiTWLBsE2J2XkDJye+jd47C5SNHSPl1OvMEJQ69qFerU0pv+GOgprzRBe06Ids8C6fzC&u=U2FsdGVkX18Cq1PLLph/JTIRygz7q7zj5AFsLMxBUcRY4qDkjQBm72SrEn83EMKz&y=U2FsdGVkX19L6iRyZvMI5je3s9l3Vc/b3nRCPpBio0VwIa/xQ7w3L8WQP4+stMnK HTTP/1.1" 200 25
186.102.13.165 - - [10/Jun/2022:00:59:26 -0500] "GET /kwssiamovil/sm/acme/a?s=U2FsdGVkX19zi0cv7Y/R9DFRvHqjIP3G134c7rZ9LuPwTyPyfOlvTQ/F6XBYNoPVrLmhWC9A8ODLKnozAb9xvLKL4b9jO2B7oBeJFs1l3MGfjguYtNNW4uiOwl8/ipTJGmQf8YtyoJ9OHkOLaup4sstQ9gLKz9i8OYOL1larouwcUkbMXLnUFE/AfuHq4rHsN+8TmTGsDL3v5C5GufVBHg==&u=U2FsdGVkX18Cq1PLLph/JTIRygz7q7zj5AFsLMxBUcRY4qDkjQBm72SrEn83EMKz&y=U2FsdGVkX19L6iRyZvMI5je3s9l3Vc/b3nRCPpBio0VwIa/xQ7w3L8WQP4+stMnK HTTP/1.1" 200 25
186.102.13.165 - - [10/Jun/2022:00:59:26 -0500] "GET /kwssiamovil/sm/acme/a?s=U2FsdGVkX1+Dme89p3vxt20n93sF6uaXGb5sTjkRwMEhPZsQOFgYEDVvONN+4881o5kDYOy2UPuXcZTpB6m8Q8j5kkT2ltywrFsDFwFv6ws98rhyoiIdf1xeZWMsOd811ub6vx5dI4VPC6Mn4uja30Sm9Qe1jlvAG3OhcshnEeyEYJgeYuHUqfTE442GG061&u=U2FsdGVkX18Cq1PLLph/JTIRygz7q7zj5AFsLMxBUcRY4qDkjQBm72SrEn83EMKz&y=U2FsdGVkX19L6iRyZvMI5je3s9l3Vc/b3nRCPpBio0VwIa/xQ7w3L8WQP4+stMnK HTTP/1.1" 200 25
186.102.13.165 - - [10/Jun/2022:00:59:26 -0500] "GET /kwssiamovil/sm/acme/a?s=U2FsdGVkX1+ZWyF+5bC2HdxfSNfVMOJp2VzLGpfrNT38bu7Uhq+l9z6pa3Tm+J2iuv+ilDgJM7s+fHlaETF2zXAIFeFBUICfGv+ZVNEz1ydaPMXuFgNub6IXsGMxKhv+9zoMHD/o5mCPhSwqHD6YS8qSn15timi8BuixBoIfq8eWXTyyyqwDj/t8A+X4OcZIH9lb+0N6IFNEuqqzxsMhtg==&u=U2FsdGVkX18Cq1PLLph/JTIRygz7q7zj5AFsLMxBUcRY4qDkjQBm72SrEn83EMKz&y=U2FsdGVkX19L6iRyZvMI5je3s9l3Vc/b3nRCPpBio0VwIa/xQ7w3L8WQP4+stMnK HTTP/1.1" 200 25
186.102.13.165 - - [10/Jun/2022:00:59:26 -0500] "GET /kwssiamovil/sm/acme/a?s=U2FsdGVkX18rBSLqJh56Y6Wa4nAeUzGi37Zvk3FYswDvJ/b4Wnmar85cFJP4vnymtcypAl/601pGQErZ8TOQ3V1JwiSDAXbNe4adp0lBRM/7yEEyz3XVKuApU9bu4qvT46ad3DHfAMLNWCLdlfGkns2nnwCvbFsJ4yyCcUlYi0//Vor4cq9NlScq/wuXGFzi&u=U2FsdGVkX18Cq1PLLph/JTIRygz7q7zj5AFsLMxBUcRY4qDkjQBm72SrEn83EMKz&y=U2FsdGVkX19L6iRyZvMI5je3s9l3Vc/b3nRCPpBio0VwIa/xQ7w3L8WQP4+stMnK HTTP/1.1" 200 25
186.102.13.165 - - [10/Jun/2022:00:59:26 -0500] "GET /kwssiamovil/sm/acme/a?s=U2FsdGVkX1/ejAS0OFzMsGc/aRhh1MXGWWoOa+hOuVCRAVUQcG5OWrrPtdo8VeC5j3xoS7pQnFGenJEKAOpaK71Up0tjprU+dUuIwIUjueT6Lo8lVtkf+39SLS6XQEp9mFCeYnBU7RZsOnb+DxaIJQOXhodUZJiSqOqGe9ofJEUU5gtyMaab9Y/jm87g8Pn9eEV4PjU+eQlioEf4O3s/JQ==&u=U2FsdGVkX18Cq1PLLph/JTIRygz7q7zj5AFsLMxBUcRY4qDkjQBm72SrEn83EMKz&y=U2FsdGVkX19L6iRyZvMI5je3s9l3Vc/b3nRCPpBio0VwIa/xQ7w3L8WQP4+stMnK HTTP/1.1" 200 25
186.102.13.165 - - [10/Jun/2022:00:59:27 -0500] "GET /kwssiamovil/sm/acme/a?s=U2FsdGVkX195jAfUarN/NPckR7fjx4aCb5OzsqYPlvUiLBb68J5+GW3WOdj+VDLlsKDaQdoI4Jck9nfMeTPMuJy0pk4huwMbmeKpIOm9prGppcPULs96Zzu41UF2J8wvodup+KCMBi/j2ObAVdgKGOqmjHbBjKRE3Uax6yfCzSuSGhZk66By9d87KN/XngqJHQqCLO0FaRK4bJwlffVAuQ==&u=U2FsdGVkX18Cq1PLLph/JTIRygz7q7zj5AFsLMxBUcRY4qDkjQBm72SrEn83EMKz&y=U2FsdGVkX19L6iRyZvMI5je3s9l3Vc/b3nRCPpBio0VwIa/xQ7w3L8WQP4+stMnK HTTP/1.1" 200 25
186.102.13.165 - - [10/Jun/2022:00:59:27 -0500] "GET /kwssiamovil/sm/acme/a?s=U2FsdGVkX19feQZY9qdCMWWPB3+f+sf00Ax/N8Qjfn9J3kgXm9L/Wiaw+4n3HrHCyDbBewr1eg4Uxhz0qOsw+6ytNyZ/JctFc3GagKN6t/9yHTPFWiQeACMyBfBQUaBkesHt+PQuyFEtZ2XJOUk+G18A7CFAL6ALZQAQrAK64TPlG/hRlwEzC1KwYD4mTz6B39rQzgdIt6zhsNhPrp0bug==&u=U2FsdGVkX18Cq1PLLph/JTIRygz7q7zj5AFsLMxBUcRY4qDkjQBm72SrEn83EMKz&y=U2FsdGVkX19L6iRyZvMI5je3s9l3Vc/b3nRCPpBio0VwIa/xQ7w3L8WQP4+stMnK HTTP/1.1" 200 25
186.102.13.165 - - [10/Jun/2022:00:59:27 -0500] "GET /kwssiamovil/sm/acme/a?s=U2FsdGVkX19Xu8QG0smtGriS2FcLRZxgZFwuRRRewB/T+4JkWsKeVrRvB5u8YFujXlJIY0e6CpfKo08tgugPhVWBCEh4eeEdaKI+SpLbl+8BC+c7awUccXAJkYV6HUn0Qq9YLnOgcg1l/4IKxhUlq2Lwo6u4RaqwpioQ/29kbqo733dPAnKVOYjvVt0odMCm&u=U2FsdGVkX18Cq1PLLph/JTIRygz7q7zj5AFsLMxBUcRY4qDkjQBm72SrEn83EMKz&y=U2FsdGVkX19L6iRyZvMI5je3s9l3Vc/b3nRCPpBio0VwIa/xQ7w3L8WQP4+stMnK HTTP/1.1" 200 25
172.22.2.4 - - [10/Jun/2022:00:59:56 -0500] "GET /BLA/boletinlegal/Directivas/2011/Directiva%20No.%207%20del%2015%20de%20Septiembre%20de%202011.pdf HTTP/1.1" 200 268084
172.22.2.4 - - [10/Jun/2022:01:00:25 -0500] "GET /BLA/boletinlegal/Circulares/2014/Circular%20No.%202%20del%2021%20de%20septiembre%20de%202014.pdf HTTP/1.1" 200 143376
172.22.2.4 - - [10/Jun/2022:01:00:43 -0500] "GET /BLA/boletinlegal/Circulares/2011/Circular%20No.%207%20del%2023%20de%20Diciembre%20de%202011.pdf HTTP/1.1" 200 1107785
172.22.2.4 - - [10/Jun/2022:01:00:56 -0500] "GET /BLA/boletinlegal/Directivas/2011/Directiva%20No.%209%20del%2023%20de%20Septiembre%20de%202011.pdf HTTP/1.1" 200 326687
66.249.65.13 - - [10/Jun/2022:01:01:06 -0500] "-" 408 -
172.22.2.4 - - [10/Jun/2022:00:59:51 -0500] "HEAD /BLA/boletinlegal/ HTTP/1.1" 200 -
172.22.2.4 - - [10/Jun/2022:01:01:34 -0500] "GET /BLA/boletinlegal/Circulares/2010/Circular%2003%20de%2015%20de%20marzo%20de%202010.pdf HTTP/1.1" 200 299174
172.22.2.4 - - [10/Jun/2022:01:02:00 -0500] "GET /BLA/boletinlegal/Circulares/2013/Circular%20No.%206%20del%2019%20de%20julio%20de%202013.pdf HTTP/1.1" 200 4210437
172.22.2.4 - - [10/Jun/2022:01:02:03 -0500] "GET /BLA/boletinlegal/Circulares/2019/Circular%20No.%200015%20del%2003%20de%20Octubre%20de%202019.pdf HTTP/1.1" 200 165608
172.22.2.4 - - [10/Jun/2022:01:02:04 -0500] "GET /BLA/boletinlegal/Directivas/2013/Directiva%20No.%203%20del%2016%20de%20julio%20de%202013.pdf HTTP/1.1" 200 127414
172.22.2.4 - - [10/Jun/2022:01:02:14 -0500] "GET /BLA/boletinlegal/Directivas/2016/Directiva%20No.%2004%20del%2023%20de%20Diciembre%20de%202016.pdf HTTP/1.1" 200 327098
172.22.2.4 - - [10/Jun/2022:01:02:17 -0500] "GET /BLA/boletinlegal/Directivas/2016/Directiva%20No.%2003%20del%2026%20de%20Julio%20de%202016.pdf HTTP/1.1" 200 370200
172.22.2.4 - - [10/Jun/2022:01:00:42 -0500] "GET /BLA/boletinlegal/ HTTP/1.1" 200 58482
42.236.10.120 - - [10/Jun/2022:01:02:29 -0500] "GET / HTTP/1.1" 200 319
216.245.221.92 - - [10/Jun/2022:01:02:55 -0500] "HEAD / HTTP/1.1" 200 -
186.102.13.165 - - [10/Jun/2022:01:03:07 -0500] "GET /kwssiamovil/sm/acme/u?s=U2FsdGVkX19eH6w2iNuweA1CVRs2XdS8EawgfUJ0gqPhXPu5QaIwkE2QXuvCK8cu2YHnAKxzYoDhzpswc1o49OlnZg7apSLGHqXqsYYrq9l6WIvDtQUEteJm1AoD0d1we2ECdN6r1jVoHQqucn5fhA==&u=U2FsdGVkX18Cq1PLLph/JTIRygz7q7zj5AFsLMxBUcRY4qDkjQBm72SrEn83EMKz&y=U2FsdGVkX19L6iRyZvMI5je3s9l3Vc/b3nRCPpBio0VwIa/xQ7w3L8WQP4+stMnK HTTP/1.1" 200 60
172.22.2.4 - - [10/Jun/2022:01:04:03 -0500] "GET /BLA/boletinlegal/actas/acta%20de%20acuerdo%2001%20adop%20regla%20inter%20CISPAER.pdf HTTP/1.1" 200 837068
152.61.128.50 - - [10/Jun/2022:01:05:15 -0500] "GET /arcgis/services/Calidad_del_Agua_WQI/MapServer/WMSServer?request=GetCapabilities&service=WMS HTTP/1.1" 503 1020
152.61.128.50 - - [10/Jun/2022:01:05:16 -0500] "GET /arcgis/services/Calidad_del_Agua_WQI/MapServer/WMSServer?SERVICE=WMS&REQUEST=GetCapabilities HTTP/1.1" 503 1020
152.61.128.50 - - [10/Jun/2022:01:05:16 -0500] "GET /arcgis/services/Calidad_del_Agua_WQI/MapServer/WMSServer?WMTVER=1.0.0&REQUEST=capabilities HTTP/1.1" 503 1020
172.22.2.4 - - [10/Jun/2022:01:05:16 -0500] "GET /BLA/boletinlegal/Directivas/2011/Directiva%20No.%201%20del%205%20de%20Abril%20de%202011.pdf HTTP/1.1" 200 971292
40.77.190.48 - - [10/Jun/2022:01:07:16 -0500] "GET /dlf/styles.css HTTP/1.1" 404 1018
172.22.2.4 - - [10/Jun/2022:01:05:41 -0500] "HEAD /BLA/boletinlegal/ HTTP/1.1" 200 -
172.22.2.4 - - [10/Jun/2022:01:07:29 -0500] "GET /BLA/boletinlegal/Directivas/2011/Directiva%20No.%202%20del%2017%20de%20Mayo%20de%202011.pdf HTTP/1.1" 200 495382
216.245.221.92 - - [10/Jun/2022:01:07:55 -0500] "HEAD / HTTP/1.1" 200 -
172.22.2.4 - - [10/Jun/2022:01:06:32 -0500] "GET /BLA/boletinlegal/ HTTP/1.1" 200 60973
172.22.2.4 - - [10/Jun/2022:01:08:26 -0500] "GET /BLA/boletinlegal/Directivas/2011/Directiva%20No.%2011%20del%2027%20de%20Diciembre%20de%202011.pdf HTTP/1.1" 200 303527
172.22.2.4 - - [10/Jun/2022:01:09:12 -0500] "GET /BLA/boletinlegal/Circulares/2012/Circular%20No.%2016%20del%2022%20de%20octubre%20de%202012.pdf HTTP/1.1" 200 381186
172.22.2.4 - - [10/Jun/2022:01:11:33 -0500] "GET /BLA/boletinlegal/Circulares/2012/Circular%20No.%205%20del%2027%20de%20Abril%20de%202012.pdf HTTP/1.1" 200 216613
66.249.65.13 - - [10/Jun/2022:01:11:45 -0500] "-" 408 -
172.22.2.4 - - [10/Jun/2022:01:11:54 -0500] "GET /BLA/boletinlegal/Directivas/2016/Directiva%20No.%2001%20del%2012%20de%20Abril%20de%202016.pdf HTTP/1.1" 200 868354
216.245.221.92 - - [10/Jun/2022:01:12:55 -0500] "HEAD / HTTP/1.1" 200 -
172.22.2.4 - - [10/Jun/2022:01:13:05 -0500] "GET /BLA/boletinlegal/jurisprudencia/analisis/AnalisisC-035-16.docx HTTP/1.1" 200 25011
172.22.2.4 - - [10/Jun/2022:01:11:31 -0500] "HEAD /BLA/boletinlegal/ HTTP/1.1" 200 -
172.22.2.4 - - [10/Jun/2022:01:12:22 -0500] "GET /BLA/boletinlegal/ HTTP/1.1" 200 60973
40.77.167.102 - - [10/Jun/2022:01:15:47 -0500] "-" 408 -
40.77.167.102 - - [10/Jun/2022:01:15:47 -0500] "-" 408 -
40.77.167.102 - - [10/Jun/2022:01:15:47 -0500] "-" 408 -
40.77.167.102 - - [10/Jun/2022:01:15:47 -0500] "-" 408 -
40.77.167.102 - - [10/Jun/2022:01:15:47 -0500] "-" 408 -
40.77.167.102 - - [10/Jun/2022:01:15:50 -0500] "-" 408 -
40.77.167.102 - - [10/Jun/2022:01:15:50 -0500] "-" 408 -
40.77.167.102 - - [10/Jun/2022:01:15:50 -0500] "-" 408 -
40.77.167.102 - - [10/Jun/2022:01:15:50 -0500] "-" 408 -
40.77.167.102 - - [10/Jun/2022:01:15:54 -0500] "-" 408 -
172.22.2.4 - - [10/Jun/2022:01:16:15 -0500] "GET /BLA/boletinlegal/Circulares/2019/Circular%2000018%20del%2020%20de%20noviembre%20de%202019.pdf HTTP/1.1" 200 158030
172.22.2.4 - - [10/Jun/2022:01:16:44 -0500] "GET /BLA/boletinlegal/Directivas/2014/Directiva%20No.%204%20del%2006%20de%20Junio%20de%202014.pdf HTTP/1.1" 200 236794
172.22.2.4 - - [10/Jun/2022:01:17:16 -0500] "GET /BLA/boletinlegal/Directivas/2011/Directiva%20No.%205%20del%2029%20de%20Agosto%20de%202011.pdf HTTP/1.1" 200 444404
172.22.2.4 - - [10/Jun/2022:01:17:27 -0500] "GET /BLA/boletinlegal/Circulares/2015/Circular%20No.%201%20del%2010%20de%20Febrero%20de%202015.pdf HTTP/1.1" 200 660637
216.245.221.92 - - [10/Jun/2022:01:17:55 -0500] "HEAD / HTTP/1.1" 200 -
207.46.13.137 - - [10/Jun/2022:01:18:10 -0500] "GET /BLA/resoluciones/AUTOS%202021/1646.pdf HTTP/1.1" 304 -
172.22.2.4 - - [10/Jun/2022:01:18:29 -0500] "GET /BLA/boletinlegal/Circulares/2011/Circular%20No.%206%20del%2023%20de%20Septiembre%20de%202011.pdf HTTP/1.1" 200 252800
172.22.2.4 - - [10/Jun/2022:01:18:31 -0500] "GET /BLA/boletinlegal/style.css HTTP/1.1" 200 9406
172.22.2.4 - - [10/Jun/2022:01:18:31 -0500] "GET /BLA/boletinlegal/styles2.css HTTP/1.1" 200 1838
172.22.2.4 - - [10/Jun/2022:01:18:31 -0500] "GET /BLA/boletinlegal/js/jquery.js HTTP/1.1" 200 57254
172.22.2.4 - - [10/Jun/2022:01:18:31 -0500] "GET /BLA/boletinlegal/js/jquery.scrollTo-min.js HTTP/1.1" 200 1150
172.22.2.4 - - [10/Jun/2022:01:18:31 -0500] "GET /BLA/boletinlegal/js/jquery.scrollShow.js HTTP/1.1" 200 4586
172.22.2.4 - - [10/Jun/2022:01:18:31 -0500] "GET /BLA/boletinlegal/images/cabezote%20BLEGAL.jpg HTTP/1.1" 200 118164
172.22.2.4 - - [10/Jun/2022:01:18:31 -0500] "GET /BLA/boletinlegal/images/subscribe-icon-big.png HTTP/1.1" 200 47702
172.22.2.4 - - [10/Jun/2022:01:18:31 -0500] "GET /BLA/boletinlegal/images/historia.png HTTP/1.1" 200 52775
172.22.2.4 - - [10/Jun/2022:01:18:31 -0500] "GET /BLA/boletinlegal/images/registro-usuarios.png HTTP/1.1" 200 8106
172.22.2.4 - - [10/Jun/2022:01:18:31 -0500] "GET /BLA/boletinlegal/images/launch.jpg HTTP/1.1" 200 14577
172.22.2.4 - - [10/Jun/2022:01:18:31 -0500] "GET /BLA/boletinlegal/images/arr_l.jpg HTTP/1.1" 200 1979
172.22.2.4 - - [10/Jun/2022:01:18:31 -0500] "GET /BLA/boletinlegal/images/screen_1.png HTTP/1.1" 200 202547
172.22.2.4 - - [10/Jun/2022:01:18:31 -0500] "GET /BLA/boletinlegal/images/body_bg.jpg HTTP/1.1" 200 1601
172.22.2.4 - - [10/Jun/2022:01:18:31 -0500] "GET /BLA/boletinlegal/images/menu_lft.gif HTTP/1.1" 200 1713
172.22.2.4 - - [10/Jun/2022:01:18:31 -0500] "GET /BLA/boletinlegal/images/menu_rght.gif HTTP/1.1" 200 1627
172.22.2.4 - - [10/Jun/2022:01:18:31 -0500] "GET /BLA/boletinlegal/images/bg_top.jpg HTTP/1.1" 200 522
172.22.2.4 - - [10/Jun/2022:01:18:31 -0500] "GET /BLA/boletinlegal/images/menu_bg.jpg HTTP/1.1" 200 620
172.22.2.4 - - [10/Jun/2022:01:18:31 -0500] "GET /BLA/boletinlegal/images/hover.jpg HTTP/1.1" 200 640
172.22.2.4 - - [10/Jun/2022:01:18:31 -0500] "GET /BLA/boletinlegal/images/text.jpg HTTP/1.1" 200 568
172.22.2.4 - - [10/Jun/2022:01:18:32 -0500] "GET /BLA/boletinlegal/actos.php HTTP/1.1" 200 9559
172.22.2.4 - - [10/Jun/2022:01:18:33 -0500] "GET /BLA/boletinlegal/js/ajax_actos.js HTTP/1.1" 200 1322
172.22.2.4 - - [10/Jun/2022:01:18:33 -0500] "GET /BLA/boletinlegal/niceforms-default.css HTTP/1.1" 200 6694
172.22.2.4 - - [10/Jun/2022:01:18:33 -0500] "GET /BLA/boletinlegal/niceforms.js HTTP/1.1" 200 22876
172.22.2.4 - - [10/Jun/2022:01:18:33 -0500] "GET /BLA/boletinlegal/js/lib.js HTTP/1.1" 200 6474
172.22.2.4 - - [10/Jun/2022:01:18:33 -0500] "GET /BLA/boletinlegal/js/popup.js HTTP/1.1" 200 1270
172.22.2.4 - - [10/Jun/2022:01:18:33 -0500] "GET /BLA/boletinlegal/js/jquery1.js HTTP/1.1" 200 29846
172.22.2.4 - - [10/Jun/2022:01:18:33 -0500] "GET /BLA/boletinlegal/images/green-yellow-blue-pink-th.png HTTP/1.1" 200 7394
172.22.2.4 - - [10/Jun/2022:01:18:33 -0500] "GET /BLA/boletinlegal/images/abajo.png HTTP/1.1" 200 96676
172.22.2.4 - - [10/Jun/2022:01:18:33 -0500] "GET /BLA/boletinlegal/images/tel.png HTTP/1.1" 200 14477
172.22.2.4 - - [10/Jun/2022:01:18:33 -0500] "GET /BLA/boletinlegal/images/icono-email.png HTTP/1.1" 200 5544
172.22.2.4 - - [10/Jun/2022:01:18:33 -0500] "GET /BLA/boletinlegal/images/footer_bg.jpg HTTP/1.1" 200 586
172.22.2.4 - - [10/Jun/2022:01:18:33 -0500] "GET /BLA/boletinlegal/images/footer_bg_l.jpg HTTP/1.1" 200 776
172.22.2.4 - - [10/Jun/2022:01:18:33 -0500] "GET /BLA/boletinlegal/img/0.png HTTP/1.1" 200 110
172.22.2.4 - - [10/Jun/2022:01:18:33 -0500] "GET /BLA/boletinlegal/img/select-left.png HTTP/1.1" 200 263
172.22.2.4 - - [10/Jun/2022:01:18:33 -0500] "GET /BLA/boletinlegal/img/select-right.png HTTP/1.1" 200 44019
172.22.2.4 - - [10/Jun/2022:01:18:33 -0500] "GET /BLA/boletinlegal/img/button.png HTTP/1.1" 200 43241
172.22.2.4 - - [10/Jun/2022:01:18:33 -0500] "GET /BLA/boletinlegal/img/button-left.png HTTP/1.1" 200 57071
172.22.2.4 - - [10/Jun/2022:01:18:33 -0500] "GET /BLA/boletinlegal/img/button-right.png HTTP/1.1" 200 57878
172.22.2.4 - - [10/Jun/2022:01:18:33 -0500] "GET /BLA/boletinlegal/favicon.ico HTTP/1.1" 404 1326
172.22.2.4 - - [10/Jun/2022:01:18:49 -0500] "GET /BLA/boletinlegal/Circulares/2011/Circular%20No.%205%20del%2012%20de%20Agosto%20de%202011.pdf HTTP/1.1" 200 431796
172.22.2.4 - - [10/Jun/2022:01:18:55 -0500] "GET /BLA/boletinlegal/consulta_actos.php?tipo=resoluciones&no=1037&usuario=&sector=&fecha=2016&resuelve= HTTP/1.1" 200 1721
172.22.2.4 - - [10/Jun/2022:01:18:55 -0500] "GET /BLA/boletinlegal/images/pdf.gif HTTP/1.1" 200 567
186.31.159.232 - - [10/Jun/2022:01:18:58 -0500] "GET /BLA/resoluciones/RESOLUCIONES%202016/1037.pdf HTTP/1.1" 200 564531
172.22.2.4 - - [10/Jun/2022:01:17:21 -0500] "HEAD /BLA/boletinlegal/ HTTP/1.1" 200 -
172.22.2.4 - - [10/Jun/2022:01:19:15 -0500] "GET /BLA/boletinlegal/images/cabezote%20BLEGAL.jpg HTTP/1.1" 304 -
172.22.2.4 - - [10/Jun/2022:01:18:31 -0500] "GET /BLA/boletinlegal/ HTTP/1.1" 200 24523
172.22.2.4 - - [10/Jun/2022:01:19:39 -0500] "GET /BLA/boletinlegal/consulta_actos.php?tipo=resoluciones&no=3622&usuario=&sector=&fecha=2017&resuelve= HTTP/1.1" 200 2076
186.31.159.232 - - [10/Jun/2022:01:19:41 -0500] "GET /BLA/resoluciones/RESOLUCIONES%202017/3622.pdf HTTP/1.1" 200 393537
172.22.2.4 - - [10/Jun/2022:01:18:12 -0500] "GET /BLA/boletinlegal/ HTTP/1.1" 200 53024
172.22.2.4 - - [10/Jun/2022:01:20:15 -0500] "GET /BLA/boletinlegal/Circulares/2011/Circular%20003%20de%20Febrero%20de%202011.pdf HTTP/1.1" 200 224758
172.22.2.4 - - [10/Jun/2022:01:20:24 -0500] "GET /BLA/boletinlegal/consulta_actos.php?tipo=resoluciones&no=3074&usuario=&sector=&fecha=2011&resuelve= HTTP/1.1" 200 1608
186.31.159.232 - - [10/Jun/2022:01:20:28 -0500] "GET /BLA/resoluciones/RESOLUCIONES%202011/3074.pdf HTTP/1.1" 200 2418827
172.22.2.4 - - [10/Jun/2022:01:21:03 -0500] "GET /BLA/boletinlegal/Circulares/2011/Circular%20No.%203%20del%2016%20de%20Junio%20de%202011.pdf HTTP/1.1" 200 346378
172.22.2.4 - - [10/Jun/2022:01:21:10 -0500] "GET /BLA/boletinlegal/actas/466-2017.pdf HTTP/1.1" 200 9170724
172.22.2.4 - - [10/Jun/2022:01:19:51 -0500] "GET /BLA/boletinlegal/ HTTP/1.1" 200 63427
168.195.93.44 - - [10/Jun/2022:01:22:15 -0500] "GET /galeria/galeria/fotos/Humedal-la-conejera2P.jpg HTTP/1.1" 200 31007
201.245.192.253 - - [10/Jun/2022:01:21:40 -0500] "POST /kwsrmcab/Wsrmcab HTTP/1.1" 200 45188
20.99.201.17 - - [10/Jun/2022:01:22:34 -0500] "GET /galeria/galeria/fotos/mico1G.jpg HTTP/1.1" 200 241617
216.245.221.92 - - [10/Jun/2022:01:22:55 -0500] "HEAD / HTTP/1.1" 200 -
172.22.2.4 - - [10/Jun/2022:01:23:12 -0500] "GET /BLA/boletinlegal/Circulares/2013/Circular%20No.%204%20del%2005%20de%20junio%20de%202013.pdf HTTP/1.1" 200 130461
201.245.192.253 - - [10/Jun/2022:01:22:31 -0500] "POST /kwsrmcab/Wsrmcab HTTP/1.1" 200 44758
172.22.2.4 - - [10/Jun/2022:01:23:49 -0500] "GET /BLA/boletinlegal/Circulares/2019/.pdf HTTP/1.1" 404 1218
172.22.2.4 - - [10/Jun/2022:01:23:58 -0500] "GET /BLA/boletinlegal/Circulares/2012/Circular%20No.%2010%20del%2026%20de%20Enero%20de%202012.pdf HTTP/1.1" 404 1218
172.22.2.4 - - [10/Jun/2022:01:24:26 -0500] "GET /BLA/boletinlegal/Circulares/2017/Circular%20No.%201%20del%2030%20de%20Marzo%20de%202017.pdf HTTP/1.1" 200 668532
172.22.2.4 - - [10/Jun/2022:01:24:33 -0500] "GET /BLA/boletinlegal/Circulares/2011/Circular%20No.%209%20del%2003%20de%20Noviembre%20de%202011.pdf HTTP/1.1" 200 54568
172.22.2.4 - - [10/Jun/2022:01:23:11 -0500] "HEAD /BLA/boletinlegal/ HTTP/1.1" 200 -
66.249.65.13 - - [10/Jun/2022:01:24:54 -0500] "-" 408 -
172.22.2.4 - - [10/Jun/2022:01:24:02 -0500] "GET /BLA/boletinlegal/ HTTP/1.1" 200 60581
134.122.14.109 - - [10/Jun/2022:01:27:38 -0500] "GET / HTTP/1.1" 200 319
172.22.2.4 - - [10/Jun/2022:01:27:42 -0500] "GET /BLA/boletinlegal/Circulares/2018/Circular%20No.%2010%20del%2021%20de%20Septiembre%20de%202018.pdf HTTP/1.1" 200 163426
216.245.221.92 - - [10/Jun/2022:01:27:55 -0500] "HEAD / HTTP/1.1" 200 -
20.99.182.242 - - [10/Jun/2022:01:28:10 -0500] "GET /galeria/galeria/fotos/Movilizacion9G.jpg HTTP/1.1" 200 116760
157.55.39.127 - - [10/Jun/2022:01:29:02 -0500] "GET /sipse/faces/faces/autenticacion.xhtml HTTP/1.1" 200 12493
172.22.2.4 - - [10/Jun/2022:01:29:14 -0500] "GET /BLA/boletinlegal/Directivas/2017/Directiva%20No.%2002%20del%2017%20de%20Enero%20de%202017.pdf HTTP/1.1" 200 3521427
207.46.13.67 - - [10/Jun/2022:01:30:32 -0500] "GET /garza-azul-nueva-ave-registrada-en-el-humedal-el-burro.html HTTP/1.1" 200 890
172.22.2.4 - - [10/Jun/2022:01:29:01 -0500] "HEAD /BLA/boletinlegal/ HTTP/1.1" 200 -
172.22.2.4 - - [10/Jun/2022:01:31:24 -0500] "GET /BLA/boletinlegal/Directivas/2014/Directiva%20No.%203%20del%2020%20de%20Mayo%20de%202014.pdf HTTP/1.1" 200 504420
172.22.2.4 - - [10/Jun/2022:01:29:52 -0500] "GET /BLA/boletinlegal/ HTTP/1.1" 200 58482
201.245.192.253 - - [10/Jun/2022:01:31:39 -0500] "POST /kwsrmcab/Wsrmcab HTTP/1.1" 200 45188
20.252.8.135 - - [10/Jun/2022:01:32:36 -0500] "GET /galeria/galeria/fotos/Huemdal-Cordoba2G.jpg HTTP/1.1" 200 471832
216.245.221.92 - - [10/Jun/2022:01:32:55 -0500] "HEAD / HTTP/1.1" 200 -
201.245.192.253 - - [10/Jun/2022:01:32:30 -0500] "POST /kwsrmcab/Wsrmcab HTTP/1.1" 200 44758
172.22.2.4 - - [10/Jun/2022:01:33:45 -0500] "GET /BLA/boletinlegal/Directivas/2013/Directiva%20No.%202%20del%2004%20de%20Abril%20de%202013.pdf HTTP/1.1" 200 1182671
172.22.2.4 - - [10/Jun/2022:01:33:48 -0500] "GET /BLA/boletinlegal/Circulares/2009/Circular%20No.%2035%20del%2024%20de%20Diciembre%20de%202009.pdf HTTP/1.1" 200 578234
66.249.65.13 - - [10/Jun/2022:01:35:22 -0500] "-" 408 -
172.22.2.4 - - [10/Jun/2022:01:34:51 -0500] "HEAD /BLA/boletinlegal/ HTTP/1.1" 200 -
172.22.2.4 - - [10/Jun/2022:01:35:41 -0500] "GET /BLA/boletinlegal/ HTTP/1.1" 200 60973
216.245.221.92 - - [10/Jun/2022:01:37:55 -0500] "HEAD / HTTP/1.1" 200 -
194.233.82.195 - - [10/Jun/2022:01:38:58 -0500] "GET / HTTP/1.1" 200 319
194.233.82.195 - - [10/Jun/2022:01:39:15 -0500] "GET / HTTP/1.1" 200 319
194.233.82.195 - - [10/Jun/2022:01:39:31 -0500] "GET /wp-includes/wlwmanifest.xml HTTP/1.1" 404 1018
194.233.82.195 - - [10/Jun/2022:01:39:47 -0500] "GET /xmlrpc.php?rsd HTTP/1.1" 404 1018
194.233.82.195 - - [10/Jun/2022:01:40:03 -0500] "GET / HTTP/1.1" 200 319
194.233.82.195 - - [10/Jun/2022:01:40:19 -0500] "GET /blog/wp-includes/wlwmanifest.xml HTTP/1.1" 404 1018
194.233.82.195 - - [10/Jun/2022:01:40:35 -0500] "GET /web/wp-includes/wlwmanifest.xml HTTP/1.1" 404 1018
194.233.82.195 - - [10/Jun/2022:01:40:51 -0500] "GET /wordpress/wp-includes/wlwmanifest.xml HTTP/1.1" 404 1018
194.233.82.195 - - [10/Jun/2022:01:41:07 -0500] "GET /website/wp-includes/wlwmanifest.xml HTTP/1.1" 404 1018
194.233.82.195 - - [10/Jun/2022:01:41:23 -0500] "GET /wp/wp-includes/wlwmanifest.xml HTTP/1.1" 404 1018
194.233.82.195 - - [10/Jun/2022:01:41:40 -0500] "GET /news/wp-includes/wlwmanifest.xml HTTP/1.1" 404 1018
194.233.82.195 - - [10/Jun/2022:01:41:56 -0500] "GET /2020/wp-includes/wlwmanifest.xml HTTP/1.1" 404 1018
40.77.167.79 - - [10/Jun/2022:01:42:12 -0500] "GET /BLA/resoluciones/RESOLUCIONES%202016/1655.pdf HTTP/1.1" 304 -
172.22.2.4 - - [10/Jun/2022:01:40:41 -0500] "HEAD /BLA/boletinlegal/ HTTP/1.1" 200 -
194.233.82.195 - - [10/Jun/2022:01:42:12 -0500] "GET /2019/wp-includes/wlwmanifest.xml HTTP/1.1" 404 1018
201.245.192.253 - - [10/Jun/2022:01:41:39 -0500] "POST /kwsrmcab/Wsrmcab HTTP/1.1" 200 45188
194.233.82.195 - - [10/Jun/2022:01:42:28 -0500] "GET /shop/wp-includes/wlwmanifest.xml HTTP/1.1" 404 1018
20.252.8.177 - - [10/Jun/2022:01:42:55 -0500] "GET /galeria/galeria/fotos/Humedal-techo2G.jpg HTTP/1.1" 200 358004
216.245.221.92 - - [10/Jun/2022:01:42:55 -0500] "HEAD / HTTP/1.1" 200 -
194.233.82.195 - - [10/Jun/2022:01:42:44 -0500] "GET /wp1/wp-includes/wlwmanifest.xml HTTP/1.1" 404 1018
66.249.65.13 - - [10/Jun/2022:01:43:10 -0500] "-" 408 -
172.22.2.4 - - [10/Jun/2022:01:41:32 -0500] "GET /BLA/boletinlegal/ HTTP/1.1" 200 60581
194.233.82.195 - - [10/Jun/2022:01:43:00 -0500] "GET /test/wp-includes/wlwmanifest.xml HTTP/1.1" 404 1018
201.245.192.253 - - [10/Jun/2022:01:42:30 -0500] "POST /kwsrmcab/Wsrmcab HTTP/1.1" 200 44758
194.233.82.195 - - [10/Jun/2022:01:43:16 -0500] "GET /wp2/wp-includes/wlwmanifest.xml HTTP/1.1" 404 1018
194.233.82.195 - - [10/Jun/2022:01:43:32 -0500] "GET /site/wp-includes/wlwmanifest.xml HTTP/1.1" 404 1018
194.233.82.195 - - [10/Jun/2022:01:43:48 -0500] "GET /cms/wp-includes/wlwmanifest.xml HTTP/1.1" 404 1018
194.233.82.195 - - [10/Jun/2022:01:44:05 -0500] "GET /sito/wp-includes/wlwmanifest.xml HTTP/1.1" 404 1018
20.99.207.35 - - [10/Jun/2022:01:44:37 -0500] "GET /galeria/galeria/fotos/Caminando-la-tierra3G.jpg HTTP/1.1" 200 103203
172.22.2.4 - - [10/Jun/2022:01:43:20 -0500] "GET /BLA/boletinlegal/ HTTP/1.1" 200 63427
40.77.167.79 - - [10/Jun/2022:01:45:01 -0500] "GET / HTTP/1.1" 200 319
172.22.2.4 - - [10/Jun/2022:01:45:01 -0500] "GET /BLA/boletinlegal/Circulares/2012/Circular%20No.%203%20del%2023%20de%20Marzo%20de%202012.pdf HTTP/1.1" 200 572950
172.22.2.4 - - [10/Jun/2022:01:46:27 -0500] "GET /BLA/boletinlegal/Circulares/2017/Circular%20No.%2007%20del%2028%20de%20Abril%20de%202017.pdf HTTP/1.1" 200 309906
164.92.110.110 - - [10/Jun/2022:01:47:30 -0500] "GET / HTTP/1.1" 200 319
172.22.2.4 - - [10/Jun/2022:01:47:41 -0500] "GET /BLA/boletinlegal/Directivas/2011/Directiva%20No.%203%20del%2027%20de%20Mayo%20de%202011.pdf HTTP/1.1" 200 910420
216.245.221.92 - - [10/Jun/2022:01:47:55 -0500] "HEAD / HTTP/1.1" 200 -
172.22.2.4 - - [10/Jun/2022:01:46:31 -0500] "HEAD /BLA/boletinlegal/ HTTP/1.1" 200 -
172.22.2.4 - - [10/Jun/2022:01:47:22 -0500] "GET /BLA/boletinlegal/ HTTP/1.1" 200 58029
172.22.2.4 - - [10/Jun/2022:01:50:50 -0500] "GET /BLA/boletinlegal/images/screen_3.png HTTP/1.1" 304 -
172.22.2.4 - - [10/Jun/2022:01:52:51 -0500] "GET /BLA/boletinlegal/Directivas/2018/Directiva%20No.%2027%20del%2028%20de%20diciembre%20de%202018.pdf HTTP/1.1" 200 2831879
216.245.221.92 - - [10/Jun/2022:01:52:55 -0500] "HEAD / HTTP/1.1" 200 -
66.249.65.13 - - [10/Jun/2022:01:53:00 -0500] "-" 408 -
172.22.2.4 - - [10/Jun/2022:01:53:22 -0500] "GET /BLA/boletinlegal/Directivas/2011/Directiva%20No.%204%20del%2028%20de%20Junio%20de%202011.pdf HTTP/1.1" 200 960158
172.22.2.4 - - [10/Jun/2022:01:53:29 -0500] "GET /BLA/boletinlegal/Circulares/2012/Circular%20No.%2011%20del%2027%20de%20Agosto%20de%202012.pdf HTTP/1.1" 200 526945
172.22.2.4 - - [10/Jun/2022:01:53:54 -0500] "GET /BLA/boletinlegal/Circulares/2013/Circular%20No.%203%20del%2005%20de%20abril%20de%202013.pdf HTTP/1.1" 200 93580
172.22.2.4 - - [10/Jun/2022:01:52:21 -0500] "HEAD /BLA/boletinlegal/ HTTP/1.1" 200 -
172.22.2.4 - - [10/Jun/2022:01:53:11 -0500] "GET /BLA/boletinlegal/ HTTP/1.1" 200 60973
157.55.39.8 - - [10/Jun/2022:01:55:34 -0500] "GET /BLA/resoluciones/RESOLUCIONES%202018/0930.pdf HTTP/1.1" 304 -
216.245.221.92 - - [10/Jun/2022:01:57:55 -0500] "HEAD / HTTP/1.1" 200 -
172.22.2.4 - - [10/Jun/2022:01:58:20 -0500] "GET /BLA/boletinlegal/Directivas/2014/Directiva%20No.%205%20del%2026%20de%20Diciembre%20de%202014.pdf HTTP/1.1" 304 -
40.77.167.79 - - [10/Jun/2022:01:59:42 -0500] "GET /BLA/resoluciones/RESOLUCIONES%202019/1137.pdf HTTP/1.1" 304 -
172.22.2.4 - - [10/Jun/2022:01:58:11 -0500] "HEAD /BLA/boletinlegal/ HTTP/1.1" 200 -
172.22.2.4 - - [10/Jun/2022:01:59:01 -0500] "GET /BLA/boletinlegal/ HTTP/1.1" 200 60973
207.46.13.229 - - [10/Jun/2022:02:01:00 -0500] "-" 408 -
216.245.221.92 - - [10/Jun/2022:02:02:55 -0500] "HEAD / HTTP/1.1" 200 -
172.22.2.4 - - [10/Jun/2022:02:04:01 -0500] "HEAD /BLA/boletinlegal/ HTTP/1.1" 200 -
172.22.2.4 - - [10/Jun/2022:02:04:51 -0500] "GET /BLA/boletinlegal/ HTTP/1.1" 200 60973
216.245.221.92 - - [10/Jun/2022:02:07:55 -0500] "HEAD / HTTP/1.1" 200 -
37.0.10.187 - - [10/Jun/2022:02:07:59 -0500] "GET / HTTP/1.1" 200 319
37.0.10.187 - - [10/Jun/2022:02:08:08 -0500] "POST /HNAP1/ HTTP/1.1" 404 1018
172.22.2.4 - - [10/Jun/2022:02:08:52 -0500] "GET /BLA/boletinlegal/Circulares/2012/Circular%20No.%201%20del%2017%20de%20Enero%20de%202012.pdf HTTP/1.1" 200 1118749
66.249.65.17 - - [10/Jun/2022:02:10:39 -0500] "-" 408 -
172.22.2.4 - - [10/Jun/2022:02:09:51 -0500] "HEAD /BLA/boletinlegal/ HTTP/1.1" 200 -
172.22.2.4 - - [10/Jun/2022:02:10:41 -0500] "GET /BLA/boletinlegal/ HTTP/1.1" 200 60973
216.245.221.92 - - [10/Jun/2022:02:12:55 -0500] "HEAD / HTTP/1.1" 200 -
157.55.39.77 - - [10/Jun/2022:02:15:05 -0500] "GET /portaldeninos/wp-content/uploads/2021/11/pieza-observatorio-ambiental-10-abril-1024x524.jpg HTTP/1.1" 200 65672
66.249.65.15 - - [10/Jun/2022:02:17:01 -0500] "-" 408 -
20.99.207.35 - - [10/Jun/2022:02:17:04 -0500] "GET /galeria/galeria/fotos/Humedal-techo4G.jpg HTTP/1.1" 200 230318
172.22.2.4 - - [10/Jun/2022:02:15:41 -0500] "HEAD /BLA/boletinlegal/ HTTP/1.1" 200 -
216.245.221.92 - - [10/Jun/2022:02:17:55 -0500] "HEAD / HTTP/1.1" 200 -
172.22.2.4 - - [10/Jun/2022:02:16:31 -0500] "GET /BLA/boletinlegal/ HTTP/1.1" 200 58482
157.55.39.215 - - [10/Jun/2022:02:19:56 -0500] "GET /portaldeninos/humedal-el-tunjo/ HTTP/1.1" 200 87862
157.55.39.198 - - [10/Jun/2022:02:20:02 -0500] "GET /portaldeninos/ HTTP/1.1" 200 109662
207.46.13.67 - - [10/Jun/2022:02:20:07 -0500] "GET /portaldeninos/2021/06/29/jasbleady-castaneda-una-mujer-que-le-pone-el-alma-a-la-proteccion-de-las-tinguas-azules/ HTTP/1.1" 200 108589
34.90.185.83 - - [10/Jun/2022:02:21:43 -0500] "GET / HTTP/1.1" 200 319
201.245.192.253 - - [10/Jun/2022:02:21:39 -0500] "POST /kwsrmcab/Wsrmcab HTTP/1.1" 200 45190
172.22.2.4 - - [10/Jun/2022:02:22:11 -0500] "GET /BLA/boletinlegal/ HTTP/1.1" 200 20427
216.245.221.92 - - [10/Jun/2022:02:22:55 -0500] "HEAD / HTTP/1.1" 200 -
201.245.192.253 - - [10/Jun/2022:02:22:25 -0500] "POST /kwsrmcab/Wsrmcab HTTP/1.1" 200 44760
172.22.2.4 - - [10/Jun/2022:02:21:31 -0500] "HEAD /BLA/boletinlegal/ HTTP/1.1" 200 -
172.22.2.4 - - [10/Jun/2022:02:22:21 -0500] "GET /BLA/boletinlegal/ HTTP/1.1" 200 57520
192.241.220.50 - - [10/Jun/2022:02:24:35 -0500] "MGLNDD_190.27.245.106_80" 501 953
172.22.2.4 - - [10/Jun/2022:02:25:53 -0500] "GET /BLA/boletinlegal/ HTTP/1.1" 200 32715
207.46.13.137 - - [10/Jun/2022:02:27:37 -0500] "GET /BLA/resoluciones/index.php?dir=AUTOS+2016%2F HTTP/1.1" 200 324776
216.245.221.92 - - [10/Jun/2022:02:27:55 -0500] "HEAD / HTTP/1.1" 200 -
172.22.2.4 - - [10/Jun/2022:02:28:20 -0500] "GET /BLA/boletinlegal/Directivas/2017/Directiva%20No.%2002%20del%2017%20de%20Enero%20de%202017.pdf HTTP/1.1" 200 3521427
66.249.65.13 - - [10/Jun/2022:02:28:50 -0500] "-" 408 -
172.22.2.4 - - [10/Jun/2022:02:27:21 -0500] "HEAD /BLA/boletinlegal/ HTTP/1.1" 200 -
172.22.2.4 - - [10/Jun/2022:02:28:11 -0500] "GET /BLA/boletinlegal/ HTTP/1.1" 200 58482
181.61.209.16 - - [10/Jun/2022:02:31:47 -0500] "GET /galeria/galeria/jquery.fancybox.css?v=2.1.5 HTTP/1.1" 200 4895
181.61.209.16 - - [10/Jun/2022:02:31:47 -0500] "GET /BLA/boletinlegal/js/jquery.scrollShow.js HTTP/1.1" 200 4586
181.61.209.16 - - [10/Jun/2022:02:31:47 -0500] "GET /galeria/galeria/jquery.fancybox.js?v=2.1.5 HTTP/1.1" 200 48706
201.245.192.253 - - [10/Jun/2022:02:31:39 -0500] "POST /kwsrmcab/Wsrmcab HTTP/1.1" 200 45190
216.245.221.92 - - [10/Jun/2022:02:32:55 -0500] "HEAD / HTTP/1.1" 200 -
20.96.170.139 - - [10/Jun/2022:02:32:49 -0500] "GET /noticias/rssambiente.php HTTP/1.1" 406 -
201.245.192.253 - - [10/Jun/2022:02:32:29 -0500] "POST /kwsrmcab/Wsrmcab HTTP/1.1" 200 44760
40.77.167.79 - - [10/Jun/2022:02:34:37 -0500] "GET /BLA/resoluciones/RESOLUCIONES%202020/1290.pdf HTTP/1.1" 304 -
172.22.2.4 - - [10/Jun/2022:02:33:11 -0500] "HEAD /BLA/boletinlegal/ HTTP/1.1" 200 -
66.249.65.13 - - [10/Jun/2022:02:35:35 -0500] "-" 408 -
172.22.2.4 - - [10/Jun/2022:02:34:01 -0500] "GET /BLA/boletinlegal/ HTTP/1.1" 200 58482
159.223.197.45 - - [10/Jun/2022:02:36:28 -0500] "GET / HTTP/1.1" 200 319
216.245.221.92 - - [10/Jun/2022:02:37:55 -0500] "HEAD / HTTP/1.1" 200 -
64.124.8.47 - - [10/Jun/2022:02:38:23 -0500] "GET /galeria/galeria/fotos/MeandrodelSay4P.jpg HTTP/1.1" 200 32545
193.106.191.48 - - [10/Jun/2022:02:38:45 -0500] "GET /vendor/phpunit/phpunit/src/Util/PHP/eval-stdin.php HTTP/1.1" 404 1018
64.124.8.47 - - [10/Jun/2022:02:39:23 -0500] "GET /galeria/galeria/fotos/juan-amarillo4P.jpg HTTP/1.1" 200 23811
172.22.2.4 - - [10/Jun/2022:02:39:01 -0500] "HEAD /BLA/boletinlegal/ HTTP/1.1" 200 -
172.22.2.4 - - [10/Jun/2022:02:39:51 -0500] "GET /BLA/boletinlegal/ HTTP/1.1" 200 57156
157.55.39.43 - - [10/Jun/2022:02:42:25 -0500] "GET /bla/resoluciones/resoluciones%202007/res%202007%204101%20al%204200/RESOLUCION%204105%20DE%202007.pdf HTTP/1.1" 200 359565
201.245.192.253 - - [10/Jun/2022:02:41:39 -0500] "POST /kwsrmcab/Wsrmcab HTTP/1.1" 200 45190
216.245.221.92 - - [10/Jun/2022:02:42:55 -0500] "HEAD / HTTP/1.1" 200 -
201.245.192.253 - - [10/Jun/2022:02:42:30 -0500] "POST /kwsrmcab/Wsrmcab HTTP/1.1" 200 44760
66.249.65.13 - - [10/Jun/2022:02:43:51 -0500] "-" 408 -
64.124.8.47 - - [10/Jun/2022:02:44:43 -0500] "GET /galeria/galeria/fotos/Humedal-techo3P.jpg HTTP/1.1" 200 8516
172.22.2.4 - - [10/Jun/2022:02:45:46 -0500] "GET /BLA/boletinlegal/robots.txt HTTP/1.1" 404 1038
172.22.2.4 - - [10/Jun/2022:02:45:46 -0500] "GET /BLA/boletinlegal/images/tel.png HTTP/1.1" 200 14477
172.22.2.4 - - [10/Jun/2022:02:44:51 -0500] "HEAD /BLA/boletinlegal/ HTTP/1.1" 200 -
84.39.201.42 - - [10/Jun/2022:02:47:21 -0500] "HEAD /distrito-atiende-afectados-por-emergencias-en-temporada-de-lluvias.html HTTP/1.1" 200 -
172.22.2.4 - - [10/Jun/2022:02:45:41 -0500] "GET /BLA/boletinlegal/ HTTP/1.1" 200 58482
45.8.165.217 - - [10/Jun/2022:02:47:21 -0500] "GET /distrito-atiende-afectados-por-emergencias-en-temporada-de-lluvias.html HTTP/1.1" 200 843
216.245.221.92 - - [10/Jun/2022:02:47:55 -0500] "HEAD / HTTP/1.1" 200 -
203.25.139.126 - - [10/Jun/2022:02:48:12 -0500] "GET /distrito-atiende-afectados-por-emergencias-en-temporada-de-lluvias.html HTTP/1.1" 200 843
45.8.164.78 - - [10/Jun/2022:02:48:53 -0500] "GET /images/emergencias-idiger-002.jpeg HTTP/1.1" 200 48272
64.124.8.47 - - [10/Jun/2022:02:49:10 -0500] "GET /galeria/galeria/fotos/Humedal-la-conejera1P.jpg HTTP/1.1" 200 31504
66.249.65.15 - - [10/Jun/2022:02:49:44 -0500] "-" 408 -
40.83.20.146 - - [10/Jun/2022:02:50:32 -0500] "GET /galeria/galeria/fotos/mirador4P.jpg HTTP/1.1" 200 11757
40.83.20.146 - - [10/Jun/2022:02:50:32 -0500] "GET /galeria/galeria/fotos/mirador3P.jpg HTTP/1.1" 200 9765
40.83.20.146 - - [10/Jun/2022:02:50:33 -0500] "GET /galeria/galeria/fotos/mirador1P.jpg HTTP/1.1" 200 11433
40.83.20.146 - - [10/Jun/2022:02:50:33 -0500] "GET /galeria/galeria/fotos/mirador2P.jpg HTTP/1.1" 200 10111
157.55.39.127 - - [10/Jun/2022:02:51:07 -0500] "GET /galeria/galeria/fotos/Jaboque2G.jpg HTTP/1.1" 200 322400
64.124.8.47 - - [10/Jun/2022:02:51:09 -0500] "GET /galeria/galeria/fotos/GuaymaralTorca1G.jpg HTTP/1.1" 200 539636
172.22.2.4 - - [10/Jun/2022:02:50:41 -0500] "HEAD /BLA/boletinlegal/ HTTP/1.1" 200 -
216.245.221.92 - - [10/Jun/2022:02:52:55 -0500] "HEAD / HTTP/1.1" 200 -
172.22.2.4 - - [10/Jun/2022:02:51:31 -0500] "GET /BLA/boletinlegal/ HTTP/1.1" 200 47890
193.106.191.48 - - [10/Jun/2022:02:54:34 -0500] "GET /solr/admin/info/system?wt=json HTTP/1.1" 404 1018
52.165.238.110 - - [10/Jun/2022:02:54:43 -0500] "GET /galeria/galeria/fotos/Entrenube2P.jpg HTTP/1.1" 200 8416
52.165.238.110 - - [10/Jun/2022:02:54:43 -0500] "GET /galeria/galeria/fotos/Entrenube4P.jpg HTTP/1.1" 200 10881
52.165.238.110 - - [10/Jun/2022:02:54:44 -0500] "GET /galeria/galeria/fotos/Entrenube3P.jpg HTTP/1.1" 200 8487
52.165.238.110 - - [10/Jun/2022:02:54:44 -0500] "GET /galeria/galeria/fotos/Entrenube1P.jpg HTTP/1.1" 200 6959
66.249.65.13 - - [10/Jun/2022:02:55:31 -0500] "-" 408 -
64.124.8.47 - - [10/Jun/2022:02:56:08 -0500] "GET /galeria/galeria/fotos/4humedal-Burro4G.jpg HTTP/1.1" 200 98452
216.245.221.92 - - [10/Jun/2022:02:57:55 -0500] "HEAD / HTTP/1.1" 200 -
172.22.2.4 - - [10/Jun/2022:02:56:31 -0500] "HEAD /BLA/boletinlegal/ HTTP/1.1" 200 -
172.22.2.4 - - [10/Jun/2022:02:57:21 -0500] "GET /BLA/boletinlegal/ HTTP/1.1" 200 60581
64.124.8.47 - - [10/Jun/2022:02:59:16 -0500] "GET /galeria/galeria/fotos/mirador3P.jpg HTTP/1.1" 200 9765
