201.245.192.253 - - [10/Jun/2022:15:33:09 -0500] "GET /sipse/faces/javax.faces.resource/primefaces.css?ln=primefaces&v=4.0 HTTP/1.1" 304 -
201.245.192.253 - - [10/Jun/2022:15:33:09 -0500] "GET /sipse/faces/javax.faces.resource/theme.css?ln=primefaces-sipse HTTP/1.1" 304 -
201.245.192.253 - - [10/Jun/2022:15:33:09 -0500] "GET /sipse/faces/javax.faces.resource/layout/layout.css?ln=primefaces&v=4.0 HTTP/1.1" 304 -
201.245.192.253 - - [10/Jun/2022:15:33:09 -0500] "GET /sipse/faces/javax.faces.resource/jquery/jquery.js?ln=primefaces&v=4.0 HTTP/1.1" 304 -
201.245.192.253 - - [10/Jun/2022:15:33:09 -0500] "GET /sipse/faces/javax.faces.resource/primefaces.js?ln=primefaces&v=4.0 HTTP/1.1" 304 -
201.245.192.253 - - [10/Jun/2022:15:33:09 -0500] "GET /sipse/faces/javax.faces.resource/jquery/jquery-plugins.js?ln=primefaces&v=4.0 HTTP/1.1" 304 -
201.245.192.253 - - [10/Jun/2022:15:33:09 -0500] "GET /sipse/faces/javax.faces.resource/layout/layout.js?ln=primefaces&v=4.0 HTTP/1.1" 304 -
172.22.2.4 - - [10/Jun/2022:15:33:09 -0500] "GET /BLA/boletinlegal/consulta_actos.php?tipo=resoluciones&no=1776&usuario=&sector=&fecha=2019&resuelve= HTTP/1.1" 200 1377
181.57.147.176 - - [10/Jun/2022:15:33:11 -0500] "GET /BLA/resoluciones/RESOLUCIONES%202019/1776.pdf HTTP/1.1" 200 584363
201.245.192.253 - - [10/Jun/2022:15:32:27 -0500] "POST /kwsrmcab/Wsrmcab HTTP/1.1" 200 46460
191.156.57.158 - - [10/Jun/2022:15:33:25 -0500] "GET /por-lluvias-estara-cerrado-temporalmente-el-humedal-la-conejera.html HTTP/1.1" 200 765
191.156.54.77 - - [10/Jun/2022:15:34:05 -0500] "GET /por-lluvias-estara-cerrado-temporalmente-el-humedal-la-conejera.html HTTP/1.1" 304 -
200.118.64.109 - - [10/Jun/2022:15:34:34 -0500] "POST /forms/lservlet;jsessionid=ac16012b30d67bc77629bff64b03bc3be3bb74f7854e.e3iSbxaKaheRe34OaN8QahmTbNz0n6jAmljGr5XDqQLvpAe HTTP/1.1" 200 2
216.245.221.92 - - [10/Jun/2022:15:34:55 -0500] "HEAD / HTTP/1.1" 200 -
172.22.2.4 - - [10/Jun/2022:15:33:19 -0500] "HEAD /BLA/boletinlegal/ HTTP/1.1" 200 -
192.168.171.84 - - [10/Jun/2022:15:35:17 -0500] "GET /por-lluvias-estara-cerrado-temporalmente-el-humedal-la-conejera.html HTTP/1.1" 200 765
191.156.54.77 - - [10/Jun/2022:15:35:41 -0500] "GET /por-lluvias-estara-cerrado-temporalmente-el-humedal-la-conejera.html HTTP/1.1" 206 765
172.22.2.4 - - [10/Jun/2022:15:34:09 -0500] "GET /BLA/boletinlegal/ HTTP/1.1" 200 60973
172.22.2.4 - - [10/Jun/2022:15:35:50 -0500] "GET /BLA/boletinlegal/normativa.php HTTP/1.1" 200 8292
172.22.2.4 - - [10/Jun/2022:15:35:50 -0500] "GET /BLA/boletinlegal/js/ajax_normativa.js HTTP/1.1" 200 1154
172.22.2.4 - - [10/Jun/2022:15:35:50 -0500] "GET /BLA/boletinlegal/styles2.css HTTP/1.1" 200 1838
172.22.2.4 - - [10/Jun/2022:15:35:50 -0500] "GET /BLA/boletinlegal/niceforms-default.css HTTP/1.1" 200 6694
172.22.2.4 - - [10/Jun/2022:15:35:50 -0500] "GET /BLA/boletinlegal/niceforms.js HTTP/1.1" 200 22876
172.22.2.4 - - [10/Jun/2022:15:35:50 -0500] "GET /BLA/boletinlegal/style.css HTTP/1.1" 200 9406
172.22.2.4 - - [10/Jun/2022:15:35:50 -0500] "GET /BLA/boletinlegal/images/cabezote%20BLEGAL.jpg HTTP/1.1" 200 118164
172.22.2.4 - - [10/Jun/2022:15:35:50 -0500] "GET /BLA/boletinlegal/images/subscribe-icon-big.png HTTP/1.1" 200 47702
172.22.2.4 - - [10/Jun/2022:15:35:50 -0500] "GET /BLA/boletinlegal/images/historia.png HTTP/1.1" 200 52775
172.22.2.4 - - [10/Jun/2022:15:35:50 -0500] "GET /BLA/boletinlegal/images/registro-usuarios.png HTTP/1.1" 200 8106
172.22.2.4 - - [10/Jun/2022:15:35:50 -0500] "GET /BLA/boletinlegal/images/abajo.png HTTP/1.1" 200 96676
172.22.2.4 - - [10/Jun/2022:15:35:50 -0500] "GET /BLA/boletinlegal/images/tel.png HTTP/1.1" 200 14477
172.22.2.4 - - [10/Jun/2022:15:35:50 -0500] "GET /BLA/boletinlegal/images/icono-email.png HTTP/1.1" 200 5544
172.22.2.4 - - [10/Jun/2022:15:35:51 -0500] "GET /BLA/boletinlegal/images/bg_top.jpg HTTP/1.1" 200 522
172.22.2.4 - - [10/Jun/2022:15:35:51 -0500] "GET /BLA/boletinlegal/images/text.jpg HTTP/1.1" 200 568
172.22.2.4 - - [10/Jun/2022:15:35:51 -0500] "GET /BLA/boletinlegal/images/footer_bg.jpg HTTP/1.1" 200 586
172.22.2.4 - - [10/Jun/2022:15:35:51 -0500] "GET /BLA/boletinlegal/images/body_bg.jpg HTTP/1.1" 200 1601
172.22.2.4 - - [10/Jun/2022:15:35:51 -0500] "GET /BLA/boletinlegal/images/menu_lft.gif HTTP/1.1" 200 1713
172.22.2.4 - - [10/Jun/2022:15:35:51 -0500] "GET /BLA/boletinlegal/images/menu_bg.jpg HTTP/1.1" 200 620
172.22.2.4 - - [10/Jun/2022:15:35:51 -0500] "GET /BLA/boletinlegal/images/hover.jpg HTTP/1.1" 200 640
172.22.2.4 - - [10/Jun/2022:15:35:51 -0500] "GET /BLA/boletinlegal/images/menu_rght.gif HTTP/1.1" 200 1627
172.22.2.4 - - [10/Jun/2022:15:35:51 -0500] "GET /BLA/boletinlegal/images/footer_bg_l.jpg HTTP/1.1" 200 776
172.22.2.4 - - [10/Jun/2022:15:35:51 -0500] "GET /BLA/boletinlegal/img/0.png HTTP/1.1" 200 110
172.22.2.4 - - [10/Jun/2022:15:35:51 -0500] "GET /BLA/boletinlegal/img/select-right.png HTTP/1.1" 200 44019
172.22.2.4 - - [10/Jun/2022:15:35:51 -0500] "GET /BLA/boletinlegal/img/button.png HTTP/1.1" 200 43241
172.22.2.4 - - [10/Jun/2022:15:35:51 -0500] "GET /BLA/boletinlegal/img/button-left.png HTTP/1.1" 200 57071
172.22.2.4 - - [10/Jun/2022:15:35:51 -0500] "GET /BLA/boletinlegal/img/button-right.png HTTP/1.1" 200 57878
172.22.2.4 - - [10/Jun/2022:15:35:51 -0500] "GET /BLA/boletinlegal/img/select-left.png HTTP/1.1" 200 263
172.22.2.4 - - [10/Jun/2022:15:35:51 -0500] "GET /BLA/boletinlegal/favicon.ico HTTP/1.1" 404 1334
172.22.2.4 - - [10/Jun/2022:15:36:06 -0500] "GET /BLA/boletinlegal/consulta_normativa.php?tipo=Ley&sector=competencia-estructura&ano=&resuelve= HTTP/1.1" 200 1953
172.22.2.4 - - [10/Jun/2022:15:36:06 -0500] "GET /BLA/boletinlegal/images/background.gif HTTP/1.1" 200 -
172.22.2.4 - - [10/Jun/2022:15:36:06 -0500] "GET /BLA/boletinlegal/images/docs.png HTTP/1.1" 200 10288
172.22.2.4 - - [10/Jun/2022:15:36:30 -0500] "GET /BLA/boletinlegal/consulta_normativa.php?tipo=Decreto&sector=competencia-estructura&ano=&resuelve= HTTP/1.1" 200 15574
200.118.64.109 - - [10/Jun/2022:15:36:34 -0500] "POST /forms/lservlet;jsessionid=ac16012b30d67bc77629bff64b03bc3be3bb74f7854e.e3iSbxaKaheRe34OaN8QahmTbNz0n6jAmljGr5XDqQLvpAe HTTP/1.1" 200 2
66.249.65.13 - - [10/Jun/2022:15:36:58 -0500] "-" 408 -
172.22.2.4 - - [10/Jun/2022:15:37:43 -0500] "GET /BLA/boletinlegal/consulta_actos.php?tipo=resoluciones&no=1775&usuario=&sector=&fecha=2019&resuelve= HTTP/1.1" 200 626
201.245.192.253 - - [10/Jun/2022:15:37:49 -0500] "GET /sipse/faces/faces/faces/faces/faces/index.xhtml HTTP/1.1" 200 677
201.245.192.253 - - [10/Jun/2022:15:37:49 -0500] "GET /sipse/faces/javax.faces.resource/theme.css?ln=primefaces-sipse HTTP/1.1" 304 -
201.245.192.253 - - [10/Jun/2022:15:37:49 -0500] "GET /sipse/faces/faces/faces/faces/faces/faces/autenticacion.xhtml HTTP/1.1" 200 12171
201.245.192.253 - - [10/Jun/2022:15:37:49 -0500] "GET /sipse/js/disable_browser_buttons.js HTTP/1.1" 304 -
201.245.192.253 - - [10/Jun/2022:15:37:49 -0500] "GET /sipse/css/custom_css_sg_prime_login.css HTTP/1.1" 304 -
201.245.192.253 - - [10/Jun/2022:15:37:49 -0500] "GET /sipse/css/custom_css_sg.css HTTP/1.1" 304 -
201.245.192.253 - - [10/Jun/2022:15:37:49 -0500] "GET /sipse/faces/javax.faces.resource/theme.css?ln=primefaces-sipse HTTP/1.1" 304 -
201.245.192.253 - - [10/Jun/2022:15:37:49 -0500] "GET /sipse/faces/javax.faces.resource/layout/layout.css?ln=primefaces&v=4.0 HTTP/1.1" 304 -
201.245.192.253 - - [10/Jun/2022:15:37:49 -0500] "GET /sipse/faces/javax.faces.resource/primefaces.css?ln=primefaces&v=4.0 HTTP/1.1" 304 -
201.245.192.253 - - [10/Jun/2022:15:37:49 -0500] "GET /sipse/js/funciones.js HTTP/1.1" 304 -
201.245.192.253 - - [10/Jun/2022:15:37:49 -0500] "GET /sipse/faces/javax.faces.resource/jquery/jquery.js?ln=primefaces&v=4.0 HTTP/1.1" 200 105384
201.245.192.253 - - [10/Jun/2022:15:37:49 -0500] "GET /sipse/faces/javax.faces.resource/layout/layout.js?ln=primefaces&v=4.0 HTTP/1.1" 200 87560
201.245.192.253 - - [10/Jun/2022:15:37:49 -0500] "GET /sipse/faces/javax.faces.resource/jquery/jquery-plugins.js?ln=primefaces&v=4.0 HTTP/1.1" 200 220526
201.245.192.253 - - [10/Jun/2022:15:37:49 -0500] "GET /sipse/faces/javax.faces.resource/primefaces.js?ln=primefaces&v=4.0 HTTP/1.1" 200 276924
201.245.192.253 - - [10/Jun/2022:15:37:49 -0500] "GET /sipse/css/imagen/logoSDG.png HTTP/1.1" 304 -
201.245.192.253 - - [10/Jun/2022:15:37:49 -0500] "GET /sipse/css/imagen/loginimg.png HTTP/1.1" 304 -
201.245.192.253 - - [10/Jun/2022:15:37:49 -0500] "GET /sipse/faces/javax.faces.resource/images/ui-icons_898989_256x240.png?ln=primefaces-aristo HTTP/1.1" 304 -
201.245.192.253 - - [10/Jun/2022:15:37:51 -0500] "POST /sipse/faces/autenticacion.xhtml HTTP/1.1" 200 16067
201.245.192.253 - - [10/Jun/2022:15:37:51 -0500] "GET /sipse/css/custom_css_sg_prime.css HTTP/1.1" 304 -
201.245.192.253 - - [10/Jun/2022:15:37:51 -0500] "GET /sipse/faces/javax.faces.resource/theme.css?ln=primefaces-sipse HTTP/1.1" 304 -
201.245.192.253 - - [10/Jun/2022:15:37:51 -0500] "GET /sipse/faces/javax.faces.resource/layout/layout.css?ln=primefaces&v=4.0 HTTP/1.1" 304 -
201.245.192.253 - - [10/Jun/2022:15:37:51 -0500] "GET /sipse/faces/javax.faces.resource/primefaces.css?ln=primefaces&v=4.0 HTTP/1.1" 304 -
201.245.192.253 - - [10/Jun/2022:15:37:51 -0500] "GET /sipse/js/jquery.min.js HTTP/1.1" 200 85582
201.245.192.253 - - [10/Jun/2022:15:37:51 -0500] "GET /sipse/faces/javax.faces.resource/jquery/jquery.js?ln=primefaces&v=4.0 HTTP/1.1" 304 -
201.245.192.253 - - [10/Jun/2022:15:37:51 -0500] "GET /sipse/faces/javax.faces.resource/jquery/jquery-plugins.js?ln=primefaces&v=4.0 HTTP/1.1" 304 -
201.245.192.253 - - [10/Jun/2022:15:37:51 -0500] "GET /sipse/faces/javax.faces.resource/primefaces.js?ln=primefaces&v=4.0 HTTP/1.1" 304 -
201.245.192.253 - - [10/Jun/2022:15:37:51 -0500] "GET /sipse/faces/javax.faces.resource/layout/layout.js?ln=primefaces&v=4.0 HTTP/1.1" 304 -
201.245.192.253 - - [10/Jun/2022:15:37:51 -0500] "GET /sipse/imagenes/cargando.gif HTTP/1.1" 304 -
201.245.192.253 - - [10/Jun/2022:15:37:51 -0500] "GET /sipse/css/imagen/contrasena.png HTTP/1.1" 404 383
201.245.192.253 - - [10/Jun/2022:15:37:51 -0500] "GET /sipse/imagenes/logoAplicacion.jpg HTTP/1.1" 200 155084
201.245.192.253 - - [10/Jun/2022:15:37:51 -0500] "GET /sipse/faces/javax.faces.resource/messages/messages.png?ln=primefaces&v=4.0 HTTP/1.1" 304 -
201.245.192.253 - - [10/Jun/2022:15:37:53 -0500] "GET /sipse/faces/javax.faces.resource/images/ui-bg_flat_0_2d5972_40x100.png?ln=primefaces-aristo HTTP/1.1" 304 -
201.245.192.253 - - [10/Jun/2022:15:37:53 -0500] "POST /sipse/faces/bienvenido.xhtml HTTP/1.1" 200 1471
190.27.56.60 - - [10/Jun/2022:15:37:53 -0500] "GET /sipse/faces/faces/faces/faces/autenticacion.xhtml HTTP/1.1" 200 12493
190.27.56.60 - - [10/Jun/2022:15:37:53 -0500] "GET /sipse/faces/javax.faces.resource/layout/layout.css;jsessionid=VNYWRu42MUmfxyyWi0Kqd4EX.undefined?ln=primefaces&v=4.0 HTTP/1.1" 200 542
190.27.56.60 - - [10/Jun/2022:15:37:53 -0500] "GET /sipse/js/disable_browser_buttons.js HTTP/1.1" 304 -
190.27.56.60 - - [10/Jun/2022:15:37:53 -0500] "GET /sipse/faces/javax.faces.resource/primefaces.css;jsessionid=VNYWRu42MUmfxyyWi0Kqd4EX.undefined?ln=primefaces&v=4.0 HTTP/1.1" 200 53295
190.27.56.60 - - [10/Jun/2022:15:37:53 -0500] "GET /sipse/js/funciones.js HTTP/1.1" 304 -
190.27.56.60 - - [10/Jun/2022:15:37:53 -0500] "GET /sipse/css/custom_css_sg.css HTTP/1.1" 304 -
190.27.56.60 - - [10/Jun/2022:15:37:53 -0500] "GET /sipse/css/custom_css_sg_prime_login.css HTTP/1.1" 304 -
190.27.56.60 - - [10/Jun/2022:15:37:53 -0500] "GET /sipse/faces/javax.faces.resource/theme.css?ln=primefaces-sipse HTTP/1.1" 304 -
190.27.56.60 - - [10/Jun/2022:15:37:53 -0500] "GET /sipse/faces/javax.faces.resource/layout/layout.js;jsessionid=VNYWRu42MUmfxyyWi0Kqd4EX.undefined?ln=primefaces&v=4.0 HTTP/1.1" 200 87560
190.27.56.60 - - [10/Jun/2022:15:37:53 -0500] "GET /sipse/faces/javax.faces.resource/jquery/jquery.js;jsessionid=VNYWRu42MUmfxyyWi0Kqd4EX.undefined?ln=primefaces&v=4.0 HTTP/1.1" 200 105384
190.27.56.60 - - [10/Jun/2022:15:37:53 -0500] "GET /sipse/faces/javax.faces.resource/jquery/jquery-plugins.js;jsessionid=VNYWRu42MUmfxyyWi0Kqd4EX.undefined?ln=primefaces&v=4.0 HTTP/1.1" 200 220526
190.27.56.60 - - [10/Jun/2022:15:37:53 -0500] "GET /sipse/faces/javax.faces.resource/primefaces.js;jsessionid=VNYWRu42MUmfxyyWi0Kqd4EX.undefined?ln=primefaces&v=4.0 HTTP/1.1" 200 276924
190.27.56.60 - - [10/Jun/2022:15:37:54 -0500] "GET /sipse/css/imagen/loginimg.png HTTP/1.1" 304 -
190.27.56.60 - - [10/Jun/2022:15:37:54 -0500] "GET /sipse/css/imagen/logoSDG.png HTTP/1.1" 304 -
190.27.56.60 - - [10/Jun/2022:15:37:54 -0500] "GET /sipse/faces/javax.faces.resource/images/ui-icons_898989_256x240.png?ln=primefaces-aristo HTTP/1.1" 304 -
201.245.192.253 - - [10/Jun/2022:15:37:54 -0500] "POST /sipse/faces/bienvenido.xhtml HTTP/1.1" 200 46340
201.245.192.253 - - [10/Jun/2022:15:37:54 -0500] "GET /sipse/faces/javax.faces.resource/theme.css?ln=primefaces-sipse HTTP/1.1" 304 -
201.245.192.253 - - [10/Jun/2022:15:37:54 -0500] "GET /sipse/faces/javax.faces.resource/layout/layout.css?ln=primefaces&v=4.0 HTTP/1.1" 304 -
201.245.192.253 - - [10/Jun/2022:15:37:54 -0500] "GET /sipse/faces/javax.faces.resource/primefaces.css?ln=primefaces&v=4.0 HTTP/1.1" 304 -
201.245.192.253 - - [10/Jun/2022:15:37:54 -0500] "GET /sipse/faces/javax.faces.resource/jquery/jquery.js?ln=primefaces&v=4.0 HTTP/1.1" 304 -
201.245.192.253 - - [10/Jun/2022:15:37:54 -0500] "GET /sipse/faces/javax.faces.resource/jquery/jquery-plugins.js?ln=primefaces&v=4.0 HTTP/1.1" 304 -
201.245.192.253 - - [10/Jun/2022:15:37:54 -0500] "GET /sipse/faces/javax.faces.resource/primefaces.js?ln=primefaces&v=4.0 HTTP/1.1" 304 -
201.245.192.253 - - [10/Jun/2022:15:37:54 -0500] "GET /sipse/faces/javax.faces.resource/layout/layout.js?ln=primefaces&v=4.0 HTTP/1.1" 304 -
201.245.192.253 - - [10/Jun/2022:15:37:54 -0500] "POST /sipse/faces/presentacion/financiero/solicitudProceso/listarSolicitudProceso.xhtml HTTP/1.1" 200 1480
20.197.209.11 - - [10/Jun/2022:15:37:56 -0500] "GET /galeria/galeria/fotos/mirador2G.jpg HTTP/1.1" 200 115084
201.245.192.253 - - [10/Jun/2022:15:37:58 -0500] "POST /sipse/faces/presentacion/financiero/solicitudProceso/listarSolicitudProceso.xhtml HTTP/1.1" 200 112173
201.245.192.253 - - [10/Jun/2022:15:37:58 -0500] "GET /sipse/faces/javax.faces.resource/theme.css?ln=primefaces-sipse HTTP/1.1" 304 -
201.245.192.253 - - [10/Jun/2022:15:37:58 -0500] "GET /sipse/faces/javax.faces.resource/layout/layout.css?ln=primefaces&v=4.0 HTTP/1.1" 304 -
201.245.192.253 - - [10/Jun/2022:15:37:58 -0500] "GET /sipse/faces/javax.faces.resource/primefaces.css?ln=primefaces&v=4.0 HTTP/1.1" 304 -
201.245.192.253 - - [10/Jun/2022:15:37:58 -0500] "GET /sipse/faces/javax.faces.resource/jquery/jquery.js?ln=primefaces&v=4.0 HTTP/1.1" 304 -
201.245.192.253 - - [10/Jun/2022:15:37:58 -0500] "GET /sipse/faces/javax.faces.resource/jquery/jquery-plugins.js?ln=primefaces&v=4.0 HTTP/1.1" 304 -
201.245.192.253 - - [10/Jun/2022:15:37:58 -0500] "GET /sipse/faces/javax.faces.resource/primefaces.js?ln=primefaces&v=4.0 HTTP/1.1" 304 -
201.245.192.253 - - [10/Jun/2022:15:37:58 -0500] "GET /sipse/faces/javax.faces.resource/layout/layout.js?ln=primefaces&v=4.0 HTTP/1.1" 304 -
201.245.192.253 - - [10/Jun/2022:15:37:59 -0500] "GET /appsia/controlador HTTP/1.1" 200 4799
201.245.192.253 - - [10/Jun/2022:15:38:00 -0500] "GET /appsia/css/estilos.css HTTP/1.1" 200 4804
201.245.192.253 - - [10/Jun/2022:15:38:00 -0500] "GET /appsia/scripts/validarIngreso.js HTTP/1.1" 200 851
201.245.192.253 - - [10/Jun/2022:15:38:00 -0500] "GET /appsia/images/cabezoteHojaVida.png HTTP/1.1" 200 32493
201.245.192.253 - - [10/Jun/2022:15:38:00 -0500] "GET /appsia/images/logo_bogota_p.png HTTP/1.1" 200 14951
201.245.192.253 - - [10/Jun/2022:15:38:00 -0500] "GET /favicon.ico HTTP/1.1" 200 7782
201.245.192.253 - - [10/Jun/2022:15:38:04 -0500] "POST /sipse/faces/presentacion/financiero/solicitudProceso/consultarSolicitudProceso.xhtml HTTP/1.1" 200 53641
172.22.2.4 - - [10/Jun/2022:15:38:05 -0500] "GET /BLA/boletinlegal/consulta_actos.php?tipo=resoluciones&no=2356&usuario=&sector=&fecha=2019&resuelve= HTTP/1.1" 200 626
172.22.2.4 - - [10/Jun/2022:15:38:06 -0500] "GET /BLA/boletinlegal/consulta_actos.php?tipo=resoluciones&no=2356&usuario=&sector=&fecha=2019&resuelve= HTTP/1.1" 200 626
172.22.2.4 - - [10/Jun/2022:15:38:08 -0500] "GET /BLA/boletinlegal/consulta_actos.php?tipo=resoluciones&no=2356&usuario=&sector=&fecha=2019&resuelve= HTTP/1.1" 200 626
172.22.2.4 - - [10/Jun/2022:15:38:08 -0500] "GET /BLA/boletinlegal/consulta_actos.php?tipo=resoluciones&no=2356&usuario=&sector=&fecha=2019&resuelve= HTTP/1.1" 200 626
20.197.209.11 - - [10/Jun/2022:15:38:14 -0500] "GET /galeria/galeria/fotos/mirador4G.jpg HTTP/1.1" 200 159827
201.245.192.253 - - [10/Jun/2022:15:38:14 -0500] "POST /appsia/controlador HTTP/1.1" 200 5437
172.22.2.4 - - [10/Jun/2022:15:38:15 -0500] "GET /BLA/boletinlegal/actos.php HTTP/1.1" 200 9559
201.245.192.253 - - [10/Jun/2022:15:38:16 -0500] "POST /appsia/controlador HTTP/1.1" 200 7729
201.245.192.253 - - [10/Jun/2022:15:38:16 -0500] "GET /appsia/images/logo_escudo.png HTTP/1.1" 200 36965
200.118.64.109 - - [10/Jun/2022:15:38:34 -0500] "POST /forms/lservlet;jsessionid=ac16012b30d67bc77629bff64b03bc3be3bb74f7854e.e3iSbxaKaheRe34OaN8QahmTbNz0n6jAmljGr5XDqQLvpAe HTTP/1.1" 200 2
172.22.2.4 - - [10/Jun/2022:15:38:38 -0500] "GET /BLA/boletinlegal/consulta_actos.php?tipo=resoluciones&no=2356&usuario=&sector=&fecha=2019&resuelve= HTTP/1.1" 200 626
186.155.7.19 - - [10/Jun/2022:15:39:54 -0500] "GET /semana-ambiental-500-arboles-plantados-en-el-humedal-el-burro.html HTTP/1.1" 200 768
216.245.221.92 - - [10/Jun/2022:15:39:55 -0500] "HEAD / HTTP/1.1" 200 -
185.180.143.136 - - [10/Jun/2022:15:40:10 -0500] "GET / HTTP/1.1" 200 319
201.245.192.253 - - [10/Jun/2022:15:40:10 -0500] "POST /appsia/controlador HTTP/1.1" 404 68
201.245.192.253 - - [10/Jun/2022:15:40:18 -0500] "GET /appsia/controlador HTTP/1.1" 200 4799
201.245.192.253 - - [10/Jun/2022:15:40:26 -0500] "POST /appsia/controlador HTTP/1.1" 200 5437
201.245.192.253 - - [10/Jun/2022:15:40:28 -0500] "POST /appsia/controlador HTTP/1.1" 200 10248
201.245.192.253 - - [10/Jun/2022:15:40:32 -0500] "POST /appsia/controlador HTTP/1.1" 200 5437
200.118.64.109 - - [10/Jun/2022:15:40:34 -0500] "POST /forms/lservlet;jsessionid=ac16012b30d67bc77629bff64b03bc3be3bb74f7854e.e3iSbxaKaheRe34OaN8QahmTbNz0n6jAmljGr5XDqQLvpAe HTTP/1.1" 200 2
200.118.64.109 - - [10/Jun/2022:15:40:49 -0500] "POST /forms/lservlet;jsessionid=ac16012b30d67bc77629bff64b03bc3be3bb74f7854e.e3iSbxaKaheRe34OaN8QahmTbNz0n6jAmljGr5XDqQLvpAe HTTP/1.1" 200 2
172.22.2.4 - - [10/Jun/2022:15:39:09 -0500] "HEAD /BLA/boletinlegal/ HTTP/1.1" 200 -
200.118.64.109 - - [10/Jun/2022:15:40:49 -0500] "POST /forms/lservlet;jsessionid=ac16012b30d67bc77629bff64b03bc3be3bb74f7854e.e3iSbxaKaheRe34OaN8QahmTbNz0n6jAmljGr5XDqQLvpAe HTTP/1.1" 200 14
200.118.64.109 - - [10/Jun/2022:15:40:50 -0500] "POST /forms/lservlet;jsessionid=ac16012b30d67bc77629bff64b03bc3be3bb74f7854e.e3iSbxaKaheRe34OaN8QahmTbNz0n6jAmljGr5XDqQLvpAe HTTP/1.1" 200 14
200.118.64.109 - - [10/Jun/2022:15:40:52 -0500] "POST /forms/lservlet;jsessionid=ac16012b30d67bc77629bff64b03bc3be3bb74f7854e.e3iSbxaKaheRe34OaN8QahmTbNz0n6jAmljGr5XDqQLvpAe HTTP/1.1" 200 14
200.118.64.109 - - [10/Jun/2022:15:40:53 -0500] "POST /forms/lservlet;jsessionid=ac16012b30d67bc77629bff64b03bc3be3bb74f7854e.e3iSbxaKaheRe34OaN8QahmTbNz0n6jAmljGr5XDqQLvpAe HTTP/1.1" 200 14
200.118.64.109 - - [10/Jun/2022:15:40:55 -0500] "POST /forms/lservlet;jsessionid=ac16012b30d67bc77629bff64b03bc3be3bb74f7854e.e3iSbxaKaheRe34OaN8QahmTbNz0n6jAmljGr5XDqQLvpAe HTTP/1.1" 200 15
200.118.64.109 - - [10/Jun/2022:15:40:58 -0500] "POST /forms/lservlet;jsessionid=ac16012b30d67bc77629bff64b03bc3be3bb74f7854e.e3iSbxaKaheRe34OaN8QahmTbNz0n6jAmljGr5XDqQLvpAe HTTP/1.1" 200 15
200.118.64.109 - - [10/Jun/2022:15:41:02 -0500] "POST /forms/lservlet;jsessionid=ac16012b30d67bc77629bff64b03bc3be3bb74f7854e.e3iSbxaKaheRe34OaN8QahmTbNz0n6jAmljGr5XDqQLvpAe HTTP/1.1" 200 15
200.118.64.109 - - [10/Jun/2022:15:41:09 -0500] "POST /forms/lservlet;jsessionid=ac16012b30d67bc77629bff64b03bc3be3bb74f7854e.e3iSbxaKaheRe34OaN8QahmTbNz0n6jAmljGr5XDqQLvpAe HTTP/1.1" 200 15
200.118.64.109 - - [10/Jun/2022:15:41:18 -0500] "POST /forms/lservlet;jsessionid=ac16012b30d67bc77629bff64b03bc3be3bb74f7854e.e3iSbxaKaheRe34OaN8QahmTbNz0n6jAmljGr5XDqQLvpAe HTTP/1.1" 200 15
200.118.64.109 - - [10/Jun/2022:15:41:28 -0500] "POST /forms/lservlet;jsessionid=ac16012b30d67bc77629bff64b03bc3be3bb74f7854e.e3iSbxaKaheRe34OaN8QahmTbNz0n6jAmljGr5XDqQLvpAe HTTP/1.1" 200 109
200.118.64.109 - - [10/Jun/2022:15:41:28 -0500] "POST /forms/lservlet;jsessionid=ac16012b30d67bc77629bff64b03bc3be3bb74f7854e.e3iSbxaKaheRe34OaN8QahmTbNz0n6jAmljGr5XDqQLvpAe HTTP/1.1" 200 2
200.118.64.109 - - [10/Jun/2022:15:41:28 -0500] "GET /reports/rwservlet/getjobid77569?server=repnomi HTTP/1.1" 200 10007486
172.22.2.4 - - [10/Jun/2022:15:39:59 -0500] "GET /BLA/boletinlegal/ HTTP/1.1" 200 58482
192.168.182.89 - - [10/Jun/2022:15:41:46 -0500] "GET /por-lluvias-estara-cerrado-temporalmente-el-humedal-la-conejera.html HTTP/1.1" 200 765
186.102.54.16 - - [10/Jun/2022:15:41:54 -0500] "GET /kwssiamovil/sm/des/ldap/au?x=U2FsdGVkX1/ZYVRLKptfMMHqHy2WrK2SlQr0xh8qjRsn56s/Bg8McLqw3bMEn461&y=U2FsdGVkX1/elXdLxkvdMmoumBKRyCpYWGq7rNSDYHR3mQ+Kaj5Q3GXHQP4S6wfA HTTP/1.1" 200 30
186.102.54.16 - - [10/Jun/2022:15:41:54 -0500] "GET /kwssiamovil/sm/des/acme/s?s=U2FsdGVkX1/bp01N+Q43jlEKC7vEK/kJ89+SfRRGaf16qbM7lyb44bJCqxaOGHgMtt3w/4UDppwvTRsC17yDAfV4IL+lJxyWxwMcyfWDyVc=&u=U2FsdGVkX197MmgbJck1hInxnCllz8mJI0yEpOeGuLI=&y=U2FsdGVkX1/elXdLxkvdMmoumBKRyCpYWGq7rNSDYHR3mQ+Kaj5Q3GXHQP4S6wfA HTTP/1.1" 200 97
186.102.54.16 - - [10/Jun/2022:15:41:54 -0500] "GET /kwssiamovil/sm/des/acme/s?s=U2FsdGVkX1/fLX34d10sncb5FxPqflqTPMVx1Z1h6SGrMuWOPoic/gPAqw269GC9EMfDsIGobVPKzsGHjIm8iLLlWm+U1TWoyOcol/SeK5Y9DkENwFn1X0E8Dtfk/Sji5nmkgMRNxGoV4Fq9yVqCglBf/G97WvswMPUMikbKDrZqTEY/uc+3P4hkc429vH7ip8UBN2pvHmNPY0vAbydflrAcPJq86o818PCdpOnnIrQNDlC1zotbZTImh5Pp7LuD5h6Dg+wHn8NC17r7TIIJ9iZTTAKgrlsMcyBGjkGQXzV3wxNXbdQgsT0vAJmv8TTbVVi2s19RnCWffuEkIYdPNqM3dzWm9kef4jhhOUyL7pFNz/HA9LOhCQdrl9GwU400ZWUTAntjq7xkQIi8UjAbqWoL180z1HkiUmmcsIHXtNC6vGuafnrJ78J2x4k7UTv2ysqQ0HSz72YnzxeiJT2rLsILTNqdNWRDpOxmRnii2AF0DkPrRPX/I361bJRw2Q6DxqhQ4mD71Qdrp320veEu22P3ocvnMVsrVG82UQ3IaPxjc34nZBxVqlQv6gca+YS8wdtECDejSTtDV73yLxF/WnwQuarofryI7sFijNTRUwJ/nB39O3R1VWkWJFNneFO8qUnclyhkBWzwKOpp5dbDNSQbOfAxmhi1w3UuawxfIQ9qvuCJEyOhADRo/vzKI2ROa4BN8i4NMxS4Et6SVn6+Pwctp0KrtfLiIX3Ffp6BuGe6ThYlcMlm50L9/zpAm/yzGUuZkzgYzfRRjp8CfzZvorV6BMhyJA1C2Hlf9gpwZULVsaBINcw/sVnuiyZtQUMJ1FfECO04rOfL4dTAcFQYTjayR+AJ4WuvzFvUhBGodaAzHnrN9CnjjrokXfDrzIlVwOdbn00kwMtehhPFMwCvGHT4NUfuo79uXPMuV8QUir4TakRaobEWHZ6shEcqU/z9NgseMk+/fJ4uuQ3FJQwyd+FaSkGaAYh0L4927oYjDdzpmpiJSenraNhAPLyh64grFdzZcVD+PGF/W/g0RSdTcXTru863q1gbTHfWDwta9xnDYDONjOcNzN642iP5w4vZUX6qaJcg+ZCsAceatSNXx+C58ejGJQMt9ph+cptDg2Tp7uNl85435Nw7ecKSuPpJtpFLKKfkyey3UtuTKgaOAXslPmkVyEqRnK8P5eCT1aT9+hV4pjnBkzQu/jQK3PwtWjfP1BPkK99toz+l1pqjXWpBdvS0wZST0z8oUEWSUrLIxiCq30MH+QuDl0xeKycCme7u+bpLDWo7M6wCcGvNEOHeh9BwkqDx9O2JAAyDfepPydpFKZCLwqFfeDrK3Vfc6+A1+aVydUKWJuhgs0lEpFbGv0G65Ms/KSMkf59j2zA=&u=U2FsdGVkX197MmgbJck1hInxnCllz8mJI0yEpOeGuLI=&y=U2FsdGVkX1/elXdLxkvdMmoumBKRyCpYWGq7rNSDYHR3mQ+Kaj5Q3GXHQP4S6wfA HTTP/1.1" 200 816
186.102.54.16 - - [10/Jun/2022:15:41:54 -0500] "GET /kwssiamovil/sm/des/acme/s?s=U2FsdGVkX18C2LEVUr4D+842BnrQ08mS7KRqqGJ0dl/2v78qYY49AaiMSjcjCRlpu/a4D6vX873pHJRvs0yPPjfKBFnCAhfmomvoT79KTMvb7Aa2boTlVdlHNL25v0bB7Xbc9sHvkrDNgo9A6NlRR1DeuJ9n3qKVRQmvcbPriU0MF0fjnbkEFnGqVW53Y9ItU77vFDUlix4uQuxB+MYUmwzQ6a3hDYY5R70E7TtTZv2qtjy6mEM9k63xgmBGmU3583s2fDKNxBWMgREwlXYth4ap7b3NrlfioCtHPkShSX4=&u=U2FsdGVkX197MmgbJck1hInxnCllz8mJI0yEpOeGuLI=&y=U2FsdGVkX1/elXdLxkvdMmoumBKRyCpYWGq7rNSDYHR3mQ+Kaj5Q3GXHQP4S6wfA HTTP/1.1" 200 266
186.102.54.16 - - [10/Jun/2022:15:41:55 -0500] "GET /kwssiamovil/sm/des/cjson/pre?f=17&x=U2FsdGVkX1/ZYVRLKptfMMHqHy2WrK2SlQr0xh8qjRsn56s/Bg8McLqw3bMEn461 HTTP/1.1" 200 9591
186.102.54.16 - - [10/Jun/2022:15:41:55 -0500] "GET /kwssiamovil/sm/des/cjson/pre?f=1&x=U2FsdGVkX1/ZYVRLKptfMMHqHy2WrK2SlQr0xh8qjRsn56s/Bg8McLqw3bMEn461 HTTP/1.1" 200 30992
201.245.192.253 - - [10/Jun/2022:15:41:36 -0500] "POST /kwsrmcab/Wsrmcab HTTP/1.1" 200 46910
200.118.64.109 - - [10/Jun/2022:15:42:35 -0500] "POST /forms/lservlet;jsessionid=ac16012b30d67bc77629bff64b03bc3be3bb74f7854e.e3iSbxaKaheRe34OaN8QahmTbNz0n6jAmljGr5XDqQLvpAe HTTP/1.1" 200 2
172.22.2.4 - - [10/Jun/2022:15:42:40 -0500] "GET /BLA/boletinlegal/Circulares/2021/CIRCULAR%20No.%2000006%20DEL%2005%20DE%20AGOSTO%20DEL%202021.pdf HTTP/1.1" 304 -
66.249.65.13 - - [10/Jun/2022:15:42:42 -0500] "-" 408 -
200.118.64.109 - - [10/Jun/2022:15:42:49 -0500] "POST /forms/lservlet;jsessionid=ac16012b30d67bc77629bff64b03bc3be3bb74f7854e.e3iSbxaKaheRe34OaN8QahmTbNz0n6jAmljGr5XDqQLvpAe HTTP/1.1" 200 2
200.118.64.109 - - [10/Jun/2022:15:42:49 -0500] "POST /forms/lservlet;jsessionid=ac16012b30d67bc77629bff64b03bc3be3bb74f7854e.e3iSbxaKaheRe34OaN8QahmTbNz0n6jAmljGr5XDqQLvpAe HTTP/1.1" 200 14
200.118.64.109 - - [10/Jun/2022:15:42:51 -0500] "POST /forms/lservlet;jsessionid=ac16012b30d67bc77629bff64b03bc3be3bb74f7854e.e3iSbxaKaheRe34OaN8QahmTbNz0n6jAmljGr5XDqQLvpAe HTTP/1.1" 200 14
200.118.64.109 - - [10/Jun/2022:15:42:52 -0500] "POST /forms/lservlet;jsessionid=ac16012b30d67bc77629bff64b03bc3be3bb74f7854e.e3iSbxaKaheRe34OaN8QahmTbNz0n6jAmljGr5XDqQLvpAe HTTP/1.1" 200 109
200.118.64.109 - - [10/Jun/2022:15:42:52 -0500] "POST /forms/lservlet;jsessionid=ac16012b30d67bc77629bff64b03bc3be3bb74f7854e.e3iSbxaKaheRe34OaN8QahmTbNz0n6jAmljGr5XDqQLvpAe HTTP/1.1" 200 2
200.118.64.109 - - [10/Jun/2022:15:42:52 -0500] "GET /reports/rwservlet/getjobid77570?server=repnomi HTTP/1.1" 200 70120
190.253.175.214 - - [10/Jun/2022:15:43:05 -0500] "GET /appsia/controlador HTTP/1.1" 200 4799
190.253.175.214 - - [10/Jun/2022:15:43:05 -0500] "GET /appsia/css/estilos.css HTTP/1.1" 200 4804
190.253.175.214 - - [10/Jun/2022:15:43:05 -0500] "GET /appsia/scripts/validarIngreso.js HTTP/1.1" 200 851
190.253.175.214 - - [10/Jun/2022:15:43:06 -0500] "GET /appsia/images/logo_bogota_p.png HTTP/1.1" 200 14951
190.253.175.214 - - [10/Jun/2022:15:43:06 -0500] "GET /appsia/images/cabezoteHojaVida.png HTTP/1.1" 200 32493
190.253.175.214 - - [10/Jun/2022:15:43:06 -0500] "GET /favicon.ico HTTP/1.1" 200 7782
201.245.192.253 - - [10/Jun/2022:15:42:26 -0500] "POST /kwsrmcab/Wsrmcab HTTP/1.1" 200 46460
190.253.175.214 - - [10/Jun/2022:15:43:27 -0500] "POST /appsia/controlador HTTP/1.1" 200 3599
190.253.175.214 - - [10/Jun/2022:15:43:27 -0500] "GET /appsia/jscripts/validarSolicitud.js HTTP/1.1" 404 68
190.253.175.214 - - [10/Jun/2022:15:43:29 -0500] "POST /appsia/controlador HTTP/1.1" 200 4799
190.253.175.214 - - [10/Jun/2022:15:43:41 -0500] "POST /appsia/controlador HTTP/1.1" 200 3599
190.253.175.214 - - [10/Jun/2022:15:43:41 -0500] "GET /appsia/jscripts/validarSolicitud.js HTTP/1.1" 404 68
190.253.175.214 - - [10/Jun/2022:15:43:43 -0500] "POST /appsia/controlador HTTP/1.1" 200 4799
190.253.175.214 - - [10/Jun/2022:15:43:59 -0500] "POST /appsia/controlador HTTP/1.1" 200 3599
190.253.175.214 - - [10/Jun/2022:15:43:59 -0500] "GET /appsia/jscripts/validarSolicitud.js HTTP/1.1" 404 68
190.253.175.214 - - [10/Jun/2022:15:44:04 -0500] "POST /appsia/controlador HTTP/1.1" 200 4799
190.253.175.214 - - [10/Jun/2022:15:44:19 -0500] "POST /appsia/controlador HTTP/1.1" 200 3599
190.253.175.214 - - [10/Jun/2022:15:44:19 -0500] "GET /appsia/jscripts/validarSolicitud.js HTTP/1.1" 404 68
190.253.175.214 - - [10/Jun/2022:15:44:24 -0500] "POST /appsia/controlador HTTP/1.1" 200 4799
200.118.64.109 - - [10/Jun/2022:15:44:35 -0500] "POST /forms/lservlet;jsessionid=ac16012b30d67bc77629bff64b03bc3be3bb74f7854e.e3iSbxaKaheRe34OaN8QahmTbNz0n6jAmljGr5XDqQLvpAe HTTP/1.1" 200 2
200.118.64.109 - - [10/Jun/2022:15:44:36 -0500] "POST /forms/lservlet;jsessionid=ac16012b30d67bc77629bff64b03bc3be3bb74f7854e.e3iSbxaKaheRe34OaN8QahmTbNz0n6jAmljGr5XDqQLvpAe HTTP/1.1" 200 2
201.245.192.253 - - [10/Jun/2022:15:44:36 -0500] "POST /sipse/faces/presentacion/financiero/solicitudProceso/consultarSolicitudProceso.xhtml HTTP/1.1" 200 46340
201.245.192.253 - - [10/Jun/2022:15:44:36 -0500] "GET /sipse/faces/javax.faces.resource/theme.css?ln=primefaces-sipse HTTP/1.1" 304 -
201.245.192.253 - - [10/Jun/2022:15:44:36 -0500] "GET /sipse/faces/javax.faces.resource/layout/layout.css?ln=primefaces&v=4.0 HTTP/1.1" 304 -
201.245.192.253 - - [10/Jun/2022:15:44:36 -0500] "GET /sipse/faces/javax.faces.resource/primefaces.css?ln=primefaces&v=4.0 HTTP/1.1" 304 -
201.245.192.253 - - [10/Jun/2022:15:44:36 -0500] "GET /sipse/faces/javax.faces.resource/jquery/jquery.js?ln=primefaces&v=4.0 HTTP/1.1" 304 -
200.118.64.109 - - [10/Jun/2022:15:44:36 -0500] "POST /forms/lservlet;jsessionid=ac16012b30d67bc77629bff64b03bc3be3bb74f7854e.e3iSbxaKaheRe34OaN8QahmTbNz0n6jAmljGr5XDqQLvpAe HTTP/1.1" 200 2328
201.245.192.253 - - [10/Jun/2022:15:44:36 -0500] "GET /sipse/faces/javax.faces.resource/jquery/jquery-plugins.js?ln=primefaces&v=4.0 HTTP/1.1" 304 -
201.245.192.253 - - [10/Jun/2022:15:44:36 -0500] "GET /sipse/css/imagen/contrasena.png HTTP/1.1" 404 383
201.245.192.253 - - [10/Jun/2022:15:44:36 -0500] "GET /sipse/faces/javax.faces.resource/primefaces.js?ln=primefaces&v=4.0 HTTP/1.1" 304 -
201.245.192.253 - - [10/Jun/2022:15:44:36 -0500] "GET /sipse/faces/javax.faces.resource/layout/layout.js?ln=primefaces&v=4.0 HTTP/1.1" 304 -
200.118.64.109 - - [10/Jun/2022:15:44:36 -0500] "POST /forms/lservlet;jsessionid=ac16012b30d67bc77629bff64b03bc3be3bb74f7854e.e3iSbxaKaheRe34OaN8QahmTbNz0n6jAmljGr5XDqQLvpAe HTTP/1.1" 200 10
201.245.192.253 - - [10/Jun/2022:15:44:36 -0500] "POST /sipse/faces/presentacion/financiero/solicitudProceso/listarSolicitudProceso.xhtml HTTP/1.1" 200 39733
201.245.192.253 - - [10/Jun/2022:15:44:36 -0500] "POST /sipse/faces/presentacion/financiero/solicitudProceso/listarSolicitudProceso.xhtml HTTP/1.1" 200 39733
201.245.192.253 - - [10/Jun/2022:15:44:37 -0500] "POST /sipse/faces/presentacion/financiero/solicitudProceso/listarSolicitudProceso.xhtml HTTP/1.1" 200 1480
201.245.192.253 - - [10/Jun/2022:15:44:37 -0500] "POST /sipse/faces/presentacion/financiero/solicitudProceso/listarSolicitudProceso.xhtml HTTP/1.1" 200 1480
201.245.192.253 - - [10/Jun/2022:15:44:37 -0500] "POST /sipse/faces/presentacion/financiero/solicitudProceso/listarSolicitudProceso.xhtml HTTP/1.1" 200 1484
200.118.64.109 - - [10/Jun/2022:15:44:43 -0500] "POST /forms/lservlet;jsessionid=ac16012b30d67bc77629bff64b03bc3be3bb74f7854e.e3iSbxaKaheRe34OaN8QahmTbNz0n6jAmljGr5XDqQLvpAe HTTP/1.1" 200 26
200.118.64.109 - - [10/Jun/2022:15:44:43 -0500] "POST /forms/lservlet;jsessionid=ac16012b30d67bc77629bff64b03bc3be3bb74f7854e.e3iSbxaKaheRe34OaN8QahmTbNz0n6jAmljGr5XDqQLvpAe HTTP/1.1" 200 14
200.118.64.109 - - [10/Jun/2022:15:44:44 -0500] "POST /forms/lservlet;jsessionid=ac16012b30d67bc77629bff64b03bc3be3bb74f7854e.e3iSbxaKaheRe34OaN8QahmTbNz0n6jAmljGr5XDqQLvpAe HTTP/1.1" 200 4086
200.118.64.109 - - [10/Jun/2022:15:44:45 -0500] "POST /forms/lservlet;jsessionid=ac16012b30d67bc77629bff64b03bc3be3bb74f7854e.e3iSbxaKaheRe34OaN8QahmTbNz0n6jAmljGr5XDqQLvpAe HTTP/1.1" 200 2
200.118.64.109 - - [10/Jun/2022:15:44:52 -0500] "POST /forms/lservlet;jsessionid=ac16012b30d67bc77629bff64b03bc3be3bb74f7854e.e3iSbxaKaheRe34OaN8QahmTbNz0n6jAmljGr5XDqQLvpAe HTTP/1.1" 200 2
200.118.64.109 - - [10/Jun/2022:15:44:52 -0500] "POST /forms/lservlet;jsessionid=ac16012b30d67bc77629bff64b03bc3be3bb74f7854e.e3iSbxaKaheRe34OaN8QahmTbNz0n6jAmljGr5XDqQLvpAe HTTP/1.1" 200 14
190.253.175.214 - - [10/Jun/2022:15:44:54 -0500] "POST /appsia/controlador HTTP/1.1" 200 3599
190.253.175.214 - - [10/Jun/2022:15:44:54 -0500] "GET /appsia/jscripts/validarSolicitud.js HTTP/1.1" 404 68
200.118.64.109 - - [10/Jun/2022:15:44:54 -0500] "POST /forms/lservlet;jsessionid=ac16012b30d67bc77629bff64b03bc3be3bb74f7854e.e3iSbxaKaheRe34OaN8QahmTbNz0n6jAmljGr5XDqQLvpAe HTTP/1.1" 200 14
216.245.221.92 - - [10/Jun/2022:15:44:55 -0500] "HEAD / HTTP/1.1" 200 -
200.118.64.109 - - [10/Jun/2022:15:44:55 -0500] "POST /forms/lservlet;jsessionid=ac16012b30d67bc77629bff64b03bc3be3bb74f7854e.e3iSbxaKaheRe34OaN8QahmTbNz0n6jAmljGr5XDqQLvpAe HTTP/1.1" 200 14
190.253.175.214 - - [10/Jun/2022:15:44:56 -0500] "POST /appsia/controlador HTTP/1.1" 200 4799
200.118.64.109 - - [10/Jun/2022:15:44:56 -0500] "POST /forms/lservlet;jsessionid=ac16012b30d67bc77629bff64b03bc3be3bb74f7854e.e3iSbxaKaheRe34OaN8QahmTbNz0n6jAmljGr5XDqQLvpAe HTTP/1.1" 200 14
200.118.64.109 - - [10/Jun/2022:15:44:58 -0500] "POST /forms/lservlet;jsessionid=ac16012b30d67bc77629bff64b03bc3be3bb74f7854e.e3iSbxaKaheRe34OaN8QahmTbNz0n6jAmljGr5XDqQLvpAe HTTP/1.1" 200 108
200.118.64.109 - - [10/Jun/2022:15:44:58 -0500] "POST /forms/lservlet;jsessionid=ac16012b30d67bc77629bff64b03bc3be3bb74f7854e.e3iSbxaKaheRe34OaN8QahmTbNz0n6jAmljGr5XDqQLvpAe HTTP/1.1" 200 2
200.118.64.109 - - [10/Jun/2022:15:44:58 -0500] "GET /reports/rwservlet/getjobid77571?server=repnomi HTTP/1.1" 200 47994
190.253.175.214 - - [10/Jun/2022:15:45:07 -0500] "POST /appsia/controlador HTTP/1.1" 200 3599
190.253.175.214 - - [10/Jun/2022:15:45:07 -0500] "GET /appsia/jscripts/validarSolicitud.js HTTP/1.1" 404 68
190.253.175.214 - - [10/Jun/2022:15:45:09 -0500] "POST /appsia/controlador HTTP/1.1" 200 4799
190.253.175.214 - - [10/Jun/2022:15:45:25 -0500] "POST /appsia/controlador HTTP/1.1" 200 5437
190.253.175.214 - - [10/Jun/2022:15:45:28 -0500] "POST /appsia/controlador HTTP/1.1" 200 7793
190.253.175.214 - - [10/Jun/2022:15:45:32 -0500] "POST /appsia/controlador HTTP/1.1" 200 5252
201.245.192.253 - - [10/Jun/2022:15:45:36 -0500] "POST /sipse/faces/presentacion/financiero/solicitudProceso/listarSolicitudProceso.xhtml HTTP/1.1" 200 114343
201.245.192.253 - - [10/Jun/2022:15:45:36 -0500] "GET /sipse/faces/javax.faces.resource/theme.css?ln=primefaces-sipse HTTP/1.1" 304 -
201.245.192.253 - - [10/Jun/2022:15:45:36 -0500] "GET /sipse/faces/javax.faces.resource/layout/layout.css?ln=primefaces&v=4.0 HTTP/1.1" 304 -
201.245.192.253 - - [10/Jun/2022:15:45:36 -0500] "GET /sipse/faces/javax.faces.resource/primefaces.css?ln=primefaces&v=4.0 HTTP/1.1" 304 -
201.245.192.253 - - [10/Jun/2022:15:45:36 -0500] "GET /sipse/faces/javax.faces.resource/jquery/jquery.js?ln=primefaces&v=4.0 HTTP/1.1" 304 -
201.245.192.253 - - [10/Jun/2022:15:45:36 -0500] "GET /sipse/faces/javax.faces.resource/jquery/jquery-plugins.js?ln=primefaces&v=4.0 HTTP/1.1" 304 -
201.245.192.253 - - [10/Jun/2022:15:45:36 -0500] "GET /sipse/faces/javax.faces.resource/primefaces.js?ln=primefaces&v=4.0 HTTP/1.1" 304 -
201.245.192.253 - - [10/Jun/2022:15:45:36 -0500] "GET /sipse/faces/javax.faces.resource/layout/layout.js?ln=primefaces&v=4.0 HTTP/1.1" 304 -
201.245.192.253 - - [10/Jun/2022:15:45:36 -0500] "GET /sipse/css/imagen/contrasena.png HTTP/1.1" 404 383
190.253.175.214 - - [10/Jun/2022:15:45:37 -0500] "GET /appsia/controlador?comando=ingresarMenuPrincipal&id=22433770&funcionario=LUDDY+PATRICIA+BOSSIO+DE+MANZANO&desde=22433770&hasta=22433770&version=22433770&accion=Regresar HTTP/1.1" 200 5437
190.253.175.214 - - [10/Jun/2022:15:45:39 -0500] "POST /appsia/controlador HTTP/1.1" 200 7793
201.245.192.253 - - [10/Jun/2022:15:45:42 -0500] "POST /sipse/faces/presentacion/financiero/solicitudProceso/consultarSolicitudProceso.xhtml HTTP/1.1" 200 19315
201.245.192.253 - - [10/Jun/2022:15:45:42 -0500] "GET /sipse/faces/javax.faces.resource/theme.css?ln=primefaces-sipse HTTP/1.1" 304 -
201.245.192.253 - - [10/Jun/2022:15:45:42 -0500] "GET /sipse/faces/javax.faces.resource/primefaces.css?ln=primefaces&v=4.0 HTTP/1.1" 304 -
201.245.192.253 - - [10/Jun/2022:15:45:42 -0500] "GET /sipse/faces/javax.faces.resource/layout/layout.css?ln=primefaces&v=4.0 HTTP/1.1" 304 -
201.245.192.253 - - [10/Jun/2022:15:45:42 -0500] "GET /sipse/faces/javax.faces.resource/fileupload/fileupload.css?ln=primefaces&v=4.0 HTTP/1.1" 304 -
201.245.192.253 - - [10/Jun/2022:15:45:42 -0500] "GET /sipse/faces/javax.faces.resource/jquery/jquery-plugins.js?ln=primefaces&v=4.0 HTTP/1.1" 304 -
201.245.192.253 - - [10/Jun/2022:15:45:42 -0500] "GET /sipse/faces/javax.faces.resource/jquery/jquery.js?ln=primefaces&v=4.0 HTTP/1.1" 304 -
201.245.192.253 - - [10/Jun/2022:15:45:42 -0500] "GET /sipse/faces/javax.faces.resource/layout/layout.js?ln=primefaces&v=4.0 HTTP/1.1" 304 -
201.245.192.253 - - [10/Jun/2022:15:45:42 -0500] "GET /sipse/faces/javax.faces.resource/primefaces.js?ln=primefaces&v=4.0 HTTP/1.1" 304 -
201.245.192.253 - - [10/Jun/2022:15:45:42 -0500] "GET /sipse/faces/javax.faces.resource/fileupload/fileupload.js?ln=primefaces&v=4.0 HTTP/1.1" 304 -
201.245.192.253 - - [10/Jun/2022:15:45:42 -0500] "GET /sipse/css/imagen/contrasena.png HTTP/1.1" 404 383
190.253.175.214 - - [10/Jun/2022:15:45:44 -0500] "POST /appsia/controlador HTTP/1.1" 200 5437
190.253.175.214 - - [10/Jun/2022:15:45:46 -0500] "POST /appsia/controlador HTTP/1.1" 200 4799
201.245.192.253 - - [10/Jun/2022:15:45:54 -0500] "GET /sipse/faces/javax.faces.resource/images/ui-icons_898989_256x240.png?ln=primefaces-aristo HTTP/1.1" 304 -
201.245.192.253 - - [10/Jun/2022:15:45:56 -0500] "GET /sipse/faces/javax.faces.resource/layout/layout.css?ln=primefaces&v=4.0 HTTP/1.1" 304 -
201.245.192.253 - - [10/Jun/2022:15:45:56 -0500] "GET /sipse/faces/javax.faces.resource/primefaces.css?ln=primefaces&v=4.0 HTTP/1.1" 304 -
201.245.192.253 - - [10/Jun/2022:15:45:56 -0500] "GET /sipse/faces/javax.faces.resource/jquery/jquery.js?ln=primefaces&v=4.0 HTTP/1.1" 304 -
201.245.192.253 - - [10/Jun/2022:15:45:56 -0500] "GET /sipse/faces/javax.faces.resource/theme.css?ln=primefaces-sipse HTTP/1.1" 304 -
201.245.192.253 - - [10/Jun/2022:15:45:56 -0500] "GET /sipse/faces/javax.faces.resource/jquery/jquery-plugins.js?ln=primefaces&v=4.0 HTTP/1.1" 304 -
201.245.192.253 - - [10/Jun/2022:15:45:56 -0500] "GET /sipse/faces/javax.faces.resource/layout/layout.js?ln=primefaces&v=4.0 HTTP/1.1" 304 -
201.245.192.253 - - [10/Jun/2022:15:45:56 -0500] "GET /sipse/faces/javax.faces.resource/primefaces.js?ln=primefaces&v=4.0 HTTP/1.1" 304 -
201.245.192.253 - - [10/Jun/2022:15:45:56 -0500] "POST /sipse/faces/presentacion/sistema/anexos/cargarAnexoSolicitudProceso.xhtml HTTP/1.1" 200 160271
201.245.192.253 - - [10/Jun/2022:15:45:56 -0500] "GET /sipse/css/imagen/contrasena.png HTTP/1.1" 404 383
201.245.192.253 - - [10/Jun/2022:15:45:56 -0500] "GET /sipse/faces/javax.faces.resource/images/ui-icons_898989_256x240.png?ln=primefaces-aristo HTTP/1.1" 304 -
190.253.175.214 - - [10/Jun/2022:15:45:57 -0500] "POST /appsia/controlador HTTP/1.1" 200 5437
201.245.192.253 - - [10/Jun/2022:15:45:59 -0500] "POST /sipse/faces/presentacion/financiero/solicitudProceso/consultarSolicitudProceso.xhtml HTTP/1.1" 200 19315
201.245.192.253 - - [10/Jun/2022:15:45:59 -0500] "GET /sipse/faces/javax.faces.resource/primefaces.css?ln=primefaces&v=4.0 HTTP/1.1" 304 -
201.245.192.253 - - [10/Jun/2022:15:45:59 -0500] "GET /sipse/faces/javax.faces.resource/jquery/jquery.js?ln=primefaces&v=4.0 HTTP/1.1" 304 -
201.245.192.253 - - [10/Jun/2022:15:45:59 -0500] "GET /sipse/faces/javax.faces.resource/theme.css?ln=primefaces-sipse HTTP/1.1" 304 -
201.245.192.253 - - [10/Jun/2022:15:45:59 -0500] "GET /sipse/faces/javax.faces.resource/jquery/jquery-plugins.js?ln=primefaces&v=4.0 HTTP/1.1" 304 -
201.245.192.253 - - [10/Jun/2022:15:45:59 -0500] "GET /sipse/faces/javax.faces.resource/primefaces.js?ln=primefaces&v=4.0 HTTP/1.1" 304 -
201.245.192.253 - - [10/Jun/2022:15:45:59 -0500] "GET /sipse/faces/javax.faces.resource/layout/layout.js?ln=primefaces&v=4.0 HTTP/1.1" 304 -
201.245.192.253 - - [10/Jun/2022:15:45:59 -0500] "GET /sipse/faces/javax.faces.resource/fileupload/fileupload.css?ln=primefaces&v=4.0 HTTP/1.1" 304 -
201.245.192.253 - - [10/Jun/2022:15:45:59 -0500] "GET /sipse/faces/javax.faces.resource/layout/layout.css?ln=primefaces&v=4.0 HTTP/1.1" 304 -
201.245.192.253 - - [10/Jun/2022:15:45:59 -0500] "GET /sipse/faces/javax.faces.resource/fileupload/fileupload.js?ln=primefaces&v=4.0 HTTP/1.1" 304 -
201.245.192.253 - - [10/Jun/2022:15:45:59 -0500] "GET /sipse/faces/javax.faces.resource/images/ui-icons_898989_256x240.png?ln=primefaces-aristo HTTP/1.1" 304 -
190.253.175.214 - - [10/Jun/2022:15:46:01 -0500] "POST /appsia/controlador HTTP/1.1" 200 7793
201.245.192.253 - - [10/Jun/2022:15:46:05 -0500] "GET /sipse/faces/javax.faces.resource/layout/layout.css?ln=primefaces&v=4.0 HTTP/1.1" 304 -
201.245.192.253 - - [10/Jun/2022:15:46:05 -0500] "GET /sipse/faces/javax.faces.resource/theme.css?ln=primefaces-sipse HTTP/1.1" 304 -
201.245.192.253 - - [10/Jun/2022:15:46:05 -0500] "GET /sipse/faces/javax.faces.resource/jquery/jquery.js?ln=primefaces&v=4.0 HTTP/1.1" 304 -
201.245.192.253 - - [10/Jun/2022:15:46:05 -0500] "GET /sipse/faces/javax.faces.resource/primefaces.css?ln=primefaces&v=4.0 HTTP/1.1" 304 -
201.245.192.253 - - [10/Jun/2022:15:46:05 -0500] "GET /sipse/faces/javax.faces.resource/jquery/jquery-plugins.js?ln=primefaces&v=4.0 HTTP/1.1" 304 -
201.245.192.253 - - [10/Jun/2022:15:46:05 -0500] "GET /sipse/faces/javax.faces.resource/layout/layout.js?ln=primefaces&v=4.0 HTTP/1.1" 304 -
201.245.192.253 - - [10/Jun/2022:15:46:05 -0500] "GET /sipse/faces/javax.faces.resource/primefaces.js?ln=primefaces&v=4.0 HTTP/1.1" 304 -
201.245.192.253 - - [10/Jun/2022:15:46:04 -0500] "POST /sipse/faces/presentacion/sistema/anexos/cargarAnexoSolicitudProceso.xhtml HTTP/1.1" 200 162054
201.245.192.253 - - [10/Jun/2022:15:46:05 -0500] "GET /sipse/faces/javax.faces.resource/images/ui-icons_898989_256x240.png?ln=primefaces-aristo HTTP/1.1" 304 -
190.253.175.214 - - [10/Jun/2022:15:46:06 -0500] "POST /appsia/controlador HTTP/1.1" 200 6658
190.253.175.214 - - [10/Jun/2022:15:46:07 -0500] "POST /appsia/controlador HTTP/1.1" 200 10966
201.245.192.253 - - [10/Jun/2022:15:46:08 -0500] "GET /sipse/faces/javax.faces.resource/images/ui-bg_flat_0_2d5972_40x100.png?ln=primefaces-aristo HTTP/1.1" 304 -
201.245.192.253 - - [10/Jun/2022:15:46:08 -0500] "POST /sipse/faces/presentacion/financiero/solicitudProceso/consultarSolicitudProceso.xhtml HTTP/1.1" 200 43938
201.245.192.253 - - [10/Jun/2022:15:46:11 -0500] "GET /sipse/faces/javax.faces.resource/primefaces.css?ln=primefaces&v=4.0 HTTP/1.1" 304 -
201.245.192.253 - - [10/Jun/2022:15:46:11 -0500] "GET /sipse/faces/javax.faces.resource/theme.css?ln=primefaces-sipse HTTP/1.1" 304 -
201.245.192.253 - - [10/Jun/2022:15:46:11 -0500] "GET /sipse/faces/javax.faces.resource/layout/layout.css?ln=primefaces&v=4.0 HTTP/1.1" 304 -
201.245.192.253 - - [10/Jun/2022:15:46:11 -0500] "GET /sipse/faces/javax.faces.resource/jquery/jquery.js?ln=primefaces&v=4.0 HTTP/1.1" 304 -
201.245.192.253 - - [10/Jun/2022:15:46:11 -0500] "GET /sipse/faces/javax.faces.resource/jquery/jquery-plugins.js?ln=primefaces&v=4.0 HTTP/1.1" 304 -
201.245.192.253 - - [10/Jun/2022:15:46:11 -0500] "GET /sipse/faces/javax.faces.resource/primefaces.js?ln=primefaces&v=4.0 HTTP/1.1" 304 -
201.245.192.253 - - [10/Jun/2022:15:46:11 -0500] "GET /sipse/faces/javax.faces.resource/layout/layout.js?ln=primefaces&v=4.0 HTTP/1.1" 304 -
201.245.192.253 - - [10/Jun/2022:15:46:11 -0500] "GET /sipse/faces/javax.faces.resource/messages/messages.png?ln=primefaces&v=4.0 HTTP/1.1" 304 -
201.245.192.253 - - [10/Jun/2022:15:46:11 -0500] "POST /sipse/faces/presentacion/financiero/solicitudProceso/listarSolicitudProceso.xhtml HTTP/1.1" 200 1468
201.245.192.253 - - [10/Jun/2022:15:46:18 -0500] "POST /sipse/faces/presentacion/financiero/solicitudProceso/listarSolicitudProceso.xhtml HTTP/1.1" 200 113241
201.245.192.253 - - [10/Jun/2022:15:46:18 -0500] "GET /sipse/faces/javax.faces.resource/theme.css?ln=primefaces-sipse HTTP/1.1" 304 -
201.245.192.253 - - [10/Jun/2022:15:46:18 -0500] "GET /sipse/faces/javax.faces.resource/layout/layout.css?ln=primefaces&v=4.0 HTTP/1.1" 304 -
201.245.192.253 - - [10/Jun/2022:15:46:18 -0500] "GET /sipse/faces/javax.faces.resource/primefaces.css?ln=primefaces&v=4.0 HTTP/1.1" 304 -
201.245.192.253 - - [10/Jun/2022:15:46:18 -0500] "GET /sipse/css/imagen/contrasena.png HTTP/1.1" 404 383
201.245.192.253 - - [10/Jun/2022:15:46:18 -0500] "GET /sipse/faces/javax.faces.resource/jquery/jquery.js?ln=primefaces&v=4.0 HTTP/1.1" 304 -
201.245.192.253 - - [10/Jun/2022:15:46:18 -0500] "GET /sipse/faces/javax.faces.resource/jquery/jquery-plugins.js?ln=primefaces&v=4.0 HTTP/1.1" 304 -
201.245.192.253 - - [10/Jun/2022:15:46:18 -0500] "GET /sipse/faces/javax.faces.resource/primefaces.js?ln=primefaces&v=4.0 HTTP/1.1" 304 -
201.245.192.253 - - [10/Jun/2022:15:46:18 -0500] "GET /sipse/faces/javax.faces.resource/layout/layout.js?ln=primefaces&v=4.0 HTTP/1.1" 304 -
201.244.137.226 - - [10/Jun/2022:15:46:30 -0500] "OPTIONS /kwssiamovil/sm/setfile/f? HTTP/1.1" 200 13
200.118.64.109 - - [10/Jun/2022:15:46:31 -0500] "POST /forms/lservlet;jsessionid=ac16012b30d67bc77629bff64b03bc3be3bb74f7854e.e3iSbxaKaheRe34OaN8QahmTbNz0n6jAmljGr5XDqQLvpAe HTTP/1.1" 200 2
201.244.137.226 - - [10/Jun/2022:15:46:30 -0500] "POST /kwssiamovil/sm/setfile/f? HTTP/1.1" 200 381
201.244.137.226 - - [10/Jun/2022:15:46:32 -0500] "OPTIONS /kwssiamovil/sm/setfile/f? HTTP/1.1" 200 13
200.118.64.109 - - [10/Jun/2022:15:46:31 -0500] "POST /forms/lservlet;jsessionid=ac16012b30d67bc77629bff64b03bc3be3bb74f7854e.e3iSbxaKaheRe34OaN8QahmTbNz0n6jAmljGr5XDqQLvpAe HTTP/1.1" 200 14
201.244.137.226 - - [10/Jun/2022:15:46:32 -0500] "POST /kwssiamovil/sm/setfile/f? HTTP/1.1" 200 381
200.118.64.109 - - [10/Jun/2022:15:46:32 -0500] "POST /forms/lservlet;jsessionid=ac16012b30d67bc77629bff64b03bc3be3bb74f7854e.e3iSbxaKaheRe34OaN8QahmTbNz0n6jAmljGr5XDqQLvpAe HTTP/1.1" 200 14
200.118.64.109 - - [10/Jun/2022:15:46:33 -0500] "POST /forms/lservlet;jsessionid=ac16012b30d67bc77629bff64b03bc3be3bb74f7854e.e3iSbxaKaheRe34OaN8QahmTbNz0n6jAmljGr5XDqQLvpAe HTTP/1.1" 200 112
200.118.64.109 - - [10/Jun/2022:15:46:34 -0500] "POST /forms/lservlet;jsessionid=ac16012b30d67bc77629bff64b03bc3be3bb74f7854e.e3iSbxaKaheRe34OaN8QahmTbNz0n6jAmljGr5XDqQLvpAe HTTP/1.1" 200 2
201.244.137.226 - - [10/Jun/2022:15:46:34 -0500] "OPTIONS /kwssiamovil/sm/setfile/f? HTTP/1.1" 200 13
200.118.64.109 - - [10/Jun/2022:15:46:35 -0500] "POST /forms/lservlet;jsessionid=ac16012b30d67bc77629bff64b03bc3be3bb74f7854e.e3iSbxaKaheRe34OaN8QahmTbNz0n6jAmljGr5XDqQLvpAe HTTP/1.1" 200 2
201.244.137.226 - - [10/Jun/2022:15:46:34 -0500] "POST /kwssiamovil/sm/setfile/f? HTTP/1.1" 200 381
200.118.64.109 - - [10/Jun/2022:15:46:34 -0500] "GET /reports/rwservlet/getjobid77572?server=repnomi HTTP/1.1" 200 47763
201.244.137.226 - - [10/Jun/2022:15:46:36 -0500] "OPTIONS /kwssiamovil/sm/setfile/f? HTTP/1.1" 200 13
201.244.137.226 - - [10/Jun/2022:15:46:36 -0500] "POST /kwssiamovil/sm/setfile/f? HTTP/1.1" 200 381
201.244.137.226 - - [10/Jun/2022:15:46:39 -0500] "OPTIONS /kwssiamovil/sm/setfile/f? HTTP/1.1" 200 13
172.22.2.4 - - [10/Jun/2022:15:44:59 -0500] "HEAD /BLA/boletinlegal/ HTTP/1.1" 200 -
201.244.137.226 - - [10/Jun/2022:15:46:39 -0500] "POST /kwssiamovil/sm/setfile/f? HTTP/1.1" 200 381
201.244.137.226 - - [10/Jun/2022:15:46:42 -0500] "OPTIONS /kwssiamovil/sm/setfile/f? HTTP/1.1" 200 13
201.244.137.226 - - [10/Jun/2022:15:46:42 -0500] "POST /kwssiamovil/sm/setfile/f? HTTP/1.1" 200 381
201.244.137.226 - - [10/Jun/2022:15:46:54 -0500] "GET /kwssiamovil/sm/acme/a?s=U2FsdGVkX19wnPDQi9i/tPVuRs1y/Bp+/2ZostDq12z9g5oLktRmr4ilW0HwtYOQHAhu52sZcDQaXFFKoeA5jH2pnNpnL6jGPLZwlnJ6fWml2/dRSrW6+ZzZHsG+nnuQa5B0ce4K8wrgRAqa5raMDZHqRFH92Np20Aj/PkUAzZfBzvViUcxFifMwp6TZgzSOv9aaeIrYnwxhX6z0UQXQWOmklA9dKBRA6oBPG3r+L5/7nrgfP0EtIJqzjHIozO22gWMifRivWmJ0e7AV+UiHZQ==&u=U2FsdGVkX18bmaPqjAD5s4Kx1DYh6SYRvC6nzGCpIPouBNudtHn7WhOkrr+WC4ng&y=U2FsdGVkX1/Fi4cliqVIjnIVSpwXwBw8gmjpfsWgDKyVoYP0m4KsWKFxGW3pPr48 HTTP/1.1" 200 25
