122.178.106.2 - - [11/Jun/2022:18:07:21 -0500] "GET /mysql/web/index.php?lang=en HTTP/1.1" 404 1018
122.178.106.2 - - [11/Jun/2022:18:07:21 -0500] "GET /db/index.php?lang=en HTTP/1.1" 404 1018
122.178.106.2 - - [11/Jun/2022:18:07:22 -0500] "GET /admin/db/index.php?lang=en HTTP/1.1" 404 1018
122.178.106.2 - - [11/Jun/2022:18:07:22 -0500] "GET /sql/webdb/index.php?lang=en HTTP/1.1" 404 1018
122.178.106.2 - - [11/Jun/2022:18:07:22 -0500] "GET /db/phpMyAdmin3/index.php?lang=en HTTP/1.1" 404 1018
122.178.106.2 - - [11/Jun/2022:18:07:23 -0500] "GET /mysql/sqlmanager/index.php?lang=en HTTP/1.1" 404 1018
122.178.106.2 - - [11/Jun/2022:18:07:23 -0500] "GET /administrator/PMA/index.php?lang=en HTTP/1.1" 404 1018
122.178.106.2 - - [11/Jun/2022:18:07:23 -0500] "GET /phpMyAdmin4/index.php?lang=en HTTP/1.1" 403 1165
122.178.106.2 - - [11/Jun/2022:18:07:24 -0500] "GET /shopdb/index.php?lang=en HTTP/1.1" 404 1018
122.178.106.2 - - [11/Jun/2022:18:07:24 -0500] "GET /phpmyadmin2015/index.php?lang=en HTTP/1.1" 403 1165
122.178.106.2 - - [11/Jun/2022:18:07:24 -0500] "GET /mysql/mysqlmanager/index.php?lang=en HTTP/1.1" 404 1018
122.178.106.2 - - [11/Jun/2022:18:07:25 -0500] "GET /db/phpmyadmin4/index.php?lang=en HTTP/1.1" 404 1018
122.178.106.2 - - [11/Jun/2022:18:07:25 -0500] "GET /phpmyAdmin/index.php?lang=en HTTP/1.1" 403 1165
122.178.106.2 - - [11/Jun/2022:18:07:25 -0500] "GET /db/db-admin/index.php?lang=en HTTP/1.1" 404 1018
122.178.106.2 - - [11/Jun/2022:18:07:26 -0500] "GET /phpMyAdmin-4.9.7/index.php?lang=en HTTP/1.1" 403 1165
122.178.106.2 - - [11/Jun/2022:18:07:26 -0500] "GET /sql/sql-admin/index.php?lang=en HTTP/1.1" 404 1018
122.178.106.2 - - [11/Jun/2022:18:07:26 -0500] "GET /phpmyadmin1/index.php?lang=en HTTP/1.1" 403 1165
122.178.106.2 - - [11/Jun/2022:18:07:27 -0500] "GET /sql/sqlweb/index.php?lang=en HTTP/1.1" 404 1018
122.178.106.2 - - [11/Jun/2022:18:07:27 -0500] "GET /php-myadmin/index.php?lang=en HTTP/1.1" 404 1018
122.178.106.2 - - [11/Jun/2022:18:07:27 -0500] "GET /phpMyadmin/index.php?lang=en HTTP/1.1" 403 1165
122.178.106.2 - - [11/Jun/2022:18:07:28 -0500] "GET /admin/web/index.php?lang=en HTTP/1.1" 404 1018
122.178.106.2 - - [11/Jun/2022:18:07:28 -0500] "GET /sql/sqladmin/index.php?lang=en HTTP/1.1" 404 1018
172.22.2.4 - - [11/Jun/2022:18:05:48 -0500] "HEAD /BLA/boletinlegal/ HTTP/1.1" 200 -
122.178.106.2 - - [11/Jun/2022:18:07:29 -0500] "GET /db/phpmyadmin3/index.php?lang=en HTTP/1.1" 404 1018
157.55.39.127 - - [11/Jun/2022:18:07:27 -0500] "GET /sipse/faces/javax.faces.resource/primefaces.js;jsessionid=p6nvuib-ijxpfhaw5cnyodmn.undefined?ln=primefaces&v=4.0 HTTP/1.1" 200 276924
122.178.106.2 - - [11/Jun/2022:18:07:29 -0500] "GET /db/phpmyadmin5/index.php?lang=en HTTP/1.1" 404 1018
122.178.106.2 - - [11/Jun/2022:18:07:29 -0500] "GET /sqlmanager/index.php?lang=en HTTP/1.1" 404 1018
122.178.106.2 - - [11/Jun/2022:18:07:30 -0500] "GET /_phpMyAdmin/index.php?lang=en HTTP/1.1" 404 1018
122.178.106.2 - - [11/Jun/2022:18:07:30 -0500] "GET /db/webdb/index.php?lang=en HTTP/1.1" 404 1018
122.178.106.2 - - [11/Jun/2022:18:07:30 -0500] "GET /phpmyadmin4/index.php?lang=en HTTP/1.1" 403 1165
122.178.106.2 - - [11/Jun/2022:18:07:31 -0500] "GET /mysql/pma/index.php?lang=en HTTP/1.1" 404 1018
122.178.106.2 - - [11/Jun/2022:18:07:31 -0500] "GET /phpMyAdmin-5.1.1/index.php?lang=en HTTP/1.1" 403 1165
122.178.106.2 - - [11/Jun/2022:18:07:31 -0500] "GET /sql/phpMyAdmin/index.php?lang=en HTTP/1.1" 404 1018
122.178.106.2 - - [11/Jun/2022:18:07:32 -0500] "GET /phpmyadmin2022/index.php?lang=en HTTP/1.1" 403 1165
122.178.106.2 - - [11/Jun/2022:18:07:32 -0500] "GET /admin/sqladmin/index.php?lang=en HTTP/1.1" 404 1018
122.178.106.2 - - [11/Jun/2022:18:07:32 -0500] "GET /dbadmin/index.php?lang=en HTTP/1.1" 404 1018
122.178.106.2 - - [11/Jun/2022:18:07:33 -0500] "GET /_phpmyadmin_/index.php?lang=en HTTP/1.1" 404 1018
122.178.106.2 - - [11/Jun/2022:18:07:33 -0500] "GET /db/webadmin/index.php?lang=en HTTP/1.1" 404 1018
122.178.106.2 - - [11/Jun/2022:18:07:33 -0500] "GET /phpMyAdmin-5.2.0/index.php?lang=en HTTP/1.1" 403 1165
200.118.64.109 - - [11/Jun/2022:18:07:57 -0500] "POST /forms/lservlet;jsessionid=ac16012b30d6a454d3ae971547fe8410e3c9766ba928.e3iSbxaKaheRe34OaN8QahmTbNz0n6jAmljGr5XDqQLvpAe HTTP/1.1" 200 2
172.22.2.4 - - [11/Jun/2022:18:06:38 -0500] "GET /BLA/boletinlegal/ HTTP/1.1" 200 58482
157.55.39.43 - - [11/Jun/2022:18:08:30 -0500] "GET /sipse/faces/javax.faces.resource/jquery/jquery-plugins.js;jsessionid=p6nvuib-ijxpfhaw5cnyodmn.undefined?ln=primefaces&v=4.0 HTTP/1.1" 200 220526
200.118.64.109 - - [11/Jun/2022:18:08:52 -0500] "POST /forms/lservlet;jsessionid=ac16012b30d6a454d3ae971547fe8410e3c9766ba928.e3iSbxaKaheRe34OaN8QahmTbNz0n6jAmljGr5XDqQLvpAe HTTP/1.1" 200 2
200.118.64.109 - - [11/Jun/2022:18:08:52 -0500] "POST /forms/lservlet;jsessionid=ac16012b30d6a454d3ae971547fe8410e3c9766ba928.e3iSbxaKaheRe34OaN8QahmTbNz0n6jAmljGr5XDqQLvpAe HTTP/1.1" 200 14
200.118.64.109 - - [11/Jun/2022:18:08:54 -0500] "POST /forms/lservlet;jsessionid=ac16012b30d6a454d3ae971547fe8410e3c9766ba928.e3iSbxaKaheRe34OaN8QahmTbNz0n6jAmljGr5XDqQLvpAe HTTP/1.1" 200 14
200.118.64.109 - - [11/Jun/2022:18:08:56 -0500] "POST /forms/lservlet;jsessionid=ac16012b30d6a454d3ae971547fe8410e3c9766ba928.e3iSbxaKaheRe34OaN8QahmTbNz0n6jAmljGr5XDqQLvpAe HTTP/1.1" 200 14
200.118.64.109 - - [11/Jun/2022:18:08:58 -0500] "POST /forms/lservlet;jsessionid=ac16012b30d6a454d3ae971547fe8410e3c9766ba928.e3iSbxaKaheRe34OaN8QahmTbNz0n6jAmljGr5XDqQLvpAe HTTP/1.1" 200 14
200.118.64.109 - - [11/Jun/2022:18:09:05 -0500] "POST /forms/lservlet;jsessionid=ac16012b30d6a454d3ae971547fe8410e3c9766ba928.e3iSbxaKaheRe34OaN8QahmTbNz0n6jAmljGr5XDqQLvpAe HTTP/1.1" 200 107
200.118.64.109 - - [11/Jun/2022:18:09:06 -0500] "POST /forms/lservlet;jsessionid=ac16012b30d6a454d3ae971547fe8410e3c9766ba928.e3iSbxaKaheRe34OaN8QahmTbNz0n6jAmljGr5XDqQLvpAe HTTP/1.1" 200 2
200.118.64.109 - - [11/Jun/2022:18:09:06 -0500] "GET /reports/rwservlet/getjobid77660?server=repnomi HTTP/1.1" 200 87842
216.245.221.92 - - [11/Jun/2022:18:09:51 -0500] "HEAD / HTTP/1.1" 200 -
200.118.64.109 - - [11/Jun/2022:18:10:22 -0500] "POST /forms/lservlet;jsessionid=ac16012b30d6a454d3ae971547fe8410e3c9766ba928.e3iSbxaKaheRe34OaN8QahmTbNz0n6jAmljGr5XDqQLvpAe HTTP/1.1" 200 2
200.118.64.109 - - [11/Jun/2022:18:12:23 -0500] "POST /forms/lservlet;jsessionid=ac16012b30d6a454d3ae971547fe8410e3c9766ba928.e3iSbxaKaheRe34OaN8QahmTbNz0n6jAmljGr5XDqQLvpAe HTTP/1.1" 200 2
40.77.167.29 - - [11/Jun/2022:18:12:45 -0500] "GET /portaldeninos/ HTTP/1.1" 200 109662
40.77.139.92 - - [11/Jun/2022:18:12:49 -0500] "GET /portaldeninos/wp-content/plugins/popup-maker/assets/css/site.min.css?ver=1.8.14 HTTP/1.1" 200 8260
40.77.191.222 - - [11/Jun/2022:18:12:51 -0500] "GET /portaldeninos/wp-includes/js/jquery/ui/position.min.js?ver=1.11.4 HTTP/1.1" 200 6527
40.77.139.9 - - [11/Jun/2022:18:12:51 -0500] "GET /portaldeninos/wp-content/plugins/popup-maker/assets/js/site.min.js?defer&ver=1.8.14 HTTP/1.1" 200 48457
40.77.139.69 - - [11/Jun/2022:18:12:51 -0500] "GET /portaldeninos/wp-content/uploads/2022/01/Conoce-lo-que-hace-la-Secretar%C3%ADa-de-Ambiente.mp4 HTTP/1.1" 200 6599959
40.77.191.228 - - [11/Jun/2022:18:12:51 -0500] "GET /portaldeninos/wp-content/uploads/2019/06/CabezoteAMBIENTIC.mp4 HTTP/1.1" 200 16971701
172.22.2.4 - - [11/Jun/2022:18:11:38 -0500] "HEAD /BLA/boletinlegal/ HTTP/1.1" 200 -
40.77.167.79 - - [11/Jun/2022:18:14:08 -0500] "GET /galeria/galeria/fotos/Humedal-Vaca3P.jpg HTTP/1.1" 200 38460
172.22.2.4 - - [11/Jun/2022:18:12:28 -0500] "GET /BLA/boletinlegal/ HTTP/1.1" 200 58482
200.118.64.109 - - [11/Jun/2022:18:14:23 -0500] "POST /forms/lservlet;jsessionid=ac16012b30d6a454d3ae971547fe8410e3c9766ba928.e3iSbxaKaheRe34OaN8QahmTbNz0n6jAmljGr5XDqQLvpAe HTTP/1.1" 200 2
216.245.221.92 - - [11/Jun/2022:18:14:51 -0500] "HEAD / HTTP/1.1" 200 -
193.106.191.48 - - [11/Jun/2022:18:15:05 -0500] "GET /vendor/phpunit/phpunit/src/Util/PHP/eval-stdin.php HTTP/1.1" 404 1018
200.118.64.109 - - [11/Jun/2022:18:16:04 -0500] "POST /forms/lservlet;jsessionid=ac16012b30d6a454d3ae971547fe8410e3c9766ba928.e3iSbxaKaheRe34OaN8QahmTbNz0n6jAmljGr5XDqQLvpAe HTTP/1.1" 200 2
200.118.64.109 - - [11/Jun/2022:18:16:05 -0500] "POST /forms/lservlet;jsessionid=ac16012b30d6a454d3ae971547fe8410e3c9766ba928.e3iSbxaKaheRe34OaN8QahmTbNz0n6jAmljGr5XDqQLvpAe HTTP/1.1" 200 14
200.118.64.109 - - [11/Jun/2022:18:16:06 -0500] "POST /forms/lservlet;jsessionid=ac16012b30d6a454d3ae971547fe8410e3c9766ba928.e3iSbxaKaheRe34OaN8QahmTbNz0n6jAmljGr5XDqQLvpAe HTTP/1.1" 200 14
200.118.64.109 - - [11/Jun/2022:18:16:13 -0500] "POST /forms/lservlet;jsessionid=ac16012b30d6a454d3ae971547fe8410e3c9766ba928.e3iSbxaKaheRe34OaN8QahmTbNz0n6jAmljGr5XDqQLvpAe HTTP/1.1" 200 107
200.118.64.109 - - [11/Jun/2022:18:16:14 -0500] "POST /forms/lservlet;jsessionid=ac16012b30d6a454d3ae971547fe8410e3c9766ba928.e3iSbxaKaheRe34OaN8QahmTbNz0n6jAmljGr5XDqQLvpAe HTTP/1.1" 200 2
200.118.64.109 - - [11/Jun/2022:18:16:14 -0500] "GET /reports/rwservlet/getjobid77661?server=repnomi HTTP/1.1" 200 47793
200.118.64.109 - - [11/Jun/2022:18:16:23 -0500] "POST /forms/lservlet;jsessionid=ac16012b30d6a454d3ae971547fe8410e3c9766ba928.e3iSbxaKaheRe34OaN8QahmTbNz0n6jAmljGr5XDqQLvpAe HTTP/1.1" 200 2
173.252.95.5 - - [11/Jun/2022:18:17:53 -0500] "GET /images/eficiencia-energetica-11-marzo.jpg HTTP/1.1" 200 46478
172.22.2.4 - - [11/Jun/2022:18:17:56 -0500] "GET /BLA/boletinlegal/robots.txt HTTP/1.1" 404 1038
172.22.2.4 - - [11/Jun/2022:18:17:58 -0500] "GET /BLA/boletinlegal/ads.txt HTTP/1.1" 404 1038
172.22.2.4 - - [11/Jun/2022:18:16:55 -0500] "GET /BLA/boletinlegal/ HTTP/1.1" 200 49099
200.118.64.109 - - [11/Jun/2022:18:18:23 -0500] "POST /forms/lservlet;jsessionid=ac16012b30d6a454d3ae971547fe8410e3c9766ba928.e3iSbxaKaheRe34OaN8QahmTbNz0n6jAmljGr5XDqQLvpAe HTTP/1.1" 200 2
172.22.2.4 - - [11/Jun/2022:18:17:28 -0500] "HEAD /BLA/boletinlegal/ HTTP/1.1" 200 -
200.118.64.109 - - [11/Jun/2022:18:19:24 -0500] "POST /forms/lservlet;jsessionid=ac16012b30d6a454d3ae971547fe8410e3c9766ba928.e3iSbxaKaheRe34OaN8QahmTbNz0n6jAmljGr5XDqQLvpAe HTTP/1.1" 200 2
200.118.64.109 - - [11/Jun/2022:18:19:25 -0500] "POST /forms/lservlet;jsessionid=ac16012b30d6a454d3ae971547fe8410e3c9766ba928.e3iSbxaKaheRe34OaN8QahmTbNz0n6jAmljGr5XDqQLvpAe HTTP/1.1" 200 14
200.118.64.109 - - [11/Jun/2022:18:19:27 -0500] "POST /forms/lservlet;jsessionid=ac16012b30d6a454d3ae971547fe8410e3c9766ba928.e3iSbxaKaheRe34OaN8QahmTbNz0n6jAmljGr5XDqQLvpAe HTTP/1.1" 200 14
200.118.64.109 - - [11/Jun/2022:18:19:29 -0500] "POST /forms/lservlet;jsessionid=ac16012b30d6a454d3ae971547fe8410e3c9766ba928.e3iSbxaKaheRe34OaN8QahmTbNz0n6jAmljGr5XDqQLvpAe HTTP/1.1" 200 14
200.118.64.109 - - [11/Jun/2022:18:19:31 -0500] "POST /forms/lservlet;jsessionid=ac16012b30d6a454d3ae971547fe8410e3c9766ba928.e3iSbxaKaheRe34OaN8QahmTbNz0n6jAmljGr5XDqQLvpAe HTTP/1.1" 200 14
200.118.64.109 - - [11/Jun/2022:18:19:34 -0500] "POST /forms/lservlet;jsessionid=ac16012b30d6a454d3ae971547fe8410e3c9766ba928.e3iSbxaKaheRe34OaN8QahmTbNz0n6jAmljGr5XDqQLvpAe HTTP/1.1" 200 107
200.118.64.109 - - [11/Jun/2022:18:19:35 -0500] "POST /forms/lservlet;jsessionid=ac16012b30d6a454d3ae971547fe8410e3c9766ba928.e3iSbxaKaheRe34OaN8QahmTbNz0n6jAmljGr5XDqQLvpAe HTTP/1.1" 200 2
200.118.64.109 - - [11/Jun/2022:18:19:35 -0500] "GET /reports/rwservlet/getjobid77662?server=repnomi HTTP/1.1" 200 48190
216.245.221.92 - - [11/Jun/2022:18:19:51 -0500] "HEAD / HTTP/1.1" 200 -
172.22.2.4 - - [11/Jun/2022:18:18:18 -0500] "GET /BLA/boletinlegal/ HTTP/1.1" 200 53831
181.56.150.107 - - [11/Jun/2022:18:20:46 -0500] "GET /BLA/resoluciones/index.php?dir=RESOLUCIONES+2017%2F HTTP/1.1" 200 279685
200.118.64.109 - - [11/Jun/2022:18:21:05 -0500] "POST /forms/lservlet;jsessionid=ac16012b30d6a454d3ae971547fe8410e3c9766ba928.e3iSbxaKaheRe34OaN8QahmTbNz0n6jAmljGr5XDqQLvpAe HTTP/1.1" 200 2
181.56.150.107 - - [11/Jun/2022:18:21:06 -0500] "GET /BLA/resoluciones/RESOLUCIONES%202017/1093.pdf HTTP/1.1" 200 544746
200.118.64.109 - - [11/Jun/2022:18:21:49 -0500] "POST /forms/lservlet;jsessionid=ac16012b30d6a454d3ae971547fe8410e3c9766ba928.e3iSbxaKaheRe34OaN8QahmTbNz0n6jAmljGr5XDqQLvpAe HTTP/1.1" 200 2
200.118.64.109 - - [11/Jun/2022:18:21:49 -0500] "POST /forms/lservlet;jsessionid=ac16012b30d6a454d3ae971547fe8410e3c9766ba928.e3iSbxaKaheRe34OaN8QahmTbNz0n6jAmljGr5XDqQLvpAe HTTP/1.1" 200 14
200.118.64.109 - - [11/Jun/2022:18:21:50 -0500] "POST /forms/lservlet;jsessionid=ac16012b30d6a454d3ae971547fe8410e3c9766ba928.e3iSbxaKaheRe34OaN8QahmTbNz0n6jAmljGr5XDqQLvpAe HTTP/1.1" 200 14
200.118.64.109 - - [11/Jun/2022:18:21:51 -0500] "POST /forms/lservlet;jsessionid=ac16012b30d6a454d3ae971547fe8410e3c9766ba928.e3iSbxaKaheRe34OaN8QahmTbNz0n6jAmljGr5XDqQLvpAe HTTP/1.1" 200 14
200.118.64.109 - - [11/Jun/2022:18:21:53 -0500] "POST /forms/lservlet;jsessionid=ac16012b30d6a454d3ae971547fe8410e3c9766ba928.e3iSbxaKaheRe34OaN8QahmTbNz0n6jAmljGr5XDqQLvpAe HTTP/1.1" 200 14
200.118.64.109 - - [11/Jun/2022:18:21:54 -0500] "POST /forms/lservlet;jsessionid=ac16012b30d6a454d3ae971547fe8410e3c9766ba928.e3iSbxaKaheRe34OaN8QahmTbNz0n6jAmljGr5XDqQLvpAe HTTP/1.1" 200 15
200.118.64.109 - - [11/Jun/2022:18:21:57 -0500] "POST /forms/lservlet;jsessionid=ac16012b30d6a454d3ae971547fe8410e3c9766ba928.e3iSbxaKaheRe34OaN8QahmTbNz0n6jAmljGr5XDqQLvpAe HTTP/1.1" 200 15
200.118.64.109 - - [11/Jun/2022:18:22:01 -0500] "POST /forms/lservlet;jsessionid=ac16012b30d6a454d3ae971547fe8410e3c9766ba928.e3iSbxaKaheRe34OaN8QahmTbNz0n6jAmljGr5XDqQLvpAe HTTP/1.1" 200 15
200.118.64.109 - - [11/Jun/2022:18:22:09 -0500] "POST /forms/lservlet;jsessionid=ac16012b30d6a454d3ae971547fe8410e3c9766ba928.e3iSbxaKaheRe34OaN8QahmTbNz0n6jAmljGr5XDqQLvpAe HTTP/1.1" 200 15
200.118.64.109 - - [11/Jun/2022:18:22:18 -0500] "POST /forms/lservlet;jsessionid=ac16012b30d6a454d3ae971547fe8410e3c9766ba928.e3iSbxaKaheRe34OaN8QahmTbNz0n6jAmljGr5XDqQLvpAe HTTP/1.1" 200 15
201.245.192.253 - - [11/Jun/2022:18:21:31 -0500] "POST /kwsrmcab/Wsrmcab HTTP/1.1" 200 46764
200.118.64.109 - - [11/Jun/2022:18:22:27 -0500] "POST /forms/lservlet;jsessionid=ac16012b30d6a454d3ae971547fe8410e3c9766ba928.e3iSbxaKaheRe34OaN8QahmTbNz0n6jAmljGr5XDqQLvpAe HTTP/1.1" 200 15
200.118.64.109 - - [11/Jun/2022:18:22:36 -0500] "POST /forms/lservlet;jsessionid=ac16012b30d6a454d3ae971547fe8410e3c9766ba928.e3iSbxaKaheRe34OaN8QahmTbNz0n6jAmljGr5XDqQLvpAe HTTP/1.1" 200 15
200.118.64.109 - - [11/Jun/2022:18:22:45 -0500] "POST /forms/lservlet;jsessionid=ac16012b30d6a454d3ae971547fe8410e3c9766ba928.e3iSbxaKaheRe34OaN8QahmTbNz0n6jAmljGr5XDqQLvpAe HTTP/1.1" 200 15
200.118.64.109 - - [11/Jun/2022:18:22:54 -0500] "POST /forms/lservlet;jsessionid=ac16012b30d6a454d3ae971547fe8410e3c9766ba928.e3iSbxaKaheRe34OaN8QahmTbNz0n6jAmljGr5XDqQLvpAe HTTP/1.1" 200 15
200.118.64.109 - - [11/Jun/2022:18:23:03 -0500] "POST /forms/lservlet;jsessionid=ac16012b30d6a454d3ae971547fe8410e3c9766ba928.e3iSbxaKaheRe34OaN8QahmTbNz0n6jAmljGr5XDqQLvpAe HTTP/1.1" 200 15
40.77.167.79 - - [11/Jun/2022:18:23:08 -0500] "GET /siipev/diseno%20de%20elementos%20de%20mobiliario%20urbano/parte1.html? HTTP/1.1" 200 3594
201.245.192.253 - - [11/Jun/2022:18:22:21 -0500] "POST /kwsrmcab/Wsrmcab HTTP/1.1" 200 47569
200.118.64.109 - - [11/Jun/2022:18:23:12 -0500] "POST /forms/lservlet;jsessionid=ac16012b30d6a454d3ae971547fe8410e3c9766ba928.e3iSbxaKaheRe34OaN8QahmTbNz0n6jAmljGr5XDqQLvpAe HTTP/1.1" 200 107
200.118.64.109 - - [11/Jun/2022:18:23:12 -0500] "POST /forms/lservlet;jsessionid=ac16012b30d6a454d3ae971547fe8410e3c9766ba928.e3iSbxaKaheRe34OaN8QahmTbNz0n6jAmljGr5XDqQLvpAe HTTP/1.1" 200 2
200.118.64.109 - - [11/Jun/2022:18:23:13 -0500] "GET /reports/rwservlet/getjobid77663?server=repnomi HTTP/1.1" 200 25002366
200.118.64.109 - - [11/Jun/2022:18:24:40 -0500] "POST /forms/lservlet;jsessionid=ac16012b30d6a454d3ae971547fe8410e3c9766ba928.e3iSbxaKaheRe34OaN8QahmTbNz0n6jAmljGr5XDqQLvpAe HTTP/1.1" 200 2
200.118.64.109 - - [11/Jun/2022:18:24:40 -0500] "POST /forms/lservlet;jsessionid=ac16012b30d6a454d3ae971547fe8410e3c9766ba928.e3iSbxaKaheRe34OaN8QahmTbNz0n6jAmljGr5XDqQLvpAe HTTP/1.1" 200 14
200.118.64.109 - - [11/Jun/2022:18:24:42 -0500] "POST /forms/lservlet;jsessionid=ac16012b30d6a454d3ae971547fe8410e3c9766ba928.e3iSbxaKaheRe34OaN8QahmTbNz0n6jAmljGr5XDqQLvpAe HTTP/1.1" 200 14
200.118.64.109 - - [11/Jun/2022:18:24:43 -0500] "POST /forms/lservlet;jsessionid=ac16012b30d6a454d3ae971547fe8410e3c9766ba928.e3iSbxaKaheRe34OaN8QahmTbNz0n6jAmljGr5XDqQLvpAe HTTP/1.1" 200 107
200.118.64.109 - - [11/Jun/2022:18:24:44 -0500] "POST /forms/lservlet;jsessionid=ac16012b30d6a454d3ae971547fe8410e3c9766ba928.e3iSbxaKaheRe34OaN8QahmTbNz0n6jAmljGr5XDqQLvpAe HTTP/1.1" 200 2
200.118.64.109 - - [11/Jun/2022:18:24:44 -0500] "GET /reports/rwservlet/getjobid77664?server=repnomi HTTP/1.1" 200 87842
216.245.221.92 - - [11/Jun/2022:18:24:51 -0500] "HEAD / HTTP/1.1" 200 -
172.22.2.4 - - [11/Jun/2022:18:23:18 -0500] "HEAD /BLA/boletinlegal/ HTTP/1.1" 200 -
200.118.64.109 - - [11/Jun/2022:18:25:05 -0500] "POST /forms/lservlet;jsessionid=ac16012b30d6a454d3ae971547fe8410e3c9766ba928.e3iSbxaKaheRe34OaN8QahmTbNz0n6jAmljGr5XDqQLvpAe HTTP/1.1" 200 2
172.22.2.4 - - [11/Jun/2022:18:24:08 -0500] "GET /BLA/boletinlegal/ HTTP/1.1" 200 55576
200.118.64.109 - - [11/Jun/2022:18:26:38 -0500] "POST /forms/lservlet;jsessionid=ac16012b30d6a454d3ae971547fe8410e3c9766ba928.e3iSbxaKaheRe34OaN8QahmTbNz0n6jAmljGr5XDqQLvpAe HTTP/1.1" 200 2
200.118.64.109 - - [11/Jun/2022:18:26:38 -0500] "POST /forms/lservlet;jsessionid=ac16012b30d6a454d3ae971547fe8410e3c9766ba928.e3iSbxaKaheRe34OaN8QahmTbNz0n6jAmljGr5XDqQLvpAe HTTP/1.1" 200 2361
200.118.64.109 - - [11/Jun/2022:18:26:38 -0500] "GET /imagenes/Srch_frw.gif HTTP/1.1" 200 925
200.118.64.109 - - [11/Jun/2022:18:26:38 -0500] "POST /forms/lservlet;jsessionid=ac16012b30d6a454d3ae971547fe8410e3c9766ba928.e3iSbxaKaheRe34OaN8QahmTbNz0n6jAmljGr5XDqQLvpAe HTTP/1.1" 200 10
200.118.64.109 - - [11/Jun/2022:18:26:40 -0500] "POST /forms/lservlet;jsessionid=ac16012b30d6a454d3ae971547fe8410e3c9766ba928.e3iSbxaKaheRe34OaN8QahmTbNz0n6jAmljGr5XDqQLvpAe HTTP/1.1" 200 24
200.118.64.109 - - [11/Jun/2022:18:26:41 -0500] "POST /forms/lservlet;jsessionid=ac16012b30d6a454d3ae971547fe8410e3c9766ba928.e3iSbxaKaheRe34OaN8QahmTbNz0n6jAmljGr5XDqQLvpAe HTTP/1.1" 200 14
200.118.64.109 - - [11/Jun/2022:18:26:42 -0500] "POST /forms/lservlet;jsessionid=ac16012b30d6a454d3ae971547fe8410e3c9766ba928.e3iSbxaKaheRe34OaN8QahmTbNz0n6jAmljGr5XDqQLvpAe HTTP/1.1" 200 14
200.118.64.109 - - [11/Jun/2022:18:26:43 -0500] "POST /forms/lservlet;jsessionid=ac16012b30d6a454d3ae971547fe8410e3c9766ba928.e3iSbxaKaheRe34OaN8QahmTbNz0n6jAmljGr5XDqQLvpAe HTTP/1.1" 200 3970
200.118.64.109 - - [11/Jun/2022:18:26:43 -0500] "POST /forms/lservlet;jsessionid=ac16012b30d6a454d3ae971547fe8410e3c9766ba928.e3iSbxaKaheRe34OaN8QahmTbNz0n6jAmljGr5XDqQLvpAe HTTP/1.1" 200 2
200.118.64.109 - - [11/Jun/2022:18:27:04 -0500] "POST /forms/lservlet;jsessionid=ac16012b30d6a454d3ae971547fe8410e3c9766ba928.e3iSbxaKaheRe34OaN8QahmTbNz0n6jAmljGr5XDqQLvpAe HTTP/1.1" 200 2
200.118.64.109 - - [11/Jun/2022:18:27:04 -0500] "POST /forms/lservlet;jsessionid=ac16012b30d6a454d3ae971547fe8410e3c9766ba928.e3iSbxaKaheRe34OaN8QahmTbNz0n6jAmljGr5XDqQLvpAe HTTP/1.1" 200 14
200.118.64.109 - - [11/Jun/2022:18:27:06 -0500] "POST /forms/lservlet;jsessionid=ac16012b30d6a454d3ae971547fe8410e3c9766ba928.e3iSbxaKaheRe34OaN8QahmTbNz0n6jAmljGr5XDqQLvpAe HTTP/1.1" 200 14
200.118.64.109 - - [11/Jun/2022:18:27:07 -0500] "POST /forms/lservlet;jsessionid=ac16012b30d6a454d3ae971547fe8410e3c9766ba928.e3iSbxaKaheRe34OaN8QahmTbNz0n6jAmljGr5XDqQLvpAe HTTP/1.1" 200 14
200.118.64.109 - - [11/Jun/2022:18:27:08 -0500] "POST /forms/lservlet;jsessionid=ac16012b30d6a454d3ae971547fe8410e3c9766ba928.e3iSbxaKaheRe34OaN8QahmTbNz0n6jAmljGr5XDqQLvpAe HTTP/1.1" 200 14
200.118.64.109 - - [11/Jun/2022:18:27:10 -0500] "POST /forms/lservlet;jsessionid=ac16012b30d6a454d3ae971547fe8410e3c9766ba928.e3iSbxaKaheRe34OaN8QahmTbNz0n6jAmljGr5XDqQLvpAe HTTP/1.1" 200 15
200.118.64.109 - - [11/Jun/2022:18:27:13 -0500] "POST /forms/lservlet;jsessionid=ac16012b30d6a454d3ae971547fe8410e3c9766ba928.e3iSbxaKaheRe34OaN8QahmTbNz0n6jAmljGr5XDqQLvpAe HTTP/1.1" 200 106
200.118.64.109 - - [11/Jun/2022:18:27:13 -0500] "POST /forms/lservlet;jsessionid=ac16012b30d6a454d3ae971547fe8410e3c9766ba928.e3iSbxaKaheRe34OaN8QahmTbNz0n6jAmljGr5XDqQLvpAe HTTP/1.1" 200 2
200.118.64.109 - - [11/Jun/2022:18:27:13 -0500] "GET /reports/rwservlet/getjobid77665?server=repnomi HTTP/1.1" 200 47964
200.118.64.109 - - [11/Jun/2022:18:28:58 -0500] "POST /forms/lservlet;jsessionid=ac16012b30d6a454d3ae971547fe8410e3c9766ba928.e3iSbxaKaheRe34OaN8QahmTbNz0n6jAmljGr5XDqQLvpAe HTTP/1.1" 200 2
200.118.64.109 - - [11/Jun/2022:18:28:58 -0500] "POST /forms/lservlet;jsessionid=ac16012b30d6a454d3ae971547fe8410e3c9766ba928.e3iSbxaKaheRe34OaN8QahmTbNz0n6jAmljGr5XDqQLvpAe HTTP/1.1" 200 14
200.118.64.109 - - [11/Jun/2022:18:29:00 -0500] "POST /forms/lservlet;jsessionid=ac16012b30d6a454d3ae971547fe8410e3c9766ba928.e3iSbxaKaheRe34OaN8QahmTbNz0n6jAmljGr5XDqQLvpAe HTTP/1.1" 200 14
200.118.64.109 - - [11/Jun/2022:18:29:01 -0500] "POST /forms/lservlet;jsessionid=ac16012b30d6a454d3ae971547fe8410e3c9766ba928.e3iSbxaKaheRe34OaN8QahmTbNz0n6jAmljGr5XDqQLvpAe HTTP/1.1" 200 14
200.118.64.109 - - [11/Jun/2022:18:29:02 -0500] "POST /forms/lservlet;jsessionid=ac16012b30d6a454d3ae971547fe8410e3c9766ba928.e3iSbxaKaheRe34OaN8QahmTbNz0n6jAmljGr5XDqQLvpAe HTTP/1.1" 200 14
200.118.64.109 - - [11/Jun/2022:18:29:04 -0500] "POST /forms/lservlet;jsessionid=ac16012b30d6a454d3ae971547fe8410e3c9766ba928.e3iSbxaKaheRe34OaN8QahmTbNz0n6jAmljGr5XDqQLvpAe HTTP/1.1" 200 110
200.118.64.109 - - [11/Jun/2022:18:29:04 -0500] "POST /forms/lservlet;jsessionid=ac16012b30d6a454d3ae971547fe8410e3c9766ba928.e3iSbxaKaheRe34OaN8QahmTbNz0n6jAmljGr5XDqQLvpAe HTTP/1.1" 200 2
200.118.64.109 - - [11/Jun/2022:18:29:05 -0500] "POST /forms/lservlet;jsessionid=ac16012b30d6a454d3ae971547fe8410e3c9766ba928.e3iSbxaKaheRe34OaN8QahmTbNz0n6jAmljGr5XDqQLvpAe HTTP/1.1" 200 2
200.118.64.109 - - [11/Jun/2022:18:29:05 -0500] "GET /reports/rwservlet/getjobid77666?server=repnomi HTTP/1.1" 200 47964
216.245.221.92 - - [11/Jun/2022:18:29:51 -0500] "HEAD / HTTP/1.1" 200 -
200.118.64.109 - - [11/Jun/2022:18:30:33 -0500] "POST /forms/lservlet;jsessionid=ac16012b30d6a454d3ae971547fe8410e3c9766ba928.e3iSbxaKaheRe34OaN8QahmTbNz0n6jAmljGr5XDqQLvpAe HTTP/1.1" 200 2
200.118.64.109 - - [11/Jun/2022:18:30:33 -0500] "POST /forms/lservlet;jsessionid=ac16012b30d6a454d3ae971547fe8410e3c9766ba928.e3iSbxaKaheRe34OaN8QahmTbNz0n6jAmljGr5XDqQLvpAe HTTP/1.1" 200 14
200.118.64.109 - - [11/Jun/2022:18:30:35 -0500] "POST /forms/lservlet;jsessionid=ac16012b30d6a454d3ae971547fe8410e3c9766ba928.e3iSbxaKaheRe34OaN8QahmTbNz0n6jAmljGr5XDqQLvpAe HTTP/1.1" 200 107
200.118.64.109 - - [11/Jun/2022:18:30:35 -0500] "POST /forms/lservlet;jsessionid=ac16012b30d6a454d3ae971547fe8410e3c9766ba928.e3iSbxaKaheRe34OaN8QahmTbNz0n6jAmljGr5XDqQLvpAe HTTP/1.1" 200 2
200.118.64.109 - - [11/Jun/2022:18:30:35 -0500] "GET /reports/rwservlet/getjobid77667?server=repnomi HTTP/1.1" 200 47736
172.22.2.4 - - [11/Jun/2022:18:29:08 -0500] "HEAD /BLA/boletinlegal/ HTTP/1.1" 200 -
200.118.64.109 - - [11/Jun/2022:18:31:05 -0500] "POST /forms/lservlet;jsessionid=ac16012b30d6a454d3ae971547fe8410e3c9766ba928.e3iSbxaKaheRe34OaN8QahmTbNz0n6jAmljGr5XDqQLvpAe HTTP/1.1" 200 2
172.22.2.4 - - [11/Jun/2022:18:31:24 -0500] "GET /BLA/boletinlegal/robots.txt HTTP/1.1" 404 1038
172.22.2.4 - - [11/Jun/2022:18:31:24 -0500] "GET /BLA/boletinlegal/images/img_3.jpg HTTP/1.1" 200 1841
172.22.2.4 - - [11/Jun/2022:18:29:58 -0500] "GET /BLA/boletinlegal/ HTTP/1.1" 200 58482
200.118.64.109 - - [11/Jun/2022:18:32:10 -0500] "POST /forms/lservlet;jsessionid=ac16012b30d6a454d3ae971547fe8410e3c9766ba928.e3iSbxaKaheRe34OaN8QahmTbNz0n6jAmljGr5XDqQLvpAe HTTP/1.1" 200 2
200.118.64.109 - - [11/Jun/2022:18:32:10 -0500] "POST /forms/lservlet;jsessionid=ac16012b30d6a454d3ae971547fe8410e3c9766ba928.e3iSbxaKaheRe34OaN8QahmTbNz0n6jAmljGr5XDqQLvpAe HTTP/1.1" 200 14
200.118.64.109 - - [11/Jun/2022:18:32:11 -0500] "POST /forms/lservlet;jsessionid=ac16012b30d6a454d3ae971547fe8410e3c9766ba928.e3iSbxaKaheRe34OaN8QahmTbNz0n6jAmljGr5XDqQLvpAe HTTP/1.1" 200 14
200.118.64.109 - - [11/Jun/2022:18:32:13 -0500] "POST /forms/lservlet;jsessionid=ac16012b30d6a454d3ae971547fe8410e3c9766ba928.e3iSbxaKaheRe34OaN8QahmTbNz0n6jAmljGr5XDqQLvpAe HTTP/1.1" 200 14
200.118.64.109 - - [11/Jun/2022:18:32:14 -0500] "POST /forms/lservlet;jsessionid=ac16012b30d6a454d3ae971547fe8410e3c9766ba928.e3iSbxaKaheRe34OaN8QahmTbNz0n6jAmljGr5XDqQLvpAe HTTP/1.1" 200 107
200.118.64.109 - - [11/Jun/2022:18:32:15 -0500] "POST /forms/lservlet;jsessionid=ac16012b30d6a454d3ae971547fe8410e3c9766ba928.e3iSbxaKaheRe34OaN8QahmTbNz0n6jAmljGr5XDqQLvpAe HTTP/1.1" 200 2
200.118.64.109 - - [11/Jun/2022:18:32:15 -0500] "GET /reports/rwservlet/getjobid77668?server=repnomi HTTP/1.1" 200 889119
201.245.192.253 - - [11/Jun/2022:18:31:31 -0500] "POST /kwsrmcab/Wsrmcab HTTP/1.1" 200 46764
201.245.192.253 - - [11/Jun/2022:18:32:24 -0500] "POST /kwsrmcab/Wsrmcab HTTP/1.1" 200 47569
200.118.64.109 - - [11/Jun/2022:18:33:45 -0500] "POST /forms/lservlet;jsessionid=ac16012b30d6a454d3ae971547fe8410e3c9766ba928.e3iSbxaKaheRe34OaN8QahmTbNz0n6jAmljGr5XDqQLvpAe HTTP/1.1" 200 2
200.118.64.109 - - [11/Jun/2022:18:34:11 -0500] "POST /forms/lservlet;jsessionid=ac16012b30d6a454d3ae971547fe8410e3c9766ba928.e3iSbxaKaheRe34OaN8QahmTbNz0n6jAmljGr5XDqQLvpAe HTTP/1.1" 200 2
200.118.64.109 - - [11/Jun/2022:18:34:11 -0500] "POST /forms/lservlet;jsessionid=ac16012b30d6a454d3ae971547fe8410e3c9766ba928.e3iSbxaKaheRe34OaN8QahmTbNz0n6jAmljGr5XDqQLvpAe HTTP/1.1" 200 14
200.118.64.109 - - [11/Jun/2022:18:34:13 -0500] "POST /forms/lservlet;jsessionid=ac16012b30d6a454d3ae971547fe8410e3c9766ba928.e3iSbxaKaheRe34OaN8QahmTbNz0n6jAmljGr5XDqQLvpAe HTTP/1.1" 200 107
200.118.64.109 - - [11/Jun/2022:18:34:13 -0500] "POST /forms/lservlet;jsessionid=ac16012b30d6a454d3ae971547fe8410e3c9766ba928.e3iSbxaKaheRe34OaN8QahmTbNz0n6jAmljGr5XDqQLvpAe HTTP/1.1" 200 2
200.118.64.109 - - [11/Jun/2022:18:34:13 -0500] "GET /reports/rwservlet/getjobid77669?server=repnomi HTTP/1.1" 200 58419
40.77.167.79 - - [11/Jun/2022:18:34:29 -0500] "GET /BLA/resoluciones/AUTOS%202013/0459.pdf HTTP/1.1" 304 -
216.245.221.92 - - [11/Jun/2022:18:34:51 -0500] "HEAD / HTTP/1.1" 200 -
200.118.64.109 - - [11/Jun/2022:18:35:45 -0500] "POST /forms/lservlet;jsessionid=ac16012b30d6a454d3ae971547fe8410e3c9766ba928.e3iSbxaKaheRe34OaN8QahmTbNz0n6jAmljGr5XDqQLvpAe HTTP/1.1" 200 2
200.118.64.109 - - [11/Jun/2022:18:35:55 -0500] "POST /forms/lservlet;jsessionid=ac16012b30d6a454d3ae971547fe8410e3c9766ba928.e3iSbxaKaheRe34OaN8QahmTbNz0n6jAmljGr5XDqQLvpAe HTTP/1.1" 200 2
200.118.64.109 - - [11/Jun/2022:18:35:55 -0500] "POST /forms/lservlet;jsessionid=ac16012b30d6a454d3ae971547fe8410e3c9766ba928.e3iSbxaKaheRe34OaN8QahmTbNz0n6jAmljGr5XDqQLvpAe HTTP/1.1" 200 2387
200.118.64.109 - - [11/Jun/2022:18:35:55 -0500] "GET /imagenes/Srch_frw.gif HTTP/1.1" 200 925
200.118.64.109 - - [11/Jun/2022:18:35:55 -0500] "POST /forms/lservlet;jsessionid=ac16012b30d6a454d3ae971547fe8410e3c9766ba928.e3iSbxaKaheRe34OaN8QahmTbNz0n6jAmljGr5XDqQLvpAe HTTP/1.1" 200 10
200.118.64.109 - - [11/Jun/2022:18:35:56 -0500] "POST /forms/lservlet;jsessionid=ac16012b30d6a454d3ae971547fe8410e3c9766ba928.e3iSbxaKaheRe34OaN8QahmTbNz0n6jAmljGr5XDqQLvpAe HTTP/1.1" 200 24
200.118.64.109 - - [11/Jun/2022:18:35:57 -0500] "POST /forms/lservlet;jsessionid=ac16012b30d6a454d3ae971547fe8410e3c9766ba928.e3iSbxaKaheRe34OaN8QahmTbNz0n6jAmljGr5XDqQLvpAe HTTP/1.1" 200 14
200.118.64.109 - - [11/Jun/2022:18:35:58 -0500] "POST /forms/lservlet;jsessionid=ac16012b30d6a454d3ae971547fe8410e3c9766ba928.e3iSbxaKaheRe34OaN8QahmTbNz0n6jAmljGr5XDqQLvpAe HTTP/1.1" 200 3904
200.118.64.109 - - [11/Jun/2022:18:35:59 -0500] "POST /forms/lservlet;jsessionid=ac16012b30d6a454d3ae971547fe8410e3c9766ba928.e3iSbxaKaheRe34OaN8QahmTbNz0n6jAmljGr5XDqQLvpAe HTTP/1.1" 200 2
200.118.64.109 - - [11/Jun/2022:18:36:02 -0500] "POST /forms/lservlet;jsessionid=ac16012b30d6a454d3ae971547fe8410e3c9766ba928.e3iSbxaKaheRe34OaN8QahmTbNz0n6jAmljGr5XDqQLvpAe HTTP/1.1" 200 2
200.118.64.109 - - [11/Jun/2022:18:36:02 -0500] "POST /forms/lservlet;jsessionid=ac16012b30d6a454d3ae971547fe8410e3c9766ba928.e3iSbxaKaheRe34OaN8QahmTbNz0n6jAmljGr5XDqQLvpAe HTTP/1.1" 200 14
200.118.64.109 - - [11/Jun/2022:18:36:04 -0500] "POST /forms/lservlet;jsessionid=ac16012b30d6a454d3ae971547fe8410e3c9766ba928.e3iSbxaKaheRe34OaN8QahmTbNz0n6jAmljGr5XDqQLvpAe HTTP/1.1" 200 14
200.118.64.109 - - [11/Jun/2022:18:36:05 -0500] "POST /forms/lservlet;jsessionid=ac16012b30d6a454d3ae971547fe8410e3c9766ba928.e3iSbxaKaheRe34OaN8QahmTbNz0n6jAmljGr5XDqQLvpAe HTTP/1.1" 200 14
200.118.64.109 - - [11/Jun/2022:18:36:06 -0500] "POST /forms/lservlet;jsessionid=ac16012b30d6a454d3ae971547fe8410e3c9766ba928.e3iSbxaKaheRe34OaN8QahmTbNz0n6jAmljGr5XDqQLvpAe HTTP/1.1" 200 14
200.118.64.109 - - [11/Jun/2022:18:36:08 -0500] "POST /forms/lservlet;jsessionid=ac16012b30d6a454d3ae971547fe8410e3c9766ba928.e3iSbxaKaheRe34OaN8QahmTbNz0n6jAmljGr5XDqQLvpAe HTTP/1.1" 200 106
200.118.64.109 - - [11/Jun/2022:18:36:08 -0500] "POST /forms/lservlet;jsessionid=ac16012b30d6a454d3ae971547fe8410e3c9766ba928.e3iSbxaKaheRe34OaN8QahmTbNz0n6jAmljGr5XDqQLvpAe HTTP/1.1" 200 2
200.118.64.109 - - [11/Jun/2022:18:36:08 -0500] "GET /reports/rwservlet/getjobid77670?server=repnomi HTTP/1.1" 200 47703
172.22.2.4 - - [11/Jun/2022:18:34:58 -0500] "HEAD /BLA/boletinlegal/ HTTP/1.1" 200 -
172.22.2.4 - - [11/Jun/2022:18:35:48 -0500] "GET /BLA/boletinlegal/ HTTP/1.1" 200 51491
200.118.64.109 - - [11/Jun/2022:18:37:45 -0500] "POST /forms/lservlet;jsessionid=ac16012b30d6a454d3ae971547fe8410e3c9766ba928.e3iSbxaKaheRe34OaN8QahmTbNz0n6jAmljGr5XDqQLvpAe HTTP/1.1" 200 2
172.22.2.4 - - [11/Jun/2022:18:36:09 -0500] "GET /BLA/boletinlegal/ HTTP/1.1" 200 54215
200.118.64.109 - - [11/Jun/2022:18:39:01 -0500] "POST /forms/lservlet;jsessionid=ac16012b30d6a454d3ae971547fe8410e3c9766ba928.e3iSbxaKaheRe34OaN8QahmTbNz0n6jAmljGr5XDqQLvpAe HTTP/1.1" 200 2
200.118.64.109 - - [11/Jun/2022:18:39:01 -0500] "POST /forms/lservlet;jsessionid=ac16012b30d6a454d3ae971547fe8410e3c9766ba928.e3iSbxaKaheRe34OaN8QahmTbNz0n6jAmljGr5XDqQLvpAe HTTP/1.1" 200 14
200.118.64.109 - - [11/Jun/2022:18:39:02 -0500] "POST /forms/lservlet;jsessionid=ac16012b30d6a454d3ae971547fe8410e3c9766ba928.e3iSbxaKaheRe34OaN8QahmTbNz0n6jAmljGr5XDqQLvpAe HTTP/1.1" 200 14
200.118.64.109 - - [11/Jun/2022:18:39:03 -0500] "POST /forms/lservlet;jsessionid=ac16012b30d6a454d3ae971547fe8410e3c9766ba928.e3iSbxaKaheRe34OaN8QahmTbNz0n6jAmljGr5XDqQLvpAe HTTP/1.1" 200 110
200.118.64.109 - - [11/Jun/2022:18:39:03 -0500] "POST /forms/lservlet;jsessionid=ac16012b30d6a454d3ae971547fe8410e3c9766ba928.e3iSbxaKaheRe34OaN8QahmTbNz0n6jAmljGr5XDqQLvpAe HTTP/1.1" 200 2
200.118.64.109 - - [11/Jun/2022:18:39:03 -0500] "GET /reports/rwservlet/getjobid77671?server=repnomi HTTP/1.1" 200 47753
172.22.2.4 - - [11/Jun/2022:18:39:48 -0500] "GET /BLA/boletinlegal/images/signo-mas.gif HTTP/1.1" 200 13689
216.245.221.92 - - [11/Jun/2022:18:39:51 -0500] "HEAD / HTTP/1.1" 200 -
172.22.2.4 - - [11/Jun/2022:18:40:00 -0500] "GET /BLA/boletinlegal/Circulares/2019/.pdf HTTP/1.1" 404 1218
200.118.64.109 - - [11/Jun/2022:18:40:08 -0500] "POST /forms/lservlet;jsessionid=ac16012b30d6a454d3ae971547fe8410e3c9766ba928.e3iSbxaKaheRe34OaN8QahmTbNz0n6jAmljGr5XDqQLvpAe HTTP/1.1" 200 2
20.252.49.132 - - [11/Jun/2022:18:41:57 -0500] "GET /galeria/galeria/fotos/Grande1Parque-nacional.jpg HTTP/1.1" 200 267424
200.118.64.109 - - [11/Jun/2022:18:42:09 -0500] "POST /forms/lservlet;jsessionid=ac16012b30d6a454d3ae971547fe8410e3c9766ba928.e3iSbxaKaheRe34OaN8QahmTbNz0n6jAmljGr5XDqQLvpAe HTTP/1.1" 200 2
201.245.192.253 - - [11/Jun/2022:18:41:31 -0500] "POST /kwsrmcab/Wsrmcab HTTP/1.1" 200 46764
172.22.2.4 - - [11/Jun/2022:18:40:48 -0500] "HEAD /BLA/boletinlegal/ HTTP/1.1" 200 -
201.245.192.253 - - [11/Jun/2022:18:42:23 -0500] "POST /kwsrmcab/Wsrmcab HTTP/1.1" 200 47569
172.22.2.4 - - [11/Jun/2022:18:41:38 -0500] "GET /BLA/boletinlegal/ HTTP/1.1" 200 60973
20.252.13.170 - - [11/Jun/2022:18:43:27 -0500] "GET /galeria/galeria/fotos/diaSC7.jpg HTTP/1.1" 200 138801
200.118.64.109 - - [11/Jun/2022:18:44:09 -0500] "POST /forms/lservlet;jsessionid=ac16012b30d6a454d3ae971547fe8410e3c9766ba928.e3iSbxaKaheRe34OaN8QahmTbNz0n6jAmljGr5XDqQLvpAe HTTP/1.1" 200 2
216.245.221.92 - - [11/Jun/2022:18:44:51 -0500] "HEAD / HTTP/1.1" 200 -
200.118.64.109 - - [11/Jun/2022:18:46:09 -0500] "POST /forms/lservlet;jsessionid=ac16012b30d6a454d3ae971547fe8410e3c9766ba928.e3iSbxaKaheRe34OaN8QahmTbNz0n6jAmljGr5XDqQLvpAe HTTP/1.1" 200 2
200.118.64.109 - - [11/Jun/2022:18:46:10 -0500] "POST /forms/lservlet;jsessionid=ac16012b30d6a454d3ae971547fe8410e3c9766ba928.e3iSbxaKaheRe34OaN8QahmTbNz0n6jAmljGr5XDqQLvpAe HTTP/1.1" 200 2
200.118.64.109 - - [11/Jun/2022:18:46:10 -0500] "POST /forms/lservlet;jsessionid=ac16012b30d6a454d3ae971547fe8410e3c9766ba928.e3iSbxaKaheRe34OaN8QahmTbNz0n6jAmljGr5XDqQLvpAe HTTP/1.1" 200 14
200.118.64.109 - - [11/Jun/2022:18:46:12 -0500] "POST /forms/lservlet;jsessionid=ac16012b30d6a454d3ae971547fe8410e3c9766ba928.e3iSbxaKaheRe34OaN8QahmTbNz0n6jAmljGr5XDqQLvpAe HTTP/1.1" 200 107
200.118.64.109 - - [11/Jun/2022:18:46:12 -0500] "POST /forms/lservlet;jsessionid=ac16012b30d6a454d3ae971547fe8410e3c9766ba928.e3iSbxaKaheRe34OaN8QahmTbNz0n6jAmljGr5XDqQLvpAe HTTP/1.1" 200 2
200.118.64.109 - - [11/Jun/2022:18:46:12 -0500] "GET /reports/rwservlet/getjobid77672?server=repnomi HTTP/1.1" 200 292800
200.118.64.109 - - [11/Jun/2022:18:47:24 -0500] "POST /forms/lservlet;jsessionid=ac16012b30d6a454d3ae971547fe8410e3c9766ba928.e3iSbxaKaheRe34OaN8QahmTbNz0n6jAmljGr5XDqQLvpAe HTTP/1.1" 200 2
200.118.64.109 - - [11/Jun/2022:18:47:24 -0500] "POST /forms/lservlet;jsessionid=ac16012b30d6a454d3ae971547fe8410e3c9766ba928.e3iSbxaKaheRe34OaN8QahmTbNz0n6jAmljGr5XDqQLvpAe HTTP/1.1" 200 2323
200.118.64.109 - - [11/Jun/2022:18:47:24 -0500] "GET /imagenes/Srch_frw.gif HTTP/1.1" 200 925
200.118.64.109 - - [11/Jun/2022:18:47:24 -0500] "POST /forms/lservlet;jsessionid=ac16012b30d6a454d3ae971547fe8410e3c9766ba928.e3iSbxaKaheRe34OaN8QahmTbNz0n6jAmljGr5XDqQLvpAe HTTP/1.1" 200 10
173.252.95.20 - - [11/Jun/2022:18:47:39 -0500] "GET /mas-de-4000-observaciones-de-fauna-y-flora-en-el-reto-naturalista-2022.html HTTP/1.1" 206 842
200.118.64.109 - - [11/Jun/2022:18:47:42 -0500] "POST /forms/lservlet;jsessionid=ac16012b30d6a454d3ae971547fe8410e3c9766ba928.e3iSbxaKaheRe34OaN8QahmTbNz0n6jAmljGr5XDqQLvpAe HTTP/1.1" 200 24
200.118.64.109 - - [11/Jun/2022:18:47:42 -0500] "POST /forms/lservlet;jsessionid=ac16012b30d6a454d3ae971547fe8410e3c9766ba928.e3iSbxaKaheRe34OaN8QahmTbNz0n6jAmljGr5XDqQLvpAe HTTP/1.1" 200 14
200.118.64.109 - - [11/Jun/2022:18:47:43 -0500] "POST /forms/lservlet;jsessionid=ac16012b30d6a454d3ae971547fe8410e3c9766ba928.e3iSbxaKaheRe34OaN8QahmTbNz0n6jAmljGr5XDqQLvpAe HTTP/1.1" 200 3779
200.118.64.109 - - [11/Jun/2022:18:47:44 -0500] "POST /forms/lservlet;jsessionid=ac16012b30d6a454d3ae971547fe8410e3c9766ba928.e3iSbxaKaheRe34OaN8QahmTbNz0n6jAmljGr5XDqQLvpAe HTTP/1.1" 200 2
173.252.95.6 - - [11/Jun/2022:18:47:45 -0500] "GET /images/Naturalista1.jpeg HTTP/1.1" 200 202073
200.118.64.109 - - [11/Jun/2022:18:47:46 -0500] "POST /forms/lservlet;jsessionid=ac16012b30d6a454d3ae971547fe8410e3c9766ba928.e3iSbxaKaheRe34OaN8QahmTbNz0n6jAmljGr5XDqQLvpAe HTTP/1.1" 200 2
200.118.64.109 - - [11/Jun/2022:18:47:46 -0500] "POST /forms/lservlet;jsessionid=ac16012b30d6a454d3ae971547fe8410e3c9766ba928.e3iSbxaKaheRe34OaN8QahmTbNz0n6jAmljGr5XDqQLvpAe HTTP/1.1" 200 14
200.118.64.109 - - [11/Jun/2022:18:47:47 -0500] "POST /forms/lservlet;jsessionid=ac16012b30d6a454d3ae971547fe8410e3c9766ba928.e3iSbxaKaheRe34OaN8QahmTbNz0n6jAmljGr5XDqQLvpAe HTTP/1.1" 200 14
200.118.64.109 - - [11/Jun/2022:18:47:48 -0500] "POST /forms/lservlet;jsessionid=ac16012b30d6a454d3ae971547fe8410e3c9766ba928.e3iSbxaKaheRe34OaN8QahmTbNz0n6jAmljGr5XDqQLvpAe HTTP/1.1" 200 14
200.118.64.109 - - [11/Jun/2022:18:47:50 -0500] "POST /forms/lservlet;jsessionid=ac16012b30d6a454d3ae971547fe8410e3c9766ba928.e3iSbxaKaheRe34OaN8QahmTbNz0n6jAmljGr5XDqQLvpAe HTTP/1.1" 200 14
200.118.64.109 - - [11/Jun/2022:18:47:52 -0500] "POST /forms/lservlet;jsessionid=ac16012b30d6a454d3ae971547fe8410e3c9766ba928.e3iSbxaKaheRe34OaN8QahmTbNz0n6jAmljGr5XDqQLvpAe HTTP/1.1" 200 106
200.118.64.109 - - [11/Jun/2022:18:47:52 -0500] "POST /forms/lservlet;jsessionid=ac16012b30d6a454d3ae971547fe8410e3c9766ba928.e3iSbxaKaheRe34OaN8QahmTbNz0n6jAmljGr5XDqQLvpAe HTTP/1.1" 200 2
200.118.64.109 - - [11/Jun/2022:18:47:52 -0500] "GET /reports/rwservlet/getjobid77673?server=repnomi HTTP/1.1" 200 47897
20.125.121.207 - - [11/Jun/2022:18:48:08 -0500] "GET /.git/config HTTP/1.1" 404 1018
200.118.64.109 - - [11/Jun/2022:18:48:10 -0500] "POST /forms/lservlet;jsessionid=ac16012b30d6a454d3ae971547fe8410e3c9766ba928.e3iSbxaKaheRe34OaN8QahmTbNz0n6jAmljGr5XDqQLvpAe HTTP/1.1" 200 2
172.22.2.4 - - [11/Jun/2022:18:46:38 -0500] "HEAD /BLA/boletinlegal/ HTTP/1.1" 200 -
172.22.2.4 - - [11/Jun/2022:18:47:28 -0500] "GET /BLA/boletinlegal/ HTTP/1.1" 200 58482
200.118.64.109 - - [11/Jun/2022:18:49:32 -0500] "POST /forms/lservlet;jsessionid=ac16012b30d6a454d3ae971547fe8410e3c9766ba928.e3iSbxaKaheRe34OaN8QahmTbNz0n6jAmljGr5XDqQLvpAe HTTP/1.1" 200 2
200.118.64.109 - - [11/Jun/2022:18:49:32 -0500] "POST /forms/lservlet;jsessionid=ac16012b30d6a454d3ae971547fe8410e3c9766ba928.e3iSbxaKaheRe34OaN8QahmTbNz0n6jAmljGr5XDqQLvpAe HTTP/1.1" 200 14
200.118.64.109 - - [11/Jun/2022:18:49:33 -0500] "POST /forms/lservlet;jsessionid=ac16012b30d6a454d3ae971547fe8410e3c9766ba928.e3iSbxaKaheRe34OaN8QahmTbNz0n6jAmljGr5XDqQLvpAe HTTP/1.1" 200 14
200.118.64.109 - - [11/Jun/2022:18:49:34 -0500] "POST /forms/lservlet;jsessionid=ac16012b30d6a454d3ae971547fe8410e3c9766ba928.e3iSbxaKaheRe34OaN8QahmTbNz0n6jAmljGr5XDqQLvpAe HTTP/1.1" 200 110
200.118.64.109 - - [11/Jun/2022:18:49:34 -0500] "POST /forms/lservlet;jsessionid=ac16012b30d6a454d3ae971547fe8410e3c9766ba928.e3iSbxaKaheRe34OaN8QahmTbNz0n6jAmljGr5XDqQLvpAe HTTP/1.1" 200 2
200.118.64.109 - - [11/Jun/2022:18:49:34 -0500] "GET /reports/rwservlet/getjobid77674?server=repnomi HTTP/1.1" 200 47517
216.245.221.92 - - [11/Jun/2022:18:49:51 -0500] "HEAD / HTTP/1.1" 200 -
200.118.64.109 - - [11/Jun/2022:18:50:38 -0500] "POST /forms/lservlet;jsessionid=ac16012b30d6a454d3ae971547fe8410e3c9766ba928.e3iSbxaKaheRe34OaN8QahmTbNz0n6jAmljGr5XDqQLvpAe HTTP/1.1" 200 2
200.118.64.109 - - [11/Jun/2022:18:52:38 -0500] "POST /forms/lservlet;jsessionid=ac16012b30d6a454d3ae971547fe8410e3c9766ba928.e3iSbxaKaheRe34OaN8QahmTbNz0n6jAmljGr5XDqQLvpAe HTTP/1.1" 200 2
186.102.12.68 - - [11/Jun/2022:18:53:56 -0500] "GET /kwssiamovil/sm/acme/u?s=U2FsdGVkX18w7CpJb8IKffg+hj1uUbUox7ncViUa+765s+ggFJDk/0SMUetrlET/AWtAuwVsOhfN4PhwMJA/RqEkJOF1fvA+jJJCP9dpatMnM/DXYMUMc4VEypmuwvp2U3OznNVZRf+MHJFik+mPZw==&u=U2FsdGVkX19kLVB89mKdhDNc6gXCJ/cPyn/o0UTSXHZ43Zu02BzizGPHICR+SSG1&y=U2FsdGVkX1+fEeJA8DFFDmE3jXgx7vpjL8Xm9W+7/SekvQitWozh9xq+R7bwJiKU HTTP/1.1" 200 60
186.102.64.79 - - [11/Jun/2022:18:54:08 -0500] "GET /kwssiamovil/sm/acme/a?s=U2FsdGVkX1/ZHQgg0xMcvuMOYFDqQcbZluqTDKYxJV7nb1N4gHRkJ+/MioohDu0LOgFICDlgAFGEEOwyVbo5zu0y/j+jyKoLLjT6txWVN4iXVqJ2Io7dwSzEtZy652TbCedDPW823pUK7s2fFeLK499XrMC132JrNitk8o1Rv4JJYBiAFA1RH+kFJa1I4MBcr3994z9JxDr1/CJUp6koS5JZUsKvy0iRnhszNk6QN0HfDNu7apxFhpdwsHXk7/BiV6deThxuYoZ8AOS2fdysIdz7GzoskXznNf+SMyBdnRsirNZRfQJsaWs5xjCwn41Wc18u3wbvsCoQrrIsUyVvYUUz/14AX/Eu/ANITkq8PeWUq9OIhGDnw0ficHdx2jYZ0DIZiE4gJl7TI0NTGKm1Sg1ozw2fyfHASHKtKxR1C8DXVvRKyg8Qpa0+lcMh5AvNxbeeezxQDX+rDtwyJ8SZ+FqAM1rGqfXbGAGyKSxQhplPmD+DtupsoPgBmJptxuH3OUC3fAaIK9tbidO/QbHDEzVBUk8qFnM/RtGxYLdXC+29cQmKBbI5XL2imThIWR1h0eLIgzWbo/hHQtOC1c3HsqI2qTwf/eOxhTQu3fqQ5IBY9Kw6oUNuAOy+dKNI2GWHXklZrTb68cZ16Le9joAn0cfD+zj4c9tPxkMn/P77K9CI5HfubWiop6Jl8sX26dMx/4e11RpRWNeGb963BifqxMqUmDiUm2Y76XRXKT9HEcXWy6+cL1yoYKqr3fyUGro4F2oLOtBkIBGyypJxz8KtXo0ZSX3gEE+AJpyQxsx4XPkzwrm73M2kuVgWrNXYLmCEftWCwQJhD4KcAP6fCBJLa6d1JJSG/6hjewcuwXmqqE0xdhwdnM7pfbv/eIwPXfZP3aauPn8VZrwdzGhs+pQ5mjJvekfUl7Q17ASDrnAk4ttJeegt/DY0bkWJSdLFR3rr5SCn2jbKYimJ3AJILnaYpFjj3xZX56D0dK+u3VXTvEMCBQy4EqyVN+WHJIbaUCh/ZEfPVD2kI6WPwKe1sNVc8VfTtdpQoTDDIVGkzivTyXuqjUJDTLVAiA+g348yDYnPjF7bFysrLcy8xVcPc8st+JW3aKCDKNqNkbyxk4oMUSNGxU9apvPAQbSWNZHXS/qkIIOc82DxISjin7x6SHi+qld5GhP+Af8SsHR4fIU6CQPlEbtqCj4YnOj9J4K3k3uNdMfl1QK5BdiaJatDCWfz1hwHSKlDVRuSbNKc5nk1Dri+Uk3kUwPNv4BT9qgINOvOL+z0z767QeKfZL9YrFw08RXdYMiNWFwiFuvLoI3oiY3TLh1kBMCPfYAca0Qe4EEnFST9x3OWe7BsvYngwF3qR6HAl3g2m/MRy/bWpHLEZ/PMS80kvZwAx/MJj1sxVp0AqY+6i+Gvnme+kh5x0hFLDgMuR2CagdJjLxlhh7fEp+Dv0losFLMFVeAJ8Nb5dnjw8t9D1ePrWnh6Sz8b6OtJPnT0kL3YJaprUfkR8BT00bAZ11Ui3wgdXFw+F9nkK3C3Q58u0uVs3Cu4zNPT4jaJDEmROFKUqBvpNawYNwUCU2h2Fu9ez542hpi+TusMzc9g&u=U2FsdGVkX1+EdCZsbAj8ZvXltKcDxGIGNw4DRepRK7l21ovC2TQr9WA/4jS1yBQi&y=U2FsdGVkX1/26dLN7cNU4BMCxGGGs8PAG0qt2Z9bP2QcQfEu58K3yG4O2ZvWCLs+ HTTP/1.1" 200 25
186.102.64.79 - - [11/Jun/2022:18:54:08 -0500] "GET /kwssiamovil/sm/acme/a?s=U2FsdGVkX1/EEWJ20fI3VHBr7vPOOMvU2HWGSPaxfHI+tCqlLxZKreUii8Ioh2O4n+/0DkcMvF5dFx+xVfusii+3BQT/K3P36a2UiRKlWkKyOfFME6tlS9fjCP36Y53+bTZSPwT4lDqeAO8r5Z1zMzYNPgAHj+3X/F+NAGFQqUw=&u=U2FsdGVkX1+EdCZsbAj8ZvXltKcDxGIGNw4DRepRK7l21ovC2TQr9WA/4jS1yBQi&y=U2FsdGVkX1/26dLN7cNU4BMCxGGGs8PAG0qt2Z9bP2QcQfEu58K3yG4O2ZvWCLs+ HTTP/1.1" 200 25
186.102.64.79 - - [11/Jun/2022:18:54:08 -0500] "GET /kwssiamovil/sm/acme/a?s=U2FsdGVkX18XlzlUuXGUy/g1e7pZjTH8IyyNgAZ1F3AJphlmPJPZdaEnNAM+No5BkVIl6q2Ds5pVHLbPl25aSHgJPqLfBPj0QlmngI7Hs5C/17bSp9JlN8GCEyL2K7nAl9BMIIUKekO4uwZoFO3xniR7eM0vARCpbuDsoGQBK2Y=&u=U2FsdGVkX1+EdCZsbAj8ZvXltKcDxGIGNw4DRepRK7l21ovC2TQr9WA/4jS1yBQi&y=U2FsdGVkX1/26dLN7cNU4BMCxGGGs8PAG0qt2Z9bP2QcQfEu58K3yG4O2ZvWCLs+ HTTP/1.1" 200 25
172.22.2.4 - - [11/Jun/2022:18:52:28 -0500] "HEAD /BLA/boletinlegal/ HTTP/1.1" 200 -
186.102.64.79 - - [11/Jun/2022:18:54:08 -0500] "GET /kwssiamovil/sm/acme/a?s=U2FsdGVkX19drR0iI85M3sKTkZzTKmY3SBGDcc6kVrO8NlLVibsgej19B+9Sit/iiCzwPSk4EvY2eJo7druN+pqCJyIQ6hXCceX+MJxEZuV15WzMnuHZs6z4Bz73VuJYNWSo8S4H7O17Jje721xgYoJ7EatkzDzGNrGB5iwh/eg=&u=U2FsdGVkX1+EdCZsbAj8ZvXltKcDxGIGNw4DRepRK7l21ovC2TQr9WA/4jS1yBQi&y=U2FsdGVkX1/26dLN7cNU4BMCxGGGs8PAG0qt2Z9bP2QcQfEu58K3yG4O2ZvWCLs+ HTTP/1.1" 200 25
186.102.64.79 - - [11/Jun/2022:18:54:09 -0500] "GET /kwssiamovil/sm/acme/a?s=U2FsdGVkX1+Nv7G6rD5T7hLP8C4nYEBW/KxuPRkAbH2YZWqr4RpdJApD6gIb8xe5pHLCu4ecbZAqhTGVlsAuqhmDanU1Jvo7maG9JgFAFlpvlyTzjryWrfFjyAlyt84TeGcHWC7DZHUuXXLnqxYJMh3bvG2nCSV5+Bj85foU33LFGmxUR+SakQQdwM/cRw/E&u=U2FsdGVkX1+EdCZsbAj8ZvXltKcDxGIGNw4DRepRK7l21ovC2TQr9WA/4jS1yBQi&y=U2FsdGVkX1/26dLN7cNU4BMCxGGGs8PAG0qt2Z9bP2QcQfEu58K3yG4O2ZvWCLs+ HTTP/1.1" 200 25
200.118.64.109 - - [11/Jun/2022:18:54:39 -0500] "POST /forms/lservlet;jsessionid=ac16012b30d6a454d3ae971547fe8410e3c9766ba928.e3iSbxaKaheRe34OaN8QahmTbNz0n6jAmljGr5XDqQLvpAe HTTP/1.1" 200 2
216.245.221.92 - - [11/Jun/2022:18:54:51 -0500] "HEAD / HTTP/1.1" 200 -
172.22.2.4 - - [11/Jun/2022:18:53:19 -0500] "GET /BLA/boletinlegal/ HTTP/1.1" 200 60973
193.106.191.48 - - [11/Jun/2022:18:55:05 -0500] "GET /solr/admin/info/system?wt=json HTTP/1.1" 404 1018
200.118.64.109 - - [11/Jun/2022:18:56:39 -0500] "POST /forms/lservlet;jsessionid=ac16012b30d6a454d3ae971547fe8410e3c9766ba928.e3iSbxaKaheRe34OaN8QahmTbNz0n6jAmljGr5XDqQLvpAe HTTP/1.1" 200 2
186.102.12.68 - - [11/Jun/2022:18:56:59 -0500] "GET /kwssiamovil/sm/acme/u?s=U2FsdGVkX1+GkfVX9xbLqMZztxRzyUoMFOrW3uTBbj47dG5Gk0LbsZxBJJ5/ufWC/4mFHjvwp4mYURvfPFilm06BbPeVBCkOATzYFNSoUT4p7Jrw9oacsturhr/xUsEnVhAFo+2DONQoOclbfDor4bZ4+xO70CA5Jsv/DVufs3+OQ3nOi7VTTqSnaChCTWL6aIjOgXvkklm2Gd9Gye419u36CKlv2x6qUmRbbH5j92OQqV2fkxsYSHCfWm7p6Ygo&u=U2FsdGVkX19kLVB89mKdhDNc6gXCJ/cPyn/o0UTSXHZ43Zu02BzizGPHICR+SSG1&y=U2FsdGVkX1+fEeJA8DFFDmE3jXgx7vpjL8Xm9W+7/SekvQitWozh9xq+R7bwJiKU HTTP/1.1" 200 60
186.102.12.68 - - [11/Jun/2022:18:57:10 -0500] "GET /kwssiamovil/sm/acme/u?s=U2FsdGVkX1/duUaXi60ComtX2HuZGINvCNG8veNWIZSsuiVUmb3keuyC/205fIeZXCBbp9SiknKCnCGkDIDulaZEf70JRVHRekGUMvYSeLYyNP8XA0pp+SJrynlDHvoYzyrUWs3ulw2EWx4otjr3eFcIpToCXHR34+l7HUZqeDk4WuM7glQ+8vOUEKtswH6jPhEVZ4s9DiPtX3OpiJjDKCQTSPzCdLw9vZqE7pHLqyebdJqS/Wmys4u+svECHCaV&u=U2FsdGVkX19kLVB89mKdhDNc6gXCJ/cPyn/o0UTSXHZ43Zu02BzizGPHICR+SSG1&y=U2FsdGVkX1+fEeJA8DFFDmE3jXgx7vpjL8Xm9W+7/SekvQitWozh9xq+R7bwJiKU HTTP/1.1" 200 60
186.102.12.68 - - [11/Jun/2022:18:57:28 -0500] "GET /kwssiamovil/sm/acme/u?s=U2FsdGVkX1+b9rcVW+u+6YHnF18FuB4R8+FB6nB9flJbx8LEUiOss2fjDEVPooLB61cQuquWqt6yXCe6faawdAVXz9y8Uldv6ElXkaB4Uh0j0Bekwm5NcPnHiOJU07m+NE0ecJse6V3ST0gdazoe3w6DqLZ/XxMLb84Xs1xGBt96PIaZrUKk2vIW2olqBrqub5eBnUE2OLhn252vw7syW4f/U8CXrypPoU4l/+R3/mhgqwu7coAOKFy3/+Yytgmc&u=U2FsdGVkX19kLVB89mKdhDNc6gXCJ/cPyn/o0UTSXHZ43Zu02BzizGPHICR+SSG1&y=U2FsdGVkX1+fEeJA8DFFDmE3jXgx7vpjL8Xm9W+7/SekvQitWozh9xq+R7bwJiKU HTTP/1.1" 200 60
200.118.64.109 - - [11/Jun/2022:18:58:39 -0500] "POST /forms/lservlet;jsessionid=ac16012b30d6a454d3ae971547fe8410e3c9766ba928.e3iSbxaKaheRe34OaN8QahmTbNz0n6jAmljGr5XDqQLvpAe HTTP/1.1" 200 2
181.53.14.170 - - [11/Jun/2022:18:59:27 -0500] "GET /BLA/boletinlegal/js/jquery.scrollShow.js HTTP/1.1" 200 4586
181.53.14.170 - - [11/Jun/2022:18:59:27 -0500] "GET /galeria/galeria/jquery.fancybox.css?v=2.1.5 HTTP/1.1" 200 4895
181.53.14.170 - - [11/Jun/2022:18:59:27 -0500] "GET /galeria/galeria/jquery.fancybox.js?v=2.1.5 HTTP/1.1" 200 48706
186.102.64.79 - - [11/Jun/2022:18:59:47 -0500] "GET /kwssiamovil/sm/acme/a?s=U2FsdGVkX19fpm358QhlDL/PqrEFZhFmEYRCIVK0HeQqgUGGsoYz5kWgpZWthggBzIQmMHIKj89THa9iFRCgsJezCHhl1WT5AGUIXbs2P1JgfAdfOg6xrm3SPhN2pEpsUr4fMh+CrPXbmsgM09CMzKp3594M9opBXg9cr2nzRUY+SatZXmik4fXl0DyAgwbyjHky8brAy2CMXjnjHTBr8QjFkrn1ug4tw6YlaOGKXV2yWQHpIHlzsqfwmF3RhMwM3fzg+3JUw9md01nAfs3KaA==&u=U2FsdGVkX1+EdCZsbAj8ZvXltKcDxGIGNw4DRepRK7l21ovC2TQr9WA/4jS1yBQi&y=U2FsdGVkX1/26dLN7cNU4BMCxGGGs8PAG0qt2Z9bP2QcQfEu58K3yG4O2ZvWCLs+ HTTP/1.1" 200 25
216.245.221.92 - - [11/Jun/2022:18:59:51 -0500] "HEAD / HTTP/1.1" 200 -
172.22.2.4 - - [11/Jun/2022:18:58:18 -0500] "HEAD /BLA/boletinlegal/ HTTP/1.1" 200 -
34.147.77.91 - - [11/Jun/2022:19:00:28 -0500] "GET / HTTP/1.1" 200 319
200.118.64.109 - - [11/Jun/2022:19:00:39 -0500] "POST /forms/lservlet;jsessionid=ac16012b30d6a454d3ae971547fe8410e3c9766ba928.e3iSbxaKaheRe34OaN8QahmTbNz0n6jAmljGr5XDqQLvpAe HTTP/1.1" 200 2
181.53.14.170 - - [11/Jun/2022:19:00:48 -0500] "GET /galeria/galeria/jquery.fancybox.css?v=2.1.5 HTTP/1.1" 200 4895
172.22.2.4 - - [11/Jun/2022:18:59:08 -0500] "GET /BLA/boletinlegal/ HTTP/1.1" 200 60581
200.118.64.109 - - [11/Jun/2022:19:02:39 -0500] "POST /forms/lservlet;jsessionid=ac16012b30d6a454d3ae971547fe8410e3c9766ba928.e3iSbxaKaheRe34OaN8QahmTbNz0n6jAmljGr5XDqQLvpAe HTTP/1.1" 200 2
69.63.184.118 - - [11/Jun/2022:19:02:44 -0500] "GET /images/bogota-polvo-sahara-23-mayo.jpg HTTP/1.1" 200 35039
186.102.12.68 - - [11/Jun/2022:19:04:25 -0500] "GET /kwssiamovil/sm/acme/a?s=U2FsdGVkX18zUkeCT/K8W4/oiQr4U3hxjn/q5IPZ54RuvWxwgOw3zKdC8QTqnT84XJDHkjVIiv52tHTlXtEuxebTqvDNNpn5TNJZ6kR7hf5xplnPAp8KdPZ7vwoVbuEhUzrYvtWEGec53aUkfI+Q0uZ7naKjLnWDCpLcKljDpJHVsPl9GZvgbTYgB4FWN3pcoaU6Z04vPeqzN6c5W1J0rQjnSBf1VjiKZPQ8Rmg2nRMg4jcdcA3blkpTLgMNapGYOsM2h5j9pIM5A1MACwcsyA==&u=U2FsdGVkX19kLVB89mKdhDNc6gXCJ/cPyn/o0UTSXHZ43Zu02BzizGPHICR+SSG1&y=U2FsdGVkX1+fEeJA8DFFDmE3jXgx7vpjL8Xm9W+7/SekvQitWozh9xq+R7bwJiKU HTTP/1.1" 200 25
186.102.12.68 - - [11/Jun/2022:19:04:25 -0500] "GET /kwssiamovil/sm/acme/a?s=U2FsdGVkX1+FiuVB3M2iqUMsdXcjED0ImkH8FShAv4SjjUkw9yLQytldCvxnl8fls1/2I/5FdyPF666G4VCmuujZ/98DnsTYzx/64ndEfkxJ7Xl00YZ4bXOW4JU5tX9Gf4l3S675Wx3BiYDvQtJxJJpwaI1n9VnXdP7RM/XG1QhMqV6v8rq8jSRlLAK1nG8Otu6i0S9qUrib/oXa20XIfEp3xwiUz9ofsNi7CFZWRTMTEiYdpnwJXCg5UeioMqd1SqMlV0LDoTjqituDJ6aDJ2FLzLGPKSNQXpRQHOHfVpDEMFZs0M3ZIoIXgFU9C7MNNAzSvCQWhH2jr8QlMoi5YFuCVH1Pbo+kzPEmcD5VXUnDESuWd+huGGsLXCm6RPL1zAzHBV59Q4M7ET8/TA1842BeBD+3T4U8yJfkPYGt5ozECe4xMsV0KhUsbsaMKISjw2uGn6Ii9akfroSPH/8r2D4qsdx3lq6OaoXuw+/m3Qe88yul8ap0VQKWDo+lS22ptDkFSTnLO0r5OmwRR+RkBBezkQSuavPSQXp0IIrerpa+8AT5V2aWRU8vpIEU8IME1ttYGRSr2vLK/XkIzynr0mIsIJgPIjX/1rVGhaTjtPp64sJR25I9x/hytAwkmaHMyw6JMAXQSWGouFOIRFTVP5NYW2ff5o6USqZJeARLE62hYddj54gBcB0dhY+F2PPxkHUVPj5yhl8kHig88B2alQCwLNlqEec14+FWrV6QUicxTVjhFafcCJ9YOEZk5aqPURjCvzEE7TBNVLSYaW+kLuOTdHcUGkZbFrsB6NKdiq7wpYYUX+MUf1vo066FyKcbp0lacymQGSXulmnMpW2QvQKXjL5dK4yj3vWz27WLD+iPXE262hDD8Dc0rFL2R+Fx+QTnNZ3j+ZB8ym3gbGuutQHcHBtI9wa2HKYDh7nXR5IQpGNEXuwMCtluz1wGytLXmkQW9CLw+ovyPBPDcOsC3xK8jK+cI2C46qcKcEkKdQFAz0aiHzLp5YxYILp2PTqwowQGOFdYYfjgtAQv2ZFB49r9Xz1xE45mlVMtHNa5tGZUqcI/Rt36eOO3m+NAa94femVBvNuwBvZ3Zm1ZuTSY+1F97EtCGL3bYPAGz8/MLP8aHpNlgCJzGFKN4JyjsLKqBoT6lKIzI1zzjCZXALYUmeH9d+mwv4FHbUmO4m6C7PfrooXtBWusxhnnArNMr+FuXIr4YACnSQSEiIXmwB8l6Y4GL86pG3X+y3I59vcGbeetLe904VjUe5QhrS422RxxclselZs1zExlOlOo86roKWSuo6v32FPQCEndOYrAOIazeqVrqtN+LUbMkm+4rOrJfo5nXDgyRo24JlzPItK0xLk28JGzotr0Lik6dAL77XEc7ng6yoc3ipEZ+M3O1QvMzCQg6gOWhdwDsvz2NAN2+SrOo+3Xegcy62KspKMB6aXXMWBpt5urVcLee30D0KEaVPSOqtTgp39v3yUzjeiQZbaShO670f4LoEEnaNZDT+FWukMH6+r9jS9knPjQGwpqzCnXQ/O2Ze5zrTcL35NBPCC2+3ASYtM3d0ddaqnRHhNslYfjPLV61sXHKhqlPqpqAYAaDDh5Ib+q9o9DaHwqTZ7IRnRI+F5A7DEJwe7cuH8aIq7aMkknQM7ytjzb/iFx3SUxCM+yQcTs6CoaYtD2aEDwZEuXx/VGqZOoxoMQdSo=&u=U2FsdGVkX19kLVB89mKdhDNc6gXCJ/cPyn/o0UTSXHZ43Zu02BzizGPHICR+SSG1&y=U2FsdGVkX1+fEeJA8DFFDmE3jXgx7vpjL8Xm9W+7/SekvQitWozh9xq+R7bwJiKU HTTP/1.1" 200 25
186.102.12.68 - - [11/Jun/2022:19:04:25 -0500] "GET /kwssiamovil/sm/acme/a?s=U2FsdGVkX18Uq9FkpNKEHOBLKW3ltdPJuY7DJKueA3zP60lxd++M7/ia/kcYvwAhk6Xn1jAAug4KIvuxJEo6K/w2jXtebwMveKTPzd8gHYMIeLsOPqlZFySdgLhqALotDCa6+rLzA250JMl0QjzzvOLYtWK0WEobN3rBvgyo8Bg=&u=U2FsdGVkX19kLVB89mKdhDNc6gXCJ/cPyn/o0UTSXHZ43Zu02BzizGPHICR+SSG1&y=U2FsdGVkX1+fEeJA8DFFDmE3jXgx7vpjL8Xm9W+7/SekvQitWozh9xq+R7bwJiKU HTTP/1.1" 200 25
186.102.12.68 - - [11/Jun/2022:19:04:26 -0500] "GET /kwssiamovil/sm/acme/a?s=U2FsdGVkX1+N0G/DoMy2f7LEBafcpA16CsSKLcomHqoAamBYmqtPz41T6junrV5k9TKXok/4pbvXi+v+7/3qQ8WGDTjJpOODc2R2RTJWjAT08uv1svX67kyNnUWQjbVzbdQHyGTxeYGlDHdb/+ZnKCgZzyifLgSlypboY4zF6oI=&u=U2FsdGVkX19kLVB89mKdhDNc6gXCJ/cPyn/o0UTSXHZ43Zu02BzizGPHICR+SSG1&y=U2FsdGVkX1+fEeJA8DFFDmE3jXgx7vpjL8Xm9W+7/SekvQitWozh9xq+R7bwJiKU HTTP/1.1" 200 25
