89.187.175.246 - - [17/Jun/2022:20:46:27 -0500] "GET /wp-login.php HTTP/1.1" 404 1018
216.245.221.92 - - [17/Jun/2022:20:46:30 -0500] "HEAD / HTTP/1.1" 200 -
207.46.13.67 - - [17/Jun/2022:20:47:25 -0500] "GET /portaldeninos/wp-content/uploads/2021/11/pieza-relatos-semana-ambiental-bogota-1-junio-768x759.jpg HTTP/1.1" 200 112376
173.252.107.119 - - [17/Jun/2022:20:47:55 -0500] "GET /dos-animales-silvestres-carne-y-huevos-de-tortuga-fueron-recuperados-en-semana-santa.html HTTP/1.1" 206 1092
172.22.2.4 - - [17/Jun/2022:20:47:38 -0500] "HEAD /BLA/boletinlegal/ HTTP/1.1" 200 -
172.22.2.4 - - [17/Jun/2022:20:48:29 -0500] "GET /BLA/boletinlegal/ HTTP/1.1" 200 58464
216.245.221.92 - - [17/Jun/2022:20:51:30 -0500] "HEAD / HTTP/1.1" 200 -
157.55.39.43 - - [17/Jun/2022:20:54:47 -0500] "GET /BLA/resoluciones/RESOLUCIONES%202011/3916.pdf HTTP/1.1" 304 -
172.22.2.4 - - [17/Jun/2022:20:53:28 -0500] "HEAD /BLA/boletinlegal/ HTTP/1.1" 200 -
172.22.2.4 - - [17/Jun/2022:20:54:19 -0500] "GET /BLA/boletinlegal/ HTTP/1.1" 200 61027
186.84.90.93 - - [17/Jun/2022:20:56:02 -0500] "GET /kwssiamovil/sm/ldap/au?x=U2FsdGVkX19P0P49bksVHo//LREHeI33bwVWI7HNCsYoUiWL8xvgxdqqdWs61udG&y=U2FsdGVkX19KrYAWMG3BsYre8NGL9V6q7g9AUGjdKwI= HTTP/1.1" 200 30
186.84.90.93 - - [17/Jun/2022:20:56:03 -0500] "GET /kwssiamovil/sm/acme/s?s=U2FsdGVkX1+/nqN/cje5wwVTHhXrU4wvjDzOygUhVDi/vkAzwipPniERAyWeGf0eAtDvypU0WWhZ5hXyuFZmm9+jL9i5vYcxnrFl08EPa5o=&u=U2FsdGVkX1/liz9SUdtvLmKS9IggnV9q9FM+7b36jF0=&y=U2FsdGVkX19KrYAWMG3BsYre8NGL9V6q7g9AUGjdKwI= HTTP/1.1" 200 97
186.84.90.93 - - [17/Jun/2022:20:56:03 -0500] "GET /kwssiamovil/sm/acme/s?s=U2FsdGVkX19xb71gCg+Cw6+OcLGOjyXgMWzPrtMvf3+A5u4/nxdHBhAEGQmkCiwNUrhEt7bwr9V+i0W7wq1CJF1/0GI9BYKwPZCwt01FRZ2PpmVsTWaRt8yhUgGCrberFaxXstiCukc8PBv1aPr7Uxz2KXaS8mdJxxqlfotTBysdBlsSbBPyJ5w/C+PKCh39o8nacG8EjD+TPdeMS88PfTqpjKG7SDbBqHi7DNefFo3lOkQUUUxSp9/tVJZ3nVzC9xvJ9O2xsB/iyodkFy7br8A9KQVazuqTIAaWi3swKNfVq7DW3MJNU6mzX+1ETrg7Jjbms4jg0wt7e0s/cwWmJaJrkaIFZtS4pWeZWmV2Eo2DjNsC/nebR5nE0gwW9fC8V+QRrzJ1/C2nX9BUnxscFuwsfMoMBUOeCq/9CvigH5XDqeWS3kBk2fj2UjbUiaRGTvY0KH3PtcoEtPzd6+TN4taMQ5JeUvaAKy2EPBHnDWOwYE7cEL3H/G9WNAS5mzOv3mZvGdYcire7YViccMOaHHVOKb4PwHwQMhJbAZqykDalFXBY40bmusm04dluO3iwJbAvGxn3m3w9LfG3hWAF1VzsFmILv/oYWG8CGTHXaQwvgsd4b42RxqvsBEBj+9xgOP0imsa6v56Av8fF8cDJmLchlHoxpL8G9dNviUBabta7vcFhCXdstua4nh4AGC0zxaginfQc36ERvgbdcD1aTron/pdQp4YBvgNtwGfd8IJE5Z4i0p2/sOm5WP0DiE0fOjXSnMXNH+pYx/kMbjxDf6pQHzRVLcaQOy3tjce7xVJKJ8E8m/zxJK8m03kDU7Ff0DNL7Rw8KY7h1/B1G1+XMdSV1PV3OYPxw4gWbGSZ0eMzt4zKIRKiBginwaed4BG/l37fkjTzTo9taofzYMeHJgH0ObRskLuTm1MWQLyizqmu0frwzLwSIJWZaXjoRSFSd6SMr+UXLRYWWnUtOchcW/u1YfTlPKXicPxyujfQwC8EFTp0muBdEPryKJ1P6SIzJe3jPjaCV2YMFV+Zjx9spJNNVnwM5Mx70wZxdwLu0DiGGsQ2EjWPEZ7eV9MxK5+NT+cVk5cKUs8z3aXcLSxKmi2mqYIZyMIgv0CLrB2fpYG43TjB5DaNwCxWaEsabOeaA1xedCc38CdUzr3uKQNlRTrgNYVaJeB5cV5TwHjA4hrEdEyzUWXD/Lvt1QAphq8k1XVQ9mluw3jeEDLw0uJi+6ZOcN6bwh7DWEKPxN8tjvJ2QRRWvk9A1fv7lwbJwxG/xaxyRc6favyFDZgPDca8C9VDrbTsqxlFJs2YhtbKJPDpvastlaSbnM4ljfqbWvievIMiAPLj+0Chf+aNFuyep739H4m9bJYFSlkHvMYN/Aw=&u=U2FsdGVkX1/liz9SUdtvLmKS9IggnV9q9FM+7b36jF0=&y=U2FsdGVkX19KrYAWMG3BsYre8NGL9V6q7g9AUGjdKwI= HTTP/1.1" 200 4273
186.84.90.93 - - [17/Jun/2022:20:56:03 -0500] "GET /kwssiamovil/sm/acme/s?s=U2FsdGVkX1+2IXTlGxkbXrtU8KdMGn9Dmw5QCaAMB4Q6YJXBKXD2tZGeunz8nfPSnIGatNBJU+y6CFFANeeyhO4MdatPKxR32qdkqsNdaOjOa58jlXDy+nMW0GUruNCQbyxWKLx7IB40Ie2Omko820c/1kjeTXRgZGQmhn1UD93qTPKPBepY8UERqDsLACBt0mzZJtCN/Gw9M9DA72heBfNfuWEECKE/edysXj0Bq1dy13iZGDZtRKcCfzolocoSc2h7SGHk34R0gCds31SnwrobxIbxhjmgG2/c/Lht1IE=&u=U2FsdGVkX1/liz9SUdtvLmKS9IggnV9q9FM+7b36jF0=&y=U2FsdGVkX19KrYAWMG3BsYre8NGL9V6q7g9AUGjdKwI= HTTP/1.1" 200 176
186.84.90.93 - - [17/Jun/2022:20:56:03 -0500] "GET /kwssiamovil/sm/cjson/pre?f=1&x=U2FsdGVkX19P0P49bksVHo//LREHeI33bwVWI7HNCsYoUiWL8xvgxdqqdWs61udG HTTP/1.1" 200 30992
216.245.221.92 - - [17/Jun/2022:20:56:30 -0500] "HEAD / HTTP/1.1" 200 -
104.217.249.182 - - [17/Jun/2022:20:56:52 -0500] "POST /boaform/admin/formLogin HTTP/1.1" 404 1186
172.22.2.4 - - [17/Jun/2022:20:58:57 -0500] "GET /BLA/boletinlegal/owa/auth/logon.aspx?url=https%3a%2f%2f1%2fecp%2f HTTP/1.1" 404 1018
66.249.64.111 - - [17/Jun/2022:20:59:50 -0500] "-" 408 -
186.102.52.211 - - [17/Jun/2022:21:00:18 -0500] "GET /kwssiamovil/sm/ldap/au?x=U2FsdGVkX1/And9xmt6dRnBNvDGnMeixbQmqCwy/F6mfwtOTJZfyWSX0mGFaxRAP&y=U2FsdGVkX19QTdzmDhdsWpWWr8BCHYeNeXhRwUv5ogdDtffPld+xj9B39hpFe1co HTTP/1.1" 200 30
186.102.52.211 - - [17/Jun/2022:21:00:19 -0500] "GET /kwssiamovil/sm/acme/s?s=U2FsdGVkX1/BDh77nUk3tXDIdwllfLnQMnBvMOtE0N7pHHnhYYKdtGqBsGi5QKe6vSl7F1p5nPEbaT+A/UFPxOFaT5BF5tyPLO28GVdrAxg=&u=U2FsdGVkX19R/fZonjGxqqO1VpZCuqQgDxyfK1RnFi0fujnFwzD/EPeAUOb4Pteq&y=U2FsdGVkX19QTdzmDhdsWpWWr8BCHYeNeXhRwUv5ogdDtffPld+xj9B39hpFe1co HTTP/1.1" 200 97
186.102.52.211 - - [17/Jun/2022:21:00:19 -0500] "GET /kwssiamovil/sm/acme/s?s=U2FsdGVkX19L3AiKzNIp2aDUO6CPT6uNWxk83Q8adw7uog4VK8G/8ES55aR02M2N2/hwPqJl6J+E8vYq/OjRgCs1IlB1+rDRAeDnt4z0UFgbz3R2zfd4cWonDNVp6gnGsIBUeWyzDcWBUaIPIfwWfwF6p5Z8keR4bntW3oRw9I117qNVL5DL79XOkFPx6Ouc0ptneqxiuIy5grNx7V6X0W9jEJSTQCW5k6iJS37Q8CuWO6oUAwDIQP0J0V1lVmd4nNHbijZp8uYpeKpxcBL4rmRa2uefSJ3tIiPPYVxrSDkyKvWQNg28y0Nfhzhj+CCQlIUo76jdkgDNs/a6SgsyNiX6nKSEg2iSknVeuLvJgd7uv45uKjXoiSUXHdQM6XzkL3K3MpUQooa1upnMlXtkQ7HKvwbi+ARKrUbTIIH2EEmEdHHzC1WHDS7wTNC9L8EArtHjzd8VBMu6CcuZ8PN8knxujSW8tEY+yZEUZ3AJCKO7vtlRtNmA7Qk6Mu5WeWn7CDG0MmuPrro6Y8RAehL2GpWCaY+qf4pFfUlSptu/upzOypjpLH1qv1vd2SA2TJ0hXrn0FN96Xey8TKp+wDaNRbU0EkjYEDkR/+678LmS3xKCNZdWYTlTUinecnKGUKTKgfOGSEMvpiatlKFrsHyxMJjWAGJrMTZOFO8UmDga/MpHDDnOrcRcCFuDOw+sGRdkNODnGixctFiC70VhvK/AWOVzxut0ktnHWJQ+ZmTlMqqzT60OtRZcNtt7T4eunQ6aytVbTgsF5PpYz/pe9+LH8y9d3PeccCbjVEdYTqP7ZCdYI4iAVilWeNUlVhMvXUadbUWpTG9/LG+1+WmkbA8Eo0FTVfi5ZG/NL8i4wVMoLqy7IswPegGuw60K0vNnC2Z4k4IGrvFcekPyjBuNzPgFlGDjv+CI/Lp4BBaCO3Cg/fx4XwW/ArLaEjVd8Opkg2J5MASOcG5OPy6KENR6CNLCDZkoPpoiYbbNFkdLg87DEuv1wTMlK+xmzcnOFLFdl1Mxhmmf1OPDWqFr1xMURghFTJM5wT/Af1R0Vis+a/7lddk21tCocNnyVI9cVXDWBU6Ap4HVllEUUPlACMMz6wjIoS/02sxUGuXd6zFQMAU9MsuRPUV12MbB0pTBl5NUs89OB+qI9zTF/iefPYVA+6pT+ijf/JzIiWS4S8YcigDrIi84qQsxg72UzAS2JfK9nDkyWV5YnCpE9VGGftTAol7OoX4n4JUa/T3a/O0bc3Aa0unZrSQzHmJ5ahLa8ZvZ+YnmOrtpa2dcfzSIA3014cEFA2CGPMk7BuVyQzuoXPV74K78veozh5+0hJT46DSRIDtgLMAsdQ4o/nlrUeDi6kAh4NdtAJ7f04MCHgGAJLAUWAs=&u=U2FsdGVkX19R/fZonjGxqqO1VpZCuqQgDxyfK1RnFi0fujnFwzD/EPeAUOb4Pteq&y=U2FsdGVkX19QTdzmDhdsWpWWr8BCHYeNeXhRwUv5ogdDtffPld+xj9B39hpFe1co HTTP/1.1" 200 811
186.102.52.211 - - [17/Jun/2022:21:00:19 -0500] "GET /kwssiamovil/sm/acme/s?s=U2FsdGVkX18VWhwPYb83k2WrT6Af7FBo0WcGG246fuiZPwBZzNeWpfuCrNgh5cSWdZpeDF2zWL8J0TyAvLpC8KUrZKpoc2tnEVqQWpJHr0R1/oSLNBU5OzrSCAdzX+Y+zyk0MLyz2/8Y4f/bsnZ+9YubyUMvGZyfZy/4p41LMasOGtokzM04rA04IfX4HD6bmk96zaZ8UUCTIe3PqJ1rFhMKZp9N4MJtmJrRFPJnYQ6yacyRUXp+sUlPHWjPL3JwkX2FIIexh2L3l4dkCVpsnPCQampJWi29dS6xYO7+1NU=&u=U2FsdGVkX19R/fZonjGxqqO1VpZCuqQgDxyfK1RnFi0fujnFwzD/EPeAUOb4Pteq&y=U2FsdGVkX19QTdzmDhdsWpWWr8BCHYeNeXhRwUv5ogdDtffPld+xj9B39hpFe1co HTTP/1.1" 200 176
186.102.52.211 - - [17/Jun/2022:21:00:19 -0500] "GET /kwssiamovil/sm/cjson/pre?f=1&x=U2FsdGVkX1/And9xmt6dRnBNvDGnMeixbQmqCwy/F6mfwtOTJZfyWSX0mGFaxRAP HTTP/1.1" 200 30992
172.22.2.4 - - [17/Jun/2022:20:59:18 -0500] "HEAD /BLA/boletinlegal/ HTTP/1.1" 200 -
216.245.221.92 - - [17/Jun/2022:21:01:30 -0500] "HEAD / HTTP/1.1" 200 -
168.90.13.178 - - [17/Jun/2022:21:01:42 -0500] "-" 408 -
172.22.2.4 - - [17/Jun/2022:21:00:08 -0500] "GET /BLA/boletinlegal/ HTTP/1.1" 200 61027
157.55.39.127 - - [17/Jun/2022:21:06:02 -0500] "GET /bla/resoluciones/autos%202010/2284.pdf HTTP/1.1" 200 241970
216.245.221.92 - - [17/Jun/2022:21:06:30 -0500] "HEAD / HTTP/1.1" 200 -
172.22.2.4 - - [17/Jun/2022:21:05:08 -0500] "HEAD /BLA/boletinlegal/ HTTP/1.1" 200 -
66.249.64.127 - - [17/Jun/2022:21:06:57 -0500] "-" 408 -
172.22.2.4 - - [17/Jun/2022:21:05:58 -0500] "GET /BLA/boletinlegal/ HTTP/1.1" 200 56799
157.55.39.77 - - [17/Jun/2022:21:09:08 -0500] "GET /portaldeninos/humedal-torca-y-guaymaral-2/ HTTP/1.1" 200 88287
64.62.197.107 - - [17/Jun/2022:21:09:15 -0500] "GET / HTTP/1.1" 200 319
157.55.39.77 - - [17/Jun/2022:21:09:27 -0500] "GET /portaldeninos/wp-content/themes/betheme/js/menu.js?ver=20.9.6 HTTP/1.1" 200 2449
207.46.13.67 - - [17/Jun/2022:21:09:27 -0500] "GET /portaldeninos/wp-content/plugins/gallery-videos/CSS/Total-Soft-Gallery-Video-Widget.css?ver=4.9.8 HTTP/1.1" 200 51554
207.46.13.67 - - [17/Jun/2022:21:09:29 -0500] "GET /portaldeninos/wp-content/plugins/gallery-videos/JS/modernizr.custom.js?ver=4.9.8 HTTP/1.1" 200 9019
207.46.13.134 - - [17/Jun/2022:21:09:29 -0500] "GET /portaldeninos/wp-content/plugins/gallery-videos/JS/Total-Soft-Gallery-Video-Widget.js?ver=4.9.8 HTTP/1.1" 200 80264
157.55.39.77 - - [17/Jun/2022:21:09:30 -0500] "GET /portaldeninos/wp-includes/js/jquery/ui/mouse.min.js?ver=1.11.4 HTTP/1.1" 200 3148
40.77.167.37 - - [17/Jun/2022:21:09:30 -0500] "GET /portaldeninos/wp-content/plugins/gallery-videos/CSS/totalsoft.css?ver=4.9.8 HTTP/1.1" 200 40622
207.46.13.134 - - [17/Jun/2022:21:09:31 -0500] "GET /portaldeninos/wp-content/themes/betheme/assets/animations/animations.min.css?ver=20.9.6 HTTP/1.1" 200 58508
207.46.13.67 - - [17/Jun/2022:21:09:32 -0500] "GET /portaldeninos/wp-content/themes/betheme/assets/jplayer/css/jplayer.blue.monday.css?ver=20.9.6 HTTP/1.1" 200 9834
157.55.39.77 - - [17/Jun/2022:21:09:33 -0500] "GET /portaldeninos/wp-includes/js/jquery/ui/tabs.min.js?ver=1.11.4 HTTP/1.1" 200 12110
207.46.13.134 - - [17/Jun/2022:21:09:34 -0500] "GET /portaldeninos/wp-includes/js/jquery/ui/accordion.min.js?ver=1.11.4 HTTP/1.1" 200 8584
40.77.167.37 - - [17/Jun/2022:21:09:34 -0500] "GET /portaldeninos/wp-content/themes/betheme/assets/ui/jquery.ui.all.css?ver=20.9.6 HTTP/1.1" 200 18765
207.46.13.67 - - [17/Jun/2022:21:09:35 -0500] "GET /portaldeninos/wp-content/themes/betheme/css/base.css?ver=20.9.6 HTTP/1.1" 200 57283
157.55.39.77 - - [17/Jun/2022:21:09:36 -0500] "GET /portaldeninos/wp-includes/js/jquery/ui/widget.min.js?ver=1.11.4 HTTP/1.1" 200 6908
40.77.167.37 - - [17/Jun/2022:21:09:36 -0500] "GET /portaldeninos/wp-content/themes/betheme/css/layout.css?ver=20.9.6 HTTP/1.1" 200 116639
207.46.13.134 - - [17/Jun/2022:21:09:37 -0500] "GET /portaldeninos/wp-includes/js/wp-embed.min.js?ver=4.9.8 HTTP/1.1" 200 1398
207.46.13.67 - - [17/Jun/2022:21:09:38 -0500] "GET /portaldeninos/wp-content/themes/betheme/css/responsive.css?ver=20.9.6 HTTP/1.1" 200 55740
157.55.39.6 - - [17/Jun/2022:21:09:38 -0500] "GET /portaldeninos/wp-content/themes/betheme/assets/jplayer/jplayer.min.js?ver=20.9.6 HTTP/1.1" 200 52702
40.77.167.37 - - [17/Jun/2022:21:09:39 -0500] "GET /portaldeninos/wp-content/themes/betheme/js/scripts.js?ver=20.9.6 HTTP/1.1" 200 77162
207.46.13.67 - - [17/Jun/2022:21:09:41 -0500] "GET /portaldeninos/wp-includes/js/jquery/jquery-migrate.min.js?ver=1.4.1 HTTP/1.1" 200 10056
157.55.39.6 - - [17/Jun/2022:21:09:41 -0500] "GET /portaldeninos/wp-content/themes/betheme/js/plugins.js?ver=20.9.6 HTTP/1.1" 200 197151
40.77.167.37 - - [17/Jun/2022:21:09:44 -0500] "GET /portaldeninos/wp-content/uploads/useanyfont/uaf.css?ver=1589905315 HTTP/1.1" 200 408
157.55.39.6 - - [17/Jun/2022:21:09:44 -0500] "GET /portaldeninos/wp-includes/js/jquery/ui/sortable.min.js?ver=1.11.4 HTTP/1.1" 200 24899
207.46.13.81 - - [17/Jun/2022:21:09:45 -0500] "GET /portaldeninos/wp-content/themes/betheme/assets/animations/animations.min.js?ver=20.9.6 HTTP/1.1" 200 1896
40.77.167.37 - - [17/Jun/2022:21:09:46 -0500] "GET /portaldeninos/wp-includes/js/jquery/jquery.js?ver=1.12.4 HTTP/1.1" 200 97184
157.55.39.6 - - [17/Jun/2022:21:09:47 -0500] "GET /portaldeninos/wp-includes/js/wp-emoji-release.min.js?ver=4.9.8 HTTP/1.1" 200 12026
207.46.13.81 - - [17/Jun/2022:21:09:48 -0500] "GET /portaldeninos/wp-content/themes/betheme/css/shortcodes.css?ver=20.9.6 HTTP/1.1" 200 138889
207.46.13.81 - - [17/Jun/2022:21:09:51 -0500] "GET /portaldeninos/wp-content/themes/betheme/style.css?ver=20.9.6 HTTP/1.1" 200 287
34.90.75.3 - - [17/Jun/2022:21:09:53 -0500] "GET / HTTP/1.1" 200 319
207.46.13.81 - - [17/Jun/2022:21:09:54 -0500] "GET /portaldeninos/wp-includes/js/jquery/ui/core.min.js?ver=1.11.4 HTTP/1.1" 200 4000
216.245.221.92 - - [17/Jun/2022:21:11:30 -0500] "HEAD / HTTP/1.1" 200 -
172.22.2.4 - - [17/Jun/2022:21:10:58 -0500] "HEAD /BLA/boletinlegal/ HTTP/1.1" 200 -
192.241.221.141 - - [17/Jun/2022:21:13:18 -0500] "GET / HTTP/1.1" 200 319
172.22.2.4 - - [17/Jun/2022:21:11:49 -0500] "GET /BLA/boletinlegal/ HTTP/1.1" 200 58464
66.249.64.109 - - [17/Jun/2022:21:16:23 -0500] "-" 408 -
216.245.221.92 - - [17/Jun/2022:21:16:30 -0500] "HEAD / HTTP/1.1" 200 -
172.22.2.4 - - [17/Jun/2022:21:16:48 -0500] "HEAD /BLA/boletinlegal/ HTTP/1.1" 200 -
172.22.2.4 - - [17/Jun/2022:21:17:39 -0500] "GET /BLA/boletinlegal/ HTTP/1.1" 200 58464
186.84.22.162 - - [17/Jun/2022:21:21:26 -0500] "GET /BLA/resoluciones/ HTTP/1.1" 200 13093
216.245.221.92 - - [17/Jun/2022:21:21:30 -0500] "HEAD / HTTP/1.1" 200 -
186.84.22.162 - - [17/Jun/2022:21:21:32 -0500] "GET /BLA/resoluciones/index.php?dir=AUTOS+2022%2F HTTP/1.1" 200 92983
201.245.192.253 - - [17/Jun/2022:21:21:02 -0500] "POST /kwsrmcab/Wsrmcab HTTP/1.1" 200 46705
201.245.192.253 - - [17/Jun/2022:21:21:52 -0500] "POST /kwsrmcab/Wsrmcab HTTP/1.1" 200 47716
172.22.2.4 - - [17/Jun/2022:21:22:38 -0500] "HEAD /BLA/boletinlegal/ HTTP/1.1" 200 -
172.22.2.4 - - [17/Jun/2022:21:23:28 -0500] "GET /BLA/boletinlegal/ HTTP/1.1" 200 61027
40.77.188.132 - - [17/Jun/2022:21:25:28 -0500] "GET /portaldeninos/wp-content/themes/betheme/fonts/mfn-icons.woff?93978679 HTTP/1.1" 200 80932
216.245.221.92 - - [17/Jun/2022:21:26:30 -0500] "HEAD / HTTP/1.1" 200 -
172.22.2.4 - - [17/Jun/2022:21:28:31 -0500] "GET /BLA/boletinlegal/ HTTP/1.1" 200 24523
172.22.2.4 - - [17/Jun/2022:21:28:28 -0500] "HEAD /BLA/boletinlegal/ HTTP/1.1" 200 -
172.22.2.4 - - [17/Jun/2022:21:29:18 -0500] "GET /BLA/boletinlegal/ HTTP/1.1" 200 56799
216.245.221.92 - - [17/Jun/2022:21:31:30 -0500] "HEAD / HTTP/1.1" 200 -
201.245.192.253 - - [17/Jun/2022:21:31:02 -0500] "POST /kwsrmcab/Wsrmcab HTTP/1.1" 200 46705
172.22.2.4 - - [17/Jun/2022:21:30:52 -0500] "GET /BLA/boletinlegal/ HTTP/1.1" 200 53195
201.245.192.253 - - [17/Jun/2022:21:31:53 -0500] "POST /kwsrmcab/Wsrmcab HTTP/1.1" 200 47716
172.22.2.4 - - [17/Jun/2022:21:33:40 -0500] "GET /BLA/boletinlegal/SAAS/auth/login HTTP/1.1" 404 1018
66.249.64.109 - - [17/Jun/2022:21:34:50 -0500] "-" 408 -
172.22.2.4 - - [17/Jun/2022:21:34:18 -0500] "HEAD /BLA/boletinlegal/ HTTP/1.1" 200 -
216.245.221.92 - - [17/Jun/2022:21:36:30 -0500] "HEAD / HTTP/1.1" 200 -
172.22.2.4 - - [17/Jun/2022:21:35:08 -0500] "GET /BLA/boletinlegal/ HTTP/1.1" 200 54266
172.22.2.4 - - [17/Jun/2022:21:35:29 -0500] "GET /BLA/boletinlegal/ HTTP/1.1" 200 54661
172.22.2.4 - - [17/Jun/2022:21:39:19 -0500] "GET /BLA/boletinlegal/Circulares/2019/.pdf HTTP/1.1" 404 1218
40.77.167.79 - - [17/Jun/2022:21:41:22 -0500] "GET /BLA/resoluciones/RESOLUCIONES%202000/2000%201650-1699.tif HTTP/1.1" 200 5529401
216.245.221.92 - - [17/Jun/2022:21:41:30 -0500] "HEAD / HTTP/1.1" 200 -
172.22.2.4 - - [17/Jun/2022:21:40:08 -0500] "HEAD /BLA/boletinlegal/ HTTP/1.1" 200 -
201.245.192.253 - - [17/Jun/2022:21:41:01 -0500] "POST /kwsrmcab/Wsrmcab HTTP/1.1" 200 46705
172.22.2.4 - - [17/Jun/2022:21:40:58 -0500] "GET /BLA/boletinlegal/ HTTP/1.1" 200 58464
201.245.192.253 - - [17/Jun/2022:21:41:52 -0500] "POST /kwsrmcab/Wsrmcab HTTP/1.1" 200 47716
66.249.64.109 - - [17/Jun/2022:21:44:49 -0500] "-" 408 -
216.245.221.92 - - [17/Jun/2022:21:46:30 -0500] "HEAD / HTTP/1.1" 200 -
172.22.2.4 - - [17/Jun/2022:21:47:25 -0500] "GET /BLA/boletinlegal/robots.txt HTTP/1.1" 404 1038
172.22.2.4 - - [17/Jun/2022:21:47:28 -0500] "GET /BLA/boletinlegal/Circulares/2011/Circular%20No.%206%20del%2029%20de%20Julio%20de%202011.pdf HTTP/1.1" 200 262144
172.22.2.4 - - [17/Jun/2022:21:45:58 -0500] "HEAD /BLA/boletinlegal/ HTTP/1.1" 200 -
172.22.2.4 - - [17/Jun/2022:21:46:48 -0500] "GET /BLA/boletinlegal/ HTTP/1.1" 200 61027
216.245.221.92 - - [17/Jun/2022:21:51:30 -0500] "HEAD / HTTP/1.1" 200 -
157.55.39.77 - - [17/Jun/2022:21:52:42 -0500] "GET /portaldeninos/aulas-ambientales/aula-ambiental-sorotama/ HTTP/1.1" 200 89797
173.252.107.6 - - [17/Jun/2022:21:52:50 -0500] "GET /guadalupe-aguanoso-y-otros-tres-caminos-de-los-cerros-estarin-cerrados-este-fin-de-semana.html HTTP/1.1" 206 797
173.252.107.5 - - [17/Jun/2022:21:52:50 -0500] "GET /guadalupe-aguanoso-y-otros-tres-caminos-de-los-cerros-estarin-cerrados-este-fin-de-semana.html HTTP/1.1" 206 797
173.252.107.17 - - [17/Jun/2022:21:52:50 -0500] "GET /guadalupe-aguanoso-y-otros-tres-caminos-de-los-cerros-estarin-cerrados-este-fin-de-semana.html HTTP/1.1" 206 797
173.252.107.120 - - [17/Jun/2022:21:52:50 -0500] "GET /guadalupe-aguanoso-y-otros-tres-caminos-de-los-cerros-estarin-cerrados-este-fin-de-semana.html HTTP/1.1" 206 797
173.252.107.17 - - [17/Jun/2022:21:52:50 -0500] "GET /guadalupe-aguanoso-y-otros-tres-caminos-de-los-cerros-estarin-cerrados-este-fin-de-semana.html HTTP/1.1" 206 797
173.252.107.120 - - [17/Jun/2022:21:52:50 -0500] "GET /guadalupe-aguanoso-y-otros-tres-caminos-de-los-cerros-estarin-cerrados-este-fin-de-semana.html HTTP/1.1" 206 797
172.22.2.4 - - [17/Jun/2022:21:51:48 -0500] "HEAD /BLA/boletinlegal/ HTTP/1.1" 200 -
102.248.9.244 - - [17/Jun/2022:21:53:59 -0500] "GET / HTTP/1.1" 200 319
172.22.2.4 - - [17/Jun/2022:21:52:38 -0500] "GET /BLA/boletinlegal/ HTTP/1.1" 200 58464
216.245.221.92 - - [17/Jun/2022:21:56:30 -0500] "HEAD / HTTP/1.1" 200 -
172.22.2.4 - - [17/Jun/2022:21:56:42 -0500] "GET /BLA/boletinlegal/Circulares/2017/Circular%20No.%20011%20del%2005%20de%20julio%20de%202017.pdf HTTP/1.1" 304 -
52.176.91.18 - - [17/Jun/2022:21:58:58 -0500] "GET /galeria/galeria/fotos/Humedal-techo1P.jpg HTTP/1.1" 200 33428
52.176.91.18 - - [17/Jun/2022:21:58:58 -0500] "GET /galeria/galeria/fotos/Humedal-techo4P.jpg HTTP/1.1" 200 11324
52.176.91.18 - - [17/Jun/2022:21:58:59 -0500] "GET /galeria/galeria/fotos/Humedal-techo3P.jpg HTTP/1.1" 200 8516
52.176.91.18 - - [17/Jun/2022:21:58:59 -0500] "GET /galeria/galeria/fotos/2Humedal-techo2P.jpg HTTP/1.1" 200 11998
172.22.2.4 - - [17/Jun/2022:21:57:38 -0500] "HEAD /BLA/boletinlegal/ HTTP/1.1" 200 -
172.22.2.4 - - [17/Jun/2022:21:58:28 -0500] "GET /BLA/boletinlegal/ HTTP/1.1" 200 61027
104.217.249.182 - - [17/Jun/2022:22:01:08 -0500] "GET / HTTP/1.1" 200 319
216.245.221.92 - - [17/Jun/2022:22:01:30 -0500] "HEAD / HTTP/1.1" 200 -
172.22.2.4 - - [17/Jun/2022:22:03:28 -0500] "HEAD /BLA/boletinlegal/ HTTP/1.1" 200 -
172.22.2.4 - - [17/Jun/2022:22:04:18 -0500] "GET /BLA/boletinlegal/ HTTP/1.1" 200 58464
216.245.221.92 - - [17/Jun/2022:22:06:30 -0500] "HEAD / HTTP/1.1" 200 -
172.22.2.4 - - [17/Jun/2022:22:08:55 -0500] "POST /BLA/boletinlegal/mifs/.;/services/LogService HTTP/1.1" 404 1158
172.22.2.4 - - [17/Jun/2022:22:09:18 -0500] "HEAD /BLA/boletinlegal/ HTTP/1.1" 200 -
216.245.221.92 - - [17/Jun/2022:22:11:30 -0500] "HEAD / HTTP/1.1" 200 -
172.22.2.4 - - [17/Jun/2022:22:10:08 -0500] "GET /BLA/boletinlegal/ HTTP/1.1" 200 58464
192.184.172.215 - - [17/Jun/2022:22:12:55 -0500] "GET /galeria/galeria/fotos/Humedal-techo3G.jpg HTTP/1.1" 200 378344
216.245.221.92 - - [17/Jun/2022:22:16:30 -0500] "HEAD / HTTP/1.1" 200 -
172.22.2.4 - - [17/Jun/2022:22:15:08 -0500] "HEAD /BLA/boletinlegal/ HTTP/1.1" 200 -
172.22.2.4 - - [17/Jun/2022:22:15:58 -0500] "GET /BLA/boletinlegal/ HTTP/1.1" 200 58928
157.55.39.43 - - [17/Jun/2022:22:18:33 -0500] "GET /Publicaciones/2022EE81742.pdf HTTP/1.1" 404 227
3.120.193.160 - - [17/Jun/2022:22:20:13 -0500] "GET /BLA/boletinlegal/Circulares/2022/.git/HEAD HTTP/1.1" 404 1018
216.245.221.92 - - [17/Jun/2022:22:21:30 -0500] "HEAD / HTTP/1.1" 200 -
201.245.192.253 - - [17/Jun/2022:22:21:01 -0500] "POST /kwsrmcab/Wsrmcab HTTP/1.1" 200 46861
172.22.2.4 - - [17/Jun/2022:22:20:58 -0500] "HEAD /BLA/boletinlegal/ HTTP/1.1" 200 -
201.245.192.253 - - [17/Jun/2022:22:21:52 -0500] "POST /kwsrmcab/Wsrmcab HTTP/1.1" 200 47722
172.22.2.4 - - [17/Jun/2022:22:21:48 -0500] "GET /BLA/boletinlegal/ HTTP/1.1" 200 58464
216.245.221.92 - - [17/Jun/2022:22:26:30 -0500] "HEAD / HTTP/1.1" 200 -
172.22.2.4 - - [17/Jun/2022:22:26:48 -0500] "HEAD /BLA/boletinlegal/ HTTP/1.1" 200 -
172.22.2.4 - - [17/Jun/2022:22:27:38 -0500] "GET /BLA/boletinlegal/ HTTP/1.1" 200 58928
216.245.221.92 - - [17/Jun/2022:22:31:30 -0500] "HEAD / HTTP/1.1" 200 -
201.245.192.253 - - [17/Jun/2022:22:31:01 -0500] "POST /kwsrmcab/Wsrmcab HTTP/1.1" 200 46861
201.245.192.253 - - [17/Jun/2022:22:31:51 -0500] "POST /kwsrmcab/Wsrmcab HTTP/1.1" 200 47722
172.22.2.4 - - [17/Jun/2022:22:34:14 -0500] "GET /BLA/boletinlegal/jurisprudencia/analisis/AnalisisT-606-15.docx HTTP/1.1" 200 26698
172.22.2.4 - - [17/Jun/2022:22:34:16 -0500] "GET /BLA/boletinlegal/apple-touch-icon-120x120-precomposed.png HTTP/1.1" 404 1140
172.22.2.4 - - [17/Jun/2022:22:34:16 -0500] "GET /BLA/boletinlegal/apple-touch-icon-120x120.png HTTP/1.1" 404 1140
172.22.2.4 - - [17/Jun/2022:22:34:16 -0500] "GET /BLA/boletinlegal/apple-touch-icon-precomposed.png HTTP/1.1" 404 1140
172.22.2.4 - - [17/Jun/2022:22:34:16 -0500] "GET /BLA/boletinlegal/apple-touch-icon.png HTTP/1.1" 404 1140
172.22.2.4 - - [17/Jun/2022:22:34:16 -0500] "GET /BLA/boletinlegal/favicon.ico HTTP/1.1" 404 1140
172.22.2.4 - - [17/Jun/2022:22:34:16 -0500] "GET /BLA/boletinlegal/apple-touch-icon-120x120-precomposed.png HTTP/1.1" 404 1140
172.22.2.4 - - [17/Jun/2022:22:34:16 -0500] "GET /BLA/boletinlegal/apple-touch-icon-120x120.png HTTP/1.1" 404 1140
172.22.2.4 - - [17/Jun/2022:22:34:16 -0500] "GET /BLA/boletinlegal/apple-touch-icon-precomposed.png HTTP/1.1" 404 1140
172.22.2.4 - - [17/Jun/2022:22:34:16 -0500] "GET /BLA/boletinlegal/apple-touch-icon.png HTTP/1.1" 404 1140
172.22.2.4 - - [17/Jun/2022:22:34:16 -0500] "GET /BLA/boletinlegal/favicon.ico HTTP/1.1" 404 1140
172.22.2.4 - - [17/Jun/2022:22:32:38 -0500] "HEAD /BLA/boletinlegal/ HTTP/1.1" 200 -
172.22.2.4 - - [17/Jun/2022:22:33:28 -0500] "GET /BLA/boletinlegal/ HTTP/1.1" 200 57591
157.55.39.77 - - [17/Jun/2022:22:35:26 -0500] "GET /portaldeninos/aulas-ambientales/aula-ambiental-sorotama/ HTTP/1.1" 200 89797
216.245.221.92 - - [17/Jun/2022:22:36:30 -0500] "HEAD / HTTP/1.1" 200 -
172.22.2.4 - - [17/Jun/2022:22:34:53 -0500] "GET /BLA/boletinlegal/ HTTP/1.1" 200 62718
172.22.2.4 - - [17/Jun/2022:22:38:45 -0500] "GET /BLA/boletinlegal/Circulares/2019/.pdf HTTP/1.1" 404 1218
172.22.2.4 - - [17/Jun/2022:22:38:54 -0500] "GET /BLA/boletinlegal/Circulares/2012/Circular%20No.%2010%20del%2026%20de%20Enero%20de%202012.pdf HTTP/1.1" 404 1218
172.22.2.4 - - [17/Jun/2022:22:38:28 -0500] "HEAD /BLA/boletinlegal/ HTTP/1.1" 200 -
172.22.2.4 - - [17/Jun/2022:22:39:18 -0500] "GET /BLA/boletinlegal/ HTTP/1.1" 200 57966
216.245.221.92 - - [17/Jun/2022:22:41:30 -0500] "HEAD / HTTP/1.1" 200 -
201.245.192.253 - - [17/Jun/2022:22:41:02 -0500] "POST /kwsrmcab/Wsrmcab HTTP/1.1" 200 46861
54.39.50.78 - - [17/Jun/2022:22:42:36 -0500] "GET /auambari-deleito-con-sus-sonidos-ambientales-a-los-asistentes-de-fima-2021.html HTTP/1.1" 200 888
66.249.64.113 - - [17/Jun/2022:22:42:37 -0500] "-" 408 -
201.245.192.253 - - [17/Jun/2022:22:41:52 -0500] "POST /kwsrmcab/Wsrmcab HTTP/1.1" 200 47722
172.22.2.4 - - [17/Jun/2022:22:44:18 -0500] "HEAD /BLA/boletinlegal/ HTTP/1.1" 200 -
216.245.221.92 - - [17/Jun/2022:22:46:30 -0500] "HEAD / HTTP/1.1" 200 -
172.22.2.4 - - [17/Jun/2022:22:45:08 -0500] "GET /BLA/boletinlegal/ HTTP/1.1" 200 61027
40.77.167.21 - - [17/Jun/2022:22:48:42 -0500] "GET /BLA/resoluciones/RESOLUCIONES%202000/2000%202150-2199.tif HTTP/1.1" 200 4923935
216.245.221.92 - - [17/Jun/2022:22:51:30 -0500] "HEAD / HTTP/1.1" 200 -
172.22.2.4 - - [17/Jun/2022:22:50:08 -0500] "HEAD /BLA/boletinlegal/ HTTP/1.1" 200 -
157.55.39.127 - - [17/Jun/2022:22:52:22 -0500] "GET /BLA/resoluciones/AUTOS%202014/2154.pdf HTTP/1.1" 200 555521
172.22.2.4 - - [17/Jun/2022:22:50:58 -0500] "GET /BLA/boletinlegal/ HTTP/1.1" 200 61027
31.13.127.15 - - [17/Jun/2022:22:53:05 -0500] "GET /images/jardines-verticales-plantas-24-mayo.jpg HTTP/1.1" 200 148288
157.55.39.43 - - [17/Jun/2022:22:53:20 -0500] "GET /autoliquidacion/grupo%20forestal%20-%20silvicultura/Ficha%20de%20actualizaci%C3%B3n%20del%20catastro%20de%20%C3%A1rboles.xls HTTP/1.1" 304 -
191.156.56.28 - - [17/Jun/2022:22:53:40 -0500] "GET /secretaria-de-ambiente-y-sena-abren-curso-de-jardines-verticales.html HTTP/1.1" 200 734
31.13.127.2 - - [17/Jun/2022:22:56:20 -0500] "GET /images/pieza-grafica-semana-ambiental-30.jpg HTTP/1.1" 200 38850
31.13.103.15 - - [17/Jun/2022:22:56:24 -0500] "GET /images/jardines-verticales-plantas-24-mayo.jpg HTTP/1.1" 200 148288
31.13.103.20 - - [17/Jun/2022:22:56:27 -0500] "GET /images/bogota-polvo-sahara-23-mayo.jpg HTTP/1.1" 200 35039
31.13.127.5 - - [17/Jun/2022:22:56:29 -0500] "GET /images/Naturalista1.jpeg HTTP/1.1" 200 202073
216.245.221.92 - - [17/Jun/2022:22:56:30 -0500] "HEAD / HTTP/1.1" 200 -
31.13.127.18 - - [17/Jun/2022:22:56:31 -0500] "GET /images/negocios-verdes-mayo-2022.jpg HTTP/1.1" 200 48000
31.13.127.120 - - [17/Jun/2022:22:56:31 -0500] "GET /images/arbolado-bogota-mayo-13.jpg HTTP/1.1" 200 62568
31.13.127.24 - - [17/Jun/2022:22:56:33 -0500] "GET /images/feria-servicios-12-mayo-principal.jpg HTTP/1.1" 200 44744
31.13.127.17 - - [17/Jun/2022:22:56:34 -0500] "GET /images/ptar-alcaldesa-rio-bogota-12-mato.jpg HTTP/1.1" 200 40205
31.13.103.23 - - [17/Jun/2022:22:56:37 -0500] "GET /images/accion-climatica.jpg HTTP/1.1" 200 417776
31.13.127.16 - - [17/Jun/2022:22:56:43 -0500] "GET /images/actividades-dia-tierra-22-abril.jpg HTTP/1.1" 200 77276
31.13.103.17 - - [17/Jun/2022:22:56:44 -0500] "GET /images/plantacion-jbb-22-abril.jpg HTTP/1.1" 200 52184
31.13.127.16 - - [17/Jun/2022:22:56:45 -0500] "GET /images/feria-servicios-tramites-puente-aranda-21-abril.jpg HTTP/1.1" 200 28255
31.13.103.113 - - [17/Jun/2022:22:56:46 -0500] "GET /images/ecosistema-dia-internacional-tierra-21-abril.jpg HTTP/1.1" 200 30098
31.13.127.13 - - [17/Jun/2022:22:56:53 -0500] "GET /images/feria-servicios-cuidamos-bogota-31-marzo.jpg HTTP/1.1" 200 109745
31.13.127.120 - - [17/Jun/2022:22:56:55 -0500] "GET /images/culebra-sabanera-bogota-26-marzo.jpg HTTP/1.1" 200 22555
172.22.2.4 - - [17/Jun/2022:22:55:58 -0500] "HEAD /BLA/boletinlegal/ HTTP/1.1" 200 -
172.22.2.4 - - [17/Jun/2022:22:56:48 -0500] "GET /BLA/boletinlegal/ HTTP/1.1" 200 58464
40.77.167.79 - - [17/Jun/2022:23:00:59 -0500] "GET /galeria/galeria/fotos/mirador2G.jpg HTTP/1.1" 200 115084
216.245.221.92 - - [17/Jun/2022:23:01:30 -0500] "HEAD / HTTP/1.1" 200 -
172.22.2.4 - - [17/Jun/2022:23:01:48 -0500] "HEAD /BLA/boletinlegal/ HTTP/1.1" 200 -
172.22.2.4 - - [17/Jun/2022:23:02:38 -0500] "GET /BLA/boletinlegal/ HTTP/1.1" 200 57222
217.115.34.254 - - [17/Jun/2022:23:05:31 -0500] "GET /BLA/resoluciones/RESOLUCIONES%202019/2215.pdf HTTP/1.1" 200 317534
216.245.221.92 - - [17/Jun/2022:23:06:30 -0500] "HEAD / HTTP/1.1" 200 -
69.63.189.120 - - [17/Jun/2022:23:06:37 -0500] "GET /images/Acuerdos1.jpeg HTTP/1.1" 200 59889
66.249.64.187 - - [17/Jun/2022:23:06:54 -0500] "-" 408 -
157.55.39.6 - - [17/Jun/2022:23:07:05 -0500] "GET /portaldeninos/ HTTP/1.1" 200 109662
172.22.2.4 - - [17/Jun/2022:23:07:38 -0500] "HEAD /BLA/boletinlegal/ HTTP/1.1" 200 -
172.22.2.4 - - [17/Jun/2022:23:08:28 -0500] "GET /BLA/boletinlegal/ HTTP/1.1" 200 56011
172.22.2.4 - - [17/Jun/2022:23:10:24 -0500] "GET /BLA/boletinlegal/jurisprudencia/analisis/CUADRO%20SENTENCIA%20T-299%20DE%202008.doc HTTP/1.1" 304 -
172.22.2.4 - - [17/Jun/2022:23:09:19 -0500] "GET /BLA/boletinlegal/ HTTP/1.1" 200 58464
216.245.221.92 - - [17/Jun/2022:23:11:30 -0500] "HEAD / HTTP/1.1" 200 -
66.249.64.109 - - [17/Jun/2022:23:12:12 -0500] "-" 408 -
193.118.53.218 - - [17/Jun/2022:23:14:27 -0500] "GET /portaldeninos/ HTTP/1.1" 200 109662
172.22.2.4 - - [17/Jun/2022:23:13:28 -0500] "HEAD /BLA/boletinlegal/ HTTP/1.1" 200 -
172.22.2.4 - - [17/Jun/2022:23:14:18 -0500] "GET /BLA/boletinlegal/ HTTP/1.1" 200 61027
216.245.221.92 - - [17/Jun/2022:23:16:30 -0500] "HEAD / HTTP/1.1" 200 -
172.22.2.4 - - [17/Jun/2022:23:19:18 -0500] "HEAD /BLA/boletinlegal/ HTTP/1.1" 200 -
216.245.221.92 - - [17/Jun/2022:23:21:30 -0500] "HEAD / HTTP/1.1" 200 -
172.22.2.4 - - [17/Jun/2022:23:20:08 -0500] "GET /BLA/boletinlegal/ HTTP/1.1" 200 61027
201.245.192.253 - - [17/Jun/2022:23:21:01 -0500] "POST /kwsrmcab/Wsrmcab HTTP/1.1" 200 47203
157.55.39.8 - - [17/Jun/2022:23:21:57 -0500] "GET /BLA/resoluciones/index.php?dir=AUTOS+2008%2F HTTP/1.1" 200 569644
201.245.192.253 - - [17/Jun/2022:23:21:51 -0500] "POST /kwsrmcab/Wsrmcab HTTP/1.1" 200 47551
216.245.221.92 - - [17/Jun/2022:23:26:30 -0500] "HEAD / HTTP/1.1" 200 -
172.22.2.4 - - [17/Jun/2022:23:25:08 -0500] "HEAD /BLA/boletinlegal/ HTTP/1.1" 200 -
172.22.2.4 - - [17/Jun/2022:23:25:58 -0500] "GET /BLA/boletinlegal/ HTTP/1.1" 200 61027
35.88.8.186 - - [17/Jun/2022:23:29:52 -0500] "GET /galeria/galeria/fotos/mirador4P.jpg HTTP/1.1" 200 11757
216.245.221.92 - - [17/Jun/2022:23:31:30 -0500] "HEAD / HTTP/1.1" 200 -
201.245.192.253 - - [17/Jun/2022:23:31:01 -0500] "POST /kwsrmcab/Wsrmcab HTTP/1.1" 200 47203
172.22.2.4 - - [17/Jun/2022:23:30:58 -0500] "HEAD /BLA/boletinlegal/ HTTP/1.1" 200 -
201.245.192.253 - - [17/Jun/2022:23:31:52 -0500] "POST /kwsrmcab/Wsrmcab HTTP/1.1" 200 47551
172.22.2.4 - - [17/Jun/2022:23:32:51 -0500] "GET /BLA/boletinlegal/consulta_actos.php?tipo=autos&no=2866&usuario=&sector=&fecha=2021&resuelve= HTTP/1.1" 200 1074
181.60.40.95 - - [17/Jun/2022:23:32:54 -0500] "GET /BLA/resoluciones/ HTTP/1.1" 200 13093
181.60.40.95 - - [17/Jun/2022:23:32:57 -0500] "GET /BLA/resoluciones/index.php?dir=AUTOS+2021%2F HTTP/1.1" 200 389087
172.22.2.4 - - [17/Jun/2022:23:33:05 -0500] "GET /BLA/boletinlegal/jurisprudencia/analisis/SENTENCIA%20C-703%20DE%202010.xls HTTP/1.1" 304 -
172.22.2.4 - - [17/Jun/2022:23:31:48 -0500] "GET /BLA/boletinlegal/ HTTP/1.1" 200 58464
216.245.221.92 - - [17/Jun/2022:23:36:30 -0500] "HEAD / HTTP/1.1" 200 -
172.22.2.4 - - [17/Jun/2022:23:35:35 -0500] "GET /BLA/boletinlegal/ HTTP/1.1" 200 61854
172.22.2.4 - - [17/Jun/2022:23:36:48 -0500] "HEAD /BLA/boletinlegal/ HTTP/1.1" 200 -
69.171.251.2 - - [17/Jun/2022:23:38:29 -0500] "GET /images/pieza-grafica-semana-ambiental-30.jpg HTTP/1.1" 200 38850
69.171.251.9 - - [17/Jun/2022:23:38:32 -0500] "GET /images/bogota-polvo-sahara-23-mayo.jpg HTTP/1.1" 200 35039
66.220.149.120 - - [17/Jun/2022:23:38:34 -0500] "GET /images/Naturalista1.jpeg HTTP/1.1" 200 202073
66.220.149.13 - - [17/Jun/2022:23:38:36 -0500] "GET /images/negocios-verdes-mayo-2022.jpg HTTP/1.1" 200 48000
69.63.189.4 - - [17/Jun/2022:23:38:36 -0500] "GET /images/arbolado-bogota-mayo-13.jpg HTTP/1.1" 200 62568
66.220.149.6 - - [17/Jun/2022:23:38:37 -0500] "GET /images/feria-servicios-12-mayo-principal.jpg HTTP/1.1" 200 44744
66.220.149.120 - - [17/Jun/2022:23:38:38 -0500] "GET /images/ptar-alcaldesa-rio-bogota-12-mato.jpg HTTP/1.1" 200 40205
66.249.64.109 - - [17/Jun/2022:23:39:11 -0500] "-" 408 -
87.250.224.23 - - [17/Jun/2022:23:39:17 -0500] "-" 408 -
172.22.2.4 - - [17/Jun/2022:23:37:38 -0500] "GET /BLA/boletinlegal/ HTTP/1.1" 200 58464
172.22.2.4 - - [17/Jun/2022:23:39:27 -0500] "GET /BLA/boletinlegal/Circulares/2019/.pdf HTTP/1.1" 404 1218
172.22.2.4 - - [17/Jun/2022:23:39:36 -0500] "GET /BLA/boletinlegal/Circulares/2012/Circular%20No.%2010%20del%2026%20de%20Enero%20de%202012.pdf HTTP/1.1" 404 1218
157.55.39.8 - - [17/Jun/2022:23:40:39 -0500] "GET /transparencia/financiera/Ejecucion%20Presupuestal/Vigencia%20actual/3.%20EJECUCION%20DE%20VIGENCIAS%20MARZO%202022.pdf HTTP/1.1" 304 -
216.245.221.92 - - [17/Jun/2022:23:41:30 -0500] "HEAD / HTTP/1.1" 200 -
201.245.192.253 - - [17/Jun/2022:23:41:02 -0500] "POST /kwsrmcab/Wsrmcab HTTP/1.1" 200 47203
201.245.192.253 - - [17/Jun/2022:23:41:52 -0500] "POST /kwsrmcab/Wsrmcab HTTP/1.1" 200 47551
34.147.78.116 - - [17/Jun/2022:23:42:55 -0500] "GET / HTTP/1.1" 200 319
186.102.53.243 - - [17/Jun/2022:23:43:53 -0500] "GET /kwssiamovil/sm/ldap/au?x=U2FsdGVkX1+DtmcO2pUVyA2tBYX2UC7M+By1p34mBE+uTAZJ9RrdcEwX5v6Pt/S8&y=U2FsdGVkX1805z9IliDBqwlbJvj0V33SaaYJnVJToez8Uot3sWGUFJKjIKjlSK0Y HTTP/1.1" 200 30
186.102.53.243 - - [17/Jun/2022:23:43:53 -0500] "GET /kwssiamovil/sm/acme/s?s=U2FsdGVkX1+78bMhdhLGl30thMo//vLrLu4EsEKz8Ec3NXFGxX3RQp9Fe8++Fn5KfcllJZkbNXYO9xrdwedIsHIIbdYqPx0BV117Gitrmt4=&u=U2FsdGVkX1/HZZ5vR0sBeomhUOYMenoM3UTDiLGm5HyV3L1GbuuKZb8a1CKZMDKC&y=U2FsdGVkX1805z9IliDBqwlbJvj0V33SaaYJnVJToez8Uot3sWGUFJKjIKjlSK0Y HTTP/1.1" 200 97
186.102.53.243 - - [17/Jun/2022:23:43:53 -0500] "GET /kwssiamovil/sm/acme/s?s=U2FsdGVkX1/xCvsyG7H4eZkQZibwLkw2aP3tqoboTt4w4Rhs8b1//U26cD6ZUq/GESsDWQLHgV2QirgQkc/PzDOTYLoAL0FUzN416lLCy8tR6WSzLSaLnWM7auygJSnRfIxUwtpq6LL4ya3H0J1a8Kt563IfvyDfbest+vVsFTSZdRTIGhm3A+vaYb7vFntR+aQNVRwK7o4vk//SV8d1lA+zxLzOnF7OwAqA34TYlMJ7qrYh6au2yJ6lHxEynaXuI11Le/CELiTFUf7h3uTeYzNb9eRIeSTkyEa4LllYMd4qb4O27PZ42clY9SdayGwE2Y2HbH7ZcKn74V+TSl5IK4+3GVUiVO0Z/mUJ6wr6dwBCFLkg3dafMmtkc32kYx3TaIUwk06sljFuu8NGv+u+/61E2G20Pru2Z/lmk4XVG8wF/7uJgVVNnSV+p1hq8Ufus3RZJxwxG494bgp3o1whsxUWB9eM323etkjiHA6frrslJ8PFVnyx/Zg/vJmK411Pi3Gt0g/5pUTxXFdt8YDgCBHMpI+bJbPQe+x84C41Qwyh7BRA3GnJm+z3nwdTL91+tTSta8LgYVmGN4IbZ7oSdcwYoV16KgwLT38LlG0SyTgd+FwWt4ahhogQRNmAMyoKagJoh1IqWkOupmyxW9lFqGiPGgG2w3U3QkNs2j7pQbjMVQE2KopKkyj11POiPpSaa+cjAFBerocyV+YWZ/Ry/L5XSH/FaUP/URX6MzbAPCjz29wLzDTeX4ACvm1xnc3td64J0G/Xk7HhwGlS2UF/t7EaPMTfwXujPy6PfbjOdmPeGn+3qkLqbd2Tw8SwaQGj/jMnEGRINXLw6RGb44MLDXv9GWp80ULPGte3jjSHR74PCsBIaxEfZI+Q64APeHuHdoVAxrZ8pzdUrM2bGYjeBBzsJj7De6cYPC+DEElzuktIrHqTcIB5rByhYlfsgLwat6X+T79b4fythyd4/+TElGs6kSsK/878y8zyFgwHziRtLQDHD+z9/U9cEy8Ni5n9xLCpgShjIeIQXJP60mCTf5xGhLvuzV1sNJ+DWFyM9P9nLhMz6wO3g64rPAMZOdylX5etl2jsqyYdNHLjkqYHbC0NX9+AXbDubGlRDC1FcMzSP1L/HA58PV107uG8QoKpF2v5+qXVfBSqPMMnsIFKrsNr+x5L6VHZtQqlZpLHMJdp9devB1D5bmRkD9qhhG/tpjvHFogWw7eU5kdb3yCr9U92HdToHIp+owiGrJXFnhOo5tXESlUBVyss5vIjbWmSPHD9wphZeQKhHtjiE/4iYWoakFY8tsILnKTGOuEtlB7eFKfGqEOVJtCBRhL4vyMCe9jmU19K4BJ//qpMBeYIF4PhuRFh5SbgGZk9w3VfwNk=&u=U2FsdGVkX1/HZZ5vR0sBeomhUOYMenoM3UTDiLGm5HyV3L1GbuuKZb8a1CKZMDKC&y=U2FsdGVkX1805z9IliDBqwlbJvj0V33SaaYJnVJToez8Uot3sWGUFJKjIKjlSK0Y HTTP/1.1" 200 4011
186.102.53.243 - - [17/Jun/2022:23:43:53 -0500] "GET /kwssiamovil/sm/acme/s?s=U2FsdGVkX1+LiGqwFzowXM8lE2oaAyOBi37frKHbSDxxVGKCWTlIiPvZdKHkWdnj3iV4Lh52mCYZmUq9TrQise/f56JdmaIigpn2p0jOOWnSqZoHTpB5Ayo9OH00J0qsxOADWaVKTxdO3vKcSfYLO+zRSEXBKKLdGmUAiU7EQClZoT+urUKzmwP06R5rDwxZ+u+1veBWsdWsAAq+9yyj6Wae7IwnanyP3N/2bz9iz5CEyXjttY50nRzZfZrREK5UGgEvV5A9fym1f1DfEYeHIpB6FlbiLvgZc36b2I4Qjz8=&u=U2FsdGVkX1/HZZ5vR0sBeomhUOYMenoM3UTDiLGm5HyV3L1GbuuKZb8a1CKZMDKC&y=U2FsdGVkX1805z9IliDBqwlbJvj0V33SaaYJnVJToez8Uot3sWGUFJKjIKjlSK0Y HTTP/1.1" 200 176
186.102.53.243 - - [17/Jun/2022:23:43:53 -0500] "GET /kwssiamovil/sm/cjson/pre?f=1&x=U2FsdGVkX1+DtmcO2pUVyA2tBYX2UC7M+By1p34mBE+uTAZJ9RrdcEwX5v6Pt/S8 HTTP/1.1" 200 30992
172.22.2.4 - - [17/Jun/2022:23:42:38 -0500] "HEAD /BLA/boletinlegal/ HTTP/1.1" 200 -
172.22.2.4 - - [17/Jun/2022:23:43:28 -0500] "GET /BLA/boletinlegal/ HTTP/1.1" 200 58464
216.245.221.92 - - [17/Jun/2022:23:46:30 -0500] "HEAD / HTTP/1.1" 200 -
172.22.2.4 - - [17/Jun/2022:23:46:34 -0500] "GET /BLA/boletinlegal/ HTTP/1.1" 200 24523
172.22.2.4 - - [17/Jun/2022:23:47:28 -0500] "GET /BLA/boletinlegal/ HTTP/1.1" 200 61408
94.102.61.10 - - [17/Jun/2022:23:49:59 -0500] "GET / HTTP/1.1" 200 319
172.22.2.4 - - [17/Jun/2022:23:48:28 -0500] "HEAD /BLA/boletinlegal/ HTTP/1.1" 200 -
172.22.2.4 - - [17/Jun/2022:23:49:18 -0500] "GET /BLA/boletinlegal/ HTTP/1.1" 200 58928
172.22.2.4 - - [17/Jun/2022:23:51:15 -0500] "GET /BLA/boletinlegal/jurisprudencia/analisis/analisis%20sentencia%20C%20401%20de%202010.doc HTTP/1.1" 304 -
216.245.221.92 - - [17/Jun/2022:23:51:30 -0500] "HEAD / HTTP/1.1" 200 -
154.16.49.45 - - [17/Jun/2022:23:52:09 -0500] "GET /wp-login.php HTTP/1.1" 404 1018
40.77.167.21 - - [17/Jun/2022:23:52:48 -0500] "GET /BLA/resoluciones/AUTOS%202020/3528.pdf HTTP/1.1" 200 434995
191.156.235.11 - - [17/Jun/2022:23:53:43 -0500] "GET /css/date_blue.css HTTP/1.1" 404 1254
191.156.235.11 - - [17/Jun/2022:23:53:43 -0500] "GET /css/fondos.css HTTP/1.1" 404 1254
191.156.235.11 - - [17/Jun/2022:23:53:43 -0500] "GET /css/textos.css HTTP/1.1" 404 1254
191.156.235.11 - - [17/Jun/2022:23:53:43 -0500] "GET /css/bordes.css HTTP/1.1" 404 1254
66.249.64.109 - - [17/Jun/2022:23:55:34 -0500] "-" 408 -
172.22.2.4 - - [17/Jun/2022:23:54:18 -0500] "HEAD /BLA/boletinlegal/ HTTP/1.1" 200 -
216.245.221.92 - - [17/Jun/2022:23:56:30 -0500] "HEAD / HTTP/1.1" 200 -
172.22.2.4 - - [17/Jun/2022:23:56:34 -0500] "GET /BLA/boletinlegal/conceptos.php HTTP/1.1" 200 7443
172.22.2.4 - - [17/Jun/2022:23:55:08 -0500] "GET /BLA/boletinlegal/ HTTP/1.1" 200 57966

:: Command execute ::

Enter:
 
Select:
 

:: Search ::
regexp 

:: Upload ::
 
[ ok ]

:: Make Dir ::
 
[ ok ]
:: Make File ::
 
[ ok ]

:: Go Dir ::
 
:: Go File ::
 

--[ c99shell v. 1.0 pre-release build #13 powered by Captain Crunch Security Team | http://ccteam.ru | Generation time: 0.2496 ]--