!C99Shell v. 1.0 pre-release build #13!

Software: Apache. PHP/5.5.15 

uname -a: Windows NT SVR-DMZ 6.1 build 7600 (Windows Server 2008 R2 Enterprise Edition) i586 

SYSTEM 

Safe-mode: OFF (not secure)

E:\nuevo\apache\logs\   drwxrwxrwx
Free 8.02 GB of 239.26 GB (3.35%)
Detected drives: [ a ] [ c ] [ d ] [ e ] [ f ]
Home    Back    Forward    UPDIR    Refresh    Search    Buffer    Encoder    Tools    Proc.    FTP brute    Sec.    SQL    PHP-code    Update    Feedback    Self remove    Logout    


Viewing file:     access.2022.06.18.log (457.99 KB)      -rw-rw-rw-
Select action/file-type:
(+) | (+) | (+) | Code (+) | Session (+) | (+) | SDB (+) | (+) | (+) | (+) | (+) | (+) |
216.245.221.92 - - [18/Jun/2022:00:01:30 -0500] "HEAD / HTTP/1.1" 200 -
172.22.2.4 - - [18/Jun/2022:00:00:08 -0500] "HEAD /BLA/boletinlegal/ HTTP/1.1" 200 -
172.22.2.4 - - [18/Jun/2022:00:00:58 -0500] "GET /BLA/boletinlegal/ HTTP/1.1" 200 58464
172.22.2.4 - - [18/Jun/2022:00:06:18 -0500] "GET /BLA/boletinlegal/Directivas/2011/Directiva%20No.%206%20del%208%20de%20Septiembre%20de%202011.pdf HTTP/1.1" 304 -
216.245.221.92 - - [18/Jun/2022:00:06:30 -0500] "HEAD / HTTP/1.1" 200 -
172.22.2.4 - - [18/Jun/2022:00:05:58 -0500] "HEAD /BLA/boletinlegal/ HTTP/1.1" 200 -
172.22.2.4 - - [18/Jun/2022:00:06:48 -0500] "GET /BLA/boletinlegal/ HTTP/1.1" 200 58464
66.249.64.109 - - [18/Jun/2022:00:09:43 -0500] "-" 408 -
138.201.48.205 - - [18/Jun/2022:00:10:58 -0500] "GET /guadalupe-aguanoso-y-otros-tres-caminos-de-los-cerros-estarin-cerrados-este-fin-de-semana.html HTTP/1.1" 200 797
216.245.221.92 - - [18/Jun/2022:00:11:30 -0500] "HEAD / HTTP/1.1" 200 -
152.61.192.232 - - [18/Jun/2022:00:12:12 -0500] "GET / HTTP/1.1" 200 319
172.22.2.4 - - [18/Jun/2022:00:12:15 -0500] "GET /BLA/boletinlegal/Circulares/2013/Circular%20No.%208%20del%201%20de%20Noviembre%20de%202013.pdf HTTP/1.1" 200 385156
172.22.2.4 - - [18/Jun/2022:00:11:48 -0500] "HEAD /BLA/boletinlegal/ HTTP/1.1" 200 -
172.22.2.4 - - [18/Jun/2022:00:12:38 -0500] "GET /BLA/boletinlegal/ HTTP/1.1" 200 56011
216.245.221.92 - - [18/Jun/2022:00:16:30 -0500] "HEAD / HTTP/1.1" 200 -
152.61.128.50 - - [18/Jun/2022:00:17:24 -0500] "GET / HTTP/1.1" 200 319
207.46.13.67 - - [18/Jun/2022:00:19:14 -0500] "GET /guadalupe-aguanoso-y-otros-tres-caminos-de-los-cerros-estarin-cerrados-este-fin-de-semana.html HTTP/1.1" 200 797
168.151.175.90 - - [18/Jun/2022:00:19:18 -0500] "GET /guadalupe-aguanoso-y-otros-tres-caminos-de-los-cerros-estarin-cerrados-este-fin-de-semana.html HTTP/1.1" 200 797
172.22.2.4 - - [18/Jun/2022:00:17:38 -0500] "HEAD /BLA/boletinlegal/ HTTP/1.1" 200 -
172.22.2.4 - - [18/Jun/2022:00:18:28 -0500] "GET /BLA/boletinlegal/ HTTP/1.1" 200 58464
216.245.221.92 - - [18/Jun/2022:00:21:30 -0500] "HEAD / HTTP/1.1" 200 -
201.245.192.253 - - [18/Jun/2022:00:21:01 -0500] "POST /kwsrmcab/Wsrmcab HTTP/1.1" 200 46718
201.245.192.253 - - [18/Jun/2022:00:21:49 -0500] "POST /kwsrmcab/Wsrmcab HTTP/1.1" 200 47240
172.22.2.4 - - [18/Jun/2022:00:23:28 -0500] "HEAD /BLA/boletinlegal/ HTTP/1.1" 200 -
172.22.2.4 - - [18/Jun/2022:00:24:18 -0500] "GET /BLA/boletinlegal/ HTTP/1.1" 200 58464
138.201.48.205 - - [18/Jun/2022:00:26:06 -0500] "GET /guadalupe-aguanoso-y-otros-tres-caminos-de-los-cerros-estarin-cerrados-este-fin-de-semana.html HTTP/1.1" 200 797
216.245.221.92 - - [18/Jun/2022:00:26:30 -0500] "HEAD / HTTP/1.1" 200 -
157.55.39.43 - - [18/Jun/2022:00:29:47 -0500] "GET /Publicaciones/2022EE81742.pdf HTTP/1.1" 404 227
157.55.39.43 - - [18/Jun/2022:00:30:57 -0500] "GET /catalogoisis/ HTTP/1.1" 200 8575
172.22.2.4 - - [18/Jun/2022:00:29:18 -0500] "HEAD /BLA/boletinlegal/ HTTP/1.1" 200 -
157.55.39.43 - - [18/Jun/2022:00:31:16 -0500] "GET /catalogoisis/Css/Busqueda.css HTTP/1.1" 200 1995
40.77.167.79 - - [18/Jun/2022:00:31:17 -0500] "GET /catalogoisis/Js/Go.js HTTP/1.1" 200 364
157.55.39.43 - - [18/Jun/2022:00:31:19 -0500] "GET /catalogoisis/Js/Cookies.js HTTP/1.1" 200 1369
207.46.13.172 - - [18/Jun/2022:00:31:20 -0500] "GET /catalogoisis/Js/CriterioCombinada.js HTTP/1.1" 200 1843
40.77.167.21 - - [18/Jun/2022:00:31:22 -0500] "GET /catalogoisis/Js/Enter.js HTTP/1.1" 200 1208
157.55.39.8 - - [18/Jun/2022:00:31:22 -0500] "GET /catalogoisis/Js/AceptarLimpiar.js HTTP/1.1" 200 331
207.46.13.172 - - [18/Jun/2022:00:31:23 -0500] "GET /catalogoisis/Js/Numero.js HTTP/1.1" 200 398
157.55.39.8 - - [18/Jun/2022:00:31:24 -0500] "GET /catalogoisis/Js/LimpiarCombinada.js HTTP/1.1" 200 207
207.46.13.172 - - [18/Jun/2022:00:31:25 -0500] "GET /catalogoisis/Js/Remote.js HTTP/1.1" 200 436
216.245.221.92 - - [18/Jun/2022:00:31:30 -0500] "HEAD / HTTP/1.1" 200 -
172.22.2.4 - - [18/Jun/2022:00:30:08 -0500] "GET /BLA/boletinlegal/ HTTP/1.1" 200 54266
201.245.192.253 - - [18/Jun/2022:00:31:01 -0500] "POST /kwsrmcab/Wsrmcab HTTP/1.1" 200 46718
201.245.192.253 - - [18/Jun/2022:00:31:54 -0500] "GET /kwsrmcab/Wsrmcab?wsdl HTTP/1.1" 200 6948
201.245.192.253 - - [18/Jun/2022:00:31:54 -0500] "POST /kwsrmcab/Wsrmcab HTTP/1.1" 200 47240
172.22.2.4 - - [18/Jun/2022:00:32:37 -0500] "GET /BLA/boletinlegal/index.php HTTP/1.1" 200 63473
157.55.39.127 - - [18/Jun/2022:00:35:21 -0500] "GET /sipse/faces/faces/autenticacion.xhtml HTTP/1.1" 200 12493
216.245.221.92 - - [18/Jun/2022:00:36:30 -0500] "HEAD / HTTP/1.1" 200 -
172.22.2.4 - - [18/Jun/2022:00:35:08 -0500] "HEAD /BLA/boletinlegal/ HTTP/1.1" 200 -
172.22.2.4 - - [18/Jun/2022:00:35:58 -0500] "GET /BLA/boletinlegal/ HTTP/1.1" 200 54661
35.208.187.63 - - [18/Jun/2022:00:40:20 -0500] "HEAD /BLA/resoluciones/RESOLUCIONES%202017/0520.pdf HTTP/1.1" 200 -
157.55.39.127 - - [18/Jun/2022:00:40:31 -0500] "GET /BLA/resoluciones/RESOLUCIONES%202013/0247.pdf HTTP/1.1" 200 4812238
216.245.221.92 - - [18/Jun/2022:00:41:30 -0500] "HEAD / HTTP/1.1" 200 -
201.245.192.253 - - [18/Jun/2022:00:41:01 -0500] "POST /kwsrmcab/Wsrmcab HTTP/1.1" 200 46718
172.22.2.4 - - [18/Jun/2022:00:41:10 -0500] "GET /BLA/boletinlegal/ HTTP/1.1" 200 40907
172.22.2.4 - - [18/Jun/2022:00:40:58 -0500] "HEAD /BLA/boletinlegal/ HTTP/1.1" 200 -
201.245.192.253 - - [18/Jun/2022:00:41:51 -0500] "POST /kwsrmcab/Wsrmcab HTTP/1.1" 200 47240
172.22.2.4 - - [18/Jun/2022:00:41:48 -0500] "GET /BLA/boletinlegal/ HTTP/1.1" 200 54266
172.22.2.4 - - [18/Jun/2022:00:42:50 -0500] "GET /BLA/boletinlegal/ HTTP/1.1" 200 32715
172.22.2.4 - - [18/Jun/2022:00:44:53 -0500] "GET /BLA/boletinlegal/Circulares/2013/Circular%20No.%207%20del%201%20de%20Agosto%20de%202013.pdf HTTP/1.1" 304 -
216.245.221.92 - - [18/Jun/2022:00:46:30 -0500] "HEAD / HTTP/1.1" 200 -
172.22.2.4 - - [18/Jun/2022:00:47:17 -0500] "GET /BLA/boletinlegal/Directivas/2016/Directiva%20No.%2003%20del%2026%20de%20Julio%20de%202016.pdf HTTP/1.1" 304 -
172.22.2.4 - - [18/Jun/2022:00:46:48 -0500] "HEAD /BLA/boletinlegal/ HTTP/1.1" 200 -
172.22.2.4 - - [18/Jun/2022:00:47:38 -0500] "GET /BLA/boletinlegal/ HTTP/1.1" 200 58464
216.245.221.92 - - [18/Jun/2022:00:51:30 -0500] "HEAD / HTTP/1.1" 200 -
66.249.64.109 - - [18/Jun/2022:00:53:05 -0500] "-" 408 -
172.22.2.4 - - [18/Jun/2022:00:52:38 -0500] "HEAD /BLA/boletinlegal/ HTTP/1.1" 200 -
172.22.2.4 - - [18/Jun/2022:00:53:28 -0500] "GET /BLA/boletinlegal/ HTTP/1.1" 200 60610
216.245.221.92 - - [18/Jun/2022:00:56:30 -0500] "HEAD / HTTP/1.1" 200 -
40.77.202.108 - - [18/Jun/2022:00:56:49 -0500] "GET /BLA/resoluciones/RESOLUCIONES%202013/0247.pdf HTTP/1.1" 200 4812238
152.61.192.232 - - [18/Jun/2022:00:57:19 -0500] "GET /arcgis/services/Calidad_del_Agua_WQI/MapServer/WMSServer?request=GetCapabilities&service=WMS HTTP/1.1" 503 1020
152.61.192.232 - - [18/Jun/2022:00:57:20 -0500] "GET /arcgis/services/Calidad_del_Agua_WQI/MapServer/WMSServer?SERVICE=WMS&REQUEST=GetCapabilities HTTP/1.1" 503 1020
152.61.192.232 - - [18/Jun/2022:00:57:20 -0500] "GET /arcgis/services/Calidad_del_Agua_WQI/MapServer/WMSServer?WMTVER=1.0.0&REQUEST=capabilities HTTP/1.1" 503 1020
66.249.64.109 - - [18/Jun/2022:00:59:41 -0500] "-" 408 -
172.22.2.4 - - [18/Jun/2022:00:58:28 -0500] "HEAD /BLA/boletinlegal/ HTTP/1.1" 200 -
152.61.128.50 - - [18/Jun/2022:01:00:41 -0500] "GET /arcgis/services/Calidad_del_Agua_WQI/MapServer/WMSServer?request=GetCapabilities&service=WMS HTTP/1.1" 503 1020
152.61.128.50 - - [18/Jun/2022:01:00:42 -0500] "GET /arcgis/services/Calidad_del_Agua_WQI/MapServer/WMSServer?SERVICE=WMS&REQUEST=GetCapabilities HTTP/1.1" 503 1020
152.61.128.50 - - [18/Jun/2022:01:00:42 -0500] "GET /arcgis/services/Calidad_del_Agua_WQI/MapServer/WMSServer?WMTVER=1.0.0&REQUEST=capabilities HTTP/1.1" 503 1020
172.22.2.4 - - [18/Jun/2022:00:59:18 -0500] "GET /BLA/boletinlegal/ HTTP/1.1" 200 58464
216.245.221.92 - - [18/Jun/2022:01:01:30 -0500] "HEAD / HTTP/1.1" 200 -
172.22.2.4 - - [18/Jun/2022:01:04:18 -0500] "HEAD /BLA/boletinlegal/ HTTP/1.1" 200 -
40.77.167.21 - - [18/Jun/2022:01:06:26 -0500] "GET /BLA/boletinlegal/Directivas/2017/Directiva%20No.%2001%20del%2027%20de%20Junio%20de%202018.pdf HTTP/1.1" 304 -
216.245.221.92 - - [18/Jun/2022:01:06:30 -0500] "HEAD / HTTP/1.1" 200 -
172.22.2.4 - - [18/Jun/2022:01:05:08 -0500] "GET /BLA/boletinlegal/ HTTP/1.1" 200 58464
216.245.221.92 - - [18/Jun/2022:01:11:30 -0500] "HEAD / HTTP/1.1" 200 -
172.22.2.4 - - [18/Jun/2022:01:10:08 -0500] "HEAD /BLA/boletinlegal/ HTTP/1.1" 200 -
66.249.64.109 - - [18/Jun/2022:01:12:28 -0500] "-" 408 -
172.22.2.4 - - [18/Jun/2022:01:10:58 -0500] "GET /BLA/boletinlegal/ HTTP/1.1" 200 60610
157.55.39.43 - - [18/Jun/2022:01:15:33 -0500] "GET /bla/boletinlegal/documentos-importantes.php/js/ajax_documentos.js HTTP/1.1" 200 4822
216.245.221.92 - - [18/Jun/2022:01:16:30 -0500] "HEAD / HTTP/1.1" 200 -
172.22.2.4 - - [18/Jun/2022:01:17:12 -0500] "GET /BLA/boletinlegal/Circulares/2010/Circular%2006%20de%208%20de%20septiembre%20de%202010.pdf HTTP/1.1" 200 4657752
172.22.2.4 - - [18/Jun/2022:01:15:58 -0500] "HEAD /BLA/boletinlegal/ HTTP/1.1" 200 -
172.22.2.4 - - [18/Jun/2022:01:16:48 -0500] "GET /BLA/boletinlegal/ HTTP/1.1" 200 57966
66.249.64.109 - - [18/Jun/2022:01:20:04 -0500] "-" 408 -
216.245.221.92 - - [18/Jun/2022:01:21:30 -0500] "HEAD / HTTP/1.1" 200 -
201.245.192.253 - - [18/Jun/2022:01:21:01 -0500] "POST /kwsrmcab/Wsrmcab HTTP/1.1" 200 47065
157.55.39.127 - - [18/Jun/2022:01:22:35 -0500] "GET /BLA/resoluciones/RESOLUCIONES%202005/00001096.tif HTTP/1.1" 200 221778
201.245.192.253 - - [18/Jun/2022:01:21:50 -0500] "POST /kwsrmcab/Wsrmcab HTTP/1.1" 200 47394
172.22.2.4 - - [18/Jun/2022:01:21:48 -0500] "HEAD /BLA/boletinlegal/ HTTP/1.1" 200 -
157.55.39.127 - - [18/Jun/2022:01:23:46 -0500] "GET /sipse/faces/javax.faces.resource/jquery/jquery.js;jsessionid=tka7edjv4ek-ipeedmwv+elk.undefined?ln=primefaces&v=4.0 HTTP/1.1" 200 105384
186.102.53.243 - - [18/Jun/2022:01:23:53 -0500] "-" 408 -
54.39.177.48 - - [18/Jun/2022:01:23:54 -0500] "GET /guadalupe-aguanoso-y-otros-tres-caminos-de-los-cerros-estarin-cerrados-este-fin-de-semana.html HTTP/1.1" 200 797
172.22.2.4 - - [18/Jun/2022:01:22:38 -0500] "GET /BLA/boletinlegal/ HTTP/1.1" 200 58928
157.55.39.8 - - [18/Jun/2022:01:25:19 -0500] "GET /sipse/faces/javax.faces.resource/primefaces.js;jsessionid=esvofy3mgibuqpqkfqbr3v8i.undefined?ln=primefaces&v=4.0 HTTP/1.1" 200 276924
157.55.39.127 - - [18/Jun/2022:01:25:57 -0500] "GET /sipse/faces/javax.faces.resource/primefaces.js;jsessionid=tka7edjv4ek-ipeedmwv+elk.undefined?ln=primefaces&v=4.0 HTTP/1.1" 200 276924
216.245.221.92 - - [18/Jun/2022:01:26:30 -0500] "HEAD / HTTP/1.1" 200 -
172.22.2.4 - - [18/Jun/2022:01:27:38 -0500] "HEAD /BLA/boletinlegal/ HTTP/1.1" 200 -
66.249.64.109 - - [18/Jun/2022:01:29:49 -0500] "-" 408 -
172.22.2.4 - - [18/Jun/2022:01:28:28 -0500] "GET /BLA/boletinlegal/ HTTP/1.1" 200 61027
216.245.221.92 - - [18/Jun/2022:01:31:30 -0500] "HEAD / HTTP/1.1" 200 -
201.245.192.253 - - [18/Jun/2022:01:31:00 -0500] "POST /kwsrmcab/Wsrmcab HTTP/1.1" 200 47065
207.46.13.172 - - [18/Jun/2022:01:32:07 -0500] "GET /sipse/faces/javax.faces.resource/layout/layout.js;jsessionid=tka7edjv4ek-ipeedmwv+elk.undefined?ln=primefaces&v=4.0 HTTP/1.1" 200 87560
172.22.2.4 - - [18/Jun/2022:01:32:18 -0500] "GET /BLA/boletinlegal/Circulares/2012/Circular%20No.%2011%20del%2027%20de%20Agosto%20de%202012.pdf HTTP/1.1" 304 -
201.245.192.253 - - [18/Jun/2022:01:31:51 -0500] "POST /kwsrmcab/Wsrmcab HTTP/1.1" 200 47394
172.22.2.4 - - [18/Jun/2022:01:33:28 -0500] "HEAD /BLA/boletinlegal/ HTTP/1.1" 200 -
66.249.64.109 - - [18/Jun/2022:01:35:31 -0500] "-" 408 -
172.22.2.4 - - [18/Jun/2022:01:34:18 -0500] "GET /BLA/boletinlegal/ HTTP/1.1" 200 61027
216.245.221.92 - - [18/Jun/2022:01:36:30 -0500] "HEAD / HTTP/1.1" 200 -
172.22.2.4 - - [18/Jun/2022:01:39:18 -0500] "HEAD /BLA/boletinlegal/ HTTP/1.1" 200 -
69.63.189.116 - - [18/Jun/2022:01:41:04 -0500] "GET /san-benito-circular-una-apuesta-para-la-transformacion-sostenible-de-la-industria-manufacturera-en-bogota.html HTTP/1.1" 206 933
216.245.221.92 - - [18/Jun/2022:01:41:30 -0500] "HEAD / HTTP/1.1" 200 -
172.22.2.4 - - [18/Jun/2022:01:40:08 -0500] "GET /BLA/boletinlegal/ HTTP/1.1" 200 57591
201.245.192.253 - - [18/Jun/2022:01:41:01 -0500] "POST /kwsrmcab/Wsrmcab HTTP/1.1" 200 47065
201.245.192.253 - - [18/Jun/2022:01:41:51 -0500] "POST /kwsrmcab/Wsrmcab HTTP/1.1" 200 47394
172.22.2.4 - - [18/Jun/2022:01:42:59 -0500] "GET /BLA/boletinlegal/jurisprudencia/analisis/AnalisisC-746-12.docx HTTP/1.1" 304 -
66.249.64.109 - - [18/Jun/2022:01:44:51 -0500] "-" 408 -
216.245.221.92 - - [18/Jun/2022:01:46:30 -0500] "HEAD / HTTP/1.1" 200 -
172.22.2.4 - - [18/Jun/2022:01:45:08 -0500] "HEAD /BLA/boletinlegal/ HTTP/1.1" 200 -
172.22.2.4 - - [18/Jun/2022:01:45:58 -0500] "GET /BLA/boletinlegal/ HTTP/1.1" 200 58928
172.22.2.4 - - [18/Jun/2022:01:49:20 -0500] "GET /BLA/boletinlegal/ HTTP/1.1" 200 40907
138.201.48.205 - - [18/Jun/2022:01:50:38 -0500] "-" 408 -
27.47.41.151 - - [18/Jun/2022:01:50:39 -0500] "POST /GponForm/diag_Form?images/ HTTP/1.1" 404 1013
172.22.2.4 - - [18/Jun/2022:01:49:50 -0500] "GET /BLA/boletinlegal/ HTTP/1.1" 200 40907
216.245.221.92 - - [18/Jun/2022:01:51:29 -0500] "HEAD / HTTP/1.1" 200 -
172.22.2.4 - - [18/Jun/2022:01:50:58 -0500] "HEAD /BLA/boletinlegal/ HTTP/1.1" 200 -
172.22.2.4 - - [18/Jun/2022:01:51:48 -0500] "GET /BLA/boletinlegal/ HTTP/1.1" 200 61027
157.55.39.43 - - [18/Jun/2022:01:56:15 -0500] "GET /bla/resoluciones/resoluciones%202012/1811.pdf HTTP/1.1" 200 1161409
216.245.221.92 - - [18/Jun/2022:01:56:29 -0500] "HEAD / HTTP/1.1" 200 -
172.22.2.4 - - [18/Jun/2022:01:56:48 -0500] "HEAD /BLA/boletinlegal/ HTTP/1.1" 200 -
66.249.64.109 - - [18/Jun/2022:01:58:30 -0500] "-" 408 -
172.22.2.4 - - [18/Jun/2022:01:57:38 -0500] "GET /BLA/boletinlegal/ HTTP/1.1" 200 61027
92.255.85.183 - - [18/Jun/2022:01:59:48 -0500] "\x03" 400 226
216.245.221.92 - - [18/Jun/2022:02:01:29 -0500] "HEAD / HTTP/1.1" 200 -
172.22.2.4 - - [18/Jun/2022:02:02:38 -0500] "HEAD /BLA/boletinlegal/ HTTP/1.1" 200 -
172.22.2.4 - - [18/Jun/2022:02:03:28 -0500] "GET /BLA/boletinlegal/ HTTP/1.1" 200 60610
172.22.2.4 - - [18/Jun/2022:02:05:04 -0500] "GET /BLA/boletinlegal/ HTTP/1.1" 200 20427
216.245.221.92 - - [18/Jun/2022:02:06:29 -0500] "HEAD / HTTP/1.1" 200 -
66.249.64.109 - - [18/Jun/2022:02:08:37 -0500] "-" 408 -
172.22.2.4 - - [18/Jun/2022:02:08:28 -0500] "HEAD /BLA/boletinlegal/ HTTP/1.1" 200 -
172.22.2.4 - - [18/Jun/2022:02:09:18 -0500] "GET /BLA/boletinlegal/ HTTP/1.1" 200 58464
216.245.221.92 - - [18/Jun/2022:02:11:29 -0500] "HEAD / HTTP/1.1" 200 -
172.22.2.4 - - [18/Jun/2022:02:14:18 -0500] "HEAD /BLA/boletinlegal/ HTTP/1.1" 200 -
40.77.167.37 - - [18/Jun/2022:02:15:58 -0500] "GET /images/Acercar.jpeg HTTP/1.1" 200 109672
172.22.2.4 - - [18/Jun/2022:02:16:03 -0500] "GET /BLA/boletinlegal/robots.txt HTTP/1.1" 404 1038
216.245.221.92 - - [18/Jun/2022:02:16:29 -0500] "HEAD / HTTP/1.1" 200 -
172.22.2.4 - - [18/Jun/2022:02:15:08 -0500] "GET /BLA/boletinlegal/ HTTP/1.1" 200 56372
66.249.64.109 - - [18/Jun/2022:02:17:31 -0500] "-" 408 -
172.22.2.4 - - [18/Jun/2022:02:16:04 -0500] "GET /BLA/boletinlegal/index.php HTTP/1.1" 200 58464
34.91.0.0 - - [18/Jun/2022:02:17:58 -0500] "GET / HTTP/1.1" 200 319
172.22.2.4 - - [18/Jun/2022:02:21:15 -0500] "GET /BLA/boletinlegal/images/arr_l.jpg HTTP/1.1" 200 1979
216.245.221.92 - - [18/Jun/2022:02:21:29 -0500] "HEAD / HTTP/1.1" 200 -
201.245.192.253 - - [18/Jun/2022:02:21:01 -0500] "POST /kwsrmcab/Wsrmcab HTTP/1.1" 200 47045
172.22.2.4 - - [18/Jun/2022:02:20:08 -0500] "HEAD /BLA/boletinlegal/ HTTP/1.1" 200 -
201.245.192.253 - - [18/Jun/2022:02:21:47 -0500] "POST /kwsrmcab/Wsrmcab HTTP/1.1" 200 47392
172.22.2.4 - - [18/Jun/2022:02:20:58 -0500] "GET /BLA/boletinlegal/ HTTP/1.1" 200 56011
172.22.2.4 - - [18/Jun/2022:02:22:48 -0500] "GET /BLA/boletinlegal/robots.txt HTTP/1.1" 404 1038
66.249.64.109 - - [18/Jun/2022:02:23:25 -0500] "-" 408 -
40.77.167.102 - - [18/Jun/2022:02:24:27 -0500] "-" 408 -
216.245.221.92 - - [18/Jun/2022:02:26:29 -0500] "HEAD / HTTP/1.1" 200 -
172.22.2.4 - - [18/Jun/2022:02:25:57 -0500] "HEAD /BLA/boletinlegal/ HTTP/1.1" 200 -
172.22.2.4 - - [18/Jun/2022:02:26:48 -0500] "GET /BLA/boletinlegal/ HTTP/1.1" 200 52287
66.249.64.109 - - [18/Jun/2022:02:29:10 -0500] "-" 408 -
20.118.132.50 - - [18/Jun/2022:02:29:24 -0500] "GET /transparencia/directorioservidores/2016/febrero2016.xlsx HTTP/1.1" 200 37637
173.252.127.1 - - [18/Jun/2022:02:30:06 -0500] "GET /images/Naturalista1.jpeg HTTP/1.1" 200 202073
216.245.221.92 - - [18/Jun/2022:02:31:29 -0500] "HEAD / HTTP/1.1" 200 -
201.245.192.253 - - [18/Jun/2022:02:31:00 -0500] "POST /kwsrmcab/Wsrmcab HTTP/1.1" 200 47045
172.22.2.4 - - [18/Jun/2022:02:32:27 -0500] "GET /BLA/boletinlegal/Directivas/2017/Directiva%20No.%2002%20del%2017%20de%20Enero%20de%202017.pdf HTTP/1.1" 304 -
201.245.192.253 - - [18/Jun/2022:02:31:48 -0500] "POST /kwsrmcab/Wsrmcab HTTP/1.1" 200 47392
172.22.2.4 - - [18/Jun/2022:02:31:47 -0500] "HEAD /BLA/boletinlegal/ HTTP/1.1" 200 -
172.22.2.4 - - [18/Jun/2022:02:32:38 -0500] "GET /BLA/boletinlegal/ HTTP/1.1" 200 61027
66.249.64.109 - - [18/Jun/2022:02:35:14 -0500] "-" 408 -
216.245.221.92 - - [18/Jun/2022:02:36:29 -0500] "HEAD / HTTP/1.1" 200 -
172.22.2.4 - - [18/Jun/2022:02:37:38 -0500] "HEAD /BLA/boletinlegal/ HTTP/1.1" 200 -
172.22.2.4 - - [18/Jun/2022:02:38:28 -0500] "GET /BLA/boletinlegal/ HTTP/1.1" 200 61027
40.77.167.21 - - [18/Jun/2022:02:40:46 -0500] "GET /BLA/boletinlegal/Circulares/2018/Circular%20No.%2010%20del%2021%20de%20Septiembre%20de%202018.pdf HTTP/1.1" 200 163426
216.245.221.92 - - [18/Jun/2022:02:41:29 -0500] "HEAD / HTTP/1.1" 200 -
201.245.192.253 - - [18/Jun/2022:02:41:00 -0500] "POST /kwsrmcab/Wsrmcab HTTP/1.1" 200 47045
201.245.192.253 - - [18/Jun/2022:02:41:46 -0500] "POST /kwsrmcab/Wsrmcab HTTP/1.1" 200 47392
66.249.64.109 - - [18/Jun/2022:02:43:32 -0500] "-" 408 -
92.255.85.183 - - [18/Jun/2022:02:44:18 -0500] "\x03" 400 226
172.22.2.4 - - [18/Jun/2022:02:44:30 -0500] "GET /BLA/boletinlegal/Circulares/2020/Circular%2000010%20del%2027%20de%20julio%20de%202020.pdf HTTP/1.1" 304 -
172.22.2.4 - - [18/Jun/2022:02:43:27 -0500] "HEAD /BLA/boletinlegal/ HTTP/1.1" 200 -
172.22.2.4 - - [18/Jun/2022:02:44:18 -0500] "GET /BLA/boletinlegal/ HTTP/1.1" 200 58464
216.245.221.92 - - [18/Jun/2022:02:46:29 -0500] "HEAD / HTTP/1.1" 200 -
157.55.39.43 - - [18/Jun/2022:02:47:39 -0500] "GET /BLA/resoluciones/RESOLUCIONES%202019/1070.pdf HTTP/1.1" 304 -
172.22.2.4 - - [18/Jun/2022:02:46:59 -0500] "GET /BLA/boletinlegal/index.php HTTP/1.1" 200 63473
172.22.2.4 - - [18/Jun/2022:02:48:59 -0500] "GET /BLA/boletinlegal/js/jquery.scrollShow.js HTTP/1.1" 200 4586
172.22.2.4 - - [18/Jun/2022:02:49:01 -0500] "GET /BLA/boletinlegal/js/jquery.scrollTo-min.js HTTP/1.1" 200 1150
66.249.64.109 - - [18/Jun/2022:02:49:20 -0500] "-" 408 -
172.22.2.4 - - [18/Jun/2022:02:49:17 -0500] "HEAD /BLA/boletinlegal/ HTTP/1.1" 200 -
216.245.221.92 - - [18/Jun/2022:02:51:29 -0500] "HEAD / HTTP/1.1" 200 -
172.22.2.4 - - [18/Jun/2022:02:51:44 -0500] "GET /BLA/boletinlegal/robots.txt HTTP/1.1" 404 1038
172.22.2.4 - - [18/Jun/2022:02:50:08 -0500] "GET /BLA/boletinlegal/ HTTP/1.1" 200 58928
66.249.64.109 - - [18/Jun/2022:02:54:57 -0500] "-" 408 -
216.245.221.92 - - [18/Jun/2022:02:56:29 -0500] "HEAD / HTTP/1.1" 200 -
172.22.2.4 - - [18/Jun/2022:02:55:07 -0500] "HEAD /BLA/boletinlegal/ HTTP/1.1" 200 -
172.22.2.4 - - [18/Jun/2022:02:55:58 -0500] "GET /BLA/boletinlegal/ HTTP/1.1" 200 61027
207.46.13.67 - - [18/Jun/2022:02:57:51 -0500] "GET / HTTP/1.1" 200 319
92.255.85.183 - - [18/Jun/2022:03:00:22 -0500] "\x03" 400 226
66.249.64.109 - - [18/Jun/2022:03:00:34 -0500] "-" 408 -
207.46.13.172 - - [18/Jun/2022:03:01:02 -0500] "GET /BLA/resoluciones/RESOLUCIONES%202006/RES%202006%201401-1450/00001412.tif HTTP/1.1" 200 263740
216.245.221.92 - - [18/Jun/2022:03:01:29 -0500] "HEAD / HTTP/1.1" 200 -
172.22.2.4 - - [18/Jun/2022:03:00:57 -0500] "HEAD /BLA/boletinlegal/ HTTP/1.1" 200 -
172.22.2.4 - - [18/Jun/2022:03:01:48 -0500] "GET /BLA/boletinlegal/ HTTP/1.1" 200 58464
54.39.177.48 - - [18/Jun/2022:03:03:38 -0500] "-" 408 -
172.22.2.4 - - [18/Jun/2022:03:04:49 -0500] "GET /BLA/boletinlegal/js/jquery.js HTTP/1.1" 200 57254
172.22.2.4 - - [18/Jun/2022:03:04:49 -0500] "GET /BLA/boletinlegal/styles2.css HTTP/1.1" 200 1838
172.22.2.4 - - [18/Jun/2022:03:04:52 -0500] "GET /BLA/boletinlegal/style.css HTTP/1.1" 200 9406
66.249.64.109 - - [18/Jun/2022:03:06:13 -0500] "-" 408 -
216.245.221.92 - - [18/Jun/2022:03:06:29 -0500] "HEAD / HTTP/1.1" 200 -
172.22.2.4 - - [18/Jun/2022:03:05:12 -0500] "GET /BLA/boletinlegal/ HTTP/1.1" 200 63123
172.22.2.4 - - [18/Jun/2022:03:06:47 -0500] "HEAD /BLA/boletinlegal/ HTTP/1.1" 200 -
172.22.2.4 - - [18/Jun/2022:03:07:38 -0500] "GET /BLA/boletinlegal/ HTTP/1.1" 200 61027
216.245.221.92 - - [18/Jun/2022:03:11:29 -0500] "HEAD / HTTP/1.1" 200 -
66.249.64.109 - - [18/Jun/2022:03:11:50 -0500] "-" 408 -
185.7.214.104 - - [18/Jun/2022:03:12:12 -0500] "GET /vendor/phpunit/phpunit/src/Util/PHP/eval-stdin.php HTTP/1.1" 404 1018
207.46.13.45 - - [18/Jun/2022:03:13:44 -0500] "GET /portaldeninos/ HTTP/1.1" 200 109662
157.55.39.77 - - [18/Jun/2022:03:14:01 -0500] "GET /portaldeninos/wp-content/plugins/popup-maker/assets/js/site.min.js?defer&ver=1.8.14 HTTP/1.1" 200 48457
207.46.13.67 - - [18/Jun/2022:03:14:01 -0500] "GET /portaldeninos/wp-content/plugins/gallery-videos/CSS/Total-Soft-Gallery-Video-Widget.css?ver=4.9.8 HTTP/1.1" 200 51554
207.46.13.67 - - [18/Jun/2022:03:14:04 -0500] "GET /portaldeninos/wp-content/plugins/popup-maker/assets/css/site.min.css?ver=1.8.14 HTTP/1.1" 200 8260
207.46.13.45 - - [18/Jun/2022:03:14:03 -0500] "GET /portaldeninos/wp-content/themes/betheme/fonts/mfn-icons.ttf?93978679 HTTP/1.1" 200 124684
40.77.167.37 - - [18/Jun/2022:03:14:04 -0500] "GET /portaldeninos/wp-content/themes/betheme/css/layout.css?ver=20.9.6 HTTP/1.1" 200 116639
207.46.13.67 - - [18/Jun/2022:03:14:07 -0500] "GET /portaldeninos/wp-includes/js/jquery/ui/position.min.js?ver=1.11.4 HTTP/1.1" 200 6527
172.22.2.4 - - [18/Jun/2022:03:12:37 -0500] "HEAD /BLA/boletinlegal/ HTTP/1.1" 200 -
157.55.39.77 - - [18/Jun/2022:03:14:03 -0500] "GET /portaldeninos/wp-content/uploads/2022/01/Conoce-lo-que-hace-la-Secretar%C3%ADa-de-Ambiente.mp4 HTTP/1.1" 200 6599959
207.46.13.81 - - [18/Jun/2022:03:13:59 -0500] "GET /portaldeninos/wp-content/uploads/2019/06/CabezoteAMBIENTIC.mp4 HTTP/1.1" 200 10778448
20.125.136.181 - - [18/Jun/2022:03:14:53 -0500] "GET /transparencia/financiera/Ejecucion%20Presupuestal/Historico/EJECUCUION%20DE%20RESERVAS%202019%20a%2031-12-2020.xlsx HTTP/1.1" 200 22999
172.22.2.4 - - [18/Jun/2022:03:13:28 -0500] "GET /BLA/boletinlegal/ HTTP/1.1" 200 58464
216.245.221.92 - - [18/Jun/2022:03:16:29 -0500] "HEAD / HTTP/1.1" 200 -
66.249.64.109 - - [18/Jun/2022:03:17:51 -0500] "-" 408 -
172.22.2.4 - - [18/Jun/2022:03:19:25 -0500] "GET /BLA/boletinlegal/ HTTP/1.1" 200 20427
172.22.2.4 - - [18/Jun/2022:03:18:27 -0500] "HEAD /BLA/boletinlegal/ HTTP/1.1" 200 -
172.22.2.4 - - [18/Jun/2022:03:19:26 -0500] "GET /BLA/boletinlegal/ HTTP/1.1" 200 32715
172.22.2.4 - - [18/Jun/2022:03:19:18 -0500] "GET /BLA/boletinlegal/ HTTP/1.1" 200 53867
216.245.221.92 - - [18/Jun/2022:03:21:29 -0500] "HEAD / HTTP/1.1" 200 -
201.245.192.253 - - [18/Jun/2022:03:21:00 -0500] "POST /kwsrmcab/Wsrmcab HTTP/1.1" 200 47206
201.245.192.253 - - [18/Jun/2022:03:21:50 -0500] "POST /kwsrmcab/Wsrmcab HTTP/1.1" 200 47407
87.107.49.200 - - [18/Jun/2022:03:23:54 -0500] "GET / HTTP/1.1" 200 319
35.85.228.135 - - [18/Jun/2022:03:24:50 -0500] "GET /galeria/galeria/fotos/Entrenube4P.jpg HTTP/1.1" 200 10881
66.249.64.109 - - [18/Jun/2022:03:25:47 -0500] "-" 408 -
172.22.2.4 - - [18/Jun/2022:03:24:17 -0500] "HEAD /BLA/boletinlegal/ HTTP/1.1" 200 -
216.245.221.92 - - [18/Jun/2022:03:26:29 -0500] "HEAD / HTTP/1.1" 200 -
172.22.2.4 - - [18/Jun/2022:03:25:08 -0500] "GET /BLA/boletinlegal/ HTTP/1.1" 200 61027
40.77.189.58 - - [18/Jun/2022:03:29:54 -0500] "GET /portaldeninos/wp-content/themes/betheme/assets/animations/animations.min.css?ver=20.9.6 HTTP/1.1" 200 58508
40.77.188.254 - - [18/Jun/2022:03:29:55 -0500] "GET /portaldeninos/wp-includes/js/jquery/ui/accordion.min.js?ver=1.11.4 HTTP/1.1" 200 8584
40.77.190.25 - - [18/Jun/2022:03:29:56 -0500] "GET /portaldeninos/wp-includes/js/wp-emoji-release.min.js?ver=4.9.8 HTTP/1.1" 200 12026
40.77.190.51 - - [18/Jun/2022:03:29:57 -0500] "GET /portaldeninos/wp-json/pum/v1/analytics/?event=open&pid=1126&_cache=1655540877467 HTTP/1.1" 204 -
216.245.221.92 - - [18/Jun/2022:03:31:29 -0500] "HEAD / HTTP/1.1" 200 -
172.22.2.4 - - [18/Jun/2022:03:30:07 -0500] "HEAD /BLA/boletinlegal/ HTTP/1.1" 200 -
201.245.192.253 - - [18/Jun/2022:03:31:00 -0500] "POST /kwsrmcab/Wsrmcab HTTP/1.1" 200 47206
66.249.64.109 - - [18/Jun/2022:03:32:33 -0500] "-" 408 -
172.22.2.4 - - [18/Jun/2022:03:30:58 -0500] "GET /BLA/boletinlegal/ HTTP/1.1" 200 58464
201.245.192.253 - - [18/Jun/2022:03:31:50 -0500] "POST /kwsrmcab/Wsrmcab HTTP/1.1" 200 47407
92.255.85.183 - - [18/Jun/2022:03:32:52 -0500] "\x03" 400 226
216.245.221.92 - - [18/Jun/2022:03:36:29 -0500] "HEAD / HTTP/1.1" 200 -
172.22.2.4 - - [18/Jun/2022:03:35:41 -0500] "GET /BLA/boletinlegal/ HTTP/1.1" 200 32715
172.22.2.4 - - [18/Jun/2022:03:35:57 -0500] "HEAD /BLA/boletinlegal/ HTTP/1.1" 200 -
172.22.2.4 - - [18/Jun/2022:03:36:48 -0500] "GET /BLA/boletinlegal/ HTTP/1.1" 200 60092
157.55.39.43 - - [18/Jun/2022:03:38:45 -0500] "GET /BLA/resoluciones/RESOLUCIONES%202010/6319.pdf HTTP/1.1" 304 -
66.249.64.109 - - [18/Jun/2022:03:39:21 -0500] "-" 408 -
185.7.214.104 - - [18/Jun/2022:03:40:35 -0500] "GET /solr/admin/info/system?wt=json HTTP/1.1" 404 1018
216.245.221.92 - - [18/Jun/2022:03:41:29 -0500] "HEAD / HTTP/1.1" 200 -
201.245.192.253 - - [18/Jun/2022:03:41:01 -0500] "POST /kwsrmcab/Wsrmcab HTTP/1.1" 200 47206
201.245.192.253 - - [18/Jun/2022:03:41:51 -0500] "POST /kwsrmcab/Wsrmcab HTTP/1.1" 200 47407
172.22.2.4 - - [18/Jun/2022:03:41:47 -0500] "HEAD /BLA/boletinlegal/ HTTP/1.1" 200 -
172.22.2.4 - - [18/Jun/2022:03:42:38 -0500] "GET /BLA/boletinlegal/ HTTP/1.1" 200 53867
66.249.64.109 - - [18/Jun/2022:03:46:13 -0500] "-" 408 -
185.7.214.104 - - [18/Jun/2022:03:46:22 -0500] "-" 408 -
216.245.221.92 - - [18/Jun/2022:03:46:29 -0500] "HEAD / HTTP/1.1" 200 -
177.55.157.119 - - [18/Jun/2022:03:47:02 -0500] "GET / HTTP/1.1" 400 946
172.22.2.4 - - [18/Jun/2022:03:47:37 -0500] "HEAD /BLA/boletinlegal/ HTTP/1.1" 200 -
172.22.2.4 - - [18/Jun/2022:03:48:27 -0500] "GET /BLA/boletinlegal/ HTTP/1.1" 200 58464
216.245.221.92 - - [18/Jun/2022:03:51:29 -0500] "HEAD / HTTP/1.1" 200 -
172.22.2.4 - - [18/Jun/2022:03:53:27 -0500] "HEAD /BLA/boletinlegal/ HTTP/1.1" 200 -
172.22.2.4 - - [18/Jun/2022:03:54:18 -0500] "GET /BLA/boletinlegal/ HTTP/1.1" 200 61027
66.249.64.109 - - [18/Jun/2022:03:56:07 -0500] "-" 408 -
216.245.221.92 - - [18/Jun/2022:03:56:29 -0500] "HEAD / HTTP/1.1" 200 -
207.46.13.172 - - [18/Jun/2022:03:59:40 -0500] "GET /bla/resoluciones/resoluciones%202017/2346.pdf HTTP/1.1" 200 394340
172.22.2.4 - - [18/Jun/2022:03:59:56 -0500] "GET /BLA/boletinlegal/ HTTP/1.1" 200 20427
172.22.2.4 - - [18/Jun/2022:03:59:17 -0500] "HEAD /BLA/boletinlegal/ HTTP/1.1" 200 -
172.22.2.4 - - [18/Jun/2022:03:59:57 -0500] "GET /BLA/boletinlegal/ HTTP/1.1" 200 32715
216.245.221.92 - - [18/Jun/2022:04:01:29 -0500] "HEAD / HTTP/1.1" 200 -
172.22.2.4 - - [18/Jun/2022:04:00:07 -0500] "GET /BLA/boletinlegal/ HTTP/1.1" 200 52639
66.249.64.109 - - [18/Jun/2022:04:01:51 -0500] "-" 408 -
89.187.171.145 - - [18/Jun/2022:04:03:26 -0500] "GET / HTTP/1.1" 200 319
89.187.171.145 - - [18/Jun/2022:04:03:30 -0500] "GET / HTTP/1.1" 200 319
172.22.2.4 - - [18/Jun/2022:04:03:32 -0500] "GET /BLA/boletinlegal/ HTTP/1.1" 200 32715
157.55.39.43 - - [18/Jun/2022:04:04:36 -0500] "GET /BLA/boletinlegal/actos.php HTTP/1.1" 200 9559
207.46.13.172 - - [18/Jun/2022:04:04:48 -0500] "GET /BLA/boletinlegal/niceforms-default.css HTTP/1.1" 200 6694
157.55.39.127 - - [18/Jun/2022:04:04:50 -0500] "GET /BLA/boletinlegal/js/jquery1.js HTTP/1.1" 200 29846
207.46.13.172 - - [18/Jun/2022:04:04:51 -0500] "GET /BLA/boletinlegal/styles2.css HTTP/1.1" 200 1838
40.77.167.21 - - [18/Jun/2022:04:04:52 -0500] "GET /BLA/boletinlegal/js/lib.js HTTP/1.1" 200 6474
157.55.39.127 - - [18/Jun/2022:04:04:52 -0500] "GET /BLA/boletinlegal/js/popup.js HTTP/1.1" 200 1270
40.77.167.21 - - [18/Jun/2022:04:04:55 -0500] "GET /BLA/boletinlegal/niceforms.js HTTP/1.1" 200 22876
157.55.39.127 - - [18/Jun/2022:04:04:55 -0500] "GET /BLA/boletinlegal/style.css HTTP/1.1" 200 9406
40.77.167.79 - - [18/Jun/2022:04:04:57 -0500] "GET /BLA/boletinlegal/js/ajax_actos.js HTTP/1.1" 200 1322
178.72.70.127 - - [18/Jun/2022:04:06:12 -0500] "POST /GponForm/diag_Form?images/ HTTP/1.1" 404 1013
216.245.221.92 - - [18/Jun/2022:04:06:29 -0500] "HEAD / HTTP/1.1" 200 -
172.22.2.4 - - [18/Jun/2022:04:05:07 -0500] "HEAD /BLA/boletinlegal/ HTTP/1.1" 200 -
172.22.2.4 - - [18/Jun/2022:04:05:57 -0500] "GET /BLA/boletinlegal/ HTTP/1.1" 200 61027
172.22.2.4 - - [18/Jun/2022:04:11:14 -0500] "GET /BLA/boletinlegal/Directivas/2016/Directiva%20No.%2002%20del%2019%20de%20Abril%20de%202016.pdf HTTP/1.1" 304 -
216.245.221.92 - - [18/Jun/2022:04:11:29 -0500] "HEAD / HTTP/1.1" 200 -
172.22.2.4 - - [18/Jun/2022:04:10:57 -0500] "HEAD /BLA/boletinlegal/ HTTP/1.1" 200 -
172.22.2.4 - - [18/Jun/2022:04:11:47 -0500] "GET /BLA/boletinlegal/ HTTP/1.1" 200 61027
216.245.221.92 - - [18/Jun/2022:04:16:29 -0500] "HEAD / HTTP/1.1" 200 -
40.77.167.79 - - [18/Jun/2022:04:18:20 -0500] "GET /galeria/galeria/fotos/Humedal-la-conejera3G.jpg HTTP/1.1" 200 373974
172.22.2.4 - - [18/Jun/2022:04:16:47 -0500] "HEAD /BLA/boletinlegal/ HTTP/1.1" 200 -
172.22.2.4 - - [18/Jun/2022:04:17:37 -0500] "GET /BLA/boletinlegal/ HTTP/1.1" 200 61027
216.245.221.92 - - [18/Jun/2022:04:21:29 -0500] "HEAD / HTTP/1.1" 200 -
201.245.192.253 - - [18/Jun/2022:04:21:01 -0500] "POST /kwsrmcab/Wsrmcab HTTP/1.1" 200 47189
201.245.192.253 - - [18/Jun/2022:04:21:53 -0500] "POST /kwsrmcab/Wsrmcab HTTP/1.1" 200 47407
185.7.214.104 - - [18/Jun/2022:04:22:43 -0500] "GET /index.php?s=/Index/\\think\\app/invokefunction&function=call_user_func_array&vars[0]=md5&vars[1][]=HelloThinkPHP21 HTTP/1.1" 404 1018
40.77.167.79 - - [18/Jun/2022:04:23:51 -0500] "GET / HTTP/1.1" 200 319
172.22.2.4 - - [18/Jun/2022:04:22:37 -0500] "HEAD /BLA/boletinlegal/ HTTP/1.1" 200 -
172.22.2.4 - - [18/Jun/2022:04:23:29 -0500] "GET /BLA/boletinlegal/ HTTP/1.1" 200 58928
216.245.221.92 - - [18/Jun/2022:04:26:29 -0500] "HEAD / HTTP/1.1" 200 -
157.55.39.43 - - [18/Jun/2022:04:28:19 -0500] "GET /BLA/resoluciones/RESOLUCIONES%202021/0750.pdf HTTP/1.1" 200 491856
66.249.64.111 - - [18/Jun/2022:04:28:44 -0500] "-" 408 -
172.22.2.4 - - [18/Jun/2022:04:28:27 -0500] "HEAD /BLA/boletinlegal/ HTTP/1.1" 200 -
172.22.2.4 - - [18/Jun/2022:04:29:17 -0500] "GET /BLA/boletinlegal/ HTTP/1.1" 200 61027
216.245.221.92 - - [18/Jun/2022:04:31:29 -0500] "HEAD / HTTP/1.1" 200 -
201.245.192.253 - - [18/Jun/2022:04:31:00 -0500] "POST /kwsrmcab/Wsrmcab HTTP/1.1" 200 47189
201.245.192.253 - - [18/Jun/2022:04:31:50 -0500] "POST /kwsrmcab/Wsrmcab HTTP/1.1" 200 47407
172.22.2.4 - - [18/Jun/2022:04:34:17 -0500] "HEAD /BLA/boletinlegal/ HTTP/1.1" 200 -
192.241.222.32 - - [18/Jun/2022:04:36:25 -0500] "GET /hudson HTTP/1.1" 404 1018
216.245.221.92 - - [18/Jun/2022:04:36:29 -0500] "HEAD / HTTP/1.1" 200 -
172.22.2.4 - - [18/Jun/2022:04:35:07 -0500] "GET /BLA/boletinlegal/ HTTP/1.1" 200 60610
172.22.2.4 - - [18/Jun/2022:04:38:32 -0500] "GET /BLA/boletinlegal/actos.php HTTP/1.1" 200 9559
172.22.2.4 - - [18/Jun/2022:04:38:51 -0500] "GET /BLA/boletinlegal/js/lib.js HTTP/1.1" 200 6474
172.22.2.4 - - [18/Jun/2022:04:38:52 -0500] "GET /BLA/boletinlegal/js/jquery1.js HTTP/1.1" 200 29846
172.22.2.4 - - [18/Jun/2022:04:38:53 -0500] "GET /BLA/boletinlegal/js/ajax_actos.js HTTP/1.1" 200 1322
172.22.2.4 - - [18/Jun/2022:04:38:54 -0500] "GET /BLA/boletinlegal/niceforms-default.css HTTP/1.1" 200 6694
172.22.2.4 - - [18/Jun/2022:04:38:54 -0500] "GET /BLA/boletinlegal/js/popup.js HTTP/1.1" 200 1270
172.22.2.4 - - [18/Jun/2022:04:38:57 -0500] "GET /BLA/boletinlegal/niceforms.js HTTP/1.1" 200 22876
216.245.221.92 - - [18/Jun/2022:04:41:29 -0500] "HEAD / HTTP/1.1" 200 -
172.22.2.4 - - [18/Jun/2022:04:40:07 -0500] "HEAD /BLA/boletinlegal/ HTTP/1.1" 200 -
201.245.192.253 - - [18/Jun/2022:04:41:00 -0500] "POST /kwsrmcab/Wsrmcab HTTP/1.1" 200 47189
172.22.2.4 - - [18/Jun/2022:04:40:57 -0500] "GET /BLA/boletinlegal/ HTTP/1.1" 200 58464
201.245.192.253 - - [18/Jun/2022:04:41:50 -0500] "POST /kwsrmcab/Wsrmcab HTTP/1.1" 200 47407
172.22.2.4 - - [18/Jun/2022:04:44:29 -0500] "GET /BLA/boletinlegal/ HTTP/1.1" 200 62718
216.245.221.92 - - [18/Jun/2022:04:46:29 -0500] "HEAD / HTTP/1.1" 200 -
172.22.2.4 - - [18/Jun/2022:04:45:57 -0500] "HEAD /BLA/boletinlegal/ HTTP/1.1" 200 -
66.249.64.111 - - [18/Jun/2022:04:47:51 -0500] "-" 408 -
172.22.2.4 - - [18/Jun/2022:04:46:47 -0500] "GET /BLA/boletinlegal/ HTTP/1.1" 200 58928
2.57.122.35 - - [18/Jun/2022:04:49:19 -0500] "GET / HTTP/1.1" 200 319
34.91.139.84 - - [18/Jun/2022:04:49:34 -0500] "GET / HTTP/1.1" 200 319
157.55.39.127 - - [18/Jun/2022:04:49:55 -0500] "GET /BLA/resoluciones/AUTOS%202018/0581.pdf HTTP/1.1" 200 269974
216.245.221.92 - - [18/Jun/2022:04:51:29 -0500] "HEAD / HTTP/1.1" 200 -
172.22.2.4 - - [18/Jun/2022:04:51:47 -0500] "HEAD /BLA/boletinlegal/ HTTP/1.1" 200 -
172.22.2.4 - - [18/Jun/2022:04:52:37 -0500] "GET /BLA/boletinlegal/ HTTP/1.1" 200 57966
207.46.13.229 - - [18/Jun/2022:04:54:20 -0500] "-" 408 -
216.245.221.92 - - [18/Jun/2022:04:56:29 -0500] "HEAD / HTTP/1.1" 200 -
172.22.2.4 - - [18/Jun/2022:04:57:37 -0500] "HEAD /BLA/boletinlegal/ HTTP/1.1" 200 -
172.22.2.4 - - [18/Jun/2022:04:58:27 -0500] "GET /BLA/boletinlegal/ HTTP/1.1" 200 57966
216.245.221.92 - - [18/Jun/2022:05:01:29 -0500] "HEAD / HTTP/1.1" 200 -
172.22.2.4 - - [18/Jun/2022:05:03:27 -0500] "HEAD /BLA/boletinlegal/ HTTP/1.1" 200 -
172.22.2.4 - - [18/Jun/2022:05:04:17 -0500] "GET /BLA/boletinlegal/ HTTP/1.1" 200 57966
66.249.64.111 - - [18/Jun/2022:05:06:04 -0500] "-" 408 -
185.7.214.104 - - [18/Jun/2022:05:06:21 -0500] "GET /?a=fetch&content=<php>die(@md5(HelloThinkCMF))</php> HTTP/1.1" 200 319
216.245.221.92 - - [18/Jun/2022:05:06:29 -0500] "HEAD / HTTP/1.1" 200 -
172.22.2.4 - - [18/Jun/2022:05:09:17 -0500] "HEAD /BLA/boletinlegal/ HTTP/1.1" 200 -
216.245.221.92 - - [18/Jun/2022:05:11:29 -0500] "HEAD / HTTP/1.1" 200 -
172.22.2.4 - - [18/Jun/2022:05:10:07 -0500] "GET /BLA/boletinlegal/ HTTP/1.1" 200 58464
216.245.221.92 - - [18/Jun/2022:05:16:29 -0500] "HEAD / HTTP/1.1" 200 -
172.22.2.4 - - [18/Jun/2022:05:15:07 -0500] "HEAD /BLA/boletinlegal/ HTTP/1.1" 200 -
172.22.2.4 - - [18/Jun/2022:05:15:57 -0500] "GET /BLA/boletinlegal/ HTTP/1.1" 200 61027
216.245.221.92 - - [18/Jun/2022:05:21:29 -0500] "HEAD / HTTP/1.1" 200 -
201.245.192.253 - - [18/Jun/2022:05:21:00 -0500] "POST /kwsrmcab/Wsrmcab HTTP/1.1" 200 47211
172.22.2.4 - - [18/Jun/2022:05:22:33 -0500] "GET /BLA/boletinlegal/Circulares/2012/Circular%20No.%2014%20del%2011%20de%20Septiembre%20de%202012.pdf HTTP/1.1" 304 -
172.22.2.4 - - [18/Jun/2022:05:20:57 -0500] "HEAD /BLA/boletinlegal/ HTTP/1.1" 200 -
201.245.192.253 - - [18/Jun/2022:05:21:51 -0500] "POST /kwsrmcab/Wsrmcab HTTP/1.1" 200 47410
172.22.2.4 - - [18/Jun/2022:05:21:47 -0500] "GET /BLA/boletinlegal/ HTTP/1.1" 200 61027
207.46.13.81 - - [18/Jun/2022:05:24:01 -0500] "GET /secretaria-de-ambiente-exalta-a-organizaciones-y-colectivos-en-conmemoracion-del-dia-del-voluntariado-ambiental.html HTTP/1.1" 200 1093
216.245.221.92 - - [18/Jun/2022:05:26:29 -0500] "HEAD / HTTP/1.1" 200 -
172.22.2.4 - - [18/Jun/2022:05:26:47 -0500] "HEAD /BLA/boletinlegal/ HTTP/1.1" 200 -
172.22.2.4 - - [18/Jun/2022:05:27:37 -0500] "GET /BLA/boletinlegal/ HTTP/1.1" 200 58464
216.245.221.92 - - [18/Jun/2022:05:31:29 -0500] "HEAD / HTTP/1.1" 200 -
172.22.2.4 - - [18/Jun/2022:05:30:55 -0500] "GET /BLA/boletinlegal/ HTTP/1.1" 200 24523
201.245.192.253 - - [18/Jun/2022:05:31:00 -0500] "POST /kwsrmcab/Wsrmcab HTTP/1.1" 200 47211
172.22.2.4 - - [18/Jun/2022:05:31:04 -0500] "GET /BLA/boletinlegal/ HTTP/1.1" 200 32715
201.245.192.253 - - [18/Jun/2022:05:31:51 -0500] "POST /kwsrmcab/Wsrmcab HTTP/1.1" 200 47410
66.249.64.113 - - [18/Jun/2022:05:32:51 -0500] "-" 408 -
172.22.2.4 - - [18/Jun/2022:05:32:37 -0500] "HEAD /BLA/boletinlegal/ HTTP/1.1" 200 -
172.22.2.4 - - [18/Jun/2022:05:33:27 -0500] "GET /BLA/boletinlegal/ HTTP/1.1" 200 58464
216.245.221.92 - - [18/Jun/2022:05:36:29 -0500] "HEAD / HTTP/1.1" 200 -
157.55.39.43 - - [18/Jun/2022:05:39:27 -0500] "GET /BLA/resoluciones/AUTOS%202018/3891.pdf HTTP/1.1" 304 -
172.22.2.4 - - [18/Jun/2022:05:38:27 -0500] "HEAD /BLA/boletinlegal/ HTTP/1.1" 200 -
172.22.2.4 - - [18/Jun/2022:05:39:17 -0500] "GET /BLA/boletinlegal/ HTTP/1.1" 200 58464
216.245.221.92 - - [18/Jun/2022:05:41:29 -0500] "HEAD / HTTP/1.1" 200 -
201.245.192.253 - - [18/Jun/2022:05:41:00 -0500] "POST /kwsrmcab/Wsrmcab HTTP/1.1" 200 47211
201.245.192.253 - - [18/Jun/2022:05:41:52 -0500] "POST /kwsrmcab/Wsrmcab HTTP/1.1" 200 47410
172.22.2.4 - - [18/Jun/2022:05:44:17 -0500] "HEAD /BLA/boletinlegal/ HTTP/1.1" 200 -
216.245.221.92 - - [18/Jun/2022:05:46:29 -0500] "HEAD / HTTP/1.1" 200 -
172.22.2.4 - - [18/Jun/2022:05:45:07 -0500] "GET /BLA/boletinlegal/ HTTP/1.1" 200 61027
216.245.221.92 - - [18/Jun/2022:05:51:29 -0500] "HEAD / HTTP/1.1" 200 -
172.22.2.4 - - [18/Jun/2022:05:50:07 -0500] "HEAD /BLA/boletinlegal/ HTTP/1.1" 200 -
173.252.107.14 - - [18/Jun/2022:05:52:14 -0500] "GET /images/Naturalista1.jpeg HTTP/1.1" 200 202073
69.171.251.22 - - [18/Jun/2022:05:52:14 -0500] "GET /images/feria-servicios-tramites-19-mayo.jpg HTTP/1.1" 200 40581
173.252.107.116 - - [18/Jun/2022:05:52:15 -0500] "GET /images/negocios-verdes-mayo-2022.jpg HTTP/1.1" 200 48000
173.252.107.116 - - [18/Jun/2022:05:52:16 -0500] "GET /images/feria-servicios-12-mayo-principal.jpg HTTP/1.1" 200 44744
173.252.107.116 - - [18/Jun/2022:05:52:17 -0500] "GET /images/ptar-alcaldesa-rio-bogota-12-mato.jpg HTTP/1.1" 200 40205
173.252.107.8 - - [18/Jun/2022:05:52:18 -0500] "GET /images/feria-servicios-5-MAYO.jpg HTTP/1.1" 200 39759
173.252.107.21 - - [18/Jun/2022:05:52:18 -0500] "GET /images/secretaria-carolina-economia-circular-6-mayo.jpg HTTP/1.1" 200 33699
69.63.189.22 - - [18/Jun/2022:05:52:18 -0500] "GET /images/Brasil1.jpeg HTTP/1.1" 200 27965
173.252.107.119 - - [18/Jun/2022:05:52:22 -0500] "GET /images/actividades-dia-tierra-22-abril.jpg HTTP/1.1" 200 77276
173.252.107.1 - - [18/Jun/2022:05:52:22 -0500] "GET /images/plantacion-jbb-22-abril.jpg HTTP/1.1" 200 52184
173.252.107.119 - - [18/Jun/2022:05:52:23 -0500] "GET /images/feria-servicios-tramites-puente-aranda-21-abril.jpg HTTP/1.1" 200 28255
173.252.107.2 - - [18/Jun/2022:05:52:23 -0500] "GET /images/bogota-ciudad-pac28-enero.jpg HTTP/1.1" 200 42642
173.252.127.3 - - [18/Jun/2022:05:52:23 -0500] "GET /images/ecosistema-dia-internacional-tierra-21-abril.jpg HTTP/1.1" 200 30098
173.252.107.19 - - [18/Jun/2022:05:52:28 -0500] "GET /images/feria-servicios-cuidamos-bogota-31-marzo.jpg HTTP/1.1" 200 109745
173.252.107.19 - - [18/Jun/2022:05:52:29 -0500] "GET /images/culebra-sabanera-bogota-26-marzo.jpg HTTP/1.1" 200 22555
173.252.107.3 - - [18/Jun/2022:05:52:29 -0500] "GET /images/interpretes-humedales-principal-26-marzo.jpg HTTP/1.1" 200 40211
173.252.107.2 - - [18/Jun/2022:05:52:31 -0500] "GET /images/negocios-verdes-emprendimientos-24-marzo.jpg HTTP/1.1" 200 54522
172.22.2.4 - - [18/Jun/2022:05:50:57 -0500] "GET /BLA/boletinlegal/ HTTP/1.1" 200 61027
216.245.221.92 - - [18/Jun/2022:05:56:29 -0500] "HEAD / HTTP/1.1" 200 -
172.22.2.4 - - [18/Jun/2022:05:55:57 -0500] "HEAD /BLA/boletinlegal/ HTTP/1.1" 200 -
172.22.2.4 - - [18/Jun/2022:05:56:47 -0500] "GET /BLA/boletinlegal/ HTTP/1.1" 200 61027
173.252.107.116 - - [18/Jun/2022:05:58:39 -0500] "GET /las-mujeres-reverdecen-bogota-en-el-dia-mundial-de-los-humedales.html HTTP/1.1" 206 900
173.252.127.18 - - [18/Jun/2022:05:58:39 -0500] "GET /images/mujeres-reverdecen-humedales-2-febrero.jpg HTTP/1.1" 200 47327
185.7.214.104 - - [18/Jun/2022:05:58:40 -0500] "GET /?XDEBUG_SESSION_START=phpstorm HTTP/1.1" 200 319
27.124.32.180 - - [18/Jun/2022:05:59:41 -0500] "\x16\x03\x01" 400 226
27.124.32.180 - - [18/Jun/2022:05:59:52 -0500] "GET / HTTP/1.1" 200 319
27.124.32.180 - - [18/Jun/2022:06:00:09 -0500] "GET /favicon.ico HTTP/1.1" 200 7782
27.124.32.180 - - [18/Jun/2022:06:00:31 -0500] "GET /sitemap.xml HTTP/1.1" 404 1018
31.13.103.120 - - [18/Jun/2022:06:00:48 -0500] "GET /guadalupe-aguanoso-y-otros-tres-caminos-de-los-cerros-estarin-cerrados-este-fin-de-semana.html HTTP/1.1" 206 797
31.13.103.20 - - [18/Jun/2022:06:00:48 -0500] "GET /guadalupe-aguanoso-y-otros-tres-caminos-de-los-cerros-estarin-cerrados-este-fin-de-semana.html HTTP/1.1" 206 797
31.13.103.18 - - [18/Jun/2022:06:00:48 -0500] "GET /guadalupe-aguanoso-y-otros-tres-caminos-de-los-cerros-estarin-cerrados-este-fin-de-semana.html HTTP/1.1" 206 797
31.13.103.2 - - [18/Jun/2022:06:00:48 -0500] "GET /guadalupe-aguanoso-y-otros-tres-caminos-de-los-cerros-estarin-cerrados-este-fin-de-semana.html HTTP/1.1" 206 797
31.13.103.120 - - [18/Jun/2022:06:00:48 -0500] "GET /guadalupe-aguanoso-y-otros-tres-caminos-de-los-cerros-estarin-cerrados-este-fin-de-semana.html HTTP/1.1" 206 797
31.13.103.23 - - [18/Jun/2022:06:00:48 -0500] "GET /guadalupe-aguanoso-y-otros-tres-caminos-de-los-cerros-estarin-cerrados-este-fin-de-semana.html HTTP/1.1" 206 797
216.245.221.92 - - [18/Jun/2022:06:01:29 -0500] "HEAD / HTTP/1.1" 200 -
173.252.107.5 - - [18/Jun/2022:06:02:04 -0500] "GET /conoce-unas-de-las-plantas-endemicas-que-mas-se-ven-en-los-ecosistemas-de-bogota.html HTTP/1.1" 206 927
172.22.2.4 - - [18/Jun/2022:06:01:47 -0500] "HEAD /BLA/boletinlegal/ HTTP/1.1" 200 -
172.22.2.4 - - [18/Jun/2022:06:03:32 -0500] "GET /BLA/boletinlegal/robots.txt HTTP/1.1" 404 1038
172.22.2.4 - - [18/Jun/2022:06:02:37 -0500] "GET /BLA/boletinlegal/ HTTP/1.1" 200 56372
185.7.214.104 - - [18/Jun/2022:06:04:43 -0500] "GET /console/ HTTP/1.1" 404 1018
172.22.2.4 - - [18/Jun/2022:06:03:34 -0500] "GET /BLA/boletinlegal/index.php HTTP/1.1" 200 58928
216.245.221.92 - - [18/Jun/2022:06:06:29 -0500] "HEAD / HTTP/1.1" 200 -
2.57.122.35 - - [18/Jun/2022:06:08:10 -0500] "GET / HTTP/1.1" 200 319
172.22.2.4 - - [18/Jun/2022:06:07:37 -0500] "HEAD /BLA/boletinlegal/ HTTP/1.1" 200 -
172.22.2.4 - - [18/Jun/2022:06:08:27 -0500] "GET /BLA/boletinlegal/ HTTP/1.1" 200 58464
216.245.221.92 - - [18/Jun/2022:06:11:29 -0500] "HEAD / HTTP/1.1" 200 -
157.55.39.127 - - [18/Jun/2022:06:12:51 -0500] "GET /BLA/resoluciones/RESOLUCIONES%202000/2000%201600-1649.tif HTTP/1.1" 200 4758753
172.22.2.4 - - [18/Jun/2022:06:13:27 -0500] "HEAD /BLA/boletinlegal/ HTTP/1.1" 200 -
172.22.2.4 - - [18/Jun/2022:06:14:17 -0500] "GET /BLA/boletinlegal/ HTTP/1.1" 200 57966
216.245.221.92 - - [18/Jun/2022:06:16:29 -0500] "HEAD / HTTP/1.1" 200 -
66.249.64.113 - - [18/Jun/2022:06:17:51 -0500] "-" 408 -
157.55.39.8 - - [18/Jun/2022:06:20:35 -0500] "GET /galeria/galeria/fotos/3humedal-Burro3G.jpg HTTP/1.1" 200 74809
172.22.2.4 - - [18/Jun/2022:06:19:17 -0500] "HEAD /BLA/boletinlegal/ HTTP/1.1" 200 -
216.245.221.92 - - [18/Jun/2022:06:21:29 -0500] "HEAD / HTTP/1.1" 200 -
172.22.2.4 - - [18/Jun/2022:06:20:07 -0500] "GET /BLA/boletinlegal/ HTTP/1.1" 200 60610
201.245.192.253 - - [18/Jun/2022:06:21:00 -0500] "POST /kwsrmcab/Wsrmcab HTTP/1.1" 200 47092
201.245.192.253 - - [18/Jun/2022:06:21:51 -0500] "POST /kwsrmcab/Wsrmcab HTTP/1.1" 200 47438
216.245.221.92 - - [18/Jun/2022:06:26:29 -0500] "HEAD / HTTP/1.1" 200 -
172.22.2.4 - - [18/Jun/2022:06:25:07 -0500] "HEAD /BLA/boletinlegal/ HTTP/1.1" 200 -
172.22.2.4 - - [18/Jun/2022:06:25:57 -0500] "GET /BLA/boletinlegal/ HTTP/1.1" 200 57591
186.102.25.101 - - [18/Jun/2022:06:29:00 -0500] "GET /kwssiamovil/sm/ldap/au?x=U2FsdGVkX19Ng/r3+05p7Y0CCXe8a9yI88bZaSzpwDKmjOt9BpEGPRCbNCiaRFni&y=U2FsdGVkX1/WYvsyvr/4lHssLcA4fE4D8Lgcde96Ak64smvW9OCFgpe1VxFYKKOF HTTP/1.1" 200 30
186.102.25.101 - - [18/Jun/2022:06:29:00 -0500] "GET /kwssiamovil/sm/acme/s?s=U2FsdGVkX188qffbZe3F7UkoReXkPhq30fdFBj3ZFe0NX7K1zUDNV66CFW8F8cBQVv6I0oNRJ26QtmPtLeb9FDY51RtL6xytgypyeTLZKbc=&u=U2FsdGVkX19Xlpuh7eJH5+F1TrRzBLxL16wv2udIkpbsFZ9R851plIzmroFENJ50&y=U2FsdGVkX1/WYvsyvr/4lHssLcA4fE4D8Lgcde96Ak64smvW9OCFgpe1VxFYKKOF HTTP/1.1" 200 97
186.102.25.101 - - [18/Jun/2022:06:29:00 -0500] "GET /kwssiamovil/sm/acme/s?s=U2FsdGVkX19aTDJi6ER+7lNJwPfkk+/SYhWejeq9VBkQMDGgwWFmLI9cYm1fHe48BpywccYI1AXLhy7sBM63K7oRhJwoURZo/XLu0EysgLU0B3Pextfs/8NcdFJNF1G7/hJ7p6MtF8t3Uy4EDbjhgW6LfJMCeBptGDjlUNJfAVYHYGEjrLYac7JLlG0STjuaKMCd2XESlj7Raqfsdi6u7TOIamfL6e6xFZHamgAf3ls56mICWp6F6jpagHuEmPLM1jzIbK+WVSNlo4Lsccdx5GJTi0NM4QeKZjFRDzj8scXWkpxzSXZeV/0QZgZ4qrGde+u2LGsc44nN4Z8KQ7BG8dUu3c/aBWk58JrVzfreuOOv2TPBaDilqAcWiWhOVAUFQfrNZJYsVXHBnwOpIL1Diur2ik1CFgpdnwC6CYCBKkN0AHZajM1ymg3snsXKmtKyBYVkQwhYh5G8l7AZ1YubO3NKTsyqOQSuUtQpbyMKaoYbJhOvUzjM0Tb9W5yQq3e2gIiCZjCFQk2oizcgtpSi954eFn+4Bwx9SqVR6taMq6XQRYhPCrTU9adS8J/6c9jygAKCK1yhm5/vRAyXuJbmkiEEBuOQ9IUKRGP6f5TPLwkuykkPvpW4wq8aoxzPWq5PvRAVwohM9wLpv6MMpRBt/gWg+UZsfBaidnwlhdv7dhCEdhRQ9W1lVHO4+wnxV+sUTvjwaHFZFtg3RZFcZXceW1TO8brBo/8o1RGJQavo8uU08VM13TGnXWMGiqQ26DjngM8Kg3dl7taB71fcSdATTjwYIteka5y7ASGzSo4nv6GLXk3DGy2qD4nnCRLJSCrJKk9XGnLNZq20Tyb5piej7YhRj9Yp9tGr62L6XntMCjVIe2m84QLhffiHF+sag6bKFf0Xycri5gNS/YrKy69ocx70hAG4xaBq3G/HbB4gRdkyKZAcW0SCTPlJUZgxdqbOJSs56jAx1bzRnW2Me/VIzgSEUjnDDCm4sY10eO64zaWbVK6AjCszjGb9kEHr8t0TEQrGYePVChNlEJFvkRTv48F0VzwIEDcPcV4JpPoortxjJ1zIkQl6rSMcPtNdhUm5OzQTOU0IfoLl+YEQrxudXlvXPa2xGe7PDeEULO2D3W5WMz642l0zw37u+D0W20X18dfIuGEzXAzEdXVt+1b6sc8TRNBfy2Fi+l0AJC77Rine3EYBMrvLCSExDiqewsOh0HTjr+l+bG+EgDxujunSh3n444iPPCBUwzA36UxO5mVac8ukIv8FaWMXLXZjh1Kj+t1h+8pw96V8yNPEE4jD/82WgNsUvI2rXzsms5lVmXoorcsK710Vikbaz6UXKMsfbtUTy6Z4Y1OEphZzvynLBerv+4g0TihkmiGnawWDbrk=&u=U2FsdGVkX19Xlpuh7eJH5+F1TrRzBLxL16wv2udIkpbsFZ9R851plIzmroFENJ50&y=U2FsdGVkX1/WYvsyvr/4lHssLcA4fE4D8Lgcde96Ak64smvW9OCFgpe1VxFYKKOF HTTP/1.1" 200 2085
186.102.25.101 - - [18/Jun/2022:06:29:00 -0500] "GET /kwssiamovil/sm/acme/s?s=U2FsdGVkX1/RL1VhVVgmn10qm1q1Q/aJG7ghcryxv8keaFpbm8C0XZkgt/bAUVRf5LSaWN6qzTiJeLO37iCYA9Yb8i6ol8mTgbzLIJo4fvMk0yvyX5XMdYX3Srvep3aVhcklA/dZ3omJbTklkH0qnTas4VJO133v5mtiKSvZQeAnQwj4o+UNQvZCyN9KXmVFiEoCej91PXeWNotHLhVCS2iS1uBoS9SzNUOYCVt0JvmnWnWTDWE4Hs36wjLtQulPoX7kPly/ewNetczwmHgrC+YVQrFZZfYsy2PAQdrE95k=&u=U2FsdGVkX19Xlpuh7eJH5+F1TrRzBLxL16wv2udIkpbsFZ9R851plIzmroFENJ50&y=U2FsdGVkX1/WYvsyvr/4lHssLcA4fE4D8Lgcde96Ak64smvW9OCFgpe1VxFYKKOF HTTP/1.1" 200 176
186.102.25.101 - - [18/Jun/2022:06:29:00 -0500] "GET /kwssiamovil/sm/cjson/pre?f=1&x=U2FsdGVkX19Ng/r3+05p7Y0CCXe8a9yI88bZaSzpwDKmjOt9BpEGPRCbNCiaRFni HTTP/1.1" 200 30992
172.22.2.4 - - [18/Jun/2022:06:29:04 -0500] "GET /BLA/boletinlegal/Circulares/2010/Circular%2004%20de%2021%20de%20abril%20de%202010.pdf HTTP/1.1" 304 -
186.102.25.101 - - [18/Jun/2022:06:29:42 -0500] "GET /kwssiamovil/sm/acme/u?s=U2FsdGVkX1+O5THIuvhkqqw5/z5W8t33HGQlYRIEGc1tx5n+Kh/oHxFRV+4H5xtwtVcs/Nltry0Dnk5EVJT3lNMXVoVY0DyDWZ/ssyQRqGRkn6S9FCzr0oPXPDAXCOuBnD83kyfvqzUNs2Y3x0DdcVSZ040f+jv+oh0jpCfR/5Ti/TlkxD9nsCvfnrsS1K0GnuQDJMihpX05kEhbiaBa3eqnIvm4Ngfl0ODQINBXsT4/+XiYNTL/3Ty3ZVyjFy0E&u=U2FsdGVkX19Xlpuh7eJH5+F1TrRzBLxL16wv2udIkpbsFZ9R851plIzmroFENJ50&y=U2FsdGVkX1/WYvsyvr/4lHssLcA4fE4D8Lgcde96Ak64smvW9OCFgpe1VxFYKKOF HTTP/1.1" 200 60
216.245.221.92 - - [18/Jun/2022:06:31:29 -0500] "HEAD / HTTP/1.1" 200 -
201.245.192.253 - - [18/Jun/2022:06:31:00 -0500] "POST /kwsrmcab/Wsrmcab HTTP/1.1" 200 47092
172.22.2.4 - - [18/Jun/2022:06:30:57 -0500] "HEAD /BLA/boletinlegal/ HTTP/1.1" 200 -
201.245.192.253 - - [18/Jun/2022:06:31:52 -0500] "POST /kwsrmcab/Wsrmcab HTTP/1.1" 200 47438
172.22.2.4 - - [18/Jun/2022:06:31:47 -0500] "GET /BLA/boletinlegal/ HTTP/1.1" 200 61027
207.46.13.134 - - [18/Jun/2022:06:33:54 -0500] "GET /portaldeninos/wp-content/uploads/2021/07/Ficha-ara%C3%B1a.jpg HTTP/1.1" 200 217937
186.102.25.101 - - [18/Jun/2022:06:34:02 -0500] "GET /kwssiamovil/sm/ldap/au?x=U2FsdGVkX18+Enj5xtBd4ta5RSWOT0fYquNB6lFH8SKnEMigAEynOGynxkAGPuZu&y=U2FsdGVkX1/33rCmfllCmr/lnIaJGv2WRJPGxRSxOKMIgmBxnuXbOINUrmG94q5m HTTP/1.1" 200 30
186.102.25.101 - - [18/Jun/2022:06:34:02 -0500] "GET /kwssiamovil/sm/acme/s?s=U2FsdGVkX18ZJ8poyVtBFqIJ5hQWIWRW8JPlZ6oX1vT2qoMbNG99Eu50zggTdNvRXSUxIJIFj7xiojAWkT9qCetcd67pSbgVHQYtizxVLOo=&u=U2FsdGVkX19LB8VSmRwXzrXUjncr7hLAbJNBJ5kmFQGvbfBgc4e0HP/A0vtkUbT6&y=U2FsdGVkX1/33rCmfllCmr/lnIaJGv2WRJPGxRSxOKMIgmBxnuXbOINUrmG94q5m HTTP/1.1" 200 97
