172.22.2.4 - - [18/Jun/2022:14:31:34 -0500] "GET /BLA/boletinlegal/images/docs.png HTTP/1.1" 200 10288
172.22.2.4 - - [18/Jun/2022:14:30:06 -0500] "GET /BLA/boletinlegal/ HTTP/1.1" 200 52639
201.245.192.253 - - [18/Jun/2022:14:30:58 -0500] "POST /kwsrmcab/Wsrmcab HTTP/1.1" 200 47113
172.22.2.4 - - [18/Jun/2022:14:31:57 -0500] "GET /BLA/boletinlegal/consulta_actos.php?tipo=resoluciones&no=0649&usuario=&sector=&fecha=2022&resuelve= HTTP/1.1" 200 626
172.22.2.4 - - [18/Jun/2022:14:30:22 -0500] "GET /BLA/boletinlegal/ HTTP/1.1" 200 55012
172.22.2.4 - - [18/Jun/2022:14:32:11 -0500] "GET /BLA/boletinlegal/consulta_actos.php?tipo=resoluciones&no=0649&usuario=&sector=&fecha=2022&resuelve= HTTP/1.1" 200 626
172.22.2.4 - - [18/Jun/2022:14:32:11 -0500] "GET /BLA/boletinlegal/consulta_actos.php?tipo=resoluciones&no=0649&usuario=&sector=&fecha=2022&resuelve= HTTP/1.1" 200 626
172.22.2.4 - - [18/Jun/2022:14:32:11 -0500] "GET /BLA/boletinlegal/consulta_actos.php?tipo=resoluciones&no=0649&usuario=&sector=&fecha=2022&resuelve= HTTP/1.1" 200 626
172.22.2.4 - - [18/Jun/2022:14:32:12 -0500] "GET /BLA/boletinlegal/consulta_actos.php?tipo=resoluciones&no=0649&usuario=&sector=&fecha=2022&resuelve= HTTP/1.1" 200 626
172.22.2.4 - - [18/Jun/2022:14:32:12 -0500] "GET /BLA/boletinlegal/consulta_actos.php?tipo=resoluciones&no=0649&usuario=&sector=&fecha=2022&resuelve= HTTP/1.1" 200 626
172.22.2.4 - - [18/Jun/2022:14:32:12 -0500] "GET /BLA/boletinlegal/consulta_actos.php?tipo=resoluciones&no=0649&usuario=&sector=&fecha=2022&resuelve= HTTP/1.1" 200 626
172.22.2.4 - - [18/Jun/2022:14:32:14 -0500] "GET /BLA/boletinlegal/consulta_actos.php?tipo=resoluciones&no=0649&usuario=&sector=&fecha=2022&resuelve= HTTP/1.1" 200 626
172.22.2.4 - - [18/Jun/2022:14:32:15 -0500] "GET /BLA/boletinlegal/consulta_actos.php?tipo=resoluciones&no=0649&usuario=&sector=&fecha=2022&resuelve= HTTP/1.1" 200 626
201.245.192.253 - - [18/Jun/2022:14:31:49 -0500] "POST /kwsrmcab/Wsrmcab HTTP/1.1" 200 47735
172.22.2.4 - - [18/Jun/2022:14:33:24 -0500] "GET /BLA/boletinlegal/consulta_actos.php?tipo=resoluciones&no=0649&usuario=&sector=&fecha=2022&resuelve= HTTP/1.1" 200 626
172.22.2.4 - - [18/Jun/2022:14:33:24 -0500] "GET /BLA/boletinlegal/consulta_actos.php?tipo=resoluciones&no=0649&usuario=&sector=&fecha=2022&resuelve= HTTP/1.1" 200 626
172.22.2.4 - - [18/Jun/2022:14:33:27 -0500] "GET /BLA/boletinlegal/consulta_actos.php?tipo=resoluciones&no=0649&usuario=&sector=&fecha=2021&resuelve= HTTP/1.1" 200 1221
216.245.221.92 - - [18/Jun/2022:14:36:28 -0500] "HEAD / HTTP/1.1" 200 -
172.22.2.4 - - [18/Jun/2022:14:35:06 -0500] "HEAD /BLA/boletinlegal/ HTTP/1.1" 200 -
172.22.2.4 - - [18/Jun/2022:14:35:56 -0500] "GET /BLA/boletinlegal/ HTTP/1.1" 200 61027
66.249.65.13 - - [18/Jun/2022:14:37:53 -0500] "-" 408 -
40.77.167.43 - - [18/Jun/2022:14:38:32 -0500] "GET /BLA/resoluciones/AUTOS%202014/3249.pdf HTTP/1.1" 304 -
172.22.2.4 - - [18/Jun/2022:14:38:49 -0500] "GET /BLA/boletinlegal/style.css HTTP/1.1" 200 9406
172.22.2.4 - - [18/Jun/2022:14:38:49 -0500] "GET /BLA/boletinlegal/styles2.css HTTP/1.1" 200 1838
172.22.2.4 - - [18/Jun/2022:14:38:49 -0500] "GET /BLA/boletinlegal/js/jquery.js HTTP/1.1" 200 57254
172.22.2.4 - - [18/Jun/2022:14:38:49 -0500] "GET /BLA/boletinlegal/js/jquery.scrollTo-min.js HTTP/1.1" 200 1150
172.22.2.4 - - [18/Jun/2022:14:38:49 -0500] "GET /BLA/boletinlegal/js/jquery.scrollShow.js HTTP/1.1" 200 4586
172.22.2.4 - - [18/Jun/2022:14:38:49 -0500] "GET /BLA/boletinlegal/images/cabezote%20BLEGAL.jpg HTTP/1.1" 200 118164
172.22.2.4 - - [18/Jun/2022:14:38:49 -0500] "GET /BLA/boletinlegal/images/subscribe-icon-big.png HTTP/1.1" 200 47702
172.22.2.4 - - [18/Jun/2022:14:38:49 -0500] "GET /BLA/boletinlegal/images/historia.png HTTP/1.1" 200 52775
172.22.2.4 - - [18/Jun/2022:14:38:49 -0500] "GET /BLA/boletinlegal/images/arr_l.jpg HTTP/1.1" 200 1979
172.22.2.4 - - [18/Jun/2022:14:38:49 -0500] "GET /BLA/boletinlegal/images/registro-usuarios.png HTTP/1.1" 200 8106
172.22.2.4 - - [18/Jun/2022:14:38:49 -0500] "GET /BLA/boletinlegal/images/menu_bg.jpg HTTP/1.1" 200 620
172.22.2.4 - - [18/Jun/2022:14:38:49 -0500] "GET /BLA/boletinlegal/images/menu_rght.gif HTTP/1.1" 200 1627
172.22.2.4 - - [18/Jun/2022:14:38:49 -0500] "GET /BLA/boletinlegal/images/hover.jpg HTTP/1.1" 200 640
172.22.2.4 - - [18/Jun/2022:14:38:49 -0500] "GET /BLA/boletinlegal/images/body_bg.jpg HTTP/1.1" 200 1601
172.22.2.4 - - [18/Jun/2022:14:38:49 -0500] "GET /BLA/boletinlegal/images/menu_lft.gif HTTP/1.1" 200 1713
172.22.2.4 - - [18/Jun/2022:14:38:49 -0500] "GET /BLA/boletinlegal/images/bg_top.jpg HTTP/1.1" 200 522
172.22.2.4 - - [18/Jun/2022:14:38:49 -0500] "GET /BLA/boletinlegal/images/text.jpg HTTP/1.1" 200 568
172.22.2.4 - - [18/Jun/2022:14:38:49 -0500] "GET /BLA/boletinlegal/images/screen_1.png HTTP/1.1" 200 202547
172.22.2.4 - - [18/Jun/2022:14:38:49 -0500] "GET /BLA/boletinlegal/images/launch.jpg HTTP/1.1" 200 14577
172.22.2.4 - - [18/Jun/2022:14:38:52 -0500] "GET /BLA/boletinlegal/actos.php HTTP/1.1" 200 9559
172.22.2.4 - - [18/Jun/2022:14:38:52 -0500] "GET /BLA/boletinlegal/js/ajax_actos.js HTTP/1.1" 200 1322
172.22.2.4 - - [18/Jun/2022:14:38:52 -0500] "GET /BLA/boletinlegal/js/popup.js HTTP/1.1" 200 1270
172.22.2.4 - - [18/Jun/2022:14:38:52 -0500] "GET /BLA/boletinlegal/niceforms.js HTTP/1.1" 200 22876
172.22.2.4 - - [18/Jun/2022:14:38:52 -0500] "GET /BLA/boletinlegal/niceforms-default.css HTTP/1.1" 200 6694
172.22.2.4 - - [18/Jun/2022:14:38:52 -0500] "GET /BLA/boletinlegal/js/lib.js HTTP/1.1" 200 6474
172.22.2.4 - - [18/Jun/2022:14:38:52 -0500] "GET /BLA/boletinlegal/images/green-yellow-blue-pink-th.png HTTP/1.1" 200 7394
172.22.2.4 - - [18/Jun/2022:14:38:52 -0500] "GET /BLA/boletinlegal/js/jquery1.js HTTP/1.1" 200 29846
172.22.2.4 - - [18/Jun/2022:14:38:52 -0500] "GET /BLA/boletinlegal/images/abajo.png HTTP/1.1" 200 96676
172.22.2.4 - - [18/Jun/2022:14:38:52 -0500] "GET /BLA/boletinlegal/images/tel.png HTTP/1.1" 200 14477
172.22.2.4 - - [18/Jun/2022:14:38:52 -0500] "GET /BLA/boletinlegal/images/icono-email.png HTTP/1.1" 200 5544
172.22.2.4 - - [18/Jun/2022:14:38:52 -0500] "GET /BLA/boletinlegal/images/footer_bg.jpg HTTP/1.1" 200 586
172.22.2.4 - - [18/Jun/2022:14:38:52 -0500] "GET /BLA/boletinlegal/images/footer_bg_l.jpg HTTP/1.1" 200 776
172.22.2.4 - - [18/Jun/2022:14:38:52 -0500] "GET /BLA/boletinlegal/img/0.png HTTP/1.1" 200 110
172.22.2.4 - - [18/Jun/2022:14:38:52 -0500] "GET /BLA/boletinlegal/img/select-left.png HTTP/1.1" 200 263
172.22.2.4 - - [18/Jun/2022:14:38:52 -0500] "GET /BLA/boletinlegal/img/select-right.png HTTP/1.1" 200 44019
172.22.2.4 - - [18/Jun/2022:14:38:52 -0500] "GET /BLA/boletinlegal/img/button-left.png HTTP/1.1" 200 57071
172.22.2.4 - - [18/Jun/2022:14:38:52 -0500] "GET /BLA/boletinlegal/img/button-right.png HTTP/1.1" 200 57878
172.22.2.4 - - [18/Jun/2022:14:38:52 -0500] "GET /BLA/boletinlegal/img/button.png HTTP/1.1" 200 43241
172.22.2.4 - - [18/Jun/2022:14:38:52 -0500] "GET /BLA/boletinlegal/favicon.ico HTTP/1.1" 404 1326
204.199.117.197 - - [18/Jun/2022:14:38:56 -0500] "GET /BLA/resoluciones/dlf/styles.css HTTP/1.1" 200 3049
204.199.117.197 - - [18/Jun/2022:14:38:55 -0500] "GET /BLA/resoluciones/ HTTP/1.1" 200 13093
204.199.117.197 - - [18/Jun/2022:14:38:56 -0500] "GET /BLA/resoluciones/dlf/folder.png HTTP/1.1" 200 410
204.199.117.197 - - [18/Jun/2022:14:38:56 -0500] "GET /BLA/resoluciones/dlf/bg.gif HTTP/1.1" 200 54
204.199.117.197 - - [18/Jun/2022:14:38:56 -0500] "GET /favicon.ico HTTP/1.1" 200 7782
204.199.117.197 - - [18/Jun/2022:14:39:08 -0500] "GET /BLA/resoluciones/dlf/dirup.png HTTP/1.1" 200 644
204.199.117.197 - - [18/Jun/2022:14:39:08 -0500] "GET /BLA/resoluciones/dlf/pdf.gif HTTP/1.1" 200 272
204.199.117.197 - - [18/Jun/2022:14:39:08 -0500] "GET /BLA/resoluciones/index.php?dir=AUTOS+2010%2F HTTP/1.1" 200 276453
172.22.2.4 - - [18/Jun/2022:14:38:48 -0500] "GET /BLA/boletinlegal/ HTTP/1.1" 200 24523
181.59.251.156 - - [18/Jun/2022:14:39:50 -0500] "OPTIONS /kwssiamovil/sm/setfile/f? HTTP/1.1" 200 13
181.59.251.156 - - [18/Jun/2022:14:39:50 -0500] "POST /kwssiamovil/sm/setfile/f? HTTP/1.1" 200 381
186.80.52.1 - - [18/Jun/2022:14:39:57 -0500] "POST /appsia/controlador HTTP/1.1" 200 3226
186.80.52.1 - - [18/Jun/2022:14:39:57 -0500] "GET /appsia/jscripts/validarSolicitud.js HTTP/1.1" 404 68
186.80.52.1 - - [18/Jun/2022:14:40:00 -0500] "POST /appsia/controlador HTTP/1.1" 200 4799
204.199.117.197 - - [18/Jun/2022:14:40:10 -0500] "GET /BLA/resoluciones/index.php?dir=RESOLUCIONES+2011%2F HTTP/1.1" 200 746823
181.59.251.156 - - [18/Jun/2022:14:40:15 -0500] "GET /kwssiamovil/sm/acme/a?s=U2FsdGVkX18i6dJr0rNKsvpyJ/vRxhKGhTgw6lOwymO/2/XhZ8qtwHMvWmRRVttKCKHxoe2IRarjNNYgAikxvdvVVvB8qGi08INq9xS4h9VGstCBASuLAJABC5BTYCfEmkloiOA4FQGGCND34CbLtvXHAU1S1PGgYVRDLMAfWvjEOiRiUInqrkailwwmhjjb452joOjJ9GR/Xopm49PJ6zfCnIMUnF5rRk0e9wjatd9AAnHNIXiwDA+NG3LRmFHUuIWUdjeIHS2eX8JIzZfpIg==&u=U2FsdGVkX18r+90ifp33lPjc/DnffPHoBy2s27v13mQ=&y=U2FsdGVkX1+EgqEoBglbi8UQhOtiWKz37PlTKLqHihtqPuo+kyCI0f/8tC5dW6jz HTTP/1.1" 200 25
181.59.251.156 - - [18/Jun/2022:14:40:16 -0500] "GET /kwssiamovil/sm/acme/a?s=U2FsdGVkX19z8Dy+cJqWGJSjaOm5Roj0zrOgD6pPoQ8rG7ZY0/eM7gN3QFNZTtcJqLUbHREhBX85EBpcQKpDDNvgSdx2QwbP9oFyEbF1L6rJPTFwhbRU7EB/E4PBP/fbUx6qKqp7kFC069GNXj7/QwnhBzBcfB09lUIpc6iaAnWKwuQsxlvQnEX28W4DqiQixA1g5X4KccSuTYpwtMycJOCX6YIxFZIB0dCoS3cIjTDp+J1DOBj4kOicSjEArXqDlUVpqKjDyZvp+Xd8kGDwF/moaQEMeMLLtTXyVjOlMeuTH6pi+P52plYxvYgO77OsGh9BvzbtX4BvjSwSITEG5Oln6Homlda8CvJzA2+uKCiixSKGZX5DAI+1Agf3KO+fe8vScdfHfbZCp1sceJaGTdiG4bPlAX5veUyCShZEGKuH0Ab32OTkAdvQK6gwtc3Db3uW8ovkisVtPQegrS5/n790csabN06+mjOeSfPLsiDAXQ8QyTmx9QBfqbXlpHU9kA6DmkH599e9iC2o/bUEA64cnIryuJGWsV3kQPlbbtfHKzJ94lMyzO0w20OOnnJMsLeMpi4yswPvgOKfU11SEOUeEHP9ew0U88pAkwsnkCbDGXVuTCf0cLpidYSeWbmrlJggaKAv/6p/wjCLKgVRz/ZC6c1LGqt5xa400WCsDrP/YEQz2b88CYPeH9I48HRHjYF2AT9zec/CvudpE/Gc/oJiAZIzrHUW1PwSzoYRhoX2nezFBcEp4G/FiJvpjWJ5WQXZ0nkQsALBcAd+iDx/5WxUppqgWORJNGny7tV5a4fKQSY+1LyOrCwDlbQa2mEcZby8lIS+lpvXgePTWBH1kxT+U9O8HUvkWw7RVPF8PNq7cHVsPb682lO7z4F1OY6U6s7y4CwBZjhd6tnpcUYeKwdZ+yQs0lBL6gqxf9/CuhkXVFaZ9gbS54Ne4rxSB4FzVsdeLSgDZS4ErbGK/BarLsVII+y1ZH/ZjQRC3gSJQPUFMtCDCV8qUQswcns6PVX1XOO1jm4PytCVw9CzzMfVyWkKFTepAKM0mkMZM1mptjtSy+wFLJ8JeV7csbZXY5pV6yLpXVyqT06AGdtvkkbIta+10K3srFoTNU5V5Y6JeeZ3JUG8V4OpiIRL5PDOBIYJsbHv0JNdsGQA5NwpUNhiGGdJFY8rBzxv/pRQMNYnBrKGhFawJWIE3qcVqTzWXkVBy/nuBuuOuWDE7ucQUVWbESBZdCayzpHk/dEaGSSsKew6U8P2Llwhl2uQinmEzP3kUyPSK+ytLVY9af0Av/ayfqdgPvjTrM1B00uYW9uKzipxhkxHD3IzAO/AYNdZAi7dhFUkPXp3zn0SHO+nzfL0ry2is2SJfXf0naSYqts46nkxDiQCruYxKWCCLTiMRJ0/yQhZcmhnjce/Ajs7i1EdH6QXhiP5kd7UJypVAU0Ufx6bnpPM/TgbfAZfZ+Bdoi2Q5kmfD96Fm3Cr878/lHj7vkOZig/iPqZKlIwszwjyb+xYH/RvY9tocZ4gP9JDHDNtjpj37nhctohiJet6SWQ3G/wCB7d9cqNKeSru41/DnUd5wSZEa1aamagL+spY+HoROMhRf6Tc2XaC+nLOhueM+EfoTJ/ad53hooAiyVwX0hgpsntjsyLUnLlrRJQqnt0S8DgOpYxtsp4c3AGkjprynuGEOOhtv8FxgbsIDKtN3BW52Dcmmn0Ynnr0p4onc5dtTlFZ8/A1q3X23Al2cc3l4tweZZ1oocVqC3fdY5LsewCssGC74fQqR8AkosznvWIpDH++6c0YNDTHq87Q7UbNkEU6TMzBOwTRPQcKwu589mH9BgZKB5Mn8SGV0ru8TdXdQOnukr6XC6DMZvkfKT85dbq/cCohgE3eOG6ES28Lq1eOMbasb0htZu/uquZclIR/jrUCUyk+UuhQhEEdC/Tzhr24TT1bo6F1NGst0yeEdL3TNhTZgPvMq7GyQlZsJfzln/63jXJcAF02qS1WcsEz7+bgyRd8c8MZjXWLIGFWhN1hFi4X83VDNredfsLWz6mNW70e9PP+a3n5/3UlMk5GqX47RzzPLcq0FId4HR4ytqZv8cpEWX4qNOERZut0ONpqB21wYvjmU3RWncqHxaZ+fv3UsSqSAsyxqxOa/1fYZh1nbUySoQ+HtEh9Qn7pz+2gMOavogi4yaSCraCZcpa5LhFAKXVmjH0zEPUqHZ6CJgo=&u=U2FsdGVkX18r+90ifp33lPjc/DnffPHoBy2s27v13mQ=&y=U2FsdGVkX1+EgqEoBglbi8UQhOtiWKz37PlTKLqHihtqPuo+kyCI0f/8tC5dW6jz HTTP/1.1" 200 25
181.59.251.156 - - [18/Jun/2022:14:40:16 -0500] "GET /kwssiamovil/sm/acme/a?s=U2FsdGVkX1+vk5gXUWrPoUe2LvWI0GCjVnky+sGM4twK0dmg5cyVnPQHWvyZakaVkZF5YbepySjxqP8/TVynTLZPbCnVF9o0rpbedcTrod6YQqfeUrDVpBCTdW4hq3OGUZlzfcqkhd/1G/9mun5nuyn/+OE/OYGk1bJNtW1+0JM=&u=U2FsdGVkX18r+90ifp33lPjc/DnffPHoBy2s27v13mQ=&y=U2FsdGVkX1+EgqEoBglbi8UQhOtiWKz37PlTKLqHihtqPuo+kyCI0f/8tC5dW6jz HTTP/1.1" 200 25
181.59.251.156 - - [18/Jun/2022:14:40:16 -0500] "GET /kwssiamovil/sm/acme/a?s=U2FsdGVkX1/ctjhxmYQevhz4hFLWpLif2sEsXLkuSQ1BwzZS3QpofUM0tuDq0usFHjvuKrd7goUCvEiO7utbvrkuJqsMj+BHDXeb8b1zKglUHGw6N6WruaDV3WIeQDLwccz5y1wfZv117PhhRDSDYqKxl5QqBLTd3tzAJWMgFD8=&u=U2FsdGVkX18r+90ifp33lPjc/DnffPHoBy2s27v13mQ=&y=U2FsdGVkX1+EgqEoBglbi8UQhOtiWKz37PlTKLqHihtqPuo+kyCI0f/8tC5dW6jz HTTP/1.1" 200 25
181.59.251.156 - - [18/Jun/2022:14:40:16 -0500] "GET /kwssiamovil/sm/acme/a?s=U2FsdGVkX18fbw7NfKhP32yRQlbEinaEwDR35Mfbi9+8cRWS0MgutsE5xRQLIxl2cbTT2vGhFWHz4zb0F5/MyId+dESUkPlMmtF+GFY4Vfd1h65t8ilttzlEm08KOW8zE13CMCWonhcwWcRgZvbwkUm7bYr+F9UmJo00fFvyE6E=&u=U2FsdGVkX18r+90ifp33lPjc/DnffPHoBy2s27v13mQ=&y=U2FsdGVkX1+EgqEoBglbi8UQhOtiWKz37PlTKLqHihtqPuo+kyCI0f/8tC5dW6jz HTTP/1.1" 200 25
181.59.251.156 - - [18/Jun/2022:14:40:16 -0500] "GET /kwssiamovil/sm/acme/a?s=U2FsdGVkX185pw6uGOAePLppTHsw+KUht9MaWnQzeHIL8DcnZEsrRJdjS7lVbWxGN3MF9WmMDyGOQU3fbXZwMsdirY7QEzsy39TM2U9lcNmXKXofqIoQiTXiUz4Ht3Pb4xRF1cIjaDOpJc3N24g9p52k2zaZlXIwpvoIplfGc/+1TPOYvBXr1Os/AY7F9pg+&u=U2FsdGVkX18r+90ifp33lPjc/DnffPHoBy2s27v13mQ=&y=U2FsdGVkX1+EgqEoBglbi8UQhOtiWKz37PlTKLqHihtqPuo+kyCI0f/8tC5dW6jz HTTP/1.1" 200 25
181.59.251.156 - - [18/Jun/2022:14:40:17 -0500] "GET /kwssiamovil/sm/acme/a?s=U2FsdGVkX18J0gfIREw6JGd0OU+gnA9w9pE5cxhHau8y1wtCc1NLXVPvLAC/kltzrZ/sLsYV/IEwjr+CFAlc5yS046/M6UJnKyORgIRGCl1vIJNZQF29se9KiWCj7GdcuI/KuxZrjiauWwNWsjeQ9x9YDbV649SCK7ziWwRjH20HK84j4rJpAtLZngWhzat5edJonyS8nN9qwi/z3oe2hWoQMg9ZS0xTPpA8qd1MkYCbLNKwzk4/TtivZxcORGVXP5fx2fPGljjGX67A/NPr87OkVLUAD3SJIKwxY4Z6pdjAIMC6K1AqulKGZPw2F1yES28DHzY0TfffgfXVHTJywGtaFQDsNTSuOEG1ytMspoq+q+CiIcSvD9penp7WA0xaPCpfNt8ecLrUSpvh8F4iNg==&u=U2FsdGVkX18r+90ifp33lPjc/DnffPHoBy2s27v13mQ=&y=U2FsdGVkX1+EgqEoBglbi8UQhOtiWKz37PlTKLqHihtqPuo+kyCI0f/8tC5dW6jz HTTP/1.1" 200 25
181.59.251.156 - - [18/Jun/2022:14:40:17 -0500] "GET /kwssiamovil/sm/acme/a?s=U2FsdGVkX19d2T4iDFP6yBnXjgbteWbgPUYfG3H1llF98rG8zoBz0bmkBisMrcRTK9owmZJ6Ab7pMi0mQV0ZFoyxivVBU/0UKaBfyFUF8vQZyIhaY3xBrroN/QTPFcMLJQAcbc5vqCoFRQ00ME+uPJIeikBRRDmaO0pQ8LQki7bVqsSlS4s82Y/NRWn4wvIkhqXrMeNClXH2XQC+6vBYVzCXkvOUqd6p9RnJNE5mdXnTHzMP4Yl8/edxHw7+3Z9gFq1Uy3AesIX5aP87vfjh5968E1dSOYIJcd41RxN4XaUN3m+iteonNH2UXRGmqtFRCxSVFelJ5CTXHsxfUuBbmIuiq9a56drtRc1zJ5zV06hGXfR8tGDUuxVk21GP9V6B&u=U2FsdGVkX18r+90ifp33lPjc/DnffPHoBy2s27v13mQ=&y=U2FsdGVkX1+EgqEoBglbi8UQhOtiWKz37PlTKLqHihtqPuo+kyCI0f/8tC5dW6jz HTTP/1.1" 200 25
172.22.2.4 - - [18/Jun/2022:14:40:32 -0500] "GET /BLA/boletinlegal/Directivas/2013/Directiva%20No.%202%20del%2004%20de%20Abril%20de%202013.pdf HTTP/1.1" 200 1182671
172.22.2.4 - - [18/Jun/2022:14:40:34 -0500] "GET /BLA/boletinlegal/consulta_actos.php?tipo=resoluciones&no=3172&usuario=&sector=&fecha=2021&resuelve= HTTP/1.1" 200 1087
186.115.225.115 - - [18/Jun/2022:14:40:39 -0500] "GET /BLA/resoluciones/RESOLUCIONES%202021/3172.pdf HTTP/1.1" 200 460703
186.115.225.115 - - [18/Jun/2022:14:40:39 -0500] "GET /BLA/resoluciones/RESOLUCIONES%202021/3172.pdf HTTP/1.1" 206 1025
186.115.225.115 - - [18/Jun/2022:14:40:39 -0500] "GET /BLA/resoluciones/RESOLUCIONES%202021/3172.pdf HTTP/1.1" 200 460703
40.77.167.43 - - [18/Jun/2022:14:40:50 -0500] "GET /BLA/resoluciones/index.php?dir=RESOLUCIONES+2008%2F HTTP/1.1" 200 976272
204.199.117.197 - - [18/Jun/2022:14:41:00 -0500] "GET /BLA/resoluciones/RESOLUCIONES%202011/3268.pdf HTTP/1.1" 200 427809
216.245.221.92 - - [18/Jun/2022:14:41:28 -0500] "HEAD / HTTP/1.1" 200 -
201.245.192.253 - - [18/Jun/2022:14:40:59 -0500] "POST /kwsrmcab/Wsrmcab HTTP/1.1" 200 47113
157.55.39.31 - - [18/Jun/2022:14:42:01 -0500] "GET /sipse/faces/faces/autenticacion.xhtml HTTP/1.1" 200 12493
172.22.2.4 - - [18/Jun/2022:14:40:56 -0500] "HEAD /BLA/boletinlegal/ HTTP/1.1" 200 -
201.245.192.253 - - [18/Jun/2022:14:41:49 -0500] "POST /kwsrmcab/Wsrmcab HTTP/1.1" 200 47735
207.46.13.138 - - [18/Jun/2022:14:42:46 -0500] "GET /BLA/boletinlegal/Directivas/2018/Directiva%20No.%2023%20del%2026%20de%20diciembre%20de%202018.pdf HTTP/1.1" 304 -
172.22.2.4 - - [18/Jun/2022:14:41:46 -0500] "GET /BLA/boletinlegal/ HTTP/1.1" 200 58464
40.77.167.43 - - [18/Jun/2022:14:45:12 -0500] "GET /BLA/resoluciones/AUTOS%202011/1719.pdf HTTP/1.1" 304 -
66.249.65.13 - - [18/Jun/2022:14:45:45 -0500] "-" 408 -
216.245.221.92 - - [18/Jun/2022:14:46:28 -0500] "HEAD / HTTP/1.1" 200 -
172.22.2.4 - - [18/Jun/2022:14:46:46 -0500] "HEAD /BLA/boletinlegal/ HTTP/1.1" 200 -
172.22.2.4 - - [18/Jun/2022:14:47:36 -0500] "GET /BLA/boletinlegal/ HTTP/1.1" 200 58464
173.252.127.118 - - [18/Jun/2022:14:50:17 -0500] "GET /images/semana-santa-ramos-policia-7-abril.jpg HTTP/1.1" 200 43922
216.245.221.92 - - [18/Jun/2022:14:51:28 -0500] "HEAD / HTTP/1.1" 200 -
66.249.65.13 - - [18/Jun/2022:14:51:35 -0500] "-" 408 -
186.30.75.38 - - [18/Jun/2022:14:52:10 -0500] "GET /BLA/resoluciones/index.php?dir=AUTOS+2011%2F HTTP/1.1" 200 632831
186.30.75.38 - - [18/Jun/2022:14:52:30 -0500] "GET /BLA/resoluciones/AUTOS%202011/1722.pdf HTTP/1.1" 200 161024
172.22.2.4 - - [18/Jun/2022:14:52:36 -0500] "HEAD /BLA/boletinlegal/ HTTP/1.1" 200 -
34.91.140.153 - - [18/Jun/2022:14:55:01 -0500] "GET / HTTP/1.1" 200 319
172.22.2.4 - - [18/Jun/2022:14:53:26 -0500] "GET /BLA/boletinlegal/ HTTP/1.1" 200 57966
204.199.117.197 - - [18/Jun/2022:14:55:39 -0500] "GET /BLA/resoluciones/ HTTP/1.1" 200 13093
204.199.117.197 - - [18/Jun/2022:14:55:47 -0500] "GET /BLA/resoluciones/index.php?dir=RESOLUCIONES+2009%2F HTTP/1.1" 200 1694101
216.245.221.92 - - [18/Jun/2022:14:56:28 -0500] "HEAD / HTTP/1.1" 200 -
204.199.117.197 - - [18/Jun/2022:14:56:28 -0500] "GET /BLA/resoluciones/RESOLUCIONES%202009/6129.pdf HTTP/1.1" 200 494433
66.249.65.13 - - [18/Jun/2022:14:58:27 -0500] "-" 408 -
172.22.2.4 - - [18/Jun/2022:14:58:26 -0500] "HEAD /BLA/boletinlegal/ HTTP/1.1" 200 -
172.22.2.4 - - [18/Jun/2022:14:59:16 -0500] "GET /BLA/boletinlegal/ HTTP/1.1" 200 61027
216.245.221.92 - - [18/Jun/2022:15:01:28 -0500] "HEAD / HTTP/1.1" 200 -
217.182.171.12 - - [18/Jun/2022:15:02:39 -0500] "HEAD /BLA/resoluciones/AUTOS%202016/0044.pdf HTTP/1.1" 200 -
172.22.2.4 - - [18/Jun/2022:15:02:56 -0500] "GET /BLA/boletinlegal/consulta_actos.php?tipo=autos&no=2001&usuario=&sector=&fecha=2014&resuelve= HTTP/1.1" 200 1076
190.66.220.39 - - [18/Jun/2022:15:03:22 -0500] "GET /BLA/resoluciones/AUTOS%202014/2001.pdf HTTP/1.1" 200 860137
190.66.220.39 - - [18/Jun/2022:15:03:23 -0500] "GET /favicon.ico HTTP/1.1" 200 7782
172.22.2.4 - - [18/Jun/2022:15:03:28 -0500] "GET /BLA/boletinlegal/consulta_actos.php?tipo=resoluciones&no=5663&usuario=&sector=&fecha=2021&resuelve= HTTP/1.1" 200 626
172.22.2.4 - - [18/Jun/2022:15:03:54 -0500] "GET /BLA/boletinlegal/consulta_actos.php?tipo=resoluciones&no=5636&usuario=&sector=&fecha=2021&resuelve= HTTP/1.1" 200 1121
186.102.60.89 - - [18/Jun/2022:15:03:58 -0500] "GET /kwssiamovil/sm/ldap/au?x=U2FsdGVkX19ACNS2v6dQlR7flCIN+iktKMJWoG6n8HRjJfS45fwtlugDU3OYQ2545WElh06fyvZ1qj+GD96N/Q==&y=U2FsdGVkX19PqrM6BpvdeBzV3KDnjD35I14QpzRieHht3N5SNJmkyACZTdCxJD/C HTTP/1.1" 200 30
186.102.60.89 - - [18/Jun/2022:15:03:58 -0500] "GET /kwssiamovil/sm/acme/s?s=U2FsdGVkX1/DI6IZVvyr5u0UU29ta47TtThKA8SzCUsIoSLsi3NJXAKk4PGX0xW3wc/AFvG0YdYJB9rCd4l8WWPrxpgawil/vyRKLl3+ECM=&u=U2FsdGVkX18qnYQkrqBJiO4qA4KI8ZAy6MfaOBHgvhDLc87J2aNCH4bd4fJ47tEU&y=U2FsdGVkX19PqrM6BpvdeBzV3KDnjD35I14QpzRieHht3N5SNJmkyACZTdCxJD/C HTTP/1.1" 200 97
186.102.60.89 - - [18/Jun/2022:15:03:58 -0500] "GET /kwssiamovil/sm/acme/s?s=U2FsdGVkX18fk6stM8YwVB2DglXfK+tvSlXc9kL7QSRkXwTR1+SC8e9cX7Y50aybf5uD1W4RZtgVb9l+2oPGL1cV+YYbFac4aJcTetGlhL1CK/QRtVFO+iGEwSloDL+Mxd8OEd3uSgTrHiXbtyk2SAJ8ilGGE0ocSlEgdbHFmC9qubYrkdjlMG3VxrArIJal93Jzk5w8gYU/4u91XZ47MFt/0iiaUNdnoPXqokwd9ZwUP5IVsa0TJ3qn78zSIeLHGmKjsAQ6VA6mMLkRbi/oWxc5p5LGX3V+CFaCkiD+RBrivFrssyDxbj7jwjx/MiotkQlQ+AbDghti3J0I2nCmm/aIdq2tTbYhAST49EZdvnB+4y8k9Od1KXs65Q5S9PrpeBcDTag5BA19wWOz8Q3Qm8dQ9thaPCgXQDuAOv5s7nz/1OKAlPw6KL8Y01VztDnOxa3G5jIo57lJEO2EYpGlQcykfC6y3xMp/Hr4xV802EBAjvCJwsBcEtbAQ/GtUYyplExMdTI+KHbvEYGNNKGDfFikgsUrE+Y1uecFmoUzykURvignCC7PRkJqcEiB5R5IzYwq0br9HeEV8r4798xQWMIdBRjXCpGxKkgeAT5WVsrG3vCXZ5peIWnHcSqdwvvsAt+WUlTU9j8Wun6bj9kuY6VADOMwQeRnOFnwKhuawyAbPJ5iJorDD7EWYlw2FduLMxEfzQYUB3TCMb8zYls6TPm0B2fHLLhNWIs1BoC3hLtdcqQOpp/FWKAX6lGYpVPBJYoEnCyBU9Z2ZmXBBI44MpvcK7COSZrLrhEBqDsFYRgU4z3hqW8ejY1RlIOeu/t7WUo44kmWkJpyVrfnZ6yfc67n002yiBbXTKDbBB5VUSrGOWqw7Dt5PQUXW83fry7CeTLaX7kT6EIfRwtiUDn2ZYKl6QVGO1XV3AG/FY9MbNJFaiSmKThl3mlsQ1cQFghUUXa78Kb4wQWg/kWNuH6CuWqmzRqW7FUrCMQqVFvrmMVm55ISpLrfiVuRIf2y5OZDS76z2AYNN9ncDN7o8g8EKvJICaCjrbmS8f2Z6PDNqvOxpNpTIw8Vq+TD/nSCa64ItYZd5aZAh4+F2XafsyqB4VRGEbioizlAo9yjaTBITYWLqQzjzv4A2UKzVVj0DNTsS5P8PaHiTq7rGTtWlS6bWeUEDFxSvqMz58n0zr8bUf0sBHzi16Sfmhkle0JQlpBqSo54EFqpDvlej3TTf0RJaSRKZfPfWRIub05QxzCH86cBtwEvWXbEzjdqdlmDpmn/NGd+D7bZzFDbCyXMkzx9oSRu4h4t+A3CBPy7h3QXl4MWw+/SEk/U+GBlFriaQl5OPqUkCeswEr/OGR/zZK3wlWo5SFTgiGHbz+ZBGT29gvA=&u=U2FsdGVkX18qnYQkrqBJiO4qA4KI8ZAy6MfaOBHgvhDLc87J2aNCH4bd4fJ47tEU&y=U2FsdGVkX19PqrM6BpvdeBzV3KDnjD35I14QpzRieHht3N5SNJmkyACZTdCxJD/C HTTP/1.1" 200 6962
186.102.60.89 - - [18/Jun/2022:15:03:58 -0500] "GET /kwssiamovil/sm/acme/s?s=U2FsdGVkX1+oa2o5a6f2ioLf68oHYfq4OEP5QUDdEid+dlmaeRC+aYO1hJrIW3u+lrElvCVogwAFMDPbFyTIzOyKu0bnhfylAEx546XnR0SCHRz4nk9ZOHoBvjPbZHH3XdRqKasHDLvNxWeCdXjX51uIBoMCmpBxfRsQ3ufwK0ad+1yphFkp1JjOY9cBAp3KwrqKD1VNAgVLaq+qrxfic4FxhSC3/CQ4mcTUVPgy2nsSLeYvli0SA0vtnOCZTqRz0Uw8CMK2IwIr/O0G9BbJOT2FPvG1BiLkKewPMsOyfKg=&u=U2FsdGVkX18qnYQkrqBJiO4qA4KI8ZAy6MfaOBHgvhDLc87J2aNCH4bd4fJ47tEU&y=U2FsdGVkX19PqrM6BpvdeBzV3KDnjD35I14QpzRieHht3N5SNJmkyACZTdCxJD/C HTTP/1.1" 200 176
186.102.60.89 - - [18/Jun/2022:15:03:59 -0500] "GET /kwssiamovil/sm/cjson/pre?f=1&x=U2FsdGVkX19ACNS2v6dQlR7flCIN+iktKMJWoG6n8HRjJfS45fwtlugDU3OYQ2545WElh06fyvZ1qj+GD96N/Q== HTTP/1.1" 200 30992
186.115.225.115 - - [18/Jun/2022:15:04:01 -0500] "GET /BLA/resoluciones/RESOLUCIONES%202021/5636.pdf HTTP/1.1" 200 1978928
186.115.225.115 - - [18/Jun/2022:15:04:01 -0500] "GET /BLA/resoluciones/RESOLUCIONES%202021/5636.pdf HTTP/1.1" 206 1025
186.115.225.115 - - [18/Jun/2022:15:04:01 -0500] "GET /BLA/resoluciones/RESOLUCIONES%202021/5636.pdf HTTP/1.1" 200 1978928
172.22.2.4 - - [18/Jun/2022:15:04:39 -0500] "GET /BLA/boletinlegal/consulta_actos.php?tipo=resoluciones&no=5663&usuario=&sector=&fecha=2021&resuelve= HTTP/1.1" 200 626
172.22.2.4 - - [18/Jun/2022:15:04:41 -0500] "GET /BLA/boletinlegal/consulta_actos.php?tipo=resoluciones&no=5663&usuario=&sector=&fecha=2021&resuelve= HTTP/1.1" 200 626
66.249.65.13 - - [18/Jun/2022:15:05:36 -0500] "-" 408 -
172.22.2.4 - - [18/Jun/2022:15:04:16 -0500] "HEAD /BLA/boletinlegal/ HTTP/1.1" 200 -
216.245.221.92 - - [18/Jun/2022:15:06:28 -0500] "HEAD / HTTP/1.1" 200 -
172.22.2.4 - - [18/Jun/2022:15:05:06 -0500] "GET /BLA/boletinlegal/ HTTP/1.1" 200 58928
157.55.39.8 - - [18/Jun/2022:15:08:15 -0500] "GET /Publicaciones/2022EE25559.pdf HTTP/1.1" 404 227
204.199.117.197 - - [18/Jun/2022:15:08:22 -0500] "GET /BLA/resoluciones/ HTTP/1.1" 200 13093
204.199.117.197 - - [18/Jun/2022:15:08:42 -0500] "GET /BLA/resoluciones/index.php?dir=RESOLUCIONES+2011%2F HTTP/1.1" 200 746823
207.46.13.88 - - [18/Jun/2022:15:10:50 -0500] "GET /BLA/resoluciones/RESOLUCIONES%202022/0409.pdf HTTP/1.1" 304 -
216.245.221.92 - - [18/Jun/2022:15:11:28 -0500] "HEAD / HTTP/1.1" 200 -
172.22.2.4 - - [18/Jun/2022:15:10:06 -0500] "HEAD /BLA/boletinlegal/ HTTP/1.1" 200 -
172.22.2.4 - - [18/Jun/2022:15:10:56 -0500] "GET /BLA/boletinlegal/ HTTP/1.1" 200 58464
66.249.65.13 - - [18/Jun/2022:15:12:50 -0500] "-" 408 -
185.119.81.96 - - [18/Jun/2022:15:14:19 -0500] "GET /portaldeninos/wp-login.php HTTP/1.1" 200 2592
185.119.81.96 - - [18/Jun/2022:15:14:20 -0500] "POST /portaldeninos/wp-login.php HTTP/1.1" 200 3605
45.83.64.77 - - [18/Jun/2022:15:15:16 -0500] "GET / HTTP/1.1" 200 319
45.83.67.245 - - [18/Jun/2022:15:15:17 -0500] "GET /favicon.ico HTTP/1.1" 200 7782
172.22.2.4 - - [18/Jun/2022:15:14:04 -0500] "GET /BLA/boletinlegal/index.php HTTP/1.1" 200 63473
216.245.221.92 - - [18/Jun/2022:15:16:28 -0500] "HEAD / HTTP/1.1" 200 -
172.22.2.4 - - [18/Jun/2022:15:15:56 -0500] "HEAD /BLA/boletinlegal/ HTTP/1.1" 200 -
172.22.2.4 - - [18/Jun/2022:15:16:46 -0500] "GET /BLA/boletinlegal/ HTTP/1.1" 200 61027
66.249.65.13 - - [18/Jun/2022:15:19:52 -0500] "-" 408 -
40.77.167.49 - - [18/Jun/2022:15:19:56 -0500] "GET /portaldeninos/2021/06/29/jasbleady-castaneda-una-mujer-que-le-pone-el-alma-a-la-proteccion-de-las-tinguas-azules/ HTTP/1.1" 200 108589
207.46.13.83 - - [18/Jun/2022:15:19:57 -0500] "GET /portaldeninos/humedal-el-tunjo/ HTTP/1.1" 200 87862
216.245.221.92 - - [18/Jun/2022:15:21:28 -0500] "HEAD / HTTP/1.1" 200 -
186.84.22.9 - - [18/Jun/2022:15:21:44 -0500] "GET /sipse/faces/index.xhtml HTTP/1.1" 200 677
186.84.22.9 - - [18/Jun/2022:15:21:44 -0500] "GET /sipse/faces/javax.faces.resource/theme.css?ln=primefaces-sipse HTTP/1.1" 200 50058
186.84.22.9 - - [18/Jun/2022:15:21:44 -0500] "GET /favicon.ico HTTP/1.1" 200 7782
186.84.22.9 - - [18/Jun/2022:15:21:44 -0500] "GET /sipse/faces/faces/autenticacion.xhtml HTTP/1.1" 200 12171
186.84.22.9 - - [18/Jun/2022:15:21:45 -0500] "GET /sipse/js/disable_browser_buttons.js HTTP/1.1" 200 3230
186.84.22.9 - - [18/Jun/2022:15:21:45 -0500] "GET /sipse/js/funciones.js HTTP/1.1" 200 12592
186.84.22.9 - - [18/Jun/2022:15:21:45 -0500] "GET /sipse/css/custom_css_sg.css HTTP/1.1" 200 9694
186.84.22.9 - - [18/Jun/2022:15:21:45 -0500] "GET /sipse/css/custom_css_sg_prime_login.css HTTP/1.1" 200 443
186.84.22.9 - - [18/Jun/2022:15:21:45 -0500] "GET /sipse/faces/javax.faces.resource/layout/layout.css?ln=primefaces&v=4.0 HTTP/1.1" 200 542
186.84.22.9 - - [18/Jun/2022:15:21:45 -0500] "GET /sipse/faces/javax.faces.resource/theme.css?ln=primefaces-sipse HTTP/1.1" 304 -
186.84.22.9 - - [18/Jun/2022:15:21:45 -0500] "GET /sipse/faces/javax.faces.resource/primefaces.css?ln=primefaces&v=4.0 HTTP/1.1" 200 53295
186.84.22.9 - - [18/Jun/2022:15:21:45 -0500] "GET /sipse/faces/javax.faces.resource/layout/layout.js?ln=primefaces&v=4.0 HTTP/1.1" 200 87560
186.84.22.9 - - [18/Jun/2022:15:21:45 -0500] "GET /sipse/faces/javax.faces.resource/jquery/jquery.js?ln=primefaces&v=4.0 HTTP/1.1" 200 105384
186.84.22.9 - - [18/Jun/2022:15:21:45 -0500] "GET /sipse/faces/javax.faces.resource/jquery/jquery-plugins.js?ln=primefaces&v=4.0 HTTP/1.1" 200 220526
186.84.22.9 - - [18/Jun/2022:15:21:45 -0500] "GET /sipse/faces/javax.faces.resource/primefaces.js?ln=primefaces&v=4.0 HTTP/1.1" 200 276924
186.84.22.9 - - [18/Jun/2022:15:21:45 -0500] "GET /sipse/faces/javax.faces.resource/images/ui-icons_898989_256x240.png?ln=primefaces-aristo HTTP/1.1" 200 5355
186.84.22.9 - - [18/Jun/2022:15:21:45 -0500] "GET /sipse/css/imagen/logoSDG.png HTTP/1.1" 200 53064
186.84.22.9 - - [18/Jun/2022:15:21:45 -0500] "GET /sipse/css/imagen/loginimg.png HTTP/1.1" 200 71635
192.241.213.246 - - [18/Jun/2022:15:21:48 -0500] "MGLNDD_190.27.245.106_80" 501 953
201.245.192.253 - - [18/Jun/2022:15:20:58 -0500] "POST /kwsrmcab/Wsrmcab HTTP/1.1" 200 46971
201.245.192.253 - - [18/Jun/2022:15:21:49 -0500] "POST /kwsrmcab/Wsrmcab HTTP/1.1" 200 47740
172.22.2.4 - - [18/Jun/2022:15:21:46 -0500] "HEAD /BLA/boletinlegal/ HTTP/1.1" 200 -
104.217.249.182 - - [18/Jun/2022:15:23:47 -0500] "GET / HTTP/1.1" 200 319
172.22.2.4 - - [18/Jun/2022:15:22:36 -0500] "GET /BLA/boletinlegal/ HTTP/1.1" 200 61027
186.80.101.156 - - [18/Jun/2022:15:25:58 -0500] "GET /inscribete-en-el-proceso-de-formacion-virtual-acciones-que-hacen-eco.html HTTP/1.1" 200 769
216.245.221.92 - - [18/Jun/2022:15:26:28 -0500] "HEAD / HTTP/1.1" 200 -
207.46.13.235 - - [18/Jun/2022:15:26:38 -0500] "-" 408 -
172.22.2.4 - - [18/Jun/2022:15:26:44 -0500] "GET /BLA/boletinlegal/consulta_actos.php?tipo=autos&no=3119&usuario=&sector=&fecha=2013&resuelve= HTTP/1.1" 200 1049
66.249.65.13 - - [18/Jun/2022:15:26:45 -0500] "-" 408 -
190.66.220.39 - - [18/Jun/2022:15:26:48 -0500] "GET /BLA/resoluciones/AUTOS%202013/3119.pdf HTTP/1.1" 200 1036157
172.22.2.4 - - [18/Jun/2022:15:27:36 -0500] "HEAD /BLA/boletinlegal/ HTTP/1.1" 200 -
172.22.2.4 - - [18/Jun/2022:15:28:26 -0500] "GET /BLA/boletinlegal/ HTTP/1.1" 200 58464
216.245.221.92 - - [18/Jun/2022:15:31:27 -0500] "HEAD / HTTP/1.1" 200 -
201.245.192.253 - - [18/Jun/2022:15:30:58 -0500] "POST /kwsrmcab/Wsrmcab HTTP/1.1" 200 46971
201.245.192.253 - - [18/Jun/2022:15:31:49 -0500] "POST /kwsrmcab/Wsrmcab HTTP/1.1" 200 47740
66.249.65.13 - - [18/Jun/2022:15:32:39 -0500] "-" 408 -
186.102.33.167 - - [18/Jun/2022:15:33:00 -0500] "GET /appsia/controlador HTTP/1.1" 200 4799
186.102.33.167 - - [18/Jun/2022:15:33:00 -0500] "GET /appsia/images/logo_bogota_p.png HTTP/1.1" 200 14951
186.102.33.167 - - [18/Jun/2022:15:33:00 -0500] "GET /appsia/images/cabezoteHojaVida.png HTTP/1.1" 200 32493
186.102.33.167 - - [18/Jun/2022:15:33:08 -0500] "POST /appsia/controlador HTTP/1.1" 200 5437
186.102.33.167 - - [18/Jun/2022:15:33:11 -0500] "POST /appsia/controlador HTTP/1.1" 200 7728
186.102.33.167 - - [18/Jun/2022:15:33:11 -0500] "GET /appsia/images/logo_escudo.png HTTP/1.1" 200 36965
66.220.149.27 - - [18/Jun/2022:15:33:27 -0500] "GET /images/cronica-de-mujer-diciembre-30-diciembre.jpg HTTP/1.1" 200 54008
66.220.149.1 - - [18/Jun/2022:15:33:28 -0500] "GET /esperanza-galeano-una-mujer-que-reverdece-y-con-su-saber-contribuye-al-cuidado-del-ambiente.html HTTP/1.1" 206 932
172.22.2.4 - - [18/Jun/2022:15:33:26 -0500] "HEAD /BLA/boletinlegal/ HTTP/1.1" 200 -
172.22.2.4 - - [18/Jun/2022:15:35:46 -0500] "GET /BLA/boletinlegal/actos.php HTTP/1.1" 200 9559
172.22.2.4 - - [18/Jun/2022:15:35:47 -0500] "GET /BLA/boletinlegal/favicon.ico HTTP/1.1" 404 1326
172.22.2.4 - - [18/Jun/2022:15:34:16 -0500] "GET /BLA/boletinlegal/ HTTP/1.1" 200 54661
172.22.2.4 - - [18/Jun/2022:15:36:01 -0500] "GET /BLA/boletinlegal/consulta_actos.php?tipo=autos&no=4248&usuario=&sector=&fecha=2021&resuelve= HTTP/1.1" 200 1076
181.60.40.95 - - [18/Jun/2022:15:36:07 -0500] "GET /BLA/resoluciones/ HTTP/1.1" 200 13093
181.60.40.95 - - [18/Jun/2022:15:36:12 -0500] "GET /BLA/resoluciones/index.php?dir=AUTOS+2021%2F HTTP/1.1" 200 389087
172.22.2.4 - - [18/Jun/2022:15:35:45 -0500] "GET /BLA/boletinlegal/ HTTP/1.1" 200 24523
216.245.221.92 - - [18/Jun/2022:15:36:27 -0500] "HEAD / HTTP/1.1" 200 -
172.22.2.4 - - [18/Jun/2022:15:34:56 -0500] "GET /BLA/boletinlegal/ HTTP/1.1" 200 53867
66.249.65.13 - - [18/Jun/2022:15:38:44 -0500] "-" 408 -
172.22.2.4 - - [18/Jun/2022:15:38:46 -0500] "GET /BLA/boletinlegal/Circulares/2019/.pdf HTTP/1.1" 404 1218
172.22.2.4 - - [18/Jun/2022:15:39:16 -0500] "HEAD /BLA/boletinlegal/ HTTP/1.1" 200 -
216.245.221.92 - - [18/Jun/2022:15:41:29 -0500] "HEAD / HTTP/1.1" 200 -
172.22.2.4 - - [18/Jun/2022:15:40:06 -0500] "GET /BLA/boletinlegal/ HTTP/1.1" 200 61027
201.245.192.253 - - [18/Jun/2022:15:40:58 -0500] "POST /kwsrmcab/Wsrmcab HTTP/1.1" 200 46971
172.22.2.4 - - [18/Jun/2022:15:42:14 -0500] "GET /BLA/boletinlegal/jurisprudencia/analisis/analisis%20C-595-2010.doc HTTP/1.1" 304 -
181.237.247.250 - - [18/Jun/2022:15:42:26 -0500] "GET /BLA/resoluciones/index.php?dir=RESOLUCIONES+2018%2F HTTP/1.1" 200 267016
201.245.192.253 - - [18/Jun/2022:15:41:48 -0500] "POST /kwsrmcab/Wsrmcab HTTP/1.1" 200 47740
186.84.89.245 - - [18/Jun/2022:15:45:24 -0500] "GET /forest/ HTTP/1.1" 200 12041
186.84.89.245 - - [18/Jun/2022:15:45:54 -0500] "POST /forest/index.php HTTP/1.1" 200 12268
216.245.221.92 - - [18/Jun/2022:15:46:27 -0500] "HEAD / HTTP/1.1" 200 -
172.22.2.4 - - [18/Jun/2022:15:45:06 -0500] "HEAD /BLA/boletinlegal/ HTTP/1.1" 200 -
172.22.2.4 - - [18/Jun/2022:15:45:56 -0500] "GET /BLA/boletinlegal/ HTTP/1.1" 200 56372
66.249.65.13 - - [18/Jun/2022:15:48:23 -0500] "-" 408 -
204.199.117.197 - - [18/Jun/2022:15:49:25 -0500] "GET /BLA/resoluciones/ HTTP/1.1" 200 13093
204.199.117.197 - - [18/Jun/2022:15:49:29 -0500] "GET /BLA/resoluciones/index.php?dir=RESOLUCIONES+2017%2F HTTP/1.1" 200 280025
204.199.117.197 - - [18/Jun/2022:15:49:48 -0500] "GET /BLA/resoluciones/RESOLUCIONES%202017/0672.pdf HTTP/1.1" 200 3101259
119.90.62.31 - - [18/Jun/2022:15:50:53 -0500] "GET / HTTP/1.1" 200 319
204.199.117.197 - - [18/Jun/2022:15:51:25 -0500] "GET /BLA/resoluciones/ HTTP/1.1" 200 13093
216.245.221.92 - - [18/Jun/2022:15:51:27 -0500] "HEAD / HTTP/1.1" 200 -
204.199.117.197 - - [18/Jun/2022:15:51:30 -0500] "GET /BLA/resoluciones/index.php?dir=RESOLUCIONES+2019%2F HTTP/1.1" 200 240477
172.22.2.4 - - [18/Jun/2022:15:50:55 -0500] "HEAD /BLA/boletinlegal/ HTTP/1.1" 200 -
172.22.2.4 - - [18/Jun/2022:15:53:08 -0500] "GET /BLA/boletinlegal/Directivas/2014/Directiva%20No.%202%20del%205%20de%20Mayo%20de%202014.pdf HTTP/1.1" 304 -
172.22.2.4 - - [18/Jun/2022:15:51:46 -0500] "GET /BLA/boletinlegal/ HTTP/1.1" 200 60610
207.46.13.138 - - [18/Jun/2022:15:54:22 -0500] "GET /BLA/resoluciones/AUTOS%202014/2669.pdf HTTP/1.1" 304 -
216.245.221.92 - - [18/Jun/2022:15:56:27 -0500] "HEAD / HTTP/1.1" 200 -
172.22.2.4 - - [18/Jun/2022:15:56:46 -0500] "HEAD /BLA/boletinlegal/ HTTP/1.1" 200 -
172.22.2.4 - - [18/Jun/2022:15:57:36 -0500] "GET /BLA/boletinlegal/ HTTP/1.1" 200 61027
216.245.221.92 - - [18/Jun/2022:16:01:27 -0500] "HEAD / HTTP/1.1" 200 -
172.22.2.4 - - [18/Jun/2022:16:03:23 -0500] "GET /BLA/boletinlegal/jurisprudencia/analisis/AnalisisT-606-15.docx HTTP/1.1" 200 26698
172.22.2.4 - - [18/Jun/2022:16:03:24 -0500] "GET /BLA/boletinlegal/apple-touch-icon-120x120-precomposed.png HTTP/1.1" 404 1140
172.22.2.4 - - [18/Jun/2022:16:03:24 -0500] "GET /BLA/boletinlegal/apple-touch-icon-120x120.png HTTP/1.1" 404 1140
172.22.2.4 - - [18/Jun/2022:16:03:24 -0500] "GET /BLA/boletinlegal/apple-touch-icon-precomposed.png HTTP/1.1" 404 1140
172.22.2.4 - - [18/Jun/2022:16:03:24 -0500] "GET /BLA/boletinlegal/apple-touch-icon.png HTTP/1.1" 404 1140
172.22.2.4 - - [18/Jun/2022:16:03:24 -0500] "GET /BLA/boletinlegal/favicon.ico HTTP/1.1" 404 1140
172.22.2.4 - - [18/Jun/2022:16:03:24 -0500] "GET /BLA/boletinlegal/apple-touch-icon-120x120-precomposed.png HTTP/1.1" 404 1140
172.22.2.4 - - [18/Jun/2022:16:03:24 -0500] "GET /BLA/boletinlegal/apple-touch-icon-120x120.png HTTP/1.1" 404 1140
172.22.2.4 - - [18/Jun/2022:16:03:24 -0500] "GET /BLA/boletinlegal/apple-touch-icon-precomposed.png HTTP/1.1" 404 1140
172.22.2.4 - - [18/Jun/2022:16:03:24 -0500] "GET /BLA/boletinlegal/apple-touch-icon.png HTTP/1.1" 404 1140
172.22.2.4 - - [18/Jun/2022:16:03:24 -0500] "GET /BLA/boletinlegal/favicon.ico HTTP/1.1" 404 1140
157.55.39.31 - - [18/Jun/2022:16:04:10 -0500] "GET /bla/resoluciones/index.php?dir=resoluciones+2002/res+2002+301-350 HTTP/1.1" 200 12274
172.22.2.4 - - [18/Jun/2022:16:02:35 -0500] "HEAD /BLA/boletinlegal/ HTTP/1.1" 200 -
204.199.117.197 - - [18/Jun/2022:16:04:24 -0500] "GET /BLA/resoluciones/ HTTP/1.1" 200 13093
204.199.117.197 - - [18/Jun/2022:16:04:36 -0500] "GET /BLA/resoluciones/index.php?dir=AUTOS+2017%2F HTTP/1.1" 200 456738
66.249.65.13 - - [18/Jun/2022:16:04:59 -0500] "-" 408 -
172.22.2.4 - - [18/Jun/2022:16:03:26 -0500] "GET /BLA/boletinlegal/ HTTP/1.1" 200 58464
216.245.221.92 - - [18/Jun/2022:16:06:27 -0500] "HEAD / HTTP/1.1" 200 -
172.22.2.4 - - [18/Jun/2022:16:09:19 -0500] "GET /BLA/boletinlegal/jurisprudencia/analisis/ANALISIST-257-96.docx HTTP/1.1" 304 -
204.199.117.197 - - [18/Jun/2022:16:09:50 -0500] "GET /BLA/resoluciones/ HTTP/1.1" 200 13093
204.199.117.197 - - [18/Jun/2022:16:10:00 -0500] "GET /BLA/resoluciones/index.php?dir=AUTOS+2016%2F HTTP/1.1" 200 324776
204.199.117.197 - - [18/Jun/2022:16:10:04 -0500] "GET /BLA/resoluciones/ HTTP/1.1" 200 13093
172.22.2.4 - - [18/Jun/2022:16:08:25 -0500] "HEAD /BLA/boletinlegal/ HTTP/1.1" 200 -
204.199.117.197 - - [18/Jun/2022:16:10:06 -0500] "GET /BLA/resoluciones/index.php?dir=AUTOS+2017%2F HTTP/1.1" 200 456738
172.22.2.4 - - [18/Jun/2022:16:10:31 -0500] "GET /BLA/boletinlegal/vendor/phpunit/phpunit/src/Util/PHP/eval-stdin.php HTTP/1.1" 404 1018
172.22.2.4 - - [18/Jun/2022:16:10:34 -0500] "GET /BLA/boletinlegal/consulta_actos.php?tipo=autos&no=1752&usuario=&sector=VERTIMIENTOS&fecha=2017&resuelve= HTTP/1.1" 200 626
172.22.2.4 - - [18/Jun/2022:16:10:41 -0500] "GET /BLA/boletinlegal/consulta_actos.php?tipo=autos&no=1752&usuario=&sector=VERTIMIENTOS&fecha=2017&resuelve= HTTP/1.1" 200 626
172.22.2.4 - - [18/Jun/2022:16:09:16 -0500] "GET /BLA/boletinlegal/ HTTP/1.1" 200 55012
172.22.2.4 - - [18/Jun/2022:16:11:02 -0500] "GET /BLA/boletinlegal/consulta_actos.php?tipo=autos&no=1752&usuario=&sector=VERTIMIENTOS&fecha=2017&resuelve= HTTP/1.1" 200 626
172.22.2.4 - - [18/Jun/2022:16:11:03 -0500] "GET /BLA/boletinlegal/consulta_actos.php?tipo=autos&no=1752&usuario=&sector=VERTIMIENTOS&fecha=2017&resuelve= HTTP/1.1" 200 626
216.245.221.92 - - [18/Jun/2022:16:11:27 -0500] "HEAD / HTTP/1.1" 200 -
66.249.65.13 - - [18/Jun/2022:16:13:32 -0500] "-" 408 -
217.182.171.12 - - [18/Jun/2022:16:14:55 -0500] "HEAD /BLA/resoluciones/RESOLUCIONES%202013/1450.pdf HTTP/1.1" 200 -
172.22.2.4 - - [18/Jun/2022:16:14:15 -0500] "HEAD /BLA/boletinlegal/ HTTP/1.1" 200 -
216.245.221.92 - - [18/Jun/2022:16:16:27 -0500] "HEAD / HTTP/1.1" 200 -
172.22.2.4 - - [18/Jun/2022:16:15:06 -0500] "GET /BLA/boletinlegal/ HTTP/1.1" 200 58928
35.195.93.98 - - [18/Jun/2022:16:18:04 -0500] "GET / HTTP/1.1" 200 319
186.83.49.194 - - [18/Jun/2022:16:19:07 -0500] "GET /BLA/resoluciones/ HTTP/1.1" 200 13093
186.83.49.194 - - [18/Jun/2022:16:19:12 -0500] "GET /BLA/resoluciones/index.php?dir=AUTOS+2022%2F HTTP/1.1" 200 92983
216.245.221.92 - - [18/Jun/2022:16:21:27 -0500] "HEAD / HTTP/1.1" 200 -
201.245.192.253 - - [18/Jun/2022:16:20:58 -0500] "POST /kwsrmcab/Wsrmcab HTTP/1.1" 200 46864
172.22.2.4 - - [18/Jun/2022:16:20:05 -0500] "HEAD /BLA/boletinlegal/ HTTP/1.1" 200 -
201.245.192.253 - - [18/Jun/2022:16:21:45 -0500] "POST /kwsrmcab/Wsrmcab HTTP/1.1" 200 47725
172.22.2.4 - - [18/Jun/2022:16:20:56 -0500] "GET /BLA/boletinlegal/ HTTP/1.1" 200 57966
216.245.221.92 - - [18/Jun/2022:16:26:27 -0500] "HEAD / HTTP/1.1" 200 -
204.199.117.197 - - [18/Jun/2022:16:26:34 -0500] "GET /BLA/resoluciones/ HTTP/1.1" 200 13093
204.199.117.197 - - [18/Jun/2022:16:26:39 -0500] "GET /BLA/resoluciones/index.php?dir=AUTOS+2017%2F HTTP/1.1" 200 456738
204.199.117.197 - - [18/Jun/2022:16:26:54 -0500] "GET /BLA/resoluciones/AUTOS%202017/1496.pdf HTTP/1.1" 200 365037
172.22.2.4 - - [18/Jun/2022:16:25:55 -0500] "HEAD /BLA/boletinlegal/ HTTP/1.1" 200 -
172.22.2.4 - - [18/Jun/2022:16:26:46 -0500] "GET /BLA/boletinlegal/ HTTP/1.1" 200 61027
204.199.117.197 - - [18/Jun/2022:16:29:05 -0500] "GET /BLA/resoluciones/ HTTP/1.1" 200 13093
204.199.117.197 - - [18/Jun/2022:16:29:18 -0500] "GET /BLA/resoluciones/index.php?dir=AUTOS+2017%2F HTTP/1.1" 200 456738
216.245.221.92 - - [18/Jun/2022:16:31:27 -0500] "HEAD / HTTP/1.1" 200 -
66.220.149.112 - - [18/Jun/2022:16:31:37 -0500] "GET /images/raton-campo-humedal-31-mayo.jpg HTTP/1.1" 200 57586
201.245.192.253 - - [18/Jun/2022:16:30:58 -0500] "POST /kwsrmcab/Wsrmcab HTTP/1.1" 200 46864
172.22.2.4 - - [18/Jun/2022:16:32:36 -0500] "GET /BLA/boletinlegal/robots.txt HTTP/1.1" 404 1038
172.22.2.4 - - [18/Jun/2022:16:32:39 -0500] "GET /BLA/boletinlegal/jurisprudencia.php HTTP/1.1" 200 17573
201.245.192.253 - - [18/Jun/2022:16:31:50 -0500] "POST /kwsrmcab/Wsrmcab HTTP/1.1" 200 47725
172.22.2.4 - - [18/Jun/2022:16:31:45 -0500] "HEAD /BLA/boletinlegal/ HTTP/1.1" 200 -
172.22.2.4 - - [18/Jun/2022:16:32:36 -0500] "GET /BLA/boletinlegal/ HTTP/1.1" 200 60610
204.199.117.197 - - [18/Jun/2022:16:35:56 -0500] "GET /BLA/resoluciones/ HTTP/1.1" 200 13093
204.199.117.197 - - [18/Jun/2022:16:35:59 -0500] "GET /BLA/resoluciones/index.php?dir=AUTOS+2018%2F HTTP/1.1" 200 434154
172.22.2.4 - - [18/Jun/2022:16:36:24 -0500] "GET /BLA/boletinlegal/jurisprudencia/analisis/CUADRO%20ANALISIS%20SENTENCIA%20T-411%20DE%201992.doc HTTP/1.1" 304 -
216.245.221.92 - - [18/Jun/2022:16:36:27 -0500] "HEAD / HTTP/1.1" 200 -
172.22.2.4 - - [18/Jun/2022:16:34:49 -0500] "GET /BLA/boletinlegal/ HTTP/1.1" 200 63473
204.199.117.197 - - [18/Jun/2022:16:37:07 -0500] "GET /BLA/resoluciones/ HTTP/1.1" 200 13093
204.199.117.197 - - [18/Jun/2022:16:37:23 -0500] "GET /BLA/resoluciones/index.php?dir=AUTOS+2020%2F HTTP/1.1" 200 324699
172.22.2.4 - - [18/Jun/2022:16:38:40 -0500] "GET /BLA/boletinlegal/Circulares/2019/.pdf HTTP/1.1" 404 1218
172.22.2.4 - - [18/Jun/2022:16:38:48 -0500] "GET /BLA/boletinlegal/Circulares/2012/Circular%20No.%2010%20del%2026%20de%20Enero%20de%202012.pdf HTTP/1.1" 404 1218
172.22.2.4 - - [18/Jun/2022:16:37:35 -0500] "HEAD /BLA/boletinlegal/ HTTP/1.1" 200 -
172.22.2.4 - - [18/Jun/2022:16:38:26 -0500] "GET /BLA/boletinlegal/ HTTP/1.1" 200 52639
216.245.221.92 - - [18/Jun/2022:16:41:27 -0500] "HEAD / HTTP/1.1" 200 -
201.245.192.253 - - [18/Jun/2022:16:40:58 -0500] "POST /kwsrmcab/Wsrmcab HTTP/1.1" 200 46864
172.22.2.4 - - [18/Jun/2022:16:42:31 -0500] "GET /BLA/boletinlegal/style.css HTTP/1.1" 200 9406
172.22.2.4 - - [18/Jun/2022:16:42:31 -0500] "GET /BLA/boletinlegal/styles2.css HTTP/1.1" 200 1838
172.22.2.4 - - [18/Jun/2022:16:42:32 -0500] "GET /BLA/boletinlegal/js/jquery.js HTTP/1.1" 200 57254
172.22.2.4 - - [18/Jun/2022:16:42:32 -0500] "GET /BLA/boletinlegal/js/jquery.scrollTo-min.js HTTP/1.1" 200 1150
172.22.2.4 - - [18/Jun/2022:16:42:32 -0500] "GET /BLA/boletinlegal/js/jquery.scrollShow.js HTTP/1.1" 200 4586
172.22.2.4 - - [18/Jun/2022:16:42:32 -0500] "GET /BLA/boletinlegal/images/cabezote%20BLEGAL.jpg HTTP/1.1" 200 118164
172.22.2.4 - - [18/Jun/2022:16:42:32 -0500] "GET /BLA/boletinlegal/images/subscribe-icon-big.png HTTP/1.1" 200 47702
172.22.2.4 - - [18/Jun/2022:16:42:32 -0500] "GET /BLA/boletinlegal/images/historia.png HTTP/1.1" 200 52775
172.22.2.4 - - [18/Jun/2022:16:42:32 -0500] "GET /BLA/boletinlegal/images/registro-usuarios.png HTTP/1.1" 200 8106
172.22.2.4 - - [18/Jun/2022:16:42:32 -0500] "GET /BLA/boletinlegal/images/arr_l.jpg HTTP/1.1" 200 1979
172.22.2.4 - - [18/Jun/2022:16:42:32 -0500] "GET /BLA/boletinlegal/images/screen_1.png HTTP/1.1" 200 202547
172.22.2.4 - - [18/Jun/2022:16:42:32 -0500] "GET /BLA/boletinlegal/images/launch.jpg HTTP/1.1" 200 14577
172.22.2.4 - - [18/Jun/2022:16:42:32 -0500] "GET /BLA/boletinlegal/images/body_bg.jpg HTTP/1.1" 200 1601
172.22.2.4 - - [18/Jun/2022:16:42:32 -0500] "GET /BLA/boletinlegal/images/menu_lft.gif HTTP/1.1" 200 1713
172.22.2.4 - - [18/Jun/2022:16:42:32 -0500] "GET /BLA/boletinlegal/images/menu_rght.gif HTTP/1.1" 200 1627
172.22.2.4 - - [18/Jun/2022:16:42:32 -0500] "GET /BLA/boletinlegal/images/hover.jpg HTTP/1.1" 200 640
172.22.2.4 - - [18/Jun/2022:16:42:32 -0500] "GET /BLA/boletinlegal/images/menu_bg.jpg HTTP/1.1" 200 620
172.22.2.4 - - [18/Jun/2022:16:42:32 -0500] "GET /BLA/boletinlegal/images/text.jpg HTTP/1.1" 200 568
172.22.2.4 - - [18/Jun/2022:16:42:32 -0500] "GET /BLA/boletinlegal/images/bg_top.jpg HTTP/1.1" 200 522
172.22.2.4 - - [18/Jun/2022:16:42:34 -0500] "GET /BLA/boletinlegal/actos.php HTTP/1.1" 200 9559
172.22.2.4 - - [18/Jun/2022:16:42:35 -0500] "GET /BLA/boletinlegal/js/ajax_actos.js HTTP/1.1" 200 1322
172.22.2.4 - - [18/Jun/2022:16:42:35 -0500] "GET /BLA/boletinlegal/niceforms.js HTTP/1.1" 200 22876
172.22.2.4 - - [18/Jun/2022:16:42:35 -0500] "GET /BLA/boletinlegal/niceforms-default.css HTTP/1.1" 200 6694
172.22.2.4 - - [18/Jun/2022:16:42:35 -0500] "GET /BLA/boletinlegal/js/lib.js HTTP/1.1" 200 6474
172.22.2.4 - - [18/Jun/2022:16:42:35 -0500] "GET /BLA/boletinlegal/js/popup.js HTTP/1.1" 200 1270
172.22.2.4 - - [18/Jun/2022:16:42:35 -0500] "GET /BLA/boletinlegal/js/jquery1.js HTTP/1.1" 200 29846
172.22.2.4 - - [18/Jun/2022:16:42:35 -0500] "GET /BLA/boletinlegal/images/green-yellow-blue-pink-th.png HTTP/1.1" 200 7394
172.22.2.4 - - [18/Jun/2022:16:42:35 -0500] "GET /BLA/boletinlegal/images/abajo.png HTTP/1.1" 200 96676
172.22.2.4 - - [18/Jun/2022:16:42:35 -0500] "GET /BLA/boletinlegal/images/tel.png HTTP/1.1" 200 14477
172.22.2.4 - - [18/Jun/2022:16:42:35 -0500] "GET /BLA/boletinlegal/images/icono-email.png HTTP/1.1" 200 5544
172.22.2.4 - - [18/Jun/2022:16:42:35 -0500] "GET /BLA/boletinlegal/images/footer_bg.jpg HTTP/1.1" 200 586
172.22.2.4 - - [18/Jun/2022:16:42:36 -0500] "GET /BLA/boletinlegal/images/footer_bg_l.jpg HTTP/1.1" 200 776
172.22.2.4 - - [18/Jun/2022:16:42:36 -0500] "GET /BLA/boletinlegal/img/0.png HTTP/1.1" 200 110
172.22.2.4 - - [18/Jun/2022:16:42:36 -0500] "GET /BLA/boletinlegal/img/select-left.png HTTP/1.1" 200 263
172.22.2.4 - - [18/Jun/2022:16:42:36 -0500] "GET /BLA/boletinlegal/img/select-right.png HTTP/1.1" 200 44019
172.22.2.4 - - [18/Jun/2022:16:42:36 -0500] "GET /BLA/boletinlegal/img/button-left.png HTTP/1.1" 200 57071
172.22.2.4 - - [18/Jun/2022:16:42:36 -0500] "GET /BLA/boletinlegal/favicon.ico HTTP/1.1" 404 1326
172.22.2.4 - - [18/Jun/2022:16:42:36 -0500] "GET /BLA/boletinlegal/img/button.png HTTP/1.1" 200 43241
172.22.2.4 - - [18/Jun/2022:16:42:36 -0500] "GET /BLA/boletinlegal/img/button-right.png HTTP/1.1" 200 57878
201.245.192.253 - - [18/Jun/2022:16:41:49 -0500] "POST /kwsrmcab/Wsrmcab HTTP/1.1" 200 47725
172.22.2.4 - - [18/Jun/2022:16:43:02 -0500] "GET /BLA/boletinlegal/consulta_actos.php?tipo=resoluciones&no=0791&usuario=&sector=&fecha=2018&resuelve= HTTP/1.1" 200 1101
172.22.2.4 - - [18/Jun/2022:16:43:02 -0500] "GET /BLA/boletinlegal/images/pdf.gif HTTP/1.1" 200 567
172.22.2.4 - - [18/Jun/2022:16:42:31 -0500] "GET /BLA/boletinlegal/ HTTP/1.1" 200 24523
181.61.33.77 - - [18/Jun/2022:16:43:20 -0500] "GET /BLA/resoluciones/RESOLUCIONES%202018/0791.pdf HTTP/1.1" 200 1095616
181.61.33.77 - - [18/Jun/2022:16:43:21 -0500] "GET /favicon.ico HTTP/1.1" 200 7782
172.22.2.4 - - [18/Jun/2022:16:43:25 -0500] "HEAD /BLA/boletinlegal/ HTTP/1.1" 200 -
172.22.2.4 - - [18/Jun/2022:16:44:16 -0500] "GET /BLA/boletinlegal/ HTTP/1.1" 200 61027
216.245.221.92 - - [18/Jun/2022:16:46:27 -0500] "HEAD / HTTP/1.1" 200 -
181.59.251.156 - - [18/Jun/2022:16:49:20 -0500] "GET /kwssiamovil/sm/acme/a?s=U2FsdGVkX18JgvynIAGHxwAoUmH9hGgO9b3J3QqQlE1qC1EtJ1DWrH4IpE0iLcuIPaNXSKx39BHh4UYE8gu+ti7h9kYHNinU/Nq+bCJTDJem1kxOaBdlljY0Tr1UWHemXfHw1oiF0CXBouaOfJ6Kja3Zb/WUZT6GXE65zum9ijAEZkMAAIfdxiDSwTaZwPjvki9FqiHt0YGRY3ScsFYCOkqwPYi89IHmBN740zq2L2hpACk9U4YxXhZWw+MdO1QIqjMKDuoedFMgtmdnzTRcTQ==&u=U2FsdGVkX18r+90ifp33lPjc/DnffPHoBy2s27v13mQ=&y=U2FsdGVkX1+EgqEoBglbi8UQhOtiWKz37PlTKLqHihtqPuo+kyCI0f/8tC5dW6jz HTTP/1.1" 200 25
181.59.251.156 - - [18/Jun/2022:16:49:21 -0500] "GET /kwssiamovil/sm/acme/a?s=U2FsdGVkX19bvUz0EcV6WhchCOLlgK8lz6o95oPAXzcQKCzUDIOIoeJes9oSN64/5OweuCO05z92LTQ+mWBUGn5yrFEmtLJjK3E//1K9bUqP3+pdUmdKQ66ZUeNXVUtJt93g7QPjECmGWjBvwex55MSG+oMqCThELiP5POeYcYvv3Qg7DL9PRJ54kcm4QCUuyV21Gu4t36Jv+j/0SvIfsJZLfhSfuxetR0IdcxtU5Afn+mejHBNIB6s4XnnBl8rF0s9BoYWoHyRYkvx4UoFon0TmliqsG/hCIlbjz0CKt2ErM8JSJAuZI0tlXdks9Mknk7T5OIoGdzWrVVcANmlkj/mVuNJZ63ovTWohZTyqV+/S3D2hi8ke07JfGZyciuliuenO7mGgtNLG7y0gYOblWXdI9ndpdq1lwK/FvJOeBB+f5oRjwAxiwlIDi0l8DDyFOh6zUpqUMS0djThTNb0zBI/Dk6gHwaMjftTGWxXOep4BPrWnOBat4wGFBmfIfPOz4gnLk0aJXYiCwwxi8+x/nbsAzAb72hsiXZTwP/v3/hlZ0e1YvG8igarimpn3aZYlxIVqGFABueaKM0zPnwxjzCZxD0CANU2oYWQ50bFLqxPI7sMozYUTlkL/H4ipOM2b+lSF4BmpOxSKkUdtMMYBOZGt0cOegl/5hl9qSAzpd29P+e7PvMX2WWLS5bBTWsh0JBwQH+Tn3ezq8rfTJKP3uZCoOLvVCPpvXs4cMiiaRmuqWweA/cQt2NSU1+2Bgt1gV7v+fJQs3IyJZlDW4AGlggZnvpPa9tw6GGbkOku5OKmCRA8Isgp81AwpvXhxUQQnVYOp0WyGUMzNgTfDvpbEg6rF/GA9x2Db2KM/EheqwK6csGvc5v8RFx+mtdTN0M9OOOJWeUVidi5tlpiCsxylpDOuwkg2gmRtZIR6dK8ok+pmQSPzmy8smn0h/8Z9iQnPjgsbEQ3bXB4zZ1h9sRofqVtzbWnNtNSusfZAq7Gu6dTdTNr8BYgmVSfRIJGpsfWf0XePnKXI5sjMe+EU5JR7j3dDi766BzbqInAcByeX7eO0ZO3CeAkx+3hBhdyDR9P9&u=U2FsdGVkX18r+90ifp33lPjc/DnffPHoBy2s27v13mQ=&y=U2FsdGVkX1+EgqEoBglbi8UQhOtiWKz37PlTKLqHihtqPuo+kyCI0f/8tC5dW6jz HTTP/1.1" 200 25
181.59.251.156 - - [18/Jun/2022:16:49:21 -0500] "GET /kwssiamovil/sm/acme/a?s=U2FsdGVkX18LVCKRf2g5TccHg9cVVxSpTfdlasw5NLoZXwL/1Ojd6ZZtGXm6FISyj9iLop1JplWQfu+BCKD19Jug6mNeEyPIoXv8a1uzMkC7Hqq/EqbdK6L6hUhWheB81AT8GSs5VC7O/R8E72+BhBmE5y3+vr/btkDO1DBw1cc=&u=U2FsdGVkX18r+90ifp33lPjc/DnffPHoBy2s27v13mQ=&y=U2FsdGVkX1+EgqEoBglbi8UQhOtiWKz37PlTKLqHihtqPuo+kyCI0f/8tC5dW6jz HTTP/1.1" 200 25
181.59.251.156 - - [18/Jun/2022:16:49:22 -0500] "GET /kwssiamovil/sm/acme/a?s=U2FsdGVkX198m6NzGgXEb0vUmk0AaWut5T4/BwPsvclQckqOEd/i99GOvBB0GDQ5E7h7N+OSPF1WxQGRpB2f8wFVLkpyZewNzwRNAiBIuqtoBqPJrsfa4/4p4wNVmNpfJV1c8Maa4C/BXoziv4ecAMk+ctoD+vwCkJ1eyMTZhsU=&u=U2FsdGVkX18r+90ifp33lPjc/DnffPHoBy2s27v13mQ=&y=U2FsdGVkX1+EgqEoBglbi8UQhOtiWKz37PlTKLqHihtqPuo+kyCI0f/8tC5dW6jz HTTP/1.1" 200 25
181.59.251.156 - - [18/Jun/2022:16:49:22 -0500] "GET /kwssiamovil/sm/acme/a?s=U2FsdGVkX1/gxUWiFtrBm9NmJvzDyDYHsBHtYA/kD7i0qbmKIrk3OBdPxf4FUG4Sx/YdIRVcXjAZsL89p6f/s7EPPCydpkQKDsR0OZ4FRyn/+UL3x5x8z9eFxapNxAUaI9D5Dz0yYqswr4dSgt1Nmqfau0HrW1hlQJWVvXhi2tU=&u=U2FsdGVkX18r+90ifp33lPjc/DnffPHoBy2s27v13mQ=&y=U2FsdGVkX1+EgqEoBglbi8UQhOtiWKz37PlTKLqHihtqPuo+kyCI0f/8tC5dW6jz HTTP/1.1" 200 25
181.59.251.156 - - [18/Jun/2022:16:49:22 -0500] "GET /kwssiamovil/sm/acme/a?s=U2FsdGVkX1+5LH+MkHcVFM8GgC8Hk5r3bznP/ZQ04r/pN+kgGzVL1G19eEuMJB2TUvevdQY0hlmY3sCHSODkJj2Xmd6bjWVzlm5ZwXWLXO3k1ezibwWX4cBajjeUMKzC/1xVwPD9akDF4XcXXMPB8Lx7Ut3RI5AEqAtVeTHDL1y514eHmeBSjs49Tan3zFsk&u=U2FsdGVkX18r+90ifp33lPjc/DnffPHoBy2s27v13mQ=&y=U2FsdGVkX1+EgqEoBglbi8UQhOtiWKz37PlTKLqHihtqPuo+kyCI0f/8tC5dW6jz HTTP/1.1" 200 25
172.22.2.4 - - [18/Jun/2022:16:49:15 -0500] "HEAD /BLA/boletinlegal/ HTTP/1.1" 200 -
216.245.221.92 - - [18/Jun/2022:16:51:27 -0500] "HEAD / HTTP/1.1" 200 -
172.22.2.4 - - [18/Jun/2022:16:50:06 -0500] "GET /BLA/boletinlegal/ HTTP/1.1" 200 58464
172.22.2.4 - - [18/Jun/2022:16:54:50 -0500] "GET /BLA/boletinlegal/actos.php HTTP/1.1" 200 9559
172.22.2.4 - - [18/Jun/2022:16:54:51 -0500] "GET /BLA/boletinlegal/favicon.ico HTTP/1.1" 404 1326
172.22.2.4 - - [18/Jun/2022:16:54:58 -0500] "GET /BLA/boletinlegal/consulta_actos.php?tipo=autos&no=1118&usuario=&sector=&fecha=2022&resuelve= HTTP/1.1" 200 626
172.22.2.4 - - [18/Jun/2022:16:55:19 -0500] "GET /BLA/boletinlegal/consulta_actos.php?tipo=autos&no=0885&usuario=&sector=&fecha=2022&resuelve= HTTP/1.1" 200 626
172.22.2.4 - - [18/Jun/2022:16:55:20 -0500] "GET /BLA/boletinlegal/consulta_actos.php?tipo=autos&no=0885&usuario=&sector=&fecha=2022&resuelve= HTTP/1.1" 200 626
172.22.2.4 - - [18/Jun/2022:16:55:24 -0500] "GET /BLA/boletinlegal/actos.php HTTP/1.1" 200 9559
172.22.2.4 - - [18/Jun/2022:16:54:48 -0500] "GET /BLA/boletinlegal/ HTTP/1.1" 200 24523
40.77.167.43 - - [18/Jun/2022:16:55:24 -0500] "GET /BLA/resoluciones/index.php?dir=AUTOS+2008%2F HTTP/1.1" 200 569644
172.22.2.4 - - [18/Jun/2022:16:55:31 -0500] "GET /BLA/boletinlegal/consulta_actos.php?tipo=autos&no=0885&usuario=&sector=&fecha=2022&resuelve= HTTP/1.1" 200 626
