186.102.7.78 - - [20/Jun/2022:20:28:42 -0500] "GET /kwssiamovil/sm/acme/a?s=U2FsdGVkX1+pxoJ/P1i8iKxE5nbwfFJxmnf4QJk3zVBEvgBTxAP6tZauk5DFu/GNucyZbmevkAx3D1fjj/8NfSdRaZTtZw9BBdhUY5qOpjpyqSJe64w1HkrZprV+hdrP28bp994WVVomQdQCxLh22QiIeezOTIkZshVAYeBOZXn5Bitnt2DOFtSRlEjTWGrSAnROyV9Tv8on/oRp1O6YA503lIUhoLZd8LO4DtBZAMYIHBKCbFS8J7ht7UL5W5lWcjDcWlae9rsdBIRHv6g5nuyCsfbJtsOQGsHZJXlUIOGXxu+owVvSOX7xGsD2J/TUy1OMDstItpL5CBoGBFQOip4+t9qMMiYKPzaf2QsvVo/wgAbx7Ip9hQ+qQlsd2/hXXwYBlnfzyDmsXjFl7YC1CJuAwaohheCU9RvesRX4otItuiYTrXH7KougxnEOespByrHlrbJvmgD8WM5KWwzdiAOyJHiYJhpRMzYi849rJV6LeCiWyD1xq2SW1d7d6JxlojIBJ3QL+OPsaL9Z3tk9mvAU/8yLTEU/Y0opl2Z+kqyOyd8ZuxXO04R7o9AyQShEucHmv8aVE9eXeBU3jtvGRVGyVabp8giPf0EO36cl22pRHgGIJmEwgP6Fk7hFP7ymvllOqWKAjrB8OGFOeI60Qe2HC4iefhhTkpFkaXnrYLWpzcJ/8mKR9s0BJVKxj3AeAva+67HQy5P+bB9TVyM/OJw4b2qfXGlRi5rdO9nqtyrFtc89ISwRy4huVM1Z4LyhiUVYq4+spO3S6hOiueNVoeuiJscO3HejB9OffPNfFXBmBiIgP4nZ4mu3FGRdN0zD4H5XdJhfeLTxwXbBqmhNIruKzwSnI5Xqot33k2LifhjsbkDC0u8wvPq5jSTwD9q88wY/201q/wOnh7ezcR0IKVOEHrpVS2Cxx66FNMkTTz6NswOZL2/lb25MSdL4GOEkztvkyLwMBeStLHXbliT3frx82wQqoYorCbs/LNLuKuQTyeON6UQaDaywOrHGSLl1lGpuG9xTWwS60VqEq783ekX5fzzvnnkG3xowqwJi8uTtGm1wa/QaVoW/nTyZ2umWTYrrlWPdQ0kiHpCvVETFDr9UeuS1Uop5gJkg1Nt423JIrgSFtZnI+T+sebK3EXyMHdvkrKuohMZ/qRiWw/v6g1jbWE3vhGXPdq61amxDM1+j33BtCFKY8EneipE+EkTY/7ewtQuRBMNm+IhdRR2Tx3eTBIL3Jg/9eyKE+AURfr1u2zsYUH1s2EaOqKuCCEIJuEPbtFUlC2WCMtQoosDExOI4ZIRGt0hxXd3nxaLACKrzsfS5OTSFomt9UB/7s6OOJtphrqAbfZ/A9sPBy0ZbLAgpcGxHQfJOOpmjmlz9eqpn47Vq0Jbx0zrAT3C7SotqL/ca1yBTHXFsym3iSf6pmn73lQWQnhoD3tBMG18mYWIib0lnK8rAW2AhTVST21gf1/5DZOJ5H0ai9Z/k/OwmiVCgOzoBXq/xBTd/fNcMDldp0z73UmOXx81IlVEr6RcdaNmPClc/vgwQlJuk3s3S5gBjCiQa4oLQpuj+uDgafBg2RG9zdgaZG8r1DuvXwLaCUBeC7oUiSrvGbBHdv6nGO+6+98OaklxIwglymAwNOpxaOcxbrFV4c4lEQDG6g7WHnuSPUxvoQiZ4lBhuJDyBl9p0IeL13lii73WKJ2MHWTOhoKVsRjvKntm8CvCM1mkMnz8xC1rC7rlJX9fSmO36yceV/PhYNiyLxr3GMnLAZIk=&u=U2FsdGVkX1+B89R1TnQxUBvImx7/YDtx0e3iosCQUfoA4jI4ANuFpM5sC5RFfpxo&y=U2FsdGVkX1+fM+59Ns+SaFcZ/b0uqiyaFf5o0w/K6tqBke3TqFc7VznYEN9zRY9q HTTP/1.1" 200 25
186.102.7.78 - - [20/Jun/2022:20:28:42 -0500] "GET /kwssiamovil/sm/acme/a?s=U2FsdGVkX18s58sSK9MqfkCSXNlGJWqokkNA0E6uGHXqcUiAj9xcPXOqHgauCK/P9ua664C49PcAJtnmMRvq7XbCqWtaNOUqW8Mzl1xOFll7SokszHXkWGn64pFm1da8Nw9ypjXJMTUn7gANk9bnEoZkeLlO6blIgpcJjgQm8rA=&u=U2FsdGVkX1+B89R1TnQxUBvImx7/YDtx0e3iosCQUfoA4jI4ANuFpM5sC5RFfpxo&y=U2FsdGVkX1+fM+59Ns+SaFcZ/b0uqiyaFf5o0w/K6tqBke3TqFc7VznYEN9zRY9q HTTP/1.1" 200 25
186.102.7.78 - - [20/Jun/2022:20:28:42 -0500] "GET /kwssiamovil/sm/acme/a?s=U2FsdGVkX1/a7u64LzgNka4nwOzGcsrNcxFNVn///8/cuTaRq1181m5TsIYbZg7HMnf7jTtLz6PODJgJq8uzCM2J0V9BedHR3EuiOBJa9BQttRCSf/RFx/HXM43Uzut2cD4UigRDg6F5rBJoH2aEMw7hNkA+NxE/JdPCdcT4LUA=&u=U2FsdGVkX1+B89R1TnQxUBvImx7/YDtx0e3iosCQUfoA4jI4ANuFpM5sC5RFfpxo&y=U2FsdGVkX1+fM+59Ns+SaFcZ/b0uqiyaFf5o0w/K6tqBke3TqFc7VznYEN9zRY9q HTTP/1.1" 200 25
186.102.7.78 - - [20/Jun/2022:20:28:43 -0500] "GET /kwssiamovil/sm/acme/a?s=U2FsdGVkX1+wt1Pnj9pXvjzsahmgagE6867doxi+2wv6jyzeIjQOpD/qzf94CTw6MC9gPA4aWXDwLQFLf7eXZe4LDDo1Rrtu5KD3V3CgP5usvvj5JjnEgbTPf36c5jrGNFF5TgzvQvCCu1ZtjPiO6AVgTs0eyRriwzZKwhv3oQs=&u=U2FsdGVkX1+B89R1TnQxUBvImx7/YDtx0e3iosCQUfoA4jI4ANuFpM5sC5RFfpxo&y=U2FsdGVkX1+fM+59Ns+SaFcZ/b0uqiyaFf5o0w/K6tqBke3TqFc7VznYEN9zRY9q HTTP/1.1" 200 25
186.102.7.78 - - [20/Jun/2022:20:28:43 -0500] "GET /kwssiamovil/sm/acme/a?s=U2FsdGVkX1+KU9RfO5Vmadz1ZCttuw1JixuSHZ8P1weJv4jE9uYRui0qKR+8CY8e3jQaPag8pVVL8z0L+yChYRi00x3imY6ncFPVBvpmXTty0venJDHf/2+Vi9aGOJB4u8iyt1YpS3TRSC7VVfpDTgcfR+uX7Tw9xF4im4Xg4bqixuEoipFwLRcEnnPMYpSk&u=U2FsdGVkX1+B89R1TnQxUBvImx7/YDtx0e3iosCQUfoA4jI4ANuFpM5sC5RFfpxo&y=U2FsdGVkX1+fM+59Ns+SaFcZ/b0uqiyaFf5o0w/K6tqBke3TqFc7VznYEN9zRY9q HTTP/1.1" 200 25
173.252.107.16 - - [20/Jun/2022:20:28:54 -0500] "GET /BLA/resoluciones/RESOLUCIONES%202019/3964.pdf HTTP/1.1" 206 293557
172.22.2.4 - - [20/Jun/2022:20:27:40 -0500] "HEAD /BLA/boletinlegal/ HTTP/1.1" 200 -
172.22.2.4 - - [20/Jun/2022:20:28:30 -0500] "GET /BLA/boletinlegal/ HTTP/1.1" 200 55379
101.36.126.176 - - [20/Jun/2022:20:30:19 -0500] "GET / HTTP/1.0" 200 319
216.245.221.92 - - [20/Jun/2022:20:32:20 -0500] "HEAD / HTTP/1.1" 200 -
201.245.192.253 - - [20/Jun/2022:20:31:47 -0500] "POST /kwsrmcab/Wsrmcab HTTP/1.1" 200 47285
201.245.192.253 - - [20/Jun/2022:20:32:36 -0500] "POST /kwsrmcab/Wsrmcab HTTP/1.1" 200 47712
186.102.29.239 - - [20/Jun/2022:20:34:36 -0500] "GET /kwssiamovil/sm/acme/u?s=U2FsdGVkX18r/Xjx9Wag49bJ2FWzKUIwnfuKgiU7No0bAwbzgXVgagGICCxbt/R2lfcHK5phEasir1ergr7c1Y6CPtQmtCPfNyM21SrL9ePHzS1d45B9VEeFmcyw1j9+wcs3yLnjtPShPNvyVvwghQ==&u=U2FsdGVkX1/LkdbcXWR428tPrxASj8mRZP57fTZZtpBSX4xdJHLizGQDvcKAlMAS&y=U2FsdGVkX19Ibvq1zn2LLAIl7KBwaW7TyVSFBmL6RLC0jZHRajMZnAPuZ04taF32 HTTP/1.1" 200 60
186.102.29.239 - - [20/Jun/2022:20:34:59 -0500] "GET /kwssiamovil/sm/acme/u?s=U2FsdGVkX1+2Rlvb0XEEw1nKsu4nF7+6J1rQ64pWjiK71EggZ7cFZW3oMFQb3TO+qRxOcbSBWM8+zPBIgljrZy6gvjKfPW2KjFH+tNGBh8aQvns9lN8AXAgq6+tSeiy8LwTrorgc28IaG8GMmRYCphvLZHMqk4fqdPnhVTdC9iix3rroFaXlips3PIUe4vVmrPQkRvgnHR16xXSwe5eX+3N7/bshVAN66M5c0mCM7isM4VkgZqaHHTEckR3a2fKO&u=U2FsdGVkX1/LkdbcXWR428tPrxASj8mRZP57fTZZtpBSX4xdJHLizGQDvcKAlMAS&y=U2FsdGVkX19Ibvq1zn2LLAIl7KBwaW7TyVSFBmL6RLC0jZHRajMZnAPuZ04taF32 HTTP/1.1" 200 60
172.22.2.4 - - [20/Jun/2022:20:33:30 -0500] "HEAD /BLA/boletinlegal/ HTTP/1.1" 200 -
172.22.2.4 - - [20/Jun/2022:20:34:20 -0500] "GET /BLA/boletinlegal/ HTTP/1.1" 200 57591
216.245.221.92 - - [20/Jun/2022:20:37:20 -0500] "HEAD / HTTP/1.1" 200 -
172.22.2.4 - - [20/Jun/2022:20:35:50 -0500] "GET /BLA/boletinlegal/ HTTP/1.1" 200 62338
172.22.2.4 - - [20/Jun/2022:20:39:48 -0500] "GET /BLA/boletinlegal/Circulares/2019/.pdf HTTP/1.1" 404 1218
172.22.2.4 - - [20/Jun/2022:20:39:57 -0500] "GET /BLA/boletinlegal/Circulares/2012/Circular%20No.%2010%20del%2026%20de%20Enero%20de%202012.pdf HTTP/1.1" 404 1218
172.22.2.4 - - [20/Jun/2022:20:39:20 -0500] "HEAD /BLA/boletinlegal/ HTTP/1.1" 200 -
172.22.2.4 - - [20/Jun/2022:20:40:11 -0500] "GET /BLA/boletinlegal/ HTTP/1.1" 200 55379
216.245.221.92 - - [20/Jun/2022:20:42:20 -0500] "HEAD / HTTP/1.1" 200 -
201.245.192.253 - - [20/Jun/2022:20:41:47 -0500] "POST /kwsrmcab/Wsrmcab HTTP/1.1" 200 47285
2.57.122.35 - - [20/Jun/2022:20:42:51 -0500] "GET / HTTP/1.1" 200 319
172.22.2.4 - - [20/Jun/2022:20:43:07 -0500] "GET /BLA/boletinlegal/jurisprudencia/analisis/AnalisisT-606-15.docx HTTP/1.1" 200 26698
172.22.2.4 - - [20/Jun/2022:20:43:07 -0500] "GET /BLA/boletinlegal/apple-touch-icon-120x120-precomposed.png HTTP/1.1" 404 1140
172.22.2.4 - - [20/Jun/2022:20:43:08 -0500] "GET /BLA/boletinlegal/apple-touch-icon-120x120.png HTTP/1.1" 404 1140
172.22.2.4 - - [20/Jun/2022:20:43:08 -0500] "GET /BLA/boletinlegal/apple-touch-icon-precomposed.png HTTP/1.1" 404 1140
172.22.2.4 - - [20/Jun/2022:20:43:08 -0500] "GET /BLA/boletinlegal/apple-touch-icon.png HTTP/1.1" 404 1140
172.22.2.4 - - [20/Jun/2022:20:43:08 -0500] "GET /BLA/boletinlegal/favicon.ico HTTP/1.1" 404 1140
172.22.2.4 - - [20/Jun/2022:20:43:08 -0500] "GET /BLA/boletinlegal/apple-touch-icon-120x120-precomposed.png HTTP/1.1" 404 1140
172.22.2.4 - - [20/Jun/2022:20:43:08 -0500] "GET /BLA/boletinlegal/apple-touch-icon-120x120.png HTTP/1.1" 404 1140
172.22.2.4 - - [20/Jun/2022:20:43:08 -0500] "GET /BLA/boletinlegal/apple-touch-icon-precomposed.png HTTP/1.1" 404 1140
172.22.2.4 - - [20/Jun/2022:20:43:08 -0500] "GET /BLA/boletinlegal/apple-touch-icon.png HTTP/1.1" 404 1140
172.22.2.4 - - [20/Jun/2022:20:43:09 -0500] "GET /BLA/boletinlegal/favicon.ico HTTP/1.1" 404 1140
201.245.192.253 - - [20/Jun/2022:20:42:38 -0500] "POST /kwsrmcab/Wsrmcab HTTP/1.1" 200 47712
66.102.8.252 - - [20/Jun/2022:20:46:31 -0500] "GET /reportes_sipse/imagenes/logoAplicacion.jpg HTTP/1.1" 200 26872
172.22.2.4 - - [20/Jun/2022:20:45:10 -0500] "HEAD /BLA/boletinlegal/ HTTP/1.1" 200 -
216.245.221.92 - - [20/Jun/2022:20:47:20 -0500] "HEAD / HTTP/1.1" 200 -
172.22.2.4 - - [20/Jun/2022:20:46:00 -0500] "GET /BLA/boletinlegal/ HTTP/1.1" 200 61027
49.7.21.73 - - [20/Jun/2022:20:49:33 -0500] "-" 408 -
216.245.221.92 - - [20/Jun/2022:20:52:20 -0500] "HEAD / HTTP/1.1" 200 -
157.55.39.188 - - [20/Jun/2022:20:52:24 -0500] "GET /bla/resoluciones/resoluciones%202021/0750.pdf HTTP/1.1" 200 491856
172.22.2.4 - - [20/Jun/2022:20:51:00 -0500] "HEAD /BLA/boletinlegal/ HTTP/1.1" 200 -
172.22.2.4 - - [20/Jun/2022:20:51:50 -0500] "GET /BLA/boletinlegal/ HTTP/1.1" 200 58464
69.63.189.5 - - [20/Jun/2022:20:56:52 -0500] "GET /images/Naturalista1.jpeg HTTP/1.1" 200 202073
216.245.221.92 - - [20/Jun/2022:20:57:20 -0500] "HEAD / HTTP/1.1" 200 -
172.22.2.4 - - [20/Jun/2022:20:56:50 -0500] "HEAD /BLA/boletinlegal/ HTTP/1.1" 200 -
172.22.2.4 - - [20/Jun/2022:20:57:40 -0500] "GET /BLA/boletinlegal/ HTTP/1.1" 200 61027
172.22.2.4 - - [20/Jun/2022:21:01:53 -0500] "GET /BLA/boletinlegal/owa/auth/logon.aspx?url=https%3a%2f%2f1%2fecp%2f HTTP/1.1" 404 1018
216.245.221.92 - - [20/Jun/2022:21:02:20 -0500] "HEAD / HTTP/1.1" 200 -
172.22.2.4 - - [20/Jun/2022:21:02:40 -0500] "HEAD /BLA/boletinlegal/ HTTP/1.1" 200 -
172.22.2.4 - - [20/Jun/2022:21:03:30 -0500] "GET /BLA/boletinlegal/ HTTP/1.1" 200 61027
216.245.221.92 - - [20/Jun/2022:21:07:20 -0500] "HEAD / HTTP/1.1" 200 -
172.22.2.4 - - [20/Jun/2022:21:08:30 -0500] "HEAD /BLA/boletinlegal/ HTTP/1.1" 200 -
49.7.21.73 - - [20/Jun/2022:21:10:32 -0500] "-" 408 -
172.22.2.4 - - [20/Jun/2022:21:09:20 -0500] "GET /BLA/boletinlegal/ HTTP/1.1" 200 58464
46.101.133.111 - - [20/Jun/2022:21:11:53 -0500] "GET / HTTP/1.1" 200 319
216.245.221.92 - - [20/Jun/2022:21:12:20 -0500] "HEAD / HTTP/1.1" 200 -
46.101.133.111 - - [20/Jun/2022:21:12:47 -0500] "GET /.env HTTP/1.1" 404 1018
31.13.103.118 - - [20/Jun/2022:21:13:13 -0500] "GET /images/jardines-verticales-plantas-24-mayo.jpg HTTP/1.1" 200 148288
31.13.127.25 - - [20/Jun/2022:21:15:18 -0500] "GET /images/eficiencia-energetica-11-marzo.jpg HTTP/1.1" 200 46478
172.22.2.4 - - [20/Jun/2022:21:14:48 -0500] "GET /BLA/boletinlegal/ HTTP/1.1" 200 24523
172.22.2.4 - - [20/Jun/2022:21:14:20 -0500] "HEAD /BLA/boletinlegal/ HTTP/1.1" 200 -
172.22.2.4 - - [20/Jun/2022:21:15:10 -0500] "GET /BLA/boletinlegal/ HTTP/1.1" 200 57222
216.245.221.92 - - [20/Jun/2022:21:17:20 -0500] "HEAD / HTTP/1.1" 200 -
192.241.208.240 - - [20/Jun/2022:21:18:43 -0500] "GET / HTTP/1.1" 200 319
172.22.2.4 - - [20/Jun/2022:21:20:10 -0500] "HEAD /BLA/boletinlegal/ HTTP/1.1" 200 -
216.245.221.92 - - [20/Jun/2022:21:22:20 -0500] "HEAD / HTTP/1.1" 200 -
201.245.192.253 - - [20/Jun/2022:21:21:47 -0500] "POST /kwsrmcab/Wsrmcab HTTP/1.1" 200 47286
172.22.2.4 - - [20/Jun/2022:21:21:00 -0500] "GET /BLA/boletinlegal/ HTTP/1.1" 200 58464
201.245.192.253 - - [20/Jun/2022:21:22:40 -0500] "POST /kwsrmcab/Wsrmcab HTTP/1.1" 200 47722
23.88.48.78 - - [20/Jun/2022:21:24:57 -0500] "GET /agua-y-estructura-ecologica-principal HTTP/1.1" 404 1035
78.47.38.165 - - [20/Jun/2022:21:25:07 -0500] "GET /portaldeninos/humedal-capellania-2/ HTTP/1.1" 200 88150
172.22.2.4 - - [20/Jun/2022:21:25:13 -0500] "GET /BLA/boletinlegal/doctrina.php HTTP/1.1" 200 5604
5.161.94.70 - - [20/Jun/2022:21:25:17 -0500] "GET /portaldeninos/humedal-santa-maria-del-lago/ HTTP/1.1" 200 89189
5.161.94.70 - - [20/Jun/2022:21:25:20 -0500] "GET /portaldeninos/humedal-torca-y-guaymaral-2/ HTTP/1.1" 200 88287
23.88.48.78 - - [20/Jun/2022:21:25:21 -0500] "GET /portaldeninos/ruido/ HTTP/1.1" 200 88695
216.245.221.92 - - [20/Jun/2022:21:27:20 -0500] "HEAD / HTTP/1.1" 200 -
172.22.2.4 - - [20/Jun/2022:21:26:00 -0500] "HEAD /BLA/boletinlegal/ HTTP/1.1" 200 -
172.22.2.4 - - [20/Jun/2022:21:26:50 -0500] "GET /BLA/boletinlegal/ HTTP/1.1" 200 58464
49.7.21.73 - - [20/Jun/2022:21:31:31 -0500] "-" 408 -
172.22.2.4 - - [20/Jun/2022:21:31:36 -0500] "GET /BLA/boletinlegal/robots.txt HTTP/1.1" 404 1038
172.22.2.4 - - [20/Jun/2022:21:31:36 -0500] "GET /BLA/boletinlegal/Directivas/2014/Directiva%20No.%202%20del%205%20de%20Mayo%20de%202014.pdf HTTP/1.1" 304 -
216.245.221.92 - - [20/Jun/2022:21:32:20 -0500] "HEAD / HTTP/1.1" 200 -
201.245.192.253 - - [20/Jun/2022:21:31:48 -0500] "POST /kwsrmcab/Wsrmcab HTTP/1.1" 200 47286
172.22.2.4 - - [20/Jun/2022:21:31:02 -0500] "GET /BLA/boletinlegal/ HTTP/1.1" 200 56799
201.245.192.253 - - [20/Jun/2022:21:32:37 -0500] "POST /kwsrmcab/Wsrmcab HTTP/1.1" 200 47722
172.22.2.4 - - [20/Jun/2022:21:31:50 -0500] "HEAD /BLA/boletinlegal/ HTTP/1.1" 200 -
66.249.65.13 - - [20/Jun/2022:21:33:37 -0500] "-" 408 -
172.22.2.4 - - [20/Jun/2022:21:32:40 -0500] "GET /BLA/boletinlegal/ HTTP/1.1" 200 60610
216.245.221.92 - - [20/Jun/2022:21:37:20 -0500] "HEAD / HTTP/1.1" 200 -
172.22.2.4 - - [20/Jun/2022:21:35:55 -0500] "GET /BLA/boletinlegal/ HTTP/1.1" 200 63473
172.22.2.4 - - [20/Jun/2022:21:37:40 -0500] "HEAD /BLA/boletinlegal/ HTTP/1.1" 200 -
172.22.2.4 - - [20/Jun/2022:21:38:56 -0500] "GET /BLA/boletinlegal/ HTTP/1.1" 200 24523
172.22.2.4 - - [20/Jun/2022:21:39:52 -0500] "GET /BLA/boletinlegal/Circulares/2019/.pdf HTTP/1.1" 404 1218
172.22.2.4 - - [20/Jun/2022:21:40:02 -0500] "GET /BLA/boletinlegal/Circulares/2012/Circular%20No.%2010%20del%2026%20de%20Enero%20de%202012.pdf HTTP/1.1" 404 1218
172.22.2.4 - - [20/Jun/2022:21:38:30 -0500] "GET /BLA/boletinlegal/ HTTP/1.1" 200 55012
186.118.68.160 - - [20/Jun/2022:21:40:12 -0500] "GET /portaldeninos/wp-content/uploads/useanyfont/uaf.css?ver=1589905315 HTTP/1.1" 200 408
186.118.68.160 - - [20/Jun/2022:21:40:12 -0500] "GET /portaldeninos/wp-content/themes/betheme/style.css?ver=20.9.6 HTTP/1.1" 200 287
186.118.68.160 - - [20/Jun/2022:21:40:12 -0500] "GET /portaldeninos/wp-content/plugins/gallery-videos/CSS/Total-Soft-Gallery-Video-Widget.css?ver=4.9.8 HTTP/1.1" 200 51554
186.118.68.160 - - [20/Jun/2022:21:40:12 -0500] "GET /portaldeninos/wp-content/plugins/gallery-videos/CSS/totalsoft.css?ver=4.9.8 HTTP/1.1" 200 40622
186.118.68.160 - - [20/Jun/2022:21:40:12 -0500] "GET /portaldeninos/wp-content/themes/betheme/css/base.css?ver=20.9.6 HTTP/1.1" 200 57283
186.118.68.160 - - [20/Jun/2022:21:40:12 -0500] "GET /portaldeninos/wp-content/themes/betheme/assets/animations/animations.min.css?ver=20.9.6 HTTP/1.1" 200 58508
186.118.68.160 - - [20/Jun/2022:21:40:12 -0500] "GET /portaldeninos/wp-content/themes/betheme/assets/jplayer/css/jplayer.blue.monday.css?ver=20.9.6 HTTP/1.1" 200 9834
186.118.68.160 - - [20/Jun/2022:21:40:12 -0500] "GET /portaldeninos/wp-content/themes/betheme/css/layout.css?ver=20.9.6 HTTP/1.1" 200 116639
186.118.68.160 - - [20/Jun/2022:21:40:12 -0500] "GET /portaldeninos/wp-content/themes/betheme/assets/ui/jquery.ui.all.css?ver=20.9.6 HTTP/1.1" 200 18765
186.118.68.160 - - [20/Jun/2022:21:40:12 -0500] "GET /portaldeninos/wp-content/themes/betheme/css/shortcodes.css?ver=20.9.6 HTTP/1.1" 200 138889
186.118.68.160 - - [20/Jun/2022:21:40:12 -0500] "GET /portaldeninos/wp-content/plugins/google-analytics-for-wordpress/assets/js/frontend-gtag.min.js?ver=8.5.0 HTTP/1.1" 200 11801
186.118.68.160 - - [20/Jun/2022:21:40:12 -0500] "GET /portaldeninos/wp-includes/js/jquery/ui/core.min.js?ver=1.11.4 HTTP/1.1" 200 4000
186.118.68.160 - - [20/Jun/2022:21:40:12 -0500] "GET /portaldeninos/wp-content/plugins/gallery-videos/JS/modernizr.custom.js?ver=4.9.8 HTTP/1.1" 200 9019
186.118.68.160 - - [20/Jun/2022:21:40:12 -0500] "GET /portaldeninos/wp-includes/js/jquery/jquery-migrate.min.js?ver=1.4.1 HTTP/1.1" 200 10056
186.118.68.160 - - [20/Jun/2022:21:40:12 -0500] "GET /portaldeninos/wp-content/themes/betheme/css/responsive.css?ver=20.9.6 HTTP/1.1" 200 55740
186.118.68.160 - - [20/Jun/2022:21:40:12 -0500] "GET /portaldeninos/wp-includes/js/jquery/ui/mouse.min.js?ver=1.11.4 HTTP/1.1" 200 3148
186.118.68.160 - - [20/Jun/2022:21:40:12 -0500] "GET /portaldeninos/wp-includes/js/jquery/ui/widget.min.js?ver=1.11.4 HTTP/1.1" 200 6908
186.118.68.160 - - [20/Jun/2022:21:40:12 -0500] "GET /portaldeninos/wp-includes/js/jquery/jquery.js?ver=1.12.4 HTTP/1.1" 200 97184
186.118.68.160 - - [20/Jun/2022:21:40:12 -0500] "GET /portaldeninos/wp-includes/js/jquery/ui/accordion.min.js?ver=1.11.4 HTTP/1.1" 200 8584
186.118.68.160 - - [20/Jun/2022:21:40:12 -0500] "GET /portaldeninos/wp-content/plugins/gallery-videos/JS/Total-Soft-Gallery-Video-Widget.js?ver=4.9.8 HTTP/1.1" 200 80264
186.118.68.160 - - [20/Jun/2022:21:40:12 -0500] "GET /portaldeninos/wp-includes/js/jquery/ui/tabs.min.js?ver=1.11.4 HTTP/1.1" 200 12110
186.118.68.160 - - [20/Jun/2022:21:40:12 -0500] "GET /portaldeninos/wp-includes/js/jquery/ui/sortable.min.js?ver=1.11.4 HTTP/1.1" 200 24899
186.118.68.160 - - [20/Jun/2022:21:40:12 -0500] "GET /portaldeninos/wp-content/themes/betheme/js/menu.js?ver=20.9.6 HTTP/1.1" 200 2449
186.118.68.160 - - [20/Jun/2022:21:40:12 -0500] "GET /portaldeninos/wp-content/themes/betheme/assets/animations/animations.min.js?ver=20.9.6 HTTP/1.1" 200 1896
186.118.68.160 - - [20/Jun/2022:21:40:12 -0500] "GET /portaldeninos/wp-includes/js/wp-embed.min.js?ver=4.9.8 HTTP/1.1" 200 1398
186.118.68.160 - - [20/Jun/2022:21:40:12 -0500] "GET /portaldeninos/wp-content/themes/betheme/js/scripts.js?ver=20.9.6 HTTP/1.1" 200 77162
186.118.68.160 - - [20/Jun/2022:21:40:12 -0500] "GET /portaldeninos/wp-content/themes/betheme/assets/jplayer/jplayer.min.js?ver=20.9.6 HTTP/1.1" 200 52702
186.118.68.160 - - [20/Jun/2022:21:40:12 -0500] "GET /portaldeninos/wp-content/themes/betheme/js/plugins.js?ver=20.9.6 HTTP/1.1" 200 197151
186.118.68.160 - - [20/Jun/2022:21:40:13 -0500] "GET /portaldeninos/wp-includes/js/wp-emoji-release.min.js?ver=4.9.8 HTTP/1.1" 200 12026
186.118.68.160 - - [20/Jun/2022:21:40:13 -0500] "GET /portaldeninos/wp-content/themes/betheme/images/box_shadow.png HTTP/1.1" 200 108
186.118.68.160 - - [20/Jun/2022:21:40:13 -0500] "GET /portaldeninos/wp-content/themes/betheme/fonts/mfn-icons.woff?93978679 HTTP/1.1" 200 80932
186.118.68.160 - - [20/Jun/2022:21:40:13 -0500] "GET /portaldeninos/wp-content/themes/betheme/fonts/mfn-icons.ttf?93978679 HTTP/1.1" 200 87105
216.245.221.92 - - [20/Jun/2022:21:42:20 -0500] "HEAD / HTTP/1.1" 200 -
201.245.192.253 - - [20/Jun/2022:21:41:47 -0500] "POST /kwsrmcab/Wsrmcab HTTP/1.1" 200 47286
201.245.192.253 - - [20/Jun/2022:21:42:41 -0500] "POST /kwsrmcab/Wsrmcab HTTP/1.1" 200 47722
66.249.65.13 - - [20/Jun/2022:21:45:10 -0500] "-" 408 -
172.22.2.4 - - [20/Jun/2022:21:43:30 -0500] "HEAD /BLA/boletinlegal/ HTTP/1.1" 200 -
172.22.2.4 - - [20/Jun/2022:21:44:20 -0500] "GET /BLA/boletinlegal/ HTTP/1.1" 200 47737
216.245.221.92 - - [20/Jun/2022:21:47:20 -0500] "HEAD / HTTP/1.1" 200 -
207.46.13.236 - - [20/Jun/2022:21:50:13 -0500] "-" 408 -
207.46.13.236 - - [20/Jun/2022:21:50:14 -0500] "-" 408 -
172.22.2.4 - - [20/Jun/2022:21:49:20 -0500] "HEAD /BLA/boletinlegal/ HTTP/1.1" 200 -
186.102.7.78 - - [20/Jun/2022:21:51:04 -0500] "GET /kwssiamovil/sm/acme/a?s=U2FsdGVkX184653Wwt2hIXnV5QlRdqmhPnkj1K0VWctRtUNm1OyAwFDuJhapqpP+S311yxE3rwFWpcFZ2E/UhQbJjp1MwrpIBH2Brso16G7UlIxz7YSbYtm6p6Du0SFwA+mYHZS9SvhhJTCPr18xzqbhMmESzxJnxXpn6hfb9SumBvfs8yij+ognhd4HICVUDL4f9O3vkGINNbFkDYGo6MgEN01dCcQ15TnTq+gcEXND4Eu4nhISyIDDefZEY+C0X9udW+Hbb/ezn62CDO8NUg==&u=U2FsdGVkX1+B89R1TnQxUBvImx7/YDtx0e3iosCQUfoA4jI4ANuFpM5sC5RFfpxo&y=U2FsdGVkX1+fM+59Ns+SaFcZ/b0uqiyaFf5o0w/K6tqBke3TqFc7VznYEN9zRY9q HTTP/1.1" 200 25
186.102.7.78 - - [20/Jun/2022:21:51:04 -0500] "GET /kwssiamovil/sm/acme/a?s=U2FsdGVkX19GDxeF8+Ft+DFbAMgW11rXXmFORUePrNalWmXM00D0/1YHiGCQRIvUFPBmweLmBOG2r7Jn2uwFe8fx5jNDbW132cYxBW2RIrRl4+/AeQUvfrmyO6dAApq1FSUNdxVj3tYkxx+v+55neQ6Or366HXaf0CsiHOeC62ue8KFjvFooSU6u9wpOuKx3Cysa69oOcqHS2PcIu3plmTfp6xlcbkgE/39uuOZKJV+s06pfnuF7md0hvWOr31i7fCbtLey+yOcyvbyf2XJN59VqgpxcWnuSsJV2G/3dyoECRV5u+z07Q8b1I+ZYIf17cyBZ7kAVjrvVVJ1N+aC75AeosOo2YuvWhotw5pi02fIh2YJOBVXeA9LPKLi8eYlgEiBVi3yn+f89fwxgF0uqfEW8hKr/16YBYQS3c7I4/vtrTsFe9N4uUGy4bb+smXrduoDDLePSeHyj6unWVywS17aFxo6yG7SaKvKlPbzUJKTvo0KcvoqPeCL0UiBmHlFkwvsEZmQz7ow8fug59Yl3HGUjyv2ACJ4c2V6sIGoB6OWd192cyQNAxsPS9SqyM0BtdjXDgIQeTzp7k7aICnjObpsUz/D2nhMwHtyjWeob/PpcLG90CxYkmSWOUkOLryonnKzCp+mqM32qqbmnjiN0+igUYc7TnirCQE7IWI0VqGNA/TnVPE49kP4wKW+Z2xtbfSwz9Ran1zKVWcB9JFbMGWwcwZQ0R0OisK4G/UrmqCxAumL3ZkJ20e4U61fifm9waaXhJzu7vsKyX7tus9qwH4EIxsa/vo5PTTlFRz8zhYX6le4hGbMzq+YMJlKLMcs+b5GSf4rueHzFwWGMHLFjZ8D/OMHp7Akg8sn53krUmqUOJ8f+9tF2MXEL9Mup2pmA+cIdn0Rsknjt8S+9WN5oUshMvo9g2XjV7lcYi8HeTFXE7N8OVw/ujw/Af7i0tpR2NrM+BjIpdrVcijm/jY33WhI2mFWEjRVu89bvEoX4XLv1e599/C0CgbqpXC8eIMB5Lbz8hd7/lXmM3zP+CDy9Tbkd6M65GNvBjLHlLocHB7yCXgxgoSYmScgTO024kqoCgKfja5AHlaBmP3dVjvBrBq1ZtGU29QVyRrY1XvBNhmySX9SBy68e7oQ+n0lE3ylZUfGccQwG+rKc53yegALXQf2IPKRuDWiC8RlCvanlmMn4CXW7m9jisIa6x/cIaebbdxmtc/vToL5IATI4U/IpMVXKED87HGihD0oClSh6Wts3N8s1mDyLamaBu6VmYW9Y4AJJ6xUkh/u/W5IaICJKtBmHZ3IETZ+u8strYjyu/rKoalubdz7YW6zrp2HNIjaRPVJU4PpO2NF9lHde/qUWl9VPA4MBuG+vk2pkh3W22rWtdOXy2QPQlTYASResRzcJSKqrecPv5hC5rc+x6SQcH8XTP1FsGrCYf8S0Pz8PMhXvMcTyTqs7Y1GRBUCKebNIDEK1DL68Roki3LSPSesmIqOTMB/rc1Li14HXLrbtnFY=&u=U2FsdGVkX1+B89R1TnQxUBvImx7/YDtx0e3iosCQUfoA4jI4ANuFpM5sC5RFfpxo&y=U2FsdGVkX1+fM+59Ns+SaFcZ/b0uqiyaFf5o0w/K6tqBke3TqFc7VznYEN9zRY9q HTTP/1.1" 200 25
186.102.7.78 - - [20/Jun/2022:21:51:04 -0500] "GET /kwssiamovil/sm/acme/a?s=U2FsdGVkX1/IP1lBSkAsv1JIEptntj3J1a6YuipqKTELx8OU5ZfifvpOryHXqidwuT4WnqBFbxzpnRaQ3O6ffSO/lCORn3MXQVkFafoY1JcGYsviBX6vLPeSsSjpsd/Kk6jO13yl6qaytTkq8ten+gwuVotUqHiuiVLOcac2CXQ=&u=U2FsdGVkX1+B89R1TnQxUBvImx7/YDtx0e3iosCQUfoA4jI4ANuFpM5sC5RFfpxo&y=U2FsdGVkX1+fM+59Ns+SaFcZ/b0uqiyaFf5o0w/K6tqBke3TqFc7VznYEN9zRY9q HTTP/1.1" 200 25
186.102.7.78 - - [20/Jun/2022:21:51:05 -0500] "GET /kwssiamovil/sm/acme/a?s=U2FsdGVkX18XtV401sOB6EMc7NoXFdNkHp3bgOFBQHu9acGs4KQVnVuOnsu63lFmBi0SH9AbKReQevzSmtC672CRJUZv8a/znwd6TGxrPVAJl66h7WgeuTpjjxj5KhPw6X8Bkb7FYZbB1HQr54ispKd1kPJzjfTEuEDiR1zlmhQ=&u=U2FsdGVkX1+B89R1TnQxUBvImx7/YDtx0e3iosCQUfoA4jI4ANuFpM5sC5RFfpxo&y=U2FsdGVkX1+fM+59Ns+SaFcZ/b0uqiyaFf5o0w/K6tqBke3TqFc7VznYEN9zRY9q HTTP/1.1" 200 25
186.102.7.78 - - [20/Jun/2022:21:51:05 -0500] "GET /kwssiamovil/sm/acme/a?s=U2FsdGVkX1/tupA7B17NPq42Zu3ppeRuPaAmanCqKg6qQwbXivVAde0gi5MRnGXTfxHEq1AJ5VCiN6yZFeOhcw1ZJG+DCcgGUE8n4xFGoDxgSnCPSJum2W8OtPzBaz3rfjZ+FWDLgkUO4XqJu1q+sDn2O8KmjYYn58a7D44JPsE=&u=U2FsdGVkX1+B89R1TnQxUBvImx7/YDtx0e3iosCQUfoA4jI4ANuFpM5sC5RFfpxo&y=U2FsdGVkX1+fM+59Ns+SaFcZ/b0uqiyaFf5o0w/K6tqBke3TqFc7VznYEN9zRY9q HTTP/1.1" 200 25
186.102.7.78 - - [20/Jun/2022:21:51:05 -0500] "GET /kwssiamovil/sm/acme/a?s=U2FsdGVkX1+MNp/a0kgqTm/yT22ZNDD69NhyRXSerOciefif93vFJyl7inZXX7MbXQ/ftE75HjN2gOlG1SNWP30Y1ipCO1IYMA4699D6idDxKuX/zV2WPYl4gGHSnyQcWG/5reneyAooDD3jkdAFV68Qc5+GK8yn+gz9nbMXgSIJuzpJaFTh2xF1XDyrYF0v&u=U2FsdGVkX1+B89R1TnQxUBvImx7/YDtx0e3iosCQUfoA4jI4ANuFpM5sC5RFfpxo&y=U2FsdGVkX1+fM+59Ns+SaFcZ/b0uqiyaFf5o0w/K6tqBke3TqFc7VznYEN9zRY9q HTTP/1.1" 200 25
172.22.2.4 - - [20/Jun/2022:21:50:10 -0500] "GET /BLA/boletinlegal/ HTTP/1.1" 200 57591
216.245.221.92 - - [20/Jun/2022:21:52:20 -0500] "HEAD / HTTP/1.1" 200 -
49.7.21.73 - - [20/Jun/2022:21:52:30 -0500] "-" 408 -
51.15.164.30 - - [20/Jun/2022:21:53:59 -0500] "HEAD /guadalupe-aguanoso-y-otros-tres-caminos-de-los-cerros-estarin-cerrados-este-fin-de-semana.html HTTP/1.1" 200 -
217.182.175.162 - - [20/Jun/2022:21:54:00 -0500] "HEAD /guadalupe-aguanoso-y-otros-tres-caminos-de-los-cerros-estarin-cerrados-este-fin-de-semana.html HTTP/1.1" 200 -
172.22.2.4 - - [20/Jun/2022:21:55:10 -0500] "HEAD /BLA/boletinlegal/ HTTP/1.1" 200 -
216.245.221.92 - - [20/Jun/2022:21:57:20 -0500] "HEAD / HTTP/1.1" 200 -
172.22.2.4 - - [20/Jun/2022:21:56:00 -0500] "GET /BLA/boletinlegal/ HTTP/1.1" 200 57966
172.22.2.4 - - [20/Jun/2022:21:57:49 -0500] "HEAD /BLA/boletinlegal/actos.php HTTP/1.1" 200 -
207.46.13.134 - - [20/Jun/2022:21:58:15 -0500] "GET /secretaria-de-ambiente-exalta-a-organizaciones-y-colectivos-en-conmemoracion-del-dia-del-voluntariado-ambiental.html HTTP/1.1" 200 1093
172.22.2.4 - - [20/Jun/2022:21:58:49 -0500] "GET /BLA/boletinlegal/actos.php HTTP/1.1" 200 9559
172.22.2.4 - - [20/Jun/2022:21:57:32 -0500] "HEAD /BLA/boletinlegal/ HTTP/1.1" 200 -
186.102.24.162 - - [20/Jun/2022:22:00:59 -0500] "GET /kwssiamovil/sm/acme/u?s=U2FsdGVkX1/QlA5DnVIjU78vex0T+KxZhqKugBNhBRuK0yV6ytQlPvR6Bku9MxwDIeTbq3d+PMCBdz3Fpg2H+5Ij2aO5ueDKMVBowEf8iJWbASMPoZrp68G+S3zvzwQiHaprLQQJ5xbjDbdt0Hb+qw==&u=U2FsdGVkX19TPrWJ2ByK5mb0bm+ukGM3GqQstfQOH6fdb5fefeP1VPi+enkCuRTM&y=U2FsdGVkX19f0Z+8wRkV1WZJ1/6fx+CISBOzDyZ+fXVyjSvBnO3yo9Vhs+e5ntw3 HTTP/1.1" 200 60
216.245.221.92 - - [20/Jun/2022:22:02:20 -0500] "HEAD / HTTP/1.1" 200 -
172.22.2.4 - - [20/Jun/2022:22:01:00 -0500] "HEAD /BLA/boletinlegal/ HTTP/1.1" 200 -
207.46.13.6 - - [20/Jun/2022:22:03:11 -0500] "GET /sipse/faces/faces/autenticacion.xhtml HTTP/1.1" 200 12491
172.22.2.4 - - [20/Jun/2022:22:01:50 -0500] "GET /BLA/boletinlegal/ HTTP/1.1" 200 60610
216.245.221.92 - - [20/Jun/2022:22:07:20 -0500] "HEAD / HTTP/1.1" 200 -
216.194.92.156 - - [20/Jun/2022:22:07:44 -0500] "GET /guadalupe-aguanoso-y-otros-tres-caminos-de-los-cerros-estarin-cerrados-este-fin-de-semana.html HTTP/1.1" 200 797
172.22.2.4 - - [20/Jun/2022:22:06:50 -0500] "HEAD /BLA/boletinlegal/ HTTP/1.1" 200 -
172.22.2.4 - - [20/Jun/2022:22:07:40 -0500] "GET /BLA/boletinlegal/ HTTP/1.1" 200 55379
172.22.2.4 - - [20/Jun/2022:22:10:01 -0500] "GET /BLA/boletinlegal/normativa.php HTTP/1.1" 200 8326
172.22.2.4 - - [20/Jun/2022:22:10:18 -0500] "GET /BLA/boletinlegal/js/ajax_normativa.js HTTP/1.1" 200 1154
172.22.2.4 - - [20/Jun/2022:22:10:20 -0500] "GET /BLA/boletinlegal/styles2.css HTTP/1.1" 200 1838
172.22.2.4 - - [20/Jun/2022:22:10:20 -0500] "GET /BLA/boletinlegal/niceforms-default.css HTTP/1.1" 200 6694
186.29.24.174 - - [20/Jun/2022:22:11:39 -0500] "GET /isolucionsda/ControlDeInicio.asp HTTP/1.1" 200 2478
186.29.24.174 - - [20/Jun/2022:22:11:40 -0500] "GET /img/logoLogin.png HTTP/1.1" 404 1310
186.29.24.174 - - [20/Jun/2022:22:11:41 -0500] "GET /favicon.ico HTTP/1.1" 200 7782
172.22.2.4 - - [20/Jun/2022:22:11:49 -0500] "GET /BLA/boletinlegal/robots.txt HTTP/1.1" 404 1038
172.22.2.4 - - [20/Jun/2022:22:11:52 -0500] "GET /BLA/boletinlegal/Directivas/2013/Directiva%20No.%202%20del%2004%20de%20Abril%20de%202013.pdf HTTP/1.1" 200 1182671
198.235.24.18 - - [20/Jun/2022:22:12:18 -0500] "GET / HTTP/1.1" 200 319
216.245.221.92 - - [20/Jun/2022:22:12:20 -0500] "HEAD / HTTP/1.1" 200 -
49.7.21.73 - - [20/Jun/2022:22:13:30 -0500] "-" 408 -
172.22.2.4 - - [20/Jun/2022:22:12:40 -0500] "HEAD /BLA/boletinlegal/ HTTP/1.1" 200 -
172.22.2.4 - - [20/Jun/2022:22:13:42 -0500] "GET /BLA/boletinlegal/ HTTP/1.1" 200 20427
172.22.2.4 - - [20/Jun/2022:22:13:30 -0500] "GET /BLA/boletinlegal/ HTTP/1.1" 200 56011
172.22.2.4 - - [20/Jun/2022:22:15:24 -0500] "GET /BLA/boletinlegal/ HTTP/1.1" 200 24523
66.249.65.17 - - [20/Jun/2022:22:16:20 -0500] "-" 408 -
102.129.152.232 - - [20/Jun/2022:22:16:28 -0500] "GET / HTTP/1.1" 200 319
172.22.2.4 - - [20/Jun/2022:22:16:52 -0500] "GET /BLA/boletinlegal/consulta_actos.php?tipo=resoluciones&no=0568&usuario=&sector=&fecha=2020&resuelve= HTTP/1.1" 200 626
172.22.2.4 - - [20/Jun/2022:22:16:55 -0500] "GET /BLA/boletinlegal/consulta_actos.php?tipo=resoluciones&no=0568&usuario=&sector=&fecha=2020&resuelve= HTTP/1.1" 200 626
172.22.2.4 - - [20/Jun/2022:22:17:05 -0500] "GET /BLA/boletinlegal/actos.php HTTP/1.1" 200 9559
216.245.221.92 - - [20/Jun/2022:22:17:20 -0500] "HEAD / HTTP/1.1" 200 -
172.22.2.4 - - [20/Jun/2022:22:16:35 -0500] "GET /BLA/boletinlegal/ HTTP/1.1" 200 40907
172.22.2.4 - - [20/Jun/2022:22:17:02 -0500] "GET /BLA/boletinlegal/ HTTP/1.1" 200 24523
172.22.2.4 - - [20/Jun/2022:22:17:59 -0500] "GET /BLA/boletinlegal/consulta_actos.php?tipo=resoluciones&no=0568&usuario=&sector=&fecha=2019&resuelve= HTTP/1.1" 200 1052
128.14.134.134 - - [20/Jun/2022:22:19:46 -0500] "GET / HTTP/1.1" 200 319
172.22.2.4 - - [20/Jun/2022:22:18:30 -0500] "HEAD /BLA/boletinlegal/ HTTP/1.1" 200 -
172.22.2.4 - - [20/Jun/2022:22:19:20 -0500] "GET /BLA/boletinlegal/ HTTP/1.1" 200 58464
216.245.221.92 - - [20/Jun/2022:22:22:20 -0500] "HEAD / HTTP/1.1" 200 -
201.245.192.253 - - [20/Jun/2022:22:21:47 -0500] "POST /kwsrmcab/Wsrmcab HTTP/1.1" 200 46961
201.245.192.253 - - [20/Jun/2022:22:22:39 -0500] "POST /kwsrmcab/Wsrmcab HTTP/1.1" 200 47542
172.22.2.4 - - [20/Jun/2022:22:23:45 -0500] "GET /BLA/boletinlegal/consulta_actos.php?tipo=autos&no=1177&usuario=&sector=&fecha=2022&resuelve= HTTP/1.1" 200 1081
181.60.40.95 - - [20/Jun/2022:22:23:51 -0500] "GET /BLA/resoluciones/ HTTP/1.1" 200 13093
181.60.40.95 - - [20/Jun/2022:22:23:56 -0500] "GET /BLA/resoluciones/index.php?dir=AUTOS+2022%2F HTTP/1.1" 200 92983
172.22.2.4 - - [20/Jun/2022:22:24:20 -0500] "HEAD /BLA/boletinlegal/ HTTP/1.1" 200 -
172.22.2.4 - - [20/Jun/2022:22:25:10 -0500] "GET /BLA/boletinlegal/ HTTP/1.1" 200 58464
216.245.221.92 - - [20/Jun/2022:22:27:20 -0500] "HEAD / HTTP/1.1" 200 -
172.22.2.4 - - [20/Jun/2022:22:30:10 -0500] "HEAD /BLA/boletinlegal/ HTTP/1.1" 200 -
173.252.107.120 - - [20/Jun/2022:22:31:57 -0500] "GET /oso-melero-recuperado-en-bogota-fue-liberado-exitosamente-en-el-meta.html HTTP/1.1" 206 948
173.252.107.22 - - [20/Jun/2022:22:31:57 -0500] "GET /oso-melero-recuperado-en-bogota-fue-liberado-exitosamente-en-el-meta.html HTTP/1.1" 206 948
173.252.127.118 - - [20/Jun/2022:22:31:57 -0500] "GET /oso-melero-recuperado-en-bogota-fue-liberado-exitosamente-en-el-meta.html?fbclid=IwAR1xguihP5d6imVpmoZDM_Q68aqfiFlI6O8IR3jsvJ0n5eJKH6ED3iQSJFU HTTP/1.1" 200 948
216.245.221.92 - - [20/Jun/2022:22:32:20 -0500] "HEAD / HTTP/1.1" 200 -
201.245.192.253 - - [20/Jun/2022:22:31:47 -0500] "POST /kwsrmcab/Wsrmcab HTTP/1.1" 200 46961
172.22.2.4 - - [20/Jun/2022:22:31:00 -0500] "GET /BLA/boletinlegal/ HTTP/1.1" 200 60610
186.84.88.120 - - [20/Jun/2022:22:32:54 -0500] "GET /forest/ HTTP/1.1" 200 12041
186.84.88.120 - - [20/Jun/2022:22:33:26 -0500] "POST /forest/index.php HTTP/1.1" 200 12268
201.245.192.253 - - [20/Jun/2022:22:32:38 -0500] "POST /kwsrmcab/Wsrmcab HTTP/1.1" 200 47542
44.238.103.154 - - [20/Jun/2022:22:34:16 -0500] "GET /galeria/galeria/fotos/diaSC4Peq.jpg HTTP/1.1" 200 21008
49.7.21.73 - - [20/Jun/2022:22:34:29 -0500] "-" 408 -
108.174.8.21 - - [20/Jun/2022:22:35:08 -0500] "GET /que-orgullo-bogota-obtiene-reconocimiento-por-sus-planes-y-acciones-para-enfrentar-el-cambio-climatico.html HTTP/1.1" 206 773
31.13.103.119 - - [20/Jun/2022:22:36:14 -0500] "GET /images/reunion-planta-termovalorizacion-11-mayo.jpg HTTP/1.1" 200 34782
216.245.221.92 - - [20/Jun/2022:22:37:20 -0500] "HEAD / HTTP/1.1" 200 -
172.22.2.4 - - [20/Jun/2022:22:35:51 -0500] "GET /BLA/boletinlegal/ HTTP/1.1" 200 50640
104.217.249.182 - - [20/Jun/2022:22:37:26 -0500] "POST /boaform/admin/formLogin HTTP/1.1" 404 1186
172.22.2.4 - - [20/Jun/2022:22:36:00 -0500] "HEAD /BLA/boletinlegal/ HTTP/1.1" 200 -
172.22.2.4 - - [20/Jun/2022:22:36:50 -0500] "GET /BLA/boletinlegal/ HTTP/1.1" 200 57591
172.22.2.4 - - [20/Jun/2022:22:39:41 -0500] "GET /BLA/boletinlegal/Circulares/2019/.pdf HTTP/1.1" 404 1218
66.249.65.13 - - [20/Jun/2022:22:39:43 -0500] "-" 408 -
192.95.29.199 - - [20/Jun/2022:22:42:16 -0500] "GET /auambari-deleito-con-sus-sonidos-ambientales-a-los-asistentes-de-fima-2021.html HTTP/1.1" 200 888
216.245.221.92 - - [20/Jun/2022:22:42:20 -0500] "HEAD / HTTP/1.1" 200 -
201.245.192.253 - - [20/Jun/2022:22:41:47 -0500] "POST /kwsrmcab/Wsrmcab HTTP/1.1" 200 46961
173.252.107.13 - - [20/Jun/2022:22:42:42 -0500] "GET /30-tinguas-azules-volvieron-a-alzar-vuelo-en-el-humedal-jaboque-en-engativa.html HTTP/1.1" 206 1102
173.252.79.6 - - [20/Jun/2022:22:43:05 -0500] "GET /images/ecosistema-dia-internacional-tierra-21-abril.jpg HTTP/1.1" 200 30098
201.245.192.253 - - [20/Jun/2022:22:42:34 -0500] "POST /kwsrmcab/Wsrmcab HTTP/1.1" 200 47542
172.22.2.4 - - [20/Jun/2022:22:41:50 -0500] "HEAD /BLA/boletinlegal/ HTTP/1.1" 200 -
35.204.49.158 - - [20/Jun/2022:22:43:52 -0500] "GET / HTTP/1.1" 200 319
172.22.2.4 - - [20/Jun/2022:22:42:40 -0500] "GET /BLA/boletinlegal/ HTTP/1.1" 200 60610
216.245.221.92 - - [20/Jun/2022:22:47:20 -0500] "HEAD / HTTP/1.1" 200 -
190.26.140.6 - - [20/Jun/2022:22:48:22 -0500] "GET /BLA/resoluciones/ HTTP/1.1" 200 13093
190.26.140.6 - - [20/Jun/2022:22:48:31 -0500] "GET /BLA/resoluciones/index.php?dir=RESOLUCIONES+2019%2F HTTP/1.1" 200 240477
190.26.140.6 - - [20/Jun/2022:22:48:43 -0500] "GET /BLA/resoluciones/RESOLUCIONES%202019/2858.pdf HTTP/1.1" 200 472451
172.22.2.4 - - [20/Jun/2022:22:47:40 -0500] "HEAD /BLA/boletinlegal/ HTTP/1.1" 200 -
172.22.2.4 - - [20/Jun/2022:22:48:30 -0500] "GET /BLA/boletinlegal/ HTTP/1.1" 200 58464
66.249.65.13 - - [20/Jun/2022:22:51:57 -0500] "-" 408 -
216.245.221.92 - - [20/Jun/2022:22:52:20 -0500] "HEAD / HTTP/1.1" 200 -
172.22.2.4 - - [20/Jun/2022:22:53:30 -0500] "HEAD /BLA/boletinlegal/ HTTP/1.1" 200 -
49.7.21.73 - - [20/Jun/2022:22:55:28 -0500] "-" 408 -
69.63.189.116 - - [20/Jun/2022:22:55:32 -0500] "GET /images/la-vieja-mayo-24.jpg HTTP/1.1" 200 58217
173.252.87.20 - - [20/Jun/2022:22:55:34 -0500] "GET /images/Naturalista1.jpeg HTTP/1.1" 200 202073
173.252.107.119 - - [20/Jun/2022:22:55:35 -0500] "GET /images/actividades-dia-aves-16-mayo.jpg HTTP/1.1" 200 147089
173.252.87.116 - - [20/Jun/2022:22:55:37 -0500] "GET /images/negocios-verdes-mayo-2022.jpg HTTP/1.1" 200 48000
173.252.87.116 - - [20/Jun/2022:22:55:38 -0500] "GET /images/feria-servicios-12-mayo-principal.jpg HTTP/1.1" 200 44744
173.252.87.117 - - [20/Jun/2022:22:55:38 -0500] "GET /images/secretaria-rio-bogota-avances-12-mayo.jpg HTTP/1.1" 200 37281
173.252.87.117 - - [20/Jun/2022:22:55:39 -0500] "GET /images/ptar-alcaldesa-rio-bogota-12-mato.jpg HTTP/1.1" 200 40205
173.252.127.14 - - [20/Jun/2022:22:55:39 -0500] "GET /images/reunion-planta-termovalorizacion-11-mayo.jpg HTTP/1.1" 200 34782
173.252.127.14 - - [20/Jun/2022:22:55:42 -0500] "GET /images/accion-climatica.jpg HTTP/1.1" 200 417776
31.13.127.12 - - [20/Jun/2022:22:55:43 -0500] "GET /images/Animales1.jpeg HTTP/1.1" 200 76841
157.55.39.202 - - [20/Jun/2022:22:54:06 -0500] "GET /BLA/boletinlegal/index.php HTTP/1.1" 200 47380
173.252.107.2 - - [20/Jun/2022:22:55:47 -0500] "GET /images/fachada-secretaria-ambiente-abril.jpg HTTP/1.1" 200 148853
69.171.249.11 - - [20/Jun/2022:22:55:49 -0500] "GET /images/operativos-residuos-peligrosos-25-ABRIL.jpg HTTP/1.1" 200 35345
173.252.87.16 - - [20/Jun/2022:22:55:50 -0500] "GET /images/actividades-dia-tierra-22-abril.jpg HTTP/1.1" 200 77276
173.252.87.22 - - [20/Jun/2022:22:55:51 -0500] "GET /images/feria-servicios-tramites-puente-aranda-21-abril.jpg HTTP/1.1" 200 28255
69.63.189.119 - - [20/Jun/2022:22:55:53 -0500] "GET /images/JBB1.jpeg HTTP/1.1" 200 90628
69.63.184.3 - - [20/Jun/2022:22:55:53 -0500] "GET /images/caminos-cerros-orientales-7-abril.jpg HTTP/1.1" 200 80138
31.13.127.25 - - [20/Jun/2022:22:55:56 -0500] "GET /images/acopiadores-llantas-control-2-abril.jpeg HTTP/1.1" 200 34334
173.252.87.3 - - [20/Jun/2022:22:55:58 -0500] "GET /images/feria-servicios-cuidamos-bogota-31-marzo.jpg HTTP/1.1" 200 109745
173.252.87.24 - - [20/Jun/2022:22:55:59 -0500] "GET /images/culebra-sabanera-bogota-26-marzo.jpg HTTP/1.1" 200 22555
173.252.87.10 - - [20/Jun/2022:22:55:59 -0500] "GET /images/operativos-control-residuos-hospitalarios-28-marzo.jpg HTTP/1.1" 200 36883
172.22.2.4 - - [20/Jun/2022:22:54:20 -0500] "GET /BLA/boletinlegal/ HTTP/1.1" 200 48336
31.13.127.13 - - [20/Jun/2022:22:56:00 -0500] "GET /images/jornada-llantaton-usaquen-bosa-25-marzo.jpg HTTP/1.1" 200 60391
173.252.87.22 - - [20/Jun/2022:22:56:02 -0500] "GET /images/negocios-verdes-emprendimientos-24-marzo.jpg HTTP/1.1" 200 54522
216.245.221.92 - - [20/Jun/2022:22:57:20 -0500] "HEAD / HTTP/1.1" 200 -
191.111.16.232 - - [20/Jun/2022:22:57:42 -0500] "GET /catalogoisis/ HTTP/1.1" 200 8575
191.111.16.232 - - [20/Jun/2022:22:57:43 -0500] "GET /catalogoisis/Css/Busqueda.css HTTP/1.1" 200 1995
191.111.16.232 - - [20/Jun/2022:22:57:43 -0500] "GET /catalogoisis/Js/AceptarLimpiar.js HTTP/1.1" 200 331
191.111.16.232 - - [20/Jun/2022:22:57:43 -0500] "GET /catalogoisis/Js/CriterioCombinada.js HTTP/1.1" 200 1843
191.111.16.232 - - [20/Jun/2022:22:57:43 -0500] "GET /catalogoisis/Js/Remote.js HTTP/1.1" 200 436
191.111.16.232 - - [20/Jun/2022:22:57:43 -0500] "GET /catalogoisis/Js/Cookies.js HTTP/1.1" 200 1369
191.111.16.232 - - [20/Jun/2022:22:57:43 -0500] "GET /catalogoisis/Js/Go.js HTTP/1.1" 200 364
191.111.16.232 - - [20/Jun/2022:22:57:43 -0500] "GET /catalogoisis/Js/Numero.js HTTP/1.1" 200 398
191.111.16.232 - - [20/Jun/2022:22:57:43 -0500] "GET /catalogoisis/Js/Enter.js HTTP/1.1" 200 1208
191.111.16.232 - - [20/Jun/2022:22:57:43 -0500] "GET /catalogoisis/Js/LimpiarCombinada.js HTTP/1.1" 200 207
191.111.16.232 - - [20/Jun/2022:22:57:43 -0500] "GET /catalogoisis/imagenes/br1c3.gif HTTP/1.1" 200 302
191.111.16.232 - - [20/Jun/2022:22:57:43 -0500] "GET /catalogoisis/imagenes/br1c1.gif HTTP/1.1" 200 172
191.111.16.232 - - [20/Jun/2022:22:57:43 -0500] "GET /catalogoisis/imagenes/aceptar1.gif HTTP/1.1" 200 604
191.111.16.232 - - [20/Jun/2022:22:57:43 -0500] "GET /catalogoisis/imagenes/limpiar1.gif HTTP/1.1" 200 606
191.111.16.232 - - [20/Jun/2022:22:57:43 -0500] "GET /catalogoisis/imagenes/br3c1.gif HTTP/1.1" 200 177
191.111.16.232 - - [20/Jun/2022:22:57:43 -0500] "GET /catalogoisis/imagenes/Turnbo1.gif HTTP/1.1" 200 227
191.111.16.232 - - [20/Jun/2022:22:57:43 -0500] "GET /catalogoisis/imagenes/br3c2.gif HTTP/1.1" 200 285
191.111.16.232 - - [20/Jun/2022:22:57:43 -0500] "GET /catalogoisis/imagenes/br1c2.gif HTTP/1.1" 200 297
191.111.16.232 - - [20/Jun/2022:22:57:43 -0500] "GET /catalogoisis/imagenes/br3c3.gif HTTP/1.1" 200 186
191.111.16.232 - - [20/Jun/2022:22:57:43 -0500] "GET /catalogoisis/imagenes/br2c1.gif HTTP/1.1" 200 297
191.111.16.232 - - [20/Jun/2022:22:57:43 -0500] "GET /catalogoisis/imagenes/br2c2.gif HTTP/1.1" 200 302
191.111.16.232 - - [20/Jun/2022:22:57:43 -0500] "GET /catalogoisis/imagenes/Header.gif HTTP/1.1" 200 30313
191.111.16.232 - - [20/Jun/2022:22:57:44 -0500] "GET /catalogoisis/imagenes/br2c3.gif HTTP/1.1" 200 416
191.111.16.232 - - [20/Jun/2022:22:57:45 -0500] "GET /favicon.ico HTTP/1.1" 200 7782
172.22.2.4 - - [20/Jun/2022:22:59:20 -0500] "HEAD /BLA/boletinlegal/ HTTP/1.1" 200 -
172.22.2.4 - - [20/Jun/2022:23:00:10 -0500] "GET /BLA/boletinlegal/ HTTP/1.1" 200 57966
216.245.221.92 - - [20/Jun/2022:23:02:19 -0500] "HEAD / HTTP/1.1" 200 -
172.22.2.4 - - [20/Jun/2022:23:05:10 -0500] "HEAD /BLA/boletinlegal/ HTTP/1.1" 200 -
216.245.221.92 - - [20/Jun/2022:23:07:19 -0500] "HEAD / HTTP/1.1" 200 -
172.22.2.4 - - [20/Jun/2022:23:06:32 -0500] "GET /BLA/boletinlegal/ HTTP/1.1" 200 32715
172.22.2.4 - - [20/Jun/2022:23:06:00 -0500] "GET /BLA/boletinlegal/ HTTP/1.1" 200 49435
207.46.13.6 - - [20/Jun/2022:23:08:12 -0500] "GET /bla/resoluciones/index.php?dir=resoluciones+2002/res+2002+301-350 HTTP/1.1" 200 12274
40.77.189.20 - - [20/Jun/2022:23:11:54 -0500] "GET /BLA/boletinlegal/js/jquery.js HTTP/1.1" 200 57254
40.77.189.163 - - [20/Jun/2022:23:11:54 -0500] "GET /BLA/boletinlegal/js/jquery.scrollTo-min.js HTTP/1.1" 200 1150
172.22.2.4 - - [20/Jun/2022:23:10:35 -0500] "GET /BLA/boletinlegal/ HTTP/1.1" 200 57591
216.245.221.92 - - [20/Jun/2022:23:12:19 -0500] "HEAD / HTTP/1.1" 200 -
172.22.2.4 - - [20/Jun/2022:23:12:26 -0500] "GET /BLA/boletinlegal/js/jquery.scrollShow.js HTTP/1.1" 200 4586
172.22.2.4 - - [20/Jun/2022:23:12:29 -0500] "GET /BLA/boletinlegal/js/jquery.scrollTo-min.js HTTP/1.1" 200 1150
172.22.2.4 - - [20/Jun/2022:23:11:00 -0500] "HEAD /BLA/boletinlegal/ HTTP/1.1" 200 -
172.22.2.4 - - [20/Jun/2022:23:11:50 -0500] "GET /BLA/boletinlegal/ HTTP/1.1" 200 57222
178.73.215.171 - - [20/Jun/2022:23:15:32 -0500] "GET / HTTP/1.0" 200 319
49.7.21.73 - - [20/Jun/2022:23:16:27 -0500] "-" 408 -
216.245.221.92 - - [20/Jun/2022:23:17:19 -0500] "HEAD / HTTP/1.1" 200 -
172.22.2.4 - - [20/Jun/2022:23:16:50 -0500] "HEAD /BLA/boletinlegal/ HTTP/1.1" 200 -
172.22.2.4 - - [20/Jun/2022:23:17:40 -0500] "GET /BLA/boletinlegal/ HTTP/1.1" 200 58464
69.63.189.120 - - [20/Jun/2022:23:20:53 -0500] "GET /images/Junio%2002-experiencias-jardines-verticales-sda.jpeg HTTP/1.1" 200 31171
173.252.79.8 - - [20/Jun/2022:23:20:58 -0500] "GET /images/Naturalista1.jpeg HTTP/1.1" 200 202073
173.252.79.5 - - [20/Jun/2022:23:21:00 -0500] "GET /images/negocios-verdes-mayo-2022.jpg HTTP/1.1" 200 48000
173.252.79.5 - - [20/Jun/2022:23:21:01 -0500] "GET /images/secretaria-rio-bogota-avances-12-mayo.jpg HTTP/1.1" 200 37281
173.252.79.13 - - [20/Jun/2022:23:21:01 -0500] "GET /images/feria-servicios-12-mayo-principal.jpg HTTP/1.1" 200 44744
173.252.79.8 - - [20/Jun/2022:23:21:01 -0500] "GET /images/ptar-alcaldesa-rio-bogota-12-mato.jpg HTTP/1.1" 200 40205
69.63.189.120 - - [20/Jun/2022:23:21:04 -0500] "GET /images/Animales1.jpeg HTTP/1.1" 200 76841
69.63.189.120 - - [20/Jun/2022:23:21:04 -0500] "GET /images/accion-climatica.jpg HTTP/1.1" 200 417776
69.63.189.120 - - [20/Jun/2022:23:21:07 -0500] "GET /images/fachada-secretaria-ambiente-abril.jpg HTTP/1.1" 200 148853
173.252.79.14 - - [20/Jun/2022:23:21:10 -0500] "GET /images/actividades-dia-tierra-22-abril.jpg HTTP/1.1" 200 77276
173.252.79.14 - - [20/Jun/2022:23:21:11 -0500] "GET /images/feria-servicios-tramites-puente-aranda-21-abril.jpg HTTP/1.1" 200 28255
69.63.189.120 - - [20/Jun/2022:23:21:13 -0500] "GET /images/JBB1.jpeg HTTP/1.1" 200 90628
69.171.251.22 - - [20/Jun/2022:23:21:13 -0500] "GET /images/caminos-cerros-orientales-7-abril.jpg HTTP/1.1" 200 80138
69.63.189.117 - - [20/Jun/2022:23:21:17 -0500] "GET /images/acopiadores-llantas-control-2-abril.jpeg HTTP/1.1" 200 34334
173.252.79.11 - - [20/Jun/2022:23:21:18 -0500] "GET /images/feria-servicios-cuidamos-bogota-31-marzo.jpg HTTP/1.1" 200 109745
173.252.79.118 - - [20/Jun/2022:23:21:20 -0500] "GET /images/culebra-sabanera-bogota-26-marzo.jpg HTTP/1.1" 200 22555
173.252.79.18 - - [20/Jun/2022:23:21:20 -0500] "GET /images/operativos-control-residuos-hospitalarios-28-marzo.jpg HTTP/1.1" 200 36883
173.252.79.2 - - [20/Jun/2022:23:21:22 -0500] "GET /images/negocios-verdes-emprendimientos-24-marzo.jpg HTTP/1.1" 200 54522
216.245.221.92 - - [20/Jun/2022:23:22:19 -0500] "HEAD / HTTP/1.1" 200 -
201.245.192.253 - - [20/Jun/2022:23:21:47 -0500] "POST /kwsrmcab/Wsrmcab HTTP/1.1" 200 47104
201.245.192.253 - - [20/Jun/2022:23:22:38 -0500] "POST /kwsrmcab/Wsrmcab HTTP/1.1" 200 47707
172.22.2.4 - - [20/Jun/2022:23:22:40 -0500] "HEAD /BLA/boletinlegal/ HTTP/1.1" 200 -
172.22.2.4 - - [20/Jun/2022:23:23:30 -0500] "GET /BLA/boletinlegal/ HTTP/1.1" 200 61027
216.245.221.92 - - [20/Jun/2022:23:27:19 -0500] "HEAD / HTTP/1.1" 200 -
173.252.107.120 - - [20/Jun/2022:23:27:34 -0500] "GET /secretaria-de-ambiente-abre-las-votaciones-para-definir-las-mejores-practicas-ambientales-en-las-entidades-publicas.html HTTP/1.1" 206 996
173.252.107.23 - - [20/Jun/2022:23:27:35 -0500] "GET /images/buenas-practicas-ambientales21-octubre.jpg HTTP/1.1" 200 77514
173.252.107.14 - - [20/Jun/2022:23:27:53 -0500] "GET /tres-entidades-distritales-ganadoras-del-concurso-al-trabajo-en-bici.html HTTP/1.1" 206 945
172.22.2.4 - - [20/Jun/2022:23:28:24 -0500] "GET /BLA/boletinlegal/js/jquery.js HTTP/1.1" 200 57254
172.22.2.4 - - [20/Jun/2022:23:28:30 -0500] "HEAD /BLA/boletinlegal/ HTTP/1.1" 200 -
172.22.2.4 - - [20/Jun/2022:23:29:20 -0500] "GET /BLA/boletinlegal/ HTTP/1.1" 200 61027
216.245.221.92 - - [20/Jun/2022:23:32:19 -0500] "HEAD / HTTP/1.1" 200 -
201.245.192.253 - - [20/Jun/2022:23:31:47 -0500] "POST /kwsrmcab/Wsrmcab HTTP/1.1" 200 47104
201.245.192.253 - - [20/Jun/2022:23:32:38 -0500] "POST /kwsrmcab/Wsrmcab HTTP/1.1" 200 47707
172.22.2.4 - - [20/Jun/2022:23:34:19 -0500] "HEAD /BLA/boletinlegal/ HTTP/1.1" 200 -
172.22.2.4 - - [20/Jun/2022:23:35:10 -0500] "GET /BLA/boletinlegal/ HTTP/1.1" 200 58464
216.245.221.92 - - [20/Jun/2022:23:37:19 -0500] "HEAD / HTTP/1.1" 200 -
49.7.21.73 - - [20/Jun/2022:23:37:26 -0500] "-" 408 -
172.22.2.4 - - [20/Jun/2022:23:37:46 -0500] "GET /BLA/boletinlegal/Circulares/2012/Circular%20No.%205%20del%2027%20de%20Abril%20de%202012.pdf HTTP/1.1" 200 216613
207.46.13.231 - - [20/Jun/2022:23:38:00 -0500] "-" 408 -
172.22.2.4 - - [20/Jun/2022:23:37:13 -0500] "GET /BLA/boletinlegal/ HTTP/1.1" 200 62718
172.22.2.4 - - [20/Jun/2022:23:41:04 -0500] "GET /BLA/boletinlegal/Circulares/2019/.pdf HTTP/1.1" 404 1218
172.22.2.4 - - [20/Jun/2022:23:41:12 -0500] "GET /BLA/boletinlegal/Circulares/2012/Circular%20No.%2010%20del%2026%20de%20Enero%20de%202012.pdf HTTP/1.1" 404 1218
172.22.2.4 - - [20/Jun/2022:23:40:10 -0500] "HEAD /BLA/boletinlegal/ HTTP/1.1" 200 -
216.245.221.92 - - [20/Jun/2022:23:42:19 -0500] "HEAD / HTTP/1.1" 200 -
201.245.192.253 - - [20/Jun/2022:23:41:47 -0500] "POST /kwsrmcab/Wsrmcab HTTP/1.1" 200 47104
172.22.2.4 - - [20/Jun/2022:23:41:00 -0500] "GET /BLA/boletinlegal/ HTTP/1.1" 200 57222
201.245.192.253 - - [20/Jun/2022:23:42:41 -0500] "POST /kwsrmcab/Wsrmcab HTTP/1.1" 200 47707
216.245.221.92 - - [20/Jun/2022:23:47:19 -0500] "HEAD / HTTP/1.1" 200 -
172.22.2.4 - - [20/Jun/2022:23:45:59 -0500] "HEAD /BLA/boletinlegal/ HTTP/1.1" 200 -
198.235.24.135 - - [20/Jun/2022:23:47:54 -0500] "\x16\x03\x01" 400 226
172.22.2.4 - - [20/Jun/2022:23:46:50 -0500] "GET /BLA/boletinlegal/ HTTP/1.1" 200 48682
207.46.13.138 - - [20/Jun/2022:23:47:24 -0500] "GET /bla/boletinlegal/index.php/js/jquery.scrollshow.js HTTP/1.1" 200 50266
20.125.138.167 - - [20/Jun/2022:23:49:54 -0500] "GET /transparencia/financiera/Desagregado%20con%20modificaciones/Vigencia%20actual/modificaciones%20pptales%202022.02.28.xlsx HTTP/1.1" 200 39329
64.124.8.21 - - [20/Jun/2022:23:52:13 -0500] "GET /AFLUENTESYEFUENTES/files/mobile/index.html HTTP/1.1" 200 1056
216.245.221.92 - - [20/Jun/2022:23:52:19 -0500] "HEAD / HTTP/1.1" 200 -
172.22.2.4 - - [20/Jun/2022:23:51:49 -0500] "HEAD /BLA/boletinlegal/ HTTP/1.1" 200 -
163.47.221.19 - - [20/Jun/2022:23:53:39 -0500] "GET /.env HTTP/1.1" 404 1018
163.47.221.19 - - [20/Jun/2022:23:53:39 -0500] "POST / HTTP/1.1" 200 319
172.22.2.4 - - [20/Jun/2022:23:52:40 -0500] "GET /BLA/boletinlegal/ HTTP/1.1" 200 58464
216.245.221.92 - - [20/Jun/2022:23:57:19 -0500] "HEAD / HTTP/1.1" 200 -
49.7.21.73 - - [20/Jun/2022:23:58:24 -0500] "-" 408 -
172.22.2.4 - - [20/Jun/2022:23:57:40 -0500] "HEAD /BLA/boletinlegal/ HTTP/1.1" 200 -

:: Command execute ::

Enter:
 
Select:
 

:: Search ::
regexp 

:: Upload ::
 
[ ok ]

:: Make Dir ::
 
[ ok ]
:: Make File ::
 
[ ok ]

:: Go Dir ::
 
:: Go File ::
 

--[ c99shell v. 1.0 pre-release build #13 powered by Captain Crunch Security Team | http://ccteam.ru | Generation time: 0.5304 ]--