!C99Shell v. 1.0 pre-release build #13!

Software: Apache. PHP/5.5.15 

uname -a: Windows NT SVR-DMZ 6.1 build 7600 (Windows Server 2008 R2 Enterprise Edition) i586 

SYSTEM 

Safe-mode: OFF (not secure)

E:\nuevo\apache\logs\   drwxrwxrwx
Free 9.41 GB of 239.26 GB (3.93%)
Detected drives: [ a ] [ c ] [ d ] [ e ] [ f ]
Home    Back    Forward    UPDIR    Refresh    Search    Buffer    Encoder    Tools    Proc.    FTP brute    Sec.    SQL    PHP-code    Update    Feedback    Self remove    Logout    


Viewing file:     access.2022.06.21.log (2.91 MB)      -rw-rw-rw-
Select action/file-type:
(+) | (+) | (+) | Code (+) | Session (+) | (+) | SDB (+) | (+) | (+) | (+) | (+) | (+) |
172.22.2.4 - - [20/Jun/2022:23:58:30 -0500] "GET /BLA/boletinlegal/ HTTP/1.1" 200 58464
216.245.221.92 - - [21/Jun/2022:00:02:19 -0500] "HEAD / HTTP/1.1" 200 -
172.22.2.4 - - [21/Jun/2022:00:03:29 -0500] "HEAD /BLA/boletinlegal/ HTTP/1.1" 200 -
172.22.2.4 - - [21/Jun/2022:00:04:20 -0500] "GET /BLA/boletinlegal/ HTTP/1.1" 200 58464
216.245.221.92 - - [21/Jun/2022:00:07:19 -0500] "HEAD / HTTP/1.1" 200 -
172.22.2.4 - - [21/Jun/2022:00:09:19 -0500] "HEAD /BLA/boletinlegal/ HTTP/1.1" 200 -
172.22.2.4 - - [21/Jun/2022:00:10:10 -0500] "GET /BLA/boletinlegal/ HTTP/1.1" 200 58464
216.245.221.92 - - [21/Jun/2022:00:12:19 -0500] "HEAD / HTTP/1.1" 200 -
152.61.192.232 - - [21/Jun/2022:00:12:48 -0500] "GET / HTTP/1.1" 200 319
172.22.2.4 - - [21/Jun/2022:00:15:09 -0500] "HEAD /BLA/boletinlegal/ HTTP/1.1" 200 -
216.245.221.92 - - [21/Jun/2022:00:17:19 -0500] "HEAD / HTTP/1.1" 200 -
172.22.2.4 - - [21/Jun/2022:00:16:00 -0500] "GET /BLA/boletinlegal/ HTTP/1.1" 200 58464
65.108.78.33 - - [21/Jun/2022:00:17:52 -0500] "GET /robots.txt HTTP/1.1" 404 1034
152.61.128.50 - - [21/Jun/2022:00:18:14 -0500] "GET / HTTP/1.1" 200 319
65.108.78.33 - - [21/Jun/2022:00:18:35 -0500] "GET /robots.txt HTTP/1.0" 404 1034
49.7.21.73 - - [21/Jun/2022:00:19:27 -0500] "-" 408 -
66.249.65.15 - - [21/Jun/2022:00:21:56 -0500] "-" 408 -
216.245.221.92 - - [21/Jun/2022:00:22:19 -0500] "HEAD / HTTP/1.1" 200 -
201.245.192.253 - - [21/Jun/2022:00:21:46 -0500] "POST /kwsrmcab/Wsrmcab HTTP/1.1" 200 46658
172.22.2.4 - - [21/Jun/2022:00:20:59 -0500] "HEAD /BLA/boletinlegal/ HTTP/1.1" 200 -
201.245.192.253 - - [21/Jun/2022:00:22:35 -0500] "POST /kwsrmcab/Wsrmcab HTTP/1.1" 200 47254
172.22.2.4 - - [21/Jun/2022:00:21:50 -0500] "GET /BLA/boletinlegal/ HTTP/1.1" 200 61027
109.237.103.123 - - [21/Jun/2022:00:23:38 -0500] "GET /.env HTTP/1.1" 404 1018
109.237.103.123 - - [21/Jun/2022:00:23:38 -0500] "\x16\x03\x01\x01D\x01" 400 226
216.245.221.92 - - [21/Jun/2022:00:27:19 -0500] "HEAD / HTTP/1.1" 200 -
172.22.2.4 - - [21/Jun/2022:00:26:49 -0500] "HEAD /BLA/boletinlegal/ HTTP/1.1" 200 -
66.249.73.1 - - [21/Jun/2022:00:28:44 -0500] "-" 408 -
172.22.2.4 - - [21/Jun/2022:00:27:40 -0500] "GET /BLA/boletinlegal/ HTTP/1.1" 200 61027
172.22.2.4 - - [21/Jun/2022:00:29:55 -0500] "GET /BLA/boletinlegal/ HTTP/1.1" 200 63473
35.87.175.36 - - [21/Jun/2022:00:32:09 -0500] "GET /galeria/galeria/fotos/Humedal-la-conejera3P.jpg HTTP/1.1" 200 31355
216.245.221.92 - - [21/Jun/2022:00:32:19 -0500] "HEAD / HTTP/1.1" 200 -
201.245.192.253 - - [21/Jun/2022:00:31:47 -0500] "POST /kwsrmcab/Wsrmcab HTTP/1.1" 200 46658
201.245.192.253 - - [21/Jun/2022:00:32:43 -0500] "POST /kwsrmcab/Wsrmcab HTTP/1.1" 200 47254
172.22.2.4 - - [21/Jun/2022:00:32:39 -0500] "HEAD /BLA/boletinlegal/ HTTP/1.1" 200 -
172.22.2.4 - - [21/Jun/2022:00:33:30 -0500] "GET /BLA/boletinlegal/ HTTP/1.1" 200 58464
216.245.221.92 - - [21/Jun/2022:00:37:19 -0500] "HEAD / HTTP/1.1" 200 -
117.148.130.28 - - [21/Jun/2022:00:38:10 -0500] "GET /images/puntos HTTP/1.1" 404 1018
117.148.130.28 - - [21/Jun/2022:00:38:18 -0500] "GET /images/Banner HTTP/1.1" 404 1018
117.148.130.28 - - [21/Jun/2022:00:38:42 -0500] "GET /images/Banner HTTP/1.1" 404 1018
117.148.130.28 - - [21/Jun/2022:00:38:46 -0500] "GET /images/Banner HTTP/1.1" 404 1018
172.22.2.4 - - [21/Jun/2022:00:38:29 -0500] "HEAD /BLA/boletinlegal/ HTTP/1.1" 200 -
66.249.65.15 - - [21/Jun/2022:00:40:24 -0500] "-" 408 -
49.7.21.73 - - [21/Jun/2022:00:40:26 -0500] "-" 408 -
172.22.2.4 - - [21/Jun/2022:00:39:20 -0500] "GET /BLA/boletinlegal/ HTTP/1.1" 200 60610
207.46.13.236 - - [21/Jun/2022:00:41:27 -0500] "-" 408 -
216.245.221.92 - - [21/Jun/2022:00:42:19 -0500] "HEAD / HTTP/1.1" 200 -
201.245.192.253 - - [21/Jun/2022:00:41:47 -0500] "POST /kwsrmcab/Wsrmcab HTTP/1.1" 200 46658
201.245.192.253 - - [21/Jun/2022:00:42:38 -0500] "GET /kwsrmcab/Wsrmcab?wsdl HTTP/1.1" 200 6948
201.245.192.253 - - [21/Jun/2022:00:42:38 -0500] "POST /kwsrmcab/Wsrmcab HTTP/1.1" 200 47254
172.22.2.4 - - [21/Jun/2022:00:43:53 -0500] "GET /BLA/boletinlegal/ HTTP/1.1" 200 55012
172.22.2.4 - - [21/Jun/2022:00:44:19 -0500] "HEAD /BLA/boletinlegal/ HTTP/1.1" 200 -
35.208.187.63 - - [21/Jun/2022:00:46:14 -0500] "HEAD /BLA/resoluciones/RESOLUCIONES%202017/0520.pdf HTTP/1.1" 200 -
172.22.2.4 - - [21/Jun/2022:00:45:09 -0500] "GET /BLA/boletinlegal/ HTTP/1.1" 200 53867
216.245.221.92 - - [21/Jun/2022:00:47:19 -0500] "HEAD / HTTP/1.1" 200 -
66.249.65.13 - - [21/Jun/2022:00:47:36 -0500] "-" 408 -
104.217.249.182 - - [21/Jun/2022:00:48:11 -0500] "POST /boaform/admin/formLogin HTTP/1.1" 404 1186
186.31.119.71 - - [21/Jun/2022:00:48:38 -0500] "-" 408 -
157.55.39.114 - - [21/Jun/2022:00:49:24 -0500] "GET /BLA/resoluciones/index.php?dir=AUTOS+2010%2F HTTP/1.1" 200 276453
207.46.13.138 - - [21/Jun/2022:00:49:21 -0500] "GET /BLA/resoluciones/index.php?dir=RESOLUCIONES+2010%2F HTTP/1.1" 200 786379
172.22.2.4 - - [21/Jun/2022:00:50:09 -0500] "HEAD /BLA/boletinlegal/ HTTP/1.1" 200 -
216.245.221.92 - - [21/Jun/2022:00:52:19 -0500] "HEAD / HTTP/1.1" 200 -
172.22.2.4 - - [21/Jun/2022:00:51:00 -0500] "GET /BLA/boletinlegal/ HTTP/1.1" 200 58464
66.249.65.13 - - [21/Jun/2022:00:53:42 -0500] "-" 408 -
216.245.221.92 - - [21/Jun/2022:00:57:19 -0500] "HEAD / HTTP/1.1" 200 -
172.22.2.4 - - [21/Jun/2022:00:55:59 -0500] "HEAD /BLA/boletinlegal/ HTTP/1.1" 200 -
172.22.2.4 - - [21/Jun/2022:00:56:50 -0500] "GET /BLA/boletinlegal/ HTTP/1.1" 200 61027
152.61.192.232 - - [21/Jun/2022:00:59:01 -0500] "GET /arcgis/services/Calidad_del_Agua_WQI/MapServer/WMSServer?request=GetCapabilities&service=WMS HTTP/1.1" 503 1020
152.61.192.232 - - [21/Jun/2022:00:59:02 -0500] "GET /arcgis/services/Calidad_del_Agua_WQI/MapServer/WMSServer?SERVICE=WMS&REQUEST=GetCapabilities HTTP/1.1" 503 1020
152.61.192.232 - - [21/Jun/2022:00:59:02 -0500] "GET /arcgis/services/Calidad_del_Agua_WQI/MapServer/WMSServer?WMTVER=1.0.0&REQUEST=capabilities HTTP/1.1" 503 1020
66.249.65.13 - - [21/Jun/2022:01:00:09 -0500] "-" 408 -
49.7.21.73 - - [21/Jun/2022:01:01:25 -0500] "-" 408 -
216.245.221.92 - - [21/Jun/2022:01:02:19 -0500] "HEAD / HTTP/1.1" 200 -
157.55.39.202 - - [21/Jun/2022:01:02:33 -0500] "GET /BLA/resoluciones/RESOLUCIONES%202021/4048.pdf HTTP/1.1" 304 -
152.61.128.50 - - [21/Jun/2022:01:02:39 -0500] "GET /arcgis/services/Calidad_del_Agua_WQI/MapServer/WMSServer?request=GetCapabilities&service=WMS HTTP/1.1" 503 1020
152.61.128.50 - - [21/Jun/2022:01:02:41 -0500] "GET /arcgis/services/Calidad_del_Agua_WQI/MapServer/WMSServer?SERVICE=WMS&REQUEST=GetCapabilities HTTP/1.1" 503 1020
152.61.128.50 - - [21/Jun/2022:01:02:41 -0500] "GET /arcgis/services/Calidad_del_Agua_WQI/MapServer/WMSServer?WMTVER=1.0.0&REQUEST=capabilities HTTP/1.1" 503 1020
172.22.2.4 - - [21/Jun/2022:01:01:49 -0500] "HEAD /BLA/boletinlegal/ HTTP/1.1" 200 -
172.22.2.4 - - [21/Jun/2022:01:02:39 -0500] "GET /BLA/boletinlegal/ HTTP/1.1" 200 56799
66.249.65.13 - - [21/Jun/2022:01:05:59 -0500] "-" 408 -
185.196.220.81 - - [21/Jun/2022:01:05:58 -0500] "POST /boaform/admin/formLogin HTTP/1.1" 404 1186
216.245.221.92 - - [21/Jun/2022:01:07:19 -0500] "HEAD / HTTP/1.1" 200 -
198.74.59.35 - - [21/Jun/2022:01:08:54 -0500] "GET /galeria/galeria/jquery.fancybox.css?v=2.1.5 HTTP/1.1" 200 4895
198.74.59.35 - - [21/Jun/2022:01:08:54 -0500] "GET /BLA/boletinlegal/js/jquery.scrollShow.js HTTP/1.1" 200 4586
198.74.59.35 - - [21/Jun/2022:01:08:54 -0500] "GET /galeria/galeria/jquery.fancybox.js?v=2.1.5 HTTP/1.1" 200 48706
172.22.2.4 - - [21/Jun/2022:01:07:39 -0500] "HEAD /BLA/boletinlegal/ HTTP/1.1" 200 -
172.22.2.4 - - [21/Jun/2022:01:08:30 -0500] "GET /BLA/boletinlegal/ HTTP/1.1" 200 61027
66.249.65.13 - - [21/Jun/2022:01:11:44 -0500] "-" 408 -
172.22.2.4 - - [21/Jun/2022:01:11:50 -0500] "GET /BLA/boletinlegal/jurisprudencia/analisis/CUADRO%20ANALISIS%20SENTENCIA%20T-411%20DE%201992.doc HTTP/1.1" 304 -
216.245.221.92 - - [21/Jun/2022:01:12:19 -0500] "HEAD / HTTP/1.1" 200 -
172.22.2.4 - - [21/Jun/2022:01:13:29 -0500] "HEAD /BLA/boletinlegal/ HTTP/1.1" 200 -
172.22.2.4 - - [21/Jun/2022:01:14:19 -0500] "GET /BLA/boletinlegal/ HTTP/1.1" 200 60610
170.130.187.38 - - [21/Jun/2022:01:16:45 -0500] "GET / HTTP/1.0" 200 319
216.245.221.92 - - [21/Jun/2022:01:17:19 -0500] "HEAD / HTTP/1.1" 200 -
35.204.163.53 - - [21/Jun/2022:01:19:01 -0500] "GET / HTTP/1.1" 200 319
172.22.2.4 - - [21/Jun/2022:01:19:19 -0500] "HEAD /BLA/boletinlegal/ HTTP/1.1" 200 -
172.22.2.4 - - [21/Jun/2022:01:20:09 -0500] "GET /BLA/boletinlegal/ HTTP/1.1" 200 61027
172.22.2.4 - - [21/Jun/2022:01:22:13 -0500] "GET /BLA/boletinlegal/robots.txt HTTP/1.1" 404 1038
216.245.221.92 - - [21/Jun/2022:01:22:19 -0500] "HEAD / HTTP/1.1" 200 -
201.245.192.253 - - [21/Jun/2022:01:21:47 -0500] "POST /kwsrmcab/Wsrmcab HTTP/1.1" 200 46825
201.245.192.253 - - [21/Jun/2022:01:22:37 -0500] "POST /kwsrmcab/Wsrmcab HTTP/1.1" 200 47424
172.22.2.4 - - [21/Jun/2022:01:22:16 -0500] "GET /BLA/boletinlegal/index.php HTTP/1.1" 200 63473
186.31.180.175 - - [21/Jun/2022:01:25:19 -0500] "GET /forest/ HTTP/1.1" 200 12041
186.31.180.175 - - [21/Jun/2022:01:25:32 -0500] "POST /forest/index.php HTTP/1.1" 200 12268
172.22.2.4 - - [21/Jun/2022:01:25:48 -0500] "GET /BLA/boletinlegal/Directivas/2011/Directiva%20No.%208%20del%2020%20de%20Septiembre%20de%202011.pdf HTTP/1.1" 304 -
172.22.2.4 - - [21/Jun/2022:01:25:09 -0500] "HEAD /BLA/boletinlegal/ HTTP/1.1" 200 -
216.245.221.92 - - [21/Jun/2022:01:27:19 -0500] "HEAD / HTTP/1.1" 200 -
172.22.2.4 - - [21/Jun/2022:01:25:59 -0500] "GET /BLA/boletinlegal/ HTTP/1.1" 200 55379
207.46.13.8 - - [21/Jun/2022:01:30:10 -0500] "GET /BLA/resoluciones/RESOLUCIONES%202022/0238.pdf HTTP/1.1" 304 -
157.55.39.202 - - [21/Jun/2022:01:30:12 -0500] "GET /transparencia/directorioservidores/MANUAL%20DE%20FUNCIONES%2002666%20DEL%204-DIC-2015.pdf HTTP/1.1" 304 -
87.250.224.23 - - [21/Jun/2022:01:31:55 -0500] "-" 408 -
213.180.203.76 - - [21/Jun/2022:01:32:00 -0500] "-" 408 -
64.124.8.21 - - [21/Jun/2022:01:32:03 -0500] "-" 408 -
5.45.207.110 - - [21/Jun/2022:01:32:08 -0500] "-" 408 -
87.250.224.107 - - [21/Jun/2022:01:32:16 -0500] "-" 408 -
216.245.221.92 - - [21/Jun/2022:01:32:19 -0500] "HEAD / HTTP/1.1" 200 -
5.45.207.97 - - [21/Jun/2022:01:32:34 -0500] "-" 408 -
201.245.192.253 - - [21/Jun/2022:01:31:46 -0500] "POST /kwsrmcab/Wsrmcab HTTP/1.1" 200 46825
172.22.2.4 - - [21/Jun/2022:01:30:59 -0500] "HEAD /BLA/boletinlegal/ HTTP/1.1" 200 -
87.250.224.147 - - [21/Jun/2022:01:32:50 -0500] "-" 408 -
5.45.207.134 - - [21/Jun/2022:01:33:20 -0500] "-" 408 -
201.245.192.253 - - [21/Jun/2022:01:32:37 -0500] "POST /kwsrmcab/Wsrmcab HTTP/1.1" 200 47424
172.22.2.4 - - [21/Jun/2022:01:31:49 -0500] "GET /BLA/boletinlegal/ HTTP/1.1" 200 61027
87.250.224.179 - - [21/Jun/2022:01:34:20 -0500] "-" 408 -
141.8.142.77 - - [21/Jun/2022:01:35:20 -0500] "-" 408 -
216.245.221.92 - - [21/Jun/2022:01:37:19 -0500] "HEAD / HTTP/1.1" 200 -
95.108.213.32 - - [21/Jun/2022:01:37:20 -0500] "-" 408 -
172.22.2.4 - - [21/Jun/2022:01:36:49 -0500] "HEAD /BLA/boletinlegal/ HTTP/1.1" 200 -
172.22.2.4 - - [21/Jun/2022:01:37:39 -0500] "GET /BLA/boletinlegal/ HTTP/1.1" 200 57966
172.22.2.4 - - [21/Jun/2022:01:39:38 -0500] "GET /BLA/boletinlegal/Directivas/2019/Directiva%20No.%200001%20del%2011%20de%20junio%20de%202019.pdf HTTP/1.1" 304 -
95.108.213.60 - - [21/Jun/2022:01:40:21 -0500] "-" 408 -
201.245.192.253 - - [21/Jun/2022:01:41:47 -0500] "POST /kwsrmcab/Wsrmcab HTTP/1.1" 404 74
201.245.192.253 - - [21/Jun/2022:01:41:47 -0500] "POST /kwsrmcab/Wsrmcab HTTP/1.1" 404 74
216.245.221.92 - - [21/Jun/2022:01:42:19 -0500] "HEAD / HTTP/1.1" 200 -
172.22.2.4 - - [21/Jun/2022:01:43:02 -0500] "GET /BLA/boletinlegal/ HTTP/1.1" 200 20427
172.22.2.4 - - [21/Jun/2022:01:42:39 -0500] "HEAD /BLA/boletinlegal/ HTTP/1.1" 200 -
172.22.2.4 - - [21/Jun/2022:01:43:30 -0500] "GET /BLA/boletinlegal/ HTTP/1.1" 200 58464
216.245.221.92 - - [21/Jun/2022:01:47:19 -0500] "HEAD / HTTP/1.1" 200 -
172.22.2.4 - - [21/Jun/2022:01:48:29 -0500] "HEAD /BLA/boletinlegal/ HTTP/1.1" 200 -
172.22.2.4 - - [21/Jun/2022:01:49:19 -0500] "GET /BLA/boletinlegal/ HTTP/1.1" 200 60092
172.22.2.4 - - [21/Jun/2022:01:51:43 -0500] "GET /BLA/boletinlegal/robots.txt HTTP/1.1" 404 1038
172.22.2.4 - - [21/Jun/2022:01:51:43 -0500] "GET /BLA/boletinlegal/normativa.php HTTP/1.1" 200 8326
216.245.221.92 - - [21/Jun/2022:01:52:19 -0500] "HEAD / HTTP/1.1" 200 -
172.22.2.4 - - [21/Jun/2022:01:53:29 -0500] "GET /BLA/boletinlegal/jurisprudencia/analisis/AnalisisT-095-16.docx HTTP/1.1" 304 -
66.249.73.129 - - [21/Jun/2022:01:53:45 -0500] "-" 408 -
89.39.34.193 - - [21/Jun/2022:01:54:00 -0500] "GET / HTTP/1.1" 200 319
172.22.2.4 - - [21/Jun/2022:01:54:19 -0500] "HEAD /BLA/boletinlegal/ HTTP/1.1" 200 -
69.63.184.5 - - [21/Jun/2022:01:56:06 -0500] "GET /images/pieza-grafica-semana-ambiental-30.jpg HTTP/1.1" 200 38850
172.22.2.4 - - [21/Jun/2022:01:55:09 -0500] "GET /BLA/boletinlegal/ HTTP/1.1" 200 58464
216.245.221.92 - - [21/Jun/2022:01:57:19 -0500] "HEAD / HTTP/1.1" 200 -
172.22.2.4 - - [21/Jun/2022:02:00:09 -0500] "HEAD /BLA/boletinlegal/ HTTP/1.1" 200 -
216.245.221.92 - - [21/Jun/2022:02:02:19 -0500] "HEAD / HTTP/1.1" 200 -
172.22.2.4 - - [21/Jun/2022:02:00:59 -0500] "GET /BLA/boletinlegal/ HTTP/1.1" 200 58464
66.249.65.17 - - [21/Jun/2022:02:03:40 -0500] "-" 408 -
172.22.2.4 - - [21/Jun/2022:02:07:07 -0500] "GET /BLA/boletinlegal/a2billing/customer/templates/default/footer.tpl HTTP/1.1" 404 1018
216.245.221.92 - - [21/Jun/2022:02:07:19 -0500] "HEAD / HTTP/1.1" 200 -
172.22.2.4 - - [21/Jun/2022:02:05:59 -0500] "HEAD /BLA/boletinlegal/ HTTP/1.1" 200 -
172.22.2.4 - - [21/Jun/2022:02:08:03 -0500] "GET /BLA/boletinlegal/images/screen_5.png HTTP/1.1" 304 -
172.22.2.4 - - [21/Jun/2022:02:06:49 -0500] "GET /BLA/boletinlegal/ HTTP/1.1" 200 61027
216.245.221.92 - - [21/Jun/2022:02:12:19 -0500] "HEAD / HTTP/1.1" 200 -
66.249.65.13 - - [21/Jun/2022:02:12:46 -0500] "-" 408 -
172.22.2.4 - - [21/Jun/2022:02:11:49 -0500] "HEAD /BLA/boletinlegal/ HTTP/1.1" 200 -
157.55.39.202 - - [21/Jun/2022:02:14:08 -0500] "GET /BLA/boletinlegal/Circulares/2019/Circular%20No.%2012%20del%2014%20de%20Marzo%20de%202019.pdf HTTP/1.1" 200 344384
172.22.2.4 - - [21/Jun/2022:02:12:39 -0500] "GET /BLA/boletinlegal/ HTTP/1.1" 200 61027
216.245.221.92 - - [21/Jun/2022:02:17:19 -0500] "HEAD / HTTP/1.1" 200 -
35.87.193.53 - - [21/Jun/2022:02:17:31 -0500] "GET /galeria/galeria/fotos/Jaboque4P.jpg HTTP/1.1" 200 27446
172.22.2.4 - - [21/Jun/2022:02:17:39 -0500] "HEAD /BLA/boletinlegal/ HTTP/1.1" 200 -
172.22.2.4 - - [21/Jun/2022:02:18:29 -0500] "GET /BLA/boletinlegal/ HTTP/1.1" 200 57222
172.22.2.4 - - [21/Jun/2022:02:21:10 -0500] "GET /BLA/boletinlegal/Circulares/2019/Circular%20No.%200015%20del%2003%20de%20Octubre%20de%202019.pdf HTTP/1.1" 304 -
201.245.192.253 - - [21/Jun/2022:02:21:46 -0500] "POST /kwsrmcab/Wsrmcab HTTP/1.1" 404 74
201.245.192.253 - - [21/Jun/2022:02:21:46 -0500] "POST /kwsrmcab/Wsrmcab HTTP/1.1" 404 74
207.46.13.214 - - [21/Jun/2022:02:22:15 -0500] "GET /BLA/resoluciones/AUTOS%202014/0099.pdf HTTP/1.1" 200 1050480
216.245.221.92 - - [21/Jun/2022:02:22:19 -0500] "HEAD / HTTP/1.1" 200 -
172.22.2.4 - - [21/Jun/2022:02:23:29 -0500] "HEAD /BLA/boletinlegal/ HTTP/1.1" 200 -
95.217.144.249 - - [21/Jun/2022:02:25:25 -0500] "-" 408 -
66.249.65.13 - - [21/Jun/2022:02:25:33 -0500] "-" 408 -
172.22.2.4 - - [21/Jun/2022:02:24:19 -0500] "GET /BLA/boletinlegal/ HTTP/1.1" 200 60610
216.245.221.92 - - [21/Jun/2022:02:27:19 -0500] "HEAD / HTTP/1.1" 200 -
207.46.13.138 - - [21/Jun/2022:02:29:11 -0500] "GET /bla/resoluciones/resoluciones%202007/res%202007%204101%20al%204200/RESOLUCION%204173%20DE%202007.pdf HTTP/1.1" 200 86595
172.22.2.4 - - [21/Jun/2022:02:29:21 -0500] "GET /BLA/boletinlegal/ HTTP/1.1" 200 24523
172.22.2.4 - - [21/Jun/2022:02:29:19 -0500] "HEAD /BLA/boletinlegal/ HTTP/1.1" 200 -
201.245.192.253 - - [21/Jun/2022:02:31:46 -0500] "POST /kwsrmcab/Wsrmcab HTTP/1.1" 404 74
201.245.192.253 - - [21/Jun/2022:02:31:46 -0500] "POST /kwsrmcab/Wsrmcab HTTP/1.1" 404 74
172.22.2.4 - - [21/Jun/2022:02:30:09 -0500] "GET /BLA/boletinlegal/ HTTP/1.1" 200 58464
216.245.221.92 - - [21/Jun/2022:02:32:19 -0500] "HEAD / HTTP/1.1" 200 -
185.196.220.81 - - [21/Jun/2022:02:32:18 -0500] "POST /boaform/admin/formLogin HTTP/1.1" 404 1186
66.249.65.13 - - [21/Jun/2022:02:32:58 -0500] "-" 408 -
172.22.2.4 - - [21/Jun/2022:02:35:00 -0500] "GET /BLA/boletinlegal/actos.php HTTP/1.1" 200 9559
172.22.2.4 - - [21/Jun/2022:02:35:09 -0500] "HEAD /BLA/boletinlegal/ HTTP/1.1" 200 -
216.245.221.92 - - [21/Jun/2022:02:37:19 -0500] "HEAD / HTTP/1.1" 200 -
172.22.2.4 - - [21/Jun/2022:02:35:59 -0500] "GET /BLA/boletinlegal/ HTTP/1.1" 200 58464
66.249.65.13 - - [21/Jun/2022:02:41:00 -0500] "-" 408 -
201.245.192.253 - - [21/Jun/2022:02:41:47 -0500] "POST /kwsrmcab/Wsrmcab HTTP/1.1" 404 74
201.245.192.253 - - [21/Jun/2022:02:41:47 -0500] "POST /kwsrmcab/Wsrmcab HTTP/1.1" 404 74
216.245.221.92 - - [21/Jun/2022:02:42:19 -0500] "HEAD / HTTP/1.1" 200 -
172.22.2.4 - - [21/Jun/2022:02:40:59 -0500] "HEAD /BLA/boletinlegal/ HTTP/1.1" 200 -
172.22.2.4 - - [21/Jun/2022:02:41:49 -0500] "GET /BLA/boletinlegal/ HTTP/1.1" 200 52287
207.46.13.184 - - [21/Jun/2022:02:45:24 -0500] "GET / HTTP/1.1" 200 319
66.249.65.15 - - [21/Jun/2022:02:47:09 -0500] "-" 408 -
216.245.221.92 - - [21/Jun/2022:02:47:19 -0500] "HEAD / HTTP/1.1" 200 -
207.46.13.134 - - [21/Jun/2022:02:48:18 -0500] "GET /portaldeninos/2021/06/05/celebracion-del-dia-mundial-del-medio-ambiente-comenzo-desde-uno-de-los-pulmones-de-bogota/ HTTP/1.1" 200 104558
172.22.2.4 - - [21/Jun/2022:02:46:49 -0500] "HEAD /BLA/boletinlegal/ HTTP/1.1" 200 -
207.46.13.134 - - [21/Jun/2022:02:48:33 -0500] "GET /portaldeninos/wp-content/themes/betheme/assets/animations/animations.min.css?ver=20.9.6 HTTP/1.1" 200 58508
207.46.13.45 - - [21/Jun/2022:02:48:34 -0500] "GET /portaldeninos/wp-content/themes/betheme/assets/jplayer/jplayer.min.js?ver=20.9.6 HTTP/1.1" 200 52702
207.46.13.184 - - [21/Jun/2022:02:48:35 -0500] "GET /portaldeninos/wp-content/plugins/gallery-videos/CSS/Total-Soft-Gallery-Video-Widget.css?ver=4.9.8 HTTP/1.1" 200 51554
207.46.13.134 - - [21/Jun/2022:02:48:36 -0500] "GET /portaldeninos/wp-content/themes/betheme/assets/animations/animations.min.js?ver=20.9.6 HTTP/1.1" 200 1896
40.77.167.24 - - [21/Jun/2022:02:48:36 -0500] "GET /portaldeninos/wp-content/plugins/gallery-videos/CSS/totalsoft.css?ver=4.9.8 HTTP/1.1" 200 40622
207.46.13.184 - - [21/Jun/2022:02:48:37 -0500] "GET /portaldeninos/wp-content/plugins/gallery-videos/JS/modernizr.custom.js?ver=4.9.8 HTTP/1.1" 200 9019
207.46.13.45 - - [21/Jun/2022:02:48:36 -0500] "GET /portaldeninos/wp-content/themes/betheme/js/plugins.js?ver=20.9.6 HTTP/1.1" 200 197151
40.77.167.24 - - [21/Jun/2022:02:48:38 -0500] "GET /portaldeninos/wp-content/themes/betheme/assets/ui/jquery.ui.all.css?ver=20.9.6 HTTP/1.1" 200 18765
207.46.13.45 - - [21/Jun/2022:02:48:39 -0500] "GET /portaldeninos/wp-includes/js/jquery/ui/sortable.min.js?ver=1.11.4 HTTP/1.1" 200 24899
207.46.13.134 - - [21/Jun/2022:02:48:39 -0500] "GET /portaldeninos/wp-content/themes/betheme/css/shortcodes.css?ver=20.9.6 HTTP/1.1" 200 138889
207.46.13.184 - - [21/Jun/2022:02:48:40 -0500] "GET /portaldeninos/wp-content/themes/betheme/assets/jplayer/css/jplayer.blue.monday.css?ver=20.9.6 HTTP/1.1" 200 9834
40.77.167.24 - - [21/Jun/2022:02:48:41 -0500] "GET /portaldeninos/wp-content/themes/betheme/css/layout.css?ver=20.9.6 HTTP/1.1" 200 116639
207.46.13.134 - - [21/Jun/2022:02:48:42 -0500] "GET /portaldeninos/wp-content/themes/betheme/style.css?ver=20.9.6 HTTP/1.1" 200 287
207.46.13.45 - - [21/Jun/2022:02:48:42 -0500] "GET /portaldeninos/wp-includes/js/wp-emoji-release.min.js?ver=4.9.8 HTTP/1.1" 200 12026
207.46.13.184 - - [21/Jun/2022:02:48:43 -0500] "GET /portaldeninos/wp-content/themes/betheme/css/base.css?ver=20.9.6 HTTP/1.1" 200 57283
40.77.167.24 - - [21/Jun/2022:02:48:44 -0500] "GET /portaldeninos/wp-content/themes/betheme/js/scripts.js?ver=20.9.6 HTTP/1.1" 200 77162
207.46.13.134 - - [21/Jun/2022:02:48:45 -0500] "GET /portaldeninos/wp-includes/js/jquery/ui/accordion.min.js?ver=1.11.4 HTTP/1.1" 200 8584
157.55.39.79 - - [21/Jun/2022:02:48:45 -0500] "GET /portaldeninos/wp-content/themes/betheme/js/menu.js?ver=20.9.6 HTTP/1.1" 200 2449
207.46.13.184 - - [21/Jun/2022:02:48:46 -0500] "GET /portaldeninos/wp-content/themes/betheme/css/responsive.css?ver=20.9.6 HTTP/1.1" 200 55740
40.77.167.24 - - [21/Jun/2022:02:48:47 -0500] "GET /portaldeninos/wp-content/uploads/useanyfont/uaf.css?ver=1589905315 HTTP/1.1" 200 408
157.55.39.49 - - [21/Jun/2022:02:48:48 -0500] "GET /portaldeninos/wp-includes/js/jquery/ui/core.min.js?ver=1.11.4 HTTP/1.1" 200 4000
157.55.39.79 - - [21/Jun/2022:02:48:48 -0500] "GET /portaldeninos/wp-includes/js/jquery/ui/mouse.min.js?ver=1.11.4 HTTP/1.1" 200 3148
207.46.13.184 - - [21/Jun/2022:02:48:49 -0500] "GET /portaldeninos/wp-includes/js/comment-reply.min.js?ver=4.9.8 HTTP/1.1" 200 1078
40.77.167.24 - - [21/Jun/2022:02:48:50 -0500] "GET /portaldeninos/wp-includes/js/jquery/jquery.js?ver=1.12.4 HTTP/1.1" 200 97184
207.46.13.134 - - [21/Jun/2022:02:48:51 -0500] "GET /portaldeninos/wp-includes/js/wp-embed.min.js?ver=4.9.8 HTTP/1.1" 200 1398
157.55.39.79 - - [21/Jun/2022:02:48:51 -0500] "GET /portaldeninos/wp-includes/js/jquery/ui/tabs.min.js?ver=1.11.4 HTTP/1.1" 200 12110
207.46.13.184 - - [21/Jun/2022:02:48:52 -0500] "GET /portaldeninos/wp-includes/js/jquery/jquery-migrate.min.js?ver=1.4.1 HTTP/1.1" 200 10056
157.55.39.79 - - [21/Jun/2022:02:48:55 -0500] "GET /portaldeninos/wp-includes/js/jquery/ui/widget.min.js?ver=1.11.4 HTTP/1.1" 200 6908
172.22.2.4 - - [21/Jun/2022:02:47:39 -0500] "GET /BLA/boletinlegal/ HTTP/1.1" 200 58464
172.22.2.4 - - [21/Jun/2022:02:49:39 -0500] "GET /BLA/boletinlegal/jurisprudencia/analisis/AnalisisT-606-15.docx HTTP/1.1" 200 26698
172.22.2.4 - - [21/Jun/2022:02:49:40 -0500] "GET /BLA/boletinlegal/apple-touch-icon-120x120-precomposed.png HTTP/1.1" 404 1140
172.22.2.4 - - [21/Jun/2022:02:49:40 -0500] "GET /BLA/boletinlegal/apple-touch-icon-120x120.png HTTP/1.1" 404 1140
172.22.2.4 - - [21/Jun/2022:02:49:40 -0500] "GET /BLA/boletinlegal/apple-touch-icon-precomposed.png HTTP/1.1" 404 1140
172.22.2.4 - - [21/Jun/2022:02:49:40 -0500] "GET /BLA/boletinlegal/apple-touch-icon.png HTTP/1.1" 404 1140
172.22.2.4 - - [21/Jun/2022:02:49:40 -0500] "GET /BLA/boletinlegal/favicon.ico HTTP/1.1" 404 1140
172.22.2.4 - - [21/Jun/2022:02:49:40 -0500] "GET /BLA/boletinlegal/apple-touch-icon-120x120-precomposed.png HTTP/1.1" 404 1140
172.22.2.4 - - [21/Jun/2022:02:49:40 -0500] "GET /BLA/boletinlegal/apple-touch-icon-120x120.png HTTP/1.1" 404 1140
172.22.2.4 - - [21/Jun/2022:02:49:40 -0500] "GET /BLA/boletinlegal/apple-touch-icon-precomposed.png HTTP/1.1" 404 1140
172.22.2.4 - - [21/Jun/2022:02:49:40 -0500] "GET /BLA/boletinlegal/apple-touch-icon.png HTTP/1.1" 404 1140
172.22.2.4 - - [21/Jun/2022:02:49:40 -0500] "GET /BLA/boletinlegal/favicon.ico HTTP/1.1" 404 1140
23.251.102.74 - - [21/Jun/2022:02:50:40 -0500] "GET / HTTP/1.1" 200 319
216.245.221.92 - - [21/Jun/2022:02:52:19 -0500] "HEAD / HTTP/1.1" 200 -
172.22.2.4 - - [21/Jun/2022:02:52:36 -0500] "GET /BLA/boletinlegal/ HTTP/1.1" 200 53459
172.22.2.4 - - [21/Jun/2022:02:52:39 -0500] "HEAD /BLA/boletinlegal/ HTTP/1.1" 200 -
172.22.2.4 - - [21/Jun/2022:02:53:29 -0500] "GET /BLA/boletinlegal/ HTTP/1.1" 200 54661
157.55.39.202 - - [21/Jun/2022:02:55:38 -0500] "GET /BLA/resoluciones/index.php?dir=AUTOS+2011%2F HTTP/1.1" 200 632831
66.249.65.13 - - [21/Jun/2022:02:56:11 -0500] "-" 408 -
216.245.221.92 - - [21/Jun/2022:02:57:19 -0500] "HEAD / HTTP/1.1" 200 -
36.37.185.110 - - [21/Jun/2022:02:58:04 -0500] "GET /.env HTTP/1.1" 404 1018
36.37.185.110 - - [21/Jun/2022:02:58:05 -0500] "POST / HTTP/1.1" 200 319
35.81.80.126 - - [21/Jun/2022:02:58:16 -0500] "GET /galeria/galeria/fotos/2CaminataP5.jpg HTTP/1.1" 200 28121
172.22.2.4 - - [21/Jun/2022:02:58:29 -0500] "HEAD /BLA/boletinlegal/ HTTP/1.1" 200 -
172.22.2.4 - - [21/Jun/2022:02:59:19 -0500] "GET /BLA/boletinlegal/ HTTP/1.1" 200 56372
216.245.221.92 - - [21/Jun/2022:03:02:19 -0500] "HEAD / HTTP/1.1" 200 -
66.249.65.13 - - [21/Jun/2022:03:03:40 -0500] "-" 408 -
40.77.139.24 - - [21/Jun/2022:03:04:33 -0500] "GET /portaldeninos/wp-content/themes/betheme/fonts/mfn-icons.woff?93978679 HTTP/1.1" 200 80932
172.22.2.4 - - [21/Jun/2022:03:04:19 -0500] "HEAD /BLA/boletinlegal/ HTTP/1.1" 200 -
172.22.2.4 - - [21/Jun/2022:03:05:09 -0500] "GET /BLA/boletinlegal/ HTTP/1.1" 200 61027
216.245.221.92 - - [21/Jun/2022:03:07:19 -0500] "HEAD / HTTP/1.1" 200 -
172.22.2.4 - - [21/Jun/2022:03:10:09 -0500] "HEAD /BLA/boletinlegal/ HTTP/1.1" 200 -
66.249.65.13 - - [21/Jun/2022:03:11:59 -0500] "-" 408 -
216.245.221.92 - - [21/Jun/2022:03:12:19 -0500] "HEAD / HTTP/1.1" 200 -
172.22.2.4 - - [21/Jun/2022:03:10:59 -0500] "GET /BLA/boletinlegal/ HTTP/1.1" 200 58464
216.245.221.92 - - [21/Jun/2022:03:17:19 -0500] "HEAD / HTTP/1.1" 200 -
172.22.2.4 - - [21/Jun/2022:03:15:59 -0500] "HEAD /BLA/boletinlegal/ HTTP/1.1" 200 -
172.22.2.4 - - [21/Jun/2022:03:16:49 -0500] "GET /BLA/boletinlegal/ HTTP/1.1" 200 58464
66.249.65.13 - - [21/Jun/2022:03:19:31 -0500] "-" 408 -
64.62.197.107 - - [21/Jun/2022:03:20:34 -0500] "GET / HTTP/1.1" 200 319
201.245.192.253 - - [21/Jun/2022:03:21:46 -0500] "POST /kwsrmcab/Wsrmcab HTTP/1.1" 404 74
201.245.192.253 - - [21/Jun/2022:03:21:46 -0500] "POST /kwsrmcab/Wsrmcab HTTP/1.1" 404 74
216.245.221.92 - - [21/Jun/2022:03:22:19 -0500] "HEAD / HTTP/1.1" 200 -
172.22.2.4 - - [21/Jun/2022:03:21:49 -0500] "HEAD /BLA/boletinlegal/ HTTP/1.1" 200 -
172.22.2.4 - - [21/Jun/2022:03:22:39 -0500] "GET /BLA/boletinlegal/ HTTP/1.1" 200 60610
172.22.2.4 - - [21/Jun/2022:03:25:27 -0500] "GET /BLA/boletinlegal/robots.txt HTTP/1.1" 404 1038
216.245.221.92 - - [21/Jun/2022:03:27:19 -0500] "HEAD / HTTP/1.1" 200 -
172.22.2.4 - - [21/Jun/2022:03:26:49 -0500] "GET /BLA/boletinlegal/ HTTP/1.1" 200 61027
66.249.73.129 - - [21/Jun/2022:03:28:30 -0500] "-" 408 -
66.249.65.13 - - [21/Jun/2022:03:28:54 -0500] "-" 408 -
172.22.2.4 - - [21/Jun/2022:03:27:39 -0500] "HEAD /BLA/boletinlegal/ HTTP/1.1" 200 -
172.22.2.4 - - [21/Jun/2022:03:28:29 -0500] "GET /BLA/boletinlegal/ HTTP/1.1" 200 55379
20.106.101.231 - - [21/Jun/2022:03:30:20 -0500] "GET /transparencia/financiera/Ejecucion%20Presupuestal/Vigencia%20actual/3.%20EJECUCION%20DE%20RESERVAS%20MARZO%202022.xlsx HTTP/1.1" 200 29026
172.22.2.4 - - [21/Jun/2022:03:30:27 -0500] "GET /BLA/boletinlegal/Circulares/2012/Circular%20No.%203%20del%2023%20de%20Marzo%20de%202012.pdf HTTP/1.1" 304 -
201.245.192.253 - - [21/Jun/2022:03:31:46 -0500] "POST /kwsrmcab/Wsrmcab HTTP/1.1" 404 74
201.245.192.253 - - [21/Jun/2022:03:31:46 -0500] "POST /kwsrmcab/Wsrmcab HTTP/1.1" 404 74
200.114.47.6 - - [21/Jun/2022:03:32:08 -0500] "-" 408 -
216.245.221.92 - - [21/Jun/2022:03:32:19 -0500] "HEAD / HTTP/1.1" 200 -
37.0.8.76 - - [21/Jun/2022:03:34:45 -0500] "GET / HTTP/1.1" 200 319
66.249.65.15 - - [21/Jun/2022:03:35:04 -0500] "-" 408 -
172.22.2.4 - - [21/Jun/2022:03:33:29 -0500] "HEAD /BLA/boletinlegal/ HTTP/1.1" 200 -
37.0.8.76 - - [21/Jun/2022:03:35:02 -0500] "GET / HTTP/1.1" 200 319
37.0.8.76 - - [21/Jun/2022:03:35:17 -0500] "GET /wp-includes/wlwmanifest.xml HTTP/1.1" 404 1018
37.0.8.76 - - [21/Jun/2022:03:35:33 -0500] "GET /xmlrpc.php?rsd HTTP/1.1" 404 1018
172.22.2.4 - - [21/Jun/2022:03:34:19 -0500] "GET /BLA/boletinlegal/ HTTP/1.1" 200 57966
37.0.8.76 - - [21/Jun/2022:03:35:49 -0500] "GET / HTTP/1.1" 200 319
37.0.8.76 - - [21/Jun/2022:03:36:06 -0500] "GET /blog/wp-includes/wlwmanifest.xml HTTP/1.1" 404 1018
157.55.39.114 - - [21/Jun/2022:03:36:31 -0500] "GET /appsia/controlador HTTP/1.1" 404 74
37.0.8.76 - - [21/Jun/2022:03:36:22 -0500] "GET /web/wp-includes/wlwmanifest.xml HTTP/1.1" 404 1018
37.0.8.76 - - [21/Jun/2022:03:36:38 -0500] "GET /wordpress/wp-includes/wlwmanifest.xml HTTP/1.1" 404 1018
37.0.8.76 - - [21/Jun/2022:03:36:54 -0500] "GET /website/wp-includes/wlwmanifest.xml HTTP/1.1" 404 1018
216.245.221.92 - - [21/Jun/2022:03:37:19 -0500] "HEAD / HTTP/1.1" 200 -
37.0.8.76 - - [21/Jun/2022:03:37:10 -0500] "GET /wp/wp-includes/wlwmanifest.xml HTTP/1.1" 404 1018
37.0.8.76 - - [21/Jun/2022:03:37:26 -0500] "GET /news/wp-includes/wlwmanifest.xml HTTP/1.1" 404 1018
35.86.194.69 - - [21/Jun/2022:03:37:48 -0500] "GET /galeria/galeria/fotos/Humedal-la-conejera4P.jpg HTTP/1.1" 200 33365
37.0.8.76 - - [21/Jun/2022:03:37:42 -0500] "GET /wp1/wp-includes/wlwmanifest.xml HTTP/1.1" 404 1018
37.0.8.76 - - [21/Jun/2022:03:37:58 -0500] "GET /test/wp-includes/wlwmanifest.xml HTTP/1.1" 404 1018
37.0.8.76 - - [21/Jun/2022:03:38:14 -0500] "GET /wp2/wp-includes/wlwmanifest.xml HTTP/1.1" 404 1018
37.0.8.76 - - [21/Jun/2022:03:38:30 -0500] "GET /site/wp-includes/wlwmanifest.xml HTTP/1.1" 404 1018
172.22.2.4 - - [21/Jun/2022:03:38:56 -0500] "GET /BLA/boletinlegal/Circulares/2011/Circular%20No.%209%20del%2003%20de%20Noviembre%20de%202011.pdf HTTP/1.1" 200 54568
37.0.8.76 - - [21/Jun/2022:03:38:46 -0500] "GET /cms/wp-includes/wlwmanifest.xml HTTP/1.1" 404 1018
37.0.8.76 - - [21/Jun/2022:03:39:01 -0500] "GET /sito/wp-includes/wlwmanifest.xml HTTP/1.1" 404 1018
172.22.2.4 - - [21/Jun/2022:03:39:19 -0500] "HEAD /BLA/boletinlegal/ HTTP/1.1" 200 -
201.245.192.253 - - [21/Jun/2022:03:41:46 -0500] "POST /kwsrmcab/Wsrmcab HTTP/1.1" 404 74
201.245.192.253 - - [21/Jun/2022:03:41:46 -0500] "POST /kwsrmcab/Wsrmcab HTTP/1.1" 404 74
172.22.2.4 - - [21/Jun/2022:03:40:09 -0500] "GET /BLA/boletinlegal/ HTTP/1.1" 200 58464
216.245.221.92 - - [21/Jun/2022:03:42:19 -0500] "HEAD / HTTP/1.1" 200 -
69.63.189.3 - - [21/Jun/2022:03:42:24 -0500] "GET /investigacion-y-desarrollo-fundamentales-para-la-implementacion-de-la-economia-circular-secretaria-de-ambiente-de-bogota-carolina-urrutia.html HTTP/1.1" 206 1192
66.249.65.13 - - [21/Jun/2022:03:42:57 -0500] "-" 408 -
172.22.2.4 - - [21/Jun/2022:03:44:19 -0500] "GET /BLA/boletinlegal/Directivas/2012/Directiva%20No.%201%20del%2030%20de%20octubre%20de%202012.pdf HTTP/1.1" 304 -
172.22.2.4 - - [21/Jun/2022:03:46:18 -0500] "GET /BLA/boletinlegal/Directivas/2009/Directiva%20No.%20del%2023%20de%20Diciembre%20de%202009.pdf HTTP/1.1" 304 -
172.22.2.4 - - [21/Jun/2022:03:45:09 -0500] "HEAD /BLA/boletinlegal/ HTTP/1.1" 200 -
207.46.13.134 - - [21/Jun/2022:03:46:56 -0500] "GET /portaldeninos/aula-ambiental-artistica-itinerante-auambari/ HTTP/1.1" 200 89507
216.245.221.92 - - [21/Jun/2022:03:47:19 -0500] "HEAD / HTTP/1.1" 200 -
172.22.2.4 - - [21/Jun/2022:03:45:59 -0500] "GET /BLA/boletinlegal/ HTTP/1.1" 200 58464
66.249.65.13 - - [21/Jun/2022:03:48:41 -0500] "-" 408 -
20.118.132.50 - - [21/Jun/2022:03:51:53 -0500] "GET /transparencia/directorioservidores/junio2016.xlsx HTTP/1.1" 200 92821
216.245.221.92 - - [21/Jun/2022:03:52:19 -0500] "HEAD / HTTP/1.1" 200 -
172.22.2.4 - - [21/Jun/2022:03:50:59 -0500] "HEAD /BLA/boletinlegal/ HTTP/1.1" 200 -
172.22.2.4 - - [21/Jun/2022:03:51:49 -0500] "GET /BLA/boletinlegal/ HTTP/1.1" 200 57222
66.249.65.13 - - [21/Jun/2022:03:55:47 -0500] "-" 408 -
216.245.221.92 - - [21/Jun/2022:03:57:19 -0500] "HEAD / HTTP/1.1" 200 -
64.124.8.36 - - [21/Jun/2022:03:58:10 -0500] "GET /portaldeninos/que-es-cambio-climatico HTTP/1.1" 301 -
172.22.2.4 - - [21/Jun/2022:03:56:49 -0500] "HEAD /BLA/boletinlegal/ HTTP/1.1" 200 -
64.124.8.36 - - [21/Jun/2022:03:58:50 -0500] "GET /portaldeninos/contactanos/ HTTP/1.1" 200 88336
64.124.8.36 - - [21/Jun/2022:03:59:10 -0500] "GET /portaldeninos/aire/ HTTP/1.1" 200 88416
64.124.8.59 - - [21/Jun/2022:03:59:18 -0500] "GET /BLA/boletinlegal/disciplinarios.php HTTP/1.1" 200 2069
172.22.2.4 - - [21/Jun/2022:03:57:39 -0500] "GET /BLA/boletinlegal/ HTTP/1.1" 200 57966
64.124.8.36 - - [21/Jun/2022:03:59:24 -0500] "GET /portaldeninos/parque-mirador-de-los-nevados/ HTTP/1.1" 200 90056
64.124.8.36 - - [21/Jun/2022:03:59:37 -0500] "GET /portaldeninos/aulas-ambientales/aula-ambiental-sorotama/ HTTP/1.1" 200 89797
34.141.233.22 - - [21/Jun/2022:04:00:15 -0500] "GET / HTTP/1.1" 200 319
207.46.13.134 - - [21/Jun/2022:04:01:00 -0500] "GET /secretaria-de-ambiente-exalta-a-organizaciones-y-colectivos-en-conmemoracion-del-dia-del-voluntariado-ambiental.html HTTP/1.1" 200 1093
64.124.8.36 - - [21/Jun/2022:04:01:20 -0500] "GET /portaldeninos/aulas-ambientales-2/parque-ecologico-distrital-de-montana-entrenubes/ HTTP/1.1" 200 90607
172.22.2.4 - - [21/Jun/2022:04:01:40 -0500] "GET /BLA/boletinlegal/style.css HTTP/1.1" 200 9406
172.22.2.4 - - [21/Jun/2022:04:01:40 -0500] "GET /BLA/boletinlegal/styles2.css HTTP/1.1" 200 1838
172.22.2.4 - - [21/Jun/2022:04:01:41 -0500] "GET /BLA/boletinlegal/js/jquery.scrollTo-min.js HTTP/1.1" 200 1150
172.22.2.4 - - [21/Jun/2022:04:01:41 -0500] "GET /BLA/boletinlegal/js/jquery.js HTTP/1.1" 200 57254
172.22.2.4 - - [21/Jun/2022:04:01:41 -0500] "GET /BLA/boletinlegal/js/jquery.scrollShow.js HTTP/1.1" 200 4586
172.22.2.4 - - [21/Jun/2022:04:01:41 -0500] "GET /BLA/boletinlegal/images/cabezote%20BLEGAL.jpg HTTP/1.1" 200 118164
172.22.2.4 - - [21/Jun/2022:04:01:41 -0500] "GET /BLA/boletinlegal/images/subscribe-icon-big.png HTTP/1.1" 200 47702
172.22.2.4 - - [21/Jun/2022:04:01:41 -0500] "GET /BLA/boletinlegal/images/historia.png HTTP/1.1" 200 52775
172.22.2.4 - - [21/Jun/2022:04:01:41 -0500] "GET /BLA/boletinlegal/images/registro-usuarios.png HTTP/1.1" 200 8106
172.22.2.4 - - [21/Jun/2022:04:01:42 -0500] "GET /BLA/boletinlegal/images/arr_l.jpg HTTP/1.1" 200 1979
172.22.2.4 - - [21/Jun/2022:04:01:42 -0500] "GET /BLA/boletinlegal/images/screen_1.png HTTP/1.1" 200 202547
172.22.2.4 - - [21/Jun/2022:04:01:42 -0500] "GET /BLA/boletinlegal/images/launch.jpg HTTP/1.1" 200 14577
172.22.2.4 - - [21/Jun/2022:04:01:42 -0500] "GET /BLA/boletinlegal/images/body_bg.jpg HTTP/1.1" 200 1601
172.22.2.4 - - [21/Jun/2022:04:01:42 -0500] "GET /BLA/boletinlegal/images/menu_lft.gif HTTP/1.1" 200 1713
172.22.2.4 - - [21/Jun/2022:04:01:42 -0500] "GET /BLA/boletinlegal/images/menu_rght.gif HTTP/1.1" 200 1627
172.22.2.4 - - [21/Jun/2022:04:01:42 -0500] "GET /BLA/boletinlegal/images/bg_top.jpg HTTP/1.1" 200 522
172.22.2.4 - - [21/Jun/2022:04:01:43 -0500] "GET /BLA/boletinlegal/images/menu_bg.jpg HTTP/1.1" 200 620
172.22.2.4 - - [21/Jun/2022:04:01:43 -0500] "GET /BLA/boletinlegal/images/hover.jpg HTTP/1.1" 200 640
172.22.2.4 - - [21/Jun/2022:04:01:43 -0500] "GET /BLA/boletinlegal/images/text.jpg HTTP/1.1" 200 568
172.22.2.4 - - [21/Jun/2022:04:01:47 -0500] "GET /BLA/boletinlegal/images/screen_5.png HTTP/1.1" 200 368876
172.22.2.4 - - [21/Jun/2022:04:01:47 -0500] "GET /BLA/boletinlegal/images/screen_3.png HTTP/1.1" 200 210620
172.22.2.4 - - [21/Jun/2022:04:01:47 -0500] "GET /BLA/boletinlegal/images/screen_2.png HTTP/1.1" 200 362502
172.22.2.4 - - [21/Jun/2022:04:01:49 -0500] "GET /BLA/boletinlegal/images/arr_r.jpg HTTP/1.1" 200 1998
172.22.2.4 - - [21/Jun/2022:04:01:55 -0500] "GET /BLA/boletinlegal/images/pdf.gif HTTP/1.1" 200 567
64.124.8.36 - - [21/Jun/2022:04:02:09 -0500] "GET /portaldeninos/wp-json/oembed/1.0/embed?url=http%3A%2F%2Fambientic.ambientebogota.gov.co%2Fportaldeninos%2F&format=xml HTTP/1.1" 200 2423
172.22.2.4 - - [21/Jun/2022:04:02:10 -0500] "GET /BLA/boletinlegal/images/footer_bg.jpg HTTP/1.1" 200 586
172.22.2.4 - - [21/Jun/2022:04:02:12 -0500] "GET /BLA/boletinlegal/actos.php HTTP/1.1" 200 9559
172.22.2.4 - - [21/Jun/2022:04:02:12 -0500] "GET /BLA/boletinlegal/js/ajax_actos.js HTTP/1.1" 200 1322
172.22.2.4 - - [21/Jun/2022:04:02:13 -0500] "GET /BLA/boletinlegal/niceforms-default.css HTTP/1.1" 200 6694
172.22.2.4 - - [21/Jun/2022:04:02:13 -0500] "GET /BLA/boletinlegal/niceforms.js HTTP/1.1" 200 22876
172.22.2.4 - - [21/Jun/2022:04:02:13 -0500] "GET /BLA/boletinlegal/js/lib.js HTTP/1.1" 200 6474
172.22.2.4 - - [21/Jun/2022:04:02:13 -0500] "GET /BLA/boletinlegal/js/popup.js HTTP/1.1" 200 1270
172.22.2.4 - - [21/Jun/2022:04:02:13 -0500] "GET /BLA/boletinlegal/js/jquery1.js HTTP/1.1" 200 29846
172.22.2.4 - - [21/Jun/2022:04:02:13 -0500] "GET /BLA/boletinlegal/images/green-yellow-blue-pink-th.png HTTP/1.1" 200 7394
172.22.2.4 - - [21/Jun/2022:04:02:13 -0500] "GET /BLA/boletinlegal/images/abajo.png HTTP/1.1" 200 96676
172.22.2.4 - - [21/Jun/2022:04:02:13 -0500] "GET /BLA/boletinlegal/images/tel.png HTTP/1.1" 200 14477
172.22.2.4 - - [21/Jun/2022:04:02:13 -0500] "GET /BLA/boletinlegal/images/icono-email.png HTTP/1.1" 200 5544
172.22.2.4 - - [21/Jun/2022:04:02:13 -0500] "GET /BLA/boletinlegal/images/footer_bg_l.jpg HTTP/1.1" 200 776
172.22.2.4 - - [21/Jun/2022:04:02:13 -0500] "GET /BLA/boletinlegal/img/0.png HTTP/1.1" 200 110
172.22.2.4 - - [21/Jun/2022:04:02:13 -0500] "GET /BLA/boletinlegal/img/select-right.png HTTP/1.1" 200 44019
172.22.2.4 - - [21/Jun/2022:04:02:13 -0500] "GET /BLA/boletinlegal/img/select-left.png HTTP/1.1" 200 263
172.22.2.4 - - [21/Jun/2022:04:02:13 -0500] "GET /BLA/boletinlegal/favicon.ico HTTP/1.1" 404 1326
172.22.2.4 - - [21/Jun/2022:04:02:13 -0500] "GET /BLA/boletinlegal/img/button-left.png HTTP/1.1" 200 57071
172.22.2.4 - - [21/Jun/2022:04:02:13 -0500] "GET /BLA/boletinlegal/img/button.png HTTP/1.1" 200 43241
172.22.2.4 - - [21/Jun/2022:04:02:13 -0500] "GET /BLA/boletinlegal/img/button-right.png HTTP/1.1" 200 57878
216.245.221.92 - - [21/Jun/2022:04:02:19 -0500] "HEAD / HTTP/1.1" 200 -
172.22.2.4 - - [21/Jun/2022:04:01:40 -0500] "GET /BLA/boletinlegal/ HTTP/1.1" 200 40907
64.124.8.36 - - [21/Jun/2022:04:02:53 -0500] "GET /portaldeninos/glosario/ HTTP/1.1" 200 97399
66.249.65.13 - - [21/Jun/2022:04:02:59 -0500] "-" 408 -
64.124.8.36 - - [21/Jun/2022:04:03:46 -0500] "GET /portaldeninos/humedal-santa-maria-del-lago/ HTTP/1.1" 200 89189
64.124.8.36 - - [21/Jun/2022:04:04:10 -0500] "GET /portaldeninos/wp-includes/js/jquery/jquery-migrate.min.js?ver=1.4.1 HTTP/1.1" 200 10056
172.22.2.4 - - [21/Jun/2022:04:02:39 -0500] "HEAD /BLA/boletinlegal/ HTTP/1.1" 200 -
172.22.2.4 - - [21/Jun/2022:04:03:29 -0500] "GET /BLA/boletinlegal/ HTTP/1.1" 200 58464
64.124.8.36 - - [21/Jun/2022:04:05:41 -0500] "GET /portaldeninos/humedal-jaboque-2/ HTTP/1.1" 200 88047
66.249.73.129 - - [21/Jun/2022:04:06:45 -0500] "-" 408 -
172.22.2.4 - - [21/Jun/2022:04:06:49 -0500] "GET /BLA/boletinlegal/Circulares/2018/Circular%20No.%2010%20del%2021%20de%20Septiembre%20de%202018.pdf HTTP/1.1" 304 -
216.245.221.92 - - [21/Jun/2022:04:07:19 -0500] "HEAD / HTTP/1.1" 200 -
64.124.8.36 - - [21/Jun/2022:04:07:22 -0500] "GET /portaldeninos/fauna/ HTTP/1.1" 200 88630
64.124.8.36 - - [21/Jun/2022:04:08:02 -0500] "GET /portaldeninos/wp-content/plugins/gallery-videos/JS/modernizr.custom.js?ver=4.9.8 HTTP/1.1" 200 9019
64.124.8.36 - - [21/Jun/2022:04:08:35 -0500] "GET /portaldeninos/wp-content/plugins/google-analytics-for-wordpress/assets/js/frontend-gtag.min.js?ver=8.5.0 HTTP/1.1" 200 11801
191.102.197.153 - - [21/Jun/2022:04:09:36 -0500] "GET /BLA/resoluciones/dlf/styles.css HTTP/1.1" 200 3049
191.102.197.153 - - [21/Jun/2022:04:09:36 -0500] "GET /BLA/resoluciones/ HTTP/1.1" 200 13093
191.102.197.153 - - [21/Jun/2022:04:09:36 -0500] "GET /BLA/resoluciones/dlf/folder.png HTTP/1.1" 200 410
191.102.197.153 - - [21/Jun/2022:04:09:37 -0500] "GET /BLA/resoluciones/dlf/bg.gif HTTP/1.1" 200 54
191.102.197.153 - - [21/Jun/2022:04:09:37 -0500] "GET /favicon.ico HTTP/1.1" 200 7782
191.102.197.153 - - [21/Jun/2022:04:09:38 -0500] "GET /BLA/resoluciones/dlf/dirup.png HTTP/1.1" 200 644
191.102.197.153 - - [21/Jun/2022:04:09:38 -0500] "GET /BLA/resoluciones/dlf/pdf.gif HTTP/1.1" 200 272
191.102.197.153 - - [21/Jun/2022:04:09:38 -0500] "GET /BLA/resoluciones/index.php?dir=AUTOS+2019%2F HTTP/1.1" 200 345915
172.22.2.4 - - [21/Jun/2022:04:08:29 -0500] "HEAD /BLA/boletinlegal/ HTTP/1.1" 200 -
207.46.13.236 - - [21/Jun/2022:04:10:22 -0500] "-" 408 -
66.249.65.13 - - [21/Jun/2022:04:10:29 -0500] "-" 408 -
64.124.8.36 - - [21/Jun/2022:04:10:43 -0500] "GET /portaldeninos/humedal-juan-amarillo-2/ HTTP/1.1" 200 88356
172.22.2.4 - - [21/Jun/2022:04:09:19 -0500] "GET /BLA/boletinlegal/ HTTP/1.1" 200 58464
64.124.8.36 - - [21/Jun/2022:04:11:19 -0500] "GET /portaldeninos/feed/ HTTP/1.1" 200 77259
64.124.8.36 - - [21/Jun/2022:04:11:27 -0500] "GET /portaldeninos/comments/feed/ HTTP/1.1" 200 1823
64.124.8.36 - - [21/Jun/2022:04:11:38 -0500] "GET /portaldeninos/xmlrpc.php?rsd HTTP/1.1" 200 1004
216.245.221.92 - - [21/Jun/2022:04:12:19 -0500] "HEAD / HTTP/1.1" 200 -
64.124.8.36 - - [21/Jun/2022:04:12:42 -0500] "GET /portaldeninos/wp-includes/wlwmanifest.xml HTTP/1.1" 200 1045
64.124.8.36 - - [21/Jun/2022:04:14:13 -0500] "GET /portaldeninos/aula-ambiental-artistica-itinerante-auambari/ HTTP/1.1" 200 89507
64.124.8.36 - - [21/Jun/2022:04:14:20 -0500] "GET /portaldeninos/humedal-la-vaca-2/ HTTP/1.1" 200 88038
64.124.8.36 - - [21/Jun/2022:04:14:38 -0500] "GET /portaldeninos/humedal-torca-y-guaymaral-2/ HTTP/1.1" 200 88287
64.124.8.36 - - [21/Jun/2022:04:15:07 -0500] "GET /portaldeninos/wp-includes/js/jquery/ui/widget.min.js?ver=1.11.4 HTTP/1.1" 200 6908
64.124.8.36 - - [21/Jun/2022:04:15:38 -0500] "GET /portaldeninos/aulas-ambientales/ HTTP/1.1" 200 88617
172.22.2.4 - - [21/Jun/2022:04:14:19 -0500] "HEAD /BLA/boletinlegal/ HTTP/1.1" 200 -
172.22.2.4 - - [21/Jun/2022:04:15:09 -0500] "GET /BLA/boletinlegal/ HTTP/1.1" 200 58464
64.124.8.36 - - [21/Jun/2022:04:16:49 -0500] "GET /portaldeninos/humedal-la-conejera-2/ HTTP/1.1" 200 88221
64.124.8.36 - - [21/Jun/2022:04:17:04 -0500] "GET /portaldeninos/relatos-urbanos-de-los-ecosistemas-bogotanos-2/ HTTP/1.1" 200 88575
64.124.8.36 - - [21/Jun/2022:04:17:07 -0500] "GET /portaldeninos/corresponsal-ambiental/ HTTP/1.1" 200 93969
216.245.221.92 - - [21/Jun/2022:04:17:19 -0500] "HEAD / HTTP/1.1" 200 -
64.124.8.36 - - [21/Jun/2022:04:17:31 -0500] "GET /portaldeninos/los-animales/ HTTP/1.1" 200 110314
64.124.8.36 - - [21/Jun/2022:04:17:40 -0500] "GET /portaldeninos/agua-y-estructura-ecologica-principal HTTP/1.1" 301 -
66.249.65.13 - - [21/Jun/2022:04:17:56 -0500] "-" 408 -
64.124.8.36 - - [21/Jun/2022:04:18:22 -0500] "GET /portaldeninos/wp-json/oembed/1.0/embed?url=http%3A%2F%2Fambientic.ambientebogota.gov.co%2Fportaldeninos%2F HTTP/1.1" 200 2328
64.124.8.36 - - [21/Jun/2022:04:19:08 -0500] "GET /portaldeninos/wp-json/ HTTP/1.1" 200 60134
64.124.8.36 - - [21/Jun/2022:04:19:33 -0500] "GET /portaldeninos/humedal-el-tunjo/ HTTP/1.1" 200 87862
64.124.8.36 - - [21/Jun/2022:04:20:21 -0500] "GET /portaldeninos/gestion-del-riesgo-incendios-forestales HTTP/1.1" 301 -
64.124.8.36 - - [21/Jun/2022:04:21:20 -0500] "GET /portaldeninos/humedal-tibanica-2/ HTTP/1.1" 200 87972
201.245.192.253 - - [21/Jun/2022:04:21:46 -0500] "POST /kwsrmcab/Wsrmcab HTTP/1.1" 404 74
201.245.192.253 - - [21/Jun/2022:04:21:46 -0500] "POST /kwsrmcab/Wsrmcab HTTP/1.1" 404 74
172.22.2.4 - - [21/Jun/2022:04:20:09 -0500] "HEAD /BLA/boletinlegal/ HTTP/1.1" 200 -
64.124.8.36 - - [21/Jun/2022:04:22:02 -0500] "GET /portaldeninos/biodiversidad HTTP/1.1" 301 -
158.68.208.69 - - [21/Jun/2022:04:22:04 -0500] "GET /arcgis/services/Calidad_del_Agua_WQI/MapServer/WMSServer?request=GetCapabilities&service=WMS HTTP/1.1" 503 1020
158.68.208.69 - - [21/Jun/2022:04:22:06 -0500] "GET /arcgis/services/Calidad_del_Agua_WQI/MapServer/WMSServer?SERVICE=WMS&REQUEST=GetCapabilities HTTP/1.1" 503 1020
158.68.208.69 - - [21/Jun/2022:04:22:06 -0500] "GET /arcgis/services/Calidad_del_Agua_WQI/MapServer/WMSServer?WMTVER=1.0.0&REQUEST=capabilities HTTP/1.1" 503 1020
64.124.8.36 - - [21/Jun/2022:04:22:05 -0500] "GET /portaldeninos/los-arboles/ HTTP/1.1" 200 87747
216.245.221.92 - - [21/Jun/2022:04:22:19 -0500] "HEAD / HTTP/1.1" 200 -
172.22.2.4 - - [21/Jun/2022:04:20:59 -0500] "GET /BLA/boletinlegal/ HTTP/1.1" 200 61027
64.124.8.36 - - [21/Jun/2022:04:23:02 -0500] "GET /portaldeninos/wp-content/plugins/gallery-videos/JS/Total-Soft-Gallery-Video-Widget.js?ver=4.9.8 HTTP/1.1" 200 80264
64.124.8.36 - - [21/Jun/2022:04:23:20 -0500] "GET /portaldeninos/humedales-ramsar/ HTTP/1.1" 200 89456
64.124.8.36 - - [21/Jun/2022:04:24:25 -0500] "GET /portaldeninos/humedal-cordoba-2/ HTTP/1.1" 200 88242
66.249.65.13 - - [21/Jun/2022:04:24:27 -0500] "-" 408 -
64.124.8.36 - - [21/Jun/2022:04:24:37 -0500] "GET /portaldeninos/residuos HTTP/1.1" 301 -
64.124.8.36 - - [21/Jun/2022:04:26:45 -0500] "GET /portaldeninos/wp-includes/js/jquery/ui/sortable.min.js?ver=1.11.4 HTTP/1.1" 200 24899
216.245.221.92 - - [21/Jun/2022:04:27:19 -0500] "HEAD / HTTP/1.1" 200 -
172.22.2.4 - - [21/Jun/2022:04:25:59 -0500] "HEAD /BLA/boletinlegal/ HTTP/1.1" 200 -
172.22.2.4 - - [21/Jun/2022:04:26:49 -0500] "GET /BLA/boletinlegal/ HTTP/1.1" 200 58928
64.124.8.36 - - [21/Jun/2022:04:28:43 -0500] "GET /portaldeninos/parque-ecologico-distrital-humedal-santa-maria-del-lago/ HTTP/1.1" 200 90400
157.55.39.202 - - [21/Jun/2022:04:28:50 -0500] "GET /BLA/resoluciones/AUTOS%202021/3692.pdf HTTP/1.1" 304 -
66.249.65.13 - - [21/Jun/2022:04:30:26 -0500] "-" 408 -
64.124.8.36 - - [21/Jun/2022:04:30:41 -0500] "GET /portaldeninos/publicidad/ HTTP/1.1" 200 87770
64.124.8.36 - - [21/Jun/2022:04:31:14 -0500] "GET /portaldeninos/los-arboles/tips/ HTTP/1.1" 200 87878
64.124.8.36 - - [21/Jun/2022:04:31:15 -0500] "GET /portaldeninos/wp-includes/js/jquery/jquery.js?ver=1.12.4 HTTP/1.1" 200 97184
201.245.192.253 - - [21/Jun/2022:04:31:45 -0500] "POST /kwsrmcab/Wsrmcab HTTP/1.1" 404 74
201.245.192.253 - - [21/Jun/2022:04:31:45 -0500] "POST /kwsrmcab/Wsrmcab HTTP/1.1" 404 74
216.245.221.92 - - [21/Jun/2022:04:32:19 -0500] "HEAD / HTTP/1.1" 200 -
64.124.8.36 - - [21/Jun/2022:04:33:06 -0500] "GET /portaldeninos/humedal-el-burro-2/ HTTP/1.1" 200 88127
172.22.2.4 - - [21/Jun/2022:04:31:49 -0500] "HEAD /BLA/boletinlegal/ HTTP/1.1" 200 -
172.22.2.4 - - [21/Jun/2022:04:34:04 -0500] "GET /BLA/boletinlegal/Directivas/2012/Directiva%20No.%201%20del%2030%20de%20octubre%20de%202012.pdf HTTP/1.1" 304 -
172.22.2.4 - - [21/Jun/2022:04:32:39 -0500] "GET /BLA/boletinlegal/ HTTP/1.1" 200 55379
64.124.8.36 - - [21/Jun/2022:04:34:33 -0500] "GET /portaldeninos/humedal-capellania-2/ HTTP/1.1" 200 88150
172.22.2.4 - - [21/Jun/2022:04:34:06 -0500] "GET /BLA/boletinlegal/ HTTP/1.1" 200 20427
64.124.8.36 - - [21/Jun/2022:04:34:35 -0500] "GET /portaldeninos/home-2-3/feed/ HTTP/1.1" 200 793
172.22.2.4 - - [21/Jun/2022:04:34:06 -0500] "GET /BLA/boletinlegal/ HTTP/1.1" 200 32715
64.124.8.36 - - [21/Jun/2022:04:35:21 -0500] "GET /portaldeninos/ruido/ HTTP/1.1" 200 88695
64.124.8.36 - - [21/Jun/2022:04:36:08 -0500] "GET /portaldeninos/tipos-de-arboles-en-bogota/ HTTP/1.1" 200 110003
66.249.65.13 - - [21/Jun/2022:04:36:41 -0500] "-" 408 -
64.124.8.36 - - [21/Jun/2022:04:37:00 -0500] "GET /portaldeninos/wp-includes/js/jquery/ui/mouse.min.js?ver=1.11.4 HTTP/1.1" 200 3148
64.124.8.36 - - [21/Jun/2022:04:37:09 -0500] "GET /portaldeninos/wp-includes/js/jquery/ui/core.min.js?ver=1.11.4 HTTP/1.1" 200 4000
216.245.221.92 - - [21/Jun/2022:04:37:19 -0500] "HEAD / HTTP/1.1" 200 -
157.55.39.114 - - [21/Jun/2022:04:37:37 -0500] "GET /BLA/boletinlegal/Circulares/2012/Circular%20No.%2014%20del%2011%20de%20Septiembre%20de%202012.pdf HTTP/1.1" 200 3427471
192.241.214.40 - - [21/Jun/2022:04:37:57 -0500] "GET /hudson HTTP/1.1" 404 1018
172.22.2.4 - - [21/Jun/2022:04:38:21 -0500] "GET /BLA/boletinlegal/Directivas/2017/Directiva%20No.%2001%20del%2027%20de%20Junio%20de%202018.pdf HTTP/1.1" 304 -
172.22.2.4 - - [21/Jun/2022:04:37:39 -0500] "HEAD /BLA/boletinlegal/ HTTP/1.1" 200 -
172.22.2.4 - - [21/Jun/2022:04:38:29 -0500] "GET /BLA/boletinlegal/ HTTP/1.1" 200 61027
94.102.61.10 - - [21/Jun/2022:04:40:18 -0500] "GET /portaldeninos/ HTTP/1.1" 200 109662
20.106.101.231 - - [21/Jun/2022:04:41:26 -0500] "GET /transparencia/directorioservidores/2016/noviembre2016.xlsx HTTP/1.1" 200 89312
201.245.192.253 - - [21/Jun/2022:04:41:46 -0500] "POST /kwsrmcab/Wsrmcab HTTP/1.1" 404 74
201.245.192.253 - - [21/Jun/2022:04:41:46 -0500] "POST /kwsrmcab/Wsrmcab HTTP/1.1" 404 74
216.245.221.92 - - [21/Jun/2022:04:42:19 -0500] "HEAD / HTTP/1.1" 200 -
66.249.65.13 - - [21/Jun/2022:04:42:21 -0500] "-" 408 -
172.22.2.4 - - [21/Jun/2022:04:43:29 -0500] "HEAD /BLA/boletinlegal/ HTTP/1.1" 200 -
172.22.2.4 - - [21/Jun/2022:04:44:19 -0500] "GET /BLA/boletinlegal/ HTTP/1.1" 200 57966
216.245.221.92 - - [21/Jun/2022:04:47:19 -0500] "HEAD / HTTP/1.1" 200 -
172.22.2.4 - - [21/Jun/2022:04:49:19 -0500] "HEAD /BLA/boletinlegal/ HTTP/1.1" 200 -
172.22.2.4 - - [21/Jun/2022:04:50:09 -0500] "GET /BLA/boletinlegal/ HTTP/1.1" 200 60610
216.245.221.92 - - [21/Jun/2022:04:52:19 -0500] "HEAD / HTTP/1.1" 200 -
172.22.2.4 - - [21/Jun/2022:04:55:09 -0500] "HEAD /BLA/boletinlegal/ HTTP/1.1" 200 -
216.245.221.92 - - [21/Jun/2022:04:57:19 -0500] "HEAD / HTTP/1.1" 200 -
66.249.65.13 - - [21/Jun/2022:04:57:31 -0500] "-" 408 -
128.14.134.134 - - [21/Jun/2022:04:57:36 -0500] "GET /portaldeninos/ HTTP/1.1" 200 109662
172.22.2.4 - - [21/Jun/2022:04:55:59 -0500] "GET /BLA/boletinlegal/ HTTP/1.1" 200 58464
216.245.221.92 - - [21/Jun/2022:05:02:19 -0500] "HEAD / HTTP/1.1" 200 -
172.22.2.4 - - [21/Jun/2022:05:00:59 -0500] "HEAD /BLA/boletinlegal/ HTTP/1.1" 200 -
172.22.2.4 - - [21/Jun/2022:05:01:49 -0500] "GET /BLA/boletinlegal/ HTTP/1.1" 200 61027
157.55.39.114 - - [21/Jun/2022:05:04:19 -0500] "GET /BLA/resoluciones/RESOLUCIONES%202021/5262.pdf HTTP/1.1" 304 -
66.249.65.13 - - [21/Jun/2022:05:05:47 -0500] "-" 408 -
216.245.221.92 - - [21/Jun/2022:05:07:19 -0500] "HEAD / HTTP/1.1" 200 -
172.22.2.4 - - [21/Jun/2022:05:06:49 -0500] "HEAD /BLA/boletinlegal/ HTTP/1.1" 200 -
