186.148.168.245 - - [21/Jun/2022:12:09:54 -0500] "POST /sipse/faces/presentacion/proyectos/proyecto/proyectoAdministrador/editarAdministrador.xhtml HTTP/1.1" 200 80914
186.148.168.245 - - [21/Jun/2022:12:10:08 -0500] "GET /sipse/faces/javax.faces.resource/theme.css?ln=primefaces-sipse HTTP/1.1" 304 -
186.148.168.245 - - [21/Jun/2022:12:10:08 -0500] "GET /sipse/faces/javax.faces.resource/primefaces.css?ln=primefaces&v=4.0 HTTP/1.1" 304 -
186.148.168.245 - - [21/Jun/2022:12:10:08 -0500] "GET /sipse/faces/javax.faces.resource/layout/layout.css?ln=primefaces&v=4.0 HTTP/1.1" 304 -
186.148.168.245 - - [21/Jun/2022:12:10:08 -0500] "GET /sipse/faces/javax.faces.resource/jquery/jquery.js?ln=primefaces&v=4.0 HTTP/1.1" 304 -
186.148.168.245 - - [21/Jun/2022:12:10:08 -0500] "GET /sipse/faces/javax.faces.resource/jquery/jquery-plugins.js?ln=primefaces&v=4.0 HTTP/1.1" 304 -
186.148.168.245 - - [21/Jun/2022:12:10:08 -0500] "GET /sipse/faces/javax.faces.resource/primefaces.js?ln=primefaces&v=4.0 HTTP/1.1" 304 -
186.148.168.245 - - [21/Jun/2022:12:10:09 -0500] "GET /sipse/faces/javax.faces.resource/layout/layout.js?ln=primefaces&v=4.0 HTTP/1.1" 304 -
186.148.168.245 - - [21/Jun/2022:12:10:09 -0500] "POST /sipse/faces/presentacion/proyectos/proyecto/proyecto.xhtml HTTP/1.1" 200 3253
172.22.2.4 - - [21/Jun/2022:12:10:37 -0500] "POST /BLA/boletinlegal/admin/actos/ingresar.php HTTP/1.1" 200 7236
192.168.171.89 - - [21/Jun/2022:12:10:49 -0500] "GET /BLA/boletinlegal/consulta_actos.php?tipo=resoluciones&no=5248&usuario=&sector=&fecha=2018&resuelve= HTTP/1.1" 200 626
192.168.171.89 - - [21/Jun/2022:12:10:55 -0500] "GET /BLA/boletinlegal/consulta_actos.php?tipo=autos&no=5248&usuario=&sector=&fecha=2018&resuelve= HTTP/1.1" 200 626
192.168.171.89 - - [21/Jun/2022:12:10:55 -0500] "GET /BLA/boletinlegal/consulta_actos.php?tipo=autos&no=5248&usuario=&sector=&fecha=2018&resuelve= HTTP/1.1" 200 626
192.168.171.89 - - [21/Jun/2022:12:10:57 -0500] "GET /BLA/boletinlegal/consulta_actos.php?tipo=autos&no=5248&usuario=&sector=&fecha=2018&resuelve= HTTP/1.1" 200 626
192.168.171.89 - - [21/Jun/2022:12:10:57 -0500] "GET /BLA/boletinlegal/consulta_actos.php?tipo=autos&no=5248&usuario=&sector=&fecha=2018&resuelve= HTTP/1.1" 200 626
192.168.171.89 - - [21/Jun/2022:12:11:09 -0500] "GET /BLA/boletinlegal/consulta_actos.php?tipo=resoluciones&no=5248&usuario=&sector=&fecha=2021&resuelve= HTTP/1.1" 200 1169
200.118.64.109 - - [21/Jun/2022:12:11:34 -0500] "POST /forms/lservlet;jsessionid=ac16012b30d66e87154325da4fc2b0c0d36c2b0ee002.e3iSbxaKaheRe3eTaNyOb3uQay1ynknvrkLOlQzNp65In0 HTTP/1.1" 200 2
186.148.168.245 - - [21/Jun/2022:12:11:31 -0500] "POST /sipse/faces/presentacion/proyectos/proyecto/proyecto.xhtml HTTP/1.1" 200 82820
186.148.168.245 - - [21/Jun/2022:12:11:41 -0500] "GET /sipse/faces/javax.faces.resource/theme.css?ln=primefaces-sipse HTTP/1.1" 304 -
186.148.168.245 - - [21/Jun/2022:12:11:41 -0500] "GET /sipse/faces/javax.faces.resource/layout/layout.css?ln=primefaces&v=4.0 HTTP/1.1" 304 -
186.148.168.245 - - [21/Jun/2022:12:11:41 -0500] "GET /sipse/faces/javax.faces.resource/jquery/jquery.js?ln=primefaces&v=4.0 HTTP/1.1" 304 -
186.148.168.245 - - [21/Jun/2022:12:11:41 -0500] "GET /sipse/faces/javax.faces.resource/primefaces.css?ln=primefaces&v=4.0 HTTP/1.1" 304 -
186.148.168.245 - - [21/Jun/2022:12:11:42 -0500] "GET /sipse/faces/javax.faces.resource/jquery/jquery-plugins.js?ln=primefaces&v=4.0 HTTP/1.1" 304 -
186.148.168.245 - - [21/Jun/2022:12:11:43 -0500] "GET /sipse/css/imagen/contrasena.png HTTP/1.1" 404 383
186.148.168.245 - - [21/Jun/2022:12:11:43 -0500] "GET /sipse/faces/javax.faces.resource/primefaces.js?ln=primefaces&v=4.0 HTTP/1.1" 304 -
186.148.168.245 - - [21/Jun/2022:12:11:47 -0500] "GET /sipse/faces/javax.faces.resource/layout/layout.js?ln=primefaces&v=4.0 HTTP/1.1" 304 -
186.148.168.245 - - [21/Jun/2022:12:11:47 -0500] "GET /sipse/faces/javax.faces.resource/images/ui-icons_898989_256x240.png?ln=primefaces-aristo HTTP/1.1" 304 -
186.148.168.245 - - [21/Jun/2022:12:11:47 -0500] "POST /sipse/faces/presentacion/proyectos/proyecto/listarProyecto.xhtml HTTP/1.1" 200 76247
186.148.168.245 - - [21/Jun/2022:12:11:54 -0500] "GET /sipse/faces/javax.faces.resource/images/ui-bg_flat_0_2d5972_40x100.png?ln=primefaces-aristo HTTP/1.1" 304 -
186.148.168.245 - - [21/Jun/2022:12:11:54 -0500] "POST /sipse/faces/presentacion/proyectos/proyecto/listarProyecto.xhtml HTTP/1.1" 200 76247
216.245.221.92 - - [21/Jun/2022:12:12:18 -0500] "HEAD / HTTP/1.1" 200 -
186.148.168.245 - - [21/Jun/2022:12:12:13 -0500] "POST /sipse/faces/presentacion/proyectos/proyecto/listarProyecto.xhtml HTTP/1.1" 200 58356
181.61.209.50 - - [21/Jun/2022:12:12:29 -0500] "GET /mesa/video.mp4 HTTP/1.1" 206 1048576
186.148.168.245 - - [21/Jun/2022:12:12:29 -0500] "POST /sipse/faces/presentacion/proyectos/proyecto/listarProyecto.xhtml HTTP/1.1" 200 58360
186.154.185.225 - - [21/Jun/2022:12:12:41 -0500] "GET /BLA/resoluciones/dlf/styles.css HTTP/1.1" 200 3049
186.154.185.225 - - [21/Jun/2022:12:12:41 -0500] "GET /BLA/resoluciones/dlf/dirup.png HTTP/1.1" 200 644
186.154.185.225 - - [21/Jun/2022:12:12:41 -0500] "GET /BLA/resoluciones/dlf/pdf.gif HTTP/1.1" 200 272
186.154.185.225 - - [21/Jun/2022:12:12:41 -0500] "GET /BLA/resoluciones/dlf/bg.gif HTTP/1.1" 200 54
186.154.185.225 - - [21/Jun/2022:12:12:41 -0500] "GET /BLA/resoluciones/dlf/unknown.png HTTP/1.1" 200 266
186.154.185.225 - - [21/Jun/2022:12:12:40 -0500] "GET /BLA/resoluciones/index.php?dir=AUTOS+2021%2F HTTP/1.1" 200 389087
186.154.185.225 - - [21/Jun/2022:12:12:43 -0500] "GET /favicon.ico HTTP/1.1" 200 7782
186.154.185.225 - - [21/Jun/2022:12:12:47 -0500] "GET /BLA/resoluciones/index.php HTTP/1.1" 200 13093
186.154.185.225 - - [21/Jun/2022:12:12:47 -0500] "GET /BLA/resoluciones/dlf/folder.png HTTP/1.1" 200 410
186.154.185.225 - - [21/Jun/2022:12:12:49 -0500] "GET /BLA/resoluciones/index.php?dir=AUTOS+2022%2F HTTP/1.1" 200 93962
207.46.13.27 - - [21/Jun/2022:12:13:02 -0500] "GET /BLA/resoluciones/RESOLUCIONES%202021/3212.pdf HTTP/1.1" 304 -
200.118.64.109 - - [21/Jun/2022:12:13:34 -0500] "POST /forms/lservlet;jsessionid=ac16012b30d66e87154325da4fc2b0c0d36c2b0ee002.e3iSbxaKaheRe3eTaNyOb3uQay1ynknvrkLOlQzNp65In0 HTTP/1.1" 200 2
186.148.168.245 - - [21/Jun/2022:12:12:57 -0500] "POST /sipse/faces/presentacion/proyectos/proyecto/listarProyecto.xhtml HTTP/1.1" 200 58356
66.220.149.5 - - [21/Jun/2022:12:13:54 -0500] "GET /images/control-madera-ilegal-24-mayo.jpg HTTP/1.1" 200 48269
66.220.149.19 - - [21/Jun/2022:12:13:56 -0500] "GET /images/Naturalista1.jpeg HTTP/1.1" 200 202073
66.220.149.19 - - [21/Jun/2022:12:13:57 -0500] "GET /images/negocios-verdes-mayo-2022.jpg HTTP/1.1" 200 48000
66.220.149.2 - - [21/Jun/2022:12:13:58 -0500] "GET /images/arbolado-bogota-mayo-13.jpg HTTP/1.1" 200 62568
66.220.149.19 - - [21/Jun/2022:12:13:59 -0500] "GET /images/feria-servicios-12-mayo-principal.jpg HTTP/1.1" 200 44744
66.220.149.3 - - [21/Jun/2022:12:13:59 -0500] "GET /images/secretaria-rio-bogota-avances-12-mayo.jpg HTTP/1.1" 200 37281
66.220.149.118 - - [21/Jun/2022:12:13:59 -0500] "GET /images/ptar-alcaldesa-rio-bogota-12-mato.jpg HTTP/1.1" 200 40205
172.22.2.4 - - [21/Jun/2022:12:12:38 -0500] "HEAD /BLA/boletinlegal/ HTTP/1.1" 200 -
186.148.168.245 - - [21/Jun/2022:12:14:38 -0500] "POST /sipse/faces/presentacion/proyectos/proyecto/listarProyecto.xhtml HTTP/1.1" 200 4882
186.102.64.101 - - [21/Jun/2022:12:14:46 -0500] "GET /kwssiamovil/sm/ldap/au?x=U2FsdGVkX1/9iz9z50M+wgq5GPbsgepKVxJsrGL+4A2RdZTWBN4RibLSAEf+upVH&y=U2FsdGVkX18OoazRyEBi8xdRawhvjobOggr5dwBTlZG0lw+WNE5OEQwGqwTtgcgB HTTP/1.1" 200 30
186.102.64.101 - - [21/Jun/2022:12:14:47 -0500] "GET /kwssiamovil/sm/acme/s?s=U2FsdGVkX18km6arHm+ZbFTjh/zxHO8btJyf9JvSKyHboeC5avCQ6dTBhfRI3SHQCAJazrJ/VuFbxH9Z36H4t7QlkslnBCPNDJ7St8RHwo0=&u=U2FsdGVkX18lQKW9Z5uV5d1qZmc8Nv4snFPzVG70lJIXW5uu+WHURngX5aRTpeFS&y=U2FsdGVkX18OoazRyEBi8xdRawhvjobOggr5dwBTlZG0lw+WNE5OEQwGqwTtgcgB HTTP/1.1" 200 97
186.102.64.101 - - [21/Jun/2022:12:14:47 -0500] "GET /kwssiamovil/sm/acme/s?s=U2FsdGVkX196JOKHnTh9vmFoUDwq2/NPx7TJR/BW9qzUPHr6KH5EfSeqqxxr27vOjoVGyXuLtPOh6OXqgwklET0Hanw0oHA+tM/TeG56VIldNx1d4H4r7iAFapIiQUeoUIpMtiHtWeJ9cQkjN0FAyPzYuGtYPXAIwQoys1hidQS2BGlOVtadfBn8+Uu3M5aG2QLVTA3oIhYQnfqGwZWA7HxxrUfZoV6cxINolj0MJxOfnMsnIUMDEwVEIqwC4uUA/pkdN06EIGgH/T8LRqGNAUZzyZduafyaqsJ7QOmIjDV7i5wKYpZxEPP8Z6PAUAmjX5FRQENpvs8Zvjyo34RbZzHylgIUEwcxP4VWYxubfbTVHB8i44wH9Uez3LFi48UFnNmOQfz/aQuoHrKnLYYbvrbHevnit1LOByMBHrkpFb0Fp7l5fcN1iWQ77+mSj0nk1HUYzHJsn+nb20CMOkmNWZdRkfeg5hgq3YCo68rk38xNCs/IaKcVdmsKoA+NVVMeEJ7BINSqghr0GP8PDW6irGsCkp9EDs/mZ2WGtdCdPjKNoOn3tCxaIo8qjetmeKTTiZ/mAzenQHbhULskOKxrutFY9ScsJ9U1nzfySlFhgAx2iyMdWntKKX6S/DL5h6sB64Q+olBv+3XJWNAknOM5NiGrvfTEY44EwsDcHva8bo016rNSRk/NOoSe+yVoIqC4N2wMKKQyS3r7UfKjJMBOrv9AWyumzGinf/127P12HfpjqFoUl65PbrjZ8GQGVTIzRpRyssuTtyWKGm/muvizPO3kDZ09AZrHjCZjNII8p0IYs2g7cH/Y4M+scS1dsgYCPXgNsgVPFmKySbUjo6TlTbGyH/1zy3Vsz5wuIGNCiVOpaeIi5cOMUvDoQTWKp9OctEbkled8n4OFw0neTA99T82jM7E01py7cAOsCFEr9Hur4XOswT6FdI+QleMJUUWo4Sfnbw5sKaXCk4IbJ6fE9EyoprTs4fII/qawGecZxtjql0tTPrUzl0Y+Y6AeYGKOBNIf2LToeqSxVa6Qx0Ablkd/p3xVMKaSMtsL11v962ZrBnsJ8cmj2pmCqCPh9WpKYXSaXIeS43eVpNb9nhVV/s31e7mRbQuIGq1C2hWeyXtNvkQ7KfjcauNA4C3jSWwlnh/MRbySyAZy5TQI087k8tD/0rr9QxzEC3YmWaVnXcxG5lxIrxnV4KshjDPlJ4VkZ3P7LPnhsVaIFFdNFnb2EH9YiyrZRJtRz1+dA7jHRakKoonGo+T1D6iGMjWK3FExsqH963MbgO3Qongw7DQiIdTOtYe1JeH7eyxBZcpTbc15MlZ4NUXImE8jpZUKdx+Gamd93OTzH/aeLSTv5kh8oPNxSimk59ZjI9SUg+4yQf8=&u=U2FsdGVkX18lQKW9Z5uV5d1qZmc8Nv4snFPzVG70lJIXW5uu+WHURngX5aRTpeFS&y=U2FsdGVkX18OoazRyEBi8xdRawhvjobOggr5dwBTlZG0lw+WNE5OEQwGqwTtgcgB HTTP/1.1" 200 2363
186.102.64.101 - - [21/Jun/2022:12:14:47 -0500] "GET /kwssiamovil/sm/acme/s?s=U2FsdGVkX1+kn6RJR22pmnDF2JaGwzup+AxkBm+4gVxuNXK5Quv0jzPVth4IU4MQyUrmM1IglDU8JBCK4YeverCyq5frXSAglxru6zwKhFbiKPzt5w+0/8vmUcN67kFk+dUVvseynzCO6h7neYGl958qKc93rzhENpricpEPJaJlPORkwMU+LNEvHvaOYAtdqtYzGZMZJk/RRnhJ3juXiKpovzRPElQuDrjWOq3+Nzy3LyKHjs9+3Yy8U8ZcD02rVdxNYH7c3E7NMMlI5+rqjJ1Qff0ao2FlSXqUaRfYwFA=&u=U2FsdGVkX18lQKW9Z5uV5d1qZmc8Nv4snFPzVG70lJIXW5uu+WHURngX5aRTpeFS&y=U2FsdGVkX18OoazRyEBi8xdRawhvjobOggr5dwBTlZG0lw+WNE5OEQwGqwTtgcgB HTTP/1.1" 200 176
186.102.64.101 - - [21/Jun/2022:12:14:47 -0500] "GET /kwssiamovil/sm/cjson/pre?f=1&x=U2FsdGVkX1/9iz9z50M+wgq5GPbsgepKVxJsrGL+4A2RdZTWBN4RibLSAEf+upVH HTTP/1.1" 200 30992
172.22.2.4 - - [21/Jun/2022:12:13:28 -0500] "GET /BLA/boletinlegal/ HTTP/1.1" 200 58928
186.148.168.245 - - [21/Jun/2022:12:15:18 -0500] "POST /sipse/faces/presentacion/proyectos/proyecto/listarProyecto.xhtml HTTP/1.1" 200 163
186.148.168.245 - - [21/Jun/2022:12:15:20 -0500] "GET /sipse/faces/javax.faces.resource/theme.css?ln=primefaces-sipse HTTP/1.1" 304 -
186.148.168.245 - - [21/Jun/2022:12:15:20 -0500] "GET /sipse/faces/javax.faces.resource/layout/layout.css?ln=primefaces&v=4.0 HTTP/1.1" 304 -
186.148.168.245 - - [21/Jun/2022:12:15:20 -0500] "GET /sipse/faces/javax.faces.resource/jquery/jquery-plugins.js?ln=primefaces&v=4.0 HTTP/1.1" 304 -
186.148.168.245 - - [21/Jun/2022:12:15:20 -0500] "GET /sipse/faces/javax.faces.resource/jquery/jquery.js?ln=primefaces&v=4.0 HTTP/1.1" 304 -
186.148.168.245 - - [21/Jun/2022:12:15:20 -0500] "GET /sipse/faces/javax.faces.resource/primefaces.css?ln=primefaces&v=4.0 HTTP/1.1" 304 -
186.148.168.245 - - [21/Jun/2022:12:15:20 -0500] "GET /sipse/faces/javax.faces.resource/primefaces.js?ln=primefaces&v=4.0 HTTP/1.1" 304 -
186.148.168.245 - - [21/Jun/2022:12:15:20 -0500] "GET /sipse/faces/javax.faces.resource/layout/layout.js?ln=primefaces&v=4.0 HTTP/1.1" 304 -
186.148.168.245 - - [21/Jun/2022:12:15:20 -0500] "GET /sipse/css/imagen/contrasena.png HTTP/1.1" 404 383
186.148.168.245 - - [21/Jun/2022:12:15:20 -0500] "GET /sipse/faces/javax.faces.resource/images/ui-icons_898989_256x240.png?ln=primefaces-aristo HTTP/1.1" 304 -
186.148.168.245 - - [21/Jun/2022:12:15:19 -0500] "GET /sipse/faces/presentacion/proyectos/proyecto/proyecto.xhtml HTTP/1.1" 200 85421
186.148.168.245 - - [21/Jun/2022:12:15:22 -0500] "GET /sipse/faces/javax.faces.resource/images/ui-bg_flat_0_2d5972_40x100.png?ln=primefaces-aristo HTTP/1.1" 304 -
186.148.168.245 - - [21/Jun/2022:12:15:22 -0500] "POST /sipse/faces/presentacion/proyectos/proyecto/proyecto.xhtml HTTP/1.1" 200 3253
186.148.168.245 - - [21/Jun/2022:12:15:27 -0500] "POST /sipse/faces/presentacion/proyectos/proyecto/proyecto.xhtml HTTP/1.1" 200 25625
186.148.168.245 - - [21/Jun/2022:12:15:32 -0500] "GET /sipse/faces/javax.faces.resource/theme.css?ln=primefaces-sipse HTTP/1.1" 304 -
186.148.168.245 - - [21/Jun/2022:12:15:32 -0500] "GET /sipse/faces/javax.faces.resource/primefaces.css?ln=primefaces&v=4.0 HTTP/1.1" 304 -
186.148.168.245 - - [21/Jun/2022:12:15:32 -0500] "GET /sipse/faces/javax.faces.resource/layout/layout.css?ln=primefaces&v=4.0 HTTP/1.1" 304 -
186.148.168.245 - - [21/Jun/2022:12:15:32 -0500] "GET /sipse/faces/javax.faces.resource/jquery/jquery.js?ln=primefaces&v=4.0 HTTP/1.1" 304 -
186.148.168.245 - - [21/Jun/2022:12:15:32 -0500] "GET /sipse/faces/javax.faces.resource/jquery/jquery-plugins.js?ln=primefaces&v=4.0 HTTP/1.1" 304 -
186.148.168.245 - - [21/Jun/2022:12:15:32 -0500] "GET /sipse/faces/javax.faces.resource/primefaces.js?ln=primefaces&v=4.0 HTTP/1.1" 304 -
186.148.168.245 - - [21/Jun/2022:12:15:33 -0500] "GET /sipse/faces/javax.faces.resource/layout/layout.js?ln=primefaces&v=4.0 HTTP/1.1" 304 -
186.148.168.245 - - [21/Jun/2022:12:15:33 -0500] "GET /sipse/css/imagen/contrasena.png HTTP/1.1" 404 383
200.118.64.109 - - [21/Jun/2022:12:15:34 -0500] "POST /forms/lservlet;jsessionid=ac16012b30d66e87154325da4fc2b0c0d36c2b0ee002.e3iSbxaKaheRe3eTaNyOb3uQay1ynknvrkLOlQzNp65In0 HTTP/1.1" 200 2
186.148.168.245 - - [21/Jun/2022:12:15:47 -0500] "POST /sipse/faces/presentacion/proyectos/proyecto/proyectoAdministrador/editarAdministrador.xhtml HTTP/1.1" 200 9480
186.148.168.245 - - [21/Jun/2022:12:15:56 -0500] "POST /sipse/faces/presentacion/proyectos/proyecto/proyectoAdministrador/editarAdministrador.xhtml HTTP/1.1" 200 2402
186.148.168.245 - - [21/Jun/2022:12:15:57 -0500] "POST /sipse/faces/presentacion/proyectos/proyecto/proyectoAdministrador/editarAdministrador.xhtml HTTP/1.1" 200 2229
186.148.168.245 - - [21/Jun/2022:12:16:00 -0500] "POST /sipse/faces/presentacion/proyectos/proyecto/proyectoAdministrador/editarAdministrador.xhtml HTTP/1.1" 200 2233
186.148.168.245 - - [21/Jun/2022:12:16:16 -0500] "POST /sipse/faces/presentacion/proyectos/proyecto/proyectoAdministrador/editarAdministrador.xhtml HTTP/1.1" 200 76713
186.148.168.245 - - [21/Jun/2022:12:16:23 -0500] "GET /sipse/faces/javax.faces.resource/theme.css?ln=primefaces-sipse HTTP/1.1" 304 -
186.148.168.245 - - [21/Jun/2022:12:16:23 -0500] "GET /sipse/faces/javax.faces.resource/primefaces.css?ln=primefaces&v=4.0 HTTP/1.1" 304 -
186.148.168.245 - - [21/Jun/2022:12:16:23 -0500] "GET /sipse/faces/javax.faces.resource/jquery/jquery.js?ln=primefaces&v=4.0 HTTP/1.1" 304 -
186.148.168.245 - - [21/Jun/2022:12:16:23 -0500] "GET /sipse/faces/javax.faces.resource/layout/layout.css?ln=primefaces&v=4.0 HTTP/1.1" 304 -
186.148.168.245 - - [21/Jun/2022:12:16:23 -0500] "GET /sipse/faces/javax.faces.resource/jquery/jquery-plugins.js?ln=primefaces&v=4.0 HTTP/1.1" 304 -
186.148.168.245 - - [21/Jun/2022:12:16:23 -0500] "GET /sipse/faces/javax.faces.resource/primefaces.js?ln=primefaces&v=4.0 HTTP/1.1" 304 -
186.148.168.245 - - [21/Jun/2022:12:16:23 -0500] "GET /sipse/faces/javax.faces.resource/layout/layout.js?ln=primefaces&v=4.0 HTTP/1.1" 304 -
186.148.168.245 - - [21/Jun/2022:12:16:24 -0500] "GET /sipse/css/imagen/contrasena.png HTTP/1.1" 404 383
186.148.168.245 - - [21/Jun/2022:12:16:24 -0500] "GET /sipse/faces/javax.faces.resource/messages/messages.png?ln=primefaces&v=4.0 HTTP/1.1" 304 -
186.148.168.245 - - [21/Jun/2022:12:16:24 -0500] "POST /sipse/faces/presentacion/proyectos/proyecto/proyecto.xhtml HTTP/1.1" 200 3253
172.22.2.4 - - [21/Jun/2022:12:16:35 -0500] "GET /BLA/boletinlegal/actos.php HTTP/1.1" 200 9559
172.22.2.4 - - [21/Jun/2022:12:16:35 -0500] "GET /BLA/boletinlegal/js/ajax_actos.js HTTP/1.1" 200 1322
172.22.2.4 - - [21/Jun/2022:12:16:35 -0500] "GET /BLA/boletinlegal/niceforms-default.css HTTP/1.1" 200 6694
172.22.2.4 - - [21/Jun/2022:12:16:35 -0500] "GET /BLA/boletinlegal/style.css HTTP/1.1" 200 9406
172.22.2.4 - - [21/Jun/2022:12:16:35 -0500] "GET /BLA/boletinlegal/js/lib.js HTTP/1.1" 200 6474
172.22.2.4 - - [21/Jun/2022:12:16:36 -0500] "GET /BLA/boletinlegal/js/popup.js HTTP/1.1" 200 1270
172.22.2.4 - - [21/Jun/2022:12:16:36 -0500] "GET /BLA/boletinlegal/niceforms.js HTTP/1.1" 200 22876
172.22.2.4 - - [21/Jun/2022:12:16:36 -0500] "GET /BLA/boletinlegal/js/jquery1.js HTTP/1.1" 200 29846
172.22.2.4 - - [21/Jun/2022:12:16:36 -0500] "GET /BLA/boletinlegal/images/cabezote%20BLEGAL.jpg HTTP/1.1" 200 118164
172.22.2.4 - - [21/Jun/2022:12:16:36 -0500] "GET /BLA/boletinlegal/styles2.css HTTP/1.1" 200 1838
172.22.2.4 - - [21/Jun/2022:12:16:36 -0500] "GET /BLA/boletinlegal/images/subscribe-icon-big.png HTTP/1.1" 200 47702
172.22.2.4 - - [21/Jun/2022:12:16:36 -0500] "GET /BLA/boletinlegal/images/historia.png HTTP/1.1" 200 52775
172.22.2.4 - - [21/Jun/2022:12:16:36 -0500] "GET /BLA/boletinlegal/images/registro-usuarios.png HTTP/1.1" 200 8106
172.22.2.4 - - [21/Jun/2022:12:16:36 -0500] "GET /BLA/boletinlegal/images/green-yellow-blue-pink-th.png HTTP/1.1" 200 7394
172.22.2.4 - - [21/Jun/2022:12:16:36 -0500] "GET /BLA/boletinlegal/images/tel.png HTTP/1.1" 200 14477
172.22.2.4 - - [21/Jun/2022:12:16:36 -0500] "GET /BLA/boletinlegal/images/abajo.png HTTP/1.1" 200 96676
172.22.2.4 - - [21/Jun/2022:12:16:36 -0500] "GET /BLA/boletinlegal/images/icono-email.png HTTP/1.1" 200 5544
172.22.2.4 - - [21/Jun/2022:12:16:36 -0500] "GET /BLA/boletinlegal/images/menu_bg.jpg HTTP/1.1" 200 620
172.22.2.4 - - [21/Jun/2022:12:16:36 -0500] "GET /BLA/boletinlegal/images/hover.jpg HTTP/1.1" 200 640
172.22.2.4 - - [21/Jun/2022:12:16:36 -0500] "GET /BLA/boletinlegal/images/body_bg.jpg HTTP/1.1" 200 1601
172.22.2.4 - - [21/Jun/2022:12:16:36 -0500] "GET /BLA/boletinlegal/images/menu_lft.gif HTTP/1.1" 200 1713
172.22.2.4 - - [21/Jun/2022:12:16:36 -0500] "GET /BLA/boletinlegal/images/menu_rght.gif HTTP/1.1" 200 1627
172.22.2.4 - - [21/Jun/2022:12:16:36 -0500] "GET /BLA/boletinlegal/images/bg_top.jpg HTTP/1.1" 200 522
172.22.2.4 - - [21/Jun/2022:12:16:36 -0500] "GET /BLA/boletinlegal/images/text.jpg HTTP/1.1" 200 568
172.22.2.4 - - [21/Jun/2022:12:16:36 -0500] "GET /BLA/boletinlegal/images/footer_bg.jpg HTTP/1.1" 200 586
172.22.2.4 - - [21/Jun/2022:12:16:36 -0500] "GET /BLA/boletinlegal/images/footer_bg_l.jpg HTTP/1.1" 200 776
172.22.2.4 - - [21/Jun/2022:12:16:36 -0500] "GET /BLA/boletinlegal/img/0.png HTTP/1.1" 200 110
172.22.2.4 - - [21/Jun/2022:12:16:36 -0500] "GET /BLA/boletinlegal/img/select-left.png HTTP/1.1" 200 263
172.22.2.4 - - [21/Jun/2022:12:16:36 -0500] "GET /BLA/boletinlegal/img/select-right.png HTTP/1.1" 200 44019
172.22.2.4 - - [21/Jun/2022:12:16:36 -0500] "GET /BLA/boletinlegal/img/button-left.png HTTP/1.1" 200 57071
172.22.2.4 - - [21/Jun/2022:12:16:36 -0500] "GET /BLA/boletinlegal/img/button.png HTTP/1.1" 200 43241
172.22.2.4 - - [21/Jun/2022:12:16:36 -0500] "GET /BLA/boletinlegal/img/button-right.png HTTP/1.1" 200 57878
172.22.2.4 - - [21/Jun/2022:12:16:36 -0500] "GET /BLA/boletinlegal/favicon.ico HTTP/1.1" 404 1326
186.148.168.245 - - [21/Jun/2022:12:16:40 -0500] "POST /sipse/faces/presentacion/proyectos/proyecto/proyecto.xhtml HTTP/1.1" 200 82820
186.148.168.245 - - [21/Jun/2022:12:16:42 -0500] "GET /sipse/faces/javax.faces.resource/theme.css?ln=primefaces-sipse HTTP/1.1" 304 -
186.148.168.245 - - [21/Jun/2022:12:16:42 -0500] "GET /sipse/faces/javax.faces.resource/primefaces.css?ln=primefaces&v=4.0 HTTP/1.1" 304 -
186.148.168.245 - - [21/Jun/2022:12:16:42 -0500] "GET /sipse/faces/javax.faces.resource/layout/layout.css?ln=primefaces&v=4.0 HTTP/1.1" 304 -
186.148.168.245 - - [21/Jun/2022:12:16:42 -0500] "GET /sipse/faces/javax.faces.resource/jquery/jquery.js?ln=primefaces&v=4.0 HTTP/1.1" 304 -
186.148.168.245 - - [21/Jun/2022:12:16:43 -0500] "GET /sipse/faces/javax.faces.resource/jquery/jquery-plugins.js?ln=primefaces&v=4.0 HTTP/1.1" 304 -
186.148.168.245 - - [21/Jun/2022:12:16:45 -0500] "GET /sipse/faces/javax.faces.resource/primefaces.js?ln=primefaces&v=4.0 HTTP/1.1" 304 -
186.148.168.245 - - [21/Jun/2022:12:16:50 -0500] "GET /sipse/faces/javax.faces.resource/layout/layout.js?ln=primefaces&v=4.0 HTTP/1.1" 304 -
172.22.2.4 - - [21/Jun/2022:12:16:50 -0500] "GET /BLA/boletinlegal/consulta_actos.php?tipo=resoluciones&no=1748&usuario=&sector=&fecha=2022&resuelve= HTTP/1.1" 200 626
186.148.168.245 - - [21/Jun/2022:12:16:51 -0500] "GET /sipse/css/imagen/contrasena.png HTTP/1.1" 404 383
186.148.168.245 - - [21/Jun/2022:12:16:51 -0500] "POST /sipse/faces/presentacion/proyectos/proyecto/listarProyecto.xhtml HTTP/1.1" 200 76247
172.22.2.4 - - [21/Jun/2022:12:17:10 -0500] "GET /BLA/boletinlegal/actos.php HTTP/1.1" 200 9559
186.148.168.245 - - [21/Jun/2022:12:16:59 -0500] "POST /sipse/faces/presentacion/proyectos/proyecto/listarProyecto.xhtml HTTP/1.1" 200 76247
216.245.221.92 - - [21/Jun/2022:12:17:18 -0500] "HEAD / HTTP/1.1" 200 -
186.148.168.245 - - [21/Jun/2022:12:17:34 -0500] "POST /sipse/faces/presentacion/proyectos/proyecto/listarProyecto.xhtml HTTP/1.1" 200 4952
200.118.64.109 - - [21/Jun/2022:12:17:34 -0500] "POST /forms/lservlet;jsessionid=ac16012b30d66e87154325da4fc2b0c0d36c2b0ee002.e3iSbxaKaheRe3eTaNyOb3uQay1ynknvrkLOlQzNp65In0 HTTP/1.1" 200 2
186.148.168.245 - - [21/Jun/2022:12:17:38 -0500] "POST /sipse/faces/presentacion/proyectos/proyecto/listarProyecto.xhtml HTTP/1.1" 200 163
186.148.168.245 - - [21/Jun/2022:12:17:43 -0500] "GET /sipse/faces/javax.faces.resource/theme.css?ln=primefaces-sipse HTTP/1.1" 304 -
186.148.168.245 - - [21/Jun/2022:12:17:43 -0500] "GET /sipse/faces/javax.faces.resource/primefaces.css?ln=primefaces&v=4.0 HTTP/1.1" 304 -
186.148.168.245 - - [21/Jun/2022:12:17:43 -0500] "GET /sipse/faces/javax.faces.resource/layout/layout.css?ln=primefaces&v=4.0 HTTP/1.1" 304 -
186.148.168.245 - - [21/Jun/2022:12:17:43 -0500] "GET /sipse/faces/javax.faces.resource/jquery/jquery.js?ln=primefaces&v=4.0 HTTP/1.1" 304 -
172.22.2.4 - - [21/Jun/2022:12:17:47 -0500] "GET /BLA/boletinlegal/consulta_actos.php?tipo=autos&no=1748&usuario=&sector=SILVICULTURA&fecha=2022&resuelve= HTTP/1.1" 200 626
186.148.168.245 - - [21/Jun/2022:12:17:49 -0500] "GET /sipse/faces/javax.faces.resource/layout/layout.js?ln=primefaces&v=4.0 HTTP/1.1" 304 -
186.148.168.245 - - [21/Jun/2022:12:17:49 -0500] "GET /sipse/faces/javax.faces.resource/primefaces.js?ln=primefaces&v=4.0 HTTP/1.1" 304 -
186.148.168.245 - - [21/Jun/2022:12:17:49 -0500] "GET /sipse/faces/javax.faces.resource/jquery/jquery-plugins.js?ln=primefaces&v=4.0 HTTP/1.1" 304 -
172.22.2.4 - - [21/Jun/2022:12:17:52 -0500] "GET /BLA/boletinlegal/consulta_actos.php?tipo=autos&no=1748&usuario=&sector=VERTIMIENTOS&fecha=2022&resuelve= HTTP/1.1" 200 626
172.22.2.4 - - [21/Jun/2022:12:17:54 -0500] "GET /BLA/boletinlegal/consulta_actos.php?tipo=autos&no=1748&usuario=&sector=VERTIMIENTOS&fecha=2022&resuelve= HTTP/1.1" 200 626
186.148.168.245 - - [21/Jun/2022:12:17:59 -0500] "GET /sipse/css/imagen/contrasena.png HTTP/1.1" 404 383
186.148.168.245 - - [21/Jun/2022:12:17:59 -0500] "GET /sipse/faces/javax.faces.resource/images/ui-icons_898989_256x240.png?ln=primefaces-aristo HTTP/1.1" 304 -
172.22.2.4 - - [21/Jun/2022:12:17:59 -0500] "GET /BLA/boletinlegal/actos.php HTTP/1.1" 200 9559
172.22.2.4 - - [21/Jun/2022:12:18:00 -0500] "GET /BLA/boletinlegal/normativa.php HTTP/1.1" 200 8326
172.22.2.4 - - [21/Jun/2022:12:18:01 -0500] "GET /BLA/boletinlegal/js/ajax_normativa.js HTTP/1.1" 200 1154
186.148.168.245 - - [21/Jun/2022:12:17:40 -0500] "GET /sipse/faces/presentacion/proyectos/proyecto/proyecto.xhtml HTTP/1.1" 200 89039
186.148.168.245 - - [21/Jun/2022:12:18:01 -0500] "GET /sipse/faces/javax.faces.resource/images/ui-bg_flat_0_2d5972_40x100.png?ln=primefaces-aristo HTTP/1.1" 304 -
186.148.168.245 - - [21/Jun/2022:12:18:01 -0500] "POST /sipse/faces/presentacion/proyectos/proyecto/proyecto.xhtml HTTP/1.1" 200 3253
172.22.2.4 - - [21/Jun/2022:12:18:17 -0500] "GET /BLA/boletinlegal/consulta_normativa.php?tipo=Resolucion&sector=fauna&ano=2022&resuelve=1748 HTTP/1.1" 200 454
172.22.2.4 - - [21/Jun/2022:12:18:19 -0500] "GET /BLA/boletinlegal/actos.php HTTP/1.1" 200 9559
172.22.2.4 - - [21/Jun/2022:12:18:34 -0500] "GET /BLA/boletinlegal/consulta_actos.php?tipo=resoluciones&no=1748&usuario=&sector=SILVICULTURA&fecha=2022&resuelve= HTTP/1.1" 200 626
186.148.168.245 - - [21/Jun/2022:12:18:22 -0500] "POST /sipse/faces/presentacion/proyectos/proyecto/proyecto.xhtml HTTP/1.1" 200 82820
172.22.2.4 - - [21/Jun/2022:12:18:46 -0500] "GET /BLA/boletinlegal/consulta_actos.php?tipo=resoluciones&no=1748&usuario=&sector=SILVICULTURA&fecha=2022&resuelve=caja%20de%20la%20vivienda HTTP/1.1" 200 626
186.148.168.245 - - [21/Jun/2022:12:18:46 -0500] "GET /sipse/faces/javax.faces.resource/theme.css?ln=primefaces-sipse HTTP/1.1" 304 -
186.148.168.245 - - [21/Jun/2022:12:18:46 -0500] "GET /sipse/faces/javax.faces.resource/primefaces.css?ln=primefaces&v=4.0 HTTP/1.1" 304 -
186.148.168.245 - - [21/Jun/2022:12:18:46 -0500] "GET /sipse/faces/javax.faces.resource/jquery/jquery.js?ln=primefaces&v=4.0 HTTP/1.1" 304 -
186.148.168.245 - - [21/Jun/2022:12:18:46 -0500] "GET /sipse/faces/javax.faces.resource/layout/layout.css?ln=primefaces&v=4.0 HTTP/1.1" 304 -
186.148.168.245 - - [21/Jun/2022:12:18:50 -0500] "GET /sipse/faces/javax.faces.resource/jquery/jquery-plugins.js?ln=primefaces&v=4.0 HTTP/1.1" 304 -
172.22.2.4 - - [21/Jun/2022:12:18:50 -0500] "GET /BLA/boletinlegal/consulta_actos.php?tipo=resoluciones&no=1748&usuario=&sector=SILVICULTURA&fecha=2022&resuelve=caja%20de%20la%20vivienda HTTP/1.1" 200 626
172.22.2.4 - - [21/Jun/2022:12:18:54 -0500] "GET /BLA/boletinlegal/consulta_actos.php?tipo=resoluciones&no=1748&usuario=&sector=SILVICULTURA&fecha=2022&resuelve=caja%20de%20la%20vivienda HTTP/1.1" 200 626
172.22.2.4 - - [21/Jun/2022:12:18:57 -0500] "GET /BLA/boletinlegal/consulta_actos.php?tipo=resoluciones&no=1748&usuario=&sector=VERTIMIENTOS&fecha=2022&resuelve=caja%20de%20la%20vivienda HTTP/1.1" 200 626
186.148.168.245 - - [21/Jun/2022:12:19:00 -0500] "GET /sipse/css/imagen/contrasena.png HTTP/1.1" 404 383
186.148.168.245 - - [21/Jun/2022:12:19:00 -0500] "GET /sipse/faces/javax.faces.resource/primefaces.js?ln=primefaces&v=4.0 HTTP/1.1" 304 -
172.22.2.4 - - [21/Jun/2022:12:19:00 -0500] "GET /BLA/boletinlegal/consulta_actos.php?tipo=resoluciones&no=1748&usuario=&sector=PEV&fecha=2022&resuelve=caja%20de%20la%20vivienda HTTP/1.1" 200 626
186.148.168.245 - - [21/Jun/2022:12:19:01 -0500] "GET /sipse/faces/javax.faces.resource/layout/layout.js?ln=primefaces&v=4.0 HTTP/1.1" 304 -
172.22.2.4 - - [21/Jun/2022:12:19:03 -0500] "GET /BLA/boletinlegal/consulta_actos.php?tipo=resoluciones&no=1748&usuario=&sector=AIRE&fecha=2022&resuelve=caja%20de%20la%20vivienda HTTP/1.1" 200 626
172.22.2.4 - - [21/Jun/2022:12:19:06 -0500] "GET /BLA/boletinlegal/consulta_actos.php?tipo=resoluciones&no=1748&usuario=&sector=RUIDO&fecha=2022&resuelve=caja%20de%20la%20vivienda HTTP/1.1" 200 626
172.22.2.4 - - [21/Jun/2022:12:19:09 -0500] "GET /BLA/boletinlegal/consulta_actos.php?tipo=resoluciones&no=1748&usuario=&sector=RESIDUOS&fecha=2022&resuelve=caja%20de%20la%20vivienda HTTP/1.1" 200 626
190.26.140.6 - - [21/Jun/2022:12:19:18 -0500] "GET /BLA/resoluciones/RESOLUCIONES%202018/2418.pdf HTTP/1.1" 200 249141
186.80.52.34 - - [21/Jun/2022:12:19:22 -0500] "POST /sipse/faces/presentacion/financiero/solicitudProceso/listarSolicitudProceso.xhtml HTTP/1.1" 200 25815
186.80.52.34 - - [21/Jun/2022:12:19:22 -0500] "POST /sipse/faces/presentacion/financiero/solicitudProceso/listarSolicitudProceso.xhtml HTTP/1.1" 200 25815
186.80.52.34 - - [21/Jun/2022:12:19:23 -0500] "POST /sipse/faces/presentacion/financiero/solicitudProceso/listarSolicitudProceso.xhtml HTTP/1.1" 200 1376
186.80.52.34 - - [21/Jun/2022:12:19:23 -0500] "POST /sipse/faces/presentacion/financiero/solicitudProceso/listarSolicitudProceso.xhtml HTTP/1.1" 200 1372
186.80.52.34 - - [21/Jun/2022:12:19:25 -0500] "POST /sipse/faces/presentacion/financiero/solicitudProceso/listarSolicitudProceso.xhtml HTTP/1.1" 200 25815
186.80.52.34 - - [21/Jun/2022:12:19:25 -0500] "POST /sipse/faces/presentacion/financiero/solicitudProceso/listarSolicitudProceso.xhtml HTTP/1.1" 200 25815
186.80.52.34 - - [21/Jun/2022:12:19:25 -0500] "POST /sipse/faces/presentacion/financiero/solicitudProceso/listarSolicitudProceso.xhtml HTTP/1.1" 200 1376
186.80.52.34 - - [21/Jun/2022:12:19:25 -0500] "POST /sipse/faces/presentacion/financiero/solicitudProceso/listarSolicitudProceso.xhtml HTTP/1.1" 200 1372
186.84.89.245 - - [21/Jun/2022:12:19:29 -0500] "GET /BLA/boletinlegal/actos.php HTTP/1.1" 200 9559
186.80.52.34 - - [21/Jun/2022:12:19:30 -0500] "POST /sipse/faces/presentacion/financiero/solicitudProceso/listarSolicitudProceso.xhtml HTTP/1.1" 200 25815
186.80.52.34 - - [21/Jun/2022:12:19:30 -0500] "POST /sipse/faces/presentacion/financiero/solicitudProceso/listarSolicitudProceso.xhtml HTTP/1.1" 200 25815
186.80.52.34 - - [21/Jun/2022:12:19:31 -0500] "POST /sipse/faces/presentacion/financiero/solicitudProceso/listarSolicitudProceso.xhtml HTTP/1.1" 200 1376
186.80.52.34 - - [21/Jun/2022:12:19:31 -0500] "POST /sipse/faces/presentacion/financiero/solicitudProceso/listarSolicitudProceso.xhtml HTTP/1.1" 200 1372
186.84.89.245 - - [21/Jun/2022:12:19:32 -0500] "GET /BLA/resoluciones/ HTTP/1.1" 200 13093
200.118.64.109 - - [21/Jun/2022:12:19:34 -0500] "POST /forms/lservlet;jsessionid=ac16012b30d66e87154325da4fc2b0c0d36c2b0ee002.e3iSbxaKaheRe3eTaNyOb3uQay1ynknvrkLOlQzNp65In0 HTTP/1.1" 200 2
186.80.52.34 - - [21/Jun/2022:12:19:36 -0500] "POST /sipse/faces/presentacion/financiero/solicitudProceso/listarSolicitudProceso.xhtml HTTP/1.1" 200 911
190.26.140.6 - - [21/Jun/2022:12:19:39 -0500] "GET /BLA/boletinlegal/js/jquery.scrollShow.js HTTP/1.1" 200 4586
190.26.140.6 - - [21/Jun/2022:12:19:39 -0500] "GET /galeria/galeria/jquery.fancybox.css?v=2.1.5 HTTP/1.1" 200 4895
190.26.140.6 - - [21/Jun/2022:12:19:39 -0500] "GET /galeria/galeria/jquery.fancybox.js?v=2.1.5 HTTP/1.1" 200 48706
186.84.89.245 - - [21/Jun/2022:12:19:44 -0500] "GET /BLA/resoluciones/index.php?dir=RESOLUCIONES+2020%2F HTTP/1.1" 200 162762
186.84.89.245 - - [21/Jun/2022:12:19:27 -0500] "GET /BLA/boletinlegal/index.php HTTP/1.1" 200 16331
186.84.89.245 - - [21/Jun/2022:12:19:51 -0500] "GET /BLA/resoluciones/RESOLUCIONES%202020/2010.pdf HTTP/1.1" 206 1
186.84.89.245 - - [21/Jun/2022:12:19:52 -0500] "GET /BLA/resoluciones/RESOLUCIONES%202020/2010.pdf HTTP/1.1" 200 539502
172.22.2.4 - - [21/Jun/2022:12:18:28 -0500] "HEAD /BLA/boletinlegal/ HTTP/1.1" 200 -
173.252.87.6 - - [21/Jun/2022:12:20:20 -0500] "GET /images/mujeres-cultura-31.jpg HTTP/1.1" 200 33736
186.148.168.245 - - [21/Jun/2022:12:20:33 -0500] "POST /sipse/faces/presentacion/proyectos/proyecto/listarProyecto.xhtml HTTP/1.1" 200 58356
186.148.168.245 - - [21/Jun/2022:12:20:40 -0500] "POST /sipse/faces/presentacion/proyectos/proyecto/listarProyecto.xhtml HTTP/1.1" 200 58360
186.148.168.245 - - [21/Jun/2022:12:20:49 -0500] "POST /sipse/faces/presentacion/proyectos/proyecto/listarProyecto.xhtml HTTP/1.1" 200 58356
172.22.2.4 - - [21/Jun/2022:12:19:18 -0500] "GET /BLA/boletinlegal/ HTTP/1.1" 200 56799
186.148.168.245 - - [21/Jun/2022:12:21:03 -0500] "POST /sipse/faces/presentacion/proyectos/proyecto/listarProyecto.xhtml HTTP/1.1" 200 4870
186.148.168.245 - - [21/Jun/2022:12:21:05 -0500] "POST /sipse/faces/presentacion/proyectos/proyecto/listarProyecto.xhtml HTTP/1.1" 200 163
186.148.168.245 - - [21/Jun/2022:12:21:08 -0500] "GET /sipse/faces/javax.faces.resource/theme.css?ln=primefaces-sipse HTTP/1.1" 304 -
186.148.168.245 - - [21/Jun/2022:12:21:08 -0500] "GET /sipse/faces/javax.faces.resource/primefaces.css?ln=primefaces&v=4.0 HTTP/1.1" 304 -
186.148.168.245 - - [21/Jun/2022:12:21:08 -0500] "GET /sipse/faces/javax.faces.resource/jquery/jquery.js?ln=primefaces&v=4.0 HTTP/1.1" 304 -
186.148.168.245 - - [21/Jun/2022:12:21:08 -0500] "GET /sipse/faces/javax.faces.resource/layout/layout.css?ln=primefaces&v=4.0 HTTP/1.1" 304 -
186.148.168.245 - - [21/Jun/2022:12:21:10 -0500] "GET /sipse/faces/javax.faces.resource/jquery/jquery-plugins.js?ln=primefaces&v=4.0 HTTP/1.1" 304 -
186.148.168.245 - - [21/Jun/2022:12:21:10 -0500] "GET /sipse/faces/javax.faces.resource/primefaces.js?ln=primefaces&v=4.0 HTTP/1.1" 304 -
186.148.168.245 - - [21/Jun/2022:12:21:11 -0500] "GET /sipse/faces/javax.faces.resource/layout/layout.js?ln=primefaces&v=4.0 HTTP/1.1" 304 -
186.148.168.245 - - [21/Jun/2022:12:21:11 -0500] "GET /sipse/css/imagen/contrasena.png HTTP/1.1" 404 383
186.148.168.245 - - [21/Jun/2022:12:21:11 -0500] "GET /sipse/faces/javax.faces.resource/images/ui-icons_898989_256x240.png?ln=primefaces-aristo HTTP/1.1" 304 -
186.148.168.245 - - [21/Jun/2022:12:21:06 -0500] "GET /sipse/faces/presentacion/proyectos/proyecto/proyecto.xhtml HTTP/1.1" 200 85042
186.148.168.245 - - [21/Jun/2022:12:21:15 -0500] "GET /sipse/faces/javax.faces.resource/images/ui-bg_flat_0_2d5972_40x100.png?ln=primefaces-aristo HTTP/1.1" 304 -
186.148.168.245 - - [21/Jun/2022:12:21:15 -0500] "POST /sipse/faces/presentacion/proyectos/proyecto/proyecto.xhtml HTTP/1.1" 200 3253
200.118.64.109 - - [21/Jun/2022:12:21:35 -0500] "POST /forms/lservlet;jsessionid=ac16012b30d66e87154325da4fc2b0c0d36c2b0ee002.e3iSbxaKaheRe3eTaNyOb3uQay1ynknvrkLOlQzNp65In0 HTTP/1.1" 200 2
186.148.168.245 - - [21/Jun/2022:12:21:31 -0500] "POST /sipse/faces/presentacion/proyectos/proyecto/proyecto.xhtml HTTP/1.1" 200 82820
186.148.168.245 - - [21/Jun/2022:12:21:41 -0500] "GET /sipse/faces/javax.faces.resource/theme.css?ln=primefaces-sipse HTTP/1.1" 304 -
186.148.168.245 - - [21/Jun/2022:12:21:41 -0500] "GET /sipse/faces/javax.faces.resource/primefaces.css?ln=primefaces&v=4.0 HTTP/1.1" 304 -
186.148.168.245 - - [21/Jun/2022:12:21:41 -0500] "GET /sipse/faces/javax.faces.resource/layout/layout.css?ln=primefaces&v=4.0 HTTP/1.1" 304 -
186.148.168.245 - - [21/Jun/2022:12:21:41 -0500] "GET /sipse/faces/javax.faces.resource/jquery/jquery.js?ln=primefaces&v=4.0 HTTP/1.1" 304 -
186.148.168.245 - - [21/Jun/2022:12:21:41 -0500] "GET /sipse/faces/javax.faces.resource/jquery/jquery-plugins.js?ln=primefaces&v=4.0 HTTP/1.1" 304 -
186.148.168.245 - - [21/Jun/2022:12:21:42 -0500] "GET /sipse/faces/javax.faces.resource/primefaces.js?ln=primefaces&v=4.0 HTTP/1.1" 304 -
186.148.168.245 - - [21/Jun/2022:12:21:42 -0500] "GET /sipse/faces/javax.faces.resource/layout/layout.js?ln=primefaces&v=4.0 HTTP/1.1" 304 -
186.148.168.245 - - [21/Jun/2022:12:21:42 -0500] "GET /sipse/css/imagen/contrasena.png HTTP/1.1" 404 383
186.148.168.245 - - [21/Jun/2022:12:21:45 -0500] "POST /sipse/faces/presentacion/proyectos/proyecto/listarProyecto.xhtml HTTP/1.1" 200 4981
186.148.168.245 - - [21/Jun/2022:12:21:47 -0500] "POST /sipse/faces/presentacion/proyectos/proyecto/listarProyecto.xhtml HTTP/1.1" 200 163
186.148.168.245 - - [21/Jun/2022:12:21:53 -0500] "GET /sipse/faces/javax.faces.resource/theme.css?ln=primefaces-sipse HTTP/1.1" 304 -
186.148.168.245 - - [21/Jun/2022:12:21:53 -0500] "GET /sipse/faces/javax.faces.resource/layout/layout.css?ln=primefaces&v=4.0 HTTP/1.1" 304 -
186.148.168.245 - - [21/Jun/2022:12:21:53 -0500] "GET /sipse/faces/javax.faces.resource/jquery/jquery.js?ln=primefaces&v=4.0 HTTP/1.1" 304 -
186.148.168.245 - - [21/Jun/2022:12:21:53 -0500] "GET /sipse/faces/javax.faces.resource/jquery/jquery-plugins.js?ln=primefaces&v=4.0 HTTP/1.1" 304 -
186.148.168.245 - - [21/Jun/2022:12:21:53 -0500] "GET /sipse/faces/javax.faces.resource/primefaces.css?ln=primefaces&v=4.0 HTTP/1.1" 304 -
186.148.168.245 - - [21/Jun/2022:12:21:53 -0500] "GET /sipse/faces/javax.faces.resource/layout/layout.js?ln=primefaces&v=4.0 HTTP/1.1" 304 -
186.148.168.245 - - [21/Jun/2022:12:21:53 -0500] "GET /sipse/faces/javax.faces.resource/primefaces.js?ln=primefaces&v=4.0 HTTP/1.1" 304 -
186.148.168.245 - - [21/Jun/2022:12:21:54 -0500] "GET /sipse/faces/javax.faces.resource/images/ui-icons_898989_256x240.png?ln=primefaces-aristo HTTP/1.1" 304 -
186.148.168.245 - - [21/Jun/2022:12:21:54 -0500] "GET /sipse/css/imagen/contrasena.png HTTP/1.1" 404 383
186.148.168.245 - - [21/Jun/2022:12:21:49 -0500] "GET /sipse/faces/presentacion/proyectos/proyecto/proyecto.xhtml HTTP/1.1" 200 88936
186.148.168.245 - - [21/Jun/2022:12:22:13 -0500] "GET /sipse/faces/javax.faces.resource/images/ui-bg_flat_0_2d5972_40x100.png?ln=primefaces-aristo HTTP/1.1" 304 -
186.148.168.245 - - [21/Jun/2022:12:22:13 -0500] "POST /sipse/faces/presentacion/proyectos/proyecto/proyecto.xhtml HTTP/1.1" 200 3253
216.245.221.92 - - [21/Jun/2022:12:22:18 -0500] "HEAD / HTTP/1.1" 200 -
190.24.100.26 - - [21/Jun/2022:12:22:20 -0500] "POST /sipse/faces/presentacion/proyectos/proyecto/proyecto.xhtml HTTP/1.1" 200 911
190.24.100.26 - - [21/Jun/2022:12:22:22 -0500] "GET /sipse/faces/presentacion/proyectos/proyecto/faces/autenticacion HTTP/1.1" 302 -
190.24.100.26 - - [21/Jun/2022:12:22:22 -0500] "GET /sipse/faces/autenticacion.xhtml HTTP/1.1" 200 12170
190.24.100.26 - - [21/Jun/2022:12:22:22 -0500] "GET /sipse/faces/javax.faces.resource/theme.css?ln=primefaces-sipse HTTP/1.1" 304 -
190.24.100.26 - - [21/Jun/2022:12:22:22 -0500] "GET /sipse/faces/javax.faces.resource/primefaces.css?ln=primefaces&v=4.0 HTTP/1.1" 304 -
190.24.100.26 - - [21/Jun/2022:12:22:22 -0500] "GET /sipse/faces/javax.faces.resource/jquery/jquery-plugins.js?ln=primefaces&v=4.0 HTTP/1.1" 304 -
190.24.100.26 - - [21/Jun/2022:12:22:22 -0500] "GET /sipse/faces/javax.faces.resource/layout/layout.css?ln=primefaces&v=4.0 HTTP/1.1" 304 -
190.24.100.26 - - [21/Jun/2022:12:22:22 -0500] "GET /sipse/faces/javax.faces.resource/layout/layout.js?ln=primefaces&v=4.0 HTTP/1.1" 304 -
190.24.100.26 - - [21/Jun/2022:12:22:22 -0500] "GET /sipse/faces/javax.faces.resource/primefaces.js?ln=primefaces&v=4.0 HTTP/1.1" 304 -
190.24.100.26 - - [21/Jun/2022:12:22:22 -0500] "GET /sipse/faces/javax.faces.resource/jquery/jquery.js?ln=primefaces&v=4.0 HTTP/1.1" 304 -
190.24.100.26 - - [21/Jun/2022:12:22:22 -0500] "GET /sipse/faces/javax.faces.resource/images/ui-icons_898989_256x240.png?ln=primefaces-aristo HTTP/1.1" 304 -
186.148.168.245 - - [21/Jun/2022:12:22:21 -0500] "POST /sipse/faces/presentacion/proyectos/proyecto/proyecto.xhtml HTTP/1.1" 200 25732
186.148.168.245 - - [21/Jun/2022:12:22:25 -0500] "GET /sipse/faces/javax.faces.resource/theme.css?ln=primefaces-sipse HTTP/1.1" 304 -
186.148.168.245 - - [21/Jun/2022:12:22:25 -0500] "GET /sipse/faces/javax.faces.resource/primefaces.css?ln=primefaces&v=4.0 HTTP/1.1" 304 -
186.148.168.245 - - [21/Jun/2022:12:22:25 -0500] "GET /sipse/faces/javax.faces.resource/layout/layout.css?ln=primefaces&v=4.0 HTTP/1.1" 304 -
186.148.168.245 - - [21/Jun/2022:12:22:25 -0500] "GET /sipse/faces/javax.faces.resource/jquery/jquery.js?ln=primefaces&v=4.0 HTTP/1.1" 304 -
186.148.168.245 - - [21/Jun/2022:12:22:26 -0500] "GET /sipse/faces/javax.faces.resource/jquery/jquery-plugins.js?ln=primefaces&v=4.0 HTTP/1.1" 304 -
186.148.168.245 - - [21/Jun/2022:12:22:26 -0500] "GET /sipse/faces/javax.faces.resource/primefaces.js?ln=primefaces&v=4.0 HTTP/1.1" 304 -
186.148.168.245 - - [21/Jun/2022:12:22:26 -0500] "GET /sipse/faces/javax.faces.resource/layout/layout.js?ln=primefaces&v=4.0 HTTP/1.1" 304 -
201.245.192.253 - - [21/Jun/2022:12:21:45 -0500] "POST /kwsrmcab/Wsrmcab HTTP/1.1" 200 45738
186.148.168.245 - - [21/Jun/2022:12:22:34 -0500] "POST /sipse/faces/presentacion/proyectos/proyecto/proyectoAdministrador/editarAdministrador.xhtml HTTP/1.1" 200 9480
40.77.167.66 - - [21/Jun/2022:12:22:53 -0500] "GET /BLA/resoluciones/index.php?dir=AUTOS+2019%2F HTTP/1.1" 200 345915
40.77.139.58 - - [21/Jun/2022:12:22:57 -0500] "GET /BLA/resoluciones/dlf/styles.css HTTP/1.1" 200 3049
201.245.192.253 - - [21/Jun/2022:12:22:32 -0500] "POST /kwsrmcab/Wsrmcab HTTP/1.1" 200 45993
66.249.75.109 - - [21/Jun/2022:12:23:27 -0500] "-" 408 -
200.118.64.109 - - [21/Jun/2022:12:23:35 -0500] "POST /forms/lservlet;jsessionid=ac16012b30d66e87154325da4fc2b0c0d36c2b0ee002.e3iSbxaKaheRe3eTaNyOb3uQay1ynknvrkLOlQzNp65In0 HTTP/1.1" 200 2
186.148.168.245 - - [21/Jun/2022:12:23:52 -0500] "POST /sipse/faces/presentacion/proyectos/proyecto/proyectoAdministrador/editarAdministrador.xhtml HTTP/1.1" 200 2751
186.148.168.245 - - [21/Jun/2022:12:23:53 -0500] "POST /sipse/faces/presentacion/proyectos/proyecto/proyectoAdministrador/editarAdministrador.xhtml HTTP/1.1" 200 2747
186.148.168.245 - - [21/Jun/2022:12:23:57 -0500] "POST /sipse/faces/presentacion/proyectos/proyecto/proyectoAdministrador/editarAdministrador.xhtml HTTP/1.1" 200 2231
186.148.168.245 - - [21/Jun/2022:12:23:58 -0500] "POST /sipse/faces/presentacion/proyectos/proyecto/proyectoAdministrador/editarAdministrador.xhtml HTTP/1.1" 200 2227
207.46.13.214 - - [21/Jun/2022:12:25:00 -0500] "GET /forest/ HTTP/1.1" 200 12041
181.60.29.253 - - [21/Jun/2022:12:25:02 -0500] "OPTIONS /kwssiamovil/sm/setfile/f? HTTP/1.1" 200 13
181.60.29.253 - - [21/Jun/2022:12:25:02 -0500] "POST /kwssiamovil/sm/setfile/f? HTTP/1.1" 200 381
181.60.29.253 - - [21/Jun/2022:12:25:06 -0500] "OPTIONS /kwssiamovil/sm/setfile/f? HTTP/1.1" 200 13
181.60.29.253 - - [21/Jun/2022:12:25:07 -0500] "POST /kwssiamovil/sm/setfile/f? HTTP/1.1" 200 381
181.60.29.253 - - [21/Jun/2022:12:25:11 -0500] "OPTIONS /kwssiamovil/sm/setfile/f? HTTP/1.1" 200 13
181.60.29.253 - - [21/Jun/2022:12:25:11 -0500] "POST /kwssiamovil/sm/setfile/f? HTTP/1.1" 200 381
181.60.29.253 - - [21/Jun/2022:12:25:14 -0500] "OPTIONS /kwssiamovil/sm/setfile/f? HTTP/1.1" 200 13
181.60.29.253 - - [21/Jun/2022:12:25:14 -0500] "POST /kwssiamovil/sm/setfile/f? HTTP/1.1" 200 381
181.60.29.253 - - [21/Jun/2022:12:25:23 -0500] "GET /kwssiamovil/sm/acme/a?s=U2FsdGVkX198j8OsPsNloRa9ehJikMbIYAlp+9vc+tJn8CPwU7ndNvq1V04sqgE9CezuNnEAUEXpvFBXUJt7iGHP979OCSZZpKxLjv3KPSgbI5yFMPrvvO6bbDxWsApq5kNXgbR0DlDlw2CfisXA06YvhR5LXFTh6Td5dm/zuSw4Mp/rvjPbAh1UtK/wpniHTIpUWe5LiZJNVUXqV7RE1xPTRvAk18qLtKlCv2LJZJyP8lBKBZVpGrvdyd0ewhhWK51DeHPvwB3cduFBNTorOA==&u=U2FsdGVkX182r/BozsK3qz2kAjUtLXRjdsbw5rJwE0Tb4LRBJWY4i91Z2F2j7YnS&y=U2FsdGVkX1/NOF2q4ma7QBVzuZwccqgCVrE20R7ZYIMTw0uWu+E5WFWRPvXpHTpD HTTP/1.1" 200 25
181.60.29.253 - - [21/Jun/2022:12:25:23 -0500] "GET /kwssiamovil/sm/acme/a?s=U2FsdGVkX19vlmbYhz0xOGCCBZYjphGkgCIdAaX6IammzmFJcIDTeVxyXIQheUr1gKxY+icAgyT7Z+3Ha/pzp0jxlZsJ/56XpToMtJjcZTC55w/8tNKHFwBukjYLLD053HJzJybH9xZhCeqcOQvowvBjgE89Lt6LqOAW0Mllf391UivJlGwFtZPFuMgeov64DSfEB9BX5K+b6H8aqlsDdkkq0L3z80k+poZluzm+6qr2g2+aLj6As+2RDpDj7XTdXo3tD5QfjcUg3GDpriCpTRAWcVr7ugGtWgjC/djD0toTixTPQIE0YahCuEB8zhoEgOFe3XQjCMAB3gaId0SAqmYd3vPwkXIXnZjFr1JqfktVBXFrbbxQ9X+CskFoTPr1QxyWfXiP2TwIlTQ/0NdXSQH/ZRGDHp5OUVROh89Cg+KhaZ4MFu/MZ/bIeAyel1OkHqbrHxyn72GqSol15g5TNkckeigz1KsymMXzqLFwzf7g+zdmtWZR9LhfPonRsoU0L3KWjjMRrWeEpgbUnaoN0v2+mBtmgEtOlYNVMEyqs7q9BQEQZSSdtp5TQD5S95NJGXXX6JRYK+4arahVFKCrKsNyFmi3Rr5vguV6RPvG82z9AYDcU2077T34eniHXkyQzrQVRqJMNuKRlMVcd6k+NjZU6PR4xhJw3UqUa9iaMWim98osnwoujtI9TcRypKz+zF2l04f+tgY0ir+7HB6032apZzWEGk8fgkp2VARhZB9W4tZblskzgBIDJtSYw4vD1vawE/0UxVAHkaIjkArhbk5bksQ36qDkqSo65TrfV1qEt3/GWVvrxi2xodicqK96xi8T75VTQQzNc2DMuSZMfffIP1jQH3ts4QyH6OZcCp2nIsNK2pkw3HugHHKk3eKmqP1+2rg4Lg6PUwHmGt6pyn/8TEWOPXdoOx5cLGoPdKcbEnkwwlBBl3OlcsSksRJmleZ8FJ5sPA6ju6PxzYYI2KITR2u9m7tERAhCBSP5QrVfdoXJl0BnMhCVhIlxMhsCscbr3XuMcfHXDV+G2BpCe5bG7UthymiFH7ia8l6pWXV8CjOmq7vszXZn9CqKOfrXZsHt5mtiRcZ1mBuiZMbnbs/O0Zoquw0F6msXyWNdZ+lEdp6JWPBcRYQhDmaj0j9v2LwLh643m+8bhquugT6CIGxmo6n0Gy2yEnm4Mu+uxIKlJl0Hgh7ci/fcfYercbJFW/UcCIoTFOPtmzeknczN5nvLBeV0UvfLmtKonGwr0+ZIQg231ulzsHWoc/FGvZv/KjuDsC7cGon1f9ogwPrMvGvn3sed6nip/tupddUGU+3R79BjVUOmvaHkvobrmk7h&u=U2FsdGVkX182r/BozsK3qz2kAjUtLXRjdsbw5rJwE0Tb4LRBJWY4i91Z2F2j7YnS&y=U2FsdGVkX1/NOF2q4ma7QBVzuZwccqgCVrE20R7ZYIMTw0uWu+E5WFWRPvXpHTpD HTTP/1.1" 200 25
181.60.29.253 - - [21/Jun/2022:12:25:24 -0500] "GET /kwssiamovil/sm/acme/a?s=U2FsdGVkX1+5P3/qoCtNd9hr0SvPSXIH4Y8Ex8qlMfICdu7hxAbf5BlU5sq0HUydgZTwxH0SX5bSIe8oHdPSDr092jklLQk6i5tAHVgUYzSrir0X3ltvM6MNCa1zJS6lgLIZiItFFlKCS1OUkzuq/tu6aWxMJKRxhHkbwauvNyQ=&u=U2FsdGVkX182r/BozsK3qz2kAjUtLXRjdsbw5rJwE0Tb4LRBJWY4i91Z2F2j7YnS&y=U2FsdGVkX1/NOF2q4ma7QBVzuZwccqgCVrE20R7ZYIMTw0uWu+E5WFWRPvXpHTpD HTTP/1.1" 200 25
181.60.29.253 - - [21/Jun/2022:12:25:24 -0500] "GET /kwssiamovil/sm/acme/a?s=U2FsdGVkX1/umbb+1kcG1hCStYgofSL8koGNcuXLOdew2kagA4WHPGjQl5yEXjtFYha+BK2yg5um9CpQRp5VuhyTupdhZw1tvj1DvvJsdiMAVZtcxz89FfKX0IH//FeFweuJv6qz+UYoN5ZDsShwO9hmvHsCUXfZxyfPVLsYxjU=&u=U2FsdGVkX182r/BozsK3qz2kAjUtLXRjdsbw5rJwE0Tb4LRBJWY4i91Z2F2j7YnS&y=U2FsdGVkX1/NOF2q4ma7QBVzuZwccqgCVrE20R7ZYIMTw0uWu+E5WFWRPvXpHTpD HTTP/1.1" 200 25
181.60.29.253 - - [21/Jun/2022:12:25:24 -0500] "GET /kwssiamovil/sm/acme/a?s=U2FsdGVkX19t7YQ2XP6bmBJvdrXNqvvaGmQvlzjUWbx2g17ZNKoXNmd7lwGoxSF9Z6RsZtnHG3UXT2MfCsnO3b0g7kIb7MR+8EOMda8KzxzfqEa+qn2OP8nhu1qtxnTsIVerlhXzQafIAkLUdKA6LpiBpFv0Ppox5I/U7wdEvkc=&u=U2FsdGVkX182r/BozsK3qz2kAjUtLXRjdsbw5rJwE0Tb4LRBJWY4i91Z2F2j7YnS&y=U2FsdGVkX1/NOF2q4ma7QBVzuZwccqgCVrE20R7ZYIMTw0uWu+E5WFWRPvXpHTpD HTTP/1.1" 200 25
181.60.29.253 - - [21/Jun/2022:12:25:25 -0500] "GET /kwssiamovil/sm/acme/a?s=U2FsdGVkX18pHEQQDM0EdW5BEaBSHkxlXix0ByobT+OmdqRXlgMwjQaNkcOsgDhdJKaT1Brb9XmHrHVgV3PUpmZrZMt7c4AYC7NmkJ13cwul+pMteGVbXwFIv2SVkn8Uk90euJLmwJvxkkXseQWVuu0lDZ+M4GpMgW4j5oCW5A1ypjLP4De/jtNH2RiG+BqWT8f/geQBL3Ak8fiMQVLzeg==&u=U2FsdGVkX182r/BozsK3qz2kAjUtLXRjdsbw5rJwE0Tb4LRBJWY4i91Z2F2j7YnS&y=U2FsdGVkX1/NOF2q4ma7QBVzuZwccqgCVrE20R7ZYIMTw0uWu+E5WFWRPvXpHTpD HTTP/1.1" 200 25
186.148.168.245 - - [21/Jun/2022:12:25:22 -0500] "POST /sipse/faces/presentacion/proyectos/proyecto/proyectoAdministrador/editarAdministrador.xhtml HTTP/1.1" 200 80232
181.60.29.253 - - [21/Jun/2022:12:25:25 -0500] "GET /kwssiamovil/sm/acme/a?s=U2FsdGVkX18Gpm5Ek0OvsUe9NgjWhtP8mH7a8AFXdiN7w3p2DwPXMzdY1OhHuDcSg+7LVvG0ameq5My2JcmRd4DgGSERe+hmP6UQQm6R6LkHOlBH1fi2vJZIc4By21FHU1u0vFk0EjorGlZoHXZW06jhXSXt64Mt1wpnKzdpnQt7eaNiDaOjubU+gwzFqzhry8//F5cPDnV+6YkEb95IYA==&u=U2FsdGVkX182r/BozsK3qz2kAjUtLXRjdsbw5rJwE0Tb4LRBJWY4i91Z2F2j7YnS&y=U2FsdGVkX1/NOF2q4ma7QBVzuZwccqgCVrE20R7ZYIMTw0uWu+E5WFWRPvXpHTpD HTTP/1.1" 200 25
181.60.29.253 - - [21/Jun/2022:12:25:25 -0500] "GET /kwssiamovil/sm/acme/a?s=U2FsdGVkX1+wwP8uxxdrDOs4JS8qpdWgtDqcYB0kCPtwXga83mLDY6uzRCaDhS2DqaJps6TO5fx+TuiSThr0olCV4lfYk3RNwoH4fIJaE1tnAqEVlqusQ5KfB5EaXTcigCaoM8hQuRJ8YC392B1nBxHpK8vRCLo+D/bDxMP9i5YxSTDZWYAsji3TCcYbl3sg&u=U2FsdGVkX182r/BozsK3qz2kAjUtLXRjdsbw5rJwE0Tb4LRBJWY4i91Z2F2j7YnS&y=U2FsdGVkX1/NOF2q4ma7QBVzuZwccqgCVrE20R7ZYIMTw0uWu+E5WFWRPvXpHTpD HTTP/1.1" 200 25
181.60.29.253 - - [21/Jun/2022:12:25:25 -0500] "GET /kwssiamovil/sm/acme/a?s=U2FsdGVkX1+vwdmUyjC0zDgpV7MBByqsT+9aoJVcZc91WFhNq4HBgSf1UoeohIsJTAZhMzI6Kl1sRcmiSpy8LNDlFyqL+eLzqGOlBVgU3IJ6EJi2Bl0Ddocf7nfCLQsfg9Dsguaw5r1DsngjTb8h1G5s2ZbTJrmudVEdO9uNUqdgZTDUY70avLdib4IsaYS853jtl7iLSL6bqiGrtNbHWg==&u=U2FsdGVkX182r/BozsK3qz2kAjUtLXRjdsbw5rJwE0Tb4LRBJWY4i91Z2F2j7YnS&y=U2FsdGVkX1/NOF2q4ma7QBVzuZwccqgCVrE20R7ZYIMTw0uWu+E5WFWRPvXpHTpD HTTP/1.1" 200 25
181.60.29.253 - - [21/Jun/2022:12:25:25 -0500] "GET /kwssiamovil/sm/acme/a?s=U2FsdGVkX1+0/8q5WU9lKI4Hy0ml9zjv+/UCcGaO/tum/X0FWfFJ18zQoitmlWA6qFuiaGyDg1ZkjqarYn+afg23/AIFozOYgC8BTF3zLHnuijxFdgNy/3eZq1OrdK4PdrPs4n0UqP+VmF7iPxvKXbHL2CRLEi5QA20OMHJKzYhLJgO4FH9dZJFI04aZyhwW&u=U2FsdGVkX182r/BozsK3qz2kAjUtLXRjdsbw5rJwE0Tb4LRBJWY4i91Z2F2j7YnS&y=U2FsdGVkX1/NOF2q4ma7QBVzuZwccqgCVrE20R7ZYIMTw0uWu+E5WFWRPvXpHTpD HTTP/1.1" 200 25
181.60.29.253 - - [21/Jun/2022:12:25:26 -0500] "GET /kwssiamovil/sm/acme/a?s=U2FsdGVkX1+c5A6tAKkYFyqmEYH0NgoJ2Hfq1dtfACZO2Z9+UmgvXOu7Ucf8pUbyvB3lNLyU8XQqd2DzXOFVhg8MxBVEhUqowX3WqS6QCBs9KRWZy++rZQWNbTtR7xIsEeFEyntXjTISr2XVw2erTPH7FRnA5o7Ok5oxkF4d8hmP1E4rfbSYX1vyhaUngy2nCq5m3wdz/8kJqtoN5/nOm7f5dsi594g506S0vDUHTx0=&u=U2FsdGVkX182r/BozsK3qz2kAjUtLXRjdsbw5rJwE0Tb4LRBJWY4i91Z2F2j7YnS&y=U2FsdGVkX1/NOF2q4ma7QBVzuZwccqgCVrE20R7ZYIMTw0uWu+E5WFWRPvXpHTpD HTTP/1.1" 200 25
181.60.29.253 - - [21/Jun/2022:12:25:26 -0500] "GET /kwssiamovil/sm/acme/a?s=U2FsdGVkX18FKx06S/PQ9pHIvwSQX3Bx7Pzx89z1QZr3fmZO2mSYh+w/hM2MMpOjFEXsyTJgJ3Z5Wrgw5lEqUHy5hFnciUfQO5CFhwF0xomFo+ZpyrsgD6tStpu7pXZiMZfEPzucnWfQFXGt5zyRlT9vK1Yl2QLsSSZxnJQD43wTbuO+4yHrjSIsHnESogLbhAXMym851m04dFm1uSJkPg==&u=U2FsdGVkX182r/BozsK3qz2kAjUtLXRjdsbw5rJwE0Tb4LRBJWY4i91Z2F2j7YnS&y=U2FsdGVkX1/NOF2q4ma7QBVzuZwccqgCVrE20R7ZYIMTw0uWu+E5WFWRPvXpHTpD HTTP/1.1" 200 25
181.60.29.253 - - [21/Jun/2022:12:25:26 -0500] "GET /kwssiamovil/sm/acme/a?s=U2FsdGVkX186BFp8x52xnD/sT+sFqZ47zGvB8zp7bYc2r6Eh468lr+9DTzmqEW8UfCOUUyMGUeGpufwZy6H4j0EotOk69NT7ZBq3rq75cGE3wNh5sN9UVugsAtruYSQVH0kYpZTnGDFkVbmyIC1xQE+vVLGm6SxS8RpubDkSMPR0kwKj2ON2Nw4ruTZZ1q1mf8X8tCPMINwWznKA8pDL2A==&u=U2FsdGVkX182r/BozsK3qz2kAjUtLXRjdsbw5rJwE0Tb4LRBJWY4i91Z2F2j7YnS&y=U2FsdGVkX1/NOF2q4ma7QBVzuZwccqgCVrE20R7ZYIMTw0uWu+E5WFWRPvXpHTpD HTTP/1.1" 200 25
181.60.29.253 - - [21/Jun/2022:12:25:26 -0500] "GET /kwssiamovil/sm/acme/a?s=U2FsdGVkX1/WYFKgfoud0SG1W7M8dBQ9Iyy7zo727E9OU7+5GO14ldS+rFyN4tBATJ1HlbqkeSO1GxaSAs7BMApvteF2LKrHokf2ERKfkOehpd3lxI4WSYM9zc/tDUYwpCQy8N3+hO400zLEshprTgWaUAyTxhdAV/6RnJmEEOj3l/6ySLe/ckjkAoT3ocubP09QHITCwTknIGJBndFc1w==&u=U2FsdGVkX182r/BozsK3qz2kAjUtLXRjdsbw5rJwE0Tb4LRBJWY4i91Z2F2j7YnS&y=U2FsdGVkX1/NOF2q4ma7QBVzuZwccqgCVrE20R7ZYIMTw0uWu+E5WFWRPvXpHTpD HTTP/1.1" 200 25
200.118.64.109 - - [21/Jun/2022:12:25:35 -0500] "POST /forms/lservlet;jsessionid=ac16012b30d66e87154325da4fc2b0c0d36c2b0ee002.e3iSbxaKaheRe3eTaNyOb3uQay1ynknvrkLOlQzNp65In0 HTTP/1.1" 200 2
186.148.168.245 - - [21/Jun/2022:12:25:36 -0500] "GET /sipse/faces/javax.faces.resource/theme.css?ln=primefaces-sipse HTTP/1.1" 304 -
186.148.168.245 - - [21/Jun/2022:12:25:36 -0500] "GET /sipse/faces/javax.faces.resource/layout/layout.css?ln=primefaces&v=4.0 HTTP/1.1" 304 -
186.148.168.245 - - [21/Jun/2022:12:25:36 -0500] "GET /sipse/faces/javax.faces.resource/primefaces.css?ln=primefaces&v=4.0 HTTP/1.1" 304 -
186.148.168.245 - - [21/Jun/2022:12:25:36 -0500] "GET /sipse/faces/javax.faces.resource/jquery/jquery.js?ln=primefaces&v=4.0 HTTP/1.1" 304 -
186.148.168.245 - - [21/Jun/2022:12:25:36 -0500] "GET /sipse/css/imagen/contrasena.png HTTP/1.1" 404 383
