201.244.226.195 - - [25/Jun/2022:21:00:20 -0500] "GET /portaldeninos/wp-includes/js/jquery/ui/core.min.js?ver=1.11.4 HTTP/1.1" 200 4000
201.244.226.195 - - [25/Jun/2022:21:00:20 -0500] "GET /portaldeninos/wp-content/plugins/gallery-videos/JS/modernizr.custom.js?ver=4.9.8 HTTP/1.1" 200 9019
201.244.226.195 - - [25/Jun/2022:21:00:20 -0500] "GET /portaldeninos/wp-includes/js/jquery/ui/widget.min.js?ver=1.11.4 HTTP/1.1" 200 6908
201.244.226.195 - - [25/Jun/2022:21:00:20 -0500] "GET /portaldeninos/wp-includes/js/jquery/ui/mouse.min.js?ver=1.11.4 HTTP/1.1" 200 3148
201.244.226.195 - - [25/Jun/2022:21:00:20 -0500] "GET /portaldeninos/wp-includes/js/jquery/ui/accordion.min.js?ver=1.11.4 HTTP/1.1" 200 8584
201.244.226.195 - - [25/Jun/2022:21:00:20 -0500] "GET /portaldeninos/wp-content/plugins/gallery-videos/JS/Total-Soft-Gallery-Video-Widget.js?ver=4.9.8 HTTP/1.1" 200 80264
201.244.226.195 - - [25/Jun/2022:21:00:20 -0500] "GET /portaldeninos/wp-includes/js/jquery/ui/tabs.min.js?ver=1.11.4 HTTP/1.1" 200 12110
201.244.226.195 - - [25/Jun/2022:21:00:20 -0500] "GET /portaldeninos/wp-includes/js/jquery/ui/sortable.min.js?ver=1.11.4 HTTP/1.1" 200 24899
201.244.226.195 - - [25/Jun/2022:21:00:20 -0500] "GET /portaldeninos/wp-content/themes/betheme/js/menu.js?ver=20.9.6 HTTP/1.1" 200 2449
201.244.226.195 - - [25/Jun/2022:21:00:20 -0500] "GET /portaldeninos/wp-content/themes/betheme/assets/animations/animations.min.js?ver=20.9.6 HTTP/1.1" 200 1896
201.244.226.195 - - [25/Jun/2022:21:00:19 -0500] "GET /portaldeninos/wp-content/themes/betheme/css/layout.css?ver=20.9.6 HTTP/1.1" 200 116639
201.244.226.195 - - [25/Jun/2022:21:00:19 -0500] "GET /portaldeninos/wp-includes/js/jquery/jquery.js?ver=1.12.4 HTTP/1.1" 200 97184
201.244.226.195 - - [25/Jun/2022:21:00:20 -0500] "GET /portaldeninos/wp-includes/js/wp-embed.min.js?ver=4.9.8 HTTP/1.1" 200 1398
201.244.226.195 - - [25/Jun/2022:21:00:20 -0500] "GET /portaldeninos/wp-content/themes/betheme/js/scripts.js?ver=20.9.6 HTTP/1.1" 200 77162
201.244.226.195 - - [25/Jun/2022:21:00:20 -0500] "GET /portaldeninos/wp-content/themes/betheme/assets/jplayer/jplayer.min.js?ver=20.9.6 HTTP/1.1" 200 52702
201.244.226.195 - - [25/Jun/2022:21:00:20 -0500] "GET /portaldeninos/wp-content/themes/betheme/images/box_shadow.png HTTP/1.1" 200 108
201.244.226.195 - - [25/Jun/2022:21:00:20 -0500] "GET /portaldeninos/wp-includes/js/wp-emoji-release.min.js?ver=4.9.8 HTTP/1.1" 200 12026
201.244.226.195 - - [25/Jun/2022:21:00:20 -0500] "GET /portaldeninos/wp-content/themes/betheme/js/plugins.js?ver=20.9.6 HTTP/1.1" 200 197151
201.244.226.195 - - [25/Jun/2022:21:00:20 -0500] "GET /portaldeninos/wp-content/themes/betheme/fonts/mfn-icons.woff?93978679 HTTP/1.1" 200 80932
201.244.226.195 - - [25/Jun/2022:21:00:20 -0500] "GET /portaldeninos/wp-content/themes/betheme/fonts/mfn-icons.ttf?93978679 HTTP/1.1" 200 94049
172.22.2.4 - - [25/Jun/2022:20:59:13 -0500] "GET /BLA/boletinlegal/ HTTP/1.1" 200 56372
69.63.184.119 - - [25/Jun/2022:21:01:33 -0500] "GET /images/semana-santa-ramos-policia-7-abril.jpg HTTP/1.1" 200 43922
216.245.221.92 - - [25/Jun/2022:21:03:34 -0500] "HEAD / HTTP/1.1" 200 -
172.22.2.4 - - [25/Jun/2022:21:04:52 -0500] "GET /BLA/boletinlegal/owa/auth/logon.aspx?url=https%3a%2f%2f1%2fecp%2f HTTP/1.1" 404 1018
172.22.2.4 - - [25/Jun/2022:21:04:12 -0500] "HEAD /BLA/boletinlegal/ HTTP/1.1" 200 -
172.22.2.4 - - [25/Jun/2022:21:05:02 -0500] "GET /BLA/boletinlegal/ HTTP/1.1" 200 57591
216.245.221.92 - - [25/Jun/2022:21:08:34 -0500] "HEAD / HTTP/1.1" 200 -
157.55.39.49 - - [25/Jun/2022:21:09:01 -0500] "GET /portaldeninos/wp-content/uploads/2021/07/Banners-p%C3%A1gina-de-ni%C3%B1os-aula-ambiental.jpg HTTP/1.1" 404 75240
40.77.190.37 - - [25/Jun/2022:21:10:14 -0500] "GET /galeria/nivo-slider/themes/pascal/pascal.css HTTP/1.1" 200 2258
40.77.189.86 - - [25/Jun/2022:21:10:14 -0500] "GET /galeria/nivo-slider/demo/scripts/jquery-1.7.1.min.js HTTP/1.1" 200 93868
207.46.13.138 - - [25/Jun/2022:21:10:44 -0500] "GET /bla/resoluciones/index.php?dir=notificaciones/autos+2017 HTTP/1.1" 200 139669
172.22.2.4 - - [25/Jun/2022:21:10:02 -0500] "HEAD /BLA/boletinlegal/ HTTP/1.1" 200 -
172.22.2.4 - - [25/Jun/2022:21:10:52 -0500] "GET /BLA/boletinlegal/ HTTP/1.1" 200 58464
216.245.221.92 - - [25/Jun/2022:21:13:34 -0500] "HEAD / HTTP/1.1" 200 -
172.22.2.4 - - [25/Jun/2022:21:14:45 -0500] "GET /BLA/boletinlegal/robots.txt HTTP/1.1" 404 1037
172.22.2.4 - - [25/Jun/2022:21:14:46 -0500] "GET /BLA/boletinlegal/robots.txt HTTP/1.1" 404 1037
173.252.107.11 - - [25/Jun/2022:21:15:57 -0500] "GET /secretaria-de-ambiente-incrementa-evaluacion-y-seguimiento-al-arbolado-urbano.html HTTP/1.1" 206 933
173.252.107.14 - - [25/Jun/2022:21:16:00 -0500] "GET /secretaria-de-ambiente-hace-seguimiento-de-control-a-licencias-ambientales-otorgadas.html HTTP/1.1" 206 1013
173.252.107.22 - - [25/Jun/2022:21:16:00 -0500] "GET /images/operativo-licencias-ambientales-5-noviembre%20.jpg HTTP/1.1" 200 38992
173.252.107.21 - - [25/Jun/2022:21:16:02 -0500] "GET /images/operativo-licencias-ambientales-5-noviembre%20.jpg HTTP/1.1" 200 38992
172.22.2.4 - - [25/Jun/2022:21:14:49 -0500] "GET /BLA/boletinlegal/ HTTP/1.1" 200 57222
172.22.2.4 - - [25/Jun/2022:21:15:52 -0500] "HEAD /BLA/boletinlegal/ HTTP/1.1" 200 -
172.22.2.4 - - [25/Jun/2022:21:16:42 -0500] "GET /BLA/boletinlegal/ HTTP/1.1" 200 61027
216.245.221.92 - - [25/Jun/2022:21:18:34 -0500] "HEAD / HTTP/1.1" 200 -
172.22.2.4 - - [25/Jun/2022:21:18:57 -0500] "GET /BLA/boletinlegal/jurisprudencia/analisis/AnalisisC-273-11.docx HTTP/1.1" 304 -
192.241.220.51 - - [25/Jun/2022:21:21:10 -0500] "GET / HTTP/1.1" 200 319
201.245.192.253 - - [25/Jun/2022:21:21:23 -0500] "POST /kwsrmcab/Wsrmcab HTTP/1.1" 500 253
201.245.192.253 - - [25/Jun/2022:21:21:23 -0500] "POST /kwsrmcab/Wsrmcab HTTP/1.1" 500 253
172.22.2.4 - - [25/Jun/2022:21:21:42 -0500] "HEAD /BLA/boletinlegal/ HTTP/1.1" 200 -
216.245.221.92 - - [25/Jun/2022:21:23:34 -0500] "HEAD / HTTP/1.1" 200 -
172.22.2.4 - - [25/Jun/2022:21:22:32 -0500] "GET /BLA/boletinlegal/ HTTP/1.1" 200 57222
172.22.2.4 - - [25/Jun/2022:21:27:31 -0500] "GET /BLA/boletinlegal/Circulares/2014/Circular%20No.%201%20del%2008%20de%20Mayo%20de%202014.pdf HTTP/1.1" 304 -
216.245.221.92 - - [25/Jun/2022:21:28:34 -0500] "HEAD / HTTP/1.1" 200 -
172.22.2.4 - - [25/Jun/2022:21:27:32 -0500] "HEAD /BLA/boletinlegal/ HTTP/1.1" 200 -
172.22.2.4 - - [25/Jun/2022:21:28:22 -0500] "GET /BLA/boletinlegal/ HTTP/1.1" 200 53867
201.245.192.253 - - [25/Jun/2022:21:31:23 -0500] "POST /kwsrmcab/Wsrmcab HTTP/1.1" 500 253
201.245.192.253 - - [25/Jun/2022:21:31:23 -0500] "POST /kwsrmcab/Wsrmcab HTTP/1.1" 500 253
207.46.13.8 - - [25/Jun/2022:21:31:27 -0500] "GET /BLA/resoluciones/RESOLUCIONES%202000/2000%202050-2099.tif HTTP/1.1" 200 4179547
173.252.107.12 - - [25/Jun/2022:21:33:02 -0500] "GET /bogota-tendra-la-primera-planta-de-termovalorizacion-de-colombia-la-cual-convertira-los-residuos-en-energia-para-la-ciudad.html HTTP/1.1" 206 883
216.245.221.92 - - [25/Jun/2022:21:33:34 -0500] "HEAD / HTTP/1.1" 200 -
181.63.106.29 - - [25/Jun/2022:21:34:58 -0500] "GET /BLA/resoluciones/ HTTP/1.1" 200 13093
181.63.106.29 - - [25/Jun/2022:21:35:00 -0500] "GET /BLA/resoluciones/index.php?dir=AUTOS+2008%2F HTTP/1.1" 200 569644
172.22.2.4 - - [25/Jun/2022:21:33:22 -0500] "HEAD /BLA/boletinlegal/ HTTP/1.1" 200 -
66.249.73.5 - - [25/Jun/2022:21:35:32 -0500] "-" 408 -
172.22.2.4 - - [25/Jun/2022:21:34:12 -0500] "GET /BLA/boletinlegal/ HTTP/1.1" 200 61027
181.63.106.29 - - [25/Jun/2022:21:36:25 -0500] "GET /BLA/resoluciones/AUTOS%202008/0008.pdf HTTP/1.1" 200 78177
207.46.13.138 - - [25/Jun/2022:21:37:16 -0500] "GET /BLA/resoluciones/AUTOS%202014/4261.pdf HTTP/1.1" 200 524866
172.22.2.4 - - [25/Jun/2022:21:35:55 -0500] "GET /BLA/boletinlegal/ HTTP/1.1" 200 63473
66.249.65.17 - - [25/Jun/2022:21:38:00 -0500] "-" 408 -
216.245.221.92 - - [25/Jun/2022:21:38:34 -0500] "HEAD / HTTP/1.1" 200 -
172.22.2.4 - - [25/Jun/2022:21:39:45 -0500] "GET /BLA/boletinlegal/Circulares/2019/.pdf HTTP/1.1" 404 1218
172.22.2.4 - - [25/Jun/2022:21:39:53 -0500] "GET /BLA/boletinlegal/Circulares/2012/Circular%20No.%2010%20del%2026%20de%20Enero%20de%202012.pdf HTTP/1.1" 404 1218
172.22.2.4 - - [25/Jun/2022:21:39:12 -0500] "HEAD /BLA/boletinlegal/ HTTP/1.1" 200 -
201.245.192.253 - - [25/Jun/2022:21:41:23 -0500] "POST /kwsrmcab/Wsrmcab HTTP/1.1" 500 253
201.245.192.253 - - [25/Jun/2022:21:41:23 -0500] "POST /kwsrmcab/Wsrmcab HTTP/1.1" 500 253
172.22.2.4 - - [25/Jun/2022:21:40:02 -0500] "GET /BLA/boletinlegal/ HTTP/1.1" 200 60610
172.22.2.4 - - [25/Jun/2022:21:42:58 -0500] "GET /BLA/boletinlegal/ HTTP/1.1" 200 24523
216.245.221.92 - - [25/Jun/2022:21:43:34 -0500] "HEAD / HTTP/1.1" 200 -
207.46.13.138 - - [25/Jun/2022:21:44:16 -0500] "GET /BLA/resoluciones/RESOLUCIONES%202000/2000%201700-1749.tif HTTP/1.1" 200 4092284
172.22.2.4 - - [25/Jun/2022:21:45:02 -0500] "HEAD /BLA/boletinlegal/ HTTP/1.1" 200 -
34.147.118.212 - - [25/Jun/2022:21:46:46 -0500] "GET / HTTP/1.1" 200 319
172.22.2.4 - - [25/Jun/2022:21:45:52 -0500] "GET /BLA/boletinlegal/ HTTP/1.1" 200 54266
172.22.2.4 - - [25/Jun/2022:21:47:39 -0500] "GET /BLA/boletinlegal/robots.txt HTTP/1.1" 404 1038
172.22.2.4 - - [25/Jun/2022:21:47:40 -0500] "GET /BLA/boletinlegal/sugerencias.php HTTP/1.1" 200 8615
205.210.31.18 - - [25/Jun/2022:21:47:49 -0500] "GET / HTTP/1.1" 200 319
216.245.221.92 - - [25/Jun/2022:21:48:34 -0500] "HEAD / HTTP/1.1" 200 -
172.22.2.4 - - [25/Jun/2022:21:50:52 -0500] "HEAD /BLA/boletinlegal/ HTTP/1.1" 200 -
172.22.2.4 - - [25/Jun/2022:21:52:33 -0500] "GET /BLA/boletinlegal/jurisprudencia/analisis/AnalisisT-606-15.docx HTTP/1.1" 200 26698
172.22.2.4 - - [25/Jun/2022:21:52:34 -0500] "GET /BLA/boletinlegal/apple-touch-icon-120x120-precomposed.png HTTP/1.1" 404 1140
172.22.2.4 - - [25/Jun/2022:21:52:34 -0500] "GET /BLA/boletinlegal/apple-touch-icon-120x120.png HTTP/1.1" 404 1140
172.22.2.4 - - [25/Jun/2022:21:52:34 -0500] "GET /BLA/boletinlegal/apple-touch-icon-precomposed.png HTTP/1.1" 404 1140
172.22.2.4 - - [25/Jun/2022:21:52:34 -0500] "GET /BLA/boletinlegal/apple-touch-icon.png HTTP/1.1" 404 1140
172.22.2.4 - - [25/Jun/2022:21:52:34 -0500] "GET /BLA/boletinlegal/favicon.ico HTTP/1.1" 404 1140
172.22.2.4 - - [25/Jun/2022:21:52:34 -0500] "GET /BLA/boletinlegal/apple-touch-icon-120x120-precomposed.png HTTP/1.1" 404 1140
172.22.2.4 - - [25/Jun/2022:21:52:34 -0500] "GET /BLA/boletinlegal/apple-touch-icon-120x120.png HTTP/1.1" 404 1140
172.22.2.4 - - [25/Jun/2022:21:52:34 -0500] "GET /BLA/boletinlegal/apple-touch-icon-precomposed.png HTTP/1.1" 404 1140
172.22.2.4 - - [25/Jun/2022:21:52:34 -0500] "GET /BLA/boletinlegal/apple-touch-icon.png HTTP/1.1" 404 1140
172.22.2.4 - - [25/Jun/2022:21:52:34 -0500] "GET /BLA/boletinlegal/favicon.ico HTTP/1.1" 404 1140
172.22.2.4 - - [25/Jun/2022:21:51:42 -0500] "GET /BLA/boletinlegal/ HTTP/1.1" 200 58464
216.245.221.92 - - [25/Jun/2022:21:53:34 -0500] "HEAD / HTTP/1.1" 200 -
172.22.2.4 - - [25/Jun/2022:21:56:42 -0500] "HEAD /BLA/boletinlegal/ HTTP/1.1" 200 -
216.245.221.92 - - [25/Jun/2022:21:58:34 -0500] "HEAD / HTTP/1.1" 200 -
172.22.2.4 - - [25/Jun/2022:21:57:32 -0500] "GET /BLA/boletinlegal/ HTTP/1.1" 200 58464
172.22.2.4 - - [25/Jun/2022:21:59:55 -0500] "GET /BLA/boletinlegal/webfig/ HTTP/1.1" 404 1018
172.22.2.4 - - [25/Jun/2022:21:59:35 -0500] "GET /BLA/boletinlegal/ HTTP/1.1" 200 32715
66.249.65.17 - - [25/Jun/2022:22:00:23 -0500] "-" 408 -
190.173.97.23 - - [25/Jun/2022:22:01:26 -0500] "GET / HTTP/1.1" 200 319
216.245.221.92 - - [25/Jun/2022:22:03:34 -0500] "HEAD / HTTP/1.1" 200 -
172.22.2.4 - - [25/Jun/2022:22:02:32 -0500] "HEAD /BLA/boletinlegal/ HTTP/1.1" 200 -
172.22.2.4 - - [25/Jun/2022:22:03:22 -0500] "GET /BLA/boletinlegal/ HTTP/1.1" 200 58464
23.251.102.74 - - [25/Jun/2022:22:05:07 -0500] "GET / HTTP/1.1" 200 319
23.251.102.74 - - [25/Jun/2022:22:05:07 -0500] "GET /webfig/ HTTP/1.1" 404 1018
178.79.169.253 - - [25/Jun/2022:22:07:58 -0500] "GET / HTTP/1.1" 200 319
216.245.221.92 - - [25/Jun/2022:22:08:34 -0500] "HEAD / HTTP/1.1" 200 -
172.22.2.4 - - [25/Jun/2022:22:08:22 -0500] "HEAD /BLA/boletinlegal/ HTTP/1.1" 200 -
172.22.2.4 - - [25/Jun/2022:22:09:12 -0500] "GET /BLA/boletinlegal/ HTTP/1.1" 200 58464
40.77.167.53 - - [25/Jun/2022:22:11:31 -0500] "GET /BLA/resoluciones/AUTOS%202019/5151.pdf HTTP/1.1" 200 249016
157.55.39.133 - - [25/Jun/2022:22:12:18 -0500] "GET /portaldeninos/2021/06/10/ganadores-del-concurso-a-vuelo-de-pajaro-recibieron-reconocimientos-de-la-secretaria-de-ambiente/ HTTP/1.1" 200 109779
40.77.167.39 - - [25/Jun/2022:22:12:35 -0500] "GET /portaldeninos/wp-content/themes/betheme/assets/animations/animations.min.js?ver=20.9.6 HTTP/1.1" 200 1896
40.77.167.24 - - [25/Jun/2022:22:12:36 -0500] "GET /portaldeninos/wp-content/plugins/gallery-videos/CSS/totalsoft.css?ver=4.9.8 HTTP/1.1" 200 40622
157.55.39.133 - - [25/Jun/2022:22:12:36 -0500] "GET /portaldeninos/wp-content/themes/betheme/js/menu.js?ver=20.9.6 HTTP/1.1" 200 2449
157.55.39.49 - - [25/Jun/2022:22:12:37 -0500] "GET /portaldeninos/wp-content/themes/betheme/assets/animations/animations.min.css?ver=20.9.6 HTTP/1.1" 200 58508
40.77.167.39 - - [25/Jun/2022:22:12:37 -0500] "GET /portaldeninos/wp-content/themes/betheme/css/shortcodes.css?ver=20.9.6 HTTP/1.1" 200 138889
157.55.39.133 - - [25/Jun/2022:22:12:38 -0500] "GET /portaldeninos/wp-includes/js/jquery/ui/mouse.min.js?ver=1.11.4 HTTP/1.1" 200 3148
40.77.167.24 - - [25/Jun/2022:22:12:38 -0500] "GET /portaldeninos/wp-content/themes/betheme/assets/ui/jquery.ui.all.css?ver=20.9.6 HTTP/1.1" 200 18765
157.55.39.49 - - [25/Jun/2022:22:12:40 -0500] "GET /portaldeninos/wp-includes/js/jquery/ui/accordion.min.js?ver=1.11.4 HTTP/1.1" 200 8584
40.77.167.39 - - [25/Jun/2022:22:12:40 -0500] "GET /portaldeninos/wp-content/themes/betheme/style.css?ver=20.9.6 HTTP/1.1" 200 287
157.55.39.133 - - [25/Jun/2022:22:12:41 -0500] "GET /portaldeninos/wp-includes/js/jquery/ui/tabs.min.js?ver=1.11.4 HTTP/1.1" 200 12110
40.77.167.24 - - [25/Jun/2022:22:12:41 -0500] "GET /portaldeninos/wp-content/themes/betheme/css/layout.css?ver=20.9.6 HTTP/1.1" 200 116639
157.55.39.49 - - [25/Jun/2022:22:12:43 -0500] "GET /portaldeninos/wp-includes/js/wp-embed.min.js?ver=4.9.8 HTTP/1.1" 200 1398
40.77.167.39 - - [25/Jun/2022:22:12:43 -0500] "GET /portaldeninos/wp-includes/js/jquery/ui/core.min.js?ver=1.11.4 HTTP/1.1" 200 4000
157.55.39.133 - - [25/Jun/2022:22:12:44 -0500] "GET /portaldeninos/wp-includes/js/jquery/ui/widget.min.js?ver=1.11.4 HTTP/1.1" 200 6908
40.77.167.24 - - [25/Jun/2022:22:12:44 -0500] "GET /portaldeninos/wp-content/themes/betheme/js/scripts.js?ver=20.9.6 HTTP/1.1" 200 77162
207.46.13.184 - - [25/Jun/2022:22:12:45 -0500] "GET /portaldeninos/wp-content/plugins/gallery-videos/CSS/Total-Soft-Gallery-Video-Widget.css?ver=4.9.8 HTTP/1.1" 200 51554
40.77.167.24 - - [25/Jun/2022:22:12:47 -0500] "GET /portaldeninos/wp-content/uploads/useanyfont/uaf.css?ver=1589905315 HTTP/1.1" 200 408
207.46.13.184 - - [25/Jun/2022:22:12:48 -0500] "GET /portaldeninos/wp-content/plugins/gallery-videos/JS/modernizr.custom.js?ver=4.9.8 HTTP/1.1" 200 9019
40.77.167.24 - - [25/Jun/2022:22:12:50 -0500] "GET /portaldeninos/wp-includes/js/jquery/jquery.js?ver=1.12.4 HTTP/1.1" 200 97184
207.46.13.184 - - [25/Jun/2022:22:12:51 -0500] "GET /portaldeninos/wp-content/themes/betheme/assets/jplayer/css/jplayer.blue.monday.css?ver=20.9.6 HTTP/1.1" 200 9834
207.46.13.45 - - [25/Jun/2022:22:12:53 -0500] "GET /portaldeninos/wp-content/themes/betheme/assets/jplayer/jplayer.min.js?ver=20.9.6 HTTP/1.1" 200 52702
207.46.13.184 - - [25/Jun/2022:22:12:54 -0500] "GET /portaldeninos/wp-content/themes/betheme/css/base.css?ver=20.9.6 HTTP/1.1" 200 57283
207.46.13.45 - - [25/Jun/2022:22:12:56 -0500] "GET /portaldeninos/wp-content/themes/betheme/js/plugins.js?ver=20.9.6 HTTP/1.1" 200 197151
207.46.13.184 - - [25/Jun/2022:22:12:57 -0500] "GET /portaldeninos/wp-content/themes/betheme/css/responsive.css?ver=20.9.6 HTTP/1.1" 200 55740
207.46.13.45 - - [25/Jun/2022:22:12:59 -0500] "GET /portaldeninos/wp-includes/js/jquery/ui/sortable.min.js?ver=1.11.4 HTTP/1.1" 200 24899
207.46.13.184 - - [25/Jun/2022:22:13:00 -0500] "GET /portaldeninos/wp-includes/js/comment-reply.min.js?ver=4.9.8 HTTP/1.1" 200 1078
207.46.13.45 - - [25/Jun/2022:22:13:02 -0500] "GET /portaldeninos/wp-includes/js/wp-emoji-release.min.js?ver=4.9.8 HTTP/1.1" 200 12026
207.46.13.184 - - [25/Jun/2022:22:13:03 -0500] "GET /portaldeninos/wp-includes/js/jquery/jquery-migrate.min.js?ver=1.4.1 HTTP/1.1" 200 10056
216.245.221.92 - - [25/Jun/2022:22:13:34 -0500] "HEAD / HTTP/1.1" 200 -
172.22.2.4 - - [25/Jun/2022:22:14:12 -0500] "HEAD /BLA/boletinlegal/ HTTP/1.1" 200 -
172.22.2.4 - - [25/Jun/2022:22:15:02 -0500] "GET /BLA/boletinlegal/ HTTP/1.1" 200 55379
200.118.16.166 - - [25/Jun/2022:22:16:51 -0500] "GET /sipse/faces/faces/index.xhtml HTTP/1.1" 200 677
200.118.16.166 - - [25/Jun/2022:22:16:51 -0500] "GET /apple-touch-icon-152x152-precomposed.png HTTP/1.1" 404 1120
200.118.16.166 - - [25/Jun/2022:22:16:51 -0500] "GET /apple-touch-icon-152x152.png HTTP/1.1" 404 1120
200.118.16.166 - - [25/Jun/2022:22:16:51 -0500] "GET /apple-touch-icon-precomposed.png HTTP/1.1" 404 1120
200.118.16.166 - - [25/Jun/2022:22:16:51 -0500] "GET /apple-touch-icon.png HTTP/1.1" 404 1120
200.118.16.166 - - [25/Jun/2022:22:16:51 -0500] "GET /favicon.ico HTTP/1.1" 200 7782
216.245.221.92 - - [25/Jun/2022:22:18:34 -0500] "HEAD / HTTP/1.1" 200 -
201.245.192.253 - - [25/Jun/2022:22:21:23 -0500] "POST /kwsrmcab/Wsrmcab HTTP/1.1" 500 253
201.245.192.253 - - [25/Jun/2022:22:21:23 -0500] "POST /kwsrmcab/Wsrmcab HTTP/1.1" 500 253
172.22.2.4 - - [25/Jun/2022:22:20:02 -0500] "HEAD /BLA/boletinlegal/ HTTP/1.1" 200 -
172.22.2.4 - - [25/Jun/2022:22:20:52 -0500] "GET /BLA/boletinlegal/ HTTP/1.1" 200 60610
216.245.221.92 - - [25/Jun/2022:22:23:34 -0500] "HEAD / HTTP/1.1" 200 -
172.22.2.4 - - [25/Jun/2022:22:23:46 -0500] "GET /BLA/boletinlegal/ HTTP/1.1" 200 63473
207.46.13.134 - - [25/Jun/2022:22:26:08 -0500] "GET /portaldeninos/parque-ecologico-distrital-humedal-santa-maria-del-lago/ HTTP/1.1" 200 90400
172.22.2.4 - - [25/Jun/2022:22:25:52 -0500] "HEAD /BLA/boletinlegal/ HTTP/1.1" 200 -
172.22.2.4 - - [25/Jun/2022:22:26:42 -0500] "GET /BLA/boletinlegal/ HTTP/1.1" 200 57966
40.77.139.26 - - [25/Jun/2022:22:28:32 -0500] "GET /portaldeninos/wp-content/themes/betheme/fonts/mfn-icons.woff?93978679 HTTP/1.1" 200 80932
216.245.221.92 - - [25/Jun/2022:22:28:34 -0500] "HEAD / HTTP/1.1" 200 -
201.245.192.253 - - [25/Jun/2022:22:31:23 -0500] "POST /kwsrmcab/Wsrmcab HTTP/1.1" 500 253
201.245.192.253 - - [25/Jun/2022:22:31:23 -0500] "POST /kwsrmcab/Wsrmcab HTTP/1.1" 500 253
172.22.2.4 - - [25/Jun/2022:22:31:42 -0500] "HEAD /BLA/boletinlegal/ HTTP/1.1" 200 -
216.245.221.92 - - [25/Jun/2022:22:33:34 -0500] "HEAD / HTTP/1.1" 200 -
172.22.2.4 - - [25/Jun/2022:22:32:32 -0500] "GET /BLA/boletinlegal/ HTTP/1.1" 200 57222
69.63.189.120 - - [25/Jun/2022:22:36:36 -0500] "GET /images/mujeres-cultura-31.jpg HTTP/1.1" 200 33736
172.22.2.4 - - [25/Jun/2022:22:36:52 -0500] "GET /BLA/boletinlegal/ HTTP/1.1" 200 59510
216.245.221.92 - - [25/Jun/2022:22:38:34 -0500] "HEAD / HTTP/1.1" 200 -
172.22.2.4 - - [25/Jun/2022:22:37:32 -0500] "HEAD /BLA/boletinlegal/ HTTP/1.1" 200 -
207.46.13.8 - - [25/Jun/2022:22:39:24 -0500] "GET /galeria/galeria/fotos/Huemdal-el-Tunjo1G.jpg HTTP/1.1" 200 393262
172.22.2.4 - - [25/Jun/2022:22:38:22 -0500] "GET /BLA/boletinlegal/ HTTP/1.1" 200 57966
172.22.2.4 - - [25/Jun/2022:22:40:49 -0500] "GET /BLA/boletinlegal/Circulares/2019/.pdf HTTP/1.1" 404 1218
172.22.2.4 - - [25/Jun/2022:22:40:58 -0500] "GET /BLA/boletinlegal/Circulares/2012/Circular%20No.%2010%20del%2026%20de%20Enero%20de%202012.pdf HTTP/1.1" 404 1218
201.245.192.253 - - [25/Jun/2022:22:41:23 -0500] "POST /kwsrmcab/Wsrmcab HTTP/1.1" 500 253
201.245.192.253 - - [25/Jun/2022:22:41:23 -0500] "POST /kwsrmcab/Wsrmcab HTTP/1.1" 500 253
66.249.65.17 - - [25/Jun/2022:22:43:01 -0500] "-" 408 -
216.245.221.92 - - [25/Jun/2022:22:43:34 -0500] "HEAD / HTTP/1.1" 200 -
172.22.2.4 - - [25/Jun/2022:22:43:22 -0500] "HEAD /BLA/boletinlegal/ HTTP/1.1" 200 -
172.22.2.4 - - [25/Jun/2022:22:44:12 -0500] "GET /BLA/boletinlegal/ HTTP/1.1" 200 58464
173.252.107.15 - - [25/Jun/2022:22:47:45 -0500] "GET /con-camaras-trampa-y-otras-metodologias-secretaria-de-ambiente-evalua-la-fauna-y-flora-de-bogota.html HTTP/1.1" 206 1096
216.245.221.92 - - [25/Jun/2022:22:48:34 -0500] "HEAD / HTTP/1.1" 200 -
172.22.2.4 - - [25/Jun/2022:22:49:12 -0500] "HEAD /BLA/boletinlegal/ HTTP/1.1" 200 -
172.22.2.4 - - [25/Jun/2022:22:50:02 -0500] "GET /BLA/boletinlegal/ HTTP/1.1" 200 47380
192.241.201.89 - - [25/Jun/2022:22:53:16 -0500] "MGLNDD_190.27.245.106_80" 501 953
216.245.221.92 - - [25/Jun/2022:22:53:34 -0500] "HEAD / HTTP/1.1" 200 -
128.14.136.18 - - [25/Jun/2022:22:56:00 -0500] "GET /portaldeninos/ HTTP/1.1" 200 109662
172.22.2.4 - - [25/Jun/2022:22:55:02 -0500] "HEAD /BLA/boletinlegal/ HTTP/1.1" 200 -
172.22.2.4 - - [25/Jun/2022:22:55:52 -0500] "GET /BLA/boletinlegal/ HTTP/1.1" 200 61027
216.245.221.92 - - [25/Jun/2022:22:58:34 -0500] "HEAD / HTTP/1.1" 200 -
207.46.13.85 - - [25/Jun/2022:22:58:49 -0500] "GET /BLA/boletinlegal/jurisprudencia/analisis/AnalisisT-693-12.docx HTTP/1.1" 304 -
66.249.65.13 - - [25/Jun/2022:23:00:36 -0500] "-" 408 -
172.22.2.4 - - [25/Jun/2022:23:00:52 -0500] "HEAD /BLA/boletinlegal/ HTTP/1.1" 200 -
172.22.2.4 - - [25/Jun/2022:23:01:42 -0500] "GET /BLA/boletinlegal/ HTTP/1.1" 200 59510
216.245.221.92 - - [25/Jun/2022:23:03:34 -0500] "HEAD / HTTP/1.1" 200 -
207.46.13.8 - - [25/Jun/2022:23:04:37 -0500] "GET /BLA/resoluciones/RESOLUCIONES%202000/2000%20250-299.tif HTTP/1.1" 200 2321812
172.22.2.4 - - [25/Jun/2022:23:06:27 -0500] "GET /BLA/boletinlegal/ HTTP/1.1" 200 36811
172.22.2.4 - - [25/Jun/2022:23:06:28 -0500] "GET /BLA/boletinlegal/ HTTP/1.1" 200 36811
190.9.203.148 - - [25/Jun/2022:23:07:45 -0500] "GET /dia-mundial-del-medio-ambiente-con-3-500-beneficiarias-comienza-la-segunda-fase-de-mujeres-que-reverdecen.html HTTP/1.1" 200 845
172.22.2.4 - - [25/Jun/2022:23:06:42 -0500] "HEAD /BLA/boletinlegal/ HTTP/1.1" 200 -
216.245.221.92 - - [25/Jun/2022:23:08:34 -0500] "HEAD / HTTP/1.1" 200 -
207.46.13.8 - - [25/Jun/2022:23:09:08 -0500] "GET /BLA/boletinlegal/Circulares/2011/Circular%20No.%202%20del%2026%20de%20Mayo%20de%202011.pdf HTTP/1.1" 304 -
172.22.2.4 - - [25/Jun/2022:23:07:32 -0500] "GET /BLA/boletinlegal/ HTTP/1.1" 200 57591
212.129.57.169 - - [25/Jun/2022:23:13:20 -0500] "GET /empresas-del-sector-de-san-benito-reciben-reconocimiento-por-impulsar-la-economia-circular-en-la-industria-del-cuero.html HTTP/1.1" 200 817
212.129.57.169 - - [25/Jun/2022:23:13:21 -0500] "GET /images/san-benito-sda-01.jpeg HTTP/1.1" 200 29515
216.245.221.92 - - [25/Jun/2022:23:13:34 -0500] "HEAD / HTTP/1.1" 200 -
172.22.2.4 - - [25/Jun/2022:23:12:32 -0500] "HEAD /BLA/boletinlegal/ HTTP/1.1" 200 -
172.22.2.4 - - [25/Jun/2022:23:13:22 -0500] "GET /BLA/boletinlegal/ HTTP/1.1" 200 56011
66.249.65.15 - - [25/Jun/2022:23:18:11 -0500] "-" 408 -
216.245.221.92 - - [25/Jun/2022:23:18:34 -0500] "HEAD / HTTP/1.1" 200 -
191.156.49.186 - - [25/Jun/2022:23:18:38 -0500] "GET /semana-ambiental-2022-del-31-de-mayo-al-5-de-junio-se-celebrara-en-bogota.html HTTP/1.1" 200 799
172.22.2.4 - - [25/Jun/2022:23:18:22 -0500] "HEAD /BLA/boletinlegal/ HTTP/1.1" 200 -
172.22.2.4 - - [25/Jun/2022:23:19:12 -0500] "GET /BLA/boletinlegal/ HTTP/1.1" 200 58464
201.245.192.253 - - [25/Jun/2022:23:21:23 -0500] "POST /kwsrmcab/Wsrmcab HTTP/1.1" 500 253
201.245.192.253 - - [25/Jun/2022:23:21:23 -0500] "POST /kwsrmcab/Wsrmcab HTTP/1.1" 500 253
216.245.221.92 - - [25/Jun/2022:23:23:34 -0500] "HEAD / HTTP/1.1" 200 -
157.55.39.114 - - [25/Jun/2022:23:23:38 -0500] "GET /bla/resoluciones/autos%202022/0987.pdf HTTP/1.1" 200 392181
51.159.164.227 - - [25/Jun/2022:23:25:38 -0500] "HEAD /portaldeninos/ HTTP/1.1" 200 -
51.159.164.227 - - [25/Jun/2022:23:25:39 -0500] "GET /portaldeninos/ HTTP/1.1" 200 109662
172.22.2.4 - - [25/Jun/2022:23:24:12 -0500] "HEAD /BLA/boletinlegal/ HTTP/1.1" 200 -
172.22.2.4 - - [25/Jun/2022:23:26:22 -0500] "GET /BLA/boletinlegal/jurisprudencia/analisis/analisis%20sentencia%20C-596-10.doc HTTP/1.1" 304 -
172.22.2.4 - - [25/Jun/2022:23:25:02 -0500] "GET /BLA/boletinlegal/ HTTP/1.1" 200 61027
216.245.221.92 - - [25/Jun/2022:23:28:34 -0500] "HEAD / HTTP/1.1" 200 -
172.22.2.4 - - [25/Jun/2022:23:28:47 -0500] "GET /BLA/boletinlegal/robots.txt HTTP/1.1" 404 1140
186.119.243.247 - - [25/Jun/2022:23:29:02 -0500] "GET /catalogoisis/ HTTP/1.1" 200 8575
186.119.243.247 - - [25/Jun/2022:23:29:03 -0500] "GET /catalogoisis/Css/Busqueda.css HTTP/1.1" 200 1995
186.119.243.247 - - [25/Jun/2022:23:29:03 -0500] "GET /catalogoisis/Js/AceptarLimpiar.js HTTP/1.1" 200 331
186.119.243.247 - - [25/Jun/2022:23:29:03 -0500] "GET /catalogoisis/Js/CriterioCombinada.js HTTP/1.1" 200 1843
186.119.243.247 - - [25/Jun/2022:23:29:03 -0500] "GET /catalogoisis/Js/Cookies.js HTTP/1.1" 200 1369
186.119.243.247 - - [25/Jun/2022:23:29:03 -0500] "GET /catalogoisis/Js/LimpiarCombinada.js HTTP/1.1" 200 207
186.119.243.247 - - [25/Jun/2022:23:29:03 -0500] "GET /catalogoisis/Js/Remote.js HTTP/1.1" 200 436
186.119.243.247 - - [25/Jun/2022:23:29:03 -0500] "GET /catalogoisis/Js/Go.js HTTP/1.1" 200 364
186.119.243.247 - - [25/Jun/2022:23:29:03 -0500] "GET /catalogoisis/Js/Numero.js HTTP/1.1" 200 398
186.119.243.247 - - [25/Jun/2022:23:29:03 -0500] "GET /catalogoisis/Js/Enter.js HTTP/1.1" 200 1208
186.119.243.247 - - [25/Jun/2022:23:29:03 -0500] "GET /catalogoisis/imagenes/br1c1.gif HTTP/1.1" 200 172
186.119.243.247 - - [25/Jun/2022:23:29:03 -0500] "GET /catalogoisis/imagenes/br1c3.gif HTTP/1.1" 200 302
186.119.243.247 - - [25/Jun/2022:23:29:03 -0500] "GET /catalogoisis/imagenes/Turnbo1.gif HTTP/1.1" 200 227
186.119.243.247 - - [25/Jun/2022:23:29:03 -0500] "GET /catalogoisis/imagenes/limpiar1.gif HTTP/1.1" 200 606
186.119.243.247 - - [25/Jun/2022:23:29:03 -0500] "GET /catalogoisis/imagenes/aceptar1.gif HTTP/1.1" 200 604
186.119.243.247 - - [25/Jun/2022:23:29:03 -0500] "GET /catalogoisis/imagenes/br3c1.gif HTTP/1.1" 200 177
186.119.243.247 - - [25/Jun/2022:23:29:03 -0500] "GET /catalogoisis/imagenes/Header.gif HTTP/1.1" 200 30313
186.119.243.247 - - [25/Jun/2022:23:29:03 -0500] "GET /catalogoisis/imagenes/br3c2.gif HTTP/1.1" 200 285
186.119.243.247 - - [25/Jun/2022:23:29:03 -0500] "GET /catalogoisis/imagenes/br3c3.gif HTTP/1.1" 200 186
186.119.243.247 - - [25/Jun/2022:23:29:03 -0500] "GET /catalogoisis/imagenes/br1c2.gif HTTP/1.1" 200 297
186.119.243.247 - - [25/Jun/2022:23:29:03 -0500] "GET /catalogoisis/imagenes/br2c2.gif HTTP/1.1" 200 302
186.119.243.247 - - [25/Jun/2022:23:29:03 -0500] "GET /catalogoisis/imagenes/br2c1.gif HTTP/1.1" 200 297
186.119.243.247 - - [25/Jun/2022:23:29:03 -0500] "GET /catalogoisis/imagenes/br2c3.gif HTTP/1.1" 200 416
186.119.243.247 - - [25/Jun/2022:23:29:03 -0500] "GET /favicon.ico HTTP/1.1" 200 7782
186.119.243.247 - - [25/Jun/2022:23:29:14 -0500] "GET /catalogoisis/imagenes/limpiar2.gif HTTP/1.1" 200 589
186.119.243.247 - - [25/Jun/2022:23:29:14 -0500] "GET /catalogoisis/imagenes/limpiar2.gif HTTP/1.1" 200 589
186.119.243.247 - - [25/Jun/2022:23:29:20 -0500] "GET /catalogoisis/imagenes/aceptar2.gif HTTP/1.1" 200 586
186.119.243.247 - - [25/Jun/2022:23:29:20 -0500] "GET /catalogoisis/imagenes/aceptar2.gif HTTP/1.1" 200 586
45.61.187.215 - - [25/Jun/2022:23:29:28 -0500] "GET /config/getuser?index=0 HTTP/1.1" 404 1018
207.46.13.8 - - [25/Jun/2022:23:29:49 -0500] "GET /BLA/resoluciones/RESOLUCIONES%202000/2000%201200-1249.tif HTTP/1.1" 200 4148361
186.119.243.247 - - [25/Jun/2022:23:29:56 -0500] "GET /catalogoisis/Diccionario.php?i=5&form=0&element=9&prefix=&first=yes HTTP/1.1" 200 4194
186.119.243.247 - - [25/Jun/2022:23:29:56 -0500] "GET /catalogoisis/Css/Diccionario.css HTTP/1.1" 200 1478
186.119.243.247 - - [25/Jun/2022:23:29:56 -0500] "GET /catalogoisis/Js/CriterioDiccionario.js HTTP/1.1" 200 608
186.119.243.247 - - [25/Jun/2022:23:29:56 -0500] "GET /catalogoisis/Js/Diccionario.js HTTP/1.1" 200 999
186.119.243.247 - - [25/Jun/2022:23:29:56 -0500] "GET /catalogoisis/Js/LimpiarDiccionario.js HTTP/1.1" 200 98
130.61.208.44 - - [25/Jun/2022:23:30:26 -0500] "GET /galeria/galeria/fotos/Huemdal-el-Tunjo4P.jpg HTTP/1.1" 200 18710
201.245.192.253 - - [25/Jun/2022:23:31:23 -0500] "POST /kwsrmcab/Wsrmcab HTTP/1.1" 500 253
201.245.192.253 - - [25/Jun/2022:23:31:23 -0500] "POST /kwsrmcab/Wsrmcab HTTP/1.1" 500 253
172.22.2.4 - - [25/Jun/2022:23:30:02 -0500] "HEAD /BLA/boletinlegal/ HTTP/1.1" 200 -
172.22.2.4 - - [25/Jun/2022:23:30:52 -0500] "GET /BLA/boletinlegal/ HTTP/1.1" 200 60610
172.22.2.4 - - [25/Jun/2022:23:32:50 -0500] "GET /BLA/boletinlegal/Directivas/2014/Directiva%20No.%202%20del%205%20de%20Mayo%20de%202014.pdf HTTP/1.1" 304 -
216.245.221.92 - - [25/Jun/2022:23:33:34 -0500] "HEAD / HTTP/1.1" 200 -
172.22.2.4 - - [25/Jun/2022:23:35:52 -0500] "HEAD /BLA/boletinlegal/ HTTP/1.1" 200 -
88.172.218.235 - - [25/Jun/2022:23:37:33 -0500] "GET / HTTP/1.1" 200 319
172.22.2.4 - - [25/Jun/2022:23:36:28 -0500] "GET /BLA/boletinlegal/ HTTP/1.1" 200 46470
172.22.2.4 - - [25/Jun/2022:23:36:42 -0500] "GET /BLA/boletinlegal/ HTTP/1.1" 200 46988
216.245.221.92 - - [25/Jun/2022:23:38:34 -0500] "HEAD / HTTP/1.1" 200 -
31.13.103.1 - - [25/Jun/2022:23:39:37 -0500] "GET /images/Junio%2002-experiencias-jardines-verticales-sda.jpeg HTTP/1.1" 200 31171
31.13.103.14 - - [25/Jun/2022:23:39:40 -0500] "GET /images/la-vieja-mayo-24.jpg HTTP/1.1" 200 58217
31.13.103.116 - - [25/Jun/2022:23:39:40 -0500] "GET /images/energia-eficiencia-26-mayo.jpg HTTP/1.1" 200 46417
31.13.103.5 - - [25/Jun/2022:23:39:46 -0500] "GET /images/Naturalista1.jpeg HTTP/1.1" 200 202073
31.13.103.5 - - [25/Jun/2022:23:39:49 -0500] "GET /images/negocios-verdes-mayo-2022.jpg HTTP/1.1" 200 48000
31.13.103.23 - - [25/Jun/2022:23:39:49 -0500] "GET /images/actividades-dia-aves-16-mayo.jpg HTTP/1.1" 200 147089
31.13.103.5 - - [25/Jun/2022:23:39:51 -0500] "GET /images/feria-servicios-12-mayo-principal.jpg HTTP/1.1" 200 44744
31.13.103.16 - - [25/Jun/2022:23:39:53 -0500] "GET /images/secretaria-rio-bogota-avances-12-mayo.jpg HTTP/1.1" 200 37281
31.13.103.12 - - [25/Jun/2022:23:39:53 -0500] "GET /images/ptar-alcaldesa-rio-bogota-12-mato.jpg HTTP/1.1" 200 40205
31.13.103.6 - - [25/Jun/2022:23:39:57 -0500] "GET /images/secretaria-carolina-economia-circular-6-mayo.jpg HTTP/1.1" 200 33699
31.13.127.3 - - [25/Jun/2022:23:40:01 -0500] "GET /images/cerros-bogota-2-mayo.jpg HTTP/1.1" 200 98367
31.13.103.24 - - [25/Jun/2022:23:40:07 -0500] "GET /images/actividades-dia-tierra-22-abril.jpg HTTP/1.1" 200 77276
31.13.103.120 - - [25/Jun/2022:23:40:09 -0500] "GET /images/feria-servicios-tramites-puente-aranda-21-abril.jpg HTTP/1.1" 200 28255
31.13.103.4 - - [25/Jun/2022:23:40:09 -0500] "GET /images/ecosistema-dia-internacional-tierra-21-abril.jpg HTTP/1.1" 200 30098
31.13.103.22 - - [25/Jun/2022:23:40:13 -0500] "GET /images/JBB1.jpeg HTTP/1.1" 200 90628
31.13.103.23 - - [25/Jun/2022:23:40:15 -0500] "GET /images/zapatos-negocios-8-abril.jpg HTTP/1.1" 200 25964
31.13.103.7 - - [25/Jun/2022:23:40:20 -0500] "GET /images/operativos-control-residuos-hospitalarios-4-abril.jpeg HTTP/1.1" 200 58998
172.22.2.4 - - [25/Jun/2022:23:40:21 -0500] "GET /BLA/boletinlegal/Circulares/2019/.pdf HTTP/1.1" 404 1218
31.13.103.17 - - [25/Jun/2022:23:40:23 -0500] "GET /images/feria-servicios-cuidamos-bogota-31-marzo.jpg HTTP/1.1" 200 109745
31.13.103.3 - - [25/Jun/2022:23:40:23 -0500] "GET /images/llantas-teusaquillo-1-abril.jpg HTTP/1.1" 200 50674
31.13.103.24 - - [25/Jun/2022:23:40:25 -0500] "GET /images/interpretes-humedales-principal-26-marzo.jpg HTTP/1.1" 200 40211
31.13.103.24 - - [25/Jun/2022:23:40:27 -0500] "GET /images/operativos-control-residuos-hospitalarios-28-marzo.jpg HTTP/1.1" 200 36883
31.13.103.22 - - [25/Jun/2022:23:40:27 -0500] "GET /images/culebra-sabanera-bogota-26-marzo.jpg HTTP/1.1" 200 22555
201.245.192.253 - - [25/Jun/2022:23:41:23 -0500] "POST /kwsrmcab/Wsrmcab HTTP/1.1" 500 253
201.245.192.253 - - [25/Jun/2022:23:41:23 -0500] "POST /kwsrmcab/Wsrmcab HTTP/1.1" 500 253
172.22.2.4 - - [25/Jun/2022:23:41:42 -0500] "HEAD /BLA/boletinlegal/ HTTP/1.1" 200 -
216.245.221.92 - - [25/Jun/2022:23:43:34 -0500] "HEAD / HTTP/1.1" 200 -
172.22.2.4 - - [25/Jun/2022:23:42:32 -0500] "GET /BLA/boletinlegal/ HTTP/1.1" 200 58928
66.249.65.17 - - [25/Jun/2022:23:45:23 -0500] "-" 408 -
216.245.221.92 - - [25/Jun/2022:23:48:34 -0500] "HEAD / HTTP/1.1" 200 -
172.22.2.4 - - [25/Jun/2022:23:47:32 -0500] "HEAD /BLA/boletinlegal/ HTTP/1.1" 200 -
172.22.2.4 - - [25/Jun/2022:23:48:22 -0500] "GET /BLA/boletinlegal/ HTTP/1.1" 200 58464
216.245.221.92 - - [25/Jun/2022:23:53:34 -0500] "HEAD / HTTP/1.1" 200 -
172.22.2.4 - - [25/Jun/2022:23:53:22 -0500] "HEAD /BLA/boletinlegal/ HTTP/1.1" 200 -
172.22.2.4 - - [25/Jun/2022:23:54:12 -0500] "GET /BLA/boletinlegal/ HTTP/1.1" 200 61027
216.245.221.92 - - [25/Jun/2022:23:58:34 -0500] "HEAD / HTTP/1.1" 200 -

:: Command execute ::

Enter:
 
Select:
 

:: Search ::
regexp 

:: Upload ::
 
[ ok ]

:: Make Dir ::
 
[ ok ]
:: Make File ::
 
[ ok ]

:: Go Dir ::
 
:: Go File ::
 

--[ c99shell v. 1.0 pre-release build #13 powered by Captain Crunch Security Team | http://ccteam.ru | Generation time: 0.9516 ]--