181.53.14.142 - - [26/Jun/2022:13:46:31 -0500] "GET /kwssiamovil/sm/acme/a?s=U2FsdGVkX18W929gaX0FanUeq+W8dgcJmnw8bBnVUSW+bLRXIhkjmDy0jNXuSwD7VgYpL/5m/64G5izhMp0Xg4fAN9xRKpBp7MaTdS3rUo4+xc0U6PAHfQ286T/0ibfoXmJIWykHhMxxSTXJbM9B7TLWqCqTd3wiBFsiz5fL0Mw=&u=U2FsdGVkX1+scNkvdJMMb4fKjFZF84Z6itWngYlvoQ0L6FyVyTFC/32nS8/gwHYK&y=U2FsdGVkX1+pk2Qom/1dfff9c67Uezf+6uu024haxC/aEqmKOfBysoUO4QzmmqXq HTTP/1.1" 200 25
181.53.14.142 - - [26/Jun/2022:13:46:31 -0500] "GET /kwssiamovil/sm/acme/a?s=U2FsdGVkX19ZRqDGec/fW4l5gkxc/J0+mDlM/1t202ok1BOy61tlY+uIX8O0wy/I9b8PyHXHkgLD7H7EXhMIgkjpNqGzmjQuEw1g8xFDAMvRsRWyxlaVeTJYDCSm7toBEb7dlCWeJY8rmwPnfL+NrqQWUvAVG24olVTQacsaZQfRLRKUgP2J05gPRPvZprZG7mcHCgt9C8laZKkKdyvAjw==&u=U2FsdGVkX1+scNkvdJMMb4fKjFZF84Z6itWngYlvoQ0L6FyVyTFC/32nS8/gwHYK&y=U2FsdGVkX1+pk2Qom/1dfff9c67Uezf+6uu024haxC/aEqmKOfBysoUO4QzmmqXq HTTP/1.1" 200 25
207.46.13.85 - - [26/Jun/2022:13:46:33 -0500] "GET / HTTP/1.1" 200 319
157.55.39.114 - - [26/Jun/2022:13:47:41 -0500] "GET /sipse/faces/faces/autenticacion.xhtml HTTP/1.1" 200 12493
216.245.221.92 - - [26/Jun/2022:13:48:32 -0500] "HEAD / HTTP/1.1" 200 -
172.22.2.4 - - [26/Jun/2022:13:47:30 -0500] "HEAD /BLA/boletinlegal/ HTTP/1.1" 200 -
8.218.59.126 - - [26/Jun/2022:13:49:18 -0500] "GET /v1/agent/self HTTP/1.1" 404 1013
172.22.2.4 - - [26/Jun/2022:13:48:20 -0500] "GET /BLA/boletinlegal/ HTTP/1.1" 200 61027
216.245.221.92 - - [26/Jun/2022:13:53:31 -0500] "HEAD / HTTP/1.1" 200 -
172.22.2.4 - - [26/Jun/2022:13:53:20 -0500] "HEAD /BLA/boletinlegal/ HTTP/1.1" 200 -
172.22.2.4 - - [26/Jun/2022:13:54:10 -0500] "GET /BLA/boletinlegal/ HTTP/1.1" 200 61027
172.22.2.4 - - [26/Jun/2022:13:56:35 -0500] "GET /BLA/boletinlegal/index.php HTTP/1.1" 200 63473
216.245.221.92 - - [26/Jun/2022:13:58:32 -0500] "HEAD / HTTP/1.1" 200 -
172.22.2.4 - - [26/Jun/2022:13:59:10 -0500] "HEAD /BLA/boletinlegal/ HTTP/1.1" 200 -
40.77.167.67 - - [26/Jun/2022:14:01:00 -0500] "GET /BLA/resoluciones/AUTOS%202014/3900.pdf HTTP/1.1" 200 502584
172.22.2.4 - - [26/Jun/2022:14:00:00 -0500] "GET /BLA/boletinlegal/ HTTP/1.1" 200 58464
216.245.221.92 - - [26/Jun/2022:14:03:31 -0500] "HEAD / HTTP/1.1" 200 -
172.22.2.4 - - [26/Jun/2022:14:05:00 -0500] "HEAD /BLA/boletinlegal/ HTTP/1.1" 200 -
190.27.79.175 - - [26/Jun/2022:14:07:12 -0500] "GET /reportes_sipse/jsp/inicio.jsp HTTP/1.1" 200 2935
190.27.79.175 - - [26/Jun/2022:14:07:12 -0500] "GET /reportes_sipse/css/estilos.css HTTP/1.1" 304 -
190.27.79.175 - - [26/Jun/2022:14:07:12 -0500] "GET /reportes_sipse/imagenes/logoAplicacion.jpg HTTP/1.1" 304 -
190.27.79.175 - - [26/Jun/2022:14:07:12 -0500] "GET /reportes_sipse/imagenes/fondo.jpg HTTP/1.1" 304 -
190.27.79.175 - - [26/Jun/2022:14:07:16 -0500] "POST /reportes_sipse/sdg/ServletReporte?adquisiciones_sipse_detallado& HTTP/1.1" 200 6273
190.27.79.175 - - [26/Jun/2022:14:07:16 -0500] "GET /reportes_sipse/js/funciones.js HTTP/1.1" 304 -
190.27.79.175 - - [26/Jun/2022:14:07:16 -0500] "GET /reportes_sipse/js/date-picker.js HTTP/1.1" 304 -
190.27.79.175 - - [26/Jun/2022:14:07:16 -0500] "GET /reportes_sipse/imagenes/calendario.gif HTTP/1.1" 304 -
190.27.79.175 - - [26/Jun/2022:14:07:16 -0500] "GET /reportes_sipse/imagenes/pdf.gif HTTP/1.1" 304 -
190.27.79.175 - - [26/Jun/2022:14:07:16 -0500] "GET /reportes_sipse/imagenes/excel.gif HTTP/1.1" 304 -
172.22.2.4 - - [26/Jun/2022:14:05:50 -0500] "GET /BLA/boletinlegal/ HTTP/1.1" 200 61027
190.27.79.175 - - [26/Jun/2022:14:07:30 -0500] "GET /reportes_sipse/imagenes/retrocedeAgno.gif HTTP/1.1" 304 -
190.27.79.175 - - [26/Jun/2022:14:07:30 -0500] "GET /reportes_sipse/imagenes/avanzaMes.gif HTTP/1.1" 304 -
190.27.79.175 - - [26/Jun/2022:14:07:30 -0500] "GET /reportes_sipse/imagenes/avanzaAgno.gif HTTP/1.1" 304 -
190.27.79.175 - - [26/Jun/2022:14:07:30 -0500] "GET /reportes_sipse/imagenes/retrocedeMes.gif HTTP/1.1" 304 -
216.245.221.92 - - [26/Jun/2022:14:08:31 -0500] "HEAD / HTTP/1.1" 200 -
172.22.2.4 - - [26/Jun/2022:14:09:16 -0500] "GET /BLA/boletinlegal/ HTTP/1.1" 200 32715
66.249.66.141 - - [26/Jun/2022:14:11:14 -0500] "-" 408 -
185.7.214.104 - - [26/Jun/2022:14:11:18 -0500] "POST /cgi-bin/.%2e/.%2e/.%2e/.%2e/bin/sh HTTP/1.1" 400 945
157.55.39.114 - - [26/Jun/2022:14:11:50 -0500] "GET /BLA/resoluciones/RESOLUCIONES%202018/1466.pdf HTTP/1.1" 200 339441
172.22.2.4 - - [26/Jun/2022:14:10:50 -0500] "HEAD /BLA/boletinlegal/ HTTP/1.1" 200 -
190.27.79.175 - - [26/Jun/2022:14:13:12 -0500] "POST /reportes_sipse/sdg/ServletReporte?saldo_actividades_contratacion_columnas& HTTP/1.1" 200 5986
172.22.2.4 - - [26/Jun/2022:14:11:40 -0500] "GET /BLA/boletinlegal/ HTTP/1.1" 200 58464
216.245.221.92 - - [26/Jun/2022:14:13:31 -0500] "HEAD / HTTP/1.1" 200 -
190.27.79.175 - - [26/Jun/2022:14:13:21 -0500] "POST /reportes_sipse/sdg/ServletControlador HTTP/1.1" 200 60180
185.7.214.104 - - [26/Jun/2022:14:15:33 -0500] "GET / HTTP/1.1" 200 319
190.27.79.175 - - [26/Jun/2022:14:16:55 -0500] "POST /reportes_sipse/sdg/ServletReporte?adquisiciones_sipse_detallado& HTTP/1.1" 200 6273
181.61.91.161 - - [26/Jun/2022:14:17:48 -0500] "GET /catalogoisis/ HTTP/1.1" 200 8575
181.61.91.161 - - [26/Jun/2022:14:17:48 -0500] "GET /catalogoisis/Css/Busqueda.css HTTP/1.1" 200 1995
181.61.91.161 - - [26/Jun/2022:14:17:48 -0500] "GET /catalogoisis/Js/AceptarLimpiar.js HTTP/1.1" 200 331
181.61.91.161 - - [26/Jun/2022:14:17:48 -0500] "GET /catalogoisis/Js/CriterioCombinada.js HTTP/1.1" 200 1843
181.61.91.161 - - [26/Jun/2022:14:17:48 -0500] "GET /catalogoisis/Js/Cookies.js HTTP/1.1" 200 1369
181.61.91.161 - - [26/Jun/2022:14:17:48 -0500] "GET /catalogoisis/Js/Remote.js HTTP/1.1" 200 436
181.61.91.161 - - [26/Jun/2022:14:17:48 -0500] "GET /catalogoisis/Js/LimpiarCombinada.js HTTP/1.1" 200 207
181.61.91.161 - - [26/Jun/2022:14:17:48 -0500] "GET /catalogoisis/Js/Enter.js HTTP/1.1" 200 1208
181.61.91.161 - - [26/Jun/2022:14:17:48 -0500] "GET /catalogoisis/Js/Go.js HTTP/1.1" 200 364
181.61.91.161 - - [26/Jun/2022:14:17:48 -0500] "GET /catalogoisis/Js/Numero.js HTTP/1.1" 200 398
181.61.91.161 - - [26/Jun/2022:14:17:48 -0500] "GET /catalogoisis/imagenes/br1c1.gif HTTP/1.1" 200 172
181.61.91.161 - - [26/Jun/2022:14:17:48 -0500] "GET /catalogoisis/imagenes/br1c3.gif HTTP/1.1" 200 302
181.61.91.161 - - [26/Jun/2022:14:17:48 -0500] "GET /catalogoisis/imagenes/Turnbo1.gif HTTP/1.1" 200 227
181.61.91.161 - - [26/Jun/2022:14:17:48 -0500] "GET /catalogoisis/imagenes/limpiar1.gif HTTP/1.1" 200 606
181.61.91.161 - - [26/Jun/2022:14:17:48 -0500] "GET /catalogoisis/imagenes/aceptar1.gif HTTP/1.1" 200 604
181.61.91.161 - - [26/Jun/2022:14:17:48 -0500] "GET /catalogoisis/imagenes/br3c2.gif HTTP/1.1" 200 285
181.61.91.161 - - [26/Jun/2022:14:17:48 -0500] "GET /catalogoisis/imagenes/br3c1.gif HTTP/1.1" 200 177
181.61.91.161 - - [26/Jun/2022:14:17:48 -0500] "GET /catalogoisis/imagenes/br1c2.gif HTTP/1.1" 200 297
181.61.91.161 - - [26/Jun/2022:14:17:48 -0500] "GET /catalogoisis/imagenes/br3c3.gif HTTP/1.1" 200 186
181.61.91.161 - - [26/Jun/2022:14:17:48 -0500] "GET /catalogoisis/imagenes/br2c1.gif HTTP/1.1" 200 297
181.61.91.161 - - [26/Jun/2022:14:17:48 -0500] "GET /catalogoisis/imagenes/br2c2.gif HTTP/1.1" 200 302
181.61.91.161 - - [26/Jun/2022:14:17:48 -0500] "GET /catalogoisis/imagenes/br2c3.gif HTTP/1.1" 200 416
181.61.91.161 - - [26/Jun/2022:14:17:48 -0500] "GET /catalogoisis/imagenes/Header.gif HTTP/1.1" 200 30313
181.61.91.161 - - [26/Jun/2022:14:17:49 -0500] "GET /favicon.ico HTTP/1.1" 200 7782
172.22.2.4 - - [26/Jun/2022:14:16:40 -0500] "HEAD /BLA/boletinlegal/ HTTP/1.1" 200 -
216.245.221.92 - - [26/Jun/2022:14:18:32 -0500] "HEAD / HTTP/1.1" 200 -
172.22.2.4 - - [26/Jun/2022:14:17:30 -0500] "GET /BLA/boletinlegal/ HTTP/1.1" 200 61027
66.249.66.76 - - [26/Jun/2022:14:19:24 -0500] "-" 408 -
190.27.79.175 - - [26/Jun/2022:14:17:05 -0500] "POST /reportes_sipse/sdg/ServletControlador HTTP/1.1" 200 592106
201.245.192.253 - - [26/Jun/2022:14:21:20 -0500] "POST /kwsrmcab/Wsrmcab HTTP/1.1" 500 253
201.245.192.253 - - [26/Jun/2022:14:21:20 -0500] "POST /kwsrmcab/Wsrmcab HTTP/1.1" 500 253
216.245.221.92 - - [26/Jun/2022:14:23:31 -0500] "HEAD / HTTP/1.1" 200 -
172.22.2.4 - - [26/Jun/2022:14:22:30 -0500] "HEAD /BLA/boletinlegal/ HTTP/1.1" 200 -
130.61.255.60 - - [26/Jun/2022:14:24:56 -0500] "GET /galeria/galeria/fotos/Entrenube4P.jpg HTTP/1.1" 200 10881
172.22.2.4 - - [26/Jun/2022:14:23:20 -0500] "GET /BLA/boletinlegal/ HTTP/1.1" 200 58464
157.245.70.127 - - [26/Jun/2022:14:25:38 -0500] "GET /ab2g HTTP/1.1" 400 946
157.245.70.127 - - [26/Jun/2022:14:25:38 -0500] "GET /ab2h HTTP/1.1" 400 946
157.55.39.114 - - [26/Jun/2022:14:26:01 -0500] "GET /BLA/resoluciones/RESOLUCIONES%202000/2000%202500-2549.tif HTTP/1.1" 200 4629212
34.140.248.32 - - [26/Jun/2022:14:28:30 -0500] "GET / HTTP/1.1" 200 319
216.245.221.92 - - [26/Jun/2022:14:28:31 -0500] "HEAD / HTTP/1.1" 200 -
172.22.2.4 - - [26/Jun/2022:14:28:20 -0500] "HEAD /BLA/boletinlegal/ HTTP/1.1" 200 -
172.22.2.4 - - [26/Jun/2022:14:29:10 -0500] "GET /BLA/boletinlegal/ HTTP/1.1" 200 61027
201.245.192.253 - - [26/Jun/2022:14:31:20 -0500] "POST /kwsrmcab/Wsrmcab HTTP/1.1" 500 253
201.245.192.253 - - [26/Jun/2022:14:31:20 -0500] "POST /kwsrmcab/Wsrmcab HTTP/1.1" 500 253
216.245.221.92 - - [26/Jun/2022:14:33:31 -0500] "HEAD / HTTP/1.1" 200 -
172.22.2.4 - - [26/Jun/2022:14:34:10 -0500] "HEAD /BLA/boletinlegal/ HTTP/1.1" 200 -
172.22.2.4 - - [26/Jun/2022:14:35:00 -0500] "GET /BLA/boletinlegal/ HTTP/1.1" 200 60610
216.245.221.92 - - [26/Jun/2022:14:38:31 -0500] "HEAD / HTTP/1.1" 200 -
172.22.2.4 - - [26/Jun/2022:14:39:35 -0500] "GET /BLA/boletinlegal/actos.php HTTP/1.1" 200 9559
172.22.2.4 - - [26/Jun/2022:14:39:35 -0500] "GET /BLA/boletinlegal/styles2.css HTTP/1.1" 200 1838
172.22.2.4 - - [26/Jun/2022:14:39:35 -0500] "GET /BLA/boletinlegal/niceforms.js HTTP/1.1" 200 22876
172.22.2.4 - - [26/Jun/2022:14:39:35 -0500] "GET /BLA/boletinlegal/js/ajax_actos.js HTTP/1.1" 200 1322
172.22.2.4 - - [26/Jun/2022:14:39:35 -0500] "GET /BLA/boletinlegal/niceforms-default.css HTTP/1.1" 200 6694
172.22.2.4 - - [26/Jun/2022:14:39:35 -0500] "GET /BLA/boletinlegal/js/jquery1.js HTTP/1.1" 200 29846
172.22.2.4 - - [26/Jun/2022:14:39:35 -0500] "GET /BLA/boletinlegal/style.css HTTP/1.1" 200 9406
172.22.2.4 - - [26/Jun/2022:14:39:35 -0500] "GET /BLA/boletinlegal/js/lib.js HTTP/1.1" 200 6474
172.22.2.4 - - [26/Jun/2022:14:39:35 -0500] "GET /BLA/boletinlegal/js/popup.js HTTP/1.1" 200 1270
172.22.2.4 - - [26/Jun/2022:14:39:35 -0500] "GET /BLA/boletinlegal/images/historia.png HTTP/1.1" 200 52775
172.22.2.4 - - [26/Jun/2022:14:39:35 -0500] "GET /BLA/boletinlegal/images/subscribe-icon-big.png HTTP/1.1" 200 47702
172.22.2.4 - - [26/Jun/2022:14:39:35 -0500] "GET /BLA/boletinlegal/images/tel.png HTTP/1.1" 200 14477
172.22.2.4 - - [26/Jun/2022:14:39:35 -0500] "GET /BLA/boletinlegal/images/abajo.png HTTP/1.1" 200 96676
172.22.2.4 - - [26/Jun/2022:14:39:35 -0500] "GET /BLA/boletinlegal/images/registro-usuarios.png HTTP/1.1" 200 8106
172.22.2.4 - - [26/Jun/2022:14:39:35 -0500] "GET /BLA/boletinlegal/images/icono-email.png HTTP/1.1" 200 5544
172.22.2.4 - - [26/Jun/2022:14:39:35 -0500] "GET /BLA/boletinlegal/images/green-yellow-blue-pink-th.png HTTP/1.1" 200 7394
172.22.2.4 - - [26/Jun/2022:14:39:35 -0500] "GET /BLA/boletinlegal/images/body_bg.jpg HTTP/1.1" 200 1601
172.22.2.4 - - [26/Jun/2022:14:39:35 -0500] "GET /BLA/boletinlegal/images/cabezote%20BLEGAL.jpg HTTP/1.1" 200 118164
172.22.2.4 - - [26/Jun/2022:14:39:35 -0500] "GET /BLA/boletinlegal/images/menu_lft.gif HTTP/1.1" 200 1713
172.22.2.4 - - [26/Jun/2022:14:39:35 -0500] "GET /BLA/boletinlegal/images/menu_rght.gif HTTP/1.1" 200 1627
172.22.2.4 - - [26/Jun/2022:14:39:35 -0500] "GET /BLA/boletinlegal/images/bg_top.jpg HTTP/1.1" 200 522
172.22.2.4 - - [26/Jun/2022:14:39:35 -0500] "GET /BLA/boletinlegal/images/menu_bg.jpg HTTP/1.1" 200 620
172.22.2.4 - - [26/Jun/2022:14:39:35 -0500] "GET /BLA/boletinlegal/images/hover.jpg HTTP/1.1" 200 640
172.22.2.4 - - [26/Jun/2022:14:39:35 -0500] "GET /BLA/boletinlegal/images/footer_bg.jpg HTTP/1.1" 200 586
172.22.2.4 - - [26/Jun/2022:14:39:35 -0500] "GET /BLA/boletinlegal/images/text.jpg HTTP/1.1" 200 568
172.22.2.4 - - [26/Jun/2022:14:39:35 -0500] "GET /BLA/boletinlegal/images/footer_bg_l.jpg HTTP/1.1" 200 776
172.22.2.4 - - [26/Jun/2022:14:39:35 -0500] "GET /BLA/boletinlegal/favicon.ico HTTP/1.1" 404 1326
172.22.2.4 - - [26/Jun/2022:14:39:35 -0500] "GET /BLA/boletinlegal/img/0.png HTTP/1.1" 200 110
172.22.2.4 - - [26/Jun/2022:14:39:35 -0500] "GET /BLA/boletinlegal/img/button.png HTTP/1.1" 200 43241
172.22.2.4 - - [26/Jun/2022:14:39:35 -0500] "GET /BLA/boletinlegal/img/select-left.png HTTP/1.1" 200 263
172.22.2.4 - - [26/Jun/2022:14:39:35 -0500] "GET /BLA/boletinlegal/img/select-right.png HTTP/1.1" 200 44019
172.22.2.4 - - [26/Jun/2022:14:39:35 -0500] "GET /BLA/boletinlegal/img/button-left.png HTTP/1.1" 200 57071
172.22.2.4 - - [26/Jun/2022:14:39:35 -0500] "GET /BLA/boletinlegal/img/button-right.png HTTP/1.1" 200 57878
190.145.207.68 - - [26/Jun/2022:14:39:46 -0500] "GET /BLA/resoluciones/ HTTP/1.1" 200 13093
190.145.207.68 - - [26/Jun/2022:14:39:46 -0500] "GET /BLA/resoluciones/dlf/styles.css HTTP/1.1" 200 3049
190.145.207.68 - - [26/Jun/2022:14:39:46 -0500] "GET /BLA/resoluciones/dlf/folder.png HTTP/1.1" 200 410
190.145.207.68 - - [26/Jun/2022:14:39:46 -0500] "GET /BLA/resoluciones/dlf/bg.gif HTTP/1.1" 200 54
190.145.207.68 - - [26/Jun/2022:14:39:46 -0500] "GET /favicon.ico HTTP/1.1" 200 7782
190.145.207.68 - - [26/Jun/2022:14:40:07 -0500] "GET /BLA/resoluciones/dlf/dirup.png HTTP/1.1" 200 644
190.145.207.68 - - [26/Jun/2022:14:40:07 -0500] "GET /BLA/resoluciones/dlf/pdf.gif HTTP/1.1" 200 272
190.145.207.68 - - [26/Jun/2022:14:40:07 -0500] "GET /BLA/resoluciones/index.php?dir=AUTOS+2019%2F HTTP/1.1" 200 346078
201.245.192.253 - - [26/Jun/2022:14:41:20 -0500] "POST /kwsrmcab/Wsrmcab HTTP/1.1" 500 253
201.245.192.253 - - [26/Jun/2022:14:41:20 -0500] "POST /kwsrmcab/Wsrmcab HTTP/1.1" 500 253
172.22.2.4 - - [26/Jun/2022:14:41:36 -0500] "GET /BLA/boletinlegal/Circulares/2011/Circular%20No.%202%20del%2031%20de%20Mayo%20de%202011.pdf HTTP/1.1" 304 -
172.22.2.4 - - [26/Jun/2022:14:40:00 -0500] "HEAD /BLA/boletinlegal/ HTTP/1.1" 200 -
172.22.2.4 - - [26/Jun/2022:14:40:50 -0500] "GET /BLA/boletinlegal/ HTTP/1.1" 200 55379
186.154.13.132 - - [26/Jun/2022:14:43:21 -0500] "GET /forest/ HTTP/1.1" 200 12041
186.154.13.132 - - [26/Jun/2022:14:43:26 -0500] "POST /forest/index.php HTTP/1.1" 200 12268
216.245.221.92 - - [26/Jun/2022:14:43:31 -0500] "HEAD / HTTP/1.1" 200 -
40.77.167.53 - - [26/Jun/2022:14:45:44 -0500] "GET /BLA/resoluciones/RESOLUCIONES%202022/0230.pdf HTTP/1.1" 304 -
40.77.167.53 - - [26/Jun/2022:14:45:47 -0500] "GET /BLA/resoluciones/RESOLUCIONES%202008/0931.pdf HTTP/1.1" 304 -
173.252.107.5 - - [26/Jun/2022:14:46:44 -0500] "GET /images/energia-eficiencia-26-mayo.jpg HTTP/1.1" 200 46417
172.22.2.4 - - [26/Jun/2022:14:45:50 -0500] "HEAD /BLA/boletinlegal/ HTTP/1.1" 200 -
172.22.2.4 - - [26/Jun/2022:14:46:40 -0500] "GET /BLA/boletinlegal/ HTTP/1.1" 200 61027
216.245.221.92 - - [26/Jun/2022:14:48:32 -0500] "HEAD / HTTP/1.1" 200 -
222.186.19.205 - - [26/Jun/2022:14:49:23 -0500] "CONNECT pv.sohu.com:443 HTTP/1.1" 405 939
222.186.19.205 - - [26/Jun/2022:14:49:23 -0500] "CONNECT whois.pconline.com.cn:443 HTTP/1.1" 405 949
222.186.19.205 - - [26/Jun/2022:14:49:23 -0500] "GET http://txt.go.sohu.com/ip/soip HTTP/1.1" 404 1019
207.46.13.214 - - [26/Jun/2022:14:50:13 -0500] "GET /forest/ HTTP/1.1" 200 12041
172.22.2.4 - - [26/Jun/2022:14:51:39 -0500] "HEAD /BLA/boletinlegal/ HTTP/1.1" 200 -
216.245.221.92 - - [26/Jun/2022:14:53:31 -0500] "HEAD / HTTP/1.1" 200 -
172.22.2.4 - - [26/Jun/2022:14:52:30 -0500] "GET /BLA/boletinlegal/ HTTP/1.1" 200 58464
216.245.221.92 - - [26/Jun/2022:14:58:31 -0500] "HEAD / HTTP/1.1" 200 -
172.22.2.4 - - [26/Jun/2022:14:57:29 -0500] "HEAD /BLA/boletinlegal/ HTTP/1.1" 200 -
172.22.2.4 - - [26/Jun/2022:14:58:20 -0500] "GET /BLA/boletinlegal/ HTTP/1.1" 200 58464
157.55.39.114 - - [26/Jun/2022:15:00:05 -0500] "GET /BLA/resoluciones/index.php?dir=RESOLUCIONES+1998%2F HTTP/1.1" 200 13225
207.46.13.8 - - [26/Jun/2022:15:00:28 -0500] "GET /BLA/resoluciones/dlf/styles.css HTTP/1.1" 200 3049
203.25.139.192 - - [26/Jun/2022:15:00:55 -0500] "-" 408 -
66.220.149.13 - - [26/Jun/2022:15:01:34 -0500] "GET /images/Brasil1.jpeg HTTP/1.1" 200 27965
69.171.231.119 - - [26/Jun/2022:15:01:40 -0500] "GET /images/actividades-dia-tierra-22-abril.jpg HTTP/1.1" 200 77276
69.171.231.116 - - [26/Jun/2022:15:01:40 -0500] "GET /images/ecosistema-dia-internacional-tierra-21-abril.jpg HTTP/1.1" 200 30098
69.171.231.120 - - [26/Jun/2022:15:01:40 -0500] "GET /images/feria-servicios-tramites-puente-aranda-21-abril.jpg HTTP/1.1" 200 28255
66.220.149.16 - - [26/Jun/2022:15:01:41 -0500] "GET /images/bogota-ciudad-pac28-enero.jpg HTTP/1.1" 200 42642
69.171.231.3 - - [26/Jun/2022:15:01:45 -0500] "GET /images/feria-servicios-cuidamos-bogota-31-marzo.jpg HTTP/1.1" 200 109745
69.171.231.1 - - [26/Jun/2022:15:01:45 -0500] "GET /images/llantas-teusaquillo-1-abril.jpg HTTP/1.1" 200 50674
216.245.221.92 - - [26/Jun/2022:15:03:31 -0500] "HEAD / HTTP/1.1" 200 -
172.22.2.4 - - [26/Jun/2022:15:03:19 -0500] "HEAD /BLA/boletinlegal/ HTTP/1.1" 200 -
172.22.2.4 - - [26/Jun/2022:15:04:10 -0500] "GET /BLA/boletinlegal/ HTTP/1.1" 200 61027
173.252.95.12 - - [26/Jun/2022:15:06:40 -0500] "GET /images/jornadas-llantas-usadas-23-mayo.jpg HTTP/1.1" 200 148376
173.252.83.17 - - [26/Jun/2022:15:06:40 -0500] "GET /images/jornadas-llantas-usadas-23-mayo.jpg HTTP/1.1" 200 148376
216.245.221.92 - - [26/Jun/2022:15:08:31 -0500] "HEAD / HTTP/1.1" 200 -
172.22.2.4 - - [26/Jun/2022:15:10:08 -0500] "POST /BLA/boletinlegal/_ignition/execute-solution HTTP/1.1" 404 1018
173.252.107.10 - - [26/Jun/2022:15:10:28 -0500] "GET /BLA/resoluciones/RESOLUCIONES%202019/3918.pdf HTTP/1.1" 206 258617
172.22.2.4 - - [26/Jun/2022:15:09:10 -0500] "HEAD /BLA/boletinlegal/ HTTP/1.1" 200 -
172.22.2.4 - - [26/Jun/2022:15:11:08 -0500] "GET /BLA/boletinlegal/script HTTP/1.1" 404 1018
172.22.2.4 - - [26/Jun/2022:15:11:09 -0500] "GET /BLA/boletinlegal/login HTTP/1.1" 404 1018
172.22.2.4 - - [26/Jun/2022:15:11:09 -0500] "GET /BLA/boletinlegal/jenkins/login HTTP/1.1" 404 1018
172.22.2.4 - - [26/Jun/2022:15:11:09 -0500] "GET /BLA/boletinlegal/manager/html HTTP/1.1" 404 1018
172.22.2.4 - - [26/Jun/2022:15:10:00 -0500] "GET /BLA/boletinlegal/ HTTP/1.1" 200 46470
172.22.2.4 - - [26/Jun/2022:15:10:08 -0500] "GET /BLA/boletinlegal/ HTTP/1.1" 200 45003
172.22.2.4 - - [26/Jun/2022:15:11:10 -0500] "GET /BLA/boletinlegal/?s=/Index/\\think\\app/invokefunction&function=call_user_func_array&vars[0]=md5&vars[1][]=c6jlh7g8 HTTP/1.1" 200 36811
190.145.207.68 - - [26/Jun/2022:15:13:19 -0500] "GET /BLA/resoluciones/index.php?dir=RESOLUCIONES+2009%2F HTTP/1.1" 200 1694101
190.145.207.68 - - [26/Jun/2022:15:13:29 -0500] "GET /BLA/resoluciones/RESOLUCIONES%202009/0519.pdf HTTP/1.1" 200 184871
216.245.221.92 - - [26/Jun/2022:15:13:31 -0500] "HEAD / HTTP/1.1" 200 -
31.13.127.30 - - [26/Jun/2022:15:15:59 -0500] "GET /semana-ambiental-2022-del-31-de-mayo-al-5-de-junio-se-celebrara-en-bogota.html?fbclid=IwAR3m3y_5sDqYWH_QlA7d5_4mq0LNWUsQT7P4ZSLKG0gnwSqwaVlCPgQ4nqY HTTP/1.1" 200 799
207.46.13.138 - - [26/Jun/2022:15:16:05 -0500] "GET /BLA/resoluciones/RESOLUCIONES%202010/4660.pdf HTTP/1.1" 304 -
172.22.2.4 - - [26/Jun/2022:15:14:59 -0500] "HEAD /BLA/boletinlegal/ HTTP/1.1" 200 -
172.22.2.4 - - [26/Jun/2022:15:15:50 -0500] "GET /BLA/boletinlegal/ HTTP/1.1" 200 61027
216.245.221.92 - - [26/Jun/2022:15:18:31 -0500] "HEAD / HTTP/1.1" 200 -
207.46.13.85 - - [26/Jun/2022:15:19:25 -0500] "GET / HTTP/1.1" 200 319
64.124.8.53 - - [26/Jun/2022:15:20:56 -0500] "GET /portaldeninos/wp-content/themes/betheme/js/plugins.js?ver=20.9.6 HTTP/1.1" 200 197151
201.245.192.253 - - [26/Jun/2022:15:21:20 -0500] "POST /kwsrmcab/Wsrmcab HTTP/1.1" 500 253
201.245.192.253 - - [26/Jun/2022:15:21:20 -0500] "POST /kwsrmcab/Wsrmcab HTTP/1.1" 500 253
66.249.66.17 - - [26/Jun/2022:15:22:28 -0500] "-" 408 -
172.22.2.4 - - [26/Jun/2022:15:20:49 -0500] "HEAD /BLA/boletinlegal/ HTTP/1.1" 200 -
172.22.2.4 - - [26/Jun/2022:15:21:40 -0500] "GET /BLA/boletinlegal/ HTTP/1.1" 200 58464
216.245.221.92 - - [26/Jun/2022:15:23:31 -0500] "HEAD / HTTP/1.1" 200 -
185.7.214.104 - - [26/Jun/2022:15:27:00 -0500] "GET /actuator/gateway/routes HTTP/1.1" 404 1018
172.22.2.4 - - [26/Jun/2022:15:26:39 -0500] "HEAD /BLA/boletinlegal/ HTTP/1.1" 200 -
216.245.221.92 - - [26/Jun/2022:15:28:31 -0500] "HEAD / HTTP/1.1" 200 -
172.22.2.4 - - [26/Jun/2022:15:27:30 -0500] "GET /BLA/boletinlegal/ HTTP/1.1" 200 58464
201.245.192.253 - - [26/Jun/2022:15:31:20 -0500] "POST /kwsrmcab/Wsrmcab HTTP/1.1" 500 253
201.245.192.253 - - [26/Jun/2022:15:31:20 -0500] "POST /kwsrmcab/Wsrmcab HTTP/1.1" 500 253
20.92.119.123 - - [26/Jun/2022:15:33:29 -0500] "GET /.env HTTP/1.1" 404 1018
20.92.119.123 - - [26/Jun/2022:15:33:30 -0500] "POST / HTTP/1.1" 200 319
216.245.221.92 - - [26/Jun/2022:15:33:31 -0500] "HEAD / HTTP/1.1" 200 -
172.22.2.4 - - [26/Jun/2022:15:32:29 -0500] "HEAD /BLA/boletinlegal/ HTTP/1.1" 200 -
172.22.2.4 - - [26/Jun/2022:15:33:20 -0500] "GET /BLA/boletinlegal/ HTTP/1.1" 200 58464
186.154.13.132 - - [26/Jun/2022:15:35:26 -0500] "GET /forest/ HTTP/1.1" 200 12041
186.154.13.132 - - [26/Jun/2022:15:35:31 -0500] "POST /forest/index.php HTTP/1.1" 200 12268
207.46.13.138 - - [26/Jun/2022:15:36:26 -0500] "GET /BLA/resoluciones/AUTOS%202021/3263.pdf HTTP/1.1" 304 -
88.80.189.57 - - [26/Jun/2022:15:36:37 -0500] "GET / HTTP/1.1" 200 319
172.22.2.4 - - [26/Jun/2022:15:36:14 -0500] "GET /BLA/boletinlegal/ HTTP/1.1" 200 63473
216.245.221.92 - - [26/Jun/2022:15:38:31 -0500] "HEAD / HTTP/1.1" 200 -
170.231.236.42 - - [26/Jun/2022:15:39:29 -0500] "GET / HTTP/1.1" 200 319
170.231.236.42 - - [26/Jun/2022:15:39:29 -0500] "POST /HNAP1/ HTTP/1.1" 404 1018
172.22.2.4 - - [26/Jun/2022:15:38:19 -0500] "HEAD /BLA/boletinlegal/ HTTP/1.1" 200 -
172.22.2.4 - - [26/Jun/2022:15:40:12 -0500] "GET /BLA/boletinlegal/Circulares/2019/.pdf HTTP/1.1" 404 1218
172.22.2.4 - - [26/Jun/2022:15:40:21 -0500] "GET /BLA/boletinlegal/Circulares/2012/Circular%20No.%2010%20del%2026%20de%20Enero%20de%202012.pdf HTTP/1.1" 404 1218
172.22.2.4 - - [26/Jun/2022:15:39:10 -0500] "GET /BLA/boletinlegal/ HTTP/1.1" 200 61027
201.245.192.253 - - [26/Jun/2022:15:41:19 -0500] "POST /kwsrmcab/Wsrmcab HTTP/1.1" 500 253
201.245.192.253 - - [26/Jun/2022:15:41:19 -0500] "POST /kwsrmcab/Wsrmcab HTTP/1.1" 500 253
172.22.2.4 - - [26/Jun/2022:15:43:12 -0500] "GET /BLA/boletinlegal/actos.php HTTP/1.1" 200 9559
172.22.2.4 - - [26/Jun/2022:15:43:13 -0500] "GET /BLA/boletinlegal/favicon.ico HTTP/1.1" 404 1230
181.63.106.29 - - [26/Jun/2022:15:43:16 -0500] "GET /BLA/resoluciones/ HTTP/1.1" 200 13093
181.63.106.29 - - [26/Jun/2022:15:43:19 -0500] "GET /BLA/resoluciones/index.php?dir=AUTOS+2007%2F HTTP/1.1" 200 628423
216.245.221.92 - - [26/Jun/2022:15:43:31 -0500] "HEAD / HTTP/1.1" 200 -
172.22.2.4 - - [26/Jun/2022:15:43:10 -0500] "GET /BLA/boletinlegal/ HTTP/1.1" 200 24523
172.22.2.4 - - [26/Jun/2022:15:44:09 -0500] "HEAD /BLA/boletinlegal/ HTTP/1.1" 200 -
172.22.2.4 - - [26/Jun/2022:15:45:00 -0500] "GET /BLA/boletinlegal/ HTTP/1.1" 200 56372
172.22.2.4 - - [26/Jun/2022:15:46:11 -0500] "GET /BLA/boletinlegal/ HTTP/1.1" 200 32715
35.204.20.19 - - [26/Jun/2022:15:47:06 -0500] "GET / HTTP/1.1" 200 319
36.37.185.110 - - [26/Jun/2022:15:48:19 -0500] "GET /.env HTTP/1.1" 404 1018
36.37.185.110 - - [26/Jun/2022:15:48:19 -0500] "POST / HTTP/1.1" 200 319
216.245.221.92 - - [26/Jun/2022:15:48:31 -0500] "HEAD / HTTP/1.1" 200 -
66.249.65.13 - - [26/Jun/2022:15:49:24 -0500] "-" 408 -
207.46.13.214 - - [26/Jun/2022:15:50:19 -0500] "GET /forest/ HTTP/1.1" 200 12041
172.22.2.4 - - [26/Jun/2022:15:49:10 -0500] "GET /BLA/boletinlegal/ HTTP/1.1" 200 60610
172.22.2.4 - - [26/Jun/2022:15:49:59 -0500] "HEAD /BLA/boletinlegal/ HTTP/1.1" 200 -
172.22.2.4 - - [26/Jun/2022:15:50:50 -0500] "GET /BLA/boletinlegal/ HTTP/1.1" 200 55379
216.245.221.92 - - [26/Jun/2022:15:53:31 -0500] "HEAD / HTTP/1.1" 200 -
172.22.2.4 - - [26/Jun/2022:15:54:44 -0500] "GET /BLA/boletinlegal/robots.txt HTTP/1.1" 404 1038
2.57.122.35 - - [26/Jun/2022:15:55:15 -0500] "GET / HTTP/1.1" 200 319
172.22.2.4 - - [26/Jun/2022:15:54:46 -0500] "GET /BLA/boletinlegal/index.php HTTP/1.1" 200 61408
172.22.2.4 - - [26/Jun/2022:15:55:51 -0500] "HEAD /BLA/boletinlegal/ HTTP/1.1" 200 -
172.22.2.4 - - [26/Jun/2022:15:56:42 -0500] "GET /BLA/boletinlegal/ HTTP/1.1" 200 58464
216.245.221.92 - - [26/Jun/2022:15:58:32 -0500] "HEAD / HTTP/1.1" 200 -
172.22.2.4 - - [26/Jun/2022:16:01:40 -0500] "HEAD /BLA/boletinlegal/ HTTP/1.1" 200 -
216.245.221.92 - - [26/Jun/2022:16:03:32 -0500] "HEAD / HTTP/1.1" 200 -
192.109.145.231 - - [26/Jun/2022:16:04:02 -0500] "GET /galeria/nivo-slider/demo/images/avances-sentencias-rio-bogota-2.jpg HTTP/1.1" 304 -
172.22.2.4 - - [26/Jun/2022:16:02:31 -0500] "GET /BLA/boletinlegal/ HTTP/1.1" 200 58928
207.46.13.8 - - [26/Jun/2022:16:05:34 -0500] "GET /BLA/resoluciones/RESOLUCIONES%202000/2000%202000-2049.tif HTTP/1.1" 200 5003528
181.61.208.153 - - [26/Jun/2022:16:06:31 -0500] "GET /asi-avanza-la-recuperacion-del-rio-bogota.html HTTP/1.1" 200 685
181.61.208.153 - - [26/Jun/2022:16:06:31 -0500] "GET /images/dia-rio-bogota-12-mayo.jpg HTTP/1.1" 200 44387
92.118.39.30 - - [26/Jun/2022:16:08:19 -0500] "GET / HTTP/1.1" 200 319
216.245.221.92 - - [26/Jun/2022:16:08:31 -0500] "HEAD / HTTP/1.1" 200 -
181.54.149.217 - - [26/Jun/2022:16:09:02 -0500] "GET /forest/ HTTP/1.1" 200 12041
172.22.2.4 - - [26/Jun/2022:16:07:30 -0500] "HEAD /BLA/boletinlegal/ HTTP/1.1" 200 -
181.54.149.217 - - [26/Jun/2022:16:09:10 -0500] "POST /forest/index.php HTTP/1.1" 200 12268
172.22.2.4 - - [26/Jun/2022:16:08:20 -0500] "GET /BLA/boletinlegal/ HTTP/1.1" 200 57966
216.245.221.92 - - [26/Jun/2022:16:13:32 -0500] "HEAD / HTTP/1.1" 200 -
172.22.2.4 - - [26/Jun/2022:16:13:20 -0500] "HEAD /BLA/boletinlegal/ HTTP/1.1" 200 -
172.22.2.4 - - [26/Jun/2022:16:14:10 -0500] "GET /BLA/boletinlegal/ HTTP/1.1" 200 56799
179.32.228.143 - - [26/Jun/2022:16:16:21 -0500] "GET /kwssiamovil/sm/acme/a?s=U2FsdGVkX1+KAHKKmkpyh30Vxusa0r4Ogf1LEQvzAnpHDlTqNR3i1wHAQfIQEK5gXfpexAEfUf3QtCib7o7yrfaUQOM7c3b86c/pZT5NBS+eUajr08oa8Dbcoh1ZoI7Gm3MvUBqUgs6ecJfYteix2hBgy7GSXU7SRAmukAQnGvUtb+zuA1yxbxYVY9s9Q8MulN38iozxVgcWAtcSpOUuQjiS4ltPesENRPMGFGjKdkx5HFwREWWGq4pfFbKqRYcwNWz7ZpoHsp3Ja++QcQGxvw==&u=U2FsdGVkX18lIA9qtPI3CZLM/ECajVpzQMzJ4b+T19ObaBTVZ/X26I9Vin8LVcd9&y=U2FsdGVkX1+qld1/mEJjOuQHznUBwa/97/EL6Jut1tnYIJhXiGcfwVXF8zK99etP HTTP/1.1" 200 25
179.32.228.143 - - [26/Jun/2022:16:16:22 -0500] "GET /kwssiamovil/sm/acme/a?s=U2FsdGVkX1/F/vGuQHFn4bccxnwN6S92NBU41rhPxNfJoCk+HlNsGywhG3SCBzZaP+yjsMNieMEi6B+XiMOMMfHITr5y6kxYSR9rZx9u+N/+7jmm1ZMXi5lCbCtpOZq9aF/ShY+HOi8Fn/dbWauJq7+TuSV/mw1O6iyOREbTNSaEcUXFdvBn8rniKXpbBrF85/PeREKC8qdroW4ruxTEh8gjhPP7YqCej2I2WoVrKfI0ULuskIqB5AXC/ARIybtQdWhD2LHu4dh11hteKhPy3rNw3cu3xZ2GNGoNAR+Q3cbQNUcYTbY8MWLUyhWq0CoxlonOCiKk1gQ/C9Tt31oqhbk8blz2r63MTTh3LZOZJ94WRWCfo7B978+D89Hxsqnqmx92jFLGz80PAQB8kgX9Zefs07z8n+KtrqwpGjGVd5b7CLclOEREsFtsj0bkEoYOnv9iPRKy2Ot2ur/wfGxyVeR2ENE+MXDrL+DVqX92uRKVoufnbzDmQODlKenZPZ2fQ6aXc/V31yfsE3V08Ly8tvFhAdErjqGFGJk/zA5zV7PYng2PeYJdvXXmKETcYA1bt9bIrMYVIkCkNSjbHp7zlWoDO6KHeANrfVoMuaDuBq3fgm+85HzjQUJ+7iVUstGS4aiP9+uOLw/OkWfHsl2jj+RZACLvqapMiwmjg0XsvxCpFGmG2fAT0mzLMRWK8hCOK0bXpMlPy4z0xhRs7eXVfVmT/u9xpScbOfk3zD0Pz2osVcTaHXmZiPVjnUz1hShVX8e+uWi99wh+DB6+IQwzx6qbu3Qf3sQEOjoTll4F1ZuHe9kji/VwC1LxXGnfRfzx+7ZNoRsv3Rh3IrpSXlVUt2CxVVuxg1GjjhFfbParmkl1vwso4GZJTH3nX32KsSwS3HaCCOTDe7XfgIp8Zhr3GlSz5RvaHEFUWZBSbsPfZnrF0CQQw3XaER6V1g790oeGPlg7Kz5+DOAM+Ho6CFsWTOhNoQxrff91hqZnu2uMSrZTat3+KrmorRR7H6m6Enf0pJ0TsKAQbCpx+6/W/537txoYpMDWX8emEW2v13AdjDRH41Gd8RKtlmvGOb0JIHCEygJYSEku/lFo9vE4vuhzMVNSV+nm647XPm1IwOMeBHCSoPjL/TcveJCZB8CatPZCSD9bjvbPWgog9sICHfvoQ+W8jXcry+DuaaVFxiJDs47cvwTnLJk0cQqJ6Zum9EOc5/OR0JO4++uOpNMiIKxUulnOCA3CcVnR4zl0QxkcZX3nK/DwO7ExZI6+53AI9n2qQFnQVrCouaA205tuloqll5HmcOphxA1YaB/siDyMosMHmxImytFwz5cYkK+hf37wsmWEGYkTO96YhHSxYjZLLdCXJRgZ8koNh1WiaGoZcpXSwOALe2OsTEhMUjB6U9ZOeDC8RmvJu0RD7xWWOU+Yxwzxyb31hQqjptgsxRO4HKfaUebB1WKin3JKOt3sGtaXJWJ/5duyJGkVdourDHv598lqawGVBbMShrkD7RjbobobkomTy/PTVnx/Vpkh54NtrSBIX1mdhPBDtiCtTVRRTBzcZSMmOQA4SMRkabr+YldQsaJUEBP6uaLcG5nIm5Thi85b3D5ak3i4WhY2IsHSyF6ryLpUfLA04zDzoDXjY//TRCNwKVsa4qSD6djkTIveswkE581zaHXiDC/ZyrZdUO1pWjSIh4LHsb8E65nH1zOzc8tQEIeqJT7KHh5F8cvVonK3kCmx0L63uRYm14YSy+hTKSfQC3+NUZONv3FhlEuier4g3rxRHqo4Qcct+cVdtutruF23tQtBr/qyJtJz/HE2ZMOAJRX7bcbdvFA2XJfJaB5Zgh3pQjOEmpO0yUZvKQqbbQYellxu+/WErlEBKHLcB8qYGMsMmFd19knn8pqB6YwGFT9TopUotsSeCokJGOdLNtLEqU+bwVt9ChuyviVgApiwQNfVGbr/bPKdNdIpjXUKL+xz52+09K2/baysNwEBfJcly5tTz4KFAUBL7Dz08hYSHL21Jq0arTgTqx5Gg3YcP+y2iDKPcvXdoWpHx5d9CiHxYMHSU2pCs/KJM0GWU935xc7cymtpqr7txcULeyuhf15gGDMvAAHYyZosQvtsNwJX8oGaTiGNy0sdGsQF1C2iYeG24kAYBOx4tEkjV0gVpE3e1EWnt4WOCch20Mwzf2f+imizWkPDqXo6HS6z1n/6yHoko1gTQ4PD1/08P9jyYcXC4JvcUDXo+mroN3iJci1RZ+WpgQX5P6a47Ix7vFlcsMaJ0m4gDXljOyP6GYovurIl7yaMcfr+Bs8YaYraOEGKumYrDsv28/mqdl33eKFbOOfxYHLBdV7ued4ajouYkjV1IrvmOYqZPnUgd3IbldGUlEl0g7nqMfwv9OasnH9GoB6T5qoVQo8jnfuDTyPnz0i872/idEj1FKHuB4jU1Hjo6U4oZ/lgoPZvsqVtdU7j09omN64EZc/CtHfHeeZ8St2kTvAsXPa3EYZH&u=U2FsdGVkX18lIA9qtPI3CZLM/ECajVpzQMzJ4b+T19ObaBTVZ/X26I9Vin8LVcd9&y=U2FsdGVkX1+qld1/mEJjOuQHznUBwa/97/EL6Jut1tnYIJhXiGcfwVXF8zK99etP HTTP/1.1" 200 25
179.32.228.143 - - [26/Jun/2022:16:16:22 -0500] "GET /kwssiamovil/sm/acme/a?s=U2FsdGVkX18TkIiMIbiEwNPwPdf69VeE+XNuy/Bx3mT+vrpFSc0SFqSXI4nmY5r7MGvYNpgIO3SUfcBsRltCIjVNhh9104hEc1tmRGDPVhYjmYG99I/wd+JJIHuzMWZzd7Tq9IeT/bLuUuHPRwgPmutUFV0TyTMJ8Mks1e2W5lQ=&u=U2FsdGVkX18lIA9qtPI3CZLM/ECajVpzQMzJ4b+T19ObaBTVZ/X26I9Vin8LVcd9&y=U2FsdGVkX1+qld1/mEJjOuQHznUBwa/97/EL6Jut1tnYIJhXiGcfwVXF8zK99etP HTTP/1.1" 200 25
179.32.228.143 - - [26/Jun/2022:16:16:22 -0500] "GET /kwssiamovil/sm/acme/a?s=U2FsdGVkX19Of6dDH6b5EwPtd0nnKz0pokJG0UbtuHeln0f8zwORzW7KU8ArdywY1dhn2Kbbfpwsd6/fDOgQY0SgeUhoKcayc2ggmxdPN0qM8WYF4w0xjdzMKPmje0A3fg3elCDYTbRY7uhcTsBp2nqquPN3bSepcI5VrLokeN8=&u=U2FsdGVkX18lIA9qtPI3CZLM/ECajVpzQMzJ4b+T19ObaBTVZ/X26I9Vin8LVcd9&y=U2FsdGVkX1+qld1/mEJjOuQHznUBwa/97/EL6Jut1tnYIJhXiGcfwVXF8zK99etP HTTP/1.1" 200 25
179.32.228.143 - - [26/Jun/2022:16:16:22 -0500] "GET /kwssiamovil/sm/acme/a?s=U2FsdGVkX1/nDMk2zhdILKWwfJlUrznRE2++DS3KcLHqB6gKVTy6zK9WjCt1cnytrwnfE9ih4vZ1yR2S4RymeI8/Htx8AvgGWe8bBfWgK0MP2iPYhFPg2NxMLUmC+yaRvQSeIeU36dBxji+ss2561ldu9yCqMUoDNrUzbgXfArU=&u=U2FsdGVkX18lIA9qtPI3CZLM/ECajVpzQMzJ4b+T19ObaBTVZ/X26I9Vin8LVcd9&y=U2FsdGVkX1+qld1/mEJjOuQHznUBwa/97/EL6Jut1tnYIJhXiGcfwVXF8zK99etP HTTP/1.1" 200 25
179.32.228.143 - - [26/Jun/2022:16:16:22 -0500] "GET /kwssiamovil/sm/acme/a?s=U2FsdGVkX1/k8g9xfHW64eZyKiCksiYUdaXdSDb9ml52hnDiSlE3bSu0sYng/S6nCX+EzAQxp2nlZp3eLeNPOn0JOGUrVpY02TRt2rFm/mLxU3Nz+lnRnc4ACCBTz9mVqxh3jlIaDEOvSNt8IW+pYK61TKBiyee7eQH0sDKyotFehGW3fJk0K7Jyc2Rxe/c1&u=U2FsdGVkX18lIA9qtPI3CZLM/ECajVpzQMzJ4b+T19ObaBTVZ/X26I9Vin8LVcd9&y=U2FsdGVkX1+qld1/mEJjOuQHznUBwa/97/EL6Jut1tnYIJhXiGcfwVXF8zK99etP HTTP/1.1" 200 25
216.245.221.92 - - [26/Jun/2022:16:18:31 -0500] "HEAD / HTTP/1.1" 200 -
172.22.2.4 - - [26/Jun/2022:16:19:10 -0500] "HEAD /BLA/boletinlegal/ HTTP/1.1" 200 -
201.245.192.253 - - [26/Jun/2022:16:21:20 -0500] "POST /kwsrmcab/Wsrmcab HTTP/1.1" 500 253
201.245.192.253 - - [26/Jun/2022:16:21:20 -0500] "POST /kwsrmcab/Wsrmcab HTTP/1.1" 500 253
66.249.66.63 - - [26/Jun/2022:16:21:30 -0500] "-" 408 -
172.22.2.4 - - [26/Jun/2022:16:20:01 -0500] "GET /BLA/boletinlegal/ HTTP/1.1" 200 61027
216.245.221.92 - - [26/Jun/2022:16:23:31 -0500] "HEAD / HTTP/1.1" 200 -
172.22.2.4 - - [26/Jun/2022:16:25:00 -0500] "HEAD /BLA/boletinlegal/ HTTP/1.1" 200 -
172.22.2.4 - - [26/Jun/2022:16:25:50 -0500] "GET /BLA/boletinlegal/ HTTP/1.1" 200 55379
172.22.2.4 - - [26/Jun/2022:16:27:36 -0500] "GET /BLA/boletinlegal/consulta_actos.php?tipo=resoluciones&no=3187&usuario=&sector=&fecha=2019&resuelve= HTTP/1.1" 200 1388
172.22.2.4 - - [26/Jun/2022:16:26:26 -0500] "GET /BLA/boletinlegal/ HTTP/1.1" 200 53195
216.245.221.92 - - [26/Jun/2022:16:28:31 -0500] "HEAD / HTTP/1.1" 200 -
141.255.161.125 - - [26/Jun/2022:16:28:52 -0500] "GET /config/getuser?index=0 HTTP/1.1" 404 1018
201.245.192.253 - - [26/Jun/2022:16:31:19 -0500] "POST /kwsrmcab/Wsrmcab HTTP/1.1" 500 253
201.245.192.253 - - [26/Jun/2022:16:31:19 -0500] "POST /kwsrmcab/Wsrmcab HTTP/1.1" 500 253
172.22.2.4 - - [26/Jun/2022:16:30:50 -0500] "HEAD /BLA/boletinlegal/ HTTP/1.1" 200 -
172.22.2.4 - - [26/Jun/2022:16:31:41 -0500] "GET /BLA/boletinlegal/ HTTP/1.1" 200 58928
216.245.221.92 - - [26/Jun/2022:16:33:31 -0500] "HEAD / HTTP/1.1" 200 -
172.22.2.4 - - [26/Jun/2022:16:34:28 -0500] "GET /BLA/boletinlegal/consulta_actos.php?tipo=autos&no=2847&usuario=&sector=&fecha=2022&resuelve= HTTP/1.1" 200 626
172.22.2.4 - - [26/Jun/2022:16:36:14 -0500] "GET /BLA/boletinlegal/ HTTP/1.1" 200 48682
172.22.2.4 - - [26/Jun/2022:16:36:40 -0500] "HEAD /BLA/boletinlegal/ HTTP/1.1" 200 -
216.245.221.92 - - [26/Jun/2022:16:38:31 -0500] "HEAD / HTTP/1.1" 200 -
172.22.2.4 - - [26/Jun/2022:16:37:31 -0500] "GET /BLA/boletinlegal/ HTTP/1.1" 200 54661
172.22.2.4 - - [26/Jun/2022:16:40:02 -0500] "GET /BLA/boletinlegal/Circulares/2019/.pdf HTTP/1.1" 404 1218
201.245.192.253 - - [26/Jun/2022:16:41:19 -0500] "POST /kwsrmcab/Wsrmcab HTTP/1.1" 500 253
201.245.192.253 - - [26/Jun/2022:16:41:19 -0500] "POST /kwsrmcab/Wsrmcab HTTP/1.1" 500 253
40.77.167.53 - - [26/Jun/2022:16:43:16 -0500] "GET /siipev/Diseno%20de%20Elementos%20de%20Mobiliario%20Urbano/Diseno%20pertenecientes%20al%20mobiliario%20urbano%20M10-M160/PARTE%20A/Dise%C3%B1o%20de%20Elementos%20M-101.pdf HTTP/1.1" 200 909392
216.245.221.92 - - [26/Jun/2022:16:43:31 -0500] "HEAD / HTTP/1.1" 200 -
172.22.2.4 - - [26/Jun/2022:16:42:30 -0500] "HEAD /BLA/boletinlegal/ HTTP/1.1" 200 -
172.22.2.4 - - [26/Jun/2022:16:43:20 -0500] "GET /BLA/boletinlegal/ HTTP/1.1" 200 58464
201.184.82.154 - - [26/Jun/2022:16:46:04 -0500] "OPTIONS /kwssiamovil/sm/setfile/f? HTTP/1.1" 200 13
173.252.95.6 - - [26/Jun/2022:16:46:15 -0500] "GET /plan-de-accion-climatica-pac-de-bogota-aporta-en-cerca-del-90-al-cumplimiento-de-las-acciones-del-acuerdo-de-emergencia-climatica.html HTTP/1.1" 206 1069
201.184.82.154 - - [26/Jun/2022:16:46:04 -0500] "POST /kwssiamovil/sm/setfile/f? HTTP/1.1" 200 381
201.184.82.154 - - [26/Jun/2022:16:47:23 -0500] "GET /kwssiamovil/sm/acme/a?s=U2FsdGVkX1+wqrKYclVrheYOfrOjbkcVWH/4TtuQoYp4fBdR4BeBp6sTlMSfOoL2LiZaWrcu/+LZQebXzc+G3brjtXPArBbZ1ac6TxEYwUpXF+3xymwJZG+MFSFoWrnoD5OKfVDDXtgttGll2K9aGY7hv3SVHc/sX2cTYHWu17tRbNt4cYvdSEd0m1DP1BWxD8KtTRRB3k4EubN0XIVn6bH69QCmiw3l6Yg8Cod8q2a6KrtNc4ANnRLhmkywBAXDVAlBWW77zF56UuS0Qq8U+A==&u=U2FsdGVkX19amrGFDGtPfsavnxOOT0DOKcUA/aJYmco=&y=U2FsdGVkX19Q4usrc0zhqChTywn1weUMtKb/tDiQLmR6k0/D5Ifh2baGJwGDtSU6 HTTP/1.1" 200 25
201.184.82.154 - - [26/Jun/2022:16:47:24 -0500] "GET /kwssiamovil/sm/acme/a?s=U2FsdGVkX18z3oJxIr7XSc4FD9KWjf6FHGwrJ8/9Z7ZXhbBYvaXUJxKKHsbOlh/mYUKcpI9Zd4ss9V24WuSBOdv77zba/+8vZjF8UHn1wqid283CWDvV1SxJsbvkEuOuGTc0LOblwdmUfeKNs5aWwcaTHzjnK1BLLez3PFoQePBq2U/WfxIofPhd1BOX+ciwhQ+mAswjHm3rIwgePTjRCSiKPHrwE0iKbnJum6j1m+k0/HXAQoNqBAKsFrbbIsNMz8zUrX/9HpFKvFFK+P1CVEPiu8aIP2vcEMyHkkr4NpAuosOhxuzFgePEU0Zxe5r8hWrCL+ZJx5ysD4nuZXFUB9AI7ZLaZ0qAUAoNw6uHBQ7+oORsiO+TsbrH6jGxUrsAV4zNqoBd0qMfYNa3ocRFKFzXDZAyTytHF8wZFi6ti62y+TCTN0vZ6Y5A9m78sGclSmEB8+jz2D0lM8beuAcYPj6hVRH3XTc8R2hqyovcXm7fXqACdPvIrpSkh6vABdIcPDbAGvPQy3YqVWgBYogqUWlE6KHObZ9RXW+IFopchjQsDzGWZyUr2wqlDi3UstKrHpnSp74cgWJeByYUrXuPcy0FBrGwr2h0+TnhrvcYoV40vNvwf8qDp1/1X3uiqO7WvCBVUW18fryBDnHkgBsNtaHMQJrt84rUBzj0UXleObZauy4/oLJtLo5W0h+kNcPH2+1i5JjxuynTQInXTI7Z+WUejGI9IAXq1QrUTVXGvOSFBhMO+j942DDqWAgG4xSh/cd/+vW43lAJ9GlVZFPn7wp38mNZwd3tmpqDdE3ZKqBxRd+Pj5tU/LH2KKPy61c1h6VcpwshE3gEAxJpknJ6fTHkc8SKCV7e9iz+1v9z2XKROKG9FvXKgohc7mDeKNDd3AH61qcRobeEUovBn8Y1AplXKSDWS+CVmtNY62NuXiAfnpJWUmarHt7zC2JV2Pq3fmfkk9TgVG9oReWPInfcYp3jU7w8uqqD+Xcn3I4Wr0Idm/Dqg+Be/DhM0Ez7ut12MU+lvKjeW5ZSOmwl8ti3nBNewE7Yrz+KnW6rF+/rg/8Tlj3zzogKMoH3s3O83NDeumoSeDS7ubwjJ63TMuOUnlaJfg47ALzXMSmxH+n+XGWOTcGc8oGrbIORyVcqlOh6845fQM+tQPg3tp5IaLeXEyIFmDpX42IuK+BpaCIxu9fQ1p4W46Us6lFjMBGEKTWXaUFUaW212Lsmb34lwy6+PObEwh47tltx6/R3PbEKeVnYN8CG6U2GQl35O0vTtSztar04dpkuvYcrDrT59USKFjst/QBOS9DcYz+pwX34KkVBN6WH2sW6HlqUTmvoMP2M9ckMD+OuZAyQaE57U/yI5xfM/SlYWqgpVPFoLNv6I0QqX4X8kCxaw0/ynnnQTyGkXn2ZHaGcTUEQDM5Xv6K/nTIUbc8K1ZEWjN+qKKjSDBG3evKLjpRDtcjZFZELWGwCgXNTm3ekGXXjZMDhjEbTVkGgJ0/k7hwC6X7bz47MKtSUE3VFUVK0AS6P3AV3B/HIJ+WBSzTb9t8o5fW9BYOGZJ4jys7vLyXXX701f2WUgdJepDuGdvzJjNU1GnKXPT1ZAuPV4lKxs/JFudluBYeQCuxCY2+PKVsi7qrCQoJsKFN/gt+1dnS+VdQ1w7PeeVgJQkEoYW7sHMNHxe9CydWJTsS3yAsSJA02MQih4DRKKcBXFRTVVb4WaUlVSTJm+dPQuN8b2XQb8AfCqlh/TLQpRB6S76PZ0HSCQ85bpOA8ijV+r17U4aVrCbYOYsxy+uDd996NJaFt/B6hOjxlo7LnWKp/4BL069jCic6IFeNypT4IDkpik9RHMYIzwlv9ZTMliKe8hnUDrIL51U76ebKgE3WADa0Ye9YPxKdpzfW6vViHpUJ0b2+nlG/ez6tzs0JbilBLC+UVGKJv0+EBBrRv8LTa2aPU/8Nvzqytl4Wp3N8f5NSA/DJE8GQN3YfTLJQ13BhkU5L9156l1F/xO9ktkkU1m3NMlWwS7fexx7ubZodYNkejA5o9/jokMtOL1JY/Q1RZKoYyylH+xqFvBuGRt+tSAUm5qslGINC0xnBPe8pFskcvqBY24zKAVRyJk9wO815NWmzNAL9+VkQkiMZyXFy374Q3F+VWvdg6jSsxyW6EBh/IlsnTdt5A6yuW4SxK&u=U2FsdGVkX19amrGFDGtPfsavnxOOT0DOKcUA/aJYmco=&y=U2FsdGVkX19Q4usrc0zhqChTywn1weUMtKb/tDiQLmR6k0/D5Ifh2baGJwGDtSU6 HTTP/1.1" 200 25
201.184.82.154 - - [26/Jun/2022:16:47:24 -0500] "GET /kwssiamovil/sm/acme/a?s=U2FsdGVkX1/ylcsxf1OVNHzsT6OUVyjhT3eN7Vuxj1XB6wFh0V3WQoDQenXRvgZlvZxvDV9bYEMDdS24TTYqc2VtuO2WOMGCzpWAzH4mIOJvfWOCkMscjj9YVLZJP5fRarfApT/8m/untcWCMlR0V1PAy2c5DuImwe3r2HOM6+o=&u=U2FsdGVkX19amrGFDGtPfsavnxOOT0DOKcUA/aJYmco=&y=U2FsdGVkX19Q4usrc0zhqChTywn1weUMtKb/tDiQLmR6k0/D5Ifh2baGJwGDtSU6 HTTP/1.1" 200 25
201.184.82.154 - - [26/Jun/2022:16:47:30 -0500] "GET /kwssiamovil/sm/acme/a?s=U2FsdGVkX19jzGz2UnFdmOJicSOe/ghK9BFj4DUA+ms0xrlddKy/Lr7bfPsSzrIZIBRfzwuwfK6PkQpkUyrQq84nQfBIFHi+ikRs/rQ93+PhpU9imdhxJqjzuPpsR61ir0d86bJysl/3Mu7bFngoeP/hk4Wo+X5yfGzysDpFD1E=&u=U2FsdGVkX19amrGFDGtPfsavnxOOT0DOKcUA/aJYmco=&y=U2FsdGVkX19Q4usrc0zhqChTywn1weUMtKb/tDiQLmR6k0/D5Ifh2baGJwGDtSU6 HTTP/1.1" 200 25
201.184.82.154 - - [26/Jun/2022:16:47:31 -0500] "GET /kwssiamovil/sm/acme/a?s=U2FsdGVkX1+w3OYczn4ChdMthltMGlJHhowbGf8d5JQfrrDgeu0Hi39aiwgzIzwCYOesq63N1c9/RiRozpElHZSrgRwo7Sb5O9EPDvMXmzqvqyv5L2ZFvMsXc/ETsPy9YyJiHnKpnOADvcgBqMgkN1+EG3qzfhj7IQCSCq9F8N0=&u=U2FsdGVkX19amrGFDGtPfsavnxOOT0DOKcUA/aJYmco=&y=U2FsdGVkX19Q4usrc0zhqChTywn1weUMtKb/tDiQLmR6k0/D5Ifh2baGJwGDtSU6 HTTP/1.1" 200 25
201.184.82.154 - - [26/Jun/2022:16:47:32 -0500] "GET /kwssiamovil/sm/acme/a?s=U2FsdGVkX1+YMC6Zli2bZxj64p20KX/KEyRKrf9yas5qpJ9U+Vtyy8GhUxl2pE3Q04VLyTbhl+1rijrE9mNKBhqzRJU7K5s3xDl1+BCwh/TUMisZe0mauoCCXI8dqAa/6kh9wawy5IFXhM+uNCVJxMRzeJ30UmMrVMMQnJUrHZ1s4pzeYC/ATsBHf86lzEx7&u=U2FsdGVkX19amrGFDGtPfsavnxOOT0DOKcUA/aJYmco=&y=U2FsdGVkX19Q4usrc0zhqChTywn1weUMtKb/tDiQLmR6k0/D5Ifh2baGJwGDtSU6 HTTP/1.1" 200 25
201.184.82.154 - - [26/Jun/2022:16:47:32 -0500] "GET /kwssiamovil/sm/acme/a?s=U2FsdGVkX18ir425ePO9eS7REy7C9I/ne7veu6YG+y+Zsephjei66N0LYF3KQiAFSt4SbconcucNxwO1nDE4gxn3iWwQcgq88FljHE0xdWWmLyfhkktOBQ0k8H7e1fF2+SrPdkX9JPAc1MVS3f62ALmt12tB2iO2JhUWshAsoBNZn97c0Aq4tdtiWpLbhwX4dFF6/Yu9Bnyv3M8luzYYv7ZnfOwMCaqplYM5wp66plsGFhjrqMXwJBZIqMkOVU03VAzuUuQzSv8f5CspvR67WASU2KhTUny+pny0/+PL1UubCXsg89szJ8fYB7iGXb+dRvWdbuL73QfFw8bUxeY2EBcHOfn/INXugyMzmP9iRBQozgVljPUFkfjBW1O3zxxhisTX86IcIduWOP7MFBkFZonG8fa2YIasabjAwDjh+KM=&u=U2FsdGVkX19amrGFDGtPfsavnxOOT0DOKcUA/aJYmco=&y=U2FsdGVkX19Q4usrc0zhqChTywn1weUMtKb/tDiQLmR6k0/D5Ifh2baGJwGDtSU6 HTTP/1.1" 200 25
201.184.82.154 - - [26/Jun/2022:16:47:33 -0500] "GET /kwssiamovil/sm/acme/a?s=U2FsdGVkX19zot4Wi16vHifmom/QgKqwLSILjwOt75IGnhxGZGh4yKPU8+JTBVOZFiaiuO5MhCvWzXdnea2p5+/ZSwehJCuCrgWtZcDZYbcQH60YnVWuxdtQ+WFsGePxaNS403ZIEDoaoUWkfry6O2NbGXNSZyHOlkOvQKFJ130k88DpYfSsj1m18rfJeoPMR95Cs1ZDl1WtDKUJZ2MxR/y5w/Nb4lNWgNwxwmmxg5DoP2llZiI56/bGGMPVIvzNFO4XHMxWztRyd/EL5RpnyKLOl5jxdLV8cDRNb20cOZfZbV/RwHtRRWzMc8r7fx/yfv6sVPTqX9w5WlJOComMLN+SfEX6k4Azp6Wa46n5PKkT/CK5iBBaESBy0YgecO2R&u=U2FsdGVkX19amrGFDGtPfsavnxOOT0DOKcUA/aJYmco=&y=U2FsdGVkX19Q4usrc0zhqChTywn1weUMtKb/tDiQLmR6k0/D5Ifh2baGJwGDtSU6 HTTP/1.1" 200 25
216.245.221.92 - - [26/Jun/2022:16:48:31 -0500] "HEAD / HTTP/1.1" 200 -
172.22.2.4 - - [26/Jun/2022:16:48:20 -0500] "HEAD /BLA/boletinlegal/ HTTP/1.1" 200 -
201.184.82.154 - - [26/Jun/2022:16:50:40 -0500] "GET /kwssiamovil/sm/acme/u?s=U2FsdGVkX1+LBfWG1/R8Hxt55EHCtLiJujFUUap2tMFi4V42iBuVeTjpW6rh7tkz8QBdg84P/ERIYdxA/4DCKLZapOHvVmqMdflcGzALu0rkwNVK/LQym2VWA3YZUsFr4gNCVbcz3fVBHpruf+qtwg==&u=U2FsdGVkX19amrGFDGtPfsavnxOOT0DOKcUA/aJYmco=&y=U2FsdGVkX19Q4usrc0zhqChTywn1weUMtKb/tDiQLmR6k0/D5Ifh2baGJwGDtSU6 HTTP/1.1" 200 60
172.22.2.4 - - [26/Jun/2022:16:49:10 -0500] "GET /BLA/boletinlegal/ HTTP/1.1" 200 61027
157.55.39.114 - - [26/Jun/2022:16:51:57 -0500] "GET /BLA/resoluciones/AUTOS%202021/1643.pdf HTTP/1.1" 304 -
201.184.82.154 - - [26/Jun/2022:16:52:05 -0500] "GET /kwssiamovil/sm/acme/u?s=U2FsdGVkX18iXD+NotepIfhP/lfBFw6ODMfKFKCwnzokRQ4g2piqFCboZNME3FxWXXpoSZottH7SkaJ9XmBY+gFjy++bEsaAiYJpkI4JcHR+rueQ8yXHV4bXVcCamEEH5ogtUr3FmlVRO8YPrLgw8g==&u=U2FsdGVkX19amrGFDGtPfsavnxOOT0DOKcUA/aJYmco=&y=U2FsdGVkX19Q4usrc0zhqChTywn1weUMtKb/tDiQLmR6k0/D5Ifh2baGJwGDtSU6 HTTP/1.1" 200 60
216.245.221.92 - - [26/Jun/2022:16:53:31 -0500] "HEAD / HTTP/1.1" 200 -
191.156.176.93 - - [26/Jun/2022:16:53:45 -0500] "GET /css/date_blue.css HTTP/1.1" 404 1254
191.156.181.78 - - [26/Jun/2022:16:53:45 -0500] "GET /css/fondos.css HTTP/1.1" 404 1254
191.156.176.93 - - [26/Jun/2022:16:53:45 -0500] "GET /css/textos.css HTTP/1.1" 404 1254
191.156.181.78 - - [26/Jun/2022:16:53:46 -0500] "GET /css/bordes.css HTTP/1.1" 404 1254
191.156.181.78 - - [26/Jun/2022:16:53:58 -0500] "GET /favicon.ico HTTP/1.1" 200 7782
172.22.2.4 - - [26/Jun/2022:16:54:10 -0500] "HEAD /BLA/boletinlegal/ HTTP/1.1" 200 -
172.22.2.4 - - [26/Jun/2022:16:55:00 -0500] "GET /BLA/boletinlegal/ HTTP/1.1" 200 61027
201.184.82.154 - - [26/Jun/2022:16:56:41 -0500] "OPTIONS /kwssiamovil/sm/setfile/f? HTTP/1.1" 200 13
201.184.82.154 - - [26/Jun/2022:16:56:41 -0500] "POST /kwssiamovil/sm/setfile/f? HTTP/1.1" 200 381
201.184.82.154 - - [26/Jun/2022:16:56:57 -0500] "GET /kwssiamovil/sm/acme/a?s=U2FsdGVkX19yGviTb6xanUjq2iSEHvs/d0hYiZQ3zlJGpzw+os+rpJKcCKQaaHtiwVfI1po721H1BHNsAO/+I1v6GHfCq3RBkPasHWHX0JUMq1AP82+autFqBZsr7a6lmWZ+2GrVE5NSmB2Oq8is+85f1jLFgKyEIdxtFYBBU5kANnS44yQHXzgwPmublQIK9XlR5DSJxgGExu+durcHQbFJ5t8iHLCLSBt7yPcpjLhfyMsXyI1QOsHnQZ6xzsdNgdhbwtdRGeorMGNDjpdYuQ==&u=U2FsdGVkX19amrGFDGtPfsavnxOOT0DOKcUA/aJYmco=&y=U2FsdGVkX19Q4usrc0zhqChTywn1weUMtKb/tDiQLmR6k0/D5Ifh2baGJwGDtSU6 HTTP/1.1" 200 25
201.184.82.154 - - [26/Jun/2022:16:56:58 -0500] "GET /kwssiamovil/sm/acme/a?s=U2FsdGVkX1/N2uD7bylfuXEcQfZivaR96YefkHL3zshbZW29QnWgfxbjjAgeYdyuqdmNIEVPVzoh4uCkHdnhF6IA+fmpT0CMkHTTG+jx0giXffkqOIiPKshul+6KWuqVH0ZWRsENgpOYxOERTiPH9T9X8jDa1+UCBvSf0+i0tO5COeUkxkVZ5CQEoZ5tZ3TKDLSu3IPPLsWCola6pDvgsrp2/N2tMcj4w+XVPjooSO6NWxMJ6VYOXrHk6V2KUcsXe9grblckLrrO8soR38HaaoA+rj6yjMCeN2CYtus/QuUJGSzbq3Irw99nCCXqCgOIsuTPbSa/nUoeOKkMxo2dzijCRMGsxnGokDkKlJ3GtEZK9haSNCNFtSIxySbqHz06ZlPTDD/ZJ0zE8H3WBjm5fuu10QxEIiRC2d+dX4F1YQoBQdvN5x8jBCgK6ERDlVuEE6XQ94vRF3o5vd7bj6+Ext8xibMC6pJOsdL9YlPdIKqn701uwmMnhCtAW5QU4dR6gEHGthvbBs5wyp+pZN+dZWmIp3RxF2XOrEueJRAy1NA7md2zjS+x+yYtDYRLL1ydP1XS+VWvqwi4R+2G71FbiUq9dGTdh8sI28WQHa3Z2y3KKYHvx4runE17+W9HdOoIoYMPWXefiomswA1qu5HOz0NaMmLHPpMa8pigSSOpYsKo6dktJ5mRDzN0Kr0+WBr+in7HP5VcP18IHNjOfJwk7e+MRHG47vM8mcDy2Rys2gmySLHV47SbPJnQm93KXibRF8kLayQdXDh062RtDah1O9BntoE9BRtLXLrNMz/JSByuC36Aa8NSu6eynN1bCXOAVad2W47LL980mnJ9a/H9ORUAozhv0zbpllYRPVTu8FUHRNpiuoTP1krKR7YlK41tZQYMs5YH1fZCUrw2SutsJR9/FO2Pg8xJR7qfCLoF2fmVyN/PYMLJFDW9mXlWCu1yxmMPCog5AP1a7GBZbAKYhIQBkMRpX+YjjOH2n6F8vKDDnQVlhRE1h2q9sFlBpbAE1nvaARpf3j996h+DJt3sgC+rdjUUCDBG7wAHnJpU/sG/faUsjJL0La0edhMruILs9VAt7VH4OMCjmRPzI24forp0J9XN3M7QwPpjGDk92aKn/mDJkj6iBSMU78YeRfNuLAaJ99uUcWkVYoItZCArbgDguUEQIytc6QKlSObOXbZeIM5n1IJlV6rN0JQs1xcWA6MtaVmyv7uuBqj4FNGhcQ1TF/r2UNN43yMi5X1NDwA5hm3z0p1cm6vw9M2OinnKx5+PK4vTNaPYAZTPDaO9FAdcUNZoBiXj87FF+2NdT/Z7WgC766iOGfv6nx4bF6k2JPJtomF4/4+eJAL41CMegw==&u=U2FsdGVkX19amrGFDGtPfsavnxOOT0DOKcUA/aJYmco=&y=U2FsdGVkX19Q4usrc0zhqChTywn1weUMtKb/tDiQLmR6k0/D5Ifh2baGJwGDtSU6 HTTP/1.1" 200 25
201.184.82.154 - - [26/Jun/2022:16:56:58 -0500] "GET /kwssiamovil/sm/acme/a?s=U2FsdGVkX1+erqoV5UXklcX5oMtls0Wa6ttI8qLzL9sYe4FSTTW7YorqxpLqBq6Meh6WnaQWSYDhAmWRPMau+tEk8I7s+4fkdsLFOW7qET9Z6sbDaZRLzCqb4xU9ynGCvk/K3tyrhnPBgvt06anPNZl6xWyCUsYfnSziSIZgVmw=&u=U2FsdGVkX19amrGFDGtPfsavnxOOT0DOKcUA/aJYmco=&y=U2FsdGVkX19Q4usrc0zhqChTywn1weUMtKb/tDiQLmR6k0/D5Ifh2baGJwGDtSU6 HTTP/1.1" 200 25
201.184.82.154 - - [26/Jun/2022:16:56:58 -0500] "GET /kwssiamovil/sm/acme/a?s=U2FsdGVkX1+F4w38OE3bJdwBzjPsvNJNJCGabCL/6gVioumCyU0W1rfrqqBky9L+Xv9AUQS5uSQkK6K+ji/YW1mhgqiDqTnKkDHQTm2west6HsBPq2Q+plm1k2PilA2pUiY2iJ8NUii5ZV4MBzuCsfRURNSZYochVXEFL5sckLk=&u=U2FsdGVkX19amrGFDGtPfsavnxOOT0DOKcUA/aJYmco=&y=U2FsdGVkX19Q4usrc0zhqChTywn1weUMtKb/tDiQLmR6k0/D5Ifh2baGJwGDtSU6 HTTP/1.1" 200 25
201.184.82.154 - - [26/Jun/2022:16:56:58 -0500] "GET /kwssiamovil/sm/acme/a?s=U2FsdGVkX1/t3SMUOxnM6imb60ERk/GCBPJTuVYboQB9b7dD64W1kNbSZTUAOAyXgSEyoeNR9V81YGzwcDPWyfCQv5LVCDBp+oy5Eu/Lq5pvT9pbf/YvtallPMiFh+yNkKhG4Cgxc6TYnimrI8yIopURnDS0Kz3UOKIGY3TTEE0=&u=U2FsdGVkX19amrGFDGtPfsavnxOOT0DOKcUA/aJYmco=&y=U2FsdGVkX19Q4usrc0zhqChTywn1weUMtKb/tDiQLmR6k0/D5Ifh2baGJwGDtSU6 HTTP/1.1" 200 25
201.184.82.154 - - [26/Jun/2022:16:56:59 -0500] "GET /kwssiamovil/sm/acme/a?s=U2FsdGVkX1/6MrPYsRAdQOALa0LAuuhwluP5/F5oB3yQZvI1cNR9A5fWaDMcDpNJ9/0h+NbRWYGvrvGw2MIeiBIUq1OIDnM6fqEH3NtFZpwYpWDQP/mLFbEHUvKuuwdhh+hpjlGSjOeb5qAx7Q31cpfHeoeqioqvzKi44F3WvGyZ/cTOVShLgjnGdmOhanqT&u=U2FsdGVkX19amrGFDGtPfsavnxOOT0DOKcUA/aJYmco=&y=U2FsdGVkX19Q4usrc0zhqChTywn1weUMtKb/tDiQLmR6k0/D5Ifh2baGJwGDtSU6 HTTP/1.1" 200 25
201.184.82.154 - - [26/Jun/2022:16:56:59 -0500] "GET /kwssiamovil/sm/acme/a?s=U2FsdGVkX19XQfbJk50I+4Jye9fZBjeUVcD3vQz1gxP2mCj41Go9QWI9PnBoZM9sawqUYaiz5OpVIW6chcY7SeL1JPnHne+zEK/O06WJvG7L8NF5J4wyT9gqBuiWHnxooEL+p7tqH+UmxQP/jbYKuiSyzofg3amTR5Tg143RKdSbrSFqlkYLxxR5zmaEptrxS5749kZtyfHyq9i3McaJ8lF8Megr72KJGG3YXJjiQaBmz6DY9e215CDKfY/P8RZe7WSuGnnhO+kJx2jDqwbIBhkZQYgn+UUTJEZ5rqCq2o8ftjhGCNMOnlEqgCIG4Eh1ODBoKhHeXjAOX1DxsrojcUZMQ8Xm4tptlZ/EjO8W5s11vjiIi5BjTRKoXDMWD2U15xAfhA8dvHN7RgxHNGK+B4xoko/iEM1vHSzGCg/O8NUdzgeVYlU8PNQO/b5W/OfG&u=U2FsdGVkX19amrGFDGtPfsavnxOOT0DOKcUA/aJYmco=&y=U2FsdGVkX19Q4usrc0zhqChTywn1weUMtKb/tDiQLmR6k0/D5Ifh2baGJwGDtSU6 HTTP/1.1" 200 25
201.184.82.154 - - [26/Jun/2022:16:56:59 -0500] "GET /kwssiamovil/sm/acme/a?s=U2FsdGVkX19wSZctk9RiyQaJ6sBLxtJEN0/EhJ4Du2Dyyz8z4sFT/NS2GzJGYIkoBdJI8amN3E/4XLX+WUd2w26WulEg0TEwfOCorQ92olqWiWHQt8MJaWGIWWSI8ntxX9I1vJps7aWzza/yqRO7wSsrg1N1oq3P+ZSVk58yhSa7IIvqTN38q0lEEz6TTniZ2HdYH1r68ACwQZ+2QYBXYYWXkFMA+hudHwUZp6zIVg5QQyJRHEVSzU+w931qGkr+m36tCzRnAT66swie9e1UKlFtm0Z01+3IUexdVOA5bAw3phuoaS7GVXWd6vi1MhFRk0CGQaRYOYkoYwn1FJlxsmskMWX6dnpng4etIUu7SlundzWF2JdzcKxS+gXP+VEktb8+TfnfQyra98OwreSwtw==&u=U2FsdGVkX19amrGFDGtPfsavnxOOT0DOKcUA/aJYmco=&y=U2FsdGVkX19Q4usrc0zhqChTywn1weUMtKb/tDiQLmR6k0/D5Ifh2baGJwGDtSU6 HTTP/1.1" 200 25
64.124.8.52 - - [26/Jun/2022:16:58:00 -0500] "GET /catalogoisis/ HTTP/1.1" 200 8575
216.245.221.92 - - [26/Jun/2022:16:58:31 -0500] "HEAD / HTTP/1.1" 200 -
200.105.247.23 - - [26/Jun/2022:16:59:41 -0500] "GET /galeria/galeria/jquery.fancybox.js?v=2.1.5 HTTP/1.1" 200 48706
200.105.247.23 - - [26/Jun/2022:16:59:41 -0500] "GET /BLA/boletinlegal/js/jquery.scrollShow.js HTTP/1.1" 200 4586
200.105.247.23 - - [26/Jun/2022:16:59:42 -0500] "GET /galeria/galeria/jquery.fancybox.css?v=2.1.5 HTTP/1.1" 200 4895
201.184.82.154 - - [26/Jun/2022:17:00:44 -0500] "GET /kwssiamovil/sm/acme/u?s=U2FsdGVkX1/zdBHnGU/WdMXyMI5DFwq26p4c5AS+i5aZjdiP/c1zTJRXOktuqggQTdS/zeDAa2RsvvAwkn7QkFPe2fsf50W0aGeH6qKnVPQ8Evevv2s/B9Cfu8KjDKe4JoLdmMGyfODiedXZUITEkw==&u=U2FsdGVkX19amrGFDGtPfsavnxOOT0DOKcUA/aJYmco=&y=U2FsdGVkX19Q4usrc0zhqChTywn1weUMtKb/tDiQLmR6k0/D5Ifh2baGJwGDtSU6 HTTP/1.1" 200 60
64.124.8.53 - - [26/Jun/2022:17:00:46 -0500] "-" 408 -
172.22.2.4 - - [26/Jun/2022:17:00:00 -0500] "HEAD /BLA/boletinlegal/ HTTP/1.1" 200 -
172.22.2.4 - - [26/Jun/2022:17:00:50 -0500] "GET /BLA/boletinlegal/ HTTP/1.1" 200 61027
216.245.221.92 - - [26/Jun/2022:17:03:31 -0500] "HEAD / HTTP/1.1" 200 -
207.46.13.138 - - [26/Jun/2022:17:03:55 -0500] "GET /sipse/faces/javax.faces.resource/jquery/jquery-plugins.js;jsessionid=4jca8yz4+7e6oqct1fhdynpc.undefined?ln=primefaces&amp;v=4.0 HTTP/1.1" 200 220526
172.22.2.4 - - [26/Jun/2022:17:03:59 -0500] "GET /BLA/boletinlegal/actas/463597.pdf HTTP/1.1" 304 -
172.22.2.4 - - [26/Jun/2022:17:05:51 -0500] "HEAD /BLA/boletinlegal/ HTTP/1.1" 200 -
172.22.2.4 - - [26/Jun/2022:17:06:42 -0500] "GET /BLA/boletinlegal/ HTTP/1.1" 200 58464
216.245.221.92 - - [26/Jun/2022:17:08:31 -0500] "HEAD / HTTP/1.1" 200 -
173.252.95.116 - - [26/Jun/2022:17:12:26 -0500] "GET /secretaria-de-ambiente-capacito-a-200-personas-privadas-de-la-libertad-en-la-carcel-la-modelo.html HTTP/1.1" 206 956
172.22.2.4 - - [26/Jun/2022:17:11:41 -0500] "HEAD /BLA/boletinlegal/ HTTP/1.1" 200 -
216.245.221.92 - - [26/Jun/2022:17:13:31 -0500] "HEAD / HTTP/1.1" 200 -
172.22.2.4 - - [26/Jun/2022:17:12:31 -0500] "GET /BLA/boletinlegal/ HTTP/1.1" 200 60610
170.231.236.42 - - [26/Jun/2022:17:14:26 -0500] "GET / HTTP/1.1" 200 319
170.231.236.42 - - [26/Jun/2022:17:14:27 -0500] "POST /HNAP1/ HTTP/1.1" 404 1018
172.22.2.4 - - [26/Jun/2022:17:17:38 -0500] "GET /BLA/boletinlegal/actos.php HTTP/1.1" 200 9559
172.22.2.4 - - [26/Jun/2022:17:17:39 -0500] "GET /BLA/boletinlegal/favicon.ico HTTP/1.1" 404 1230
161.10.17.143 - - [26/Jun/2022:17:17:41 -0500] "GET /BLA/resoluciones/ HTTP/1.1" 200 13093
161.10.17.143 - - [26/Jun/2022:17:17:50 -0500] "GET /BLA/resoluciones/index.php?dir=RESOLUCIONES+2015%2F HTTP/1.1" 200 129705
109.237.103.123 - - [26/Jun/2022:17:17:54 -0500] "GET /.env HTTP/1.1" 404 1018
109.237.103.123 - - [26/Jun/2022:17:17:54 -0500] "\x16\x03\x01\x01D\x01" 400 226
45.148.10.81 - - [26/Jun/2022:17:18:03 -0500] "GET / HTTP/1.1" 200 319
172.22.2.4 - - [26/Jun/2022:17:17:37 -0500] "GET /BLA/boletinlegal/ HTTP/1.1" 200 24523
161.10.17.143 - - [26/Jun/2022:17:18:15 -0500] "GET /BLA/resoluciones/RESOLUCIONES%202015/1022.pdf HTTP/1.1" 200 568798
207.46.13.184 - - [26/Jun/2022:17:18:17 -0500] "GET /garza-azul-nueva-ave-registrada-en-el-humedal-el-burro.html HTTP/1.1" 304 -
