114.119.141.73 - - [26/Jun/2022:19:20:10 -0500] "-" 408 -
172.22.2.4 - - [26/Jun/2022:19:20:13 -0500] "GET /BLA/boletinlegal/consulta_actos.php?tipo=autos&no=&usuario=&sector=RESIDUOS&fecha=2021&resuelve=LICENCIA HTTP/1.1" 200 626
114.119.141.51 - - [26/Jun/2022:19:20:40 -0500] "-" 408 -
114.119.132.76 - - [26/Jun/2022:19:21:13 -0500] "-" 408 -
201.245.192.253 - - [26/Jun/2022:19:21:19 -0500] "POST /kwsrmcab/Wsrmcab HTTP/1.1" 500 253
201.245.192.253 - - [26/Jun/2022:19:21:19 -0500] "POST /kwsrmcab/Wsrmcab HTTP/1.1" 500 253
172.22.2.4 - - [26/Jun/2022:19:20:01 -0500] "HEAD /BLA/boletinlegal/ HTTP/1.1" 200 -
172.22.2.4 - - [26/Jun/2022:19:20:51 -0500] "GET /BLA/boletinlegal/ HTTP/1.1" 200 58928
216.245.221.92 - - [26/Jun/2022:19:23:31 -0500] "HEAD / HTTP/1.1" 200 -
130.61.208.44 - - [26/Jun/2022:19:23:44 -0500] "GET /galeria/galeria/fotos/2humedal-Burro2P.jpg HTTP/1.1" 200 8996
207.46.13.45 - - [26/Jun/2022:19:25:13 -0500] "GET /portaldeninos/ HTTP/1.1" 200 109662
108.174.5.112 - - [26/Jun/2022:19:25:43 -0500] "GET /que-orgullo-bogota-obtiene-reconocimiento-por-sus-planes-y-acciones-para-enfrentar-el-cambio-climatico.html HTTP/1.1" 206 773
172.22.2.4 - - [26/Jun/2022:19:25:51 -0500] "HEAD /BLA/boletinlegal/ HTTP/1.1" 200 -
172.22.2.4 - - [26/Jun/2022:19:26:41 -0500] "GET /BLA/boletinlegal/ HTTP/1.1" 200 57591
216.245.221.92 - - [26/Jun/2022:19:28:31 -0500] "HEAD / HTTP/1.1" 200 -
69.171.251.20 - - [26/Jun/2022:19:30:04 -0500] "GET /guadalupe-aguanoso-y-otros-tres-caminos-de-los-cerros-estarin-cerrados-este-fin-de-semana.html?fbclid=IwAR3e_h4fEferPlXPM_CjZH57JA06NQuKF-Rv0nsU9BES2HC2ieo73LYmzSk HTTP/1.1" 200 797
201.245.192.253 - - [26/Jun/2022:19:31:19 -0500] "POST /kwsrmcab/Wsrmcab HTTP/1.1" 500 253
201.245.192.253 - - [26/Jun/2022:19:31:19 -0500] "POST /kwsrmcab/Wsrmcab HTTP/1.1" 500 253
172.22.2.4 - - [26/Jun/2022:19:31:05 -0500] "GET /BLA/boletinlegal/ HTTP/1.1" 200 45003
172.22.2.4 - - [26/Jun/2022:19:31:41 -0500] "HEAD /BLA/boletinlegal/ HTTP/1.1" 200 -
216.245.221.92 - - [26/Jun/2022:19:33:32 -0500] "HEAD / HTTP/1.1" 200 -
172.22.2.4 - - [26/Jun/2022:19:32:35 -0500] "GET /BLA/boletinlegal/ HTTP/1.1" 200 36811
172.22.2.4 - - [26/Jun/2022:19:32:31 -0500] "GET /BLA/boletinlegal/ HTTP/1.1" 200 52639
172.22.2.4 - - [26/Jun/2022:19:33:57 -0500] "GET /BLA/boletinlegal/ HTTP/1.1" 200 61854
172.22.2.4 - - [26/Jun/2022:19:35:38 -0500] "GET /BLA/boletinlegal/js/jquery.scrollTo-min.js HTTP/1.1" 200 1150
45.148.10.81 - - [26/Jun/2022:19:36:30 -0500] "GET / HTTP/1.1" 200 319
54.76.175.47 - - [26/Jun/2022:19:37:00 -0500] "GET /dia-mundial-del-medio-ambiente-con-3-500-beneficiarias-comienza-la-segunda-fase-de-mujeres-que-reverdecen.html HTTP/1.1" 200 845
173.252.107.19 - - [26/Jun/2022:19:37:03 -0500] "GET /images/llantaton-jornada.jpg HTTP/1.1" 200 356045
69.171.249.8 - - [26/Jun/2022:19:37:14 -0500] "GET /images/acuerdos-enero-19.jpg HTTP/1.1" 200 56694
172.22.2.4 - - [26/Jun/2022:19:35:35 -0500] "GET /BLA/boletinlegal/ HTTP/1.1" 200 63473
69.171.249.6 - - [26/Jun/2022:19:37:24 -0500] "GET /mas-de-36-000-kilogramos-de-residuos-especiales-y-peligrosos-fueron-recolectados-esta-semana-en-bogota.html HTTP/1.1" 206 983
69.171.249.116 - - [26/Jun/2022:19:37:24 -0500] "GET /images/nueva-jornada-reciclaton-ambiente-cajas-12-noviembre.jpg HTTP/1.1" 200 479427
173.252.87.119 - - [26/Jun/2022:19:37:29 -0500] "GET /images/nueva-jornada-reciclaton-ambiente-cajas-12-noviembre.jpg HTTP/1.1" 200 479427
173.252.107.22 - - [26/Jun/2022:19:37:46 -0500] "GET /images/la-vieja-mayo-24.jpg HTTP/1.1" 200 58217
173.252.107.14 - - [26/Jun/2022:19:37:49 -0500] "GET /images/Naturalista1.jpeg HTTP/1.1" 200 202073
173.252.107.12 - - [26/Jun/2022:19:37:51 -0500] "GET /images/negocios-verdes-mayo-2022.jpg HTTP/1.1" 200 48000
173.252.107.4 - - [26/Jun/2022:19:37:51 -0500] "GET /images/cronica-amanda-rodriguez-30-abril.jpg HTTP/1.1" 200 26304
173.252.107.12 - - [26/Jun/2022:19:37:52 -0500] "GET /images/secretaria-rio-bogota-avances-12-mayo.jpg HTTP/1.1" 200 37281
173.252.107.19 - - [26/Jun/2022:19:37:52 -0500] "GET /images/feria-servicios-12-mayo-principal.jpg HTTP/1.1" 200 44744
173.252.107.12 - - [26/Jun/2022:19:37:53 -0500] "GET /images/ptar-alcaldesa-rio-bogota-12-mato.jpg HTTP/1.1" 200 40205
69.63.184.116 - - [26/Jun/2022:19:37:53 -0500] "GET /images/dia-rio-bogota-12-mayo.jpg HTTP/1.1" 200 44387
173.252.107.8 - - [26/Jun/2022:19:38:00 -0500] "GET /images/actividades-dia-tierra-22-abril.jpg HTTP/1.1" 200 77276
173.252.107.8 - - [26/Jun/2022:19:38:01 -0500] "GET /images/ecosistema-dia-internacional-tierra-21-abril.jpg HTTP/1.1" 200 30098
173.252.107.22 - - [26/Jun/2022:19:38:01 -0500] "GET /images/feria-servicios-tramites-puente-aranda-21-abril.jpg HTTP/1.1" 200 28255
173.252.107.18 - - [26/Jun/2022:19:38:01 -0500] "GET /images/bogota-ciudad-pac28-enero.jpg HTTP/1.1" 200 42642
173.252.107.15 - - [26/Jun/2022:19:38:06 -0500] "GET /images/feria-servicios-cuidamos-bogota-31-marzo.jpg HTTP/1.1" 200 109745
173.252.107.8 - - [26/Jun/2022:19:38:07 -0500] "GET /images/llantas-teusaquillo-1-abril.jpg HTTP/1.1" 200 50674
69.63.184.120 - - [26/Jun/2022:19:38:07 -0500] "GET /images/estacion-monitoreo-usme-29-marzo.jpg HTTP/1.1" 200 30383
69.171.249.22 - - [26/Jun/2022:19:38:09 -0500] "GET /se-aproxima-nueva-jornada-de-recoleccion-masiva-de-residuos-especiales-y-peligrosos-en-bogota.html HTTP/1.1" 206 1048
69.171.249.24 - - [26/Jun/2022:19:38:10 -0500] "GET /mas-de-14-000-llantas-fueron-recolectadas-durante-2021-en-actividades-de-llantaton.html HTTP/1.1" 206 1084
69.171.249.7 - - [26/Jun/2022:19:38:25 -0500] "GET /secretaria-de-ambiente-firma-dos-nuevos-pagos-por-servicios-ambientales-que-permitiran-conservar-36-hectareas-en-usme.html HTTP/1.1" 206 1048
69.171.249.13 - - [26/Jun/2022:19:38:25 -0500] "GET /ciudad-bolivar-y-puente-aranda-se-alistan-para-una-nueva-llantaton.html HTTP/1.1" 206 991
216.245.221.92 - - [26/Jun/2022:19:38:31 -0500] "HEAD / HTTP/1.1" 200 -
172.22.2.4 - - [26/Jun/2022:19:37:31 -0500] "HEAD /BLA/boletinlegal/ HTTP/1.1" 200 -
172.22.2.4 - - [26/Jun/2022:19:39:24 -0500] "GET /BLA/boletinlegal/Circulares/2019/.pdf HTTP/1.1" 404 1218
172.22.2.4 - - [26/Jun/2022:19:39:33 -0500] "GET /BLA/boletinlegal/Circulares/2012/Circular%20No.%2010%20del%2026%20de%20Enero%20de%202012.pdf HTTP/1.1" 404 1218
172.22.2.4 - - [26/Jun/2022:19:38:22 -0500] "GET /BLA/boletinlegal/ HTTP/1.1" 200 58464
201.245.192.253 - - [26/Jun/2022:19:41:19 -0500] "POST /kwsrmcab/Wsrmcab HTTP/1.1" 500 253
201.245.192.253 - - [26/Jun/2022:19:41:19 -0500] "POST /kwsrmcab/Wsrmcab HTTP/1.1" 500 253
216.245.221.92 - - [26/Jun/2022:19:43:31 -0500] "HEAD / HTTP/1.1" 200 -
172.22.2.4 - - [26/Jun/2022:19:43:21 -0500] "HEAD /BLA/boletinlegal/ HTTP/1.1" 200 -
172.22.2.4 - - [26/Jun/2022:19:45:48 -0500] "GET /BLA/boletinlegal/Directivas/2017/Directiva%20No.%2006%20del%2016%20de%20Agosto%20de%202017.pdf HTTP/1.1" 200 310598
172.22.2.4 - - [26/Jun/2022:19:44:11 -0500] "GET /BLA/boletinlegal/ HTTP/1.1" 200 54266
172.22.2.4 - - [26/Jun/2022:19:44:50 -0500] "GET /BLA/boletinlegal/index.php?s=/Index/\\think\\app/invokefunction&function=call_user_func_array&vars[0]=md5&vars[1][]=HelloThinkPHP21 HTTP/1.1" 200 36811
186.80.52.126 - - [26/Jun/2022:19:46:59 -0500] "GET /BLA/resoluciones/ HTTP/1.1" 200 13093
186.80.52.126 - - [26/Jun/2022:19:47:04 -0500] "GET /BLA/resoluciones/index.php?dir=AUTOS+2022%2F HTTP/1.1" 200 100160
172.22.2.4 - - [26/Jun/2022:19:47:25 -0500] "GET /BLA/boletinlegal/actos.php HTTP/1.1" 200 9559
172.22.2.4 - - [26/Jun/2022:19:47:34 -0500] "GET /BLA/boletinlegal/consulta_actos.php?tipo=autos&no=&usuario=&sector=&fecha=2022&resuelve=ACEITES HTTP/1.1" 200 626
172.22.2.4 - - [26/Jun/2022:19:47:40 -0500] "GET /BLA/boletinlegal/consulta_actos.php?tipo=autos&no=&usuario=&sector=&fecha=2021&resuelve=ACEITES HTTP/1.1" 200 626
172.22.2.4 - - [26/Jun/2022:19:47:57 -0500] "GET /BLA/boletinlegal/consulta_actos.php?tipo=autos&no=&usuario=&sector=VERTIMIENTOS&fecha=2021&resuelve=%A1 HTTP/1.1" 200 626
172.22.2.4 - - [26/Jun/2022:19:48:02 -0500] "GET /BLA/boletinlegal/consulta_actos.php?tipo=autos&no=&usuario=&sector=VERTIMIENTOS&fecha=2021&resuelve= HTTP/1.1" 200 265870
186.80.52.126 - - [26/Jun/2022:19:48:15 -0500] "GET /BLA/resoluciones/AUTOS%202021/6802.pdf HTTP/1.1" 200 474414
216.245.221.92 - - [26/Jun/2022:19:48:31 -0500] "HEAD / HTTP/1.1" 200 -
207.46.13.214 - - [26/Jun/2022:19:48:51 -0500] "GET /BLA/resoluciones/RESOLUCIONES%202000/2000%201100-1149.tif HTTP/1.1" 200 4486144
172.22.2.4 - - [26/Jun/2022:19:47:20 -0500] "GET /BLA/boletinlegal/ HTTP/1.1" 200 63473
186.80.52.126 - - [26/Jun/2022:19:49:04 -0500] "GET /BLA/resoluciones/AUTOS%202021/6795.pdf HTTP/1.1" 200 426983
207.46.13.8 - - [26/Jun/2022:19:50:16 -0500] "GET /BLA/resoluciones/1500-1549.tif HTTP/1.1" 404 1018
172.22.2.4 - - [26/Jun/2022:19:49:11 -0500] "HEAD /BLA/boletinlegal/ HTTP/1.1" 200 -
172.22.2.4 - - [26/Jun/2022:19:50:01 -0500] "GET /BLA/boletinlegal/ HTTP/1.1" 200 58464
2.57.122.35 - - [26/Jun/2022:19:52:03 -0500] "GET / HTTP/1.1" 200 319
207.46.13.214 - - [26/Jun/2022:19:52:12 -0500] "GET /BLA/resoluciones/AUTOS%202014/0621.pdf HTTP/1.1" 200 550023
216.245.221.92 - - [26/Jun/2022:19:53:31 -0500] "HEAD / HTTP/1.1" 200 -
172.22.2.4 - - [26/Jun/2022:19:55:01 -0500] "HEAD /BLA/boletinlegal/ HTTP/1.1" 200 -
172.22.2.4 - - [26/Jun/2022:19:55:51 -0500] "GET /BLA/boletinlegal/ HTTP/1.1" 200 59510
216.245.221.92 - - [26/Jun/2022:19:58:31 -0500] "HEAD / HTTP/1.1" 200 -
172.22.2.4 - - [26/Jun/2022:20:00:10 -0500] "GET /BLA/boletinlegal/jurisprudencia/analisis/G__Jurisp.%20Junio%202014_Sent%20Tutela%20Drumond.docx HTTP/1.1" 304 -
172.22.2.4 - - [26/Jun/2022:20:01:38 -0500] "GET /BLA/boletinlegal/Circulares/2017/Circular%20No.%2007%20del%2028%20de%20Abril%20de%202017.pdf HTTP/1.1" 200 309906
172.22.2.4 - - [26/Jun/2022:20:00:51 -0500] "HEAD /BLA/boletinlegal/ HTTP/1.1" 200 -
172.22.2.4 - - [26/Jun/2022:20:01:41 -0500] "GET /BLA/boletinlegal/ HTTP/1.1" 200 57591
216.245.221.92 - - [26/Jun/2022:20:03:31 -0500] "HEAD / HTTP/1.1" 200 -
172.22.2.4 - - [26/Jun/2022:20:06:41 -0500] "HEAD /BLA/boletinlegal/ HTTP/1.1" 200 -
40.77.167.67 - - [26/Jun/2022:20:08:26 -0500] "GET /BLA/resoluciones/AUTOS%202018/0614.pdf HTTP/1.1" 304 -
216.245.221.92 - - [26/Jun/2022:20:08:31 -0500] "HEAD / HTTP/1.1" 200 -
172.22.2.4 - - [26/Jun/2022:20:07:31 -0500] "GET /BLA/boletinlegal/ HTTP/1.1" 200 53867
103.125.131.190 - - [26/Jun/2022:20:10:03 -0500] "GET / HTTP/1.1" 200 319
172.22.2.4 - - [26/Jun/2022:20:12:03 -0500] "GET /BLA/boletinlegal/consulta_actos.php?tipo=resoluciones&no=3736&usuario=&sector=&fecha=2017&resuelve= HTTP/1.1" 200 1071
190.66.106.209 - - [26/Jun/2022:20:12:07 -0500] "GET /BLA/resoluciones/ HTTP/1.1" 200 13093
190.66.106.209 - - [26/Jun/2022:20:12:10 -0500] "GET /BLA/resoluciones/index.php?dir=RESOLUCIONES+2017%2F HTTP/1.1" 200 280535
190.66.106.209 - - [26/Jun/2022:20:12:24 -0500] "GET /BLA/resoluciones/RESOLUCIONES%202017/3736.pdf HTTP/1.1" 200 317149
157.55.39.133 - - [26/Jun/2022:20:12:35 -0500] "GET / HTTP/1.1" 200 4720
186.102.44.114 - - [26/Jun/2022:20:13:06 -0500] "GET /kwssiamovil/sm/acme/a?s=U2FsdGVkX19x7CNgOiD+3v37J8BUe6B58VjTThl3aNR5sUb9rcA+30NFkcVz+r/h9UBZ9nn9aY5lrIsDGJW2DyrKlOpjSrhus9DIligZuxOzo1HpiXmrHPPkxfiF8NfDm9kuj1L/KETG/sZCNvwivtbwD1ma/7AKuGBFm1qNSdlKb+Sd6ZyTVVWYOpnIbvJA2/CkspXfYn2mMR+R2p2mYlEHaH9wl9axhfRGxYgNIiKesikEuueKm9MkPlTPk3ezIbQaJLnAj5iHKOqNytxhRQ==&u=U2FsdGVkX1+24qFdSK4K/5KRQyK8x2b9NtwK+FciMWE=&y=U2FsdGVkX197SqQpCj9lGN1fTjOkCqSMJ/xigmtLm3RpwAVsLrJgzsJOl2hDsqsE HTTP/1.1" 200 25
186.102.44.114 - - [26/Jun/2022:20:13:06 -0500] "GET /kwssiamovil/sm/acme/a?s=U2FsdGVkX1/AUbOuj1l0SpnGcnotx/NmH/l1+3U/P/mOujLhjPXmW+TIBfDBI526Dg8YdlWm4T8QMUbXrEa61t7bVWwpxaDudK8bWaQS9mstkRwFBjrCt3SKs83JgsX6Xi/f0AbpxvOBA//djYOpsUtiiOzdBT+QT9wqh5X1Jo6uC9Vslj/zCwC+ZvHE0BFPfa2L+i9MHvWLSYNydDk0X/Wx4z4dZEHa05TIrIBm1VoESViu1U0pIze+8WvgMDBaGZDydM1u2oYgpj3gjaoOYjGn6bWZAPksMvMMeX3sIuS+wdwz1bqJWZMV2dbmJS8VEmSN4HCrV+HNTdjVvTr63mSaeu9ledlmdni+PL/emO064iZ0xM9PvRihF7CDLcSo6QSAaXqL1OviGd3JBYa1tL7eIO1Sf+fEhFJvTkW4HcA7yYxAjKc2q3if79n3yJxA5q0zjh5nIpLu65LZoaP4s/dVIg0xJWeQn75e9DUsHIdgGp54fEqYBXo6W9WxR/shdnJv75S/bJ3GpVIILcqlJEp/O4aBr5Gri+vlfVnlF37RyXs/q+FEIBtZx+GWddGV+uZQSzVNB9XpymcTjjDTf9ocvls5I2Rf+N6eBmYQG/Mnrb8pCHhvzhjo1leR3n4VbvypsV5ckfa/z5V+Pm0Sn+8hCdOa7MbBp1+w0oIhOEfU9rPuy5HvWYkx4ESIghauoObXKWh3ca2aUnhmbmO9767UvTEHK2vOHlXsjbK2gVVtRkOwqQzdiAwYW0ZmOvsOCUJiQnGiGxWQvDF6F7NKKYyLEN+ITzCMnOq4QluvjC+oPlY8jOGyW5xXl+xhSYuFUk5Ei4HoBoXO6SAuZ/otEc5skeQLkRUb1VwFKZL0h3DyZhBeVh1Mtho2jk+v2y6Mfz1bF/uoI2p5wV0lbS/N4BSNHOi3G1ExY6KMHgsQhAO4zR3dHudPlKZCyll7/KDjvw0cLRYvWgNC+5Qzty7MqT0E9njEMY9XJW3et2J1MKkT9fHZLUWxaEWj2lYkawa6OediSHJNP1hcxOp0Tq4Bj0yzexB3qt5c+nDrG24gttEYq298wHkamUoR/8E4sMFup70UMatIAOmGH4nHGC0L3czdtlordnPpSDpiOYlVsdNxE1ghI+UybT6ncjBVpQGRJ2vC8qDrOU8bMAhlVXgYJyX7N7ddeXuNQRXDugQwBx3Pk/ZmFfbotDDNsdtC8n5JnYNvZUbhr8NTt3tCRBlCckdvxQyIA9ottpXAdcsXXY5h0QYFVYs43tWk5VykypoAGgujMvXlG69JNQad21AqPuy7slYzUyIimpli6vIGeOr6uNu7rTUT9f2rz4WsazKvuyDNle6MOE1i5ay7ecYoOZYPSPQlrsLEaJZZHHh/TWc7wgYk9Q4Aa8o7xAMjORrG4888CqqZAIabN8Kzjb+O6ltGW4KAEvW+OMxRfR4EneL6lVgPjUGhM3Ory78YRwUy&u=U2FsdGVkX1+24qFdSK4K/5KRQyK8x2b9NtwK+FciMWE=&y=U2FsdGVkX197SqQpCj9lGN1fTjOkCqSMJ/xigmtLm3RpwAVsLrJgzsJOl2hDsqsE HTTP/1.1" 200 25
186.102.44.114 - - [26/Jun/2022:20:13:07 -0500] "GET /kwssiamovil/sm/acme/a?s=U2FsdGVkX1+K9awvJsoD/WmQBT9tcckvVFeyvvyDXCArG+Yeb0MkxUw268uHUK2As4Q2gMohLqi19wYekKyZ97YiAnjJnRhQC0FTCtsymwIL1RNvdFp/zoMjNZ6SZroPM2QCYYXCRy5Rf5HwGqwtAfMXETW9KbLN5A0TWFd0lTc=&u=U2FsdGVkX1+24qFdSK4K/5KRQyK8x2b9NtwK+FciMWE=&y=U2FsdGVkX197SqQpCj9lGN1fTjOkCqSMJ/xigmtLm3RpwAVsLrJgzsJOl2hDsqsE HTTP/1.1" 200 25
186.102.44.114 - - [26/Jun/2022:20:13:07 -0500] "GET /kwssiamovil/sm/acme/a?s=U2FsdGVkX1808NUkNvOZS7s/YLI7BNcygLLxQmO+cs+7j54UVV/mXCSzN2+9Vg4a9KnoaB6bXZPE+KQoX9zoRQ395/nLwTVsklChXVyeOiCpk/AmWE3GW7dOGT3UeOq84eEplCw1a7FbYCRgKQ0FupR+PD2PervFgtpYU/i/Gzw=&u=U2FsdGVkX1+24qFdSK4K/5KRQyK8x2b9NtwK+FciMWE=&y=U2FsdGVkX197SqQpCj9lGN1fTjOkCqSMJ/xigmtLm3RpwAVsLrJgzsJOl2hDsqsE HTTP/1.1" 200 25
186.102.44.114 - - [26/Jun/2022:20:13:07 -0500] "GET /kwssiamovil/sm/acme/a?s=U2FsdGVkX18WNNz/pIB8pL/Bwr4eEl4vWv9/Az4CAYuZVg66NaYuUllXN65txEJKLtlxSn9M/joHZqXA76xqyDxkMjYRnnD+M2zW+eQT9CnEaeEKyVeQ2Bad8VJRya9ViU9bEMawbAcKR383kvDSor6QVr6pcBxNSu7x69gVYPo=&u=U2FsdGVkX1+24qFdSK4K/5KRQyK8x2b9NtwK+FciMWE=&y=U2FsdGVkX197SqQpCj9lGN1fTjOkCqSMJ/xigmtLm3RpwAVsLrJgzsJOl2hDsqsE HTTP/1.1" 200 25
186.102.44.114 - - [26/Jun/2022:20:13:07 -0500] "GET /kwssiamovil/sm/acme/a?s=U2FsdGVkX1/wOaxCLtTykByGmP8UAkmI49DyEwqEne5i45z5klJat7NdVj2kcCGi+IZupOMLSzcEtz0O/WirstffQT9jeY1Gm4aR+dR9zfcerWdqLa/3I7zIfoOJXQZR+esZYSkt93L2wAUe5oRvui8EDy+1paF6R4ZYOZlAubKaibmhVvAiQS7nBemhSwdH&u=U2FsdGVkX1+24qFdSK4K/5KRQyK8x2b9NtwK+FciMWE=&y=U2FsdGVkX197SqQpCj9lGN1fTjOkCqSMJ/xigmtLm3RpwAVsLrJgzsJOl2hDsqsE HTTP/1.1" 200 25
216.245.221.92 - - [26/Jun/2022:20:13:31 -0500] "HEAD / HTTP/1.1" 200 -
172.22.2.4 - - [26/Jun/2022:20:12:31 -0500] "HEAD /BLA/boletinlegal/ HTTP/1.1" 200 -
172.22.2.4 - - [26/Jun/2022:20:13:21 -0500] "GET /BLA/boletinlegal/ HTTP/1.1" 200 56011
71.6.232.6 - - [26/Jun/2022:20:15:44 -0500] "GET / HTTP/1.1" 200 319
94.102.61.10 - - [26/Jun/2022:20:17:01 -0500] "GET / HTTP/1.1" 200 319
216.245.221.92 - - [26/Jun/2022:20:18:31 -0500] "HEAD / HTTP/1.1" 200 -
172.22.2.4 - - [26/Jun/2022:20:18:21 -0500] "HEAD /BLA/boletinlegal/ HTTP/1.1" 200 -
172.22.2.4 - - [26/Jun/2022:20:19:11 -0500] "GET /BLA/boletinlegal/ HTTP/1.1" 200 58464
201.245.192.253 - - [26/Jun/2022:20:21:18 -0500] "POST /kwsrmcab/Wsrmcab HTTP/1.1" 500 253
201.245.192.253 - - [26/Jun/2022:20:21:18 -0500] "POST /kwsrmcab/Wsrmcab HTTP/1.1" 500 253
207.46.13.214 - - [26/Jun/2022:20:21:35 -0500] "GET /galeria/galeria/fotos/3humedal-Burro3G.jpg HTTP/1.1" 200 74809
172.22.2.4 - - [26/Jun/2022:20:22:09 -0500] "GET /BLA/boletinlegal/sites/all/libraries/mailchimp/vendor/phpunit/phpunit/src/Util/PHP/eval-stdin.php HTTP/1.1" 404 1018
157.55.39.114 - - [26/Jun/2022:20:22:55 -0500] "GET /BLA/resoluciones/RESOLUCIONES%202000/2000%202400-2449.tif HTTP/1.1" 200 4536154
216.245.221.92 - - [26/Jun/2022:20:23:31 -0500] "HEAD / HTTP/1.1" 200 -
172.22.2.4 - - [26/Jun/2022:20:24:11 -0500] "HEAD /BLA/boletinlegal/ HTTP/1.1" 200 -
172.22.2.4 - - [26/Jun/2022:20:25:01 -0500] "GET /BLA/boletinlegal/ HTTP/1.1" 200 61027
190.27.79.175 - - [26/Jun/2022:20:27:57 -0500] "GET /sipse/faces/index.xhtml HTTP/1.1" 200 677
190.27.79.175 - - [26/Jun/2022:20:27:57 -0500] "GET /sipse/faces/javax.faces.resource/theme.css?ln=primefaces-sipse HTTP/1.1" 304 -
190.27.79.175 - - [26/Jun/2022:20:27:57 -0500] "GET /sipse/faces/faces/autenticacion.xhtml HTTP/1.1" 200 12171
190.27.79.175 - - [26/Jun/2022:20:27:57 -0500] "GET /sipse/js/disable_browser_buttons.js HTTP/1.1" 304 -
190.27.79.175 - - [26/Jun/2022:20:27:57 -0500] "GET /sipse/js/funciones.js HTTP/1.1" 304 -
190.27.79.175 - - [26/Jun/2022:20:27:57 -0500] "GET /sipse/css/custom_css_sg.css HTTP/1.1" 304 -
190.27.79.175 - - [26/Jun/2022:20:27:57 -0500] "GET /sipse/css/custom_css_sg_prime_login.css HTTP/1.1" 304 -
190.27.79.175 - - [26/Jun/2022:20:27:57 -0500] "GET /sipse/faces/javax.faces.resource/theme.css?ln=primefaces-sipse HTTP/1.1" 304 -
190.27.79.175 - - [26/Jun/2022:20:27:57 -0500] "GET /sipse/faces/javax.faces.resource/primefaces.css?ln=primefaces&v=4.0 HTTP/1.1" 304 -
190.27.79.175 - - [26/Jun/2022:20:27:57 -0500] "GET /sipse/faces/javax.faces.resource/jquery/jquery.js?ln=primefaces&v=4.0 HTTP/1.1" 304 -
190.27.79.175 - - [26/Jun/2022:20:27:57 -0500] "GET /sipse/faces/javax.faces.resource/layout/layout.css?ln=primefaces&v=4.0 HTTP/1.1" 304 -
190.27.79.175 - - [26/Jun/2022:20:27:57 -0500] "GET /sipse/faces/javax.faces.resource/jquery/jquery-plugins.js?ln=primefaces&v=4.0 HTTP/1.1" 304 -
190.27.79.175 - - [26/Jun/2022:20:27:57 -0500] "GET /sipse/faces/javax.faces.resource/primefaces.js?ln=primefaces&v=4.0 HTTP/1.1" 304 -
190.27.79.175 - - [26/Jun/2022:20:27:57 -0500] "GET /sipse/faces/javax.faces.resource/layout/layout.js?ln=primefaces&v=4.0 HTTP/1.1" 304 -
190.27.79.175 - - [26/Jun/2022:20:27:57 -0500] "GET /sipse/css/imagen/loginimg.png HTTP/1.1" 304 -
190.27.79.175 - - [26/Jun/2022:20:27:57 -0500] "GET /sipse/css/imagen/logoSDG.png HTTP/1.1" 304 -
190.27.79.175 - - [26/Jun/2022:20:27:57 -0500] "GET /sipse/faces/javax.faces.resource/images/ui-icons_898989_256x240.png?ln=primefaces-aristo HTTP/1.1" 304 -
190.27.79.175 - - [26/Jun/2022:20:28:00 -0500] "POST /sipse/faces/autenticacion.xhtml HTTP/1.1" 200 12261
190.27.79.175 - - [26/Jun/2022:20:28:00 -0500] "GET /sipse/css/custom_css_sg_prime.css HTTP/1.1" 304 -
190.27.79.175 - - [26/Jun/2022:20:28:00 -0500] "GET /sipse/faces/javax.faces.resource/theme.css?ln=primefaces-sipse HTTP/1.1" 304 -
190.27.79.175 - - [26/Jun/2022:20:28:00 -0500] "GET /sipse/faces/javax.faces.resource/jquery/jquery.js?ln=primefaces&v=4.0 HTTP/1.1" 304 -
190.27.79.175 - - [26/Jun/2022:20:28:00 -0500] "GET /sipse/faces/javax.faces.resource/primefaces.css?ln=primefaces&v=4.0 HTTP/1.1" 304 -
190.27.79.175 - - [26/Jun/2022:20:28:00 -0500] "GET /sipse/faces/javax.faces.resource/layout/layout.css?ln=primefaces&v=4.0 HTTP/1.1" 304 -
190.27.79.175 - - [26/Jun/2022:20:28:00 -0500] "GET /sipse/faces/javax.faces.resource/jquery/jquery-plugins.js?ln=primefaces&v=4.0 HTTP/1.1" 304 -
190.27.79.175 - - [26/Jun/2022:20:28:00 -0500] "GET /sipse/faces/javax.faces.resource/primefaces.js?ln=primefaces&v=4.0 HTTP/1.1" 304 -
190.27.79.175 - - [26/Jun/2022:20:28:00 -0500] "GET /sipse/faces/javax.faces.resource/layout/layout.js?ln=primefaces&v=4.0 HTTP/1.1" 304 -
190.27.79.175 - - [26/Jun/2022:20:28:00 -0500] "GET /sipse/faces/javax.faces.resource/messages/messages.png?ln=primefaces&v=4.0 HTTP/1.1" 304 -
190.27.79.175 - - [26/Jun/2022:20:28:04 -0500] "POST /sipse/faces/presentacion/sistema/seguridad/seleccionRol.xhtml HTTP/1.1" 200 6697
190.27.79.175 - - [26/Jun/2022:20:28:05 -0500] "POST /sipse/faces/presentacion/sistema/seguridad/seleccionRol.xhtml HTTP/1.1" 200 15015
190.27.79.175 - - [26/Jun/2022:20:28:05 -0500] "GET /sipse/faces/javax.faces.resource/theme.css?ln=primefaces-sipse HTTP/1.1" 304 -
190.27.79.175 - - [26/Jun/2022:20:28:05 -0500] "GET /sipse/faces/javax.faces.resource/layout/layout.css?ln=primefaces&v=4.0 HTTP/1.1" 304 -
190.27.79.175 - - [26/Jun/2022:20:28:05 -0500] "GET /sipse/faces/javax.faces.resource/primefaces.css?ln=primefaces&v=4.0 HTTP/1.1" 304 -
190.27.79.175 - - [26/Jun/2022:20:28:05 -0500] "GET /sipse/js/jquery.min.js HTTP/1.1" 304 -
190.27.79.175 - - [26/Jun/2022:20:28:05 -0500] "GET /sipse/faces/javax.faces.resource/jquery/jquery.js?ln=primefaces&v=4.0 HTTP/1.1" 304 -
190.27.79.175 - - [26/Jun/2022:20:28:05 -0500] "GET /sipse/faces/javax.faces.resource/jquery/jquery-plugins.js?ln=primefaces&v=4.0 HTTP/1.1" 304 -
190.27.79.175 - - [26/Jun/2022:20:28:05 -0500] "GET /sipse/faces/javax.faces.resource/primefaces.js?ln=primefaces&v=4.0 HTTP/1.1" 304 -
190.27.79.175 - - [26/Jun/2022:20:28:05 -0500] "GET /sipse/faces/javax.faces.resource/layout/layout.js?ln=primefaces&v=4.0 HTTP/1.1" 304 -
190.27.79.175 - - [26/Jun/2022:20:28:05 -0500] "GET /sipse/imagenes/cargando.gif HTTP/1.1" 304 -
190.27.79.175 - - [26/Jun/2022:20:28:05 -0500] "GET /sipse/imagenes/logoAplicacion.jpg HTTP/1.1" 304 -
190.27.79.175 - - [26/Jun/2022:20:28:05 -0500] "GET /sipse/css/imagen/contrasena.png HTTP/1.1" 404 383
190.27.79.175 - - [26/Jun/2022:20:28:07 -0500] "GET /sipse/faces/javax.faces.resource/images/ui-bg_flat_0_2d5972_40x100.png?ln=primefaces-aristo HTTP/1.1" 304 -
190.27.79.175 - - [26/Jun/2022:20:28:07 -0500] "POST /sipse/faces/bienvenido.xhtml HTTP/1.1" 200 2073
190.27.79.175 - - [26/Jun/2022:20:28:08 -0500] "POST /sipse/faces/bienvenido.xhtml HTTP/1.1" 200 37740
190.27.79.175 - - [26/Jun/2022:20:28:09 -0500] "GET /sipse/faces/javax.faces.resource/theme.css?ln=primefaces-sipse HTTP/1.1" 304 -
190.27.79.175 - - [26/Jun/2022:20:28:09 -0500] "GET /sipse/faces/javax.faces.resource/primefaces.css?ln=primefaces&v=4.0 HTTP/1.1" 304 -
190.27.79.175 - - [26/Jun/2022:20:28:09 -0500] "GET /sipse/faces/javax.faces.resource/layout/layout.css?ln=primefaces&v=4.0 HTTP/1.1" 304 -
190.27.79.175 - - [26/Jun/2022:20:28:09 -0500] "GET /sipse/faces/javax.faces.resource/jquery/jquery.js?ln=primefaces&v=4.0 HTTP/1.1" 304 -
190.27.79.175 - - [26/Jun/2022:20:28:09 -0500] "GET /sipse/faces/javax.faces.resource/jquery/jquery-plugins.js?ln=primefaces&v=4.0 HTTP/1.1" 304 -
190.27.79.175 - - [26/Jun/2022:20:28:09 -0500] "GET /sipse/faces/javax.faces.resource/primefaces.js?ln=primefaces&v=4.0 HTTP/1.1" 304 -
190.27.79.175 - - [26/Jun/2022:20:28:09 -0500] "GET /sipse/faces/javax.faces.resource/layout/layout.js?ln=primefaces&v=4.0 HTTP/1.1" 304 -
190.27.79.175 - - [26/Jun/2022:20:28:11 -0500] "POST /sipse/faces/presentacion/financiero/solicitudProceso/consultar.xhtml HTTP/1.1" 200 9837
190.27.79.175 - - [26/Jun/2022:20:28:23 -0500] "POST /sipse/faces/presentacion/financiero/solicitudProceso/consultar.xhtml HTTP/1.1" 200 12960
190.27.79.175 - - [26/Jun/2022:20:28:26 -0500] "POST /sipse/faces/presentacion/financiero/solicitudProceso/consultar.xhtml HTTP/1.1" 200 149686
190.27.79.175 - - [26/Jun/2022:20:28:27 -0500] "GET /sipse/faces/javax.faces.resource/theme.css?ln=primefaces-sipse HTTP/1.1" 304 -
190.27.79.175 - - [26/Jun/2022:20:28:27 -0500] "GET /sipse/faces/javax.faces.resource/layout/layout.css?ln=primefaces&v=4.0 HTTP/1.1" 304 -
190.27.79.175 - - [26/Jun/2022:20:28:27 -0500] "GET /sipse/faces/javax.faces.resource/primefaces.css?ln=primefaces&v=4.0 HTTP/1.1" 304 -
190.27.79.175 - - [26/Jun/2022:20:28:27 -0500] "GET /sipse/faces/javax.faces.resource/jquery/jquery.js?ln=primefaces&v=4.0 HTTP/1.1" 304 -
190.27.79.175 - - [26/Jun/2022:20:28:27 -0500] "GET /sipse/faces/javax.faces.resource/jquery/jquery-plugins.js?ln=primefaces&v=4.0 HTTP/1.1" 304 -
190.27.79.175 - - [26/Jun/2022:20:28:27 -0500] "GET /sipse/faces/javax.faces.resource/primefaces.js?ln=primefaces&v=4.0 HTTP/1.1" 304 -
190.27.79.175 - - [26/Jun/2022:20:28:27 -0500] "GET /sipse/faces/javax.faces.resource/layout/layout.js?ln=primefaces&v=4.0 HTTP/1.1" 304 -
216.245.221.92 - - [26/Jun/2022:20:28:31 -0500] "HEAD / HTTP/1.1" 200 -
172.22.2.4 - - [26/Jun/2022:20:28:36 -0500] "GET /BLA/boletinlegal/robots.txt HTTP/1.1" 404 1038
87.250.224.146 - - [26/Jun/2022:20:28:37 -0500] "-" 408 -
87.250.224.23 - - [26/Jun/2022:20:28:43 -0500] "-" 408 -
172.22.2.4 - - [26/Jun/2022:20:28:47 -0500] "GET /BLA/boletinlegal/actos.php HTTP/1.1" 200 9559
87.250.224.5 - - [26/Jun/2022:20:28:50 -0500] "-" 408 -
5.255.253.115 - - [26/Jun/2022:20:28:56 -0500] "-" 408 -
5.45.207.97 - - [26/Jun/2022:20:29:12 -0500] "-" 408 -
87.250.224.167 - - [26/Jun/2022:20:29:27 -0500] "-" 408 -
172.22.2.4 - - [26/Jun/2022:20:28:36 -0500] "GET /BLA/boletinlegal/ HTTP/1.1" 200 36811
172.22.2.4 - - [26/Jun/2022:20:28:42 -0500] "GET /BLA/boletinlegal/ HTTP/1.1" 200 36811
5.45.207.139 - - [26/Jun/2022:20:29:56 -0500] "-" 408 -
190.27.79.175 - - [26/Jun/2022:20:30:42 -0500] "POST /sipse/faces/presentacion/financiero/solicitudProceso/consultarSolicitudProceso.xhtml HTTP/1.1" 200 40925
190.27.79.175 - - [26/Jun/2022:20:30:42 -0500] "GET /sipse/faces/javax.faces.resource/theme.css?ln=primefaces-sipse HTTP/1.1" 304 -
190.27.79.175 - - [26/Jun/2022:20:30:43 -0500] "GET /sipse/faces/javax.faces.resource/primefaces.css?ln=primefaces&v=4.0 HTTP/1.1" 304 -
190.27.79.175 - - [26/Jun/2022:20:30:43 -0500] "GET /sipse/faces/javax.faces.resource/layout/layout.css?ln=primefaces&v=4.0 HTTP/1.1" 304 -
190.27.79.175 - - [26/Jun/2022:20:30:43 -0500] "GET /sipse/faces/javax.faces.resource/jquery/jquery.js?ln=primefaces&v=4.0 HTTP/1.1" 304 -
190.27.79.175 - - [26/Jun/2022:20:30:43 -0500] "GET /sipse/faces/javax.faces.resource/jquery/jquery-plugins.js?ln=primefaces&v=4.0 HTTP/1.1" 304 -
190.27.79.175 - - [26/Jun/2022:20:30:43 -0500] "GET /sipse/faces/javax.faces.resource/primefaces.js?ln=primefaces&v=4.0 HTTP/1.1" 304 -
190.27.79.175 - - [26/Jun/2022:20:30:43 -0500] "GET /sipse/faces/javax.faces.resource/layout/layout.js?ln=primefaces&v=4.0 HTTP/1.1" 304 -
190.27.79.175 - - [26/Jun/2022:20:30:43 -0500] "POST /sipse/faces/presentacion/financiero/solicitudProceso/consultar.xhtml HTTP/1.1" 200 34347
190.27.79.175 - - [26/Jun/2022:20:30:43 -0500] "POST /sipse/faces/presentacion/financiero/solicitudProceso/consultar.xhtml HTTP/1.1" 200 34347
190.27.79.175 - - [26/Jun/2022:20:30:44 -0500] "POST /sipse/faces/presentacion/financiero/solicitudProceso/consultar.xhtml HTTP/1.1" 200 12960
190.27.79.175 - - [26/Jun/2022:20:30:47 -0500] "POST /sipse/faces/presentacion/financiero/solicitudProceso/consultar.xhtml HTTP/1.1" 200 149621
190.27.79.175 - - [26/Jun/2022:20:30:48 -0500] "GET /sipse/faces/javax.faces.resource/theme.css?ln=primefaces-sipse HTTP/1.1" 304 -
190.27.79.175 - - [26/Jun/2022:20:30:48 -0500] "GET /sipse/faces/javax.faces.resource/layout/layout.css?ln=primefaces&v=4.0 HTTP/1.1" 304 -
190.27.79.175 - - [26/Jun/2022:20:30:48 -0500] "GET /sipse/faces/javax.faces.resource/primefaces.css?ln=primefaces&v=4.0 HTTP/1.1" 304 -
190.27.79.175 - - [26/Jun/2022:20:30:48 -0500] "GET /sipse/faces/javax.faces.resource/jquery/jquery.js?ln=primefaces&v=4.0 HTTP/1.1" 304 -
190.27.79.175 - - [26/Jun/2022:20:30:49 -0500] "GET /sipse/faces/javax.faces.resource/jquery/jquery-plugins.js?ln=primefaces&v=4.0 HTTP/1.1" 304 -
190.27.79.175 - - [26/Jun/2022:20:30:49 -0500] "GET /sipse/faces/javax.faces.resource/primefaces.js?ln=primefaces&v=4.0 HTTP/1.1" 304 -
190.27.79.175 - - [26/Jun/2022:20:30:49 -0500] "GET /sipse/faces/javax.faces.resource/layout/layout.js?ln=primefaces&v=4.0 HTTP/1.1" 304 -
5.45.207.134 - - [26/Jun/2022:20:30:57 -0500] "-" 408 -
190.27.79.175 - - [26/Jun/2022:20:31:17 -0500] "POST /sipse/faces/presentacion/financiero/solicitudProceso/consultarSolicitudProceso.xhtml HTTP/1.1" 200 140503
201.245.192.253 - - [26/Jun/2022:20:31:19 -0500] "POST /kwsrmcab/Wsrmcab HTTP/1.1" 500 253
201.245.192.253 - - [26/Jun/2022:20:31:19 -0500] "POST /kwsrmcab/Wsrmcab HTTP/1.1" 500 253
172.22.2.4 - - [26/Jun/2022:20:30:01 -0500] "HEAD /BLA/boletinlegal/ HTTP/1.1" 200 -
157.55.39.114 - - [26/Jun/2022:20:31:46 -0500] "GET /BLA/resoluciones/RESOLUCIONES%202000/2000%20100-149.tif HTTP/1.1" 200 3148971
87.250.224.85 - - [26/Jun/2022:20:31:57 -0500] "-" 408 -
172.22.2.4 - - [26/Jun/2022:20:30:51 -0500] "GET /BLA/boletinlegal/ HTTP/1.1" 200 56372
216.245.221.92 - - [26/Jun/2022:20:33:31 -0500] "HEAD / HTTP/1.1" 200 -
87.250.224.35 - - [26/Jun/2022:20:33:57 -0500] "-" 408 -
186.31.130.206 - - [26/Jun/2022:20:35:01 -0500] "GET /BLA/resoluciones/ HTTP/1.1" 200 13093
186.31.130.206 - - [26/Jun/2022:20:35:08 -0500] "GET /BLA/resoluciones/index.php?dir=AUTOS+2011%2F HTTP/1.1" 200 632831
87.250.224.159 - - [26/Jun/2022:20:36:57 -0500] "-" 408 -
172.22.2.4 - - [26/Jun/2022:20:35:36 -0500] "GET /BLA/boletinlegal/ HTTP/1.1" 200 53867
172.22.2.4 - - [26/Jun/2022:20:35:51 -0500] "HEAD /BLA/boletinlegal/ HTTP/1.1" 200 -
34.252.106.188 - - [26/Jun/2022:20:37:34 -0500] "-" 408 -
172.22.2.4 - - [26/Jun/2022:20:36:41 -0500] "GET /BLA/boletinlegal/ HTTP/1.1" 200 55012
216.245.221.92 - - [26/Jun/2022:20:38:31 -0500] "HEAD / HTTP/1.1" 200 -
172.22.2.4 - - [26/Jun/2022:20:39:23 -0500] "GET /BLA/boletinlegal/Circulares/2019/.pdf HTTP/1.1" 404 1218
193.118.53.218 - - [26/Jun/2022:20:40:04 -0500] "GET / HTTP/1.1" 200 319
201.245.192.253 - - [26/Jun/2022:20:41:19 -0500] "POST /kwsrmcab/Wsrmcab HTTP/1.1" 500 253
201.245.192.253 - - [26/Jun/2022:20:41:19 -0500] "POST /kwsrmcab/Wsrmcab HTTP/1.1" 500 253
172.22.2.4 - - [26/Jun/2022:20:41:41 -0500] "HEAD /BLA/boletinlegal/ HTTP/1.1" 200 -
216.245.221.92 - - [26/Jun/2022:20:43:31 -0500] "HEAD / HTTP/1.1" 200 -
40.77.167.53 - - [26/Jun/2022:20:44:09 -0500] "GET /BLA/resoluciones/RESOLUCIONES%202000/2000%201900-1949.tif HTTP/1.1" 200 4383060
172.22.2.4 - - [26/Jun/2022:20:42:31 -0500] "GET /BLA/boletinlegal/ HTTP/1.1" 200 53003
34.91.70.28 - - [26/Jun/2022:20:47:58 -0500] "GET / HTTP/1.1" 200 319
216.245.221.92 - - [26/Jun/2022:20:48:31 -0500] "HEAD / HTTP/1.1" 200 -
172.22.2.4 - - [26/Jun/2022:20:47:31 -0500] "HEAD /BLA/boletinlegal/ HTTP/1.1" 200 -
172.22.2.4 - - [26/Jun/2022:20:49:48 -0500] "GET /BLA/boletinlegal/jurisprudencia/analisis/AnalisisT-606-15.docx HTTP/1.1" 200 26698
172.22.2.4 - - [26/Jun/2022:20:49:49 -0500] "GET /BLA/boletinlegal/apple-touch-icon-120x120-precomposed.png HTTP/1.1" 404 1140
172.22.2.4 - - [26/Jun/2022:20:49:49 -0500] "GET /BLA/boletinlegal/apple-touch-icon-120x120.png HTTP/1.1" 404 1140
172.22.2.4 - - [26/Jun/2022:20:49:49 -0500] "GET /BLA/boletinlegal/apple-touch-icon-precomposed.png HTTP/1.1" 404 1140
172.22.2.4 - - [26/Jun/2022:20:49:49 -0500] "GET /BLA/boletinlegal/apple-touch-icon.png HTTP/1.1" 404 1140
172.22.2.4 - - [26/Jun/2022:20:49:49 -0500] "GET /BLA/boletinlegal/favicon.ico HTTP/1.1" 404 1140
172.22.2.4 - - [26/Jun/2022:20:49:49 -0500] "GET /BLA/boletinlegal/apple-touch-icon-120x120-precomposed.png HTTP/1.1" 404 1140
172.22.2.4 - - [26/Jun/2022:20:49:49 -0500] "GET /BLA/boletinlegal/apple-touch-icon-120x120.png HTTP/1.1" 404 1140
172.22.2.4 - - [26/Jun/2022:20:49:49 -0500] "GET /BLA/boletinlegal/apple-touch-icon-precomposed.png HTTP/1.1" 404 1140
172.22.2.4 - - [26/Jun/2022:20:49:49 -0500] "GET /BLA/boletinlegal/apple-touch-icon.png HTTP/1.1" 404 1140
172.22.2.4 - - [26/Jun/2022:20:49:49 -0500] "GET /BLA/boletinlegal/favicon.ico HTTP/1.1" 404 1140
172.22.2.4 - - [26/Jun/2022:20:48:21 -0500] "GET /BLA/boletinlegal/ HTTP/1.1" 200 58464
130.61.208.44 - - [26/Jun/2022:20:52:47 -0500] "GET /galeria/galeria/fotos/juan-amarillo2P.jpg HTTP/1.1" 200 32696
130.61.208.44 - - [26/Jun/2022:20:53:22 -0500] "GET /galeria/galeria/fotos/1humedal-Burro1P.jpg HTTP/1.1" 200 7921
216.245.221.92 - - [26/Jun/2022:20:53:31 -0500] "HEAD / HTTP/1.1" 200 -
172.22.2.4 - - [26/Jun/2022:20:54:54 -0500] "GET /BLA/boletinlegal/consulta_actos.php?tipo=autos&no=2700&usuario=&sector=&fecha=2012&resuelve= HTTP/1.1" 200 1075
190.66.106.209 - - [26/Jun/2022:20:54:56 -0500] "GET /BLA/resoluciones/ HTTP/1.1" 200 13093
190.66.106.209 - - [26/Jun/2022:20:54:59 -0500] "GET /BLA/resoluciones/index.php?dir=AUTOS+2012%2F HTTP/1.1" 200 271099
172.22.2.4 - - [26/Jun/2022:20:53:21 -0500] "HEAD /BLA/boletinlegal/ HTTP/1.1" 200 -
190.66.106.209 - - [26/Jun/2022:20:55:12 -0500] "GET /BLA/resoluciones/AUTOS%202012/2700.pdf HTTP/1.1" 200 418935
172.22.2.4 - - [26/Jun/2022:20:54:11 -0500] "GET /BLA/boletinlegal/ HTTP/1.1" 200 58464
13.66.139.14 - - [26/Jun/2022:20:56:06 -0500] "GET /BLA/resoluciones/AUTOS%202020/4419.pdf HTTP/1.1" 200 405550
216.245.221.92 - - [26/Jun/2022:20:58:31 -0500] "HEAD / HTTP/1.1" 200 -
40.77.167.67 - - [26/Jun/2022:20:58:59 -0500] "GET /BLA/resoluciones/AUTOS%202021/2545.pdf HTTP/1.1" 200 524402
207.46.13.134 - - [26/Jun/2022:20:59:36 -0500] "GET /portaldeninos/parque-ecologico-distrital-humedal-santa-maria-del-lago/ HTTP/1.1" 200 90400
172.22.2.4 - - [26/Jun/2022:20:59:11 -0500] "HEAD /BLA/boletinlegal/ HTTP/1.1" 200 -
172.22.2.4 - - [26/Jun/2022:21:00:01 -0500] "GET /BLA/boletinlegal/ HTTP/1.1" 200 61027
216.245.221.92 - - [26/Jun/2022:21:03:31 -0500] "HEAD / HTTP/1.1" 200 -
172.22.2.4 - - [26/Jun/2022:21:05:55 -0500] "GET /BLA/boletinlegal/owa/auth/logon.aspx?url=https%3a%2f%2f1%2fecp%2f HTTP/1.1" 404 1018
172.22.2.4 - - [26/Jun/2022:21:05:00 -0500] "HEAD /BLA/boletinlegal/ HTTP/1.1" 200 -
172.22.2.4 - - [26/Jun/2022:21:05:51 -0500] "GET /BLA/boletinlegal/ HTTP/1.1" 200 58464
216.245.221.92 - - [26/Jun/2022:21:08:30 -0500] "HEAD / HTTP/1.1" 200 -
190.57.38.124 - - [26/Jun/2022:21:10:08 -0500] "GET /portaldeninos/wp-content/uploads/useanyfont/uaf.css?ver=1589905315 HTTP/1.1" 200 408
190.57.38.124 - - [26/Jun/2022:21:10:08 -0500] "GET /portaldeninos/wp-content/themes/betheme/style.css?ver=20.9.6 HTTP/1.1" 200 287
190.57.38.124 - - [26/Jun/2022:21:10:08 -0500] "GET /portaldeninos/wp-content/plugins/gallery-videos/CSS/totalsoft.css?ver=4.9.8 HTTP/1.1" 200 40622
190.57.38.124 - - [26/Jun/2022:21:10:08 -0500] "GET /portaldeninos/wp-content/plugins/gallery-videos/CSS/Total-Soft-Gallery-Video-Widget.css?ver=4.9.8 HTTP/1.1" 200 51554
190.57.38.124 - - [26/Jun/2022:21:10:08 -0500] "GET /portaldeninos/wp-content/themes/betheme/css/base.css?ver=20.9.6 HTTP/1.1" 200 57283
190.57.38.124 - - [26/Jun/2022:21:10:08 -0500] "GET /portaldeninos/wp-content/themes/betheme/assets/animations/animations.min.css?ver=20.9.6 HTTP/1.1" 200 58508
190.57.38.124 - - [26/Jun/2022:21:10:09 -0500] "GET /portaldeninos/wp-content/themes/betheme/assets/jplayer/css/jplayer.blue.monday.css?ver=20.9.6 HTTP/1.1" 200 9834
190.57.38.124 - - [26/Jun/2022:21:10:09 -0500] "GET /portaldeninos/wp-content/themes/betheme/assets/ui/jquery.ui.all.css?ver=20.9.6 HTTP/1.1" 200 18765
190.57.38.124 - - [26/Jun/2022:21:10:10 -0500] "GET /portaldeninos/wp-includes/js/jquery/jquery-migrate.min.js?ver=1.4.1 HTTP/1.1" 200 10056
190.57.38.124 - - [26/Jun/2022:21:10:10 -0500] "GET /portaldeninos/wp-content/plugins/google-analytics-for-wordpress/assets/js/frontend-gtag.min.js?ver=8.5.0 HTTP/1.1" 200 11801
190.57.38.124 - - [26/Jun/2022:21:10:09 -0500] "GET /portaldeninos/wp-content/themes/betheme/css/responsive.css?ver=20.9.6 HTTP/1.1" 200 55740
190.57.38.124 - - [26/Jun/2022:21:10:10 -0500] "GET /portaldeninos/wp-includes/js/jquery/ui/core.min.js?ver=1.11.4 HTTP/1.1" 200 4000
190.57.38.124 - - [26/Jun/2022:21:10:10 -0500] "GET /portaldeninos/wp-content/plugins/gallery-videos/JS/modernizr.custom.js?ver=4.9.8 HTTP/1.1" 200 9019
190.57.38.124 - - [26/Jun/2022:21:10:08 -0500] "GET /portaldeninos/wp-content/themes/betheme/css/layout.css?ver=20.9.6 HTTP/1.1" 200 116639
190.57.38.124 - - [26/Jun/2022:21:10:08 -0500] "GET /portaldeninos/wp-content/themes/betheme/css/shortcodes.css?ver=20.9.6 HTTP/1.1" 200 138889
190.57.38.124 - - [26/Jun/2022:21:10:10 -0500] "GET /portaldeninos/wp-includes/js/jquery/ui/mouse.min.js?ver=1.11.4 HTTP/1.1" 200 3148
190.57.38.124 - - [26/Jun/2022:21:10:10 -0500] "GET /portaldeninos/wp-includes/js/jquery/ui/widget.min.js?ver=1.11.4 HTTP/1.1" 200 6908
190.57.38.124 - - [26/Jun/2022:21:10:10 -0500] "GET /portaldeninos/wp-includes/js/jquery/jquery.js?ver=1.12.4 HTTP/1.1" 200 97184
190.57.38.124 - - [26/Jun/2022:21:10:10 -0500] "GET /portaldeninos/wp-includes/js/jquery/ui/accordion.min.js?ver=1.11.4 HTTP/1.1" 200 8584
190.57.38.124 - - [26/Jun/2022:21:10:10 -0500] "GET /portaldeninos/wp-content/plugins/gallery-videos/JS/Total-Soft-Gallery-Video-Widget.js?ver=4.9.8 HTTP/1.1" 200 80264
190.57.38.124 - - [26/Jun/2022:21:10:11 -0500] "GET /portaldeninos/wp-content/themes/betheme/js/menu.js?ver=20.9.6 HTTP/1.1" 200 2449
190.57.38.124 - - [26/Jun/2022:21:10:10 -0500] "GET /portaldeninos/wp-includes/js/jquery/ui/tabs.min.js?ver=1.11.4 HTTP/1.1" 200 12110
190.57.38.124 - - [26/Jun/2022:21:10:11 -0500] "GET /portaldeninos/wp-content/themes/betheme/assets/animations/animations.min.js?ver=20.9.6 HTTP/1.1" 200 1896
190.57.38.124 - - [26/Jun/2022:21:10:10 -0500] "GET /portaldeninos/wp-includes/js/jquery/ui/sortable.min.js?ver=1.11.4 HTTP/1.1" 200 24899
190.57.38.124 - - [26/Jun/2022:21:10:11 -0500] "GET /portaldeninos/wp-includes/js/wp-embed.min.js?ver=4.9.8 HTTP/1.1" 200 1398
190.57.38.124 - - [26/Jun/2022:21:10:11 -0500] "GET /portaldeninos/wp-content/themes/betheme/images/box_shadow.png HTTP/1.1" 200 108
190.57.38.124 - - [26/Jun/2022:21:10:11 -0500] "GET /portaldeninos/wp-includes/js/wp-emoji-release.min.js?ver=4.9.8 HTTP/1.1" 200 12026
190.57.38.124 - - [26/Jun/2022:21:10:11 -0500] "GET /portaldeninos/wp-content/themes/betheme/assets/jplayer/jplayer.min.js?ver=20.9.6 HTTP/1.1" 200 52702
190.57.38.124 - - [26/Jun/2022:21:10:11 -0500] "GET /portaldeninos/wp-content/themes/betheme/js/scripts.js?ver=20.9.6 HTTP/1.1" 200 77162
190.57.38.124 - - [26/Jun/2022:21:10:11 -0500] "GET /portaldeninos/wp-content/themes/betheme/js/plugins.js?ver=20.9.6 HTTP/1.1" 200 197151
190.57.38.124 - - [26/Jun/2022:21:10:11 -0500] "GET /portaldeninos/wp-content/themes/betheme/fonts/mfn-icons.woff?93978679 HTTP/1.1" 200 80932
190.57.38.124 - - [26/Jun/2022:21:10:12 -0500] "GET /portaldeninos/wp-content/themes/betheme/fonts/mfn-icons.ttf?93978679 HTTP/1.1" 200 88353
190.57.38.124 - - [26/Jun/2022:21:10:18 -0500] "GET /portaldeninos/wp-content/themes/betheme/fonts/mfn-icons.woff?93978679 HTTP/1.1" 206 1
190.57.38.124 - - [26/Jun/2022:21:10:18 -0500] "GET /portaldeninos/wp-content/themes/betheme/fonts/mfn-icons.ttf?93978679 HTTP/1.1" 200 87105
172.22.2.4 - - [26/Jun/2022:21:10:51 -0500] "HEAD /BLA/boletinlegal/ HTTP/1.1" 200 -
172.22.2.4 - - [26/Jun/2022:21:11:41 -0500] "GET /BLA/boletinlegal/ HTTP/1.1" 200 57966
216.245.221.92 - - [26/Jun/2022:21:13:30 -0500] "HEAD / HTTP/1.1" 200 -
157.55.39.114 - - [26/Jun/2022:21:13:52 -0500] "GET /BLA/resoluciones/AUTOS%202021/4146.pdf HTTP/1.1" 304 -
172.22.2.4 - - [26/Jun/2022:21:14:48 -0500] "GET /BLA/boletinlegal/index.php HTTP/1.1" 200 63473
172.22.2.4 - - [26/Jun/2022:21:16:40 -0500] "HEAD /BLA/boletinlegal/ HTTP/1.1" 200 -
216.245.221.92 - - [26/Jun/2022:21:18:30 -0500] "HEAD / HTTP/1.1" 200 -
172.22.2.4 - - [26/Jun/2022:21:17:31 -0500] "GET /BLA/boletinlegal/ HTTP/1.1" 200 61027
186.102.17.75 - - [26/Jun/2022:21:20:53 -0500] "GET /kwssiamovil/sm/ldap/au?x=U2FsdGVkX18JrQRE1L2WiJ4fUf/P+r7I8Sn6h+2+t2hLsu1yG2zwjGCLeQnu8t9J&y=U2FsdGVkX197DYYmdJoDpc0UcEPsJfLk/Tbljzn7R92nTHJzw6yCe3UH102WMCUY HTTP/1.1" 200 30
186.102.17.75 - - [26/Jun/2022:21:20:54 -0500] "GET /kwssiamovil/sm/acme/s?s=U2FsdGVkX1/Vm7HZJ+of+M/JgOLo1O6WPJAf8gC8pAICFHHBHc2bvHQEzF49nCuMz0R200InzcX+OHt9fC49WQ1IKnV8Em3ar9D5MQKm3VA=&u=U2FsdGVkX1/PNLnFJYagQwPesIL71gTvnp5XU4M0pxSlxKUeoNLjSfVuqRsG3kCR&y=U2FsdGVkX197DYYmdJoDpc0UcEPsJfLk/Tbljzn7R92nTHJzw6yCe3UH102WMCUY HTTP/1.1" 200 97
186.102.17.75 - - [26/Jun/2022:21:20:54 -0500] "GET /kwssiamovil/sm/acme/s?s=U2FsdGVkX18SRSMXHOz+598W1K0UHy7GoTBxPejkN641P0kc8zLTR4ctF7kW0txP8kjtyIH5/wwwUe4i13iqLCcNJO/e0CZbWNBK8J2yBIl7EjKaQbSN3rICodBaoIn6JZiwHFGGb1ejqJmma2/EOFhreVAEszo+3ZwxDmNH6fLARwg/oKsp0Ad12zVoMqaNikRBdObeS/AHpVDE69VLiNn2Ggy3S/mWWK++9FqqRG1Wl5B7iTfV3ZRoDLtnKNEiIDxV1FPJsYWEbpHVfaDiAGHa5MgxORahNcRQiMN/kS6uM5BEI/xfE6L8m+cUF3xgrS/O4zAP1e52U7NRaoGoCVuybPB0ue6Kfz9D2yy4ymFPsBGrkEwZi2Q+k7qlL1yTVgcAgzkG23ago9FUNCuvfO6J20VBjb9HqnCzeexLe425zQC6NPgyTJEuoA3rgNoiQhjP+yGvq1v0Dgvye4jl6xsEueMAhT2NYlzPOZnuoE9xAWJYEToIu8mp24Gu0drPZpHXFK4PcZeV4cXDDgkkLLSWyY+2PPoII4O/DaC/NwP8l4IBSZS9jeBxyH4v00M7J2Dd/yhuEzoAjOG6bp/kHjr9X1xjISj0pNnVkoHRanMryvIbQAOedO0IUlrX5kL2tGMfB0U7lhWe490wFvrMOLDMHVn6fbNwocQUOlT7UqW+E7z7cnc6ZKjc7SzBc3YSKgAGfAcWc55pzQY6Ti2f4IN0BYDLUfVoh1hcUD3B3riQK47X04n9JCAmf3giGMppuykLd2vt7ZkvKaucPH2GR++SgCWocUn4a+EB6BhuFWMpr2a8BVodFf6SMWz5r3nT/3gMT/cYGBe+OcpQS3HcJ6fjEDKwZssfobZxQtSirZlTsgk62Mci64vyjy25rk8psufjdSR7gT+3N/okWLjFBeFznR68k6rNQ7Fmu6CxLPju97OiDOlqKbQ5ktHgbLTJSphkBLdYg1BNLt2YOD8XfkJH+OKR4+/X8Br2wQaSkcmVNcpI5CCU0ZCK6Z2km+m5/8th7dl9TvDlUH+bI2Nkubqr35vyOEL8e7cXkmzHHH5jxs7iytWg4vJVzw5WtvCrUJhXLdsFpCsL5pNXIi8N33ixfmLm6MqvFiEo+aIpRTnmMqkHZe5t93+IJVnkaol51UE1Hm4dpLlWMVoY5nFo4CLwZAXrSUYuJNxEBFn+973a8baEzG2m0sRmz7hvwFprfqlsPp01x7daCHLevxCv7WxqKdZizCROyml35TLJD4m1aub1XcaRfjsT2I2nlHz6zQ45St9HQdddHhXarzES9Ik0p7iUhr4VTpHJ6qmV07H/HB6/q6PujIZqwTmeIqK8ojsIu7kFe4yWdlh0/3Mo9JUcyDKQdPCiAajugp4WpDE=&u=U2FsdGVkX1/PNLnFJYagQwPesIL71gTvnp5XU4M0pxSlxKUeoNLjSfVuqRsG3kCR&y=U2FsdGVkX197DYYmdJoDpc0UcEPsJfLk/Tbljzn7R92nTHJzw6yCe3UH102WMCUY HTTP/1.1" 200 1323
186.102.17.75 - - [26/Jun/2022:21:20:54 -0500] "GET /kwssiamovil/sm/acme/s?s=U2FsdGVkX1/jdORywuFdzeFSHuzUswLo3/BjVztYUSyjrLxLD0VzTE+/nFAlZVui5IQPPKOLc2EX0nc+MgpbT10uMKMSHGi7AXRjtBYoyUpjXhSgMjxKBQeuDsyrFj2tinNRkCE2gI1rHTArv0NaxlqeQj6FCCqeUCkLUlbXRXLL90/Xd6GzEhbJjY5vfLIgyAfH4oKo6mmS1l1WJHGjcdT6JMM6KNcNYkNtkK/PpyPqHsoFPyBgJFroGfxWDV2U/Em1hamU7dJMnLap2J1Zf46Vi15i0OZloqhna3mqhIU=&u=U2FsdGVkX1/PNLnFJYagQwPesIL71gTvnp5XU4M0pxSlxKUeoNLjSfVuqRsG3kCR&y=U2FsdGVkX197DYYmdJoDpc0UcEPsJfLk/Tbljzn7R92nTHJzw6yCe3UH102WMCUY HTTP/1.1" 200 176
186.102.17.75 - - [26/Jun/2022:21:20:54 -0500] "GET /kwssiamovil/sm/cjson/pre?f=1&x=U2FsdGVkX18JrQRE1L2WiJ4fUf/P+r7I8Sn6h+2+t2hLsu1yG2zwjGCLeQnu8t9J HTTP/1.1" 200 30992
201.245.192.253 - - [26/Jun/2022:21:21:18 -0500] "POST /kwsrmcab/Wsrmcab HTTP/1.1" 500 253
201.245.192.253 - - [26/Jun/2022:21:21:18 -0500] "POST /kwsrmcab/Wsrmcab HTTP/1.1" 500 253
192.241.213.231 - - [26/Jun/2022:21:21:53 -0500] "GET / HTTP/1.1" 200 319
207.46.13.138 - - [26/Jun/2022:21:22:46 -0500] "GET /BLA/resoluciones/AUTOS%202014/0854.pdf HTTP/1.1" 200 598474
216.245.221.92 - - [26/Jun/2022:21:23:30 -0500] "HEAD / HTTP/1.1" 200 -
172.22.2.4 - - [26/Jun/2022:21:22:30 -0500] "HEAD /BLA/boletinlegal/ HTTP/1.1" 200 -
172.22.2.4 - - [26/Jun/2022:21:24:38 -0500] "GET /BLA/boletinlegal/robots.txt HTTP/1.1" 404 1140
95.108.213.60 - - [26/Jun/2022:21:24:55 -0500] "-" 408 -
172.22.2.4 - - [26/Jun/2022:21:23:21 -0500] "GET /BLA/boletinlegal/ HTTP/1.1" 200 61027
5.45.207.146 - - [26/Jun/2022:21:25:01 -0500] "-" 408 -
141.8.142.66 - - [26/Jun/2022:21:25:06 -0500] "-" 408 -
95.108.213.5 - - [26/Jun/2022:21:25:12 -0500] "-" 408 -
5.45.207.126 - - [26/Jun/2022:21:25:27 -0500] "-" 408 -
5.255.253.117 - - [26/Jun/2022:21:25:43 -0500] "-" 408 -
95.108.213.2 - - [26/Jun/2022:21:26:13 -0500] "-" 408 -
5.255.253.173 - - [26/Jun/2022:21:27:13 -0500] "-" 408 -
141.8.142.76 - - [26/Jun/2022:21:28:14 -0500] "-" 408 -
216.245.221.92 - - [26/Jun/2022:21:28:30 -0500] "HEAD / HTTP/1.1" 200 -
172.22.2.4 - - [26/Jun/2022:21:28:20 -0500] "HEAD /BLA/boletinlegal/ HTTP/1.1" 200 -
5.45.207.68 - - [26/Jun/2022:21:30:14 -0500] "-" 408 -
172.22.2.4 - - [26/Jun/2022:21:29:11 -0500] "GET /BLA/boletinlegal/ HTTP/1.1" 200 61027
201.245.192.253 - - [26/Jun/2022:21:31:19 -0500] "POST /kwsrmcab/Wsrmcab HTTP/1.1" 500 253
201.245.192.253 - - [26/Jun/2022:21:31:19 -0500] "POST /kwsrmcab/Wsrmcab HTTP/1.1" 500 253
40.77.167.53 - - [26/Jun/2022:21:31:23 -0500] "GET /BLA/resoluciones/RESOLUCIONES%202000/2000%202850-2899.tif HTTP/1.1" 200 4291775
200.118.62.226 - - [26/Jun/2022:21:32:27 -0500] "GET /BLA/resoluciones/AUTOS%202022/2177.pdf HTTP/1.1" 200 2339677
5.255.253.107 - - [26/Jun/2022:21:33:14 -0500] "-" 408 -
216.245.221.92 - - [26/Jun/2022:21:33:30 -0500] "HEAD / HTTP/1.1" 200 -
172.22.2.4 - - [26/Jun/2022:21:34:11 -0500] "HEAD /BLA/boletinlegal/ HTTP/1.1" 200 -
172.22.2.4 - - [26/Jun/2022:21:35:01 -0500] "GET /BLA/boletinlegal/ HTTP/1.1" 200 55379
190.84.117.197 - - [26/Jun/2022:21:36:56 -0500] "GET /BLA/resoluciones/index.php?dir=AUTOS+2012%2F HTTP/1.1" 200 271099
207.46.13.8 - - [26/Jun/2022:21:36:57 -0500] "GET /sipse/faces/javax.faces.resource/layout/layout.js;jsessionid=4jca8yz4+7e6oqct1fhdynpc.undefined?ln=primefaces&amp;v=4.0 HTTP/1.1" 200 87560
172.22.2.4 - - [26/Jun/2022:21:35:47 -0500] "GET /BLA/boletinlegal/ HTTP/1.1" 200 57966
207.46.13.138 - - [26/Jun/2022:21:38:20 -0500] "GET /BLA/boletinlegal/Circulares/2011/Circular%20003%20de%20Febrero%20de%202011.pdf HTTP/1.1" 304 -
216.245.221.92 - - [26/Jun/2022:21:38:31 -0500] "HEAD / HTTP/1.1" 200 -
172.22.2.4 - - [26/Jun/2022:21:39:38 -0500] "GET /BLA/boletinlegal/Circulares/2019/.pdf HTTP/1.1" 404 1218
172.22.2.4 - - [26/Jun/2022:21:39:48 -0500] "GET /BLA/boletinlegal/Circulares/2012/Circular%20No.%2010%20del%2026%20de%20Enero%20de%202012.pdf HTTP/1.1" 404 1218
157.55.39.114 - - [26/Jun/2022:21:41:12 -0500] "GET /BLA/resoluciones/AUTOS%202016/3123.pdf HTTP/1.1" 200 440610
201.245.192.253 - - [26/Jun/2022:21:41:19 -0500] "POST /kwsrmcab/Wsrmcab HTTP/1.1" 500 253
201.245.192.253 - - [26/Jun/2022:21:41:19 -0500] "POST /kwsrmcab/Wsrmcab HTTP/1.1" 500 253
172.22.2.4 - - [26/Jun/2022:21:40:00 -0500] "HEAD /BLA/boletinlegal/ HTTP/1.1" 200 -
172.22.2.4 - - [26/Jun/2022:21:40:51 -0500] "GET /BLA/boletinlegal/ HTTP/1.1" 200 58464
216.245.221.92 - - [26/Jun/2022:21:43:30 -0500] "HEAD / HTTP/1.1" 200 -
172.22.2.4 - - [26/Jun/2022:21:44:20 -0500] "GET /BLA/boletinlegal/ HTTP/1.1" 200 24523
20.125.138.167 - - [26/Jun/2022:21:45:01 -0500] "GET /transparencia/directorioservidores/2017/febrero.xlsx HTTP/1.1" 200 88385
172.22.2.4 - - [26/Jun/2022:21:45:32 -0500] "GET /BLA/boletinlegal/?XDEBUG_SESSION_START=phpstorm HTTP/1.1" 200 36811
172.22.2.4 - - [26/Jun/2022:21:45:50 -0500] "HEAD /BLA/boletinlegal/ HTTP/1.1" 200 -
172.22.2.4 - - [26/Jun/2022:21:46:41 -0500] "GET /BLA/boletinlegal/ HTTP/1.1" 200 57966
216.245.221.92 - - [26/Jun/2022:21:48:30 -0500] "HEAD / HTTP/1.1" 200 -
157.55.39.133 - - [26/Jun/2022:21:49:03 -0500] "GET /portaldeninos/aulas-ambientales/aula-ambiental-sorotama/ HTTP/1.1" 200 89797
179.19.45.46 - - [26/Jun/2022:21:51:23 -0500] "GET /asi-las-mujeres-que-reverdecen-cuidan-los-arboles-para-la-restauracion-ecologica-de-bogota.html HTTP/1.1" 200 911
34.86.177.154 - - [26/Jun/2022:21:51:28 -0500] "GET /asi-las-mujeres-que-reverdecen-cuidan-los-arboles-para-la-restauracion-ecologica-de-bogota.html HTTP/1.1" 200 911
172.22.2.4 - - [26/Jun/2022:21:51:42 -0500] "GET /BLA/boletinlegal/Directivas/2018/Directiva%20No.%2023%20del%2026%20de%20diciembre%20de%202018.pdf HTTP/1.1" 304 -
172.22.2.4 - - [26/Jun/2022:21:51:43 -0500] "GET /BLA/boletinlegal/jurisprudencia/analisis/AnalisisC-746-12.docx HTTP/1.1" 304 -
190.27.79.175 - - [26/Jun/2022:21:53:19 -0500] "POST /sipse/faces/presentacion/financiero/solicitudProceso/consultarSolicitudProceso.xhtml HTTP/1.1" 200 40925
190.27.79.175 - - [26/Jun/2022:21:53:19 -0500] "GET /sipse/faces/javax.faces.resource/theme.css?ln=primefaces-sipse HTTP/1.1" 304 -
190.27.79.175 - - [26/Jun/2022:21:53:19 -0500] "GET /sipse/faces/javax.faces.resource/primefaces.css?ln=primefaces&v=4.0 HTTP/1.1" 304 -
190.27.79.175 - - [26/Jun/2022:21:53:19 -0500] "GET /sipse/faces/javax.faces.resource/layout/layout.css?ln=primefaces&v=4.0 HTTP/1.1" 304 -
190.27.79.175 - - [26/Jun/2022:21:53:19 -0500] "GET /sipse/faces/javax.faces.resource/jquery/jquery.js?ln=primefaces&v=4.0 HTTP/1.1" 304 -
190.27.79.175 - - [26/Jun/2022:21:53:19 -0500] "GET /sipse/faces/javax.faces.resource/jquery/jquery-plugins.js?ln=primefaces&v=4.0 HTTP/1.1" 304 -
190.27.79.175 - - [26/Jun/2022:21:53:19 -0500] "GET /sipse/css/imagen/contrasena.png HTTP/1.1" 404 383
190.27.79.175 - - [26/Jun/2022:21:53:19 -0500] "GET /sipse/faces/javax.faces.resource/primefaces.js?ln=primefaces&v=4.0 HTTP/1.1" 304 -
190.27.79.175 - - [26/Jun/2022:21:53:19 -0500] "GET /sipse/faces/javax.faces.resource/layout/layout.js?ln=primefaces&v=4.0 HTTP/1.1" 304 -
190.27.79.175 - - [26/Jun/2022:21:53:19 -0500] "POST /sipse/faces/presentacion/financiero/solicitudProceso/consultar.xhtml HTTP/1.1" 200 34347
190.27.79.175 - - [26/Jun/2022:21:53:20 -0500] "POST /sipse/faces/presentacion/financiero/solicitudProceso/consultar.xhtml HTTP/1.1" 200 34347
190.27.79.175 - - [26/Jun/2022:21:53:20 -0500] "POST /sipse/faces/presentacion/financiero/solicitudProceso/consultar.xhtml HTTP/1.1" 200 34347
190.27.79.175 - - [26/Jun/2022:21:53:20 -0500] "POST /sipse/faces/presentacion/financiero/solicitudProceso/consultar.xhtml HTTP/1.1" 200 34347
172.22.2.4 - - [26/Jun/2022:21:51:40 -0500] "HEAD /BLA/boletinlegal/ HTTP/1.1" 200 -
190.27.79.175 - - [26/Jun/2022:21:53:22 -0500] "POST /sipse/faces/presentacion/financiero/solicitudProceso/consultar.xhtml HTTP/1.1" 200 12901
190.27.79.175 - - [26/Jun/2022:21:53:26 -0500] "POST /sipse/faces/presentacion/financiero/solicitudProceso/consultar.xhtml HTTP/1.1" 200 151330
190.27.79.175 - - [26/Jun/2022:21:53:28 -0500] "GET /sipse/faces/javax.faces.resource/layout/layout.css?ln=primefaces&v=4.0 HTTP/1.1" 304 -
190.27.79.175 - - [26/Jun/2022:21:53:28 -0500] "GET /sipse/faces/javax.faces.resource/theme.css?ln=primefaces-sipse HTTP/1.1" 304 -
190.27.79.175 - - [26/Jun/2022:21:53:28 -0500] "GET /sipse/faces/javax.faces.resource/primefaces.css?ln=primefaces&v=4.0 HTTP/1.1" 304 -
190.27.79.175 - - [26/Jun/2022:21:53:28 -0500] "GET /sipse/faces/javax.faces.resource/jquery/jquery.js?ln=primefaces&v=4.0 HTTP/1.1" 304 -
190.27.79.175 - - [26/Jun/2022:21:53:28 -0500] "GET /sipse/faces/javax.faces.resource/jquery/jquery-plugins.js?ln=primefaces&v=4.0 HTTP/1.1" 304 -
190.27.79.175 - - [26/Jun/2022:21:53:28 -0500] "GET /sipse/faces/javax.faces.resource/primefaces.js?ln=primefaces&v=4.0 HTTP/1.1" 304 -
