161.10.17.143 - - [26/Jun/2022:17:18:26 -0500] "GET /BLA/resoluciones/index.php?dir=RESOLUCIONES+2015%2F HTTP/1.1" 200 129705
216.245.221.92 - - [26/Jun/2022:17:18:31 -0500] "HEAD / HTTP/1.1" 200 -
66.220.149.2 - - [26/Jun/2022:17:18:54 -0500] "GET /images/eficiencia-energetica-11-marzo.jpg HTTP/1.1" 200 46478
172.22.2.4 - - [26/Jun/2022:17:17:31 -0500] "HEAD /BLA/boletinlegal/ HTTP/1.1" 200 -
172.22.2.4 - - [26/Jun/2022:17:18:21 -0500] "GET /BLA/boletinlegal/ HTTP/1.1" 200 60610
161.10.17.143 - - [26/Jun/2022:17:20:40 -0500] "GET /BLA/resoluciones/index.php?dir=RESOLUCIONES+2008%2F HTTP/1.1" 200 976272
201.245.192.253 - - [26/Jun/2022:17:21:20 -0500] "POST /kwsrmcab/Wsrmcab HTTP/1.1" 500 253
201.245.192.253 - - [26/Jun/2022:17:21:20 -0500] "POST /kwsrmcab/Wsrmcab HTTP/1.1" 500 253
108.174.8.23 - - [26/Jun/2022:17:21:32 -0500] "GET /mas-de-400-animales-silvestres-fueron-liberados-y-reubicados-en-el-caribe.html HTTP/1.1" 206 730
108.174.8.23 - - [26/Jun/2022:17:21:32 -0500] "GET /mas-de-400-animales-silvestres-fueron-liberados-y-reubicados-en-el-caribe.html HTTP/1.1" 206 730
66.249.66.139 - - [26/Jun/2022:17:22:34 -0500] "-" 408 -
216.245.221.92 - - [26/Jun/2022:17:23:31 -0500] "HEAD / HTTP/1.1" 200 -
172.22.2.4 - - [26/Jun/2022:17:23:21 -0500] "HEAD /BLA/boletinlegal/ HTTP/1.1" 200 -
217.182.171.12 - - [26/Jun/2022:17:25:45 -0500] "HEAD /BLA/resoluciones/RESOLUCIONES%202009/4698.pdf HTTP/1.1" 200 -
172.22.2.4 - - [26/Jun/2022:17:24:11 -0500] "GET /BLA/boletinlegal/ HTTP/1.1" 200 61027
103.92.85.202 - - [26/Jun/2022:17:27:34 -0500] "GET /v1/agent/self HTTP/1.1" 404 1013
216.245.221.92 - - [26/Jun/2022:17:28:31 -0500] "HEAD / HTTP/1.1" 200 -
172.22.2.4 - - [26/Jun/2022:17:30:45 -0500] "GET /BLA/boletinlegal/actos.php HTTP/1.1" 200 9559
172.22.2.4 - - [26/Jun/2022:17:29:11 -0500] "HEAD /BLA/boletinlegal/ HTTP/1.1" 200 -
172.22.2.4 - - [26/Jun/2022:17:31:00 -0500] "GET /BLA/boletinlegal/consulta_actos.php?tipo=autos&no=2033&usuario=&sector=&fecha=2020&resuelve= HTTP/1.1" 200 626
172.22.2.4 - - [26/Jun/2022:17:31:06 -0500] "GET /BLA/boletinlegal/consulta_actos.php?tipo=autos&no=1065&usuario=&sector=&fecha=2020&resuelve= HTTP/1.1" 200 626
201.245.192.253 - - [26/Jun/2022:17:31:19 -0500] "POST /kwsrmcab/Wsrmcab HTTP/1.1" 500 253
201.245.192.253 - - [26/Jun/2022:17:31:19 -0500] "POST /kwsrmcab/Wsrmcab HTTP/1.1" 500 253
172.22.2.4 - - [26/Jun/2022:17:31:21 -0500] "GET /BLA/boletinlegal/consulta_actos.php?tipo=autos&no=1065&usuario=&sector=&fecha=2021&resuelve= HTTP/1.1" 200 626
172.22.2.4 - - [26/Jun/2022:17:30:01 -0500] "GET /BLA/boletinlegal/ HTTP/1.1" 200 60092
172.22.2.4 - - [26/Jun/2022:17:32:57 -0500] "GET /BLA/boletinlegal/owa/auth/x.js HTTP/1.1" 404 1018
172.22.2.4 - - [26/Jun/2022:17:32:30 -0500] "GET /BLA/boletinlegal/ HTTP/1.1" 200 32715
216.245.221.92 - - [26/Jun/2022:17:33:31 -0500] "HEAD / HTTP/1.1" 200 -
172.22.2.4 - - [26/Jun/2022:17:33:49 -0500] "GET /BLA/boletinlegal/conceptos.php HTTP/1.1" 200 7443
157.55.39.114 - - [26/Jun/2022:17:35:20 -0500] "GET /bla/resoluciones/resoluciones%202007/res%202007%204101%20al%204200/RESOLUCION%204196%20DE%202007.pdf HTTP/1.1" 200 233767
172.22.2.4 - - [26/Jun/2022:17:35:01 -0500] "HEAD /BLA/boletinlegal/ HTTP/1.1" 200 -
201.184.82.154 - - [26/Jun/2022:17:37:08 -0500] "GET /kwssiamovil/sm/acme/a?s=U2FsdGVkX19RcvSgWS55ZxvYiq1WPqPDdXztOt/+T7ebq8CpCjMCHVsnRE0uaAamrcTJsWrjHwyJhAjC9DBNdz7JJGbDbo3qOftwkY8RdElGr6+JZisD5HFf3U3RlMSR7j36EZrmFKGmgBuVablHqXpzWwz+8Q/VyI8/ru6ZlbQ178ST+NY4o/eQ2Tr7XEqCeTNuZhFPm+V8M28ASlq81FUQYnBeVfVRKGH7Tf4RWHJ6cWtRQNEZfLBXOggkRaMxR/ww5TZ297+MxUDIbLoHRQ==&u=U2FsdGVkX19amrGFDGtPfsavnxOOT0DOKcUA/aJYmco=&y=U2FsdGVkX19Q4usrc0zhqChTywn1weUMtKb/tDiQLmR6k0/D5Ifh2baGJwGDtSU6 HTTP/1.1" 200 25
201.184.82.154 - - [26/Jun/2022:17:37:09 -0500] "GET /kwssiamovil/sm/acme/a?s=U2FsdGVkX1+T+WteysJJOyksVvyPkyZZe6/BEUfcn96R0FXd7GK2DVWntvri0bwgPMTrh2k1IXMNPYzUTPc9GU8XPWGeEPPWRnY25zJ7qemUkzXawg1ikaZj6ccU21RdX3jmeUuRKehZARy4qQEC3YAuOKz9eN9J/f5xjvCTdLWJTynIZ1JoEXIlD9dZNaM7K2uePp22qbZTgkKsWANRF4pG0A2MDBE19zJIujxZQvE435OAH0WbmxgM3mEA11SKE4lYSQZ/lEdBU06xN8Tc9h6IAboekhoRAq3vxwjcf7aV05ZW5voKNS3rieMxRLpTTntr4FknPbvSpFoY+gk3VPNWZXKEgVtQGELyvSSMD/O+myJTuCjGD0sCy1IBXoEe333Oy4S6pqVqMGuvAOZkuZx8w5NBLBPxZymUyfcLKwkPovG9DGuwEKTilAYgMRwqrValrcbcj008j4yupyTaPjc0qN+I7WaFyVryw9rJzDHiZFT8hoSjseI/hv7dKuEaB1Cv7goZ9tYj5TpxjEn2klLtAvmp9Z5tM83lomPdHOgeoI+n/IfObQz1yvkME7PCgEjsI8sDjw4jG8wwFJCV5UE3i6ZyUnHXbH0oBjuF0CkrMz4J2bIqXTCxgD05D79P3xivQPd8hWpHzWMoXe9FIke45sdY0eZhzD3kOh4VMv4NpOaillZVMTqKXtW55ogOdNEVU6IQOeUebf6fLyqL5Nv4z/zbxsD5Zej/8iTbnR2LoU930LDaXEdVgWXubo06CmpK9m7Ocy+SDeFigYUuqfMe5kFSnPzo1nLAqUBG97UasrwT8EQKtF9lSYZuIrn8ne4V5saao87owFgAi6qqTWO+MgX8tP0Am4R3eZvHN/US4DY46sGn+UAu1tIsML/VUlgSZ7WgvRPhwPcjleZKpblOMDGD1tUxW+uS4nek6mnXWsOfV8mjK6QmZD/aLuZloSVr3Fq5MPo+jehUTmbzvqVwwKF3h4VOo1I7eNZs0dOpyOYqTuJ4t1hofGD2yjWJx1237lUMMTfA8ydgy9ZCEac2n8veu4SfPg18ckw86sOla8M2ifYLqZsFasCT524fiXkMeHjbfx5p6aC6etaBLIj7+Gf3ODv64uDrOJvwlgqxfQx+VjlrubS5KBx52cbnUX8HeSfY9OoT+TTCHxSqnSMv6jDeeUutYn/t3dJt9aq67V4bPMZXlIa4HPSDf47nXz5iO4wCLIfbWYP7kuO/aDZKzrMM1j5G8VLJ25p4O+P0jSMxupuiTP4k5PHeocOmQICIthpuuApWPWKpF3HA77cGVLrkplXnKsho23oivfomiDq5aNoezAobmShbBitAzmFu0yom7AL3DD20HNyThtRpGjSiKIIb4Mga1piu42EGgal7MGNd2EEYJEI6l+16XDnrwPGVqt6ySvaQSQf2cyinaBIWUFUZrzdI6hae9EBSCAzJ0TKmM5pdeWItFn+Ne62HsUWRvIUmZQ9ZB22JXmQ3HprTDSXYNgOtSxOuBaJNFD4MJNfU3pnZ/sUc9WVUORLM2TNcurvxsJlngsd9Cck1i8MWGFKyayGv672OlDIDH1wAvbyBLFjGgkthJPVRWavQoM7JZ/XCN+t2ahxUG9yCxXDv2GtJRPQYd9GSYLkM+bLUxynabz68kgqvzV3I0gugVSjMwK04ontwbwtR6FEAKH+G1g5d59bCS+JGbTN/BUGIWAVxpzVBLdmuw1bL&u=U2FsdGVkX19amrGFDGtPfsavnxOOT0DOKcUA/aJYmco=&y=U2FsdGVkX19Q4usrc0zhqChTywn1weUMtKb/tDiQLmR6k0/D5Ifh2baGJwGDtSU6 HTTP/1.1" 200 25
201.184.82.154 - - [26/Jun/2022:17:37:10 -0500] "GET /kwssiamovil/sm/acme/a?s=U2FsdGVkX1/Vnv/gJFj4c1vTKMf0skHB5wGO3O8PU6KGI1RIbuYcJfA7hPkokAk9dKpN3zrK4+GFqJA7RmFyIUwQkXsyoy5Dy2EPzTIBA1ix69pt3kv8RdWNLy/f77/6+PsCx2TrDfJSam9cEuX9dLJzL/ihQ5BXFRVKMdQupGI=&u=U2FsdGVkX19amrGFDGtPfsavnxOOT0DOKcUA/aJYmco=&y=U2FsdGVkX19Q4usrc0zhqChTywn1weUMtKb/tDiQLmR6k0/D5Ifh2baGJwGDtSU6 HTTP/1.1" 200 25
201.184.82.154 - - [26/Jun/2022:17:37:10 -0500] "GET /kwssiamovil/sm/acme/a?s=U2FsdGVkX189PtOwhx23QRn1wbQjnZeptNx22KZboTMABth+CBe9HZ6JlePJZpSxOt6UF1m5QVWwYs0yGn9J8leDKs5rpnxOsQdby1T3VrRJTgSc5CRrlFFCBOGNCrkkgkahiQgAEv7ZXxNiSYOqZ38S0HyzGXSqm1Qe2Wjibpg=&u=U2FsdGVkX19amrGFDGtPfsavnxOOT0DOKcUA/aJYmco=&y=U2FsdGVkX19Q4usrc0zhqChTywn1weUMtKb/tDiQLmR6k0/D5Ifh2baGJwGDtSU6 HTTP/1.1" 200 25
201.184.82.154 - - [26/Jun/2022:17:37:10 -0500] "GET /kwssiamovil/sm/acme/a?s=U2FsdGVkX1+00gVDp2XPl64A+GmGlfACCJr49pnru3aLblh4OL03Pc6iEpnSGMHNGPQwBRg4GVLLAfgiUSdXyRF30YcgyCB1sL+5CIJHgZA/7qpF6Q4Jcmg1U4eZNI8tyX4D/w/d9iX0YEp053sLc7GsJBs1LyYerWz9ndqJZKk=&u=U2FsdGVkX19amrGFDGtPfsavnxOOT0DOKcUA/aJYmco=&y=U2FsdGVkX19Q4usrc0zhqChTywn1weUMtKb/tDiQLmR6k0/D5Ifh2baGJwGDtSU6 HTTP/1.1" 200 25
201.184.82.154 - - [26/Jun/2022:17:37:12 -0500] "GET /kwssiamovil/sm/acme/a?s=U2FsdGVkX1+DN6/9vR95dl8dks2qFp369bYMUx+M+cITqRuQwcFXJJ2PHvIFIRizE67UuCVRX5nnZ1trCrb0BLYkAgpkD+uvLGM2WTmH619dar9MXCEKEHHHm3wXxb5Ql93fdudYHgId9nWlWqzAJFkHsxWmKDSpuhCO08klPNlNJCIWtw52mdOVJ4ZKgxcU&u=U2FsdGVkX19amrGFDGtPfsavnxOOT0DOKcUA/aJYmco=&y=U2FsdGVkX19Q4usrc0zhqChTywn1weUMtKb/tDiQLmR6k0/D5Ifh2baGJwGDtSU6 HTTP/1.1" 200 25
172.22.2.4 - - [26/Jun/2022:17:35:41 -0500] "GET /BLA/boletinlegal/ HTTP/1.1" 200 44965
172.22.2.4 - - [26/Jun/2022:17:35:51 -0500] "GET /BLA/boletinlegal/ HTTP/1.1" 200 45846
216.245.221.92 - - [26/Jun/2022:17:38:31 -0500] "HEAD / HTTP/1.1" 200 -
172.22.2.4 - - [26/Jun/2022:17:38:52 -0500] "GET /BLA/boletinlegal/ecp/Current/exporttool/microsoft.exchange.ediscovery.exporttool.application HTTP/1.1" 404 1018
172.22.2.4 - - [26/Jun/2022:17:38:52 -0500] "GET /BLA/boletinlegal/consulta_actos.php?tipo=autos&no=7126&usuario=&sector=&fecha=2014&resuelve= HTTP/1.1" 200 1054
191.156.60.54 - - [26/Jun/2022:17:38:56 -0500] "GET /BLA/resoluciones/ HTTP/1.1" 200 13093
191.156.60.54 - - [26/Jun/2022:17:39:00 -0500] "GET /BLA/resoluciones/index.php?dir=AUTOS+2014%2F HTTP/1.1" 200 875367
191.156.60.54 - - [26/Jun/2022:17:39:14 -0500] "GET /BLA/resoluciones/AUTOS%202014/7126.pdf HTTP/1.1" 200 569035
172.22.2.4 - - [26/Jun/2022:17:39:30 -0500] "GET /BLA/boletinlegal/Circulares/2019/.pdf HTTP/1.1" 404 1218
173.252.95.16 - - [26/Jun/2022:17:39:32 -0500] "GET /lee-antes-de-compartir-secretaria-de-ambiente-y-establecimientos-de-comercio-nocturno-se-comprometen-a-una-rumba-con-menos-ruido.html HTTP/1.1" 206 1189
172.22.2.4 - - [26/Jun/2022:17:40:06 -0500] "GET /BLA/boletinlegal/owa/auth/logon.aspx HTTP/1.1" 404 1018
201.245.192.253 - - [26/Jun/2022:17:41:19 -0500] "POST /kwsrmcab/Wsrmcab HTTP/1.1" 500 253
201.245.192.253 - - [26/Jun/2022:17:41:19 -0500] "POST /kwsrmcab/Wsrmcab HTTP/1.1" 500 253
69.171.249.117 - - [26/Jun/2022:17:41:27 -0500] "GET /images/la-vieja-mayo-24.jpg HTTP/1.1" 200 58217
69.171.249.19 - - [26/Jun/2022:17:41:29 -0500] "GET /images/ptar-alcaldesa-rio-bogota-12-mato.jpg HTTP/1.1" 200 40205
2.57.122.35 - - [26/Jun/2022:17:42:09 -0500] "GET / HTTP/1.1" 200 319
172.22.2.4 - - [26/Jun/2022:17:40:51 -0500] "HEAD /BLA/boletinlegal/ HTTP/1.1" 200 -
40.77.167.67 - - [26/Jun/2022:17:42:53 -0500] "GET /sipse/faces/javax.faces.resource/primefaces.js;jsessionid=4jca8yz4+7e6oqct1fhdynpc.undefined?ln=primefaces&amp;v=4.0 HTTP/1.1" 200 276924
172.22.2.4 - - [26/Jun/2022:17:41:41 -0500] "GET /BLA/boletinlegal/ HTTP/1.1" 200 57222
216.245.221.92 - - [26/Jun/2022:17:43:31 -0500] "HEAD / HTTP/1.1" 200 -
181.63.106.29 - - [26/Jun/2022:17:45:37 -0500] "GET /BLA/resoluciones/index.php?dir=AUTOS+2012%2F HTTP/1.1" 200 271099
172.22.2.4 - - [26/Jun/2022:17:46:18 -0500] "GET /BLA/boletinlegal/actos.php HTTP/1.1" 200 9559
172.22.2.4 - - [26/Jun/2022:17:46:19 -0500] "GET /BLA/boletinlegal/favicon.ico HTTP/1.1" 404 1326
186.31.130.206 - - [26/Jun/2022:17:46:24 -0500] "GET /BLA/resoluciones/ HTTP/1.1" 200 13093
186.31.130.206 - - [26/Jun/2022:17:46:28 -0500] "GET /BLA/resoluciones/index.php?dir=AUTOS+2011%2F HTTP/1.1" 200 632831
172.22.2.4 - - [26/Jun/2022:17:46:14 -0500] "GET /BLA/boletinlegal/ HTTP/1.1" 200 24523
172.22.2.4 - - [26/Jun/2022:17:46:41 -0500] "HEAD /BLA/boletinlegal/ HTTP/1.1" 200 -
216.245.221.92 - - [26/Jun/2022:17:48:31 -0500] "HEAD / HTTP/1.1" 200 -
172.22.2.4 - - [26/Jun/2022:17:47:31 -0500] "GET /BLA/boletinlegal/ HTTP/1.1" 200 53003
207.46.13.214 - - [26/Jun/2022:17:50:20 -0500] "GET /forest/ HTTP/1.1" 200 12041
186.31.130.206 - - [26/Jun/2022:17:51:38 -0500] "GET /BLA/resoluciones/ HTTP/1.1" 200 13093
186.31.130.206 - - [26/Jun/2022:17:51:44 -0500] "GET /BLA/resoluciones/index.php?dir=AUTOS+2011%2F HTTP/1.1" 200 632831
186.31.130.206 - - [26/Jun/2022:17:52:11 -0500] "GET /BLA/resoluciones/AUTOS%202011/4864.pdf HTTP/1.1" 200 1226765
216.245.221.92 - - [26/Jun/2022:17:53:31 -0500] "HEAD / HTTP/1.1" 200 -
172.22.2.4 - - [26/Jun/2022:17:53:36 -0500] "GET /BLA/boletinlegal/robots.txt HTTP/1.1" 404 1038
172.22.2.4 - - [26/Jun/2022:17:53:37 -0500] "GET /BLA/boletinlegal/Circulares/2021/CIRCULAR%20No.%2000009%20DEL%2001%20DE%20OCTUBRE%20DEL%202021.pdf HTTP/1.1" 304 -
172.22.2.4 - - [26/Jun/2022:17:52:31 -0500] "HEAD /BLA/boletinlegal/ HTTP/1.1" 200 -
172.22.2.4 - - [26/Jun/2022:17:53:21 -0500] "GET /BLA/boletinlegal/ HTTP/1.1" 200 61027
179.32.228.143 - - [26/Jun/2022:17:56:15 -0500] "GET /kwssiamovil/sm/acme/a?s=U2FsdGVkX18XEWwQQMZnYqe9NREWSsO+7wAtrPbEH+1qMmVlAsdlg82SGn880a63oWBjO3ktBJmPtq/NWBdhfHBoKtPM2DQbBG9Spn7P3RincGOmX9PJZou3TIKJZuNJB3cXPA2QJs0Thtwoc/sL6z+Z6tgp4RrO7kQQIOGLGXM35Kdiaxh1ulKvp5s8z8wlhfx9tQcNgDzkM66rH8m5hmU+Nsr8OoPEs5btF3r5H45A9Cujzxairs9S64+cCyTtjHhKLRIc4/azlFeCNaKceg==&u=U2FsdGVkX18lIA9qtPI3CZLM/ECajVpzQMzJ4b+T19ObaBTVZ/X26I9Vin8LVcd9&y=U2FsdGVkX1+qld1/mEJjOuQHznUBwa/97/EL6Jut1tnYIJhXiGcfwVXF8zK99etP HTTP/1.1" 200 25
179.32.228.143 - - [26/Jun/2022:17:56:16 -0500] "GET /kwssiamovil/sm/acme/a?s=U2FsdGVkX19BF9QPD/7jGibc7m8X4lnmuhAWN3AfN6KBn0SGT78CjI1Y8hf/WNEkLVnh8DgulPj81nohEDXYgi6YxMZEFI4xTVWzryHZf4e9k5rhG5wZi+td72h7d8iwGGBDTvq4i11EGjtWsq/nmQZkd/hB469gH5PZng+pLRhY7IQohEj/SMp+12+oGvaMfH0R/FptndaYlRsglHw5JSnMjOK7cvWYE6lqedxj0AMom3kSf79cXo1eyCO86fliPkhBVeW4pnN2hVa+MhFuF/nOq6uYs2/8U+bsQbPS4uztONAzXRPJCBGmeeUsF57Nx0dPIJT2QQSZNFiMFebQ3dsVwgXJDnGSbrOg0M0pwLpsIs5AaZPTbheEkh40ETKUB4jyPmVV4N1vXCFYdFrZo5hMWdGtTnIO7wdt9oRpwC4Ob14M9aLMVADTxIVkM28gFUnHR3FhDdAgwL3hWBOUAHWsvNq0nFcMBMcAXR1gR4GanLMc2vXGKCRNyPbtkk0dWCsW82cF64n9zZlNEd9KRqRycUzav9rfb34uWsi+u3fZlxjL4Q5B453fmAL9qAa0YpcB+EPuXS3ZGccaH2i9BoIinrRIXhTlzVF1IxCvRqDxQWS1FVhbC3+REzZz2/87+aZiSntpbjT1FlwbpugTgEfwrxQODKMknQjJrhmJwhtIeemBbsNRXQqTd/MtplxmMVP+kbV+NV+TC+Ldv1o+uL7sJHwh3lTDozcL0ax5aBK//oyg+vYpY/4YjKCU/0DRyyFTlFmp/MAdIk91ujlry8HnvgRb1NpS/fKPoUMViM1bM9ylLdu7qHcA9cpVRnIaJ1JMsF4aSyx5ZIq6UVBOj3xiDp69q4XT2V35ueWAON5b3j7aVpFwCab7Pnsjhch6NKLxEgVflZSTgn/twwqdGiOswBXfIn75KaDGXS0JZJQDzrGZXYhwXyMJ1sj70QhnWABPOsPCrbFdCw83q+7MjMLHmf4K4njMXadmGwaqujrlRgQfnuwLqt4NcXgClyHVLYPQxMKxpOUBegVj1U8GFGqM0MhDKkB7hOdTp9u2andshZhMl1Ko+gZn7RJWFDkFe45DZ+azgZZBAwPdHljCq4JLJNT3APuPrXIhtMIIGndi869DbYZSSwwmdJEnLEGveHvuXGRVB2zofRqm2e1VKjO+q09g57rq7efFFL44M/JMekYMOkEH3MUqVBUXnMLjnm0l8ffjmRtNDytdzHr2jBDla09c9mUaCxijx4BdxS3KXE7Cme8Vc1UNB/qBiaNjM2W37UQU+JRdXjRyV6+VUg+stvZ6sBnnKdj5UPDUikOPpawDUNNuiyjClITCcgfj0szVUuV11mjxGr+FKEeWTDrqUe1manrEgMcRsDuXJmkzHt0AGqw+8mgf46cAwYLuZUOzK9/mqjwXjUnOQIyj6zBrbtTLRrhpVotlBTrgkKsck4M9DxNakVEnkoPJY9aPR/AXrjboS4+lVLEDJ01z/HTvqygmZ5Zcrn0c16DUnjiF/grAJRfbILBdsnzvyKQpHitrShTTCSqnWt+2RabhsWsJ2yEBwUW5x9Q80oQ1Q1bE6B7GXnZF7+qwtMa6GxBxyzzjYfqK3hdDNfG3Z1hllXRJN8xekdZhmzYj23BW9c5PsEyPTJfjLYd0jnA3TnfthKKakYUTIahaKcHfLzVqi/2XvjpFKFSR+6gDhivmrwTmI/FL2AOGXnolqx6Vz7Ouvn7rLk2vdRXJBHI4EiW6794UulkY6pvVVJrbQeVb0c49wS3IA/aA9XEQXHphj0ym1f63mNlR0zYv+bQohlVams4ZH7zsrfNDo3dT3kovU9+QWKwA+A43zviD4puGcSuXRpgZyMzsjy1wKhHSGbBw3EHPpnHaxLe+MRDKy8cwV6k8J2WlUHDihzVI22wZYssUNXdMdcE9pUJhDGzmVXrrlPb43FBNQG+hrcoGrd/vGUHLidpQjHvCRdXSviuFd8X/sZ13IHACLHAEef7edINPjvargdslY4MLq03ZRB1DiOAgArnfJODRFge6JOyyYp/SXKVKVtkGAvSi5/+INpeNlYhpNaq2K7/CMkm0La7UIHBKgHWpnEYAyh+GeDCBNUNkNCRSQNoL+nBuPwA6oPckL6OgSY1brd7gVZ9hGPca/x7NbHPOIg90dh6nakY1+YpfnbL5pBsUnAOxyv3RtcjM3LKLjEa1VW1K/d/nspnl0M0yU9X/jIUIRNygC7snT6dU6aVsIIhZk1NnZmKDIE7RkopjzKcabnOKF5qj7x/aDwHlYLeyVq02dTSn7KLH0P2ruv34P5uCegOolxpZMfzs9agmnT6mbc4L5+ZcMbwSm0wCY/+HLMlXRfK6o+h3TIrxqQMlkQOScmfPQ0sqLrdeYVC77vfrau6ByHXTYM4d0HPozzyyo2CTN2PklSPf0dtvfMn9Ku3op/EvmwK0OP0UNz9iWF8PBBT4mAW016BWfTU=&u=U2FsdGVkX18lIA9qtPI3CZLM/ECajVpzQMzJ4b+T19ObaBTVZ/X26I9Vin8LVcd9&y=U2FsdGVkX1+qld1/mEJjOuQHznUBwa/97/EL6Jut1tnYIJhXiGcfwVXF8zK99etP HTTP/1.1" 200 25
179.32.228.143 - - [26/Jun/2022:17:56:16 -0500] "GET /kwssiamovil/sm/acme/a?s=U2FsdGVkX1/kO4RSEo4fiDmGq2FlNKOAk7s568oPFg1eAtV4/66mv0KLppct3krkvaZq6UoI5wzbGmATvy7KRlW2AmTzVGmfnIzX+2Dqt10z4a8Kqy2fN+Er4PDbKpTFAIiY3uWo3wdLA2XJb1kgZIESSwHaJkW/JGCtQcwQ4cA=&u=U2FsdGVkX18lIA9qtPI3CZLM/ECajVpzQMzJ4b+T19ObaBTVZ/X26I9Vin8LVcd9&y=U2FsdGVkX1+qld1/mEJjOuQHznUBwa/97/EL6Jut1tnYIJhXiGcfwVXF8zK99etP HTTP/1.1" 200 25
179.32.228.143 - - [26/Jun/2022:17:56:16 -0500] "GET /kwssiamovil/sm/acme/a?s=U2FsdGVkX18qs58PSDis+no4Ia09Wl0E29iwziOPX5/1xvGpFviBHbVp+hbyuHItOHbEl/DsCNy742m4KvB5ulO+0n2WnTk7C9php+C+dGfCSJxIR5buLb8M8R5D2TwpBHtqSJctW1i38+Rov6ZkxBosquOc1nZB0iDttnjfKC4=&u=U2FsdGVkX18lIA9qtPI3CZLM/ECajVpzQMzJ4b+T19ObaBTVZ/X26I9Vin8LVcd9&y=U2FsdGVkX1+qld1/mEJjOuQHznUBwa/97/EL6Jut1tnYIJhXiGcfwVXF8zK99etP HTTP/1.1" 200 25
179.32.228.143 - - [26/Jun/2022:17:56:16 -0500] "GET /kwssiamovil/sm/acme/a?s=U2FsdGVkX1+GRKSq+LLYAAykhRkcbS+yjqf0ipWdFA49YBZ00aWN+SE8AuxYwTTpr0f3TKxkX9iEGb3YFCS8FekLzNsjwdLfSwafchunYDVBjyw+XMBvucOOfo9zR1vVUpdsnxfgBWP5XHQxqBhultmXEwiSgGCDIAxPBY3oLE0=&u=U2FsdGVkX18lIA9qtPI3CZLM/ECajVpzQMzJ4b+T19ObaBTVZ/X26I9Vin8LVcd9&y=U2FsdGVkX1+qld1/mEJjOuQHznUBwa/97/EL6Jut1tnYIJhXiGcfwVXF8zK99etP HTTP/1.1" 200 25
179.32.228.143 - - [26/Jun/2022:17:56:17 -0500] "GET /kwssiamovil/sm/acme/a?s=U2FsdGVkX19dS/8o3c11Y/ge11aZEJ3wOd7LuwZzilFk01g48FAYQOaI1LRynEqijA2nod82nGu7Nw7FZswvYY1b69rsubAAXH8jYuh9E15soozx40p54WeqwoV9UWA9U41x6iIw925HsRLFKHTNgLnTQ8XaHjK17E1s5+FUFdSwpfzRR/b5OV4ZDCObCvA4&u=U2FsdGVkX18lIA9qtPI3CZLM/ECajVpzQMzJ4b+T19ObaBTVZ/X26I9Vin8LVcd9&y=U2FsdGVkX1+qld1/mEJjOuQHznUBwa/97/EL6Jut1tnYIJhXiGcfwVXF8zK99etP HTTP/1.1" 200 25
216.245.221.92 - - [26/Jun/2022:17:58:31 -0500] "HEAD / HTTP/1.1" 200 -
172.22.2.4 - - [26/Jun/2022:17:58:21 -0500] "HEAD /BLA/boletinlegal/ HTTP/1.1" 200 -
172.22.2.4 - - [26/Jun/2022:17:59:11 -0500] "GET /BLA/boletinlegal/ HTTP/1.1" 200 61027
207.46.13.45 - - [26/Jun/2022:18:00:58 -0500] "GET /empresas-del-sector-de-san-benito-reciben-reconocimiento-por-impulsar-la-economia-circular-en-la-industria-del-cuero.html HTTP/1.1" 200 817
173.252.95.6 - - [26/Jun/2022:18:02:46 -0500] "GET /secretaria-de-ambiente-abre-espacio-de-formacion-para-comunicadores-sociales-y-periodistas.html HTTP/1.1" 206 860
216.245.221.92 - - [26/Jun/2022:18:03:31 -0500] "HEAD / HTTP/1.1" 200 -
207.46.13.138 - - [26/Jun/2022:18:03:39 -0500] "GET / HTTP/1.1" 200 319
172.22.2.4 - - [26/Jun/2022:18:03:43 -0500] "GET /BLA/boletinlegal/actos.php HTTP/1.1" 200 9559
172.22.2.4 - - [26/Jun/2022:18:03:43 -0500] "GET /BLA/boletinlegal/favicon.ico HTTP/1.1" 404 1326
190.69.55.21 - - [26/Jun/2022:18:04:04 -0500] "GET /BLA/resoluciones/ HTTP/1.1" 200 13093
190.69.55.21 - - [26/Jun/2022:18:04:41 -0500] "GET /BLA/resoluciones/index.php?dir=RESOLUCIONES+2021%2F HTTP/1.1" 200 381288
190.69.55.21 - - [26/Jun/2022:18:05:02 -0500] "GET /BLA/resoluciones/RESOLUCIONES%202021/0361.pdf HTTP/1.1" 200 1493942
157.55.39.114 - - [26/Jun/2022:18:05:24 -0500] "GET /BLA/resoluciones/RESOLUCIONES%202021/0016.pdf HTTP/1.1" 304 -
172.22.2.4 - - [26/Jun/2022:18:04:11 -0500] "HEAD /BLA/boletinlegal/ HTTP/1.1" 200 -
172.22.2.4 - - [26/Jun/2022:18:05:25 -0500] "GET /BLA/boletinlegal/ HTTP/1.1" 200 24523
172.22.2.4 - - [26/Jun/2022:18:05:01 -0500] "GET /BLA/boletinlegal/ HTTP/1.1" 200 55379
157.55.39.114 - - [26/Jun/2022:18:06:54 -0500] "GET /BLA/resoluciones/AUTOS%202018/3568.pdf HTTP/1.1" 304 -
157.55.39.114 - - [26/Jun/2022:18:07:13 -0500] "GET /BLA/resoluciones/AUTOS%202011/4864.pdf HTTP/1.1" 200 1226765
216.245.221.92 - - [26/Jun/2022:18:08:31 -0500] "HEAD / HTTP/1.1" 200 -
161.10.17.143 - - [26/Jun/2022:18:10:57 -0500] "GET /BLA/resoluciones/index.php?dir=RESOLUCIONES+2008%2F HTTP/1.1" 200 12235
161.10.17.143 - - [26/Jun/2022:18:10:57 -0500] "GET /BLA/resoluciones/index.php?dir=RESOLUCIONES+2008%2F HTTP/1.1" 200 976272
201.184.82.154 - - [26/Jun/2022:18:11:02 -0500] "GET /kwssiamovil/sm/acme/u?s=U2FsdGVkX18BMbk48n6B6VM3fDYZM25SGIa7CB+EKJwUNBHmLIFYaBZjIyfK1oOJmaKgNDf/atVmQYrTF9YTrhJFHgEHmHl+RPXTQaZlkB9F8p9YJSi9H38M9Gvke6vg/clTjkIoIon3uyxwqcYhCg==&u=U2FsdGVkX19amrGFDGtPfsavnxOOT0DOKcUA/aJYmco=&y=U2FsdGVkX19Q4usrc0zhqChTywn1weUMtKb/tDiQLmR6k0/D5Ifh2baGJwGDtSU6 HTTP/1.1" 200 60
172.22.2.4 - - [26/Jun/2022:18:10:01 -0500] "HEAD /BLA/boletinlegal/ HTTP/1.1" 200 -
172.22.2.4 - - [26/Jun/2022:18:10:51 -0500] "GET /BLA/boletinlegal/ HTTP/1.1" 200 61027
161.10.17.143 - - [26/Jun/2022:18:13:10 -0500] "GET /BLA/resoluciones/index.php?dir=RESOLUCIONES+2017%2F HTTP/1.1" 200 12235
161.10.17.143 - - [26/Jun/2022:18:13:10 -0500] "GET /BLA/resoluciones/index.php?dir=RESOLUCIONES+2017%2F HTTP/1.1" 200 280535
2.57.122.35 - - [26/Jun/2022:18:13:28 -0500] "GET / HTTP/1.1" 200 319
216.245.221.92 - - [26/Jun/2022:18:13:31 -0500] "HEAD / HTTP/1.1" 200 -
207.46.13.45 - - [26/Jun/2022:18:14:58 -0500] "GET /portaldeninos/ HTTP/1.1" 200 109662
172.22.2.4 - - [26/Jun/2022:18:15:51 -0500] "HEAD /BLA/boletinlegal/ HTTP/1.1" 200 -
200.118.62.226 - - [26/Jun/2022:18:17:33 -0500] "GET /BLA/ HTTP/1.1" 200 538
34.141.221.237 - - [26/Jun/2022:18:17:35 -0500] "GET / HTTP/1.1" 200 319
200.118.62.226 - - [26/Jun/2022:18:17:38 -0500] "GET /BLA/boletinlegal/actos.php HTTP/1.1" 200 9559
200.118.62.226 - - [26/Jun/2022:18:17:40 -0500] "GET /BLA/resoluciones/ HTTP/1.1" 200 13093
200.118.62.226 - - [26/Jun/2022:18:17:43 -0500] "GET /BLA/resoluciones/index.php?dir=AUTOS+2022%2F HTTP/1.1" 200 100160
200.118.62.226 - - [26/Jun/2022:18:17:36 -0500] "GET /BLA/boletinlegal/index.php HTTP/1.1" 200 16331
200.118.62.226 - - [26/Jun/2022:18:18:05 -0500] "GET /BLA/resoluciones/AUTOS%202022/2139.pdf HTTP/1.1" 200 1835315
172.22.2.4 - - [26/Jun/2022:18:16:41 -0500] "GET /BLA/boletinlegal/ HTTP/1.1" 200 51524
216.245.221.92 - - [26/Jun/2022:18:18:31 -0500] "HEAD / HTTP/1.1" 200 -
172.22.2.4 - - [26/Jun/2022:18:17:11 -0500] "GET /BLA/boletinlegal/ HTTP/1.1" 200 54266
172.22.2.4 - - [26/Jun/2022:18:20:59 -0500] "GET /BLA/boletinlegal/Circulares/2012/Circular%20No.%2012%20del%2028%20de%20Agosto%20de%202012.pdf HTTP/1.1" 304 -
201.245.192.253 - - [26/Jun/2022:18:21:19 -0500] "POST /kwsrmcab/Wsrmcab HTTP/1.1" 500 253
201.245.192.253 - - [26/Jun/2022:18:21:19 -0500] "POST /kwsrmcab/Wsrmcab HTTP/1.1" 500 253
161.10.17.143 - - [26/Jun/2022:18:22:01 -0500] "GET /BLA/resoluciones/RESOLUCIONES%202017/2552.pdf HTTP/1.1" 200 275127
69.171.251.10 - - [26/Jun/2022:18:22:49 -0500] "GET /aprende-a-conocer-el-boletin-legal-ambiental.html HTTP/1.1" 206 892
172.22.2.4 - - [26/Jun/2022:18:21:41 -0500] "HEAD /BLA/boletinlegal/ HTTP/1.1" 200 -
216.245.221.92 - - [26/Jun/2022:18:23:31 -0500] "HEAD / HTTP/1.1" 200 -
172.22.2.4 - - [26/Jun/2022:18:22:31 -0500] "GET /BLA/boletinlegal/ HTTP/1.1" 200 58928
207.46.13.45 - - [26/Jun/2022:18:26:28 -0500] "GET /portaldeninos/ HTTP/1.1" 200 109662
172.22.2.4 - - [26/Jun/2022:18:26:47 -0500] "GET /BLA/boletinlegal/actos.php HTTP/1.1" 200 9559
172.22.2.4 - - [26/Jun/2022:18:27:09 -0500] "GET /BLA/boletinlegal/consulta_actos.php?tipo=resoluciones&no=0064&usuario=&sector=&fecha=2022&resuelve= HTTP/1.1" 200 626
172.22.2.4 - - [26/Jun/2022:18:27:15 -0500] "GET /BLA/boletinlegal/consulta_actos.php?tipo=resoluciones&no=0649&usuario=&sector=&fecha=2022&resuelve= HTTP/1.1" 200 1096
216.245.221.92 - - [26/Jun/2022:18:28:31 -0500] "HEAD / HTTP/1.1" 200 -
172.22.2.4 - - [26/Jun/2022:18:27:32 -0500] "HEAD /BLA/boletinlegal/ HTTP/1.1" 200 -
200.118.62.226 - - [26/Jun/2022:18:29:45 -0500] "GET /BLA/resoluciones/AUTOS%202022/2239.pdf HTTP/1.1" 200 363474
172.22.2.4 - - [26/Jun/2022:18:28:22 -0500] "GET /BLA/boletinlegal/ HTTP/1.1" 200 61408
201.245.192.253 - - [26/Jun/2022:18:31:19 -0500] "POST /kwsrmcab/Wsrmcab HTTP/1.1" 500 253
201.245.192.253 - - [26/Jun/2022:18:31:19 -0500] "POST /kwsrmcab/Wsrmcab HTTP/1.1" 500 253
173.252.83.22 - - [26/Jun/2022:18:33:05 -0500] "GET /images/feria-servicios-cuidamos-bogota-31-marzo.jpg HTTP/1.1" 200 109745
172.22.2.4 - - [26/Jun/2022:18:33:08 -0500] "POST /BLA/boletinlegal/vendor/phpunit/phpunit/src/Util/PHP/eval-stdin.php HTTP/1.1" 404 1018
216.245.221.92 - - [26/Jun/2022:18:33:31 -0500] "HEAD / HTTP/1.1" 200 -
172.22.2.4 - - [26/Jun/2022:18:33:22 -0500] "HEAD /BLA/boletinlegal/ HTTP/1.1" 200 -
172.22.2.4 - - [26/Jun/2022:18:34:12 -0500] "GET /BLA/boletinlegal/ HTTP/1.1" 200 58464
52.137.119.51 - - [26/Jun/2022:18:36:04 -0500] "GET /v1/agent/self HTTP/1.1" 404 1013
172.22.2.4 - - [26/Jun/2022:18:35:32 -0500] "GET /BLA/boletinlegal/ HTTP/1.1" 200 61854
64.124.8.52 - - [26/Jun/2022:18:37:51 -0500] "-" 408 -
172.22.2.4 - - [26/Jun/2022:18:37:33 -0500] "GET /BLA/boletinlegal/ HTTP/1.1" 200 32715
216.245.221.92 - - [26/Jun/2022:18:38:31 -0500] "HEAD / HTTP/1.1" 200 -
172.22.2.4 - - [26/Jun/2022:18:39:23 -0500] "GET /BLA/boletinlegal/Circulares/2019/.pdf HTTP/1.1" 404 1218
172.22.2.4 - - [26/Jun/2022:18:39:32 -0500] "GET /BLA/boletinlegal/Circulares/2012/Circular%20No.%2010%20del%2026%20de%20Enero%20de%202012.pdf HTTP/1.1" 404 1218
172.22.2.4 - - [26/Jun/2022:18:39:11 -0500] "HEAD /BLA/boletinlegal/ HTTP/1.1" 200 -
201.245.192.253 - - [26/Jun/2022:18:41:19 -0500] "POST /kwsrmcab/Wsrmcab HTTP/1.1" 500 253
201.245.192.253 - - [26/Jun/2022:18:41:19 -0500] "POST /kwsrmcab/Wsrmcab HTTP/1.1" 500 253
172.22.2.4 - - [26/Jun/2022:18:40:01 -0500] "GET /BLA/boletinlegal/ HTTP/1.1" 200 60610
207.46.13.8 - - [26/Jun/2022:18:42:39 -0500] "GET /BLA/resoluciones/AUTOS%202022/2239.pdf HTTP/1.1" 200 363474
216.245.221.92 - - [26/Jun/2022:18:43:31 -0500] "HEAD / HTTP/1.1" 200 -
66.249.66.139 - - [26/Jun/2022:18:45:41 -0500] "-" 408 -
172.22.2.4 - - [26/Jun/2022:18:44:50 -0500] "GET /BLA/boletinlegal/ HTTP/1.1" 200 51524
172.22.2.4 - - [26/Jun/2022:18:46:30 -0500] "GET /BLA/boletinlegal/styles2.css HTTP/1.1" 200 1838
172.22.2.4 - - [26/Jun/2022:18:45:01 -0500] "HEAD /BLA/boletinlegal/ HTTP/1.1" 200 -
172.22.2.4 - - [26/Jun/2022:18:46:42 -0500] "GET /BLA/boletinlegal/vendor/phpunit/phpunit/src/Util/PHP/eval-stdin.php HTTP/1.1" 404 1018
172.22.2.4 - - [26/Jun/2022:18:45:51 -0500] "GET /BLA/boletinlegal/ HTTP/1.1" 200 55379
216.245.221.92 - - [26/Jun/2022:18:48:31 -0500] "HEAD / HTTP/1.1" 200 -
172.22.2.4 - - [26/Jun/2022:18:50:51 -0500] "HEAD /BLA/boletinlegal/ HTTP/1.1" 200 -
172.22.2.4 - - [26/Jun/2022:18:51:44 -0500] "GET /BLA/boletinlegal/ HTTP/1.1" 200 58464
216.245.221.92 - - [26/Jun/2022:18:53:31 -0500] "HEAD / HTTP/1.1" 200 -
173.252.95.9 - - [26/Jun/2022:18:55:33 -0500] "GET /en-semana-santa-jardin-botanico-una-opcion-vital-para-reconectarse-y-vivir-la-naturaleza.html HTTP/1.1" 206 1012
54.171.248.114 - - [26/Jun/2022:18:57:48 -0500] "GET /BLA/resoluciones/RESOLUCIONES%202013/0715.pdf HTTP/1.1" 200 497969
172.22.2.4 - - [26/Jun/2022:18:56:41 -0500] "HEAD /BLA/boletinlegal/ HTTP/1.1" 200 -
216.245.221.92 - - [26/Jun/2022:18:58:31 -0500] "HEAD / HTTP/1.1" 200 -
172.22.2.4 - - [26/Jun/2022:18:58:08 -0500] "GET /BLA/boletinlegal/index.php HTTP/1.1" 200 24523
172.22.2.4 - - [26/Jun/2022:18:57:31 -0500] "GET /BLA/boletinlegal/ HTTP/1.1" 200 57222
186.102.54.75 - - [26/Jun/2022:18:59:21 -0500] "GET /kwssiamovil/sm/acme/a?s=U2FsdGVkX18zaevgUaLII+haZUXVYWI88LqnPYGoE2ob68Ez/Xne14jV/GPi1E7SizqGFN0wuMuPf2sY0ZlshdxTvLU3ob88o+8MCblJo0+HY3do0jLb/SFlIJTriBrWZG06FhmGn7KBxxrrqSFlriXxI4GP4kElnslgs55pqvyKeGmsLKr8kQ1UEw3ihPaUAk9Rsfx2m5VrrW8F9ANWujSLk0tJVl0twQhsrp7/lFkuSu9RFq0w5fn4TMdUng19gP4E0vkLNw99qvThM6ZB7Q==&u=U2FsdGVkX1/P/h8AD0LnuxAdo2Z3d8F3II8co+3WZfq4me3vnXLjqVcLsiROZEav&y=U2FsdGVkX1+a7PLnYyjfLZfx1SwPveIzM4Npc/ara/bbZORFjDhVuuviGVTVI8AM HTTP/1.1" 200 25
186.102.54.75 - - [26/Jun/2022:18:59:21 -0500] "GET /kwssiamovil/sm/acme/a?s=U2FsdGVkX18nOXn4e2icUtuOMpmMKa5R9aqs9Xk9+6QNgBs3LHmR3YQv2Z+RqVn4Qahl7qoEndi335Mcckf+Li+x7PPGOeepfbp4Y/NJWVcRe6zMX/omIAddU1oO+MEsqKAvTRnsDiSUJHmTkRT5/HZyDQkClFE0puaTcmAUVcNT99h6nF+ytz1eSseXKmwRDx8XFuDJL4ARuiyjUqOkLqnrtDAi1pgviFwyQCZuqirIQAuWqobrIR4ToD30eHRoPQsSfnuxBYUBkVOliYpyatNXlkAu1Y9tfVuA24AB5azl1uy5sPqEIrYKX6YBD+OKfB3/lN5POumHLIaGAt/nAuA8lGutAWmyj3UCKL6afuBekewUUpdbiqEfCFUs+YGt8MKnLj2OjrAVx67aJvcuVwY0De60k1sEcIm7Vt3ZUDGMJG6Qd1jbt9wu8lKD+HmS3a1gycEXeDfkhUX3kDZmhGF2xlrMskNfqxoMM/J06ndd9QJiNlCOS+4MZUqm02X14J9tzG3vz1XeqMaYm4k/GRIPKgsLAjYzrWlbPrwuNKTEWcFDQNaSXuwMwATsS2LhcIcmgCUwRZBiNOeLljCpoaM5cf6a4h7bcSKjbp7c21bziK1RzDWq2ULV0RfWdBt1bwhM8wCmsI527Y5vM1QDl18rwIpxszLwlAeLK6A9102IV3xnULcC3tIgIxfR7ak3SiZ/CHuFRXGTzTY8neCKGJpmh2dbPkzAYkbV9uTu+qfFRo4y3LrV23alKxm+eXC8SQ2lSjhI7yClnUz9BHU33F6Me0QV0mpN5M68KsbLWn6rqDqwvy23uMosOMnfGH+lriBZty6Y8y8DN04S+WWhHC9GZ/T9+NRaDQiXBmKxFP7rBje7kcbO2fdi90wYIpJtWLrC9I6q+niCEWBKGha/ZqVaiRHPEPCg5vCbMr4WE9RE9qBeXv3JjsB5SvzvTzGrPCwkKw7fSkeH1BZzCosiwuW8jvBggRbiS6hFuT/ykME9QftPLAih21JWEopWBHWotQRHnUXNOAo7qhRfqGX0z9Z50nELgxPzQO5RiLOCZKWuZuOKS1qtoLtr4hPolABv5RGMvkD9uPR0VGo+eDGdTG3lNTv+82OzCBivxtvPJ/8asY42Nd4tg9XWzW3+zpRBZsg9CZO9sCv1ixYIeoI/SGuVzW4HoohZG6c3NHLVXGtgzM5pihPEh0rTvgmHeQZCkt4d0x7IHvIBtHcvl9xzHX3jX4PYp/Dx4tpxHVacspQnlSPXhegRTi7j4hqAxP5kyOccJvupuIF0eOxL86OwA9ukd4vdcfTaWwlgTFZTP70FBgN1+RdYoe8Ybr2kQXf1OEdhUhYWm/FgA6QZfnZ8Oe81lupQ13036EfOXIuIRMak5CvdESLLYeZSupjiRZT+ercdNdIIvjwoRVlI4l8yK7ZDvQTl5EzcitKJ5M7Zc+KHEbVe/8GMhpBCQxQf4aME6i9Zbp/Kd+YFMGESFlOPoXn7vj2i+dkwgfur7GnMIeTqq/asN/AMhB/LSQIWOacZ+KK21nBOQPKGNIfu+KlH68JIN6ZNw8LtBOwKwE8x+yHPnYzYCLrQizzKDWHp6Ul9pMe4S9DmNRe/ChLV83cLxRL3H7HWkXxh+d9KgYYttQ4PE6KeBsVY+h2a6MWoFRk4GYxLSYsi7mjdV4R5PvL6z1em8IdLv8LyMY+Cn1UGjPc=&u=U2FsdGVkX1/P/h8AD0LnuxAdo2Z3d8F3II8co+3WZfq4me3vnXLjqVcLsiROZEav&y=U2FsdGVkX1+a7PLnYyjfLZfx1SwPveIzM4Npc/ara/bbZORFjDhVuuviGVTVI8AM HTTP/1.1" 200 25
186.102.54.75 - - [26/Jun/2022:18:59:22 -0500] "GET /kwssiamovil/sm/acme/a?s=U2FsdGVkX1/YonJ/HzY5dbtw6l/UhL+OuKTjQJIDovLrGRgeYd+zgJjgd+r58IFcL28kHIa46DaWgQg7G+TP4H3NSadaQAP4cdbWORvROKdPZl4eW9pt0qIHbugQHdHod90BQAHY9osvg9wWG0kRUTgrVFqaOe06ZZotUmErhC8=&u=U2FsdGVkX1/P/h8AD0LnuxAdo2Z3d8F3II8co+3WZfq4me3vnXLjqVcLsiROZEav&y=U2FsdGVkX1+a7PLnYyjfLZfx1SwPveIzM4Npc/ara/bbZORFjDhVuuviGVTVI8AM HTTP/1.1" 200 25
186.102.54.75 - - [26/Jun/2022:18:59:22 -0500] "GET /kwssiamovil/sm/acme/a?s=U2FsdGVkX1/W0cjLrxRVCidK7zqDcRd4SSvh94EFXIYQkkOT+3bFC7r4k3x10F+bjT2P4jrgGyAeei0UwtPCQYTEvJos77a41VGAoFY4jtxRvs5jS4aDNsF5bro93CELxXXtsiiKac4L+BdGMXgL97Qgzey0FdrEpByiR5NT58Q=&u=U2FsdGVkX1/P/h8AD0LnuxAdo2Z3d8F3II8co+3WZfq4me3vnXLjqVcLsiROZEav&y=U2FsdGVkX1+a7PLnYyjfLZfx1SwPveIzM4Npc/ara/bbZORFjDhVuuviGVTVI8AM HTTP/1.1" 200 25
186.102.54.75 - - [26/Jun/2022:18:59:22 -0500] "GET /kwssiamovil/sm/acme/a?s=U2FsdGVkX1+WObEvzJNVSG/FvzcvC4ynXn7HC74KI66K98kYcEmN13jcqNGbGOV9bmVpRvoau+JWIlfUn7MS0Qroqrb57wujLUKNSM8ShV0wGgbhKQgITAEyJfcPbv4W7nRsCGmKwKAd40AaZRF3ct18VOFFvW9tldWMks2Rpk8=&u=U2FsdGVkX1/P/h8AD0LnuxAdo2Z3d8F3II8co+3WZfq4me3vnXLjqVcLsiROZEav&y=U2FsdGVkX1+a7PLnYyjfLZfx1SwPveIzM4Npc/ara/bbZORFjDhVuuviGVTVI8AM HTTP/1.1" 200 25
186.102.54.75 - - [26/Jun/2022:18:59:22 -0500] "GET /kwssiamovil/sm/acme/a?s=U2FsdGVkX1+GyDnRrcKJ1UDdcvSq2WeqzzxT65toGYPFXMvxU5BIjU+GEXC5QMmqmRKlzWhU7roOfWos61eEb+7YtKh4CayUhQJwwv2wLH57HZRo7/+BLHhWTgj8eFKYRCEb/mt1D26Ba+yLOhtcsa0hZHcGyq/f4oHA+FtaUKF+Pu2wfAtGkqbpUrBzQfXk&u=U2FsdGVkX1/P/h8AD0LnuxAdo2Z3d8F3II8co+3WZfq4me3vnXLjqVcLsiROZEav&y=U2FsdGVkX1+a7PLnYyjfLZfx1SwPveIzM4Npc/ara/bbZORFjDhVuuviGVTVI8AM HTTP/1.1" 200 25
216.245.221.92 - - [26/Jun/2022:19:03:32 -0500] "HEAD / HTTP/1.1" 200 -
191.102.117.242 - - [26/Jun/2022:19:04:08 -0500] "GET /portaldeninos/wp-content/themes/betheme/style.css?ver=20.9.6 HTTP/1.1" 200 287
191.102.117.242 - - [26/Jun/2022:19:04:08 -0500] "GET /portaldeninos/wp-content/uploads/useanyfont/uaf.css?ver=1589905315 HTTP/1.1" 200 408
191.102.117.242 - - [26/Jun/2022:19:04:08 -0500] "GET /portaldeninos/wp-content/plugins/gallery-videos/CSS/Total-Soft-Gallery-Video-Widget.css?ver=4.9.8 HTTP/1.1" 200 51554
191.102.117.242 - - [26/Jun/2022:19:04:08 -0500] "GET /portaldeninos/wp-content/plugins/gallery-videos/CSS/totalsoft.css?ver=4.9.8 HTTP/1.1" 200 40622
191.102.117.242 - - [26/Jun/2022:19:04:08 -0500] "GET /portaldeninos/wp-content/themes/betheme/css/base.css?ver=20.9.6 HTTP/1.1" 200 57283
191.102.117.242 - - [26/Jun/2022:19:04:08 -0500] "GET /portaldeninos/wp-content/themes/betheme/assets/jplayer/css/jplayer.blue.monday.css?ver=20.9.6 HTTP/1.1" 200 9834
191.102.117.242 - - [26/Jun/2022:19:04:08 -0500] "GET /portaldeninos/wp-content/themes/betheme/assets/ui/jquery.ui.all.css?ver=20.9.6 HTTP/1.1" 200 18765
191.102.117.242 - - [26/Jun/2022:19:04:08 -0500] "GET /portaldeninos/wp-content/themes/betheme/assets/animations/animations.min.css?ver=20.9.6 HTTP/1.1" 200 58508
191.102.117.242 - - [26/Jun/2022:19:04:08 -0500] "GET /portaldeninos/wp-content/themes/betheme/css/layout.css?ver=20.9.6 HTTP/1.1" 200 116639
191.102.117.242 - - [26/Jun/2022:19:04:08 -0500] "GET /portaldeninos/wp-content/plugins/google-analytics-for-wordpress/assets/js/frontend-gtag.min.js?ver=8.5.0 HTTP/1.1" 200 11801
191.102.117.242 - - [26/Jun/2022:19:04:08 -0500] "GET /portaldeninos/wp-includes/js/jquery/ui/core.min.js?ver=1.11.4 HTTP/1.1" 200 4000
191.102.117.242 - - [26/Jun/2022:19:04:08 -0500] "GET /portaldeninos/wp-includes/js/jquery/jquery-migrate.min.js?ver=1.4.1 HTTP/1.1" 200 10056
191.102.117.242 - - [26/Jun/2022:19:04:08 -0500] "GET /portaldeninos/wp-content/themes/betheme/css/responsive.css?ver=20.9.6 HTTP/1.1" 200 55740
191.102.117.242 - - [26/Jun/2022:19:04:08 -0500] "GET /portaldeninos/wp-content/plugins/gallery-videos/JS/modernizr.custom.js?ver=4.9.8 HTTP/1.1" 200 9019
191.102.117.242 - - [26/Jun/2022:19:04:08 -0500] "GET /portaldeninos/wp-content/themes/betheme/css/shortcodes.css?ver=20.9.6 HTTP/1.1" 200 138889
191.102.117.242 - - [26/Jun/2022:19:04:08 -0500] "GET /portaldeninos/wp-content/plugins/gallery-videos/JS/Total-Soft-Gallery-Video-Widget.js?ver=4.9.8 HTTP/1.1" 200 80264
191.102.117.242 - - [26/Jun/2022:19:04:08 -0500] "GET /portaldeninos/wp-includes/js/jquery/jquery.js?ver=1.12.4 HTTP/1.1" 200 97184
191.102.117.242 - - [26/Jun/2022:19:04:09 -0500] "GET /portaldeninos/wp-includes/js/wp-emoji-release.min.js?ver=4.9.8 HTTP/1.1" 200 12026
191.102.117.242 - - [26/Jun/2022:19:04:09 -0500] "GET /portaldeninos/wp-content/themes/betheme/images/box_shadow.png HTTP/1.1" 200 108
172.22.2.4 - - [26/Jun/2022:19:02:31 -0500] "HEAD /BLA/boletinlegal/ HTTP/1.1" 200 -
191.102.117.242 - - [26/Jun/2022:19:04:15 -0500] "GET /portaldeninos/wp-includes/js/jquery/ui/widget.min.js?ver=1.11.4 HTTP/1.1" 200 6908
191.102.117.242 - - [26/Jun/2022:19:04:15 -0500] "GET /portaldeninos/wp-includes/js/jquery/ui/mouse.min.js?ver=1.11.4 HTTP/1.1" 200 3148
191.102.117.242 - - [26/Jun/2022:19:04:15 -0500] "GET /portaldeninos/wp-includes/js/jquery/ui/accordion.min.js?ver=1.11.4 HTTP/1.1" 200 8584
191.102.117.242 - - [26/Jun/2022:19:04:15 -0500] "GET /portaldeninos/wp-includes/js/jquery/ui/tabs.min.js?ver=1.11.4 HTTP/1.1" 200 12110
191.102.117.242 - - [26/Jun/2022:19:04:15 -0500] "GET /portaldeninos/wp-content/themes/betheme/js/menu.js?ver=20.9.6 HTTP/1.1" 200 2449
191.102.117.242 - - [26/Jun/2022:19:04:15 -0500] "GET /portaldeninos/wp-content/themes/betheme/assets/animations/animations.min.js?ver=20.9.6 HTTP/1.1" 200 1896
191.102.117.242 - - [26/Jun/2022:19:04:15 -0500] "GET /portaldeninos/wp-includes/js/jquery/ui/sortable.min.js?ver=1.11.4 HTTP/1.1" 200 24899
191.102.117.242 - - [26/Jun/2022:19:04:15 -0500] "GET /portaldeninos/wp-includes/js/wp-embed.min.js?ver=4.9.8 HTTP/1.1" 200 1398
191.102.117.242 - - [26/Jun/2022:19:04:15 -0500] "GET /portaldeninos/wp-content/themes/betheme/assets/jplayer/jplayer.min.js?ver=20.9.6 HTTP/1.1" 200 52702
191.102.117.242 - - [26/Jun/2022:19:04:15 -0500] "GET /portaldeninos/wp-content/themes/betheme/js/scripts.js?ver=20.9.6 HTTP/1.1" 200 77162
191.102.117.242 - - [26/Jun/2022:19:04:15 -0500] "GET /portaldeninos/wp-content/themes/betheme/fonts/mfn-icons.ttf?93978679 HTTP/1.1" 200 88353
191.102.117.242 - - [26/Jun/2022:19:04:15 -0500] "GET /portaldeninos/wp-content/themes/betheme/fonts/mfn-icons.woff?93978679 HTTP/1.1" 200 80932
191.102.117.242 - - [26/Jun/2022:19:04:15 -0500] "GET /portaldeninos/wp-content/themes/betheme/js/plugins.js?ver=20.9.6 HTTP/1.1" 200 197151
191.102.117.242 - - [26/Jun/2022:19:04:35 -0500] "GET /portaldeninos/wp-content/themes/betheme/fonts/mfn-icons.woff?93978679 HTTP/1.1" 206 1
191.102.117.242 - - [26/Jun/2022:19:04:35 -0500] "GET /portaldeninos/wp-content/themes/betheme/fonts/mfn-icons.ttf?93978679 HTTP/1.1" 200 88353
172.22.2.4 - - [26/Jun/2022:19:03:21 -0500] "GET /BLA/boletinlegal/ HTTP/1.1" 200 61027
216.245.221.92 - - [26/Jun/2022:19:08:31 -0500] "HEAD / HTTP/1.1" 200 -
207.46.13.184 - - [26/Jun/2022:19:09:16 -0500] "GET /portaldeninos/2021/06/29/jasbleady-castaneda-una-mujer-que-le-pone-el-alma-a-la-proteccion-de-las-tinguas-azules/ HTTP/1.1" 200 108589
40.77.167.24 - - [26/Jun/2022:19:09:26 -0500] "GET /portaldeninos/humedal-el-tunjo/ HTTP/1.1" 200 87862
172.22.2.4 - - [26/Jun/2022:19:08:21 -0500] "HEAD /BLA/boletinlegal/ HTTP/1.1" 200 -
172.22.2.4 - - [26/Jun/2022:19:10:47 -0500] "GET /BLA/boletinlegal/js/jquery.js HTTP/1.1" 200 57254
172.22.2.4 - - [26/Jun/2022:19:10:47 -0500] "GET /BLA/boletinlegal/js/jquery.scrollShow.js HTTP/1.1" 200 4586
172.22.2.4 - - [26/Jun/2022:19:10:47 -0500] "GET /BLA/boletinlegal/images/cabezote%20BLEGAL.jpg HTTP/1.1" 200 118164
172.22.2.4 - - [26/Jun/2022:19:10:47 -0500] "GET /BLA/boletinlegal/images/historia.png HTTP/1.1" 200 52775
172.22.2.4 - - [26/Jun/2022:19:10:47 -0500] "GET /BLA/boletinlegal/images/subscribe-icon-big.png HTTP/1.1" 200 47702
172.22.2.4 - - [26/Jun/2022:19:10:47 -0500] "GET /BLA/boletinlegal/images/registro-usuarios.png HTTP/1.1" 200 8106
172.22.2.4 - - [26/Jun/2022:19:10:47 -0500] "GET /BLA/boletinlegal/images/launch.jpg HTTP/1.1" 200 14577
172.22.2.4 - - [26/Jun/2022:19:10:47 -0500] "GET /BLA/boletinlegal/images/screen_1.png HTTP/1.1" 200 202547
172.22.2.4 - - [26/Jun/2022:19:10:49 -0500] "GET /BLA/boletinlegal/actos.php HTTP/1.1" 200 9559
172.22.2.4 - - [26/Jun/2022:19:10:49 -0500] "GET /BLA/boletinlegal/js/ajax_actos.js HTTP/1.1" 200 1322
172.22.2.4 - - [26/Jun/2022:19:10:49 -0500] "GET /BLA/boletinlegal/niceforms-default.css HTTP/1.1" 200 6694
172.22.2.4 - - [26/Jun/2022:19:10:49 -0500] "GET /BLA/boletinlegal/niceforms.js HTTP/1.1" 200 22876
172.22.2.4 - - [26/Jun/2022:19:10:49 -0500] "GET /BLA/boletinlegal/js/popup.js HTTP/1.1" 200 1270
172.22.2.4 - - [26/Jun/2022:19:10:49 -0500] "GET /BLA/boletinlegal/js/lib.js HTTP/1.1" 200 6474
172.22.2.4 - - [26/Jun/2022:19:10:49 -0500] "GET /BLA/boletinlegal/js/jquery1.js HTTP/1.1" 200 29846
172.22.2.4 - - [26/Jun/2022:19:10:49 -0500] "GET /BLA/boletinlegal/images/green-yellow-blue-pink-th.png HTTP/1.1" 200 7394
172.22.2.4 - - [26/Jun/2022:19:10:49 -0500] "GET /BLA/boletinlegal/images/abajo.png HTTP/1.1" 200 96676
172.22.2.4 - - [26/Jun/2022:19:10:49 -0500] "GET /BLA/boletinlegal/images/icono-email.png HTTP/1.1" 200 5544
172.22.2.4 - - [26/Jun/2022:19:10:49 -0500] "GET /BLA/boletinlegal/images/tel.png HTTP/1.1" 200 14477
172.22.2.4 - - [26/Jun/2022:19:10:49 -0500] "GET /BLA/boletinlegal/images/footer_bg.jpg HTTP/1.1" 200 586
172.22.2.4 - - [26/Jun/2022:19:10:49 -0500] "GET /BLA/boletinlegal/images/footer_bg_l.jpg HTTP/1.1" 200 776
172.22.2.4 - - [26/Jun/2022:19:10:49 -0500] "GET /BLA/boletinlegal/img/0.png HTTP/1.1" 200 110
172.22.2.4 - - [26/Jun/2022:19:10:49 -0500] "GET /BLA/boletinlegal/img/select-left.png HTTP/1.1" 200 263
172.22.2.4 - - [26/Jun/2022:19:10:49 -0500] "GET /BLA/boletinlegal/img/select-right.png HTTP/1.1" 200 44019
172.22.2.4 - - [26/Jun/2022:19:10:49 -0500] "GET /BLA/boletinlegal/img/button-left.png HTTP/1.1" 200 57071
172.22.2.4 - - [26/Jun/2022:19:10:49 -0500] "GET /BLA/boletinlegal/img/button.png HTTP/1.1" 200 43241
172.22.2.4 - - [26/Jun/2022:19:10:49 -0500] "GET /BLA/boletinlegal/img/button-right.png HTTP/1.1" 200 57878
172.22.2.4 - - [26/Jun/2022:19:10:49 -0500] "GET /BLA/boletinlegal/favicon.ico HTTP/1.1" 404 1326
172.22.2.4 - - [26/Jun/2022:19:09:11 -0500] "GET /BLA/boletinlegal/ HTTP/1.1" 200 57966
172.22.2.4 - - [26/Jun/2022:19:10:54 -0500] "GET /BLA/boletinlegal/images/screen_3.png HTTP/1.1" 200 210620
172.22.2.4 - - [26/Jun/2022:19:10:54 -0500] "GET /BLA/boletinlegal/images/screen_2.png HTTP/1.1" 200 362502
172.22.2.4 - - [26/Jun/2022:19:10:54 -0500] "GET /BLA/boletinlegal/images/arr_r.jpg HTTP/1.1" 200 1998
172.22.2.4 - - [26/Jun/2022:19:10:54 -0500] "GET /BLA/boletinlegal/images/screen_5.png HTTP/1.1" 200 368876
172.22.2.4 - - [26/Jun/2022:19:10:57 -0500] "GET /BLA/boletinlegal/consulta_actos.php?tipo=autos&no=&usuario=&sector=VERTIMIENTOS&fecha=2022&resuelve= HTTP/1.1" 200 81165
172.22.2.4 - - [26/Jun/2022:19:10:57 -0500] "GET /BLA/boletinlegal/images/pdf.gif HTTP/1.1" 200 567
172.22.2.4 - - [26/Jun/2022:19:10:57 -0500] "GET /BLA/boletinlegal/images/background.gif HTTP/1.1" 200 -
186.80.52.126 - - [26/Jun/2022:19:11:10 -0500] "GET /BLA/resoluciones/AUTOS%202022/3098.pdf HTTP/1.1" 200 469893
186.80.52.126 - - [26/Jun/2022:19:11:10 -0500] "GET /favicon.ico HTTP/1.1" 200 7782
186.80.52.126 - - [26/Jun/2022:19:11:18 -0500] "GET /BLA/resoluciones/AUTOS%202022/3095.pdf HTTP/1.1" 200 376382
186.80.52.126 - - [26/Jun/2022:19:11:21 -0500] "GET /BLA/resoluciones/AUTOS%202022/3094.pdf HTTP/1.1" 200 459155
186.80.52.126 - - [26/Jun/2022:19:11:24 -0500] "GET /BLA/resoluciones/AUTOS%202022/3069.pdf HTTP/1.1" 200 491468
186.80.52.126 - - [26/Jun/2022:19:11:27 -0500] "GET /BLA/resoluciones/AUTOS%202022/3034.pdf HTTP/1.1" 200 460182
186.80.52.126 - - [26/Jun/2022:19:11:30 -0500] "GET /BLA/resoluciones/AUTOS%202022/2986.pdf HTTP/1.1" 200 556916
172.22.2.4 - - [26/Jun/2022:19:10:46 -0500] "GET /BLA/boletinlegal/ HTTP/1.1" 200 63123
172.22.2.4 - - [26/Jun/2022:19:13:23 -0500] "GET /BLA/boletinlegal/style.css HTTP/1.1" 200 9406
172.22.2.4 - - [26/Jun/2022:19:13:23 -0500] "GET /BLA/boletinlegal/styles2.css HTTP/1.1" 200 1838
172.22.2.4 - - [26/Jun/2022:19:13:23 -0500] "GET /BLA/boletinlegal/js/jquery.js HTTP/1.1" 200 57254
172.22.2.4 - - [26/Jun/2022:19:13:23 -0500] "GET /BLA/boletinlegal/js/jquery.scrollShow.js HTTP/1.1" 200 4586
172.22.2.4 - - [26/Jun/2022:19:13:23 -0500] "GET /BLA/boletinlegal/js/jquery.scrollTo-min.js HTTP/1.1" 200 1150
172.22.2.4 - - [26/Jun/2022:19:13:23 -0500] "GET /BLA/boletinlegal/images/cabezote%20BLEGAL.jpg HTTP/1.1" 200 118164
172.22.2.4 - - [26/Jun/2022:19:13:23 -0500] "GET /BLA/boletinlegal/images/historia.png HTTP/1.1" 200 52775
172.22.2.4 - - [26/Jun/2022:19:13:23 -0500] "GET /BLA/boletinlegal/images/subscribe-icon-big.png HTTP/1.1" 200 47702
172.22.2.4 - - [26/Jun/2022:19:13:23 -0500] "GET /BLA/boletinlegal/images/registro-usuarios.png HTTP/1.1" 200 8106
172.22.2.4 - - [26/Jun/2022:19:13:23 -0500] "GET /BLA/boletinlegal/images/arr_l.jpg HTTP/1.1" 200 1979
172.22.2.4 - - [26/Jun/2022:19:13:23 -0500] "GET /BLA/boletinlegal/images/screen_1.png HTTP/1.1" 200 202547
172.22.2.4 - - [26/Jun/2022:19:13:23 -0500] "GET /BLA/boletinlegal/images/launch.jpg HTTP/1.1" 200 14577
172.22.2.4 - - [26/Jun/2022:19:13:24 -0500] "GET /BLA/boletinlegal/actos.php HTTP/1.1" 200 9559
172.22.2.4 - - [26/Jun/2022:19:13:26 -0500] "GET /BLA/boletinlegal/js/ajax_actos.js HTTP/1.1" 200 1322
172.22.2.4 - - [26/Jun/2022:19:13:26 -0500] "GET /BLA/boletinlegal/niceforms.js HTTP/1.1" 200 22876
172.22.2.4 - - [26/Jun/2022:19:13:26 -0500] "GET /BLA/boletinlegal/niceforms-default.css HTTP/1.1" 200 6694
172.22.2.4 - - [26/Jun/2022:19:13:26 -0500] "GET /BLA/boletinlegal/js/lib.js HTTP/1.1" 200 6474
172.22.2.4 - - [26/Jun/2022:19:13:26 -0500] "GET /BLA/boletinlegal/js/popup.js HTTP/1.1" 200 1270
172.22.2.4 - - [26/Jun/2022:19:13:26 -0500] "GET /BLA/boletinlegal/js/jquery1.js HTTP/1.1" 200 29846
172.22.2.4 - - [26/Jun/2022:19:13:26 -0500] "GET /BLA/boletinlegal/images/green-yellow-blue-pink-th.png HTTP/1.1" 200 7394
172.22.2.4 - - [26/Jun/2022:19:13:29 -0500] "GET /BLA/boletinlegal/images/abajo.png HTTP/1.1" 200 96676
172.22.2.4 - - [26/Jun/2022:19:13:29 -0500] "GET /BLA/boletinlegal/images/tel.png HTTP/1.1" 200 14477
172.22.2.4 - - [26/Jun/2022:19:13:29 -0500] "GET /BLA/boletinlegal/images/icono-email.png HTTP/1.1" 200 5544
172.22.2.4 - - [26/Jun/2022:19:13:29 -0500] "GET /BLA/boletinlegal/images/body_bg.jpg HTTP/1.1" 200 1601
172.22.2.4 - - [26/Jun/2022:19:13:29 -0500] "GET /BLA/boletinlegal/images/menu_lft.gif HTTP/1.1" 200 1713
172.22.2.4 - - [26/Jun/2022:19:13:29 -0500] "GET /BLA/boletinlegal/images/menu_rght.gif HTTP/1.1" 200 1627
172.22.2.4 - - [26/Jun/2022:19:13:29 -0500] "GET /BLA/boletinlegal/images/bg_top.jpg HTTP/1.1" 200 522
216.245.221.92 - - [26/Jun/2022:19:13:31 -0500] "HEAD / HTTP/1.1" 200 -
172.22.2.4 - - [26/Jun/2022:19:13:31 -0500] "GET /BLA/boletinlegal/images/text.jpg HTTP/1.1" 200 568
172.22.2.4 - - [26/Jun/2022:19:13:31 -0500] "GET /BLA/boletinlegal/images/footer_bg.jpg HTTP/1.1" 200 586
172.22.2.4 - - [26/Jun/2022:19:13:31 -0500] "GET /BLA/boletinlegal/images/menu_bg.jpg HTTP/1.1" 200 620
172.22.2.4 - - [26/Jun/2022:19:13:31 -0500] "GET /BLA/boletinlegal/images/screen_2.png HTTP/1.1" 200 362502
172.22.2.4 - - [26/Jun/2022:19:13:31 -0500] "GET /BLA/boletinlegal/images/screen_5.png HTTP/1.1" 200 368876
172.22.2.4 - - [26/Jun/2022:19:13:31 -0500] "GET /BLA/boletinlegal/images/screen_3.png HTTP/1.1" 200 210620
172.22.2.4 - - [26/Jun/2022:19:13:31 -0500] "GET /BLA/boletinlegal/images/hover.jpg HTTP/1.1" 200 640
172.22.2.4 - - [26/Jun/2022:19:13:32 -0500] "GET /BLA/boletinlegal/images/footer_bg_l.jpg HTTP/1.1" 200 776
172.22.2.4 - - [26/Jun/2022:19:13:32 -0500] "GET /BLA/boletinlegal/images/arr_r.jpg HTTP/1.1" 200 1998
172.22.2.4 - - [26/Jun/2022:19:13:32 -0500] "GET /BLA/boletinlegal/img/0.png HTTP/1.1" 200 110
172.22.2.4 - - [26/Jun/2022:19:13:32 -0500] "GET /BLA/boletinlegal/img/select-left.png HTTP/1.1" 200 263
172.22.2.4 - - [26/Jun/2022:19:13:32 -0500] "GET /BLA/boletinlegal/img/select-right.png HTTP/1.1" 200 44019
172.22.2.4 - - [26/Jun/2022:19:13:32 -0500] "GET /BLA/boletinlegal/img/button-right.png HTTP/1.1" 200 57878
172.22.2.4 - - [26/Jun/2022:19:13:32 -0500] "GET /BLA/boletinlegal/img/button.png HTTP/1.1" 200 43241
172.22.2.4 - - [26/Jun/2022:19:13:32 -0500] "GET /BLA/boletinlegal/favicon.ico HTTP/1.1" 404 1326
172.22.2.4 - - [26/Jun/2022:19:13:32 -0500] "GET /BLA/boletinlegal/img/button-left.png HTTP/1.1" 200 57071
172.22.2.4 - - [26/Jun/2022:19:13:38 -0500] "GET /BLA/boletinlegal/images/pdf.gif HTTP/1.1" 200 567
172.22.2.4 - - [26/Jun/2022:19:13:54 -0500] "GET /BLA/boletinlegal/consulta_actos.php?tipo=autos&no=&usuario=&sector=RESIDUOS&fecha=2022&resuelve=LICENCIA HTTP/1.1" 200 1074
172.22.2.4 - - [26/Jun/2022:19:14:07 -0500] "GET /BLA/boletinlegal/consulta_actos.php?tipo=autos&no=&usuario=&sector=RESIDUOS&fecha=2021&resuelve=LICENCIA HTTP/1.1" 200 626
172.22.2.4 - - [26/Jun/2022:19:14:11 -0500] "GET /BLA/boletinlegal/consulta_actos.php?tipo=autos&no=&usuario=&sector=RESIDUOS&fecha=2021&resuelve=LICENCIA HTTP/1.1" 200 626
172.22.2.4 - - [26/Jun/2022:19:14:26 -0500] "GET /BLA/boletinlegal/consulta_actos.php?tipo=autos&no=&usuario=&sector=RESIDUOS&fecha=2021&resuelve=SANCIONATORIO HTTP/1.1" 200 82275
172.22.2.4 - - [26/Jun/2022:19:14:27 -0500] "GET /BLA/boletinlegal/images/background.gif HTTP/1.1" 200 -
186.80.52.126 - - [26/Jun/2022:19:15:02 -0500] "GET /BLA/resoluciones/AUTOS%202021/6533.pdf HTTP/1.1" 200 407945
186.80.52.126 - - [26/Jun/2022:19:15:03 -0500] "GET /favicon.ico HTTP/1.1" 200 7782
172.22.2.4 - - [26/Jun/2022:19:13:23 -0500] "GET /BLA/boletinlegal/ HTTP/1.1" 200 58464
186.80.52.126 - - [26/Jun/2022:19:15:10 -0500] "GET /BLA/resoluciones/AUTOS%202021/6387.pdf HTTP/1.1" 200 386734
186.80.52.126 - - [26/Jun/2022:19:15:36 -0500] "GET /BLA/resoluciones/AUTOS%202021/5333.pdf HTTP/1.1" 200 359117
186.80.52.126 - - [26/Jun/2022:19:15:45 -0500] "GET /BLA/resoluciones/AUTOS%202021/5064.pdf HTTP/1.1" 200 412249
172.22.2.4 - - [26/Jun/2022:19:14:11 -0500] "HEAD /BLA/boletinlegal/ HTTP/1.1" 200 -
186.80.52.126 - - [26/Jun/2022:19:15:57 -0500] "GET /BLA/resoluciones/AUTOS%202021/4631.pdf HTTP/1.1" 200 460106
186.80.52.126 - - [26/Jun/2022:19:16:00 -0500] "GET /BLA/resoluciones/AUTOS%202021/4628.pdf HTTP/1.1" 200 388877
186.80.52.126 - - [26/Jun/2022:19:16:01 -0500] "GET /BLA/resoluciones/AUTOS%202021/4630.pdf HTTP/1.1" 200 379868
172.22.2.4 - - [26/Jun/2022:19:15:01 -0500] "GET /BLA/boletinlegal/ HTTP/1.1" 200 58464
40.77.167.53 - - [26/Jun/2022:19:17:02 -0500] "GET /bla/resoluciones/autos%202012/1453.pdf HTTP/1.1" 200 1515790
186.80.52.126 - - [26/Jun/2022:19:17:08 -0500] "GET /BLA/resoluciones/AUTOS%202022/2258.pdf HTTP/1.1" 200 610171
186.80.52.126 - - [26/Jun/2022:19:17:08 -0500] "GET /BLA/resoluciones/AUTOS%202022/2249.pdf HTTP/1.1" 200 499762
186.80.52.126 - - [26/Jun/2022:19:17:13 -0500] "GET /BLA/resoluciones/AUTOS%202022/2136.pdf HTTP/1.1" 200 487690
186.80.52.126 - - [26/Jun/2022:19:17:16 -0500] "GET /BLA/resoluciones/AUTOS%202022/2123.pdf HTTP/1.1" 200 448070
186.80.52.126 - - [26/Jun/2022:19:17:19 -0500] "GET /BLA/resoluciones/AUTOS%202022/2112.pdf HTTP/1.1" 200 447056
186.80.52.126 - - [26/Jun/2022:19:17:26 -0500] "GET /BLA/resoluciones/AUTOS%202022/2101.pdf HTTP/1.1" 200 417675
186.80.52.126 - - [26/Jun/2022:19:17:28 -0500] "GET /BLA/resoluciones/AUTOS%202022/2098.pdf HTTP/1.1" 200 462387
186.80.52.126 - - [26/Jun/2022:19:17:31 -0500] "GET /BLA/resoluciones/AUTOS%202022/2096.pdf HTTP/1.1" 200 474054
186.80.52.126 - - [26/Jun/2022:19:17:37 -0500] "GET /BLA/resoluciones/AUTOS%202022/2069.pdf HTTP/1.1" 200 444072
157.55.39.114 - - [26/Jun/2022:19:17:40 -0500] "GET /bla/resoluciones/autos%202022/0987.pdf HTTP/1.1" 200 392181
186.80.52.126 - - [26/Jun/2022:19:17:40 -0500] "GET /BLA/resoluciones/AUTOS%202022/2066.pdf HTTP/1.1" 200 523715
186.80.52.126 - - [26/Jun/2022:19:17:44 -0500] "GET /BLA/resoluciones/AUTOS%202022/2065.pdf HTTP/1.1" 200 410015
186.80.52.126 - - [26/Jun/2022:19:17:47 -0500] "GET /BLA/resoluciones/AUTOS%202022/2055.pdf HTTP/1.1" 200 381845
186.80.52.126 - - [26/Jun/2022:19:17:50 -0500] "GET /BLA/resoluciones/AUTOS%202022/1999.pdf HTTP/1.1" 200 417803
186.80.52.126 - - [26/Jun/2022:19:17:52 -0500] "GET /BLA/resoluciones/AUTOS%202022/1914.pdf HTTP/1.1" 200 521259
186.80.52.126 - - [26/Jun/2022:19:17:56 -0500] "GET /BLA/resoluciones/AUTOS%202022/1890.pdf HTTP/1.1" 200 465888
186.80.52.126 - - [26/Jun/2022:19:18:01 -0500] "GET /BLA/resoluciones/AUTOS%202022/1516.pdf HTTP/1.1" 200 418981
186.80.52.126 - - [26/Jun/2022:19:18:04 -0500] "GET /BLA/resoluciones/AUTOS%202022/1314.pdf HTTP/1.1" 200 471218
186.80.52.126 - - [26/Jun/2022:19:18:08 -0500] "GET /BLA/resoluciones/AUTOS%202022/1284.pdf HTTP/1.1" 200 363858
186.80.52.126 - - [26/Jun/2022:19:18:11 -0500] "GET /BLA/resoluciones/AUTOS%202022/1282.pdf HTTP/1.1" 200 363019
186.80.52.126 - - [26/Jun/2022:19:18:14 -0500] "GET /BLA/resoluciones/AUTOS%202022/1195.pdf HTTP/1.1" 200 431102
186.80.52.126 - - [26/Jun/2022:19:18:18 -0500] "GET /BLA/resoluciones/AUTOS%202022/1182.pdf HTTP/1.1" 200 390476
186.80.52.126 - - [26/Jun/2022:19:18:21 -0500] "GET /BLA/resoluciones/AUTOS%202022/1179.pdf HTTP/1.1" 200 494460
186.80.52.126 - - [26/Jun/2022:19:18:24 -0500] "GET /BLA/resoluciones/AUTOS%202022/1121.pdf HTTP/1.1" 200 386115
186.80.52.126 - - [26/Jun/2022:19:18:27 -0500] "GET /BLA/resoluciones/AUTOS%202022/1022.pdf HTTP/1.1" 200 434624
186.80.52.126 - - [26/Jun/2022:19:18:30 -0500] "GET /BLA/resoluciones/AUTOS%202022/0999.pdf HTTP/1.1" 200 466934
216.245.221.92 - - [26/Jun/2022:19:18:31 -0500] "HEAD / HTTP/1.1" 200 -
186.80.52.126 - - [26/Jun/2022:19:18:36 -0500] "GET /BLA/resoluciones/AUTOS%202022/0009.pdf HTTP/1.1" 200 389921
186.80.52.126 - - [26/Jun/2022:19:18:39 -0500] "GET /BLA/resoluciones/AUTOS%202022/0118.pdf HTTP/1.1" 200 438832
186.80.52.126 - - [26/Jun/2022:19:18:42 -0500] "GET /BLA/resoluciones/AUTOS%202022/0120.pdf HTTP/1.1" 200 649471
186.80.52.126 - - [26/Jun/2022:19:18:45 -0500] "GET /BLA/resoluciones/AUTOS%202022/0122.pdf HTTP/1.1" 200 382584
