201.244.137.226 - - [27/Jun/2022:14:35:16 -0500] "GET /kwssiamovil/sm/acme/a?s=U2FsdGVkX1/IcPTFwIDx4V/LvtK+CQajO6CY1e7LmxDthsnhJKyok9Ufe2scfOwNRJZbXC0edBoV4kp+ki+jN9jyebBtqiFZZzCY4iMI6Gov7cldPLwpZlaUhdhmYaAf5Nms90RRNvFLTwkPcA/xefkPZgAYU/86i2dDbl3dMmLa+4e9N6MsIuaxH3K13ELMJfDKy6PItx5cHIVvRTDV4g==&u=U2FsdGVkX18W4dniZOR3cfeZld8hKRxiiphgYYx8svwmzrjVuIgJlSaRfHriYdR0&y=U2FsdGVkX1/4aYesD7fsUZyUlVVVLFQ6vaxYsOqRztyStbk9xcxE5IU3/lY1JZIO HTTP/1.1" 200 25
186.84.88.155 - - [27/Jun/2022:14:35:16 -0500] "GET /sipse/faces/presentacion/proyectos/proyecto/proyecto.xhtml HTTP/1.1" 302 -
201.244.137.226 - - [27/Jun/2022:14:35:16 -0500] "GET /kwssiamovil/sm/acme/a?s=U2FsdGVkX1+fQjLFzZR7WHFxSfhH/ARy3SytzMLJyhw5nd0JyzRaVWisHkNURhwMpaGSwRu9Vy/KE1CMAISRtHVobqjJvGfJYyk0Wv8onf5HlZvvHqATcng8p3RdnbJzpObDtQFweqn7Qq+EiNPkI4qda7ZAf4zbTniy/4D+sEKDd9YRL1fb7ViW3V4241r8&u=U2FsdGVkX18W4dniZOR3cfeZld8hKRxiiphgYYx8svwmzrjVuIgJlSaRfHriYdR0&y=U2FsdGVkX1/4aYesD7fsUZyUlVVVLFQ6vaxYsOqRztyStbk9xcxE5IU3/lY1JZIO HTTP/1.1" 200 25
186.84.88.155 - - [27/Jun/2022:14:35:16 -0500] "GET /sipse/faces/autenticacion.xhtml HTTP/1.1" 200 12169
201.244.137.226 - - [27/Jun/2022:14:35:16 -0500] "GET /kwssiamovil/sm/acme/a?s=U2FsdGVkX194RaF1YeLgWAC4IpbX36ITxT1HEH267zKXNjO5vRREWB5M2gO+NKndcgzUhT8cuFoiz1m1sg+zuRVsJFe7rR/6TX+oSSPqhvwT0OPYGFFwyvH06nokTEbMLek69hS+a3BkCHiUiwmFwA4mRFwk38MrRkGO0S5QvK2gK+V/Nq4Hulp8QvLXx3W5OXIcoOYQHoUAb56mFPU7dg==&u=U2FsdGVkX18W4dniZOR3cfeZld8hKRxiiphgYYx8svwmzrjVuIgJlSaRfHriYdR0&y=U2FsdGVkX1/4aYesD7fsUZyUlVVVLFQ6vaxYsOqRztyStbk9xcxE5IU3/lY1JZIO HTTP/1.1" 200 25
186.84.88.155 - - [27/Jun/2022:14:35:16 -0500] "GET /sipse/css/custom_css_sg.css HTTP/1.1" 304 -
186.84.88.155 - - [27/Jun/2022:14:35:16 -0500] "GET /sipse/js/disable_browser_buttons.js HTTP/1.1" 304 -
186.84.88.155 - - [27/Jun/2022:14:35:16 -0500] "GET /sipse/faces/javax.faces.resource/theme.css?ln=primefaces-sipse HTTP/1.1" 304 -
186.84.88.155 - - [27/Jun/2022:14:35:16 -0500] "GET /sipse/css/custom_css_sg_prime_login.css HTTP/1.1" 304 -
186.84.88.155 - - [27/Jun/2022:14:35:16 -0500] "GET /sipse/faces/javax.faces.resource/primefaces.css?ln=primefaces&v=4.0 HTTP/1.1" 304 -
186.84.88.155 - - [27/Jun/2022:14:35:16 -0500] "GET /sipse/faces/javax.faces.resource/layout/layout.css?ln=primefaces&v=4.0 HTTP/1.1" 304 -
201.244.137.226 - - [27/Jun/2022:14:35:16 -0500] "GET /kwssiamovil/sm/acme/a?s=U2FsdGVkX19ofSTqzd5gFUW3jlDprY5OWNegekzvoQAd7XyopW/+BAQdnq9S6T9zBA4imNVXYgK0OSpNAT1dqKaQteJGBZxFW81C8YnRKQyot07zrHBiw0wPIp0/R3z7ZdJ8RnUwKF8O7fRVYoLvq5A20bmegwvCgacNaGoNNmBK5ajQfMs5eiP4YEe4wfjM&u=U2FsdGVkX18W4dniZOR3cfeZld8hKRxiiphgYYx8svwmzrjVuIgJlSaRfHriYdR0&y=U2FsdGVkX1/4aYesD7fsUZyUlVVVLFQ6vaxYsOqRztyStbk9xcxE5IU3/lY1JZIO HTTP/1.1" 200 25
186.84.88.155 - - [27/Jun/2022:14:35:16 -0500] "GET /sipse/js/funciones.js HTTP/1.1" 304 -
186.84.88.155 - - [27/Jun/2022:14:35:16 -0500] "GET /sipse/faces/javax.faces.resource/jquery/jquery.js?ln=primefaces&v=4.0 HTTP/1.1" 304 -
186.84.88.155 - - [27/Jun/2022:14:35:16 -0500] "GET /sipse/faces/javax.faces.resource/layout/layout.js?ln=primefaces&v=4.0 HTTP/1.1" 304 -
186.84.88.155 - - [27/Jun/2022:14:35:16 -0500] "GET /sipse/faces/javax.faces.resource/jquery/jquery-plugins.js?ln=primefaces&v=4.0 HTTP/1.1" 304 -
186.84.88.155 - - [27/Jun/2022:14:35:16 -0500] "GET /sipse/faces/javax.faces.resource/primefaces.js?ln=primefaces&v=4.0 HTTP/1.1" 304 -
201.244.137.226 - - [27/Jun/2022:14:35:16 -0500] "GET /kwssiamovil/sm/acme/a?s=U2FsdGVkX18SooU7xEnn1aIBDO6DHShs/QoVhuNEICRjxTO+SNLS5lg/8GNTz94fuA/ZE8Rk/pHKKh2jowf23RpDr9v2msVaZM8svm7oz/kHn0n9BGH2Df8f8WA2sck5MpaZVLzlRuMi7k0sYx0XlNrK3GrCSbsIJ1fUV0SVaKTlCfb89cCu6bs1Ml/6q+T1047R3P/xQnLqeVU2f4qN2A==&u=U2FsdGVkX18W4dniZOR3cfeZld8hKRxiiphgYYx8svwmzrjVuIgJlSaRfHriYdR0&y=U2FsdGVkX1/4aYesD7fsUZyUlVVVLFQ6vaxYsOqRztyStbk9xcxE5IU3/lY1JZIO HTTP/1.1" 200 25
186.84.88.155 - - [27/Jun/2022:14:35:16 -0500] "GET /sipse/css/imagen/logoSDG.png HTTP/1.1" 304 -
186.84.88.155 - - [27/Jun/2022:14:35:16 -0500] "GET /sipse/css/imagen/loginimg.png HTTP/1.1" 304 -
201.244.137.226 - - [27/Jun/2022:14:35:17 -0500] "GET /kwssiamovil/sm/acme/a?s=U2FsdGVkX19AcS0RskcyQMKTR8YAO66PF/O0gORtm3k+pO6/v9QboOS9LQfifpHP2Lh82fODOBKfbhGYQbLRNI5WQe1G7T9T8dMGJBo3ov643qbnCNT7DZjGwPglQdXg1nnPY2qQKeBO4I2hEU7ryjjxc/Y6TbgTBEl1jfYESwfRbdY2gqUHM1xzNAgzZ0ix&u=U2FsdGVkX18W4dniZOR3cfeZld8hKRxiiphgYYx8svwmzrjVuIgJlSaRfHriYdR0&y=U2FsdGVkX1/4aYesD7fsUZyUlVVVLFQ6vaxYsOqRztyStbk9xcxE5IU3/lY1JZIO HTTP/1.1" 200 25
186.84.88.155 - - [27/Jun/2022:14:35:17 -0500] "GET /sipse/faces/javax.faces.resource/images/ui-icons_898989_256x240.png?ln=primefaces-aristo HTTP/1.1" 304 -
201.244.137.226 - - [27/Jun/2022:14:35:17 -0500] "GET /kwssiamovil/sm/acme/a?s=U2FsdGVkX1/4uT85pnMJwwmZ2kkMZ9kxAwh2Va7EX2l/oYiOIAZI/gnv+QAjWbdwoGrS71/qEnc5X20AZkoySlKaOZFV8IxWTVBFUJsqeWKhzTRANbzRRPxOTleISbR9OvEZ5N4dvMINiELpcBh9Gpo2M3YaOX2i8lipWaNJpoAtjLl/ADZcOM+oq81iN7TYguFDHJX0UWiUQpjUzHCElg==&u=U2FsdGVkX18W4dniZOR3cfeZld8hKRxiiphgYYx8svwmzrjVuIgJlSaRfHriYdR0&y=U2FsdGVkX1/4aYesD7fsUZyUlVVVLFQ6vaxYsOqRztyStbk9xcxE5IU3/lY1JZIO HTTP/1.1" 200 25
186.84.88.155 - - [27/Jun/2022:14:35:17 -0500] "GET /sipse/faces/index.xhtml HTTP/1.1" 200 677
201.244.137.226 - - [27/Jun/2022:14:35:17 -0500] "GET /kwssiamovil/sm/acme/a?s=U2FsdGVkX18YUAKF/zhI38D3ziPEEQz6FwNeyXdGmNTcWQLoBPgjnQSCvYheifyLLmSr1Zn308qiUzkpt93LiUnWr8ckpB+nrVV1kZd7A77bW5xzmkQ4u7ZvPQyOCgBsvFtfIIwLWqBKrqLInQatXMdIPNR9PcayzaSbEFxsqkvUMeBXZ1dQ4xdFa0wN8dye&u=U2FsdGVkX18W4dniZOR3cfeZld8hKRxiiphgYYx8svwmzrjVuIgJlSaRfHriYdR0&y=U2FsdGVkX1/4aYesD7fsUZyUlVVVLFQ6vaxYsOqRztyStbk9xcxE5IU3/lY1JZIO HTTP/1.1" 200 25
186.84.88.155 - - [27/Jun/2022:14:35:17 -0500] "GET /sipse/faces/javax.faces.resource/theme.css?ln=primefaces-sipse HTTP/1.1" 304 -
186.84.88.155 - - [27/Jun/2022:14:35:18 -0500] "GET /sipse/faces/faces/autenticacion.xhtml HTTP/1.1" 200 12169
186.84.88.155 - - [27/Jun/2022:14:35:18 -0500] "GET /sipse/faces/javax.faces.resource/jquery/jquery-plugins.js?ln=primefaces&v=4.0 HTTP/1.1" 304 -
186.84.88.155 - - [27/Jun/2022:14:35:18 -0500] "GET /sipse/faces/javax.faces.resource/jquery/jquery.js?ln=primefaces&v=4.0 HTTP/1.1" 304 -
186.84.88.155 - - [27/Jun/2022:14:35:18 -0500] "GET /sipse/faces/javax.faces.resource/primefaces.js?ln=primefaces&v=4.0 HTTP/1.1" 304 -
186.84.88.155 - - [27/Jun/2022:14:35:18 -0500] "GET /sipse/faces/javax.faces.resource/primefaces.css?ln=primefaces&v=4.0 HTTP/1.1" 304 -
186.84.88.155 - - [27/Jun/2022:14:35:18 -0500] "GET /sipse/faces/javax.faces.resource/layout/layout.css?ln=primefaces&v=4.0 HTTP/1.1" 304 -
186.84.88.155 - - [27/Jun/2022:14:35:18 -0500] "GET /sipse/faces/javax.faces.resource/theme.css?ln=primefaces-sipse HTTP/1.1" 304 -
186.84.88.155 - - [27/Jun/2022:14:35:18 -0500] "GET /sipse/faces/javax.faces.resource/layout/layout.js?ln=primefaces&v=4.0 HTTP/1.1" 304 -
66.249.65.13 - - [27/Jun/2022:14:36:05 -0500] "-" 408 -
172.22.2.4 - - [27/Jun/2022:14:36:16 -0500] "HEAD /BLA/boletinlegal/ HTTP/1.1" 200 -
216.245.221.92 - - [27/Jun/2022:14:38:32 -0500] "HEAD / HTTP/1.1" 200 -
172.22.2.4 - - [27/Jun/2022:14:37:06 -0500] "GET /BLA/boletinlegal/ HTTP/1.1" 200 59510
201.244.137.226 - - [27/Jun/2022:14:39:57 -0500] "GET /kwssiamovil/sm/acme/u?s=U2FsdGVkX18aN7mIoGszdGOBrc5IlPwa77rU4poRJmXWwVMAFqsabMH44mhBppiTvXX69XZzQFeJvctXXzWgj9eLGq/Qp8GXdzhyD0fewzpIdlpOh0uffhRIBCI0ncMJmNXCfKL/vRiGzu4g+tbUzQ==&u=U2FsdGVkX18W4dniZOR3cfeZld8hKRxiiphgYYx8svwmzrjVuIgJlSaRfHriYdR0&y=U2FsdGVkX1/4aYesD7fsUZyUlVVVLFQ6vaxYsOqRztyStbk9xcxE5IU3/lY1JZIO HTTP/1.1" 200 60
201.245.192.253 - - [27/Jun/2022:14:41:15 -0500] "POST /kwsrmcab/Wsrmcab HTTP/1.1" 500 253
201.245.192.253 - - [27/Jun/2022:14:41:15 -0500] "POST /kwsrmcab/Wsrmcab HTTP/1.1" 500 253
172.22.2.4 - - [27/Jun/2022:14:40:17 -0500] "GET /BLA/boletinlegal/ HTTP/1.1" 200 63473
172.22.2.4 - - [27/Jun/2022:14:41:57 -0500] "GET /BLA/boletinlegal/favicon.ico HTTP/1.1" 404 1308
66.249.65.13 - - [27/Jun/2022:14:42:17 -0500] "-" 408 -
172.22.2.4 - - [27/Jun/2022:14:42:23 -0500] "GET /BLA/boletinlegal/Directivas/2011/Directiva%20No.%206%20del%208%20de%20Septiembre%20de%202011.pdf HTTP/1.1" 304 -
190.3.23.122 - - [27/Jun/2022:14:42:28 -0500] "POST /mgmt/tm/util/bash HTTP/1.1" 404 1018
190.3.23.122 - - [27/Jun/2022:14:42:28 -0500] "GET / HTTP/1.1" 200 319
216.245.221.92 - - [27/Jun/2022:14:43:32 -0500] "HEAD / HTTP/1.1" 200 -
172.22.2.4 - - [27/Jun/2022:14:42:06 -0500] "HEAD /BLA/boletinlegal/ HTTP/1.1" 200 -
172.22.2.4 - - [27/Jun/2022:14:44:23 -0500] "GET /BLA/boletinlegal/images/screen_2.png HTTP/1.1" 200 362502
172.22.2.4 - - [27/Jun/2022:14:42:56 -0500] "GET /BLA/boletinlegal/ HTTP/1.1" 200 58464
66.249.65.13 - - [27/Jun/2022:14:47:56 -0500] "-" 408 -
216.245.221.92 - - [27/Jun/2022:14:48:32 -0500] "HEAD / HTTP/1.1" 200 -
172.22.2.4 - - [27/Jun/2022:14:47:56 -0500] "HEAD /BLA/boletinlegal/ HTTP/1.1" 200 -
172.22.2.4 - - [27/Jun/2022:14:49:38 -0500] "POST /BLA/boletinlegal/vendor/phpunit/phpunit/src/Util/PHP/eval-stdin.php HTTP/1.1" 404 1018
45.148.10.81 - - [27/Jun/2022:14:49:48 -0500] "GET / HTTP/1.1" 200 319
201.232.242.245 - - [27/Jun/2022:14:50:14 -0500] "GET /plan-de-accion-climatica-pac-de-bogota-aporta-en-cerca-del-90-al-cumplimiento-de-las-acciones-del-acuerdo-de-emergencia-climatica.html HTTP/1.1" 200 1069
172.22.2.4 - - [27/Jun/2022:14:48:46 -0500] "GET /BLA/boletinlegal/ HTTP/1.1" 200 58464
216.245.221.92 - - [27/Jun/2022:14:53:32 -0500] "HEAD / HTTP/1.1" 200 -
66.249.65.13 - - [27/Jun/2022:14:54:10 -0500] "-" 408 -
172.22.2.4 - - [27/Jun/2022:14:55:02 -0500] "GET /BLA/boletinlegal/images/screen_1.png HTTP/1.1" 200 202547
172.22.2.4 - - [27/Jun/2022:14:53:46 -0500] "HEAD /BLA/boletinlegal/ HTTP/1.1" 200 -
69.171.231.116 - - [27/Jun/2022:14:56:10 -0500] "GET /images/empresas-industrias-forestales-1-junio.jpg HTTP/1.1" 200 44019
69.171.231.4 - - [27/Jun/2022:14:56:13 -0500] "GET /images/la-vieja-mayo-24.jpg HTTP/1.1" 200 58217
69.171.231.3 - - [27/Jun/2022:14:56:13 -0500] "GET /images/jardines-verticales-plantas-24-mayo.jpg HTTP/1.1" 200 148288
69.171.231.117 - - [27/Jun/2022:14:56:15 -0500] "GET /images/Naturalista1.jpeg HTTP/1.1" 200 202073
172.22.2.4 - - [27/Jun/2022:14:54:36 -0500] "GET /BLA/boletinlegal/ HTTP/1.1" 200 55379
69.171.231.2 - - [27/Jun/2022:14:56:16 -0500] "GET /images/negocios-verdes-mayo-2022.jpg HTTP/1.1" 200 48000
69.171.231.117 - - [27/Jun/2022:14:56:17 -0500] "GET /images/feria-servicios-12-mayo-principal.jpg HTTP/1.1" 200 44744
69.171.231.5 - - [27/Jun/2022:14:56:18 -0500] "GET /images/ptar-alcaldesa-rio-bogota-12-mato.jpg HTTP/1.1" 200 40205
69.171.231.120 - - [27/Jun/2022:14:56:18 -0500] "GET /images/secretaria-rio-bogota-avances-12-mayo.jpg HTTP/1.1" 200 37281
69.171.231.119 - - [27/Jun/2022:14:56:20 -0500] "GET /images/feria-servicios-5-MAYO.jpg HTTP/1.1" 200 39759
69.171.231.116 - - [27/Jun/2022:14:56:21 -0500] "GET /images/Animales1.jpeg HTTP/1.1" 200 76841
69.171.231.116 - - [27/Jun/2022:14:56:25 -0500] "GET /images/actividades-dia-tierra-22-abril.jpg HTTP/1.1" 200 77276
172.22.2.4 - - [27/Jun/2022:14:56:25 -0500] "GET /BLA/boletinlegal/actos.php HTTP/1.1" 200 9559
172.22.2.4 - - [27/Jun/2022:14:56:25 -0500] "GET /BLA/boletinlegal/favicon.ico HTTP/1.1" 404 1326
69.171.231.116 - - [27/Jun/2022:14:56:26 -0500] "GET /images/feria-servicios-tramites-puente-aranda-21-abril.jpg HTTP/1.1" 200 28255
69.171.231.2 - - [27/Jun/2022:14:56:26 -0500] "GET /images/ecosistema-dia-internacional-tierra-21-abril.jpg HTTP/1.1" 200 30098
181.237.189.2 - - [27/Jun/2022:14:56:27 -0500] "GET /BLA/resoluciones/ HTTP/1.1" 200 13093
69.171.231.116 - - [27/Jun/2022:14:56:30 -0500] "GET /images/llantas-teusaquillo-1-abril.jpg HTTP/1.1" 200 50674
69.171.231.120 - - [27/Jun/2022:14:56:30 -0500] "GET /images/feria-servicios-cuidamos-bogota-31-marzo.jpg HTTP/1.1" 200 109745
181.237.189.2 - - [27/Jun/2022:14:56:32 -0500] "GET /BLA/resoluciones/index.php?dir=RESOLUCIONES+2015%2F HTTP/1.1" 200 129705
172.22.2.4 - - [27/Jun/2022:14:56:23 -0500] "GET /BLA/boletinlegal/ HTTP/1.1" 200 24523
172.22.2.4 - - [27/Jun/2022:14:57:14 -0500] "GET /BLA/boletinlegal/style.css HTTP/1.1" 200 9406
172.22.2.4 - - [27/Jun/2022:14:57:14 -0500] "GET /BLA/boletinlegal/js/jquery.scrollShow.js HTTP/1.1" 200 4586
172.22.2.4 - - [27/Jun/2022:14:57:14 -0500] "GET /BLA/boletinlegal/styles2.css HTTP/1.1" 200 1838
172.22.2.4 - - [27/Jun/2022:14:57:14 -0500] "GET /BLA/boletinlegal/js/jquery.js HTTP/1.1" 200 57254
172.22.2.4 - - [27/Jun/2022:14:57:14 -0500] "GET /BLA/boletinlegal/js/jquery.scrollTo-min.js HTTP/1.1" 200 1150
172.22.2.4 - - [27/Jun/2022:14:57:14 -0500] "GET /BLA/boletinlegal/images/cabezote%20BLEGAL.jpg HTTP/1.1" 200 118164
172.22.2.4 - - [27/Jun/2022:14:57:14 -0500] "GET /BLA/boletinlegal/images/subscribe-icon-big.png HTTP/1.1" 200 47702
172.22.2.4 - - [27/Jun/2022:14:57:14 -0500] "GET /BLA/boletinlegal/images/historia.png HTTP/1.1" 200 52775
172.22.2.4 - - [27/Jun/2022:14:57:14 -0500] "GET /BLA/boletinlegal/images/registro-usuarios.png HTTP/1.1" 200 8106
172.22.2.4 - - [27/Jun/2022:14:57:14 -0500] "GET /BLA/boletinlegal/images/arr_l.jpg HTTP/1.1" 200 1979
172.22.2.4 - - [27/Jun/2022:14:57:14 -0500] "GET /BLA/boletinlegal/images/launch.jpg HTTP/1.1" 200 14577
172.22.2.4 - - [27/Jun/2022:14:57:14 -0500] "GET /BLA/boletinlegal/images/screen_1.png HTTP/1.1" 200 202547
172.22.2.4 - - [27/Jun/2022:14:57:16 -0500] "GET /BLA/boletinlegal/images/body_bg.jpg HTTP/1.1" 200 1601
172.22.2.4 - - [27/Jun/2022:14:57:16 -0500] "GET /BLA/boletinlegal/images/menu_rght.gif HTTP/1.1" 200 1627
172.22.2.4 - - [27/Jun/2022:14:57:16 -0500] "GET /BLA/boletinlegal/images/menu_lft.gif HTTP/1.1" 200 1713
172.22.2.4 - - [27/Jun/2022:14:57:16 -0500] "GET /BLA/boletinlegal/images/bg_top.jpg HTTP/1.1" 200 522
172.22.2.4 - - [27/Jun/2022:14:57:16 -0500] "GET /BLA/boletinlegal/images/menu_bg.jpg HTTP/1.1" 200 620
172.22.2.4 - - [27/Jun/2022:14:57:16 -0500] "GET /BLA/boletinlegal/images/hover.jpg HTTP/1.1" 200 640
172.22.2.4 - - [27/Jun/2022:14:57:16 -0500] "GET /BLA/boletinlegal/images/text.jpg HTTP/1.1" 200 568
172.22.2.4 - - [27/Jun/2022:14:57:18 -0500] "GET /BLA/boletinlegal/actos.php HTTP/1.1" 200 9559
172.22.2.4 - - [27/Jun/2022:14:57:18 -0500] "GET /BLA/boletinlegal/js/ajax_actos.js HTTP/1.1" 200 1322
172.22.2.4 - - [27/Jun/2022:14:57:18 -0500] "GET /BLA/boletinlegal/js/popup.js HTTP/1.1" 200 1270
172.22.2.4 - - [27/Jun/2022:14:57:18 -0500] "GET /BLA/boletinlegal/js/lib.js HTTP/1.1" 200 6474
172.22.2.4 - - [27/Jun/2022:14:57:18 -0500] "GET /BLA/boletinlegal/niceforms-default.css HTTP/1.1" 200 6694
172.22.2.4 - - [27/Jun/2022:14:57:18 -0500] "GET /BLA/boletinlegal/niceforms.js HTTP/1.1" 200 22876
172.22.2.4 - - [27/Jun/2022:14:57:18 -0500] "GET /BLA/boletinlegal/js/jquery1.js HTTP/1.1" 200 29846
172.22.2.4 - - [27/Jun/2022:14:57:18 -0500] "GET /BLA/boletinlegal/images/footer_bg.jpg HTTP/1.1" 200 586
172.22.2.4 - - [27/Jun/2022:14:57:18 -0500] "GET /BLA/boletinlegal/images/icono-email.png HTTP/1.1" 200 5544
172.22.2.4 - - [27/Jun/2022:14:57:18 -0500] "GET /BLA/boletinlegal/images/abajo.png HTTP/1.1" 200 96676
172.22.2.4 - - [27/Jun/2022:14:57:18 -0500] "GET /BLA/boletinlegal/images/green-yellow-blue-pink-th.png HTTP/1.1" 200 7394
172.22.2.4 - - [27/Jun/2022:14:57:18 -0500] "GET /BLA/boletinlegal/images/tel.png HTTP/1.1" 200 14477
172.22.2.4 - - [27/Jun/2022:14:57:19 -0500] "GET /BLA/boletinlegal/images/footer_bg_l.jpg HTTP/1.1" 200 776
172.22.2.4 - - [27/Jun/2022:14:57:19 -0500] "GET /BLA/boletinlegal/img/0.png HTTP/1.1" 200 110
172.22.2.4 - - [27/Jun/2022:14:57:19 -0500] "GET /BLA/boletinlegal/img/select-right.png HTTP/1.1" 200 44019
172.22.2.4 - - [27/Jun/2022:14:57:19 -0500] "GET /BLA/boletinlegal/img/select-left.png HTTP/1.1" 200 263
172.22.2.4 - - [27/Jun/2022:14:57:19 -0500] "GET /BLA/boletinlegal/img/button-left.png HTTP/1.1" 200 57071
172.22.2.4 - - [27/Jun/2022:14:57:19 -0500] "GET /BLA/boletinlegal/img/button.png HTTP/1.1" 200 43241
172.22.2.4 - - [27/Jun/2022:14:57:19 -0500] "GET /BLA/boletinlegal/img/button-right.png HTTP/1.1" 200 57878
172.22.2.4 - - [27/Jun/2022:14:57:19 -0500] "GET /BLA/boletinlegal/favicon.ico HTTP/1.1" 404 1326
172.22.2.4 - - [27/Jun/2022:14:57:21 -0500] "GET /BLA/boletinlegal/images/arr_r.jpg HTTP/1.1" 200 1998
172.22.2.4 - - [27/Jun/2022:14:57:21 -0500] "GET /BLA/boletinlegal/images/screen_3.png HTTP/1.1" 200 210620
172.22.2.4 - - [27/Jun/2022:14:57:21 -0500] "GET /BLA/boletinlegal/images/screen_2.png HTTP/1.1" 200 362502
172.22.2.4 - - [27/Jun/2022:14:57:21 -0500] "GET /BLA/boletinlegal/images/screen_5.png HTTP/1.1" 200 368876
172.22.2.4 - - [27/Jun/2022:14:57:21 -0500] "GET /BLA/boletinlegal/actos.php HTTP/1.1" 200 9559
172.22.2.4 - - [27/Jun/2022:14:57:28 -0500] "GET /BLA/boletinlegal/images/pdf.gif HTTP/1.1" 200 567
172.22.2.4 - - [27/Jun/2022:14:57:44 -0500] "GET /BLA/boletinlegal/consulta_actos.php?tipo=resoluciones&no=&usuario=&sector=RESIDUOS&fecha=2013&resuelve=SANCION HTTP/1.1" 200 626
172.22.2.4 - - [27/Jun/2022:14:57:51 -0500] "GET /BLA/boletinlegal/consulta_actos.php?tipo=resoluciones&no=&usuario=&sector=RESIDUOS&fecha=2013&resuelve= HTTP/1.1" 200 1555
172.22.2.4 - - [27/Jun/2022:14:57:51 -0500] "GET /BLA/boletinlegal/images/background.gif HTTP/1.1" 200 -
172.22.2.4 - - [27/Jun/2022:14:58:02 -0500] "GET /BLA/boletinlegal/consulta_actos.php?tipo=resoluciones&no=&usuario=&sector=RESIDUOS&fecha=2014&resuelve= HTTP/1.1" 200 1245
172.22.2.4 - - [27/Jun/2022:14:58:09 -0500] "GET /BLA/boletinlegal/consulta_actos.php?tipo=resoluciones&no=&usuario=&sector=RESIDUOS&fecha=2015&resuelve= HTTP/1.1" 200 2441
172.22.2.4 - - [27/Jun/2022:14:58:19 -0500] "GET /BLA/boletinlegal/consulta_actos.php?tipo=resoluciones&no=&usuario=&sector=RESIDUOS&fecha=2016&resuelve= HTTP/1.1" 200 1347
172.22.2.4 - - [27/Jun/2022:14:58:29 -0500] "GET /BLA/boletinlegal/consulta_actos.php?tipo=resoluciones&no=&usuario=&sector=RESIDUOS&fecha=2017&resuelve= HTTP/1.1" 200 10519
216.245.221.92 - - [27/Jun/2022:14:58:32 -0500] "HEAD / HTTP/1.1" 200 -
161.10.17.143 - - [27/Jun/2022:14:58:31 -0500] "GET /BLA/resoluciones/index.php?dir=AUTOS+2011%2F HTTP/1.1" 200 632831
186.31.44.88 - - [27/Jun/2022:14:58:35 -0500] "GET /BLA/resoluciones/RESOLUCIONES%202017/3238.pdf HTTP/1.1" 200 1447065
172.22.2.4 - - [27/Jun/2022:14:57:14 -0500] "GET /BLA/boletinlegal/ HTTP/1.1" 200 63473
172.22.2.4 - - [27/Jun/2022:14:59:32 -0500] "GET /BLA/boletinlegal/jurisprudencia/analisis/CUADRO%20ANALISIS%20SENTENCIA%20T-411%20DE%201992.doc HTTP/1.1" 200 41984
186.102.41.164 - - [27/Jun/2022:14:59:47 -0500] "GET /kwssiamovil/sm/acme/a?s=U2FsdGVkX18fxzvjAoviCkFY7DT+kGUuUApO/CoSgN+r/2fkLsUdLzm43ToqMXn2HIgAOCo/Q34dq0tyAoSfV4rO7KhDu1xIXSTBV7IGH4iP1CNAqlbBHVSbqPKybGZ4Fm2lsgBEvrypLpDzz0O2h4gRbqcNqIl5V3cXs729FBSdJ0U5pPXnQXlsnf16HuPckB2YQ9lYQVopkt2rAB/3JHx2+++T2Vff0P6FRGAH/aFXlnqeoLrk1+EzwCpebUVaF8QqvLm6lpjh1PlEWzIoMw==&u=U2FsdGVkX19M0FzpoYfomDe1MVnR667NEkt3jHbJPkd1lxAcKAR0Tfy10BemRSX0&y=U2FsdGVkX1/O45YZcMLZ0Dwu/Jt57yQD9zyPHpO0MCaLD7MVh246HREoHDerw/hS HTTP/1.1" 200 25
186.102.41.164 - - [27/Jun/2022:14:59:47 -0500] "GET /kwssiamovil/sm/acme/a?s=U2FsdGVkX18SqfxCrG/ecoGX5SXy5CvpkMA6hT4tdnI4a17Z126Emlis5c7AWnnZC3Hik5PVmox4cRvxxU3ZvarjUIEW9W5fc/P9ea61B+d/WGPZM97f+cpP15vGHhnZAiHU/JgsvSjVGvMgJUMaN1MllbysuC0GU/YBUZQY+BrLTeWJ2FCEgw7ToMj9G9YrOHJp9SlYAv3o3xafCONbN0Wc+1xcOxSI98LIEi0kKSkjm9/tNyqkvALFyt3MVTbj4IcIwVJ0kJbBqgNFP+5B058JVU6h+f1ObAqZqOyWNP/mF19w+OvW0all09GzCl3GSEj2/KW0L4x3Un3E4xlNdFXTaSIYt34IhRsBYoP45ZbNUs8/iThIOuUNxebmMfEz+GdQD9cjF2INSmO7HtCA8ivGbytKxlXFAqZbotnE8yAdo/LWaQEGKISbEduz/Q9m9rBTskogWVzoY9+uw/CSErjnjMSQVCz6MjyWbTfdkB+CFvap/6abvDIzQfeLuhbM1to6i82zahLVq6UDKew40O5Rp7peeGB1mcCHsM22gRoCxDz/Kc98N7mE79FsA41R9dZ8NNUUjgmKIjsu+h9+5Oz50kY9WKgJ0TZN9bZr8/PO8Mid1cTdlkvJ3Pjyw4u8mCSkXK75ItLhTczBu5pUEj4ooXyRu/QgMZYRpeRbArx6GbKk4i44/Ww24pSHHNtqZI1q/Phuybh/+BSUZjTmeCRrfxrgrnoMHCskSSJHBGwPQC/hZxVCN6K4PObz4+p8FdvxKCaNIehxCUTQAVPjbm7S/i0IL9L1H+KAv82L7t9NFvzmCv73bwogr893bgR3ZQ8HccHt4GrTMxxHkG6UmQbsWjWMFFBjE4sB9az9gO8cXXQz81NMP+qzHq9dJTxNg8MxclwfD/BbtRVzTqxNGtBQTaXnhi+sRPJtHNqnU8oJ+9jPXpwBx0jwLHcn0lOZuohMO8rhOWPeq1R1Y/aV06eTmEJMb+EdC7iq7xhqkzubxpUOmT/DyKHqOObxklmoTr/BzEKyHeQygOfYFYCQ0Oy51a+HOu0t9LGm5JyCCL3UceZfBd+FgCjcRBV4Lq+Xdtb+r6jDqPYkcKUvszfEdj93cmrOle3un2s8S0ZlUXCO/DRkchX9ho+tWJtQ91hD25iQhfK6OE/Zd835yyVCcB4E7xmfG4pheMKEo+Mt0i0PR6zqwAQMi3LgP9mThm1ZXsD1CtGE2Yx+KWPUPp8FrafhoJINP17yJmXLpvA0mHQ5xDLKKNIi0tCc7zl33Ws4oKM3OXdpS1oOEUCejJU7qnwHwRq2NsNJsrlbh5FMcP1kgYXkwz+bpBZshvVjynnJglNu7Ylg7dSbpf/AcqVVXcDArmf7evxInpuDmqBglvWSUjvMcLffXz6Hs4gzAbTa3HqyjlJ/1z2hLIeR8w613ErH7dvdmW1uu9PIehT+r8CE6X+am2ZbinJ+mXTcBOsayEVuI1FfThbQ7SZk7Smhj+a/DmzOoZyzzk9aLpqGAVnONDQXrAZCz8IRbtVNSthskTyZCOd3cosq7um8T+CR5JKTuhrOO9wmzaLg2YJwKfrSeRAe22vtWRmw6HoI1kbiSzPCd+HodWv+se97VF5D6yZCj1DVhvnFhp1KGCchnBdq6s1ZwxrCit26v5at3m16QWy2+BN+o6CcfkDM5ZDkYQ==&u=U2FsdGVkX19M0FzpoYfomDe1MVnR667NEkt3jHbJPkd1lxAcKAR0Tfy10BemRSX0&y=U2FsdGVkX1/O45YZcMLZ0Dwu/Jt57yQD9zyPHpO0MCaLD7MVh246HREoHDerw/hS HTTP/1.1" 200 25
186.102.41.164 - - [27/Jun/2022:14:59:48 -0500] "GET /kwssiamovil/sm/acme/a?s=U2FsdGVkX1/RGQlvF4VFLhNMxL9RdyP6f3ViL3H40LkKawL7hehrQ1QOOgaScMNbwhCGk/O0BMPnBULRAdcG2j02QNMsCWpvGI/bjPUedBomcCJmU0dvlHrDuipaVYQe6EYFv1hFx9jJUEhmF5kv5qncKQPdJxWkznDzHGEsBm8=&u=U2FsdGVkX19M0FzpoYfomDe1MVnR667NEkt3jHbJPkd1lxAcKAR0Tfy10BemRSX0&y=U2FsdGVkX1/O45YZcMLZ0Dwu/Jt57yQD9zyPHpO0MCaLD7MVh246HREoHDerw/hS HTTP/1.1" 200 25
186.102.41.164 - - [27/Jun/2022:14:59:48 -0500] "GET /kwssiamovil/sm/acme/a?s=U2FsdGVkX1+5E3O8v3SpJXTXgRnIYaGndcL2UZrOwJvX0FHC+QyQl72FuQxSXuyA2Zal0xWNDf56w4eTTixbToUQ3E82rWK/jf8jc9X3z/JtW4wF6gPGBaNTXo7tCE1JxKLF3QuOc4Nm5cTIBJcMj4f85n/E6VdOfZOhEHlc7F0=&u=U2FsdGVkX19M0FzpoYfomDe1MVnR667NEkt3jHbJPkd1lxAcKAR0Tfy10BemRSX0&y=U2FsdGVkX1/O45YZcMLZ0Dwu/Jt57yQD9zyPHpO0MCaLD7MVh246HREoHDerw/hS HTTP/1.1" 200 25
186.102.41.164 - - [27/Jun/2022:14:59:48 -0500] "GET /kwssiamovil/sm/acme/a?s=U2FsdGVkX1+snW9AMd2kR7hyvDiERjUkb4xlG7+kuo0ADFkZe0poxondZoGugFHe6i2im24kbtczxR9yT//m2jW3Axnw6aFE1fvTW1REHjF8mFHvdrB9Zmh8wqO0tzkjgwtMb1ASvoC60P6ZPMWFoQMXVL84us7ZtWVyfHyXg30=&u=U2FsdGVkX19M0FzpoYfomDe1MVnR667NEkt3jHbJPkd1lxAcKAR0Tfy10BemRSX0&y=U2FsdGVkX1/O45YZcMLZ0Dwu/Jt57yQD9zyPHpO0MCaLD7MVh246HREoHDerw/hS HTTP/1.1" 200 25
186.102.41.164 - - [27/Jun/2022:14:59:48 -0500] "GET /kwssiamovil/sm/acme/a?s=U2FsdGVkX18oGBjvBUHimKXSzUbm+j2Kwj4/AyEfdGMQNV9LOjO4FlLBCNdK3fYe3Gx5+sXLUJsvZjSiaLZX7kf3hcu+km7kiyFQp01NBG4JhSuiS32Pl+xSh9ilBKubo/amKlrEfeo8C82ZxvglWrDve4xy4neyq4Pt12wyQQ6oXvWvkn6BWang8CUQ0MJD&u=U2FsdGVkX19M0FzpoYfomDe1MVnR667NEkt3jHbJPkd1lxAcKAR0Tfy10BemRSX0&y=U2FsdGVkX1/O45YZcMLZ0Dwu/Jt57yQD9zyPHpO0MCaLD7MVh246HREoHDerw/hS HTTP/1.1" 200 25
35.204.4.139 - - [27/Jun/2022:14:59:50 -0500] "GET / HTTP/1.1" 200 319
172.22.2.4 - - [27/Jun/2022:15:00:22 -0500] "GET /BLA/boletinlegal/images/cabezote%20BLEGAL.jpg HTTP/1.1" 200 118164
186.31.44.88 - - [27/Jun/2022:15:00:50 -0500] "GET /BLA/resoluciones/RESOLUCIONES%202017/0801.pdf HTTP/1.1" 200 508371
172.22.2.4 - - [27/Jun/2022:14:59:36 -0500] "HEAD /BLA/boletinlegal/ HTTP/1.1" 200 -
66.249.65.13 - - [27/Jun/2022:15:01:42 -0500] "-" 408 -
186.102.5.178 - - [27/Jun/2022:15:02:01 -0500] "GET /kwssiamovil/sm/ldap/au?x=U2FsdGVkX1+pL2BAdLEHlwugQ5nazfoAZXAUsJepUG4n1DqOUJvVk8T9ezJ+Q69x&y=U2FsdGVkX1+cUz+70b/Nqw3vI5a77wFxgpwAbgp4s1DTD2lA2rKHxBT1BKNmcic8 HTTP/1.1" 200 30
186.102.5.178 - - [27/Jun/2022:15:02:01 -0500] "GET /kwssiamovil/sm/acme/s?s=U2FsdGVkX1+ss5xGFuuXtGSj7yVqNeBziC77V8Az/6qLnIU+lsSJE/2tWB+af6g7VMV34Z+2MmI7Lijv6YAqCcMNZaZ27muorTBfe46MZ2Q=&u=U2FsdGVkX1/I9wh2MY1wonjXKezpYhbWIPOh5MaBYrz2vBEJ6aJ8+QTb/RKKhNtz&y=U2FsdGVkX1+cUz+70b/Nqw3vI5a77wFxgpwAbgp4s1DTD2lA2rKHxBT1BKNmcic8 HTTP/1.1" 200 97
186.102.5.178 - - [27/Jun/2022:15:02:01 -0500] "GET /kwssiamovil/sm/acme/s?s=U2FsdGVkX18DtPpdzPDdZNl79Zvim9RkCNj+faB58nLllCHtLG/13eirtkbeDKG/Utjoa6/EoJOeNvpqccJ6kEf8chOcJM9wcTnKZ05mQJcN6SHxxxFUKvk0D+kU3heoQlMDI4tl4hBjes5By/W5S8F8eh8je7RgTdx57UeLeMwoEiaZdlH7eg08C3TaE5YeoeLHmnMCUlq1ROZwcK9GMQQvWiruy0gs1Ov/ia94CBiUOFDGcSrNoJF8Kn2cib8wl5RZh+uNXWXfcoEveI3KzSqM8K3ROdHXqJFcYyK7tUg0NmDDqfplR1464fM2TfpMtgxv07XgtVMoa7m9e5Q4+aF6ef8W8aLFy+Tq8F7ZG4FnyCko16dnrQ8iLP3e9PqX9Vzr7UOzLpe4gvKfsn8eMwfD7tZLhdgztxY2y1DbJfqkpSGcc13PBnQLfWHhbEZ36GTp9/DbQ51xWBdXJ5NMDu26JNDnHIFSpc6ZNoHPhHh7pK+vVqdz4xZLP2RQpLhjXZ/kUAbfDFEV8UqNPW7IK179SBQ/EQ4mttjpuUlLpPpgOk+6L/QBU9S+ZcwEuazRNUGaUoDZfYycKmlc7mVNQQPWg7nI6AIGUV+5QvPzOlLI8tSLegIZiZ7B1Of6mmGQ5kGOsJOZ79BE+0Ppl9EfZF3ozMGA3gZLEfsptIBL5UeGRi5k0WFMr+IbdUdrNfIJO97KGhOoZ2i520lay+W371udYG/O2EgxeGn80LEIbYR1fJ5ukv69+Q1XW6j/jxIoWlJUHLhnt0KHWX3BFIB8mF9e7tdUamsv/ifEX8q5SDuALsBZkgugSi5ErezsV73UOJWJNY7aCeTGTKpeJclOe6lrpdpJkLA0OIx+KYxeHjlrWAeRFKLTVbC58nomqemWmWE3tJU7uX0bauQRxutQ1zKkuJd20oYpapZvrN4N0CkZ7Fne7s9a8pTk1ewcO21OVc7j017/mt7EkJBuCtO5q6+tRa29uOxWvT2xGOIL0H8j6zIUmApoheU+y7TbpYLAg+8FKVPUfq5Bbib4kzz7CBh/KPRnckBgJwNOJIPgEift20qSTIJERUbujScpizlrqKVj/r0LgEqO3FZNe55fVNGdsMlBFZK1ZcnghniAWaenilStLthUd9UvwUm7RhVWYXz1jlOGXVjLt8mYIdP+TPBbpV5cAY4In9yMmUtK3nXHWDt8DyDAlJObd+p0iilpcLpeJEoZn1Jnj5jPLpYkOM65XTYB2qiMkgRT5/4KsMmUGVJ/QzC2HTJXUyj28ylZbKZqmov8TjPQTDaqjqU1AflDmXSXnAIJfuZFtzJ8xPmKhTXdVI7DjWyzUbHdaZDLuG/xH7Rh4LRl2tPHougWhdyXY84Aui4nykmr+am0sPY=&u=U2FsdGVkX1/I9wh2MY1wonjXKezpYhbWIPOh5MaBYrz2vBEJ6aJ8+QTb/RKKhNtz&y=U2FsdGVkX1+cUz+70b/Nqw3vI5a77wFxgpwAbgp4s1DTD2lA2rKHxBT1BKNmcic8 HTTP/1.1" 200 1486
186.102.5.178 - - [27/Jun/2022:15:02:01 -0500] "GET /kwssiamovil/sm/acme/s?s=U2FsdGVkX1+Q5bSC+HEvgsJ3Bsdh1Sps66uw6I7dhcEYqRvwc/38EKluDrRkWJZ8R5IMnjSwZmZ/h917VSXkgaCNFXueERp1rCRSylYlRa+EuKbp4J1n5pEV5FIa5ZCe+MKLsnIzrr/pjtTAnavLm5TQKtm6+cwIL2GkARqcvk2gMUM5M/6jI2HImINmMhMu5XPk5hcsI30dxuXbp7zwDhmVGLFvP1w7xcL3OhUTqReVmBvytOJch+Zx0qNqiJP/quYpEdwJ1ZvQVvynPMf7niTSUyfCBvzYBObgsLd6NQQ=&u=U2FsdGVkX1/I9wh2MY1wonjXKezpYhbWIPOh5MaBYrz2vBEJ6aJ8+QTb/RKKhNtz&y=U2FsdGVkX1+cUz+70b/Nqw3vI5a77wFxgpwAbgp4s1DTD2lA2rKHxBT1BKNmcic8 HTTP/1.1" 200 176
186.102.5.178 - - [27/Jun/2022:15:02:01 -0500] "GET /kwssiamovil/sm/cjson/pre?f=1&x=U2FsdGVkX1+pL2BAdLEHlwugQ5nazfoAZXAUsJepUG4n1DqOUJvVk8T9ezJ+Q69x HTTP/1.1" 200 30992
172.22.2.4 - - [27/Jun/2022:15:00:26 -0500] "GET /BLA/boletinlegal/ HTTP/1.1" 200 58464
172.22.2.4 - - [27/Jun/2022:15:02:15 -0500] "GET /BLA/boletinlegal/consulta_actos.php?tipo=resoluciones&no=&usuario=&sector=RESIDUOS&fecha=2018&resuelve= HTTP/1.1" 200 15746
186.31.44.88 - - [27/Jun/2022:15:02:19 -0500] "GET /BLA/resoluciones/RESOLUCIONES%202018/3798.pdf HTTP/1.1" 200 304259
216.245.221.92 - - [27/Jun/2022:15:03:32 -0500] "HEAD / HTTP/1.1" 200 -
172.22.2.4 - - [27/Jun/2022:15:03:41 -0500] "GET /BLA/boletinlegal/ HTTP/1.1" 200 32715
186.102.41.164 - - [27/Jun/2022:15:06:08 -0500] "GET /kwssiamovil/sm/acme/u?s=U2FsdGVkX18D5zZiNIQp3tfSaXjD+1q+jmiOW9o6fsqqPbv2XzxqLigF6DVpx0d9PYfija4d8YRchT15loQXrYxede+E8xY3F+/IYEeJGzzQROesIV4/EYskUOwEDmsiIE9acJAtJNOQN2m/SJkiRIhCEHw0b8N2yjKhlJZpQheG+Mn9LCAsguPMl70nFJTr87FaO+Nj5MC/50Q4dOTnMFCkv5bG1VZHuH2/XPabEV8R71kKp8NEagEU8M3nMzA3&u=U2FsdGVkX19M0FzpoYfomDe1MVnR667NEkt3jHbJPkd1lxAcKAR0Tfy10BemRSX0&y=U2FsdGVkX1/O45YZcMLZ0Dwu/Jt57yQD9zyPHpO0MCaLD7MVh246HREoHDerw/hS HTTP/1.1" 200 60
172.22.2.4 - - [27/Jun/2022:15:06:21 -0500] "GET /BLA/boletinlegal/Circulares/2011/Circular%20No.%204%20del%2012%20de%20Agosto%20de%202011.pdf HTTP/1.1" 200 601047
172.22.2.4 - - [27/Jun/2022:15:05:26 -0500] "HEAD /BLA/boletinlegal/ HTTP/1.1" 200 -
66.249.65.13 - - [27/Jun/2022:15:07:28 -0500] "-" 408 -
172.22.2.4 - - [27/Jun/2022:15:06:16 -0500] "GET /BLA/boletinlegal/ HTTP/1.1" 200 58464
216.245.221.92 - - [27/Jun/2022:15:08:32 -0500] "HEAD / HTTP/1.1" 200 -
207.46.13.8 - - [27/Jun/2022:15:10:17 -0500] "GET /BLA/resoluciones/AUTOS%202021/6044.pdf HTTP/1.1" 304 -
207.46.13.138 - - [27/Jun/2022:15:10:45 -0500] "GET /galeria/nivo-slider/demo/convocatorias.html? HTTP/1.1" 200 3464
172.22.2.4 - - [27/Jun/2022:15:11:02 -0500] "GET /BLA/boletinlegal/images/pdf.gif HTTP/1.1" 200 567
172.22.2.4 - - [27/Jun/2022:15:11:16 -0500] "HEAD /BLA/boletinlegal/ HTTP/1.1" 200 -
66.249.65.13 - - [27/Jun/2022:15:13:20 -0500] "-" 408 -
216.245.221.92 - - [27/Jun/2022:15:13:32 -0500] "HEAD / HTTP/1.1" 200 -
172.22.2.4 - - [27/Jun/2022:15:12:06 -0500] "GET /BLA/boletinlegal/ HTTP/1.1" 200 56011
172.22.2.4 - - [27/Jun/2022:15:13:15 -0500] "GET /BLA/boletinlegal/ HTTP/1.1" 200 24523
120.85.113.5 - - [27/Jun/2022:15:14:06 -0500] "POST /HNAP1/ HTTP/1.0" 400 945
186.102.41.164 - - [27/Jun/2022:15:15:46 -0500] "GET /kwssiamovil/sm/acme/a?s=U2FsdGVkX1/cxWzDeiBjErE9yKwOMZRZqjMNNX3KiaiJ+aqXGJBvw1h/C5BGdJcmhh/AwcNo/frDX8jd9UEsSM2zPy0GIFzOg1waxX+DDDc78wO/KizqttOSkMyuPsrpvSLC2n1WqomsYZpI/5rgTz2NyZVatUChv3FDk/YP6VaKCaHaxe28tHTN4ustEJp4TVgsrqIfKKQQG8nu9m3xzqHXpmjhbEhzyOrEAZpOlGZNf4GWfqe7jlVhHxDYXHUdcgwR20WL9oWfhx72QEC7CQ==&u=U2FsdGVkX19M0FzpoYfomDe1MVnR667NEkt3jHbJPkd1lxAcKAR0Tfy10BemRSX0&y=U2FsdGVkX1/O45YZcMLZ0Dwu/Jt57yQD9zyPHpO0MCaLD7MVh246HREoHDerw/hS HTTP/1.1" 200 25
186.102.41.164 - - [27/Jun/2022:15:15:46 -0500] "GET /kwssiamovil/sm/acme/a?s=U2FsdGVkX1/qXCf5+sMkMUmD+r/reqcogo3nw1Vej84n8rLGpKhQKZS+c6rvhN8q5KuHak2XYL6WH2IcPHaGHr/BEKyRwRhMq2/WwSxOzYmSqa5T314Ld8OYeXdw0/34IBc5uOhLKMtIQXdXprEvbUqOkroqPHCTDQrwBSxcnAgH41RliFIraozDqHdjPBz9JL+nsJqwQqy8nPgZ23FfTgoU0LYMl+tjOQmrk5hhpEYe7hG3dn598AFtm/JNT1Zc7YbGKT1ZAXkjFtBsCyeDEM62RCWNeVg6diQBb5zGfYjhBwB1XvGF6f401n9lCfNNZZ0torCGzVpzTJBfGCYi/uxXkbeZNx0Ksu58VRwkvZ2h8J7DZ4rToIDz3rwPng6bupGT5dkdoPtwbp07PlqPDLZAqjLeKgWNoGAuYZSqmnP6wUp6dQAtpPbki2o5mWJUtbmbe0spQfYJ0eTmRCAYVNHA8BRoCW7gy87p8pYR4jsedCeo7UrSu2hHUTt74lIzCesH3MUPLC4P/W7kQ98cX9+Iu7oPret3zhdGGeRDm03FDkMFXQaQ1BGS3bv6q+0zZbVb3rfdXDdGvSmugu0z5x9T8egxHcrs7Pk66AWnT3XfQeamTUUiW8ik5R9rn5UgUjuyyVwf+YEKv9yKXduieTOdcxFEDb+ECiWQiLNSB/dsJpQLutYy4c9fhCxTu+AIfuvvlwQdCnO50afd/i9lPKp21M783Fl+3FHxybHtF6aGx6cPe7lAZ1mg7r0kUThVerhxQY3NsmLq1/jgJNUJ4GgpLW43P3nAxrfNMVCMmZz+KAXwzsslvBC1cSsJTNcUVK+UoocjGodHiUipQY6yrGxkpiGEitwbQEzN7EpRRVGhyJMNsYFGWYAEk7ao+uEn1U2p+LOnH5DaV34I6uVFRdLJlP/VaFqIyVKTcQAWCrT/F03OIwf9xNCtmrv04IVaSxDepoYVVtZ+mIOihYEdVqtP6HcDQjzBsNX6yaaHN4HxA5S3CPdfvjjNy1XxX1c95v/WMW0FPT1tHFRTUVenrgi0uBvcktiuQoNs402dy3CX2JYvOXPbI78UnW9dCmng+n4TOT7UzwTnww3sIVvbHttDvtqRHhJvC3Sd+C30K/uXlV8eMmNT/I3XhTwt5PR4jqTq9RYw5mpNXiOviUJq2Gl43FtTPCeY53Xt7OKfCPzuVVQgTnPGfchk9D8Ig3z16UtzEPCu/tybeNW00WZsEuiDL9nF80hhpxGpor+6KnhGbtY9847sdGAJOJmRhNLJsEvW1kTr9ut1vfL+wFpj0hyi6JjXC8ZE43x4rM6U/bB4ZCNKuLvtfDywGr8m3Ioil2nfEI9y3iXZB1gzLyLBN+2shE5w6ClSZukhaMo8yE+i2GU0x0D/a3ke5S5SXfh47zmMm9zcSAxu/Pxmhx1DgkD1VcdiYhGcwS8WpscRZpBm2l78rni746MsHcRwIRnePMoyrbtpO+U4BaO+V3GNhCNmy1p3xM4aeCZ2AU8Zk9wITo6uF6Q3bbdAOe+ldcRz7l3tBQdBSZEK/raGwh3yaKT9ytbajEVHfBTYtHf37v9vElfMrUr5cWf8NbbMkkuii9iw4bn3BI0Caf2111l2u9qrrMmD9rqlvaGaFX4fFEHW16hKCmLM6bSGqH++bwsLAuLBhK0PqiTQH8q/2Mwq2g==&u=U2FsdGVkX19M0FzpoYfomDe1MVnR667NEkt3jHbJPkd1lxAcKAR0Tfy10BemRSX0&y=U2FsdGVkX1/O45YZcMLZ0Dwu/Jt57yQD9zyPHpO0MCaLD7MVh246HREoHDerw/hS HTTP/1.1" 200 25
186.102.41.164 - - [27/Jun/2022:15:15:46 -0500] "GET /kwssiamovil/sm/acme/a?s=U2FsdGVkX1+OCRcWjMtDh7F1OF3btDKuXgDZAxsHgZDJrQGr9eYbEOErUftYgGL9F4RmndsQh4e8h5UF8Q6HIOVU9wLHm/sKTXbg32ZHv50RKTI5rhkqD8LBYFmvT0q46jlmrPaF8AKe9lPhSky5rJ2GYBY3eXXd6xwNQ2ouWhQ=&u=U2FsdGVkX19M0FzpoYfomDe1MVnR667NEkt3jHbJPkd1lxAcKAR0Tfy10BemRSX0&y=U2FsdGVkX1/O45YZcMLZ0Dwu/Jt57yQD9zyPHpO0MCaLD7MVh246HREoHDerw/hS HTTP/1.1" 200 25
186.102.41.164 - - [27/Jun/2022:15:15:47 -0500] "GET /kwssiamovil/sm/acme/a?s=U2FsdGVkX1+cgeWNrJv/kLAYxOnioXvIPtEx+gp/Cpd0pzTZCcxHlEmNF1Angcc/rlcmH/sNQL5xscJjEQdlXR1YrNK8BKZhUKDBbATcEVpkbm0oHh/CWKvYic8xggV4hNqYFGIbIXB7O234B9iRMDm6lNJjl3faowslJSTlCvI=&u=U2FsdGVkX19M0FzpoYfomDe1MVnR667NEkt3jHbJPkd1lxAcKAR0Tfy10BemRSX0&y=U2FsdGVkX1/O45YZcMLZ0Dwu/Jt57yQD9zyPHpO0MCaLD7MVh246HREoHDerw/hS HTTP/1.1" 200 25
186.102.41.164 - - [27/Jun/2022:15:15:47 -0500] "GET /kwssiamovil/sm/acme/a?s=U2FsdGVkX19kcpetnRZb3B+xKL1y4rHtVJtL7cOQCkhOKvaum88AbSoJcPiBVDpLw4qQw20iQPOjjVWKt4D/pbzZx0bq/K3VAKYKvFMWUCuIw3QYtMMX2HEFW4+h/IhnDkAGYamaRzM3O1lvFGguY7WVgCEyCmgayQQ4k+RZwY0=&u=U2FsdGVkX19M0FzpoYfomDe1MVnR667NEkt3jHbJPkd1lxAcKAR0Tfy10BemRSX0&y=U2FsdGVkX1/O45YZcMLZ0Dwu/Jt57yQD9zyPHpO0MCaLD7MVh246HREoHDerw/hS HTTP/1.1" 200 25
186.102.41.164 - - [27/Jun/2022:15:15:47 -0500] "GET /kwssiamovil/sm/acme/a?s=U2FsdGVkX1/9u1iZyjyw4Kven1Qh3qQUxn0XsnJMTJAf4XueWArXlAJfEujWgQCBwDPm9X+xZmcSz0t7o4/lfuSYZUswcZA1fK2H/1SI/leTWJLBReBklDIcd8LFhg54aBM2FtUFR39TXTNqd+Gj2DodB8vd2SUU94WKpR4Wl0hanqorRI4+cpoaLsqM+KFk&u=U2FsdGVkX19M0FzpoYfomDe1MVnR667NEkt3jHbJPkd1lxAcKAR0Tfy10BemRSX0&y=U2FsdGVkX1/O45YZcMLZ0Dwu/Jt57yQD9zyPHpO0MCaLD7MVh246HREoHDerw/hS HTTP/1.1" 200 25
172.22.2.4 - - [27/Jun/2022:15:16:21 -0500] "GET /BLA/boletinlegal/images/arr_l.jpg HTTP/1.1" 200 1979
216.245.221.92 - - [27/Jun/2022:15:18:32 -0500] "HEAD / HTTP/1.1" 200 -
172.22.2.4 - - [27/Jun/2022:15:17:06 -0500] "HEAD /BLA/boletinlegal/ HTTP/1.1" 200 -
190.159.119.224 - - [27/Jun/2022:15:19:29 -0500] "GET /sipse/faces/autenticacion.xhtml HTTP/1.1" 200 12491
190.159.119.224 - - [27/Jun/2022:15:19:29 -0500] "GET /sipse/js/disable_browser_buttons.js HTTP/1.1" 200 3230
190.159.119.224 - - [27/Jun/2022:15:19:29 -0500] "GET /sipse/js/funciones.js HTTP/1.1" 200 12592
190.159.119.224 - - [27/Jun/2022:15:19:29 -0500] "GET /sipse/css/custom_css_sg_prime_login.css HTTP/1.1" 200 443
190.159.119.224 - - [27/Jun/2022:15:19:29 -0500] "GET /sipse/css/custom_css_sg.css HTTP/1.1" 200 9694
190.159.119.224 - - [27/Jun/2022:15:19:29 -0500] "GET /sipse/faces/javax.faces.resource/layout/layout.css;jsessionid=h4UdidVFGR0dE+gH2WFBJrln.undefined?ln=primefaces&v=4.0 HTTP/1.1" 200 542
190.159.119.224 - - [27/Jun/2022:15:19:29 -0500] "GET /sipse/faces/javax.faces.resource/layout/layout.js;jsessionid=h4UdidVFGR0dE+gH2WFBJrln.undefined?ln=primefaces&v=4.0 HTTP/1.1" 200 87560
190.159.119.224 - - [27/Jun/2022:15:19:29 -0500] "GET /sipse/faces/javax.faces.resource/theme.css?ln=primefaces-sipse HTTP/1.1" 200 50058
190.159.119.224 - - [27/Jun/2022:15:19:29 -0500] "GET /sipse/faces/javax.faces.resource/primefaces.css;jsessionid=h4UdidVFGR0dE+gH2WFBJrln.undefined?ln=primefaces&v=4.0 HTTP/1.1" 200 53295
190.159.119.224 - - [27/Jun/2022:15:19:29 -0500] "GET /sipse/faces/javax.faces.resource/jquery/jquery-plugins.js;jsessionid=h4UdidVFGR0dE+gH2WFBJrln.undefined?ln=primefaces&v=4.0 HTTP/1.1" 200 220526
190.159.119.224 - - [27/Jun/2022:15:19:29 -0500] "GET /sipse/faces/javax.faces.resource/jquery/jquery.js;jsessionid=h4UdidVFGR0dE+gH2WFBJrln.undefined?ln=primefaces&v=4.0 HTTP/1.1" 200 105384
190.159.119.224 - - [27/Jun/2022:15:19:29 -0500] "GET /sipse/faces/javax.faces.resource/primefaces.js;jsessionid=h4UdidVFGR0dE+gH2WFBJrln.undefined?ln=primefaces&v=4.0 HTTP/1.1" 200 276924
190.159.119.224 - - [27/Jun/2022:15:19:30 -0500] "GET /sipse/faces/javax.faces.resource/images/ui-icons_898989_256x240.png?ln=primefaces-aristo HTTP/1.1" 200 5355
190.159.119.224 - - [27/Jun/2022:15:19:30 -0500] "GET /sipse/css/imagen/logoSDG.png HTTP/1.1" 200 53064
190.159.119.224 - - [27/Jun/2022:15:19:30 -0500] "GET /sipse/css/imagen/loginimg.png HTTP/1.1" 200 71635
190.159.119.224 - - [27/Jun/2022:15:19:30 -0500] "GET /sipse/faces/index.xhtml HTTP/1.1" 200 677
190.159.119.224 - - [27/Jun/2022:15:19:30 -0500] "GET /sipse/faces/javax.faces.resource/theme.css?ln=primefaces-sipse HTTP/1.1" 200 50058
172.22.2.4 - - [27/Jun/2022:15:17:56 -0500] "GET /BLA/boletinlegal/ HTTP/1.1" 200 58464
66.249.65.13 - - [27/Jun/2022:15:20:48 -0500] "-" 408 -
201.245.192.253 - - [27/Jun/2022:15:21:15 -0500] "POST /kwsrmcab/Wsrmcab HTTP/1.1" 500 253
201.245.192.253 - - [27/Jun/2022:15:21:15 -0500] "POST /kwsrmcab/Wsrmcab HTTP/1.1" 500 253
172.22.2.4 - - [27/Jun/2022:15:23:12 -0500] "GET /BLA/boletinlegal/consulta_actos.php?tipo=resoluciones&no=&usuario=&sector=RESIDUOS&fecha=2019&resuelve= HTTP/1.1" 200 14905
216.245.221.92 - - [27/Jun/2022:15:23:32 -0500] "HEAD / HTTP/1.1" 200 -
186.31.44.88 - - [27/Jun/2022:15:23:34 -0500] "GET /BLA/resoluciones/RESOLUCIONES%202019/2312.pdf HTTP/1.1" 200 282598
186.31.44.88 - - [27/Jun/2022:15:23:47 -0500] "GET /BLA/resoluciones/RESOLUCIONES%202019/2295.pdf HTTP/1.1" 200 320895
23.250.19.242 - - [27/Jun/2022:15:23:47 -0500] "GET / HTTP/1.1" 200 319
23.250.19.242 - - [27/Jun/2022:15:23:53 -0500] "GET /sitemap.xml HTTP/1.1" 404 1018
23.250.19.242 - - [27/Jun/2022:15:23:53 -0500] "GET /.well-known/security.txt HTTP/1.1" 404 1018
23.250.19.242 - - [27/Jun/2022:15:23:55 -0500] "GET /favicon.ico HTTP/1.1" 200 7782
186.31.44.88 - - [27/Jun/2022:15:24:25 -0500] "GET /BLA/resoluciones/RESOLUCIONES%202019/1329.pdf HTTP/1.1" 200 333219
172.22.2.4 - - [27/Jun/2022:15:22:56 -0500] "HEAD /BLA/boletinlegal/ HTTP/1.1" 200 -
172.22.2.4 - - [27/Jun/2022:15:23:46 -0500] "GET /BLA/boletinlegal/ HTTP/1.1" 200 59510
34.76.158.233 - - [27/Jun/2022:15:26:00 -0500] "GET / HTTP/1.1" 200 319
112.46.68.94 - - [27/Jun/2022:15:26:11 -0500] "GET / HTTP/1.1" 400 946
40.77.167.105 - - [27/Jun/2022:15:26:28 -0500] "-" 408 -
66.249.65.13 - - [27/Jun/2022:15:27:37 -0500] "-" 408 -
216.245.221.92 - - [27/Jun/2022:15:28:32 -0500] "HEAD / HTTP/1.1" 200 -
172.22.2.4 - - [27/Jun/2022:15:28:37 -0500] "GET /BLA/boletinlegal/consulta_actos.php?tipo=resoluciones&no=&usuario=&sector=RESIDUOS&fecha=2020&resuelve= HTTP/1.1" 200 8953
172.22.2.4 - - [27/Jun/2022:15:28:58 -0500] "GET /BLA/boletinlegal/consulta_actos.php?tipo=resoluciones&no=&usuario=&sector=RESIDUOS&fecha=2021&resuelve= HTTP/1.1" 200 18680
172.22.2.4 - - [27/Jun/2022:15:29:31 -0500] "GET /BLA/boletinlegal/apple-touch-icon-precomposed.png HTTP/1.1" 404 1140
172.22.2.4 - - [27/Jun/2022:15:29:31 -0500] "GET /BLA/boletinlegal/apple-touch-icon.png HTTP/1.1" 404 1140
172.22.2.4 - - [27/Jun/2022:15:29:31 -0500] "GET /BLA/boletinlegal/favicon.ico HTTP/1.1" 404 1140
172.22.2.4 - - [27/Jun/2022:15:30:20 -0500] "GET /BLA/boletinlegal/consulta_actos.php?tipo=resoluciones&no=&usuario=&sector=RESIDUOS&fecha=2022&resuelve= HTTP/1.1" 200 4858
172.22.2.4 - - [27/Jun/2022:15:28:46 -0500] "HEAD /BLA/boletinlegal/ HTTP/1.1" 200 -
172.22.2.4 - - [27/Jun/2022:15:29:01 -0500] "GET /BLA/boletinlegal/ HTTP/1.1" 200 49099
172.22.2.4 - - [27/Jun/2022:15:30:41 -0500] "GET /BLA/boletinlegal/consulta_actos.php?tipo=resoluciones&no=&usuario=&sector=VERTIMIENTOS&fecha=2019&resuelve= HTTP/1.1" 200 123772
172.22.2.4 - - [27/Jun/2022:15:30:50 -0500] "GET /BLA/boletinlegal/consulta_actos.php?tipo=resoluciones&no=&usuario=&sector=VERTIMIENTOS&fecha=2019&resuelve=SANCION HTTP/1.1" 200 11417
186.31.44.88 - - [27/Jun/2022:15:31:02 -0500] "GET /BLA/resoluciones/RESOLUCIONES%202019/2022.pdf HTTP/1.1" 200 316098
201.245.192.253 - - [27/Jun/2022:15:31:15 -0500] "POST /kwsrmcab/Wsrmcab HTTP/1.1" 500 253
201.245.192.253 - - [27/Jun/2022:15:31:15 -0500] "POST /kwsrmcab/Wsrmcab HTTP/1.1" 500 253
186.31.44.88 - - [27/Jun/2022:15:31:16 -0500] "GET /BLA/resoluciones/RESOLUCIONES%202019/1602.pdf HTTP/1.1" 200 326394
172.22.2.4 - - [27/Jun/2022:15:29:36 -0500] "GET /BLA/boletinlegal/ HTTP/1.1" 200 53867
207.46.13.45 - - [27/Jun/2022:15:32:27 -0500] "GET /empresas-del-sector-de-san-benito-reciben-reconocimiento-por-impulsar-la-economia-circular-en-la-industria-del-cuero.html HTTP/1.1" 200 817
157.55.39.114 - - [27/Jun/2022:15:32:35 -0500] "GET /bla/resoluciones/autos%202022/0987.pdf HTTP/1.1" 200 392181
64.124.8.21 - - [27/Jun/2022:15:33:15 -0500] "GET /BLA/boletinlegal/jurisprudencia/analisis/AnalisisC-746-12.docx HTTP/1.1" 200 22637
216.245.221.92 - - [27/Jun/2022:15:33:32 -0500] "HEAD / HTTP/1.1" 200 -
172.22.2.4 - - [27/Jun/2022:15:34:42 -0500] "GET /BLA/boletinlegal/consulta_actos.php?tipo=resoluciones&no=&usuario=&sector=VERTIMIENTOS&fecha=2018&resuelve=SANCION HTTP/1.1" 200 8020
186.31.44.88 - - [27/Jun/2022:15:34:45 -0500] "GET /BLA/resoluciones/RESOLUCIONES%202018/4089.pdf HTTP/1.1" 200 37041799
66.249.65.13 - - [27/Jun/2022:15:35:00 -0500] "-" 408 -
186.31.44.88 - - [27/Jun/2022:15:35:15 -0500] "GET /BLA/resoluciones/RESOLUCIONES%202018/2483.pdf HTTP/1.1" 200 2058362
186.102.5.178 - - [27/Jun/2022:15:35:28 -0500] "GET /kwssiamovil/sm/acme/a?s=U2FsdGVkX1+2LxzwEAsOMorV7J0PceZFS1UAoT3+Dycv8hR39IUpj4jreGFr79yT1ZkV3s1mN/Q7knsiLXwW+JbGIc1pU07DDRQpxjn+NNWRX9mqaN3vUwmWFG7DUGF+99u4MjFk2UKsthlUNFJBJvyNnDwQ9EMEU42OYVhY0yAhTpCpN3Ccaz8QsbW3/36ntYExq9CN7cyUgB+zcZFBM4FDnspSrHxJ4nmbGpYp3sXfsTLuKXXqabMGGXkf2HXa8Wu8Mfl81aZW9Wfbinv8yw==&u=U2FsdGVkX1/I9wh2MY1wonjXKezpYhbWIPOh5MaBYrz2vBEJ6aJ8+QTb/RKKhNtz&y=U2FsdGVkX1+cUz+70b/Nqw3vI5a77wFxgpwAbgp4s1DTD2lA2rKHxBT1BKNmcic8 HTTP/1.1" 200 25
186.102.5.178 - - [27/Jun/2022:15:35:29 -0500] "GET /kwssiamovil/sm/acme/a?s=U2FsdGVkX1+ZdSWEKIinO92tSH5v7V4nFU+H5nMzhovIQacW+4tjymcIpf5ULBQ2eEgElc3/lOBTt4V3W7ejTSo/ASYtQEIOq0h6kwQrsn9Me6yEtwWTuj/8f4tXTKB3x5m/8cIxDWRw3TAKQWS4iBkX99xT08UcS5y2z+0ajNmkd73S9p+EUE/rReeP+jrQkDK7uYU5ZipA7FNKbqedoK1wiS+POnkcIViP27STiBEWhWgVIoI4X2LQ5X9m7rsS/e5XSzsE9s9aKsu65Dn6xAKYZpdpfgMeEY/g+SuBXdMdVsLNMSE0uNdsaOpD5OipOL0nh3wJMokOqE4TiD9lhFyVY8wi/G/S9w0Mn64Ues8K2G25o6dbWHbQ/dpZye0yMUsjcZjXzBVrn7bIrFWUkhSKT6h2F+fpEopxuW5c6hOBxSZvECFktR6zsmCDCRjDu8ow4aZSNUP55/FfBx1aWYAGlayKdH2UcD0Ctq7Ch9TGwywdhpEIaC9+lw2MOqcDs86aeKYFtSQTiOp71fjbGmCdxhHjxkXX/kNTZgaOWWUhQg6XQE7rUsOHmSmB4AHZINLBdJ5XNFzya3xq+tjv/qgq1HnJHavGk5w55jRT9eqYv4voO1ja3CTXxsFgtDLSOPa9HtxLst7bnGsp/s5ZuklOGce9ymxa9+UTL+ZPdatIE9G4eHLMeuERpcAYV/NQ97xMyMUdtpCIfF9xMfYcIsFYA4i0IOkrbz+/dYtVmWYjlAzLwl0lnl2sfv+KEoRB59sDnPuW1UR7qNpeinf2BgpCdJZIibO+y3r1oVIIbQFCf37jhNLOyUzwwzC5vr28n6iuy7j/5Dj81U2moq/SQaCTJYEtSKid8RWbrUM3yNHZ/QdsGrNeTesCRpl817xmIv1X/WZN5J5gW4cO00mwVI+goVrTIvwAnZd0OCtAU6lZ/2foAdbCQ+37gke0/0R32ULwhAYRGv++lWviq+5iCQ3k6iDbNtMP2KVJWEepa0NpX0GIJKipuPMW+GD4RTWpXyfNeNO7668fRHT+tQvEKllqh5MGaU8JAT1mfOUy1kgCDCYTtX+vl5KuG3nKVmYJvsHqRzYojtquDW75qRDXhW7QP5Km6oyXpfVLnybeNK9x/vVmdLhYkP+I7ejlSM5jVHPcwRzjXbeWO8MrQcyq0/SV2wyOcimT+15CNeKNN4EA+naELoUJ1PcDfoANMF5le7Vm8MMW+4ZewsDkWgzTXmE/dpUwzjUB8m5kD992V898oybDn0jNwSzenQBBrVyMgnCGBqVU0M7qRmT0rGYfgvcveuOR66xdZKiSb85RlMjC2uzWSJMNE513Y3CFlv2i7/Mq+nzBY2d8JwxUfKbtYsfxCE4w/iXeCQdwKpfjvVDpaPZWhb42S3fesIjcq8echIml5iTLS/5NNh6E7UucZ/G6+VmpmvqhTlZvNOkELSFff8OUrjgc/caZaOeEjYtjJD5mUHnk/SYLgRnK02Cm/lVeXjQuRHJ2VwB8RF52gAST1pc8VY+XXtuB8m9bMIV/f/zgkhaNUWsqUV+CM88Ria+7JQLi5zZqxLpjhCNygvB5rMrcDOzju+NEowcDAcJtiuti5YZXsjzr+Sw3RL1i95mEs5k2n3dIrcEhvKq9rOlq41JgAoU31RKUYnjbhBegROXlNcvWYW+d9J4ssZCamrL4/9A3s1Fu3ya6CxZggAkMqfVDXZ7WRhRcct31bz7By5YZAgaZXQwGzAzJpflSNdoXJaen585bVG2rCjVLqOKiWCHkaDEUL+XdcZ+jENzC/xAqAhItJmNMqGavyLhqrD82ZwkO5dNJT7LsnRa7fQWKe/tDaXPvNo4e5CBqPYaBlwzamO1fYOnsCykBcWL2kbgDtlDq7UFG50JvGM+gXxQ=&u=U2FsdGVkX1/I9wh2MY1wonjXKezpYhbWIPOh5MaBYrz2vBEJ6aJ8+QTb/RKKhNtz&y=U2FsdGVkX1+cUz+70b/Nqw3vI5a77wFxgpwAbgp4s1DTD2lA2rKHxBT1BKNmcic8 HTTP/1.1" 200 25
186.102.5.178 - - [27/Jun/2022:15:35:29 -0500] "GET /kwssiamovil/sm/acme/a?s=U2FsdGVkX1+MZWR4cjtGs6uXamWD9LEv/HKUB1QH1GVwkGg6bZpmVfLiYWndUuwE/+GKhG+jOm/DOWH9y13e0OJczlKQ4qUwiLSHmr1gyA8atRN9rH0ihJBxxTwt6XZzeNxvRzqRVT+Q+aDqEXGTzKAnPDjQV/Ku1OFITuegsDA=&u=U2FsdGVkX1/I9wh2MY1wonjXKezpYhbWIPOh5MaBYrz2vBEJ6aJ8+QTb/RKKhNtz&y=U2FsdGVkX1+cUz+70b/Nqw3vI5a77wFxgpwAbgp4s1DTD2lA2rKHxBT1BKNmcic8 HTTP/1.1" 200 25
186.102.5.178 - - [27/Jun/2022:15:35:29 -0500] "GET /kwssiamovil/sm/acme/a?s=U2FsdGVkX1+KV3qXJB6p4++oP+jOfpZIlz7sM0pjxb9aQSmoCyUsDTpILuM5QwTZVsYmuE1HClsxtY95ImFDFiDG96yUMaTNoLOVnwAZfrybs2hQ/QoyQEDYrSz1bisf5YziVd0KMMzcw15DmgzAt6OLVV4rmyRpEW1Xjwiv/sk=&u=U2FsdGVkX1/I9wh2MY1wonjXKezpYhbWIPOh5MaBYrz2vBEJ6aJ8+QTb/RKKhNtz&y=U2FsdGVkX1+cUz+70b/Nqw3vI5a77wFxgpwAbgp4s1DTD2lA2rKHxBT1BKNmcic8 HTTP/1.1" 200 25
186.102.5.178 - - [27/Jun/2022:15:35:29 -0500] "GET /kwssiamovil/sm/acme/a?s=U2FsdGVkX1++ZeZkJ7m+cqxt3vB940ICTMC7sZDTYr5C+oNFbekeHqlKIeG9jaBEHgWPNfuYMHZkQrdGZtmrmbFSZZsBJK5O93q4RIeOPc8nqcPUjdWwkZ2YoTTqgKfDjQ1dIGPthOr1zHuHa54lfWtzpostp8oFEg23HBSdx5A=&u=U2FsdGVkX1/I9wh2MY1wonjXKezpYhbWIPOh5MaBYrz2vBEJ6aJ8+QTb/RKKhNtz&y=U2FsdGVkX1+cUz+70b/Nqw3vI5a77wFxgpwAbgp4s1DTD2lA2rKHxBT1BKNmcic8 HTTP/1.1" 200 25
186.102.5.178 - - [27/Jun/2022:15:35:30 -0500] "GET /kwssiamovil/sm/acme/a?s=U2FsdGVkX1/qBs3UaRvXFkW6kf4Nr8auLGj6cajPB/J6S3iL8w+2ZsPUnSQwinxSYOZhTHjj2IGSJ179LCvD7PrJpteI4HpBsp+X6xiy9VcbTWpVhVEF+EzoFXPjrYN/R9o6EX/S7TT9JSndO5uXb7c0xUfLhs7Z64RxhtBJpQScnO+PrLoJ3ZKtWlF9SZcf&u=U2FsdGVkX1/I9wh2MY1wonjXKezpYhbWIPOh5MaBYrz2vBEJ6aJ8+QTb/RKKhNtz&y=U2FsdGVkX1+cUz+70b/Nqw3vI5a77wFxgpwAbgp4s1DTD2lA2rKHxBT1BKNmcic8 HTTP/1.1" 200 25
186.31.44.88 - - [27/Jun/2022:15:35:52 -0500] "GET /BLA/resoluciones/RESOLUCIONES%202018/0905.pdf HTTP/1.1" 200 2170475
64.124.8.21 - - [27/Jun/2022:15:36:05 -0500] "GET /isolucionsda/Arriba.asp?Pagina=/IsolucionSDA/bancoconocimiento/D/Decreto1151del4deabrilde2008/Decreto1151del4deabrilde2008.asp&IdArticulo=6877 HTTP/1.1" 500 9069
64.124.8.39 - - [27/Jun/2022:15:36:14 -0500] "GET /portaldeninos/wp-json/oembed/1.0/embed?url=http%3A%2F%2Fambientic.ambientebogota.gov.co%2Fportaldeninos%2Fglosario%2F HTTP/1.1" 200 2348
172.22.2.4 - - [27/Jun/2022:15:34:36 -0500] "HEAD /BLA/boletinlegal/ HTTP/1.1" 200 -
172.22.2.4 - - [27/Jun/2022:15:36:21 -0500] "GET /BLA/boletinlegal/jurisprudencia.php HTTP/1.1" 200 17573
186.31.44.88 - - [27/Jun/2022:15:36:40 -0500] "GET /BLA/resoluciones/RESOLUCIONES%202018/0803.pdf HTTP/1.1" 200 376272
64.124.8.21 - - [27/Jun/2022:15:36:47 -0500] "GET /isolucionsda/Arriba.asp?Pagina=/IsolucionSDA/bancoconocimiento/D/Decreto349de2014/Decreto349de2014.asp&IdArticulo=8009 HTTP/1.1" 500 9069
186.31.44.88 - - [27/Jun/2022:15:37:01 -0500] "GET /BLA/resoluciones/RESOLUCIONES%202018/0802.pdf HTTP/1.1" 200 349010
172.22.2.4 - - [27/Jun/2022:15:35:26 -0500] "GET /BLA/boletinlegal/ HTTP/1.1" 200 46470
186.31.44.88 - - [27/Jun/2022:15:37:16 -0500] "GET /BLA/resoluciones/RESOLUCIONES%202018/0728.pdf HTTP/1.1" 200 345411
172.22.2.4 - - [27/Jun/2022:15:35:49 -0500] "GET /BLA/boletinlegal/ HTTP/1.1" 200 49042
172.22.2.4 - - [27/Jun/2022:15:37:37 -0500] "GET /BLA/boletinlegal/consulta_actos.php?tipo=resoluciones&no=&usuario=&sector=VERTIMIENTOS&fecha=2017&resuelve=SANCION HTTP/1.1" 200 16518
186.31.44.88 - - [27/Jun/2022:15:37:40 -0500] "GET /BLA/resoluciones/RESOLUCIONES%202017/3827.pdf HTTP/1.1" 200 346136
191.102.224.196 - - [27/Jun/2022:15:37:42 -0500] "GET /BLA/resoluciones/RESOLUCIONES%202017/3827.pdf HTTP/1.1" 200 346136
172.22.2.4 - - [27/Jun/2022:15:37:58 -0500] "GET /BLA/boletinlegal/jurisprudencia/analisis/CUADRO%20ANALISIS%20SENTENCIA%20T-411%20DE%201992.doc HTTP/1.1" 200 41984
172.22.2.4 - - [27/Jun/2022:15:38:10 -0500] "GET /BLA/boletinlegal/consulta_actos.php?tipo=resoluciones&no=&usuario=&sector=VERTIMIENTOS&fecha=2016&resuelve=SANCION HTTP/1.1" 200 7816
186.31.44.88 - - [27/Jun/2022:15:38:25 -0500] "GET /BLA/resoluciones/RESOLUCIONES%202016/1259.pdf HTTP/1.1" 200 780912
216.245.221.92 - - [27/Jun/2022:15:38:32 -0500] "HEAD / HTTP/1.1" 200 -
172.22.2.4 - - [27/Jun/2022:15:38:53 -0500] "GET /BLA/boletinlegal/consulta_actos.php?tipo=resoluciones&no=&usuario=&sector=VERTIMIENTOS&fecha=2015&resuelve=SANCION HTTP/1.1" 200 4370
186.31.44.88 - - [27/Jun/2022:15:38:59 -0500] "GET /BLA/resoluciones/RESOLUCIONES%202015/2846.pdf HTTP/1.1" 200 997433
186.31.44.88 - - [27/Jun/2022:15:39:18 -0500] "GET /BLA/resoluciones/RESOLUCIONES%202015/1810.pdf HTTP/1.1" 200 1861125
186.31.44.88 - - [27/Jun/2022:15:39:37 -0500] "GET /BLA/resoluciones/RESOLUCIONES%202015/1806.pdf HTTP/1.1" 200 927193
172.22.2.4 - - [27/Jun/2022:15:39:39 -0500] "GET /BLA/boletinlegal/Circulares/2019/.pdf HTTP/1.1" 404 1218
186.31.44.88 - - [27/Jun/2022:15:39:52 -0500] "GET /BLA/resoluciones/RESOLUCIONES%202015/1509.pdf HTTP/1.1" 200 1135066
172.22.2.4 - - [27/Jun/2022:15:40:00 -0500] "GET /BLA/boletinlegal/jurisprudencia/analisis/CUADRO%20ANALISIS%20SENTENCIA%20T-411%20DE%201992.doc HTTP/1.1" 200 41984
172.22.2.4 - - [27/Jun/2022:15:40:07 -0500] "GET /BLA/boletinlegal/consulta_actos.php?tipo=resoluciones&no=&usuario=&sector=VERTIMIENTOS&fecha=2014&resuelve=SANCION HTTP/1.1" 200 1099
172.22.2.4 - - [27/Jun/2022:15:40:11 -0500] "GET /BLA/boletinlegal/consulta_actos.php?tipo=resoluciones&no=&usuario=&sector=VERTIMIENTOS&fecha=2013&resuelve=SANCION HTTP/1.1" 200 2463
207.46.13.134 - - [27/Jun/2022:15:40:12 -0500] "GET /portaldeninos/parque-ecologico-distrital-humedal-santa-maria-del-lago/ HTTP/1.1" 200 90400
172.22.2.4 - - [27/Jun/2022:15:40:17 -0500] "GET /BLA/boletinlegal/consulta_actos.php?tipo=resoluciones&no=&usuario=&sector=VERTIMIENTOS&fecha=2012&resuelve=SANCION HTTP/1.1" 200 2870
186.31.44.88 - - [27/Jun/2022:15:40:20 -0500] "GET /BLA/resoluciones/RESOLUCIONES%202012/1917. HTTP/1.1" 404 1120
172.22.2.4 - - [27/Jun/2022:15:40:31 -0500] "GET /BLA/boletinlegal/consulta_actos.php?tipo=resoluciones&no=&usuario=&sector=VERTIMIENTOS&fecha=2020&resuelve=SANCION HTTP/1.1" 200 14360
186.31.44.88 - - [27/Jun/2022:15:40:44 -0500] "GET /BLA/resoluciones/RESOLUCIONES%202020/1108.pdf HTTP/1.1" 200 446047
191.102.224.197 - - [27/Jun/2022:15:40:50 -0500] "GET /BLA/resoluciones/RESOLUCIONES%202020/1108.pdf HTTP/1.1" 200 446047
66.249.65.13 - - [27/Jun/2022:15:40:55 -0500] "-" 408 -
201.245.192.253 - - [27/Jun/2022:15:41:15 -0500] "POST /kwsrmcab/Wsrmcab HTTP/1.1" 500 253
201.245.192.253 - - [27/Jun/2022:15:41:15 -0500] "POST /kwsrmcab/Wsrmcab HTTP/1.1" 500 253
172.22.2.4 - - [27/Jun/2022:15:41:36 -0500] "GET /BLA/boletinlegal/consulta_actos.php?tipo=resoluciones&no=&usuario=&sector=VERTIMIENTOS&fecha=2021&resuelve=SANCION HTTP/1.1" 200 94970
186.31.44.88 - - [27/Jun/2022:15:41:42 -0500] "GET /BLA/resoluciones/RESOLUCIONES%202021/5517.pdf HTTP/1.1" 200 416409
172.22.2.4 - - [27/Jun/2022:15:40:26 -0500] "HEAD /BLA/boletinlegal/ HTTP/1.1" 200 -
172.22.2.4 - - [27/Jun/2022:15:41:16 -0500] "GET /BLA/boletinlegal/ HTTP/1.1" 200 58464
216.245.221.92 - - [27/Jun/2022:15:43:32 -0500] "HEAD / HTTP/1.1" 200 -
186.31.44.88 - - [27/Jun/2022:15:43:34 -0500] "GET /BLA/resoluciones/RESOLUCIONES%202021/1435.pdf HTTP/1.1" 200 570735
64.124.8.21 - - [27/Jun/2022:15:45:18 -0500] "GET /BLA/boletinlegal/jurisprudencia/analisis/CUADRO%20SENTENCIA%20T-299%20DE%202008.doc HTTP/1.1" 200 40960
64.124.8.21 - - [27/Jun/2022:15:45:24 -0500] "GET /galeria/nivo-slider/demo/convocatorias.html HTTP/1.1" 200 3464
64.124.8.21 - - [27/Jun/2022:15:45:26 -0500] "GET /isolucionsda/IsolucionSDA/bancoconocimiento/D/Directiva17del30deOctubrede2012/Directiva17del30deOctubrede2012.asp?IdArticulo=6472 HTTP/1.1" 404 5054
172.22.2.4 - - [27/Jun/2022:15:46:06 -0500] "GET /BLA/boletinlegal/consulta_actos.php?tipo=resoluciones&no=&usuario=&sector=VERTIMIENTOS&fecha=2022&resuelve=SANCION HTTP/1.1" 200 12273
172.22.2.4 - - [27/Jun/2022:15:46:12 -0500] "GET /BLA/boletinlegal/consulta_actos.php?tipo=resoluciones&no=&usuario=&sector=VERTIMIENTOS&fecha=2022&resuelve=SANCION HTTP/1.1" 200 12273
