186.154.100.3 - - [27/Jun/2022:13:04:13 -0500] "POST /appsia/controlador HTTP/1.1" 200 6646
186.154.100.3 - - [27/Jun/2022:13:04:14 -0500] "POST /appsia/controlador HTTP/1.1" 200 11311
207.46.13.138 - - [27/Jun/2022:13:04:14 -0500] "GET /bla/resoluciones/index.php?dir=notificaciones/autos+2017 HTTP/1.1" 200 139669
186.154.100.3 - - [27/Jun/2022:13:04:19 -0500] "POST /appsia/controlador HTTP/1.1" 200 457
186.154.100.3 - - [27/Jun/2022:13:04:30 -0500] "GET /appsia/controlador HTTP/1.1" 200 4799
186.154.100.3 - - [27/Jun/2022:13:04:30 -0500] "GET /appsia/css/estilos.css HTTP/1.1" 200 4804
186.154.100.3 - - [27/Jun/2022:13:04:30 -0500] "GET /appsia/scripts/validarIngreso.js HTTP/1.1" 200 851
186.154.100.3 - - [27/Jun/2022:13:04:30 -0500] "GET /appsia/images/logo_bogota_p.png HTTP/1.1" 200 14951
186.154.100.3 - - [27/Jun/2022:13:04:30 -0500] "GET /appsia/images/cabezoteHojaVida.png HTTP/1.1" 200 32493
186.154.100.3 - - [27/Jun/2022:13:04:30 -0500] "GET /favicon.ico HTTP/1.1" 200 7782
172.22.2.4 - - [27/Jun/2022:13:02:56 -0500] "HEAD /BLA/boletinlegal/ HTTP/1.1" 200 -
186.154.100.3 - - [27/Jun/2022:13:04:49 -0500] "POST /appsia/controlador HTTP/1.1" 200 5437
186.154.100.3 - - [27/Jun/2022:13:04:57 -0500] "POST /appsia/controlador HTTP/1.1" 200 7781
186.154.100.3 - - [27/Jun/2022:13:04:59 -0500] "POST /appsia/controlador HTTP/1.1" 200 6646
186.154.100.3 - - [27/Jun/2022:13:05:01 -0500] "POST /appsia/controlador HTTP/1.1" 200 11311
186.154.100.3 - - [27/Jun/2022:13:05:04 -0500] "POST /appsia/controlador HTTP/1.1" 200 457
207.46.13.8 - - [27/Jun/2022:13:05:25 -0500] "GET /BLA/resoluciones/index.php?dir=RESOLUCIONES+2018%2F HTTP/1.1" 200 267866
172.22.2.4 - - [27/Jun/2022:13:03:46 -0500] "GET /BLA/boletinlegal/ HTTP/1.1" 200 58464
40.77.167.53 - - [27/Jun/2022:13:05:32 -0500] "GET /BLA/resoluciones/index.php?dir=AUTOS+2016%2F HTTP/1.1" 200 324776
207.46.13.214 - - [27/Jun/2022:13:05:26 -0500] "GET /BLA/resoluciones/index.php?dir=RESOLUCIONES+2008%2F HTTP/1.1" 200 749515
66.220.149.20 - - [27/Jun/2022:13:08:29 -0500] "GET /images/pieza-dia-reciclaje-principal17-mayo.jpg HTTP/1.1" 200 86728
216.245.221.92 - - [27/Jun/2022:13:08:32 -0500] "HEAD / HTTP/1.1" 200 -
186.154.100.3 - - [27/Jun/2022:13:08:49 -0500] "GET /appsia/controlador HTTP/1.1" 200 4799
186.154.100.3 - - [27/Jun/2022:13:08:49 -0500] "GET /appsia/css/estilos.css HTTP/1.1" 200 4804
186.154.100.3 - - [27/Jun/2022:13:08:49 -0500] "GET /appsia/scripts/validarIngreso.js HTTP/1.1" 200 851
186.154.100.3 - - [27/Jun/2022:13:08:49 -0500] "GET /appsia/images/cabezoteHojaVida.png HTTP/1.1" 200 32493
186.154.100.3 - - [27/Jun/2022:13:08:49 -0500] "GET /appsia/images/logo_bogota_p.png HTTP/1.1" 200 14951
172.22.2.4 - - [27/Jun/2022:13:08:46 -0500] "HEAD /BLA/boletinlegal/ HTTP/1.1" 200 -
172.22.2.4 - - [27/Jun/2022:13:09:36 -0500] "GET /BLA/boletinlegal/ HTTP/1.1" 200 61027
201.244.137.226 - - [27/Jun/2022:13:13:07 -0500] "GET /kwssiamovil/sm/ldap/au?x=U2FsdGVkX199/dQwwUJFYkOkDl7IrYWbCVKGH7Qv4LCDUV9H5diQjHAZGP6Vx2T/&y=U2FsdGVkX1/4aYesD7fsUZyUlVVVLFQ6vaxYsOqRztyStbk9xcxE5IU3/lY1JZIO HTTP/1.1" 200 30
201.244.137.226 - - [27/Jun/2022:13:13:07 -0500] "GET /kwssiamovil/sm/acme/s?s=U2FsdGVkX18GI0EVTiVhmcPdesY4x7smWp1tNa8HyOcojsd0mOJN6p6qTMzU6tDdwiK0btO2rpjlm/C5Cm+aCg8Wa5A0KxhccEZWKbzFCnQ=&u=U2FsdGVkX18W4dniZOR3cfeZld8hKRxiiphgYYx8svwmzrjVuIgJlSaRfHriYdR0&y=U2FsdGVkX1/4aYesD7fsUZyUlVVVLFQ6vaxYsOqRztyStbk9xcxE5IU3/lY1JZIO HTTP/1.1" 200 97
201.244.137.226 - - [27/Jun/2022:13:13:07 -0500] "GET /kwssiamovil/sm/acme/s?s=U2FsdGVkX187b9SJc7CtdtNX48euLKw/2KOPJLUqsjLJ81vwUynyB2yd7J7aPqWut+2uRNiKDQ8kTvFHRKsdJCvYYWJpZx/3tizZlIMlRPNIep9ETydlSsjagfsIDsvaP9xSNrYWN1+VZDs9g3nfE9gVFQ8z8oY3FYatdpyNPpHx3jbRTnPxq8PrXOsXh0c9qygKvX5Xhtq43Dzd3lEPMOmqUbkiuMU1JeKsYr1OQI7qd+xgDcYL4XT2PGutQy5h1m8on1Kjo7fKGRQfucr8ymMiAdaut3lupjZbLEpKo5qwiRZWTeJJthVbPfWPo0cfSA2a1upiILq6ToCUIRDIvMf75zddIBqK9l0JwVI7h7UneEvMrtM6S+yqmzD4JmJbzTIu5VqBq/ydIwRr7bZt1APrOel9Kz9HLMVG25qA+A5T6m4g63FCRPBG2odLNfuAoFoCmuV7fgbMl2YngmIOAmLALimbJlbjeWncTevkIgY81wULbisRS+1waY+DSnyEz3JOqN4f4oydQpLKqDm66n4OAkMOZcjryRawOBwhJRRaixSHk1bCTcYiodRh08Zz3Kno6ERur2F26ue9EjmRzasJ/H+fkUEvaQbUoHXLyl/Mvyg5I8rSEjH3x+avtlZJd8sVWA+F45AcMZ5UuBjIgZKvjsSmZKcVZ4/xgH76KXN69YTRZwTvRWnOHPDIpzhfnh657pJ2x7rMD4IVc3a/IHG0WdlZZnph656B8GX2l4aU4QUw+Hiqjad/DmEW9ro4iXXTIfYq89zJnVlFmbPF9p13zw/draGkiESNCP4oO/7qxJM2o+ozDtGfJp031EkWWHEPtKstASUtfsgEvhQPL5tp9ianNRCogtKxQ0EUh2s0lQXlfcRtPkvZORh4TLtxEUzBfueWqcOTBv9qg4BR5EC5lv/S7ppgVg6Xk63qrI2ovlxFj3VgKV4/p4c+O556amwzPInJgHsPbkfK60XCXavOn12jZNZiXUykbQzGlL89H55NzqK5lOhYGlzZWdNJ94soYPzHI5DlYJP9xfa4aI8jBN9GOSPNC3mxfC1LZEfgfkFRgNBfxXx9L7k8nO6raJHFq46+N4OmVo24QvA1nOVfKBSKqPszpR+NelkFjym0ddk/k28rRpfl8TyO6DxF+QcvdC/XRPtxaYk0bjO4JE3ZzeRp7oLolC/wdyETQjxJIz+hNFGOIcj1iJiax3vToObVdLcxxON3g/0xLoCQaLWBbuHK97R55jmJZgnpbaJ80zOT75HT1HvkYJuNnYI/4YEy2M6OBzC7y2pYXzqMmT+zBCcIxG+5yKSPOHbwl8M/nSnJrwTI6D51A1pQBARW2e23AgzQEoPdyAVZdsAUNMtzE4k2L18IT/BNKdFIlVs=&u=U2FsdGVkX18W4dniZOR3cfeZld8hKRxiiphgYYx8svwmzrjVuIgJlSaRfHriYdR0&y=U2FsdGVkX1/4aYesD7fsUZyUlVVVLFQ6vaxYsOqRztyStbk9xcxE5IU3/lY1JZIO HTTP/1.1" 200 3206
201.244.137.226 - - [27/Jun/2022:13:13:07 -0500] "GET /kwssiamovil/sm/acme/s?s=U2FsdGVkX19hISYgg0lkeyNt6Dp2GTccN6Z3+zzwryfiesb766JwVChXdyUKYndvN54JDFa2IhwdZxw1MD7sTIbWDhVHxrHBuxDIav6KvTdBTbe1qfXzhmRLrI+MTNlBkX/sX8mxL/sT+cyGycIlc3EABPs35VJ9cUtChYspU2FWIdKsXDau3PwuJXGYld2nT3Yfgq7DmagCkqdZ4lsFWYG3oqIM1JGSo7Tv6OpQYK9Cjm9mvw4i/G663bfoaBO5NqcW2HwQNKQhv8DTNZk3XROnkYwgdqHeveNYx2M0z2I=&u=U2FsdGVkX18W4dniZOR3cfeZld8hKRxiiphgYYx8svwmzrjVuIgJlSaRfHriYdR0&y=U2FsdGVkX1/4aYesD7fsUZyUlVVVLFQ6vaxYsOqRztyStbk9xcxE5IU3/lY1JZIO HTTP/1.1" 200 176
201.244.137.226 - - [27/Jun/2022:13:13:07 -0500] "GET /kwssiamovil/sm/cjson/pre?f=1&x=U2FsdGVkX199/dQwwUJFYkOkDl7IrYWbCVKGH7Qv4LCDUV9H5diQjHAZGP6Vx2T/ HTTP/1.1" 200 30992
216.245.221.92 - - [27/Jun/2022:13:13:32 -0500] "HEAD / HTTP/1.1" 200 -
142.93.201.0 - - [27/Jun/2022:13:15:47 -0500] "HEAD / HTTP/1.1" 200 -
142.93.201.0 - - [27/Jun/2022:13:15:47 -0500] "GET /wp-login.php HTTP/1.1" 404 1241
142.93.201.0 - - [27/Jun/2022:13:15:47 -0500] "GET /wordpress/wp-login.php HTTP/1.1" 404 1241
142.93.201.0 - - [27/Jun/2022:13:15:48 -0500] "GET /blog/wp-login.php HTTP/1.1" 404 1241
142.93.201.0 - - [27/Jun/2022:13:15:48 -0500] "GET /wp/wp-login.php HTTP/1.1" 404 1241
172.22.2.4 - - [27/Jun/2022:13:14:36 -0500] "HEAD /BLA/boletinlegal/ HTTP/1.1" 200 -
172.22.2.4 - - [27/Jun/2022:13:16:21 -0500] "GET /BLA/boletinlegal/Circulares/2019/Circular%20No.%200015%20del%2003%20de%20Octubre%20de%202019.pdf HTTP/1.1" 304 -
172.22.2.4 - - [27/Jun/2022:13:15:26 -0500] "GET /BLA/boletinlegal/ HTTP/1.1" 200 61027
201.244.137.226 - - [27/Jun/2022:13:17:29 -0500] "OPTIONS /kwssiamovil/sm/setfile/f? HTTP/1.1" 200 13
201.244.137.226 - - [27/Jun/2022:13:17:29 -0500] "POST /kwssiamovil/sm/setfile/f? HTTP/1.1" 200 381
201.244.137.226 - - [27/Jun/2022:13:17:32 -0500] "OPTIONS /kwssiamovil/sm/setfile/f? HTTP/1.1" 200 13
201.244.137.226 - - [27/Jun/2022:13:17:32 -0500] "POST /kwssiamovil/sm/setfile/f? HTTP/1.1" 200 381
201.244.137.226 - - [27/Jun/2022:13:17:35 -0500] "OPTIONS /kwssiamovil/sm/setfile/f? HTTP/1.1" 200 13
201.244.137.226 - - [27/Jun/2022:13:17:35 -0500] "POST /kwssiamovil/sm/setfile/f? HTTP/1.1" 200 381
201.244.137.226 - - [27/Jun/2022:13:17:38 -0500] "OPTIONS /kwssiamovil/sm/setfile/f? HTTP/1.1" 200 13
201.244.137.226 - - [27/Jun/2022:13:17:38 -0500] "POST /kwssiamovil/sm/setfile/f? HTTP/1.1" 200 381
201.244.137.226 - - [27/Jun/2022:13:17:41 -0500] "OPTIONS /kwssiamovil/sm/setfile/f? HTTP/1.1" 200 13
201.244.137.226 - - [27/Jun/2022:13:17:42 -0500] "POST /kwssiamovil/sm/setfile/f? HTTP/1.1" 200 381
201.244.137.226 - - [27/Jun/2022:13:17:51 -0500] "GET /kwssiamovil/sm/acme/a?s=U2FsdGVkX1+n34+wN2MEfBPpO8hPKU7kC61nsbXf5ptwijM+gaC/FXTlCp1kqRwCoStY7W1O3GEgpvLQ+NEQr1JHR2979N2b785lP7pn3G133RmUE/ymUbSRu9eTESFgSaN9zcTU87wcRC49P0xpuolpJgkl0eXbBRlsx2ewoY9CRBDMVvXfXEKo/yqKkpbRfVN7O5FgPfRfBAOOC8ePwduaEARYUGJKPWqd1P5XV/yof0Ne06bVXE0ejfODKw6XNQOBkg5LBnMT12Lw7XZI/A==&u=U2FsdGVkX18W4dniZOR3cfeZld8hKRxiiphgYYx8svwmzrjVuIgJlSaRfHriYdR0&y=U2FsdGVkX1/4aYesD7fsUZyUlVVVLFQ6vaxYsOqRztyStbk9xcxE5IU3/lY1JZIO HTTP/1.1" 200 25
201.244.137.226 - - [27/Jun/2022:13:17:51 -0500] "GET /kwssiamovil/sm/acme/a?s=U2FsdGVkX18byBoKXSeDrViQ5e4FSmpoX/+YH3fui2RT22U76RD9Ff+DJmIhzefmPMCTYhtnvBPg3Tb5bJA5SiBHZhb/QQCgwRZ354u6rSOyo45RyrjEWpt4EMHUMA56DkQ6MHN9n/ynUYk+B+Nfe9Yek+FBryYnaHz8c9ISNI+bcAKRMc5VGe8jH1e67YmXJJ39s3nGfeC13xQyNhr+IZqhrgLIgOkm8E3+TlEOwse/GwDBEgzM1TE4ViVru7lONeej3P8RJhIZ+7OYWDOiWsUhPboORbqhmd/zL+b+K6viSTcF9uTMLgvRKkYL6S9ksOZrkhaLxWlC6sa4SX14MN9LqnpfgHwfTA33utGB1d+SxuhKf3CNj5ujBRIrRNUCVxXGN2V9B1K1323Oy9MrVJeQVbVtNoW4sH6sSb2MAmgtxY6kVaBMI3Ms2+XCo4ZT08A+u5x51IGISpacFGVWfwvKDcGY9OfYoqapXXzCI5CmHoXD2HYL4ys9+AQARYdVcqMNdi4cWiyn+dheGgOCoXdh3rrfYqEtRNuDRpAXupH8HPh0VY6jiyE+3UER9cZHXXks/Ux1NqTDT93HwQ6P/l7H5VcYFXEbYu5hjsDAj9u+9BaGP3eq5J3xToMLb2/LipA8779zHq9HYP0qLHOGlyW/2ehWC09Sv0M/kpTZbGP13xecEblW+rj6LjCGEzB51ae3AvHyKZVx2XDlSeXUsAnbrpi00XTy62+jLKDjaHpozHQWfUGCaAAQlaG5NSaUK/2aP+GqxYRBijeET7vqATX5rA46B7iey64nVeGrQke0zP6ILQoYKYd65zGGrKAMoL1XPWbq5X4suZYn9yBOonz1d8OYoF9Q+1ropO3MtydMbFTx2/4aBivr5UWtCT1lAiEKquOWt1jKu05NYI8DkbSEDkc8wM2sG64r6bRXxY2XkmsyvN2xJcUTt2DtaLxnCTYZJforgekFM36UafEBQFNS4TVUIxNedN7fzJzpOLQwIpjRMWxPMcXTXafgjUL5oNwrhQTLkduk3m0CCS69mUGkYJeITKlxPPAakUi2Dl79c0fSvOWcdZAYQjgUNtkbSh2fldP1vWA8ErmOZ82zExmLvpIeldNHImvt/p1ptvjBMI3XmzPy7QpIjkjr6c++rzO7NaplLV+2LvynAfOfIPmwPbvC8iAEdI4jeQjBK/DWpP8+Nmiq8Szb3Xcv9wRaKRPJUHvcOH05bhCcIb+PxrDsCkiDDBV7jwuAa7O9hAqJ0cOQrJkGlx8ROOKB93Sbs3uiHgbuqUOm3Edj54ru324cAIckSSx3rAb6N2N2843FVC7GiO1yOpkzApAdHk9oohRO2qj61UpqrSB6/jjexeshJp+OofbvfqBhw0CUNuiIFxMoZ+9JOmeNDW6gLO4w77L0iABH0PgK2O3H4YGy3CnZZCeDuMw/qNcIwK3bpdAYzNqTo/hZMfMNigClerHtd55oTnX0fNNoxpTGVgxXXyyNRRSkDtwYvU0rMemPm3vQd6x8iIoUQA/I9Mzcc6UwfljxXGCCGLatacnBX3blGjlaph6097lJa+A5ZbH0IVMjrwgKlweGSlaj8k0tCfdvVL4biUANt8F4Palo+x/n/cp5Y8dJK2L3vmCWxKwWVpkqfMO0xZhiyRCxd/aSPkLaj20WSe4qIUMXADqjT3pGGcx10TIUCvUAqUNbwm7SJwUwBz25an+uTHwfARBrZ0AzqAZ1n6py8XgZCoWrJ55Q1yqAjPseTQLaGkFnzl/6Qvn0uQ9RTuw/fVXLw1WRkOaKxe6Q/kTFTaQ+Hsvj0T9POhPhxmxUk9uunqDwDI2tL9DBpXr7awbA994qHQlnNMnvuyY4CZRf8eEUWDS662x3STPqTwJq3h5ae97cu4p97oDLUEM2zoZlS+tzcjSu6mqp7MDKOiLd44Wta5yIA4ECwwGGJc7lSgHs3qgWOeEKq7rW7S1Am4q7HXRZp7s3zsdD+uSua04mTAgEtqKkuXPtwJp1UeMPHkWmtKqiRZS7KIwTgllQQyuqrLwb6UmFNNL7uB++goaN806S90/GvqRT9JI9FAwXgOfKdM5MVuAASJTe6oN0oD7/7GtZ8ORCF5aA4ouyB2mQsKH48saz3DqTfg==&u=U2FsdGVkX18W4dniZOR3cfeZld8hKRxiiphgYYx8svwmzrjVuIgJlSaRfHriYdR0&y=U2FsdGVkX1/4aYesD7fsUZyUlVVVLFQ6vaxYsOqRztyStbk9xcxE5IU3/lY1JZIO HTTP/1.1" 200 25
201.244.137.226 - - [27/Jun/2022:13:17:51 -0500] "GET /kwssiamovil/sm/acme/a?s=U2FsdGVkX1+0EmoiDOp+ze1SdL3kWjnRHIESIvS2Q4HUU6O1y4gl5Px6YaGvYow2375YlxOZ9peT8kVj+3gTD3HffgUb1efUUx6zlJYzWXQJt62tw2jLJCNB8PU7/jo+DSS/wWQ56LyVHBXqnrXJ9ZqlQJ8WpCX9iXF4XpQmx8Q=&u=U2FsdGVkX18W4dniZOR3cfeZld8hKRxiiphgYYx8svwmzrjVuIgJlSaRfHriYdR0&y=U2FsdGVkX1/4aYesD7fsUZyUlVVVLFQ6vaxYsOqRztyStbk9xcxE5IU3/lY1JZIO HTTP/1.1" 200 25
201.244.137.226 - - [27/Jun/2022:13:17:51 -0500] "GET /kwssiamovil/sm/acme/a?s=U2FsdGVkX18VRbsvTl2ZYTQf8ggvwU+rMt9VxO62Nw7GVnM6MDP2AyD+kOTTIjPqzGhUVGgDsjlqJYLKTVkMsAAudYVztxn4xny6c39cEVNy/86zSwG49ETXTbMtS8eKQgOnWsgFMF++zuysfVJbD4HtPTNs0UikIVNhgVoNreE=&u=U2FsdGVkX18W4dniZOR3cfeZld8hKRxiiphgYYx8svwmzrjVuIgJlSaRfHriYdR0&y=U2FsdGVkX1/4aYesD7fsUZyUlVVVLFQ6vaxYsOqRztyStbk9xcxE5IU3/lY1JZIO HTTP/1.1" 200 25
201.244.137.226 - - [27/Jun/2022:13:17:51 -0500] "GET /kwssiamovil/sm/acme/a?s=U2FsdGVkX19j4QQtNlXORo3r51tS9BNP1MfBSGf2mjmJ9FaC8AqHBMzuDyhcxpKj3itO7PVgxtYWwKWEu/P/8yneaH7Joz1NMC8gP9ssbX26JmN8h3RUyMJUuTDTNOYcxqk1Tvd3+l7RDg5rr/CvLUJhlIpk58ObyIUpWqBxQc8=&u=U2FsdGVkX18W4dniZOR3cfeZld8hKRxiiphgYYx8svwmzrjVuIgJlSaRfHriYdR0&y=U2FsdGVkX1/4aYesD7fsUZyUlVVVLFQ6vaxYsOqRztyStbk9xcxE5IU3/lY1JZIO HTTP/1.1" 200 25
201.244.137.226 - - [27/Jun/2022:13:17:52 -0500] "GET /kwssiamovil/sm/acme/a?s=U2FsdGVkX1/YQpGLvLCQ88mlng5u43/3e2DGZKiyB3meOeA6Gap7S4NtY/oUSvmzSPhUjPARUV6i3poMQssrhMbiRsb4IZt3KmOx3Q8oo0dqB3uswPBLxxbKFkBfBMhy5ajyV+6c/moaN6+j/zT+Dk7XdT6RCVwh9MPKM0QfEKnJLcP3zyEK3fN8U/zBDQvhae+ihSisZPLvx7BcPk9wOg==&u=U2FsdGVkX18W4dniZOR3cfeZld8hKRxiiphgYYx8svwmzrjVuIgJlSaRfHriYdR0&y=U2FsdGVkX1/4aYesD7fsUZyUlVVVLFQ6vaxYsOqRztyStbk9xcxE5IU3/lY1JZIO HTTP/1.1" 200 25
201.244.137.226 - - [27/Jun/2022:13:17:52 -0500] "GET /kwssiamovil/sm/acme/a?s=U2FsdGVkX1/gQUkmq3Q+rzCiCjQIBmGKN3I7+yk0utvl4TYYWSNfsvF7aUJQ3oU7+GrP5QxqCMUYH5PScU+KvzFwOXeeVHpR+63QZBZIOmqIM43xptkEVWeMC4Yc2pAe4Oqi5UT/GGA6Mnk6Bg6VYiyM4QBHSPP3dmKtLgbY5gA+qr2cHgt1gD2Mp4MTkBS8vB+EkZtmh5pW37NlXfvowA==&u=U2FsdGVkX18W4dniZOR3cfeZld8hKRxiiphgYYx8svwmzrjVuIgJlSaRfHriYdR0&y=U2FsdGVkX1/4aYesD7fsUZyUlVVVLFQ6vaxYsOqRztyStbk9xcxE5IU3/lY1JZIO HTTP/1.1" 200 25
201.244.137.226 - - [27/Jun/2022:13:17:52 -0500] "GET /kwssiamovil/sm/acme/a?s=U2FsdGVkX1+l+dp+WCjaHBtuZK8fYaJaC5vj9NIJdUA2PMPSaAjncCJvDAsXbm/5Bqk7CCecK+zqr5Jnhx+5nUTIe/myrDBGhzx66eHl8A30g8BXSXTU3XZFHDAaCvnYnMZw5/zNrValx+iMYFCRdZ+m3X9yMDH4dIkmaK+L3GbAd0L7ZHBeFCSydoJCnpMm&u=U2FsdGVkX18W4dniZOR3cfeZld8hKRxiiphgYYx8svwmzrjVuIgJlSaRfHriYdR0&y=U2FsdGVkX1/4aYesD7fsUZyUlVVVLFQ6vaxYsOqRztyStbk9xcxE5IU3/lY1JZIO HTTP/1.1" 200 25
201.244.137.226 - - [27/Jun/2022:13:17:52 -0500] "GET /kwssiamovil/sm/acme/a?s=U2FsdGVkX1/9qy94NFrFs61qfvk1Ics6uoZ7rw+GRcia3Pd2OHxgiUi4zihRUOXw/mgUA42j0VdDCBbdcNkNkgqkRu50TxMNGhUhIkGogeq5ZWkwLD2JvXynMWMc5J0fv7xKG0pbwW545GgAa6g3HzTsrpWFD1LD6PdiGvGkZhKYXRrhWRx4+85ZxJGVXvXVChQo+kX+2UuJ4ZxLBrRDxg==&u=U2FsdGVkX18W4dniZOR3cfeZld8hKRxiiphgYYx8svwmzrjVuIgJlSaRfHriYdR0&y=U2FsdGVkX1/4aYesD7fsUZyUlVVVLFQ6vaxYsOqRztyStbk9xcxE5IU3/lY1JZIO HTTP/1.1" 200 25
201.244.137.226 - - [27/Jun/2022:13:17:52 -0500] "GET /kwssiamovil/sm/acme/a?s=U2FsdGVkX1/NSicttGze7rc+mjZOdVPb59rQp0XYEQG4Dax+yTj2i23si7jPkvSCvZSyBxCGfaxfvXTMMeAHDd+8CYSGbwWxlY3oOw8rGt+K2Z5kX8dCkKLZmPknyjK4nG00TifMkMqur9kXuILWv1b4A/4S2RtwiW0MQMoG6T65E99RJBv7vOip13VmOjvW&u=U2FsdGVkX18W4dniZOR3cfeZld8hKRxiiphgYYx8svwmzrjVuIgJlSaRfHriYdR0&y=U2FsdGVkX1/4aYesD7fsUZyUlVVVLFQ6vaxYsOqRztyStbk9xcxE5IU3/lY1JZIO HTTP/1.1" 200 25
201.244.137.226 - - [27/Jun/2022:13:17:52 -0500] "GET /kwssiamovil/sm/acme/a?s=U2FsdGVkX1+lr9C4MiWdyiVQTeN3eipjLTKN4vzXA3c2dhRtnXwQscGoins0BIe0wmBApXX8V/1bhpp+wdLIEdLhoNu36kY9Q0xzwVEGMW+q5YLBs6GT4Z9WjmjIGA42XyYxS8At6se7CQX2k9I2XatMmRGNU8AcNz0e2pfDExR5dMG2ETdPUsVC0zxexDxB9VeFosl31Es4jb2BsndilA==&u=U2FsdGVkX18W4dniZOR3cfeZld8hKRxiiphgYYx8svwmzrjVuIgJlSaRfHriYdR0&y=U2FsdGVkX1/4aYesD7fsUZyUlVVVLFQ6vaxYsOqRztyStbk9xcxE5IU3/lY1JZIO HTTP/1.1" 200 25
201.244.137.226 - - [27/Jun/2022:13:17:53 -0500] "GET /kwssiamovil/sm/acme/a?s=U2FsdGVkX18MoIbRqUpIlQzCuPuHpBoUkjJvLqWv3CvDTXw0OcojW2aYPcpODl2HoNekxRyt0jUC5k8ZyiRBNkXo40Q82+OewNeMMTIiOKz5mg2dzhZhr6l3Gb/qL9rLYtGUSe0aCFuSbYOCYlhDJwQN16hJ47ZkbIPC0gBnCDSjQOzGQOdUc0NzheiXdlLe&u=U2FsdGVkX18W4dniZOR3cfeZld8hKRxiiphgYYx8svwmzrjVuIgJlSaRfHriYdR0&y=U2FsdGVkX1/4aYesD7fsUZyUlVVVLFQ6vaxYsOqRztyStbk9xcxE5IU3/lY1JZIO HTTP/1.1" 200 25
201.244.137.226 - - [27/Jun/2022:13:17:53 -0500] "GET /kwssiamovil/sm/acme/a?s=U2FsdGVkX1/n8mWGg0+vx5oUiIL/E06pxhb3ctYtlai1p3t4K40S95/3FyBDg1o7M1VEi6scmEXqLMYb5GNhmbnljR9h4xB1ZvZdS3WzqZzN7Xkbe4v1tCMv0XCwiy1LyYmI304kb8F3x2mG2CPufAGFYyRFTbFA8yUiytas4L3UCggQzS4Ab1IVY823bjP+Luccg6Ns5qfYsaMbox1/Yg==&u=U2FsdGVkX18W4dniZOR3cfeZld8hKRxiiphgYYx8svwmzrjVuIgJlSaRfHriYdR0&y=U2FsdGVkX1/4aYesD7fsUZyUlVVVLFQ6vaxYsOqRztyStbk9xcxE5IU3/lY1JZIO HTTP/1.1" 200 25
201.244.137.226 - - [27/Jun/2022:13:17:53 -0500] "GET /kwssiamovil/sm/acme/a?s=U2FsdGVkX19DZgi4+wcT3kAQklvvvZLaM0HfWw+JCQGXPXnDp/nsgeX4pOZRv2Hl4BAcP92ojfn2QVh/Oc3VcVmKRAXNTmTGU3XuwOfdJcQAtcDvzRIpm8bx7WnDFhnbraMoHYY+w86ebR79cJqFXejEupwICrmkVvxAW+wdQeFX7V+6+Tx3AReDlevhupyU&u=U2FsdGVkX18W4dniZOR3cfeZld8hKRxiiphgYYx8svwmzrjVuIgJlSaRfHriYdR0&y=U2FsdGVkX1/4aYesD7fsUZyUlVVVLFQ6vaxYsOqRztyStbk9xcxE5IU3/lY1JZIO HTTP/1.1" 200 25
201.244.137.226 - - [27/Jun/2022:13:17:53 -0500] "GET /kwssiamovil/sm/acme/a?s=U2FsdGVkX19xf1kM7eQMR4Qwt0rhJLv65Q5p94/z++XlsQxkpJ1rytsV1DCL+Q//3liS1ev5McHL95zeZHokGDVwuvyG2YtnfawtrHdj4TWsiDY5+YeOBiWxo5Q6RzTw/iAeJHotbjMdSohwxUQepVG3AbgRiN07dESRBa875R0yaYJhF5hLLZN7Fr8ApV/nu4ifTM0sZk/VAodkTHxmYw==&u=U2FsdGVkX18W4dniZOR3cfeZld8hKRxiiphgYYx8svwmzrjVuIgJlSaRfHriYdR0&y=U2FsdGVkX1/4aYesD7fsUZyUlVVVLFQ6vaxYsOqRztyStbk9xcxE5IU3/lY1JZIO HTTP/1.1" 200 25
108.174.8.23 - - [27/Jun/2022:13:17:53 -0500] "GET /sumate-a-las-jornadas-de-recoleccion-de-llantas-de-esta-semana.html HTTP/1.1" 206 787
201.244.137.226 - - [27/Jun/2022:13:17:53 -0500] "GET /kwssiamovil/sm/acme/a?s=U2FsdGVkX18SbzNIWEkTgRX4M7M7jpXWNlWVvdCsDzjFX9cR7CYA4gEdSJ6T7gq91bKoNY+H7bnRCgWxOKLJX9fCLfn+X5B6X+gvD46EYVRFv1hY2mivIw7WJT2skZOzi2JKlQf8Cne1dPupJNS2IcnzXQJQiOUxuyQD6GF4OGRzyRJf4kcufIa5OxA8Fqxe&u=U2FsdGVkX18W4dniZOR3cfeZld8hKRxiiphgYYx8svwmzrjVuIgJlSaRfHriYdR0&y=U2FsdGVkX1/4aYesD7fsUZyUlVVVLFQ6vaxYsOqRztyStbk9xcxE5IU3/lY1JZIO HTTP/1.1" 200 25
216.245.221.92 - - [27/Jun/2022:13:18:32 -0500] "HEAD / HTTP/1.1" 200 -
201.245.192.253 - - [27/Jun/2022:13:21:15 -0500] "POST /kwsrmcab/Wsrmcab HTTP/1.1" 500 253
201.245.192.253 - - [27/Jun/2022:13:21:15 -0500] "POST /kwsrmcab/Wsrmcab HTTP/1.1" 500 253
201.244.137.226 - - [27/Jun/2022:13:21:44 -0500] "GET /kwssiamovil/sm/acme/u?s=U2FsdGVkX1+j5yN4j6/eFIxYYJLHvbzWRwOTQCg2xVyBWdoJ2o+EhAQp+p2wztrFFskOZ5ILWw9bzsjugjVBhMeMagDotxelatwRTey9SeYXoL3szjL7sRM0fRCgyqQM/MXI30w9sjsPJTIc4zcOZA==&u=U2FsdGVkX18W4dniZOR3cfeZld8hKRxiiphgYYx8svwmzrjVuIgJlSaRfHriYdR0&y=U2FsdGVkX1/4aYesD7fsUZyUlVVVLFQ6vaxYsOqRztyStbk9xcxE5IU3/lY1JZIO HTTP/1.1" 200 60
172.22.2.4 - - [27/Jun/2022:13:20:26 -0500] "HEAD /BLA/boletinlegal/ HTTP/1.1" 200 -
172.22.2.4 - - [27/Jun/2022:13:21:16 -0500] "GET /BLA/boletinlegal/ HTTP/1.1" 200 58464
216.245.221.92 - - [27/Jun/2022:13:23:32 -0500] "HEAD / HTTP/1.1" 200 -
66.249.65.15 - - [27/Jun/2022:13:26:11 -0500] "-" 408 -
186.154.100.3 - - [27/Jun/2022:13:27:12 -0500] "POST /appsia/controlador HTTP/1.1" 200 7781
186.154.100.3 - - [27/Jun/2022:13:27:15 -0500] "POST /appsia/controlador HTTP/1.1" 200 6646
186.154.100.3 - - [27/Jun/2022:13:27:16 -0500] "POST /appsia/controlador HTTP/1.1" 200 10922
181.54.149.217 - - [27/Jun/2022:13:27:36 -0500] "GET /forest/ HTTP/1.1" 200 12041
181.54.149.217 - - [27/Jun/2022:13:27:47 -0500] "POST /forest/index.php HTTP/1.1" 200 12268
172.22.2.4 - - [27/Jun/2022:13:26:16 -0500] "HEAD /BLA/boletinlegal/ HTTP/1.1" 200 -
186.154.100.3 - - [27/Jun/2022:13:28:14 -0500] "POST /appsia/controlador HTTP/1.1" 200 7781
88.214.26.10 - - [27/Jun/2022:13:28:14 -0500] "\x03" 400 226
186.154.100.3 - - [27/Jun/2022:13:28:16 -0500] "POST /appsia/controlador HTTP/1.1" 200 6646
186.154.100.3 - - [27/Jun/2022:13:28:17 -0500] "POST /appsia/controlador HTTP/1.1" 200 11311
216.245.221.92 - - [27/Jun/2022:13:28:32 -0500] "HEAD / HTTP/1.1" 200 -
172.22.2.4 - - [27/Jun/2022:13:27:06 -0500] "GET /BLA/boletinlegal/ HTTP/1.1" 200 58464
201.245.192.253 - - [27/Jun/2022:13:31:15 -0500] "POST /kwsrmcab/Wsrmcab HTTP/1.1" 500 253
201.245.192.253 - - [27/Jun/2022:13:31:15 -0500] "POST /kwsrmcab/Wsrmcab HTTP/1.1" 500 253
181.53.14.142 - - [27/Jun/2022:13:32:46 -0500] "GET /kwssiamovil/sm/ldap/au?x=U2FsdGVkX1977ENIpcJEWFFsSXeBtv/JvXLdYGhnS/dFYrJ2me7x90eHDcxJGz40&y=U2FsdGVkX1/Z+J+KoJ3msHuO7lGkiW8W4tK4tiAFbk8Vtc9QouZKx29H7tEMTDf5 HTTP/1.1" 200 30
181.53.14.142 - - [27/Jun/2022:13:32:46 -0500] "GET /kwssiamovil/sm/acme/s?s=U2FsdGVkX19m27MBmdeQ1AxtUsD0+KfI7syUctVTHuU4IAPmmJCr1gI0yWVxvoBWDduSKIm1O0pn8x2fyWmB7Do056BIZYM2rFh4rrqNnnM=&u=U2FsdGVkX18f+IT9NB70alOFIoq3GlmWtHBbqbD54sHbWDxQoygDMzucDKsTSL99&y=U2FsdGVkX1/Z+J+KoJ3msHuO7lGkiW8W4tK4tiAFbk8Vtc9QouZKx29H7tEMTDf5 HTTP/1.1" 200 97
181.53.14.142 - - [27/Jun/2022:13:32:46 -0500] "GET /kwssiamovil/sm/acme/s?s=U2FsdGVkX1/qcA2TwngtnNy6iOTSQ/dZyfvAgX8OctvZ1kGOqoyKZVqQhv2M72xRPJ/pt00JeRm/CNJ+FNqlPvGwLD+ZbFAEf77BwzOkF4X8LIgARUyiIpIc6zQWKVtr7cXdHHXrtSYR8BcP4wzTMAbsOvTIlR0WzLsQTvOs8haELDmW/VXn/kPYkmfNHCVtu4fIvfcJsF9a1rqZ+quQFPgsCffjjF8wTP/bEGB+hsnNXB4PF0DteP8t5Jc+16/8PQih6iSKKNXg3YJ/qXXU1QkQxae1cotE1akwqlAg+rLY3hFaV1yaJDmM7ZFs1iqE9r4fd1a2KmCEddSXEvAsCb8Dj3q52GCPRdOB9Y+fVkcoS8RRebHpIoPri3bhWP2S+wuoVvvXUK9nIBW7F+Z+4OJ7tAPZVIdYLNcF78DGWlfxB/KOB0VHJ7eP/jQHXzv+xIKtEWQTbPnCjRdpUoKq6smquP5CJYpiUBM+T0t2Iv6WVvb2YBNcIctcNLEXEAtR0fF8IkbTb+AWgu1jYiWjk3OmthzF3TCSMjt8O/c0X6Ji9sDOQYHvh0e27PwbuGvrlsov4tVkoSLcGYxdDQnExcRjmYAlpErY+G1Dl3B1iDZ5DoSONEqhZT0oX7etxEYpdNi/UqbVvAEFbfckofIP6Ob/ttg1+O7PkJXCpBRR91FtmuLYIXAAHZJE+E8fmvqNHPPAp4EdQUNYA0Hu/9fqRh5qOCAsAECsUnAJnG7I4V1x6NHdIk/0a+psvpojZujROr+psfexGzIqi3/Sx22MdeDcE9HUVjUdm/fsk7c04e7cI/2G9r8jKr6TzEDdsDIdjJQnExZS8ZM/tlFGTwuSger2EzZlfOUn05AT/3dK1//WsMe2AnZ/pYIXp1IkUmAxtS43mCbG92Rx2Y8Js7F6p49vULMvHTS8XZwLnA9OQyOFfj5inXTS9YAH/2FckOdvtVGsXamstmJLsXciKqdOCBwIUAnbI1w53+gkUwKzDAlGP4wqoXdTXFP7iDessWwz3gzE7WxHvXWY+vuMxAFkc2NYokYxG/tEIcn6ddEtxjjm/nNzNx7fE3P3eyZRHOaZm3ueImQWr2UKYaEjEzL28Amph2BqW5g8w4LsBbjcV1mNZJY0xj2f6QhTmqF/VCB82cf6cx53VDG3LLLqEqG1AV7jd6EQuovv83VJQtyXxZo5A2kPv3jAQLalDkmh2J1DIdZC53FhsxZdhd3SooQtEbLM/Kou87TENwLwEVD7OgjTr5Wq0B+2WNWv6iI4GuN55fB3BygtwN7fwuARew4HR6pKMvIPbq68VxWZmgKcEAWq+Hj5posrFvQpmYYAl0r770diPCld77b3XJaQurOvpVrdhz0jbmtmn2F3+h/oiUk=&u=U2FsdGVkX18f+IT9NB70alOFIoq3GlmWtHBbqbD54sHbWDxQoygDMzucDKsTSL99&y=U2FsdGVkX1/Z+J+KoJ3msHuO7lGkiW8W4tK4tiAFbk8Vtc9QouZKx29H7tEMTDf5 HTTP/1.1" 200 597
181.53.14.142 - - [27/Jun/2022:13:32:46 -0500] "GET /kwssiamovil/sm/acme/s?s=U2FsdGVkX1+sHPs/zXFR+ONU91JfeNQm6hY6/NBiwGcK2x1XFsTycK47GOsDvEMefgBGdo4xxXFCR6mHggBTyTc9IjLBzGiUIij1hNGzVHoKU8PkaP/owihbYS3f8Sk1D3zTcdhzRVDwbB9YCZ0yoeaKqdxupo27cRgBWajXXXRQ2zfY8TMXbopGbCNy9oC4lNZpBsuh30and1y+/8CSezLdDBvQIMt5/153uxODs+igqQP392m4dYqjYCM59KvkbVVOGLZEET0r4nQprabV+YrVOCwxo+l7/4oCXct4WLI=&u=U2FsdGVkX18f+IT9NB70alOFIoq3GlmWtHBbqbD54sHbWDxQoygDMzucDKsTSL99&y=U2FsdGVkX1/Z+J+KoJ3msHuO7lGkiW8W4tK4tiAFbk8Vtc9QouZKx29H7tEMTDf5 HTTP/1.1" 200 176
181.53.14.142 - - [27/Jun/2022:13:32:47 -0500] "GET /kwssiamovil/sm/cjson/pre?f=1&x=U2FsdGVkX1977ENIpcJEWFFsSXeBtv/JvXLdYGhnS/dFYrJ2me7x90eHDcxJGz40 HTTP/1.1" 200 30992
216.245.221.92 - - [27/Jun/2022:13:33:32 -0500] "HEAD / HTTP/1.1" 200 -
172.22.2.4 - - [27/Jun/2022:13:33:39 -0500] "GET /BLA/boletinlegal/robots.txt HTTP/1.1" 404 1118
172.22.2.4 - - [27/Jun/2022:13:32:06 -0500] "HEAD /BLA/boletinlegal/ HTTP/1.1" 200 -
198.74.59.35 - - [27/Jun/2022:13:34:34 -0500] "GET /BLA/boletinlegal/js/jquery.scrollShow.js HTTP/1.1" 200 4586
198.74.59.35 - - [27/Jun/2022:13:34:34 -0500] "GET /galeria/galeria/jquery.fancybox.js?v=2.1.5 HTTP/1.1" 200 48706
198.74.59.35 - - [27/Jun/2022:13:34:34 -0500] "GET /galeria/galeria/jquery.fancybox.css?v=2.1.5 HTTP/1.1" 200 4895
172.22.2.4 - - [27/Jun/2022:13:32:56 -0500] "GET /BLA/boletinlegal/ HTTP/1.1" 200 53867
172.22.2.4 - - [27/Jun/2022:13:34:53 -0500] "GET /BLA/boletinlegal/js/jquery.scrollTo-min.js HTTP/1.1" 200 1150
172.22.2.4 - - [27/Jun/2022:13:34:53 -0500] "GET /BLA/boletinlegal/js/jquery.js HTTP/1.1" 200 57254
172.22.2.4 - - [27/Jun/2022:13:34:54 -0500] "GET /BLA/boletinlegal/styles2.css HTTP/1.1" 200 1838
172.22.2.4 - - [27/Jun/2022:13:34:54 -0500] "GET /BLA/boletinlegal/style.css HTTP/1.1" 200 9406
172.22.2.4 - - [27/Jun/2022:13:34:54 -0500] "GET /BLA/boletinlegal/js/jquery.scrollShow.js HTTP/1.1" 200 4586
172.22.2.4 - - [27/Jun/2022:13:35:02 -0500] "GET /BLA/boletinlegal/favicon.ico HTTP/1.1" 404 1118
172.22.2.4 - - [27/Jun/2022:13:35:16 -0500] "GET /BLA/boletinlegal/actos.php HTTP/1.1" 200 9559
172.22.2.4 - - [27/Jun/2022:13:35:17 -0500] "GET /BLA/boletinlegal/favicon.ico HTTP/1.1" 404 1230
201.244.137.226 - - [27/Jun/2022:13:35:18 -0500] "OPTIONS /kwssiamovil/sm/setfile/f? HTTP/1.1" 200 13
161.10.17.143 - - [27/Jun/2022:13:35:19 -0500] "GET /BLA/resoluciones/ HTTP/1.1" 200 13093
172.22.2.4 - - [27/Jun/2022:13:33:45 -0500] "GET /BLA/boletinlegal/ HTTP/1.1" 200 53195
201.244.137.226 - - [27/Jun/2022:13:35:18 -0500] "POST /kwssiamovil/sm/setfile/f? HTTP/1.1" 200 381
201.244.137.226 - - [27/Jun/2022:13:35:22 -0500] "OPTIONS /kwssiamovil/sm/setfile/f? HTTP/1.1" 200 13
201.244.137.226 - - [27/Jun/2022:13:35:22 -0500] "POST /kwssiamovil/sm/setfile/f? HTTP/1.1" 200 381
201.244.137.226 - - [27/Jun/2022:13:35:24 -0500] "OPTIONS /kwssiamovil/sm/setfile/f? HTTP/1.1" 200 13
201.244.137.226 - - [27/Jun/2022:13:35:24 -0500] "POST /kwssiamovil/sm/setfile/f? HTTP/1.1" 200 381
201.244.137.226 - - [27/Jun/2022:13:35:29 -0500] "OPTIONS /kwssiamovil/sm/setfile/f? HTTP/1.1" 200 13
201.244.137.226 - - [27/Jun/2022:13:35:30 -0500] "POST /kwssiamovil/sm/setfile/f? HTTP/1.1" 200 381
201.244.137.226 - - [27/Jun/2022:13:35:34 -0500] "OPTIONS /kwssiamovil/sm/setfile/f? HTTP/1.1" 200 13
201.244.137.226 - - [27/Jun/2022:13:35:34 -0500] "POST /kwssiamovil/sm/setfile/f? HTTP/1.1" 200 381
201.244.137.226 - - [27/Jun/2022:13:35:38 -0500] "OPTIONS /kwssiamovil/sm/setfile/f? HTTP/1.1" 200 13
161.10.17.143 - - [27/Jun/2022:13:35:39 -0500] "GET /BLA/resoluciones/index.php?dir=AUTOS+2011%2F HTTP/1.1" 200 12235
161.10.17.143 - - [27/Jun/2022:13:35:39 -0500] "GET /BLA/resoluciones/index.php?dir=AUTOS+2011%2F HTTP/1.1" 200 632831
201.244.137.226 - - [27/Jun/2022:13:35:39 -0500] "POST /kwssiamovil/sm/setfile/f? HTTP/1.1" 200 381
201.244.137.226 - - [27/Jun/2022:13:35:45 -0500] "OPTIONS /kwssiamovil/sm/setfile/f? HTTP/1.1" 200 13
172.22.2.4 - - [27/Jun/2022:13:35:14 -0500] "GET /BLA/boletinlegal/ HTTP/1.1" 200 24523
201.244.137.226 - - [27/Jun/2022:13:35:46 -0500] "POST /kwssiamovil/sm/setfile/f? HTTP/1.1" 200 381
161.10.17.143 - - [27/Jun/2022:13:36:11 -0500] "GET /BLA/resoluciones/index.php?dir=AUTOS+2011%2F HTTP/1.1" 200 12235
161.10.17.143 - - [27/Jun/2022:13:36:11 -0500] "GET /BLA/resoluciones/index.php?dir=AUTOS+2011%2F HTTP/1.1" 200 632831
161.10.17.143 - - [27/Jun/2022:13:36:33 -0500] "GET /BLA/resoluciones/AUTOS%202011/5133.pdf HTTP/1.1" 200 1730858
181.53.14.137 - - [27/Jun/2022:13:37:58 -0500] "GET /forest/ HTTP/1.1" 200 12041
216.245.221.92 - - [27/Jun/2022:13:38:32 -0500] "HEAD / HTTP/1.1" 200 -
172.22.2.4 - - [27/Jun/2022:13:37:56 -0500] "HEAD /BLA/boletinlegal/ HTTP/1.1" 200 -
172.22.2.4 - - [27/Jun/2022:13:40:22 -0500] "GET /BLA/boletinlegal/images/screen_5.png HTTP/1.1" 200 368876
172.22.2.4 - - [27/Jun/2022:13:38:46 -0500] "GET /BLA/boletinlegal/ HTTP/1.1" 200 58464
201.245.192.253 - - [27/Jun/2022:13:41:15 -0500] "POST /kwsrmcab/Wsrmcab HTTP/1.1" 500 253
201.245.192.253 - - [27/Jun/2022:13:41:15 -0500] "POST /kwsrmcab/Wsrmcab HTTP/1.1" 500 253
66.249.65.13 - - [27/Jun/2022:13:41:37 -0500] "-" 408 -
216.245.221.92 - - [27/Jun/2022:13:43:32 -0500] "HEAD / HTTP/1.1" 200 -
201.244.137.226 - - [27/Jun/2022:13:45:10 -0500] "GET /kwssiamovil/sm/acme/a?s=U2FsdGVkX186LCXv31Xtr2oTb1CTO6vPMkVkAwxyjMPTITw80gXlakXVjIjv8bFJTEUrP0pCvq8xiI6iksw1xr9ZUjOsN/OLnBiRgdOO9EOIpBV/eP9P0fBrqvNCF03HX1fZ9mrJENhjzxjI6XL/04PJJ3D2qLD9I65RPe1tj8KVI2SilyDa/H0kDy14Vkqw27eFwwxPEVnqMveWrASD3oK2+BrvdAn2Lvd5Fyb2vB4ZrfyO3j/ICjNKo0Ya1NQxh1ysRgye0h1PU6ZZaIMjNA==&u=U2FsdGVkX18W4dniZOR3cfeZld8hKRxiiphgYYx8svwmzrjVuIgJlSaRfHriYdR0&y=U2FsdGVkX1/4aYesD7fsUZyUlVVVLFQ6vaxYsOqRztyStbk9xcxE5IU3/lY1JZIO HTTP/1.1" 200 25
201.244.137.226 - - [27/Jun/2022:13:45:10 -0500] "GET /kwssiamovil/sm/acme/a?s=U2FsdGVkX18c4NAjqnHfjqUiKghuM9yi7Ff6zJWTePyIeYRrZNoPXazLERpKKqeOp68i9FUiciISDHx5hpslWOZW1RhRZKvjXAaIAJNKb9uYh/E/YTKXKFDDTydd7ISdTMxV9zysvzM8gGoCpZho+GAIFYwoo1UroCMKUVvvM8BAMHwwW9ok1lAZP9H8lUwwNj6h8RarfFUPzdEsIjqx/s9Qb/DfcfXTI3Yt66MMG8DbJcFUZ1xpiNoxRqyWzs4CwRJsjRBhkH9oxgpL131dJ1pHJa7Df4W31sBnjy/hyHlJOMv+LqUgB2b1l8+QRyENO1wUKbiDD66BSn0VdOmeBI/JmpiQ04FCtmMI/I1W8s51tDXbiOxaNko4bzRObRErrI9XIjNyiu6NYdqAFa1z7DLbEYEF9U/PZXCfXlUAlxNv8yZQmnuT+rCcw/gUfFrZjXcOFgKC6tcSik+9iyvcBSkrp7QSkTNhQ/NasUcLejj6zi4GsOPN6ZkVYko+osjZ8mB2LChi+akJwhi+DRnbLVlsRYS6bihHnCt9SKnHmJBnjC1/Fv+Rvi2D23Erd7reG0Lnt3xy8Ct54qfZQEge/+bSwM9JwZ4vHMDFYc3zfagp6ccvyYATIMaKNoJuB9rgSozXhcM4mPdjeiRzOhu09rslrMvkZilnWhSv507UtNHHJ5UL6yX46ikeX1MDGEb1juixKOK/781WS7NsVEqaFuR8rYfNrK1DdeCPB3SJ70dvj6manhbyYW6swlcqjbVBY489bn+AV1BZALAW7zMPxjAn21LS2c/CXfJxf3slwQvAN0UDOzCQtgTFhwsopexYOzNel1ayNZ/D34+VibknAM50qHFcOU1/iKSKRS5EJRrPdvVE6LD19gp38/hhnBKcuotqfFppOT8qJe3u6bki3izPYEmo9Bst/1VTKuSJlJEov6fCRKeXP4s/7GN+gwygiR6bDaRTQNjLzTZBDvsoPUQJkIyZ7wQOEQhaEgeXN08sS8u8nxelHcozLE3ctnv77Y+X19XsfuBefqudyG2FAN51KI5AXrUghuTZqScxaOk5SMUq3ae+RSBSQoepOlyjP5vziQCA5H+xn+uYbf2JiiWa2hpXfQ4NDUwe0HWly2ZMDmhSh0ZAAMNhlwELk4qopWnP7Qy4gSaHK0QAGldk+7iVpUHk+wfGZGfEzGpr0LymBxegTEOOk+N/DYjt+UM2QW/WW/1Sl/WvcHE7zEb16tpLfr72M55VNfdr82v7XwfKAwWc8fzZYh015lnV4Zbfwcbg5V6pOf4epp6dynJ66vZJb7U0X4YPlLQxGTpoxDPcuZ+p49PjYLLZ/0NnYMglmpzgt5Ua2I3BeMnoEzwcw/JJksmWDRNE98xyuvYL6sVm+s0Bxfdb8+RUayH588RZgh4X1E9Dp3SfuoXSSWoq/DAKmDzVm6uZi9Ea/Ff5xo0t0FN6ZD2ulE1tE5UOo3ICIFbyCu8Kg2bhZNahB2vS0gBVOTJNvRHBTwY2dQezfBiS/MZZdzWTnnTvc+NZsIQn5D8ovqfa/nNOagzlVMq54ZayV+J7oieKemOKhv5FnKhprVzok3by8ycbtOgjKr+ETYkYvgYaSaYQdGFXPC9rCcdzOMG6BkwPhDAWyOKJ73m4FY3MbYmaDOAlW8BTcWTQMAQzev+GDzTXtKEMqqoXfKsRiSqnioMcRSgXEENkCgpcztd3SnJmQQNsYcK1u1ieOSLttyXhjqUmZhuXHCT8O1+vXVgL5pAjymX/S1+ZP6xv6kjFQQwU3MwNSJMCNf9drKV50ZUpebYt8jTCqPfhG8wY3UbZXJs8DOmvWE32sUKj4B4J2F68k85txpbTsfoZMUq7Y2AQ4iX1cuXCUm7c4EIcZ/SWn/9aGINcdlm29hB8uYW+s/CEDLxrJ+SpoT6ObgH3n7fPEY+10YuqwCRj/HMq5ydLsSa9Gak04vhHIqwqn3DTu/onQl2pdky6DUqJUPlDNRo7Lr8OwrVwwpNINM+5VHGcM5JPEAZ2qx1SgqANE70GkZKuf0VmUhGKNUefPemWuq2MiwRnymTvf7v/0w==&u=U2FsdGVkX18W4dniZOR3cfeZld8hKRxiiphgYYx8svwmzrjVuIgJlSaRfHriYdR0&y=U2FsdGVkX1/4aYesD7fsUZyUlVVVLFQ6vaxYsOqRztyStbk9xcxE5IU3/lY1JZIO HTTP/1.1" 200 25
201.244.137.226 - - [27/Jun/2022:13:45:10 -0500] "GET /kwssiamovil/sm/acme/a?s=U2FsdGVkX19HLAMG2shqLEOzcdVIwYweOMANhVyHgHbWBSNkLoPritSRFD3xrjZqXJvPRiH719rrMniE58k3nK/LT1QKzkqcrFLzIAJ+5nCUBbdXjW7/9siAS4WU5ZzSVfEntUN2lhAbbpdy5eaNRLUGrf4DCO4gWxBJXCfvLYU=&u=U2FsdGVkX18W4dniZOR3cfeZld8hKRxiiphgYYx8svwmzrjVuIgJlSaRfHriYdR0&y=U2FsdGVkX1/4aYesD7fsUZyUlVVVLFQ6vaxYsOqRztyStbk9xcxE5IU3/lY1JZIO HTTP/1.1" 200 25
201.244.137.226 - - [27/Jun/2022:13:45:10 -0500] "GET /kwssiamovil/sm/acme/a?s=U2FsdGVkX196W3VBwOHKG/m/NB5tWYHn5ScDa4zM2Sar5Z0sH/JIhTxed9SFh494hKrnDeL/nK6lQ43eq6KQsFUNoLpM87w8zoLxh/Wrt9LC7kx4x2wZgUPsrRosgtkTuOc8BVG5tKf+jpNRFYCaMy2BbDKFG1Ejfei88ETc8HQ=&u=U2FsdGVkX18W4dniZOR3cfeZld8hKRxiiphgYYx8svwmzrjVuIgJlSaRfHriYdR0&y=U2FsdGVkX1/4aYesD7fsUZyUlVVVLFQ6vaxYsOqRztyStbk9xcxE5IU3/lY1JZIO HTTP/1.1" 200 25
201.244.137.226 - - [27/Jun/2022:13:45:11 -0500] "GET /kwssiamovil/sm/acme/a?s=U2FsdGVkX1+IZU5mW7ddlhpOMQ+dgrjOBhVbiTW13NVIiqAV7689+aK7OgECV+Qb7q8hV1T7v541JKH/+fXIIn8De+JvwabZYYuT5ZTfXDcSoJ2UXes6ww9cbCIe3x+w11iG1SfGVF4ySVdauu1plrti+bkZ478394TeKsLNC9k=&u=U2FsdGVkX18W4dniZOR3cfeZld8hKRxiiphgYYx8svwmzrjVuIgJlSaRfHriYdR0&y=U2FsdGVkX1/4aYesD7fsUZyUlVVVLFQ6vaxYsOqRztyStbk9xcxE5IU3/lY1JZIO HTTP/1.1" 200 25
201.244.137.226 - - [27/Jun/2022:13:45:11 -0500] "GET /kwssiamovil/sm/acme/a?s=U2FsdGVkX1+fjfZkWwMKv8A0iiX48YxaQUf1Ds75Ug26DVV5XPLX9Q3Tgg6l6766xkSi0kZw6CJi9EJK0cKzP45v6glQx0kjup2rXiatCRcPPhDGois4t57SAusIYNgKC/xoxJnmvgRCspKVZ540bCz7esImRbe1ENuTyDWPrb8fNOhVgMwOxDNeJiPvdkkvt9OAo8EjBRrwaY+trIi8CA==&u=U2FsdGVkX18W4dniZOR3cfeZld8hKRxiiphgYYx8svwmzrjVuIgJlSaRfHriYdR0&y=U2FsdGVkX1/4aYesD7fsUZyUlVVVLFQ6vaxYsOqRztyStbk9xcxE5IU3/lY1JZIO HTTP/1.1" 200 25
201.244.137.226 - - [27/Jun/2022:13:45:11 -0500] "GET /kwssiamovil/sm/acme/a?s=U2FsdGVkX18sS2B7/piV/Q/t737ww4h1RQ6pGwZm/jzyfbDXeYUqgDMANFp6HkyL1lLHGRGzH9qDXhFP8UD7YlkI9fShmpgI6O052YvtmXrOxMcUfJn6eF74CWH/P10NvGHN6SGgLAg51LE7FiPa6I5lcyDyeSTvXnfnqWW3a+lBOPJsM0fDRqHCWXee8na7/JQvsELX6qfA9olCVsWr2g==&u=U2FsdGVkX18W4dniZOR3cfeZld8hKRxiiphgYYx8svwmzrjVuIgJlSaRfHriYdR0&y=U2FsdGVkX1/4aYesD7fsUZyUlVVVLFQ6vaxYsOqRztyStbk9xcxE5IU3/lY1JZIO HTTP/1.1" 200 25
201.244.137.226 - - [27/Jun/2022:13:45:11 -0500] "GET /kwssiamovil/sm/acme/a?s=U2FsdGVkX1/VjmW4NfS9whdIUr1SUfrM0mLqPddGMeDE1xByT3CnYMy5DM+qiDuMzbOrjerb1iA+GjbNiPXkf/u5FANUQVvd/2p4NfE44ZP/TI/99pix2a3uD2Rt3NFlAR+Ko3kp0NNv5yrs19x6/3CjBZR9tkvRBTitRrjCEZ8sOrKt7vaTMUKLrR/o1K5m&u=U2FsdGVkX18W4dniZOR3cfeZld8hKRxiiphgYYx8svwmzrjVuIgJlSaRfHriYdR0&y=U2FsdGVkX1/4aYesD7fsUZyUlVVVLFQ6vaxYsOqRztyStbk9xcxE5IU3/lY1JZIO HTTP/1.1" 200 25
201.244.137.226 - - [27/Jun/2022:13:45:11 -0500] "GET /kwssiamovil/sm/acme/a?s=U2FsdGVkX1+3TRVQAq4EWRfw5+j1J0T+QGMTqyot8n1hFchakoyWu6qpxpjPe0FTOYYyPgxwd94oB9O7IbS7gOLTTmDOWHyteWxo+Ngf2pYo9SVfecI5Df9v9R6A1HV1bMMUW65XM5KuL8Bn+IEi8EvxwchmpDD67nYaaJ4JQw+kwpAhK1rB7+1PEPNett/RHBtmR6Gdk1XlbKJMasRsaQ==&u=U2FsdGVkX18W4dniZOR3cfeZld8hKRxiiphgYYx8svwmzrjVuIgJlSaRfHriYdR0&y=U2FsdGVkX1/4aYesD7fsUZyUlVVVLFQ6vaxYsOqRztyStbk9xcxE5IU3/lY1JZIO HTTP/1.1" 200 25
201.244.137.226 - - [27/Jun/2022:13:45:12 -0500] "GET /kwssiamovil/sm/acme/a?s=U2FsdGVkX1/7OlRpFfW7FjAI1/lnWYtLmq4tN/E4GtIIrUkb7mzru1fu/EVV7OIIzAwaCrCynzqxNBVsXgSZpjksyZHfWGxt4gqb+xHhYgvsSXamSjN1TpL94QLO6GpbWF6o3AyLFoTEtkqSdSqeShQFvd1dgfWsqW/frI646RBUQrtmnHUhYwu/8YnCIQS+&u=U2FsdGVkX18W4dniZOR3cfeZld8hKRxiiphgYYx8svwmzrjVuIgJlSaRfHriYdR0&y=U2FsdGVkX1/4aYesD7fsUZyUlVVVLFQ6vaxYsOqRztyStbk9xcxE5IU3/lY1JZIO HTTP/1.1" 200 25
201.244.137.226 - - [27/Jun/2022:13:45:12 -0500] "GET /kwssiamovil/sm/acme/a?s=U2FsdGVkX1+WPmaGB0ixrfBidj+FuqSgfN3c0/yssRadeE7ZrjzjXh2OMLuQO61FMZcUPWNLEHrOtKb9jA/WCjch70BI8azNnKD/8NJBY7144Emlx7OZb69xuotkF+Y7N+henz8UWMGMzk4dSX3is7uNkjRDs3pw9l+a4/C+F1Z6crk5AOY2u/t8VUysC6PO9XeunREIbsQuq0edZem4gA==&u=U2FsdGVkX18W4dniZOR3cfeZld8hKRxiiphgYYx8svwmzrjVuIgJlSaRfHriYdR0&y=U2FsdGVkX1/4aYesD7fsUZyUlVVVLFQ6vaxYsOqRztyStbk9xcxE5IU3/lY1JZIO HTTP/1.1" 200 25
201.244.137.226 - - [27/Jun/2022:13:45:12 -0500] "GET /kwssiamovil/sm/acme/a?s=U2FsdGVkX1+AExgPw+73K9bcuEOlhxKcWlhsycQmwqUA1xZUzCCQvPK7CNC/sILIQZiwxfe+d3PGlv03rHzG7LGVeBWRlQ6fN7gcbr4+nHaK6IZbq6fZcu1MNVvT9TOLdu/My6qx25N8KASdsNrkDyPuKPtn0yoXuSGaX5/5NH9mSQ2/3uVw6UbtLViGovT7&u=U2FsdGVkX18W4dniZOR3cfeZld8hKRxiiphgYYx8svwmzrjVuIgJlSaRfHriYdR0&y=U2FsdGVkX1/4aYesD7fsUZyUlVVVLFQ6vaxYsOqRztyStbk9xcxE5IU3/lY1JZIO HTTP/1.1" 200 25
201.244.137.226 - - [27/Jun/2022:13:45:12 -0500] "GET /kwssiamovil/sm/acme/a?s=U2FsdGVkX1+Myq1nlTfAXYmxMvkQmyuSPc3c/RL0qb7N+yawlKHuUxAK+c1OVkGXmlG39hQxYwUY6F3X16DOZzmQo3T1T+LqxUFHItzaetX3CPirDLBG98/Ei0aZml1SrpRuqSxFDjZJfvpYiUdRkxuwWnMJLxEMIjFeoUn49Ubu4TLWgu9OYvCqok35U1LWbDh2QVNCfJNyIiQb8bUArA==&u=U2FsdGVkX18W4dniZOR3cfeZld8hKRxiiphgYYx8svwmzrjVuIgJlSaRfHriYdR0&y=U2FsdGVkX1/4aYesD7fsUZyUlVVVLFQ6vaxYsOqRztyStbk9xcxE5IU3/lY1JZIO HTTP/1.1" 200 25
201.244.137.226 - - [27/Jun/2022:13:45:12 -0500] "GET /kwssiamovil/sm/acme/a?s=U2FsdGVkX19Am/l3PA4qQbm8IcgxjcfAYpmGt2djeexsbmhUJoXSV5zuvIfc4gptTEblRSjCaa2T/hZRwXfvqtMxQPDPG6SZ4AExqrFqPef2aIlsopsvcdNS4aHNzxJIjuG/xSjYvJ1zB6QMZYV4WxoNqbkU33Igx4aMixbyzOX68+CV0Gnk55VqAhHWbG1j&u=U2FsdGVkX18W4dniZOR3cfeZld8hKRxiiphgYYx8svwmzrjVuIgJlSaRfHriYdR0&y=U2FsdGVkX1/4aYesD7fsUZyUlVVVLFQ6vaxYsOqRztyStbk9xcxE5IU3/lY1JZIO HTTP/1.1" 200 25
201.244.137.226 - - [27/Jun/2022:13:45:12 -0500] "GET /kwssiamovil/sm/acme/a?s=U2FsdGVkX19t+9HtN8iBRcKUKCfUFnnfGZPP6RuxqApwng7jOafYHdczDpieTXdvay4nwQUEHNEjucSvJRmqt1dbOhVmJ5FJ73foXqG1OZRQsXwrsHeyRwdcrMJeBCpblz2hn5hf1qaPfVKi5sR0c2capiRIWKXzON/p8lF9W1YrPXEUnwPPpp/1DfWt3dEwbQCKpg2BKCu+s8aVhztHsA==&u=U2FsdGVkX18W4dniZOR3cfeZld8hKRxiiphgYYx8svwmzrjVuIgJlSaRfHriYdR0&y=U2FsdGVkX1/4aYesD7fsUZyUlVVVLFQ6vaxYsOqRztyStbk9xcxE5IU3/lY1JZIO HTTP/1.1" 200 25
201.244.137.226 - - [27/Jun/2022:13:45:13 -0500] "GET /kwssiamovil/sm/acme/a?s=U2FsdGVkX1/94qBpHrbCZVRYcHyTqWwe+y9Xtgq9nRWrq86PDC09QogI9e+GtkrQ50gd4aiv+XoKZiurIdN5wFtCcymOjD+X5pRooXqtbosOSamsf2PO4SYNx0aEu39HxVOKER3/2iLWh1j6ER1u7uRqw8iFK+uCz3AnFRk13xvuCcPMA9G1OdPMepFgMSl/&u=U2FsdGVkX18W4dniZOR3cfeZld8hKRxiiphgYYx8svwmzrjVuIgJlSaRfHriYdR0&y=U2FsdGVkX1/4aYesD7fsUZyUlVVVLFQ6vaxYsOqRztyStbk9xcxE5IU3/lY1JZIO HTTP/1.1" 200 25
201.244.137.226 - - [27/Jun/2022:13:45:13 -0500] "GET /kwssiamovil/sm/acme/a?s=U2FsdGVkX1+VYXhraErCalPwdAg/qCYM2d10fQlqbwRapGutPDrfu63H5iu8+lLMJtaZoSjkSI7WwNv1GJK1YIo7zPVnJ7GbtTrQQR1OVyPC6WdEv2911qdBC56Wb1xjQAIkxMG/b25cG7QGElBV4KPfzU142/HLo2JaJ0huwJrj/w34fKBnoWqyJ9Koap1fRWg1btkB7nAG4pWPybq5WA==&u=U2FsdGVkX18W4dniZOR3cfeZld8hKRxiiphgYYx8svwmzrjVuIgJlSaRfHriYdR0&y=U2FsdGVkX1/4aYesD7fsUZyUlVVVLFQ6vaxYsOqRztyStbk9xcxE5IU3/lY1JZIO HTTP/1.1" 200 25
201.244.137.226 - - [27/Jun/2022:13:45:13 -0500] "GET /kwssiamovil/sm/acme/a?s=U2FsdGVkX1/BF+Yxbch+cof5vMzuMbObPPO3vuAZCgLdoOzt4/fUutOgUcNYjCWcqTU625FC0/KqF391FSMLVuEbrD5FtMzGi5KzltybcDYSDDi0OuZZkMbt6I4Mau/WGiLn49gu8F+Xgm62ZexU8iUzKVC9O8E6Xu45qg+xRUReP0/sEAm/u4PLj6UWgKAn&u=U2FsdGVkX18W4dniZOR3cfeZld8hKRxiiphgYYx8svwmzrjVuIgJlSaRfHriYdR0&y=U2FsdGVkX1/4aYesD7fsUZyUlVVVLFQ6vaxYsOqRztyStbk9xcxE5IU3/lY1JZIO HTTP/1.1" 200 25
201.244.137.226 - - [27/Jun/2022:13:45:13 -0500] "GET /kwssiamovil/sm/acme/a?s=U2FsdGVkX18DvWdM888bWBkI9DbQGdQF/QlR6L9ATpp85Tzird3LAcn5xKuzsqWX9vCW6DV1+znSHXo+e8ReXSWJQ7K0IxgKiZfBTzdTBO3C6xpuNsSPxzPN27FpNwWpoj1/phdwawigO/1nVvii5RRZsXa0o/xKfrwG8yoaNztRDWJ5oYlpk49NuzvpEuN5mZYOupj62TymLnE1RhKapQ==&u=U2FsdGVkX18W4dniZOR3cfeZld8hKRxiiphgYYx8svwmzrjVuIgJlSaRfHriYdR0&y=U2FsdGVkX1/4aYesD7fsUZyUlVVVLFQ6vaxYsOqRztyStbk9xcxE5IU3/lY1JZIO HTTP/1.1" 200 25
201.244.137.226 - - [27/Jun/2022:13:45:13 -0500] "GET /kwssiamovil/sm/acme/a?s=U2FsdGVkX18T/ae9sf7jArlWbE3GNzUvPVNqtm2Wi4nUV5jCoWic0AqY96GSiJlMXoNx7im/TJJ73A1/DBnyTxJrI4B37puwOcj9uAnfX3Gs93lBAv4MQfqm+2nWoPRcl/CXdk7RdU5xJkMjC0cUDSVXX4MO3qMTRNyINIf5YWe3l+RjPHjmJk+OjBcrkn5H&u=U2FsdGVkX18W4dniZOR3cfeZld8hKRxiiphgYYx8svwmzrjVuIgJlSaRfHriYdR0&y=U2FsdGVkX1/4aYesD7fsUZyUlVVVLFQ6vaxYsOqRztyStbk9xcxE5IU3/lY1JZIO HTTP/1.1" 200 25
172.22.2.4 - - [27/Jun/2022:13:43:46 -0500] "HEAD /BLA/boletinlegal/ HTTP/1.1" 200 -
172.22.2.4 - - [27/Jun/2022:13:45:42 -0500] "GET /BLA/boletinlegal/images/arr_r.jpg HTTP/1.1" 200 1998
207.46.13.45 - - [27/Jun/2022:13:45:46 -0500] "GET /portaldeninos/ HTTP/1.1" 200 109662
172.22.2.4 - - [27/Jun/2022:13:44:36 -0500] "GET /BLA/boletinlegal/ HTTP/1.1" 200 56799
207.46.13.85 - - [27/Jun/2022:13:46:46 -0500] "GET / HTTP/1.1" 200 319
201.244.137.226 - - [27/Jun/2022:13:47:31 -0500] "GET /kwssiamovil/sm/acme/u?s=U2FsdGVkX1+9vdrdE7uJFLiQQAc+FqHIa8378VFFMHBxfQUdleBaDNyXKz4vpWYZpvyHeRT7wugPqWa0iDuUNKIy1/o7yneo4QQ3uRNHWuWuySg5ULcVGPrNl0q8VGkiiTBvjoJG6dSL+qMJBuQ6tQ==&u=U2FsdGVkX18W4dniZOR3cfeZld8hKRxiiphgYYx8svwmzrjVuIgJlSaRfHriYdR0&y=U2FsdGVkX1/4aYesD7fsUZyUlVVVLFQ6vaxYsOqRztyStbk9xcxE5IU3/lY1JZIO HTTP/1.1" 200 60
172.22.2.4 - - [27/Jun/2022:13:46:21 -0500] "GET /BLA/boletinlegal/index.php HTTP/1.1" 200 63473
216.245.221.92 - - [27/Jun/2022:13:48:32 -0500] "HEAD / HTTP/1.1" 200 -
172.22.2.4 - - [27/Jun/2022:13:48:09 -0500] "GET /BLA/boletinlegal/ HTTP/1.1" 200 62718
66.249.65.13 - - [27/Jun/2022:13:50:17 -0500] "-" 408 -
172.22.2.4 - - [27/Jun/2022:13:51:02 -0500] "GET /BLA/boletinlegal/images/historia.png HTTP/1.1" 200 52775
172.22.2.4 - - [27/Jun/2022:13:49:36 -0500] "HEAD /BLA/boletinlegal/ HTTP/1.1" 200 -
172.22.2.4 - - [27/Jun/2022:13:51:46 -0500] "GET /BLA/boletinlegal/conceptos.php HTTP/1.1" 200 7443
172.22.2.4 - - [27/Jun/2022:13:50:26 -0500] "GET /BLA/boletinlegal/ HTTP/1.1" 200 58464
161.10.17.143 - - [27/Jun/2022:13:52:17 -0500] "GET /BLA/resoluciones/index.php?dir=AUTOS+2011%2F HTTP/1.1" 200 632831
216.245.221.92 - - [27/Jun/2022:13:53:32 -0500] "HEAD / HTTP/1.1" 200 -
161.10.17.143 - - [27/Jun/2022:13:54:09 -0500] "GET /BLA/resoluciones/index.php?dir=AUTOS+2011%2F HTTP/1.1" 200 85963
161.10.17.143 - - [27/Jun/2022:13:54:09 -0500] "GET /BLA/resoluciones/index.php?dir=AUTOS+2011%2F HTTP/1.1" 200 632831
128.14.134.170 - - [27/Jun/2022:13:55:00 -0500] "GET / HTTP/1.1" 200 319
66.249.65.13 - - [27/Jun/2022:13:56:18 -0500] "-" 408 -
172.22.2.4 - - [27/Jun/2022:13:56:54 -0500] "GET /BLA/boletinlegal/robots.txt HTTP/1.1" 404 1018
172.22.2.4 - - [27/Jun/2022:13:56:55 -0500] "GET /BLA/boletinlegal/sitemap.xml HTTP/1.1" 404 1018
172.22.2.4 - - [27/Jun/2022:13:56:56 -0500] "GET /BLA/boletinlegal/.well-known/security.txt HTTP/1.1" 404 1018
172.22.2.4 - - [27/Jun/2022:13:55:26 -0500] "HEAD /BLA/boletinlegal/ HTTP/1.1" 200 -
172.22.2.4 - - [27/Jun/2022:13:56:19 -0500] "GET /BLA/boletinlegal/ HTTP/1.1" 200 40907
172.22.2.4 - - [27/Jun/2022:13:56:16 -0500] "GET /BLA/boletinlegal/ HTTP/1.1" 200 53003
216.245.221.92 - - [27/Jun/2022:13:58:32 -0500] "HEAD / HTTP/1.1" 200 -
201.244.137.226 - - [27/Jun/2022:13:59:23 -0500] "OPTIONS /kwssiamovil/sm/setfile/f? HTTP/1.1" 200 13
201.244.137.226 - - [27/Jun/2022:13:59:24 -0500] "POST /kwssiamovil/sm/setfile/f? HTTP/1.1" 200 381
201.244.137.226 - - [27/Jun/2022:13:59:30 -0500] "OPTIONS /kwssiamovil/sm/setfile/f? HTTP/1.1" 200 13
201.244.137.226 - - [27/Jun/2022:13:59:30 -0500] "POST /kwssiamovil/sm/setfile/f? HTTP/1.1" 200 381
201.244.137.226 - - [27/Jun/2022:13:59:34 -0500] "OPTIONS /kwssiamovil/sm/setfile/f? HTTP/1.1" 200 13
201.244.137.226 - - [27/Jun/2022:13:59:34 -0500] "POST /kwssiamovil/sm/setfile/f? HTTP/1.1" 200 381
201.244.137.226 - - [27/Jun/2022:13:59:38 -0500] "OPTIONS /kwssiamovil/sm/setfile/f? HTTP/1.1" 200 13
157.55.39.133 - - [27/Jun/2022:13:59:38 -0500] "GET / HTTP/1.1" 200 4720
201.244.137.226 - - [27/Jun/2022:13:59:38 -0500] "POST /kwssiamovil/sm/setfile/f? HTTP/1.1" 200 381
201.244.137.226 - - [27/Jun/2022:13:59:42 -0500] "OPTIONS /kwssiamovil/sm/setfile/f? HTTP/1.1" 200 13
201.244.137.226 - - [27/Jun/2022:13:59:42 -0500] "POST /kwssiamovil/sm/setfile/f? HTTP/1.1" 200 381
201.244.137.226 - - [27/Jun/2022:13:59:52 -0500] "GET /kwssiamovil/sm/acme/a?s=U2FsdGVkX1+6JKnNYGBSnfEAB4/uFo1/5Dnb+5LmGqsXFt45wot70vzK+JgQJW/krPdKjPY09QWYG8YbBKjt/4qIJT5B+3WnLVyofbYcwn6Vx6UFjv6tE203fbLe3C9Xvicn8nDJoHnwvspVQ+645dHcz5WyO4kN+m6Cmq6ARL2hbCTpMOwhpXIjoSP1ron4VjoXTmlBbkswt5rdViqFwZbtz1vuqYIPxRCPeq8p+URLYxiUC4vlefT1aRuhziOMWceXiRbDxydIIczxlSNbDQ==&u=U2FsdGVkX18W4dniZOR3cfeZld8hKRxiiphgYYx8svwmzrjVuIgJlSaRfHriYdR0&y=U2FsdGVkX1/4aYesD7fsUZyUlVVVLFQ6vaxYsOqRztyStbk9xcxE5IU3/lY1JZIO HTTP/1.1" 200 25
201.244.137.226 - - [27/Jun/2022:13:59:52 -0500] "GET /kwssiamovil/sm/acme/a?s=U2FsdGVkX19xVqDbS7/bfvf7GOlgMgJwcBWP4QFPv2swkDafHEHRx2D4cK/D8pPUDF2iTtWRmDJgTNPSjb/02RGQ7WiYs8vcMwu7o4QW2/TAveXka5sELTnY0dxcFm8sdHQN8nO5HER0KJrL9ut1e3XzI8nsq1Hr1LiYyXSx+lBoyOHvAKZb3kDGL75THc6c1xsiSkFBZj35UjLaqx5GrxFJXfuUc57cK+Xps623aKG5qOlCT1ODeHm0RNlevO4lRCymtw/GVZRUzP2uFDIybjrsMhBjlMELWS3YACvkEnNDu8B4P/kUF56386cKPsa7J8eCR38H7BGV9DbugeaaUL6RZCsK9u9bR9N2YjdjAbbyh/SMptzRkSMVd02oTi3dm9Wq52wPjByZCWuUVKGKsdO3QWJYE8ZBgP9aruzcZ8iZOKrdIIbxQQoz6hb2hSo8U5at7nCsIJlPYQXvRB6urAuozNRQKBBpQ6Vss5aQkwsdEfCmeHJyDHQ2HQV3fHl/fwr1QSyfeKENmnSQntIjJTDH70czaINJ4Om2HI7+aCm8Un2UnkP4dtBUBRjhTu6iDb885Q5mrCp4MJHYRfxWhLPujETwaat9vm1x9XPTXBogxayAyYMbHdhlUdmYte9I6+j+UPlV9xD07fJBMLKGC9EfZ0n3ZiqUIVVk/92FW/4ixAopUanC3MuvjNglSTfHhg66n1/nUgJe0WR+aXdHsPYQmYzOVAghZsC50k0PazwpQ0WcTMBCjK5DpnSltuUTNXBfUFazhJ5eCGCVGQL7ifff7+pqLFxgTjjIB09vd8eGZ8hZCiDwny59GvqcVb2V2FI3cmd/YOEFdDBzjGl4KceUdeIokpB9P7j9ms5XZ1KwUek0CIPDl+EVrFjQwGT21aWCQL9PWdoYdJ5SWx7JqOW+Y1iGJ99YCsbN0nZuRdAkRbiW2UQ5+p87HZ0KT34uDFHTH0BlIPFW2bdRoYc8D7oKGxOyZ+VSagYUzFUXLy/ZB1G/l7OIl90UbPUW+ZMnSfCsefFm66vZKlf3Mh+lZtVYM9B/NF7Sny2w1JvFOAEGaNZi51XRieQjROBzwibc8NAAqzGRyw3kqDhW1tPatuxqCwDuN0zENL2KWVUard0Ji/BZiOijcbMbPIuRMosHKAE92+YOGr9DrGqE2uoBXWPs3MfSY5NJdPIImFFYrp04BjeoEWDTMEDdvtyuyjAo0F56kURxK3EUcxFMw/173D6PhU9wwUlAeKxqNDkwVGaVnHgyhVclI/0FdcMUyQjrrHx3/iW9gjoqdL1j2tC/fVkH9tvWQIfq7vRUqClVY09in8e4cDebrb0KzuKVJlWVTMvFfJdJObl8xWqb0DHQrSHQSE1TbgGOg7z5VcVT7V/Jw43YCpy0+mLiEqfnbdSuOQDaE0cv6ImBlqxL4YLKJHHV03+o4tQ6FlkORkDGnMzVVWgLw665jtkvKc0DwwA3SC+BZlcjBFeFS4Gkt73srKs0MhKwFEmXMApS7Akc/PXvCmNPIRAdqGbNYf6LJLes9QieIzH6kvQh10F0PgtLPNXc/iY5UDNVz50sJqgNogoaMSjrwaZGNY6hylfFtcG461rl236/P+dldWlJWBIG0WjycyrzoMcOpnTeZ/kHh2ShrOAp/AYxteDKQ0kLg6eykHqmyPJqsLOi5DZq9brIV5zx+fT24gaT4xqqFqI2bhLZh4Bcw1d8GYeShWYO7dSWMpge6Lrd240hPVmSc+czglzONov6tCRbsxlaG9Bm+rwZo/imf4tGgUTPt17Q+LJlyZ+3b6MIOaC6JdZAA1rMACR5J2i/UXXJOLtHqlUup4A=&u=U2FsdGVkX18W4dniZOR3cfeZld8hKRxiiphgYYx8svwmzrjVuIgJlSaRfHriYdR0&y=U2FsdGVkX1/4aYesD7fsUZyUlVVVLFQ6vaxYsOqRztyStbk9xcxE5IU3/lY1JZIO HTTP/1.1" 200 25
201.244.137.226 - - [27/Jun/2022:13:59:52 -0500] "GET /kwssiamovil/sm/acme/a?s=U2FsdGVkX195Ez/o1W/9x+izBPhIHhfylcfRmwOKwtQVDj65d3rjc0XGiOjeFoCMnmS4Lgk5pDOqNO9+XlXf9PMV6U2IECRSz1CKpDxFE2jAU3m3MP1vt5ao1u63Af9kqZshuaFXWdG/TXppSdXTVA85LsySGAgaeZIdJlnl3jo=&u=U2FsdGVkX18W4dniZOR3cfeZld8hKRxiiphgYYx8svwmzrjVuIgJlSaRfHriYdR0&y=U2FsdGVkX1/4aYesD7fsUZyUlVVVLFQ6vaxYsOqRztyStbk9xcxE5IU3/lY1JZIO HTTP/1.1" 200 25
201.244.137.226 - - [27/Jun/2022:13:59:53 -0500] "GET /kwssiamovil/sm/acme/a?s=U2FsdGVkX19QVXmSEpX9qLBV6CQjAnRQ4oyBafLtl+ss1DGKTqUIbdbFYuMbcp68ZB7Px581Bj2RGJeG+fG2wTn4jlIn7x+6Ls6cAIBNIgZByWaOzt+vZW0Vri2e5sCvnMqAnJNfS+AzmK+hztswpDJ3l8Tu+WWvki1JiWMAtEU=&u=U2FsdGVkX18W4dniZOR3cfeZld8hKRxiiphgYYx8svwmzrjVuIgJlSaRfHriYdR0&y=U2FsdGVkX1/4aYesD7fsUZyUlVVVLFQ6vaxYsOqRztyStbk9xcxE5IU3/lY1JZIO HTTP/1.1" 200 25
201.244.137.226 - - [27/Jun/2022:13:59:53 -0500] "GET /kwssiamovil/sm/acme/a?s=U2FsdGVkX18+4BVYJRTlqhLNka8PjffqG+xEDCzGnvdKLFK6ytbDmE+3/JoJqzcSdgG48LozhjPs8P9FroWOhXdNjjHfeyly53DtKw5RwxsasR82tRvP9vPINfAImlzgPS3O4UmCTI91OgBAauRZRVrcKj0HzAdpWSnLyG3PHrk=&u=U2FsdGVkX18W4dniZOR3cfeZld8hKRxiiphgYYx8svwmzrjVuIgJlSaRfHriYdR0&y=U2FsdGVkX1/4aYesD7fsUZyUlVVVLFQ6vaxYsOqRztyStbk9xcxE5IU3/lY1JZIO HTTP/1.1" 200 25
201.244.137.226 - - [27/Jun/2022:13:59:53 -0500] "GET /kwssiamovil/sm/acme/a?s=U2FsdGVkX18R/0Kjuhr686hackU34Fvry1SZaDXVyikAIjbHw98xGo8nJBFHrLcGGU/TaSYHS3lu/qDc4hM4M68uAuhEvsIXXfiTee/p4MYRAfHhUFuhGlEcIX/dEYPVySTVR52NTOExmU3IQKUcKmmr85DpkyCuKgt/gc98gQ4aHmru9pPmK+jmemCtxN5xOsDN4hvFk8axjS/yPI3nGg==&u=U2FsdGVkX18W4dniZOR3cfeZld8hKRxiiphgYYx8svwmzrjVuIgJlSaRfHriYdR0&y=U2FsdGVkX1/4aYesD7fsUZyUlVVVLFQ6vaxYsOqRztyStbk9xcxE5IU3/lY1JZIO HTTP/1.1" 200 25
201.244.137.226 - - [27/Jun/2022:13:59:53 -0500] "GET /kwssiamovil/sm/acme/a?s=U2FsdGVkX1/n7/PneI6tHpWQcCV0dPvJKg3M1sYgrOGu34iMVpcyBPOlfgwA66brZR+lu2D6vmvlt7lH+6JL0LpLgzjpNZSxmZtY0MXRmpUItMoYoRULmq+cr6QUSpB2SAzIIy8QysDu630Y4WU6BBZO/ocVvB99oSq+uYwAsMefqQTJXxB86F7c24GmfBGd3D8Vl/M/1HPH/Cj0aaKUog==&u=U2FsdGVkX18W4dniZOR3cfeZld8hKRxiiphgYYx8svwmzrjVuIgJlSaRfHriYdR0&y=U2FsdGVkX1/4aYesD7fsUZyUlVVVLFQ6vaxYsOqRztyStbk9xcxE5IU3/lY1JZIO HTTP/1.1" 200 25
201.244.137.226 - - [27/Jun/2022:13:59:53 -0500] "GET /kwssiamovil/sm/acme/a?s=U2FsdGVkX1/SiATAY+XqhTJse2TfLC0tsh1nJAZ2vMG5vqOojd+XcjsIsjSafwTkk/9CWTuZ5nbpeL0NOwMbN38fx5PSpC8mVCKUq2JuYwSlBmXOATntCBynqvuddhUxDLVySRA8d2S5+3Tx45kKVu5DMF4RMbCNLc6zMY+YqxwFAZCHPVWOPmOa7aIY7NeX&u=U2FsdGVkX18W4dniZOR3cfeZld8hKRxiiphgYYx8svwmzrjVuIgJlSaRfHriYdR0&y=U2FsdGVkX1/4aYesD7fsUZyUlVVVLFQ6vaxYsOqRztyStbk9xcxE5IU3/lY1JZIO HTTP/1.1" 200 25
201.244.137.226 - - [27/Jun/2022:13:59:53 -0500] "GET /kwssiamovil/sm/acme/a?s=U2FsdGVkX1+NBl4vd2MP/OtFulgROt6Z9Mw/P+rbu8aLbu69N0JtikPZifvthwo9ozeBTR/OuOIK5mO0wFUYQyh1jrwLBYs5rKqWd26E/03QO+y2P3ULLXzD9I2ymyINmeYPxzlaL4deGvpIsxhnZ0eOCjVqdRYvCXVQdEFEshmVM/RneDTlox0NUstyYAVhbAAHWK2qKLrkpX850051Gg==&u=U2FsdGVkX18W4dniZOR3cfeZld8hKRxiiphgYYx8svwmzrjVuIgJlSaRfHriYdR0&y=U2FsdGVkX1/4aYesD7fsUZyUlVVVLFQ6vaxYsOqRztyStbk9xcxE5IU3/lY1JZIO HTTP/1.1" 200 25
201.244.137.226 - - [27/Jun/2022:13:59:54 -0500] "GET /kwssiamovil/sm/acme/a?s=U2FsdGVkX1+1jauPOrapsL87Qt9FFWFKc/eIhacvzT8NycY9SKnvVqa/Zrdww/0TudTEZFrSaLKg6Q67XNy7QN/LwANNn5NYqQrzWGZrIK8LC55UoboDseLwvlg88SfjmN/qA2F9tfB1pQJVuVHuOIkwSiZhf1vKlCpvciOeaFkFxx199wDPCqidotAIjSeC&u=U2FsdGVkX18W4dniZOR3cfeZld8hKRxiiphgYYx8svwmzrjVuIgJlSaRfHriYdR0&y=U2FsdGVkX1/4aYesD7fsUZyUlVVVLFQ6vaxYsOqRztyStbk9xcxE5IU3/lY1JZIO HTTP/1.1" 200 25
201.244.137.226 - - [27/Jun/2022:13:59:54 -0500] "GET /kwssiamovil/sm/acme/a?s=U2FsdGVkX1/p88ZSOEMoIHsrhOjUxYzwWKXPx8ELNx4M6HXhcrPe6QYCjsfDSOjtq+oXgPgcpJrRI0KV/gzn4Bb+XiUVDfZOB9H6ttaYwU8nQJTi4GV0HYbhSlz75KvbYmIxWLNRJM1akH6LDRPb+khcnOlZcLiU+Hhqv8ZcO7fHyUpt9lEYgOgVCBCv6L6V3yxrLCFxb366LelnS7wu2g==&u=U2FsdGVkX18W4dniZOR3cfeZld8hKRxiiphgYYx8svwmzrjVuIgJlSaRfHriYdR0&y=U2FsdGVkX1/4aYesD7fsUZyUlVVVLFQ6vaxYsOqRztyStbk9xcxE5IU3/lY1JZIO HTTP/1.1" 200 25
201.244.137.226 - - [27/Jun/2022:13:59:54 -0500] "GET /kwssiamovil/sm/acme/a?s=U2FsdGVkX186vqRaVEHrvjgyrQuCMe9cDwLavC1Pz2F5ngkmatexXIbW9AVnKfpRFQ78WO2p9HH+i5P1u9LajNODVO3D9g0Eig5DWvxVE8XRsE3ohaE4IM8VZqIQDvnjjC0xc8wTocbN6UQxsaHFVW/lkk7jghwqT6IjbyAaZ9Xv55ph/+bwOgzBG42vBGUq&u=U2FsdGVkX18W4dniZOR3cfeZld8hKRxiiphgYYx8svwmzrjVuIgJlSaRfHriYdR0&y=U2FsdGVkX1/4aYesD7fsUZyUlVVVLFQ6vaxYsOqRztyStbk9xcxE5IU3/lY1JZIO HTTP/1.1" 200 25
201.244.137.226 - - [27/Jun/2022:13:59:54 -0500] "GET /kwssiamovil/sm/acme/a?s=U2FsdGVkX1/Wrkzy373CDZbChO5bAmw1deDhVAfLk0EvIK11aZrMMN1mvKM5vF6qFGN5WnyFhB70+gDQhPReYTZZgBHoH3OQq/2Qn/hl+LL86G0dOIwC4QPHRVjY25nidnjvX1rasHQwB4i7711Z5XowogJtc1E5jmR4apZVUFO6mo4gJsJFHfEf+FLo6wnvg2+Da/fXoks7cSUK+10R4w==&u=U2FsdGVkX18W4dniZOR3cfeZld8hKRxiiphgYYx8svwmzrjVuIgJlSaRfHriYdR0&y=U2FsdGVkX1/4aYesD7fsUZyUlVVVLFQ6vaxYsOqRztyStbk9xcxE5IU3/lY1JZIO HTTP/1.1" 200 25
201.244.137.226 - - [27/Jun/2022:13:59:54 -0500] "GET /kwssiamovil/sm/acme/a?s=U2FsdGVkX19PK9bib/9H8qhxTi0GQHMKoVPFeEnnpYgwHmSTwt786cnmVs8aoL/YP2dKtws2tAFmxOWdwIC4pnBmIhFFdAN9TfbtNaf0zh9Ef1RORs12dmz0bsNsswlEsiEjiPCcpuuLK6yucJXPu3m2qgdksxr5UHxvjGQYj7xVZ3qb4NvlD5iluIcTKnnD&u=U2FsdGVkX18W4dniZOR3cfeZld8hKRxiiphgYYx8svwmzrjVuIgJlSaRfHriYdR0&y=U2FsdGVkX1/4aYesD7fsUZyUlVVVLFQ6vaxYsOqRztyStbk9xcxE5IU3/lY1JZIO HTTP/1.1" 200 25
201.244.137.226 - - [27/Jun/2022:13:59:54 -0500] "GET /kwssiamovil/sm/acme/a?s=U2FsdGVkX1/LPYIQuMVMyN9iLZY0MvleuEFUJZRZ3xlRoXlv897ssc1T0gCdUeIv9mouCPo2cLUTTwNLuWsBNaKqaStCYYXpvU9HdalzMNH5/YMF3f86I/sZJf/85WKyUC2aIOjw0Ooq+Q3lnReuqNrjkN87zdMh18h+Jyezf1fyHjCAsskfKeRV5cvDsOcR38LBXnd7zOreKTmd1Rx98A==&u=U2FsdGVkX18W4dniZOR3cfeZld8hKRxiiphgYYx8svwmzrjVuIgJlSaRfHriYdR0&y=U2FsdGVkX1/4aYesD7fsUZyUlVVVLFQ6vaxYsOqRztyStbk9xcxE5IU3/lY1JZIO HTTP/1.1" 200 25
201.244.137.226 - - [27/Jun/2022:13:59:54 -0500] "GET /kwssiamovil/sm/acme/a?s=U2FsdGVkX1+FnnoAaDGU2+L2CTdsTd6gzT3syHcqL7UbR64qvZY91JPt+RZ71NuEFmtPm/H0nOXZCWyq8cIs8MvbWcw+sm97qRDartyLm1rolKiW8C9ZBnzAPgSZpqnH9xCkm8e9OGWbYWGuIIKbVr1JHx4pIhdZRhUWaQynDl4dfphOpgQ5pOMvBl90LNRE&u=U2FsdGVkX18W4dniZOR3cfeZld8hKRxiiphgYYx8svwmzrjVuIgJlSaRfHriYdR0&y=U2FsdGVkX1/4aYesD7fsUZyUlVVVLFQ6vaxYsOqRztyStbk9xcxE5IU3/lY1JZIO HTTP/1.1" 200 25
157.55.39.114 - - [27/Jun/2022:14:00:06 -0500] "GET /BLA/resoluciones/AUTOS%202018/0954.pdf HTTP/1.1" 200 260679
172.22.2.4 - - [27/Jun/2022:14:01:21 -0500] "GET /BLA/boletinlegal/Directivas/2012/Directiva%20No.%201%20del%2030%20de%20octubre%20de%202012.pdf HTTP/1.1" 304 -
172.22.2.4 - - [27/Jun/2022:14:01:42 -0500] "GET /BLA/boletinlegal/images/registro-usuarios.png HTTP/1.1" 200 8106
186.102.41.164 - - [27/Jun/2022:14:02:45 -0500] "OPTIONS /kwssiamovil/sm/setfile/f? HTTP/1.1" 200 13
201.244.137.226 - - [27/Jun/2022:14:02:46 -0500] "GET /kwssiamovil/sm/acme/u?s=U2FsdGVkX1/FVbE9ZD4iAU2L8r76soXQSOGEtwpb5UgSVh13bAEbMpuEzsRFpg/BrRxFpciDYH0iVwuUTBN/RyX8p/Tzp9rvAgCTgn4ZV/KU6PJkUGUI9pzagdfMHM5zT4vwnyBod7SUdoXol+D2ZA==&u=U2FsdGVkX18W4dniZOR3cfeZld8hKRxiiphgYYx8svwmzrjVuIgJlSaRfHriYdR0&y=U2FsdGVkX1/4aYesD7fsUZyUlVVVLFQ6vaxYsOqRztyStbk9xcxE5IU3/lY1JZIO HTTP/1.1" 200 60
