65.154.226.167 - - [08/Jul/2022:12:13:10 -0500] "GET /portaldeninos/wp-includes/js/jquery/jquery.js?ver=1.12.4 HTTP/1.1" 200 97184
65.154.226.167 - - [08/Jul/2022:12:13:08 -0500] "GET /portaldeninos/wp-content/themes/betheme/css/shortcodes.css?ver=20.9.6 HTTP/1.1" 200 138889
65.154.226.167 - - [08/Jul/2022:12:13:13 -0500] "GET /portaldeninos/wp-includes/js/wp-embed.min.js?ver=4.9.8 HTTP/1.1" 200 1398
65.154.226.167 - - [08/Jul/2022:12:13:13 -0500] "GET /portaldeninos/wp-content/themes/betheme/js/scripts.js?ver=20.9.6 HTTP/1.1" 200 77162
65.154.226.167 - - [08/Jul/2022:12:13:13 -0500] "GET /portaldeninos/wp-content/themes/betheme/assets/jplayer/jplayer.min.js?ver=20.9.6 HTTP/1.1" 200 52702
65.154.226.167 - - [08/Jul/2022:12:13:15 -0500] "GET /portaldeninos/wp-content/themes/betheme/images/box_shadow.png HTTP/1.1" 200 108
65.154.226.167 - - [08/Jul/2022:12:13:15 -0500] "GET /portaldeninos/wp-includes/js/wp-emoji-release.min.js?ver=4.9.8 HTTP/1.1" 200 12026
65.154.226.167 - - [08/Jul/2022:12:13:15 -0500] "GET /portaldeninos/wp-content/themes/betheme/fonts/mfn-icons.ttf?93978679 HTTP/1.1" 200 124684
65.154.226.167 - - [08/Jul/2022:12:13:15 -0500] "GET /portaldeninos/wp-content/themes/betheme/fonts/mfn-icons.woff?93978679 HTTP/1.1" 200 80932
186.29.124.190 - - [08/Jul/2022:12:13:18 -0500] "POST /appsia/controlador HTTP/1.1" 200 4621
65.154.226.167 - - [08/Jul/2022:12:13:13 -0500] "GET /portaldeninos/wp-content/themes/betheme/js/plugins.js?ver=20.9.6 HTTP/1.1" 200 197151
186.29.124.190 - - [08/Jul/2022:12:13:28 -0500] "POST /appsia/controlador HTTP/1.1" 200 7730
186.29.124.190 - - [08/Jul/2022:12:13:28 -0500] "GET /appsia/images/logo_escudo.png HTTP/1.1" 200 36965
201.245.192.253 - - [08/Jul/2022:12:13:30 -0500] "POST /kwsrmcab/Wsrmcab  HTTP/1.1" 200 45708
186.84.170.253 - - [08/Jul/2022:12:14:32 -0500] "GET /BLA/resoluciones/RESOLUCIONES%202022/0094.pdf HTTP/1.1" 200 363718
186.102.55.79 - - [08/Jul/2022:12:14:33 -0500] "GET /kwssiamovil/sm/ldap/au?x=U2FsdGVkX1+1NjVO4mtl7b7yNxagtGo20RjC/KjgpAJoouu+Zkk4nbiwC/DEr6H4&y=U2FsdGVkX1+v38H60l9p+OEwQ1AbfZZiVgR64guqWqezJFDFy2B6aBBFVFNjjMRh HTTP/1.1" 200 30
186.102.55.79 - - [08/Jul/2022:12:14:33 -0500] "GET /kwssiamovil/sm/acme/s?s=U2FsdGVkX18Y4Vhl5L8V9BddX49q8v7l6A9UVEcIhKMcO+L0vxoyWFAZtbOJ4oEwG6Ai0Y7aTWkIYxGUnrWbgR3y+TQ31RcLmduplBP6NjQ=&u=U2FsdGVkX1/lIo1k2cp7Pj56Lmd3ekZ5I/6TPNwKfWJ7pH/dMIhUiPc/9UVO02PC&y=U2FsdGVkX1+v38H60l9p+OEwQ1AbfZZiVgR64guqWqezJFDFy2B6aBBFVFNjjMRh HTTP/1.1" 200 97
186.102.55.79 - - [08/Jul/2022:12:14:33 -0500] "GET /kwssiamovil/sm/acme/s?s=U2FsdGVkX18ZfwwBit07SqU9I/hR6PMoOqQSpE930T1xDVq1NBzXIRFqyMmjFNrWp2QY/mMn9KRCawECDdVvMdhSh1ebJ15LXuCf/tuY/mvMvV8QhHZKWhpjkh8/D0L6hJupQFkGBsU5miUMt5AX+rv173SX6YW7tzHLK2vt7SLmeukegY7FSbM4AKf8+O868Xl3/bqlZ/kve4vnOm1yEnDPqHutgPEpAxWUiB5i/r4boRE8wSpoX1AlaSdS8kwYWjotKUFQxzmLWpz9McdblxFhaawOhg0zN/3GZFBOE0Z/i0X38aDen5Ol5fF3hGpGvGbZ4DIsC3R/yEvEZAHrx+HWP/ksgZwpmbbGwiqoWgnN62DQ2co3Nzku/SUNYxIpUR/kPVUmyAmIaub/2LVJzrNQQ03DhfyumCs6i5yFG17H9etbv8j+6q3QedvtS2lnwMo79E9eY2oJjAcIBfkiXgFE/3hR0ulSBMW14cITr/w3yXMgYoRaxkI+BDoDJ/O+2qN5LjOF9CjuDvpOuW3parEU6fUMLigJONzOKbqTb2XScqaC/Ab4aY9nvrLxw9GtQT2Suv1bw+Du5JrR0ix9jb6VewlsQuWe0bLcIfNlQ/FGg1RV9CMrCp7m3KRHtsQ0OTVRhoOmxf2cfffiESgjkssh26/UWYPmFBkumbcce3vK2dF8BN0Gmnp32rtYnZ6X/L3VnIQmFgtMJgEtKNUtuNZEkzByh82FdbQeta2RroKSH6Sn7DNoPQRYV0z5gejshfTQ658wRi6lOP1PXT04S7LyHMk/US/Cu34XHG8phC5jjvfhaM1VoHKzNYqwSVvsanvdl/Jt0v1Fi9SaPQ0lT2CCF5pkwuq3/i96zmmp9YaxZn08y0YUaYNyy1KEKY7tIRGPi4G3LCq7mEVLfhDJ/n8lHyuoMNpQYwxH6Yhv6srKBIsZejCofivS0Trn5+uhz73QgzXkyKWTRKQ193diMOgl8l/OzWUC/mTV2Z1bCrjEmBPaJGXCY3Z7irkYpn5KNrBFQONoU14Qk14+u3jiSTUOxNt5492TtZsW9zl/7jNJ01f3aW2ZGJXnpoVA4FUPC782DM9oLeHmyklRv3vL00OVFkHBA+feSJffN4C3GTzmVrbeK1sneQTkL7fl426r+y5x5E+Okd8YpaGLEpxXCPKoDShUTLqhHmuert/QcVrqKYJOD1OJgXWvFte+vdx+J54wKF5TDt+7HQW2BLj3bgZP0729080Py7FGvWaUWQm3QxX81NvcjAvv862DREbiK2AeVXsFtDRBVqfYinXo+fGNetKAClbfSImYS3ddXkpByV43UpUuUYmJFiYZIW9B5sKL4mYXE3m6vwAG16nIv8HMsy8ih8l/IcXUeMki4ro=&u=U2FsdGVkX1/lIo1k2cp7Pj56Lmd3ekZ5I/6TPNwKfWJ7pH/dMIhUiPc/9UVO02PC&y=U2FsdGVkX1+v38H60l9p+OEwQ1AbfZZiVgR64guqWqezJFDFy2B6aBBFVFNjjMRh HTTP/1.1" 200 826
186.102.55.79 - - [08/Jul/2022:12:14:33 -0500] "GET /kwssiamovil/sm/acme/s?s=U2FsdGVkX1/wqlphGC8cOJFpsvZuUNOH7LJOoKlCE54sIYM0FO5r0n/fF2lqfmltIeVWDEgM+uBVYM2R0/bnJs4GkwtWA7gxEi6eztoIEdPQWHgSmpSm6RRdSRtGhITWABxwQTwkZ+JWYWpwZhG9SkFFQ6+N9P6xI2yRXFPIIzp/lMkU5qXtu9kMhiurEkyEIPcnln2dpyICueZC6X/CXIpwU4nrnNuTgitIzPzomIMVUs8pQS/bH0mPWEIhrfEdUOHUawV3ScgN/cjz+QqAzqtWJd2833fukCOlwAyE1NQ=&u=U2FsdGVkX1/lIo1k2cp7Pj56Lmd3ekZ5I/6TPNwKfWJ7pH/dMIhUiPc/9UVO02PC&y=U2FsdGVkX1+v38H60l9p+OEwQ1AbfZZiVgR64guqWqezJFDFy2B6aBBFVFNjjMRh HTTP/1.1" 200 176
186.102.55.79 - - [08/Jul/2022:12:14:34 -0500] "GET /kwssiamovil/sm/cjson/pre?f=1&x=U2FsdGVkX1+1NjVO4mtl7b7yNxagtGo20RjC/KjgpAJoouu+Zkk4nbiwC/DEr6H4 HTTP/1.1" 200 30992
181.237.48.122 - - [08/Jul/2022:12:15:14 -0500] "POST /sipse/faces/presentacion/financiero/solicitudProceso/consultarSolicitudProceso.xhtml HTTP/1.1" 200 46479
181.237.48.122 - - [08/Jul/2022:12:15:14 -0500] "GET /sipse/faces/javax.faces.resource/jquery/jquery.js?ln=primefaces&v=4.0 HTTP/1.1" 304 -
181.237.48.122 - - [08/Jul/2022:12:15:14 -0500] "GET /sipse/faces/javax.faces.resource/jquery/jquery-plugins.js?ln=primefaces&v=4.0 HTTP/1.1" 304 -
181.237.48.122 - - [08/Jul/2022:12:15:14 -0500] "GET /sipse/faces/javax.faces.resource/primefaces.js?ln=primefaces&v=4.0 HTTP/1.1" 304 -
181.237.48.122 - - [08/Jul/2022:12:15:14 -0500] "GET /sipse/faces/javax.faces.resource/layout/layout.js?ln=primefaces&v=4.0 HTTP/1.1" 304 -
181.237.48.122 - - [08/Jul/2022:12:15:14 -0500] "POST /sipse/faces/presentacion/financiero/solicitudProceso/consultar.xhtml HTTP/1.1" 200 39785
181.237.48.122 - - [08/Jul/2022:12:15:14 -0500] "POST /sipse/faces/presentacion/financiero/solicitudProceso/consultar.xhtml HTTP/1.1" 200 39785
181.237.48.122 - - [08/Jul/2022:12:15:14 -0500] "POST /sipse/faces/presentacion/financiero/solicitudProceso/consultar.xhtml HTTP/1.1" 200 39785
181.237.48.122 - - [08/Jul/2022:12:15:14 -0500] "POST /sipse/faces/presentacion/financiero/solicitudProceso/consultar.xhtml HTTP/1.1" 200 39785
181.237.48.122 - - [08/Jul/2022:12:15:17 -0500] "POST /sipse/faces/presentacion/financiero/solicitudProceso/consultar.xhtml HTTP/1.1" 200 12773
181.237.48.122 - - [08/Jul/2022:12:15:19 -0500] "POST /sipse/faces/presentacion/financiero/solicitudProceso/consultar.xhtml HTTP/1.1" 200 153122
181.237.48.122 - - [08/Jul/2022:12:15:19 -0500] "GET /sipse/faces/javax.faces.resource/jquery/jquery.js?ln=primefaces&v=4.0 HTTP/1.1" 304 -
181.237.48.122 - - [08/Jul/2022:12:15:19 -0500] "GET /sipse/faces/javax.faces.resource/jquery/jquery-plugins.js?ln=primefaces&v=4.0 HTTP/1.1" 304 -
181.237.48.122 - - [08/Jul/2022:12:15:19 -0500] "GET /sipse/faces/javax.faces.resource/primefaces.js?ln=primefaces&v=4.0 HTTP/1.1" 304 -
181.237.48.122 - - [08/Jul/2022:12:15:19 -0500] "GET /sipse/faces/javax.faces.resource/layout/layout.js?ln=primefaces&v=4.0 HTTP/1.1" 304 -
181.237.48.122 - - [08/Jul/2022:12:15:19 -0500] "GET /sipse/faces/javax.faces.resource/dynamiccontent.properties?ln=primefaces&pfdrid=XjOR5%2F%2FfPAZAuY9TpWQeCiM0BhlXxYRBGKi%2FQcXXfeA%3D&pfdrid_c=false HTTP/1.1" 500 383
173.252.95.1 - - [08/Jul/2022:12:15:21 -0500] "GET /en-el-diamundialdelmedioambiente-distrito-ejercito-nacional-y-comunidad-plantaron-120-arboles-en-parque-nacional.html HTTP/1.1" 206 838
186.80.205.162 - - [08/Jul/2022:12:16:41 -0500] "GET /BLA/resoluciones/index.php?dir=AUTOS+2017%2F HTTP/1.1" 200 456901
172.22.2.4 - - [08/Jul/2022:12:15:12 -0500] "HEAD /BLA/boletinlegal/ HTTP/1.1" 200 -
172.22.2.4 - - [08/Jul/2022:12:17:05 -0500] "GET /BLA/boletinlegal/actos.php HTTP/1.1" 200 9559
201.245.192.253 - - [08/Jul/2022:12:17:07 -0500] "GET /BLA/resoluciones/ HTTP/1.1" 200 13093
186.80.205.162 - - [08/Jul/2022:12:17:08 -0500] "GET /BLA/resoluciones/AUTOS%202017/0751.pdf HTTP/1.1" 200 560221
201.245.192.253 - - [08/Jul/2022:12:17:12 -0500] "GET /BLA/resoluciones/index.php?dir=AUTOS+2010%2F HTTP/1.1" 200 276453
172.22.2.4 - - [08/Jul/2022:12:16:03 -0500] "GET /BLA/boletinlegal/ HTTP/1.1" 200 46746
172.22.2.4 - - [08/Jul/2022:12:16:45 -0500] "GET /BLA/boletinlegal/ HTTP/1.1" 200 32715
172.22.2.4 - - [08/Jul/2022:12:18:00 -0500] "GET /BLA/boletinlegal/consulta_actos.php?tipo=autos&no=&usuario=&sector=&fecha=2010&resuelve= HTTP/1.1" 200 723690
172.22.2.4 - - [08/Jul/2022:12:18:01 -0500] "GET /BLA/boletinlegal/images/background.gif HTTP/1.1" 200 -
216.245.221.92 - - [08/Jul/2022:12:18:03 -0500] "HEAD / HTTP/1.1" 200 -
2.57.122.98 - - [08/Jul/2022:12:18:10 -0500] "GET / HTTP/1.1" 200 319
207.46.13.8 - - [08/Jul/2022:12:18:15 -0500] "GET /BLA/resoluciones/AUTOS%202014/0356.pdf HTTP/1.1" 200 485248
201.245.192.253 - - [08/Jul/2022:12:18:30 -0500] "POST /kwsrmcab/Wsrmcab  HTTP/1.1" 200 45708
181.53.13.168 - - [08/Jul/2022:12:20:36 -0500] "GET /appsia/controlador HTTP/1.1" 200 4799
181.53.13.168 - - [08/Jul/2022:12:20:37 -0500] "GET /appsia/css/estilos.css HTTP/1.1" 200 4804
181.53.13.168 - - [08/Jul/2022:12:20:37 -0500] "GET /appsia/scripts/validarIngreso.js HTTP/1.1" 200 851
181.53.13.168 - - [08/Jul/2022:12:20:37 -0500] "GET /appsia/images/logo_bogota_p.png HTTP/1.1" 200 14951
181.53.13.168 - - [08/Jul/2022:12:20:37 -0500] "GET /appsia/images/cabezoteHojaVida.png HTTP/1.1" 200 32493
181.53.13.168 - - [08/Jul/2022:12:20:37 -0500] "GET /favicon.ico HTTP/1.1" 200 7782
181.53.13.168 - - [08/Jul/2022:12:20:45 -0500] "POST /appsia/controlador HTTP/1.1" 200 3598
181.53.13.168 - - [08/Jul/2022:12:20:45 -0500] "GET /appsia/jscripts/validarSolicitud.js HTTP/1.1" 404 68
186.84.21.58 - - [08/Jul/2022:12:20:47 -0500] "GET /appsia/controlador HTTP/1.1" 200 4799
186.84.21.58 - - [08/Jul/2022:12:20:47 -0500] "GET /appsia/css/estilos.css HTTP/1.1" 200 4804
186.84.21.58 - - [08/Jul/2022:12:20:47 -0500] "GET /appsia/scripts/validarIngreso.js HTTP/1.1" 200 851
186.84.21.58 - - [08/Jul/2022:12:20:47 -0500] "GET /appsia/images/cabezoteHojaVida.png HTTP/1.1" 200 32493
186.84.21.58 - - [08/Jul/2022:12:20:47 -0500] "GET /appsia/images/logo_bogota_p.png HTTP/1.1" 200 14951
186.84.21.58 - - [08/Jul/2022:12:20:47 -0500] "GET /favicon.ico HTTP/1.1" 200 7782
181.53.13.168 - - [08/Jul/2022:12:20:50 -0500] "POST /appsia/controlador HTTP/1.1" 200 4799
186.84.21.58 - - [08/Jul/2022:12:21:07 -0500] "POST /appsia/controlador HTTP/1.1" 200 4621
186.84.21.58 - - [08/Jul/2022:12:21:15 -0500] "POST /appsia/controlador HTTP/1.1" 200 7731
186.84.21.58 - - [08/Jul/2022:12:21:15 -0500] "GET /appsia/images/logo_escudo.png HTTP/1.1" 200 36965
201.245.192.253 - - [08/Jul/2022:12:21:23 -0500] "POST /kwsrmcab/Wsrmcab HTTP/1.1" 200 43654
201.245.192.253 - - [08/Jul/2022:12:21:27 -0500] "POST /kwsrmcab/Wsrmcab HTTP/1.1" 200 44560
181.53.13.168 - - [08/Jul/2022:12:21:32 -0500] "POST /appsia/controlador HTTP/1.1" 200 3598
181.53.13.168 - - [08/Jul/2022:12:21:32 -0500] "GET /appsia/jscripts/validarSolicitud.js HTTP/1.1" 404 68
181.53.13.168 - - [08/Jul/2022:12:21:45 -0500] "POST /appsia/controlador HTTP/1.1" 200 4799
181.53.13.168 - - [08/Jul/2022:12:22:06 -0500] "POST /appsia/controlador HTTP/1.1" 200 3598
181.53.13.168 - - [08/Jul/2022:12:22:06 -0500] "GET /appsia/jscripts/validarSolicitud.js HTTP/1.1" 404 68
181.237.48.122 - - [08/Jul/2022:12:22:28 -0500] "POST /sipse/faces/presentacion/financiero/solicitudProceso/consultarSolicitudProceso.xhtml HTTP/1.1" 200 46345
181.237.48.122 - - [08/Jul/2022:12:22:28 -0500] "GET /sipse/faces/javax.faces.resource/jquery/jquery.js?ln=primefaces&v=4.0 HTTP/1.1" 304 -
181.237.48.122 - - [08/Jul/2022:12:22:28 -0500] "GET /sipse/faces/javax.faces.resource/jquery/jquery-plugins.js?ln=primefaces&v=4.0 HTTP/1.1" 304 -
181.237.48.122 - - [08/Jul/2022:12:22:29 -0500] "GET /sipse/faces/javax.faces.resource/primefaces.js?ln=primefaces&v=4.0 HTTP/1.1" 304 -
181.237.48.122 - - [08/Jul/2022:12:22:29 -0500] "GET /sipse/faces/javax.faces.resource/layout/layout.js?ln=primefaces&v=4.0 HTTP/1.1" 304 -
181.237.48.122 - - [08/Jul/2022:12:22:29 -0500] "POST /sipse/faces/presentacion/financiero/solicitudProceso/consultar.xhtml HTTP/1.1" 200 39651
181.237.48.122 - - [08/Jul/2022:12:22:29 -0500] "POST /sipse/faces/presentacion/financiero/solicitudProceso/consultar.xhtml HTTP/1.1" 200 39651
181.237.48.122 - - [08/Jul/2022:12:22:29 -0500] "POST /sipse/faces/presentacion/financiero/solicitudProceso/consultar.xhtml HTTP/1.1" 200 39651
181.237.48.122 - - [08/Jul/2022:12:22:30 -0500] "POST /sipse/faces/presentacion/financiero/solicitudProceso/consultar.xhtml HTTP/1.1" 200 39651
181.237.48.122 - - [08/Jul/2022:12:22:30 -0500] "POST /sipse/faces/presentacion/financiero/solicitudProceso/consultar.xhtml HTTP/1.1" 200 39651
181.237.48.122 - - [08/Jul/2022:12:22:30 -0500] "POST /sipse/faces/presentacion/financiero/solicitudProceso/consultar.xhtml HTTP/1.1" 200 39651
201.245.192.253 - - [08/Jul/2022:12:22:34 -0500] "GET /kwsrmcab/Wsrmcab HTTP/1.1" 405 22
181.237.48.122 - - [08/Jul/2022:12:22:36 -0500] "POST /sipse/faces/presentacion/financiero/solicitudProceso/consultar.xhtml HTTP/1.1" 200 12907
181.237.48.122 - - [08/Jul/2022:12:22:37 -0500] "POST /sipse/faces/presentacion/financiero/solicitudProceso/consultar.xhtml HTTP/1.1" 200 157597
181.237.48.122 - - [08/Jul/2022:12:22:38 -0500] "GET /sipse/faces/javax.faces.resource/jquery/jquery.js?ln=primefaces&v=4.0 HTTP/1.1" 304 -
181.237.48.122 - - [08/Jul/2022:12:22:38 -0500] "GET /sipse/faces/javax.faces.resource/jquery/jquery-plugins.js?ln=primefaces&v=4.0 HTTP/1.1" 304 -
181.237.48.122 - - [08/Jul/2022:12:22:38 -0500] "GET /sipse/faces/javax.faces.resource/primefaces.js?ln=primefaces&v=4.0 HTTP/1.1" 304 -
181.237.48.122 - - [08/Jul/2022:12:22:38 -0500] "GET /sipse/faces/javax.faces.resource/layout/layout.js?ln=primefaces&v=4.0 HTTP/1.1" 304 -
181.237.48.122 - - [08/Jul/2022:12:22:38 -0500] "GET /sipse/faces/javax.faces.resource/dynamiccontent.properties?ln=primefaces&pfdrid=XjOR5%2F%2FfPAZAuY9TpWQeCiM0BhlXxYRBGKi%2FQcXXfeA%3D&pfdrid_c=false HTTP/1.1" 500 383
172.22.2.4 - - [08/Jul/2022:12:21:02 -0500] "HEAD /BLA/boletinlegal/ HTTP/1.1" 200 -
216.245.221.92 - - [08/Jul/2022:12:23:03 -0500] "HEAD / HTTP/1.1" 200 -
201.245.192.253 - - [08/Jul/2022:12:23:06 -0500] "GET /kwsrmcab/Wsrmcab HTTP/1.1" 405 22
181.53.13.168 - - [08/Jul/2022:12:23:28 -0500] "GET /appsia/controlador HTTP/1.1" 200 4799
201.245.192.253 - - [08/Jul/2022:12:23:29 -0500] "POST /kwsrmcab/Wsrmcab  HTTP/1.1" 200 45708
172.22.2.4 - - [08/Jul/2022:12:21:53 -0500] "GET /BLA/boletinlegal/ HTTP/1.1" 200 56911
186.102.15.106 - - [08/Jul/2022:12:23:38 -0500] "GET /kwssiamovil/sm/acme/a?s=U2FsdGVkX1+xGh3bTAGM6UxC8g+3fDdw+SEY8El7NKkX5M18xs6/AmpZoI315GZeHuquiyuBCebZjPhUthbowy4DJ+n4odB5C/eTSzHUc320cBSvsHgvvFCFqpJmDSetTokGDpLF6frxZ0FXXkMzBqV2vXS0j4rQAdt2P9BjucWGwI4aRrMHaaHz7BJ6NBdCczsJMPQriKqAcouWs1xJKQECGoYZ+0B3FHKKZkJXqqSNH7NHUA8SkLEw28XB6AobRqScl7CR3/OkxNHg9YaR8mRCI+dcZZ5dPw2563PPBuU=&u=U2FsdGVkX19h8Mm7P257ci/WSyL73sTfxYO/iycInEfFbsJf3rDHctHt7IlQMmur&y=U2FsdGVkX1+Tk3fXRLKZQrZJ2+REkuCctOhRy+FGNwDndatOOXm61BOhloOrM9OA HTTP/1.1" 200 25
186.102.15.106 - - [08/Jul/2022:12:23:38 -0500] "GET /kwssiamovil/sm/acme/a?s=U2FsdGVkX183auFqdvb2gaT9+OejZYq9JfaLaAGLfEaIvCVwariMZ+BUUBiUFL8Qf9t3Gda4OdDpUZTPp9wVtCcBypBz9lup57mBYCcZdzOJb6ZrkRS8w6Uk5NLoSAOcVECTRSBJjMBPaV6a1ldoJRlW/LApzL9Hy69sqFpjxTEVwK9kvptCMrn6hNvgSO5Pzx6hA/ddIJPALCYbd8RhY7bFrxZ5tm/vgE+NqjIdlFUGCesx0BhuIyt/9g/S2WhYuCpf20JQTU2Bp+2hDLMXhR2jK/OBFiAbjGmDQ+tHBFzQ4z4O9tO4AYy06QP8QqcgiccxXA5MLCtV/QOm2QidN9KbZSM4HjuLw8o1zuaQkH443WoO18ggdTadjMxwPiF8fS6l1/tjCiw/srTFe0KZ5DGnUtS4rbIn8H0jJOVB8bNQrnKqTOhJDTED0043mU5sm3SpM8R8aU90596Po35PtSSarbOd7jWp3u3Ok/wnXyAdM2ra20oJgPM7iQxmagofTs//mAzbp8IH/LTxuWjeMAqEwiPk4DgVVPtefDxxZ3aii8hxXEP8uJr/m8JqBYMc7jsK8fkgog0xE9uW1TWVV2PwIla0fNzXTERQvjVshKRR9XAbuLMhNTEIMN4F2x310BYAZhGU9Y+4vSc6+D5uuKuDU1fwMGijX9m8isUQkFdjEWuIN/S+KReWLVZMEMQHR0C8ZXWbTOBQvz2sDtaxkZPlFDM4tN5oQ1Dxx0KreVf7j4+/Ddac+u9DSQyuXBDYmqSKdWDGlWMnI6zp7PkgbVxBghFEdYxhZOhQeBCIinfww2lJJHFENCH7kRrtRnfXSF9pOvLgaLxhVzPOdXw2/nbf1GRfVFYpQ97Zn4p3oRxPjjfRM6I1NL7WQ04cMXYILWzmyDfn2PXOJjcVuxVdIl9BT5DDqwPlIztZUA3YcKfmxUAiomUCuPqpdNaTqQLQym6y0HC6l7qO6aasY1Sr1ux27n343p+zDI71BgWhAh6+tE9PQgMd9Thdqen+u0+lYulu7Xqfos7xklqIJqse0rIckzxaRyNHz3AHpGccQZlS4P8vLAVlyJ1+VSscagJw/xGVE+orjolPGhG/5ZD4Bl5zc8i4tsXWYsieYVt7TWMaIIuRJnbAB1bc78Ryg+dma0MOAir8zDy8oVLZ6bWZ2GMOluYIvLnqyX57fGF1MTKYWGK/Ja22hE71GhMMB3QeaoNYqOKrJDE/1ToxxRuIIEOKwt+lqYamGg01QKF5JcR+rgsSkbtrUwERbpu36YN15Ftwd2LmMyzCtVc6YlrL01doK8DjEkq0HmhYUMK9WrVgDDWZMdBKSFPbNRXFjqqxslgyEZYQD8A/VKgajc9F5N8S3Lp7CCqJoqPbP0t/OHfDhBsS1RLOwYFMvAVgypdRB7cwQZVRMHo1Qa1kYpejr//vUHsBlvcY0gGegl7vXg6AOhHpdGHsGDq+EBziL5JNFjJtwDKXuCTGum5A78LyVoOJMEWC/8Q6LN7CjIKTF1aNvC3V33jNbO/7W4KkqcZUDNDXBbBxvzZdasqMaH8izvc6oxyb/AMNeouEK9s90DEBbPkcjSES3ETGEXmvprXqXoTsb0BOOMurHWTPmfQd/GU2gPYpA0DRIesfCtNb2qUqMccuLflsTuc1JhY2XcFpQsBF+rr6CgU1x+tEcD/jUg==&u=U2FsdGVkX19h8Mm7P257ci/WSyL73sTfxYO/iycInEfFbsJf3rDHctHt7IlQMmur&y=U2FsdGVkX1+Tk3fXRLKZQrZJ2+REkuCctOhRy+FGNwDndatOOXm61BOhloOrM9OA HTTP/1.1" 200 25
186.102.15.106 - - [08/Jul/2022:12:23:38 -0500] "GET /kwssiamovil/sm/acme/a?s=U2FsdGVkX1+8Qzj7OmOypERAKmfZVCF81PkqCLp8dtSkyakDKurepHJ+Be5XL1U5PEuw2OiS0ldg+qVQ5tH1i28t58GADxL8XiSSWy4xXb+hkeZHnohVV3X+b4cQtN05GojqRS/1VoefMgiN2vdeEFqqb32SO8BQMgnpvtFncLo=&u=U2FsdGVkX19h8Mm7P257ci/WSyL73sTfxYO/iycInEfFbsJf3rDHctHt7IlQMmur&y=U2FsdGVkX1+Tk3fXRLKZQrZJ2+REkuCctOhRy+FGNwDndatOOXm61BOhloOrM9OA HTTP/1.1" 200 25
186.102.15.106 - - [08/Jul/2022:12:23:38 -0500] "GET /kwssiamovil/sm/acme/a?s=U2FsdGVkX1/Uio0Bc+wiEyuYu8v5ioIu9ALAewakCNVV3DxfkzssoMyYVmeDfO+7TmLP7YTD3EvJIePNEEyzFoXR0bV+YOK4JPzGydVvkaIqvJrWeRtAY805OiCL4I1xWmper+biRrLW3yHSPaVQF7BeZ0AY+e9kfLXUAR1Fjd8=&u=U2FsdGVkX19h8Mm7P257ci/WSyL73sTfxYO/iycInEfFbsJf3rDHctHt7IlQMmur&y=U2FsdGVkX1+Tk3fXRLKZQrZJ2+REkuCctOhRy+FGNwDndatOOXm61BOhloOrM9OA HTTP/1.1" 200 25
186.102.15.106 - - [08/Jul/2022:12:23:39 -0500] "GET /kwssiamovil/sm/acme/a?s=U2FsdGVkX1/L5Jxu9sTkoBhtzc4p/uzcZZKEKPOyqh0yd+4GJoDH5IyfDGGTV8VivL7b9KZy3Q21PNHa5ms+kz2rJnlxAdlkAliMzC87eTd/cG1f+yLrVVvxG++deDsV2IXrYYcuCcMGXCVWC1huZnBUlflJeRnjKJX9xwbJ8iI=&u=U2FsdGVkX19h8Mm7P257ci/WSyL73sTfxYO/iycInEfFbsJf3rDHctHt7IlQMmur&y=U2FsdGVkX1+Tk3fXRLKZQrZJ2+REkuCctOhRy+FGNwDndatOOXm61BOhloOrM9OA HTTP/1.1" 200 25
186.102.15.106 - - [08/Jul/2022:12:23:39 -0500] "GET /kwssiamovil/sm/acme/a?s=U2FsdGVkX1+9o88roSFFfXLHuHKvOb8uCoNrch90B49MJhwnZyVUhfUrTujbx3Lr5N+A02o148ZFVn2RqnPsMUNEyoSb/j7Y/2kKiERIyrGgzQdN5LdWyiJlvIVmsqphTq9c8JYbgx4UkKz7sXN0BCK8PDvIShRC+P/7YhvwYsg1e9HV7bT2+oIJqykBgta0fry0LRsSErnq4/jTKYnLcw==&u=U2FsdGVkX19h8Mm7P257ci/WSyL73sTfxYO/iycInEfFbsJf3rDHctHt7IlQMmur&y=U2FsdGVkX1+Tk3fXRLKZQrZJ2+REkuCctOhRy+FGNwDndatOOXm61BOhloOrM9OA HTTP/1.1" 200 25
201.245.192.253 - - [08/Jul/2022:12:23:57 -0500] "GET /kwsrmcab/Wsrmcab?wsdl HTTP/1.1" 200 6948
201.245.192.253 - - [08/Jul/2022:12:24:19 -0500] "GET /kwsrmcab/Wsrmcab?wsdl HTTP/1.1" 200 6948
205.169.39.143 - - [08/Jul/2022:12:25:24 -0500] "GET /portaldeninos/wp-includes/js/wp-emoji-release.min.js?ver=4.9.8 HTTP/1.1" 200 12026
205.169.39.143 - - [08/Jul/2022:12:25:29 -0500] "GET /portaldeninos/wp-content/plugins/google-analytics-for-wordpress/assets/js/frontend-gtag.min.js?ver=8.5.0 HTTP/1.1" 200 11801
205.169.39.143 - - [08/Jul/2022:12:25:30 -0500] "GET /portaldeninos/wp-includes/js/jquery/jquery.js?ver=1.12.4 HTTP/1.1" 200 97184
205.169.39.143 - - [08/Jul/2022:12:25:35 -0500] "GET /portaldeninos/wp-includes/js/jquery/jquery-migrate.min.js?ver=1.4.1 HTTP/1.1" 200 10056
205.169.39.143 - - [08/Jul/2022:12:25:35 -0500] "GET /portaldeninos/wp-includes/js/jquery/ui/core.min.js?ver=1.11.4 HTTP/1.1" 200 4000
205.169.39.143 - - [08/Jul/2022:12:25:35 -0500] "GET /portaldeninos/wp-content/plugins/gallery-videos/JS/modernizr.custom.js?ver=4.9.8 HTTP/1.1" 200 9019
205.169.39.143 - - [08/Jul/2022:12:25:36 -0500] "GET /portaldeninos/wp-content/plugins/gallery-videos/JS/Total-Soft-Gallery-Video-Widget.js?ver=4.9.8 HTTP/1.1" 200 80264
205.169.39.143 - - [08/Jul/2022:12:25:38 -0500] "GET /portaldeninos/wp-includes/js/jquery/ui/widget.min.js?ver=1.11.4 HTTP/1.1" 200 6908
205.169.39.143 - - [08/Jul/2022:12:25:38 -0500] "GET /portaldeninos/wp-includes/js/jquery/ui/mouse.min.js?ver=1.11.4 HTTP/1.1" 200 3148
205.169.39.143 - - [08/Jul/2022:12:25:39 -0500] "GET /portaldeninos/wp-includes/js/jquery/ui/sortable.min.js?ver=1.11.4 HTTP/1.1" 200 24899
205.169.39.143 - - [08/Jul/2022:12:25:40 -0500] "GET /portaldeninos/wp-includes/js/jquery/ui/tabs.min.js?ver=1.11.4 HTTP/1.1" 200 12110
205.169.39.143 - - [08/Jul/2022:12:25:40 -0500] "GET /portaldeninos/wp-includes/js/jquery/ui/accordion.min.js?ver=1.11.4 HTTP/1.1" 200 8584
205.169.39.143 - - [08/Jul/2022:12:25:40 -0500] "GET /portaldeninos/wp-content/themes/betheme/js/plugins.js?ver=20.9.6 HTTP/1.1" 200 197151
205.169.39.143 - - [08/Jul/2022:12:25:43 -0500] "GET /portaldeninos/wp-content/themes/betheme/js/menu.js?ver=20.9.6 HTTP/1.1" 200 2449
205.169.39.143 - - [08/Jul/2022:12:25:43 -0500] "GET /portaldeninos/wp-content/themes/betheme/assets/animations/animations.min.js?ver=20.9.6 HTTP/1.1" 200 1896
205.169.39.143 - - [08/Jul/2022:12:25:44 -0500] "GET /portaldeninos/wp-content/themes/betheme/assets/jplayer/jplayer.min.js?ver=20.9.6 HTTP/1.1" 200 52702
205.169.39.143 - - [08/Jul/2022:12:25:44 -0500] "GET /portaldeninos/wp-content/themes/betheme/js/scripts.js?ver=20.9.6 HTTP/1.1" 200 77162
172.22.2.4 - - [08/Jul/2022:12:25:45 -0500] "GET /BLA/boletinlegal/actos.php HTTP/1.1" 200 9559
205.169.39.143 - - [08/Jul/2022:12:25:46 -0500] "GET /portaldeninos/wp-includes/js/wp-embed.min.js?ver=4.9.8 HTTP/1.1" 200 1398
201.245.192.253 - - [08/Jul/2022:12:25:48 -0500] "POST /kwsrmcab/Wsrmcab HTTP/1.1" 200 38617
172.22.2.4 - - [08/Jul/2022:12:25:57 -0500] "GET /BLA/boletinlegal/consulta_actos.php?tipo=autos&no=5949&usuario=&sector=&fecha=2011&resuelve= HTTP/1.1" 200 1032
172.22.2.4 - - [08/Jul/2022:12:25:58 -0500] "GET /BLA/boletinlegal/images/pdf.gif HTTP/1.1" 200 567
172.22.2.4 - - [08/Jul/2022:12:25:44 -0500] "GET /BLA/boletinlegal/ HTTP/1.1" 200 24523
216.245.221.92 - - [08/Jul/2022:12:28:03 -0500] "HEAD / HTTP/1.1" 200 -
185.7.214.104 - - [08/Jul/2022:12:28:04 -0500] "GET /actuator/gateway/routes HTTP/1.1" 404 1018
66.249.66.143 - - [08/Jul/2022:12:28:13 -0500] "-" 408 -
201.245.192.253 - - [08/Jul/2022:12:28:27 -0500] "POST /kwsrmcab/Wsrmcab  HTTP/1.1" 200 45708
172.22.2.4 - - [08/Jul/2022:12:26:52 -0500] "HEAD /BLA/boletinlegal/ HTTP/1.1" 200 -
65.154.226.170 - - [08/Jul/2022:12:28:36 -0500] "GET /portaldeninos/wp-content/uploads/useanyfont/uaf.css?ver=1589905315 HTTP/1.1" 200 408
65.154.226.170 - - [08/Jul/2022:12:28:36 -0500] "GET /portaldeninos/wp-content/themes/betheme/style.css?ver=20.9.6 HTTP/1.1" 200 287
65.154.226.170 - - [08/Jul/2022:12:28:36 -0500] "GET /portaldeninos/wp-content/plugins/gallery-videos/CSS/totalsoft.css?ver=4.9.8 HTTP/1.1" 200 40622
65.154.226.170 - - [08/Jul/2022:12:28:36 -0500] "GET /portaldeninos/wp-content/themes/betheme/css/base.css?ver=20.9.6 HTTP/1.1" 200 57283
65.154.226.170 - - [08/Jul/2022:12:28:36 -0500] "GET /portaldeninos/wp-content/plugins/gallery-videos/CSS/Total-Soft-Gallery-Video-Widget.css?ver=4.9.8 HTTP/1.1" 200 51554
65.154.226.170 - - [08/Jul/2022:12:28:37 -0500] "GET /portaldeninos/wp-content/themes/betheme/assets/animations/animations.min.css?ver=20.9.6 HTTP/1.1" 200 58508
65.154.226.170 - - [08/Jul/2022:12:28:37 -0500] "GET /portaldeninos/wp-content/themes/betheme/assets/jplayer/css/jplayer.blue.monday.css?ver=20.9.6 HTTP/1.1" 200 9834
65.154.226.170 - - [08/Jul/2022:12:28:37 -0500] "GET /portaldeninos/wp-content/themes/betheme/assets/ui/jquery.ui.all.css?ver=20.9.6 HTTP/1.1" 200 18765
65.154.226.170 - - [08/Jul/2022:12:28:36 -0500] "GET /portaldeninos/wp-content/themes/betheme/css/layout.css?ver=20.9.6 HTTP/1.1" 200 116639
65.154.226.170 - - [08/Jul/2022:12:28:37 -0500] "GET /portaldeninos/wp-includes/js/jquery/jquery-migrate.min.js?ver=1.4.1 HTTP/1.1" 200 10056
65.154.226.170 - - [08/Jul/2022:12:28:37 -0500] "GET /portaldeninos/wp-includes/js/jquery/ui/core.min.js?ver=1.11.4 HTTP/1.1" 200 4000
65.154.226.170 - - [08/Jul/2022:12:28:37 -0500] "GET /portaldeninos/wp-content/plugins/google-analytics-for-wordpress/assets/js/frontend-gtag.min.js?ver=8.5.0 HTTP/1.1" 200 11801
65.154.226.170 - - [08/Jul/2022:12:28:37 -0500] "GET /portaldeninos/wp-content/themes/betheme/css/shortcodes.css?ver=20.9.6 HTTP/1.1" 200 138889
65.154.226.170 - - [08/Jul/2022:12:28:37 -0500] "GET /portaldeninos/wp-content/themes/betheme/css/responsive.css?ver=20.9.6 HTTP/1.1" 200 55740
65.154.226.170 - - [08/Jul/2022:12:28:37 -0500] "GET /portaldeninos/wp-content/plugins/gallery-videos/JS/modernizr.custom.js?ver=4.9.8 HTTP/1.1" 200 9019
65.154.226.170 - - [08/Jul/2022:12:28:38 -0500] "GET /portaldeninos/wp-includes/js/jquery/ui/widget.min.js?ver=1.11.4 HTTP/1.1" 200 6908
65.154.226.170 - - [08/Jul/2022:12:28:38 -0500] "GET /portaldeninos/wp-includes/js/jquery/ui/mouse.min.js?ver=1.11.4 HTTP/1.1" 200 3148
65.154.226.170 - - [08/Jul/2022:12:28:37 -0500] "GET /portaldeninos/wp-includes/js/jquery/jquery.js?ver=1.12.4 HTTP/1.1" 200 97184
65.154.226.170 - - [08/Jul/2022:12:28:38 -0500] "GET /portaldeninos/wp-includes/js/jquery/ui/accordion.min.js?ver=1.11.4 HTTP/1.1" 200 8584
65.154.226.170 - - [08/Jul/2022:12:28:38 -0500] "GET /portaldeninos/wp-includes/js/jquery/ui/tabs.min.js?ver=1.11.4 HTTP/1.1" 200 12110
65.154.226.170 - - [08/Jul/2022:12:28:38 -0500] "GET /portaldeninos/wp-content/plugins/gallery-videos/JS/Total-Soft-Gallery-Video-Widget.js?ver=4.9.8 HTTP/1.1" 200 80264
65.154.226.170 - - [08/Jul/2022:12:28:38 -0500] "GET /portaldeninos/wp-content/themes/betheme/js/menu.js?ver=20.9.6 HTTP/1.1" 200 2449
65.154.226.170 - - [08/Jul/2022:12:28:38 -0500] "GET /portaldeninos/wp-includes/js/jquery/ui/sortable.min.js?ver=1.11.4 HTTP/1.1" 200 24899
65.154.226.170 - - [08/Jul/2022:12:28:38 -0500] "GET /portaldeninos/wp-content/themes/betheme/assets/animations/animations.min.js?ver=20.9.6 HTTP/1.1" 200 1896
65.154.226.170 - - [08/Jul/2022:12:28:38 -0500] "GET /portaldeninos/wp-includes/js/wp-embed.min.js?ver=4.9.8 HTTP/1.1" 200 1398
65.154.226.170 - - [08/Jul/2022:12:28:38 -0500] "GET /portaldeninos/wp-content/themes/betheme/images/box_shadow.png HTTP/1.1" 200 108
65.154.226.170 - - [08/Jul/2022:12:28:38 -0500] "GET /portaldeninos/wp-includes/js/wp-emoji-release.min.js?ver=4.9.8 HTTP/1.1" 200 12026
65.154.226.170 - - [08/Jul/2022:12:28:38 -0500] "GET /portaldeninos/wp-content/themes/betheme/assets/jplayer/jplayer.min.js?ver=20.9.6 HTTP/1.1" 200 52702
65.154.226.170 - - [08/Jul/2022:12:28:38 -0500] "GET /portaldeninos/wp-content/themes/betheme/js/scripts.js?ver=20.9.6 HTTP/1.1" 200 77162
65.154.226.170 - - [08/Jul/2022:12:28:38 -0500] "GET /portaldeninos/wp-content/themes/betheme/js/plugins.js?ver=20.9.6 HTTP/1.1" 200 197151
65.154.226.170 - - [08/Jul/2022:12:28:38 -0500] "GET /portaldeninos/wp-content/themes/betheme/fonts/mfn-icons.woff?93978679 HTTP/1.1" 200 80932
65.154.226.170 - - [08/Jul/2022:12:28:39 -0500] "GET /portaldeninos/wp-content/themes/betheme/fonts/mfn-icons.ttf?93978679 HTTP/1.1" 200 124684
172.22.2.4 - - [08/Jul/2022:12:27:43 -0500] "GET /BLA/boletinlegal/ HTTP/1.1" 200 58122
201.245.192.253 - - [08/Jul/2022:12:29:43 -0500] "POST /sipse/faces/presentacion/proyectos/proyecto/proyecto.xhtml HTTP/1.1" 200 72732
201.245.192.253 - - [08/Jul/2022:12:30:12 -0500] "POST /sipse/faces/presentacion/proyectos/proyecto/proyecto.xhtml HTTP/1.1" 200 10343
201.245.192.253 - - [08/Jul/2022:12:30:15 -0500] "POST /sipse/faces/presentacion/proyectos/proyecto/proyecto.xhtml HTTP/1.1" 200 72995
201.245.192.253 - - [08/Jul/2022:12:30:29 -0500] "POST /sipse/faces/presentacion/proyectos/proyecto/proyecto.xhtml HTTP/1.1" 200 73744
186.102.12.142 - - [08/Jul/2022:12:30:32 -0500] "OPTIONS /kwssiamovil/sm/setfile/f? HTTP/1.1" 200 13
201.245.192.253 - - [08/Jul/2022:12:30:50 -0500] "POST /sipse/faces/presentacion/proyectos/proyecto/proyecto.xhtml HTTP/1.1" 200 73091
186.102.12.142 - - [08/Jul/2022:12:30:33 -0500] "POST /kwssiamovil/sm/setfile/f? HTTP/1.1" 200 381
186.102.12.142 - - [08/Jul/2022:12:30:58 -0500] "OPTIONS /kwssiamovil/sm/setfile/f? HTTP/1.1" 200 13
201.245.192.253 - - [08/Jul/2022:12:30:55 -0500] "POST /sipse/faces/presentacion/proyectos/proyecto/proyecto.xhtml HTTP/1.1" 200 72952
201.245.192.253 - - [08/Jul/2022:12:31:18 -0500] "POST /sipse/faces/presentacion/proyectos/proyecto/proyecto.xhtml HTTP/1.1" 200 73756
172.22.2.4 - - [08/Jul/2022:12:31:22 -0500] "GET /BLA/boletinlegal/consulta_actos.php?tipo=resoluciones&no=&usuario=&sector=AIRE&fecha=2022&resuelve=ADUCIDAD%20DE%20LA%20FACULTAD%20SANCIONA HTTP/1.1" 200 10176
201.245.192.253 - - [08/Jul/2022:12:31:23 -0500] "POST /kwsrmcab/Wsrmcab HTTP/1.1" 200 43654
201.245.192.253 - - [08/Jul/2022:12:31:27 -0500] "POST /kwsrmcab/Wsrmcab HTTP/1.1" 200 44560
172.22.2.4 - - [08/Jul/2022:12:31:40 -0500] "GET /BLA/boletinlegal/consulta_actos.php?tipo=resoluciones&no=&usuario=&sector=AIRE&fecha=2021&resuelve=ADUCIDAD%20DE%20LA%20FACULTAD%20SANCIONA HTTP/1.1" 200 59535
186.102.12.142 - - [08/Jul/2022:12:30:58 -0500] "POST /kwssiamovil/sm/setfile/f? HTTP/1.1" 200 381
186.102.12.142 - - [08/Jul/2022:12:31:42 -0500] "OPTIONS /kwssiamovil/sm/setfile/f? HTTP/1.1" 200 13
186.102.12.142 - - [08/Jul/2022:12:31:43 -0500] "POST /kwssiamovil/sm/setfile/f? HTTP/1.1" 200 381
186.102.12.142 - - [08/Jul/2022:12:31:51 -0500] "OPTIONS /kwssiamovil/sm/setfile/f? HTTP/1.1" 200 13
186.102.12.142 - - [08/Jul/2022:12:31:52 -0500] "POST /kwssiamovil/sm/setfile/f? HTTP/1.1" 200 381
186.102.12.142 - - [08/Jul/2022:12:32:03 -0500] "OPTIONS /kwssiamovil/sm/setfile/f? HTTP/1.1" 200 13
199.59.150.182 - - [08/Jul/2022:12:32:07 -0500] "GET /images/Mirla%20Comu%CC%81n%20SDA%20(1)%20(1).jpeg HTTP/1.1" 404 1034
186.102.12.142 - - [08/Jul/2022:12:32:04 -0500] "POST /kwssiamovil/sm/setfile/f? HTTP/1.1" 200 381
186.102.12.142 - - [08/Jul/2022:12:32:15 -0500] "OPTIONS /kwssiamovil/sm/setfile/f? HTTP/1.1" 200 13
172.22.2.4 - - [08/Jul/2022:12:32:31 -0500] "GET /BLA/boletinlegal/consulta_actos.php?tipo=resoluciones&no=&usuario=&sector=AIRE&fecha=2020&resuelve=ADUCIDAD%20DE%20LA%20FACULTAD%20SANCIONA HTTP/1.1" 200 4419
186.102.12.142 - - [08/Jul/2022:12:32:15 -0500] "POST /kwssiamovil/sm/setfile/f? HTTP/1.1" 200 381
186.102.12.142 - - [08/Jul/2022:12:32:34 -0500] "OPTIONS /kwssiamovil/sm/setfile/f? HTTP/1.1" 200 13
172.22.2.4 - - [08/Jul/2022:12:32:41 -0500] "GET /BLA/boletinlegal/consulta_actos.php?tipo=resoluciones&no=&usuario=&sector=AIRE&fecha=2019&resuelve=ADUCIDAD%20DE%20LA%20FACULTAD%20SANCIONA HTTP/1.1" 200 626
172.22.2.4 - - [08/Jul/2022:12:32:45 -0500] "GET /BLA/boletinlegal/consulta_actos.php?tipo=resoluciones&no=&usuario=&sector=AIRE&fecha=2018&resuelve=ADUCIDAD%20DE%20LA%20FACULTAD%20SANCIONA HTTP/1.1" 200 4081
172.22.2.4 - - [08/Jul/2022:12:32:12 -0500] "GET /BLA/boletinlegal/ HTTP/1.1" 200 32715
186.102.12.142 - - [08/Jul/2022:12:32:35 -0500] "POST /kwssiamovil/sm/setfile/f? HTTP/1.1" 200 381
186.102.12.142 - - [08/Jul/2022:12:32:58 -0500] "OPTIONS /kwssiamovil/sm/setfile/f? HTTP/1.1" 200 13
172.22.2.4 - - [08/Jul/2022:12:32:59 -0500] "GET /BLA/boletinlegal/consulta_actos.php?tipo=resoluciones&no=&usuario=&sector=AIRE&fecha=2017&resuelve=ADUCIDAD%20DE%20LA%20FACULTAD%20SANCIONA HTTP/1.1" 200 9682
186.80.52.63 - - [08/Jul/2022:12:33:02 -0500] "POST /sipse/faces/presentacion/financiero/solicitudProceso/listarSolicitudProceso.xhtml HTTP/1.1" 200 911
216.245.221.92 - - [08/Jul/2022:12:33:03 -0500] "HEAD / HTTP/1.1" 200 -
186.102.12.142 - - [08/Jul/2022:12:32:58 -0500] "POST /kwssiamovil/sm/setfile/f? HTTP/1.1" 200 381
172.22.2.4 - - [08/Jul/2022:12:33:12 -0500] "GET /BLA/boletinlegal/consulta_actos.php?tipo=resoluciones&no=&usuario=&sector=AIRE&fecha=2016&resuelve=ADUCIDAD%20DE%20LA%20FACULTAD%20SANCIONA HTTP/1.1" 200 1875
186.86.153.19 - - [08/Jul/2022:12:33:13 -0500] "GET /autoliquidacion2020/dlf/bg.gif HTTP/1.1" 200 54
172.22.2.4 - - [08/Jul/2022:12:33:19 -0500] "GET /BLA/boletinlegal/consulta_actos.php?tipo=resoluciones&no=&usuario=&sector=AIRE&fecha=2015&resuelve=ADUCIDAD%20DE%20LA%20FACULTAD%20SANCIONA HTTP/1.1" 200 8533
199.16.157.183 - - [08/Jul/2022:12:33:19 -0500] "GET /images/Mirla%20Comu%CC%81n%20SDA%20(1)%20(1).jpeg HTTP/1.1" 404 1034
172.22.2.4 - - [08/Jul/2022:12:33:21 -0500] "GET /BLA/boletinlegal/consulta_actos.php?tipo=resoluciones&no=&usuario=&sector=AIRE&fecha=2015&resuelve=ADUCIDAD%20DE%20LA%20FACULTAD%20SANCIONA HTTP/1.1" 200 8533
201.245.192.253 - - [08/Jul/2022:12:33:27 -0500] "POST /kwsrmcab/Wsrmcab  HTTP/1.1" 200 45708
172.22.2.4 - - [08/Jul/2022:12:33:35 -0500] "GET /BLA/boletinlegal/consulta_actos.php?tipo=resoluciones&no=&usuario=&sector=AIRE&fecha=2014&resuelve=ADUCIDAD%20DE%20LA%20FACULTAD%20SANCIONA HTTP/1.1" 200 3876
172.22.2.4 - - [08/Jul/2022:12:33:43 -0500] "GET /BLA/boletinlegal/consulta_actos.php?tipo=resoluciones&no=&usuario=&sector=AIRE&fecha=2013&resuelve=ADUCIDAD%20DE%20LA%20FACULTAD%20SANCIONA HTTP/1.1" 200 626
172.22.2.4 - - [08/Jul/2022:12:33:48 -0500] "GET /BLA/boletinlegal/consulta_actos.php?tipo=resoluciones&no=&usuario=&sector=AIRE&fecha=2013&resuelve=ADUCIDAD%20DE%20LA%20FACULTAD%20SANCIONA HTTP/1.1" 200 626
172.22.2.4 - - [08/Jul/2022:12:33:53 -0500] "GET /BLA/boletinlegal/consulta_actos.php?tipo=resoluciones&no=&usuario=&sector=AIRE&fecha=2012&resuelve=ADUCIDAD%20DE%20LA%20FACULTAD%20SANCIONA HTTP/1.1" 200 2213
172.22.2.4 - - [08/Jul/2022:12:34:03 -0500] "GET /BLA/boletinlegal/consulta_actos.php?tipo=resoluciones&no=&usuario=&sector=AIRE&fecha=2011&resuelve=ADUCIDAD%20DE%20LA%20FACULTAD%20SANCIONA HTTP/1.1" 200 29156
186.30.68.178 - - [08/Jul/2022:12:34:13 -0500] "GET /sipse/faces/autenticacion.xhtml HTTP/1.1" 200 12500
186.30.68.178 - - [08/Jul/2022:12:34:14 -0500] "GET /sipse/faces/javax.faces.resource/layout/layout.css;jsessionid=SzPuGffhM3h-fdy7yEoBThuY.undefined?ln=primefaces&v=4.0 HTTP/1.1" 200 542
186.30.68.178 - - [08/Jul/2022:12:34:14 -0500] "GET /sipse/faces/javax.faces.resource/primefaces.css;jsessionid=SzPuGffhM3h-fdy7yEoBThuY.undefined?ln=primefaces&v=4.0 HTTP/1.1" 200 53295
186.30.68.178 - - [08/Jul/2022:12:34:14 -0500] "GET /sipse/faces/javax.faces.resource/layout/layout.js;jsessionid=SzPuGffhM3h-fdy7yEoBThuY.undefined?ln=primefaces&v=4.0 HTTP/1.1" 200 87560
186.30.68.178 - - [08/Jul/2022:12:34:14 -0500] "GET /sipse/faces/javax.faces.resource/primefaces.js;jsessionid=SzPuGffhM3h-fdy7yEoBThuY.undefined?ln=primefaces&v=4.0 HTTP/1.1" 200 276924
186.30.68.178 - - [08/Jul/2022:12:34:14 -0500] "GET /sipse/faces/javax.faces.resource/jquery/jquery.js;jsessionid=SzPuGffhM3h-fdy7yEoBThuY.undefined?ln=primefaces&v=4.0 HTTP/1.1" 200 105384
186.30.68.178 - - [08/Jul/2022:12:34:14 -0500] "GET /sipse/faces/javax.faces.resource/jquery/jquery-plugins.js;jsessionid=SzPuGffhM3h-fdy7yEoBThuY.undefined?ln=primefaces&v=4.0 HTTP/1.1" 200 220526
186.30.68.178 - - [08/Jul/2022:12:34:14 -0500] "GET /sipse/js/disable_browser_buttons.js HTTP/1.1" 304 -
186.30.68.178 - - [08/Jul/2022:12:34:14 -0500] "GET /sipse/js/funciones.js HTTP/1.1" 304 -
186.30.68.178 - - [08/Jul/2022:12:34:14 -0500] "GET /sipse/css/custom_css_sg.css HTTP/1.1" 304 -
186.30.68.178 - - [08/Jul/2022:12:34:14 -0500] "GET /sipse/css/custom_css_sg_prime_login.css HTTP/1.1" 304 -
186.30.68.178 - - [08/Jul/2022:12:34:14 -0500] "GET /sipse/faces/javax.faces.resource/theme.css?ln=primefaces-sipse HTTP/1.1" 200 50058
186.30.68.178 - - [08/Jul/2022:12:34:14 -0500] "GET /sipse/css/imagen/logoSDG.png HTTP/1.1" 304 -
186.30.68.178 - - [08/Jul/2022:12:34:15 -0500] "GET /sipse/css/imagen/loginimg.png HTTP/1.1" 304 -
186.30.68.178 - - [08/Jul/2022:12:34:15 -0500] "GET /sipse/faces/javax.faces.resource/images/ui-icons_898989_256x240.png?ln=primefaces-aristo HTTP/1.1" 304 -
186.30.68.178 - - [08/Jul/2022:12:34:15 -0500] "GET /sipse/faces/index.xhtml HTTP/1.1" 200 677
186.30.68.178 - - [08/Jul/2022:12:34:15 -0500] "GET /sipse/faces/javax.faces.resource/theme.css?ln=primefaces-sipse HTTP/1.1" 304 -
186.30.68.178 - - [08/Jul/2022:12:34:16 -0500] "GET /sipse/faces/faces/autenticacion.xhtml HTTP/1.1" 200 12178
186.30.68.178 - - [08/Jul/2022:12:34:16 -0500] "GET /sipse/faces/javax.faces.resource/theme.css?ln=primefaces-sipse HTTP/1.1" 304 -
186.30.68.178 - - [08/Jul/2022:12:34:16 -0500] "GET /sipse/faces/javax.faces.resource/layout/layout.css?ln=primefaces&v=4.0 HTTP/1.1" 304 -
186.30.68.178 - - [08/Jul/2022:12:34:16 -0500] "GET /sipse/faces/javax.faces.resource/primefaces.css?ln=primefaces&v=4.0 HTTP/1.1" 304 -
186.30.68.178 - - [08/Jul/2022:12:34:16 -0500] "GET /sipse/faces/javax.faces.resource/jquery/jquery.js?ln=primefaces&v=4.0 HTTP/1.1" 304 -
186.30.68.178 - - [08/Jul/2022:12:34:16 -0500] "GET /sipse/faces/javax.faces.resource/jquery/jquery-plugins.js?ln=primefaces&v=4.0 HTTP/1.1" 304 -
186.30.68.178 - - [08/Jul/2022:12:34:16 -0500] "GET /sipse/faces/javax.faces.resource/primefaces.js?ln=primefaces&v=4.0 HTTP/1.1" 304 -
186.30.68.178 - - [08/Jul/2022:12:34:16 -0500] "GET /sipse/faces/javax.faces.resource/layout/layout.js?ln=primefaces&v=4.0 HTTP/1.1" 304 -
186.30.68.178 - - [08/Jul/2022:12:34:16 -0500] "GET /sipse/faces/javax.faces.resource/images/ui-icons_898989_256x240.png?ln=primefaces-aristo HTTP/1.1" 304 -
186.30.68.178 - - [08/Jul/2022:12:34:18 -0500] "POST /sipse/faces/autenticacion.xhtml HTTP/1.1" 200 11720
186.30.68.178 - - [08/Jul/2022:12:34:18 -0500] "GET /sipse/faces/javax.faces.resource/jquery/jquery.js?ln=primefaces&v=4.0 HTTP/1.1" 304 -
186.30.68.178 - - [08/Jul/2022:12:34:18 -0500] "GET /sipse/faces/javax.faces.resource/jquery/jquery-plugins.js?ln=primefaces&v=4.0 HTTP/1.1" 304 -
186.30.68.178 - - [08/Jul/2022:12:34:19 -0500] "GET /sipse/css/custom_css_sg_prime.css HTTP/1.1" 200 5201
186.30.68.178 - - [08/Jul/2022:12:34:19 -0500] "GET /sipse/faces/javax.faces.resource/primefaces.js?ln=primefaces&v=4.0 HTTP/1.1" 304 -
186.30.68.178 - - [08/Jul/2022:12:34:19 -0500] "GET /sipse/faces/javax.faces.resource/layout/layout.js?ln=primefaces&v=4.0 HTTP/1.1" 304 -
186.30.68.178 - - [08/Jul/2022:12:34:19 -0500] "GET /sipse/faces/javax.faces.resource/messages/messages.png?ln=primefaces&v=4.0 HTTP/1.1" 304 -
186.30.68.178 - - [08/Jul/2022:12:34:21 -0500] "POST /sipse/faces/presentacion/sistema/seguridad/seleccionRol.xhtml HTTP/1.1" 200 6088
186.30.68.178 - - [08/Jul/2022:12:34:22 -0500] "POST /sipse/faces/presentacion/sistema/seguridad/seleccionRol.xhtml HTTP/1.1" 200 18793
186.30.68.178 - - [08/Jul/2022:12:34:22 -0500] "GET /sipse/js/jquery.min.js HTTP/1.1" 304 -
186.30.68.178 - - [08/Jul/2022:12:34:22 -0500] "GET /sipse/faces/javax.faces.resource/jquery/jquery.js?ln=primefaces&v=4.0 HTTP/1.1" 304 -
186.30.68.178 - - [08/Jul/2022:12:34:22 -0500] "GET /sipse/faces/javax.faces.resource/jquery/jquery-plugins.js?ln=primefaces&v=4.0 HTTP/1.1" 304 -
186.30.68.178 - - [08/Jul/2022:12:34:22 -0500] "GET /sipse/faces/javax.faces.resource/primefaces.js?ln=primefaces&v=4.0 HTTP/1.1" 304 -
186.30.68.178 - - [08/Jul/2022:12:34:22 -0500] "GET /sipse/faces/javax.faces.resource/layout/layout.js?ln=primefaces&v=4.0 HTTP/1.1" 304 -
172.22.2.4 - - [08/Jul/2022:12:32:42 -0500] "HEAD /BLA/boletinlegal/ HTTP/1.1" 200 -
186.30.68.178 - - [08/Jul/2022:12:34:22 -0500] "GET /sipse/imagenes/cargando.gif HTTP/1.1" 304 -
186.30.68.178 - - [08/Jul/2022:12:34:23 -0500] "GET /sipse/imagenes/logoAplicacion.jpg HTTP/1.1" 304 -
186.30.68.178 - - [08/Jul/2022:12:34:23 -0500] "GET /sipse/css/imagen/contrasena.png HTTP/1.1" 404 383
186.30.68.178 - - [08/Jul/2022:12:34:24 -0500] "POST /sipse/faces/bienvenido.xhtml HTTP/1.1" 200 3887
186.30.68.178 - - [08/Jul/2022:12:34:25 -0500] "GET /sipse/faces/javax.faces.resource/images/ui-bg_flat_0_2d5972_40x100.png?ln=primefaces-aristo HTTP/1.1" 304 -
172.22.2.4 - - [08/Jul/2022:12:34:25 -0500] "GET /BLA/boletinlegal/consulta_actos.php?tipo=resoluciones&no=&usuario=&sector=AIRE&fecha=2011&resuelve=CDA HTTP/1.1" 200 626
186.30.68.178 - - [08/Jul/2022:12:34:27 -0500] "POST /sipse/faces/bienvenido.xhtml HTTP/1.1" 200 43344
186.30.68.178 - - [08/Jul/2022:12:34:28 -0500] "GET /sipse/faces/javax.faces.resource/jquery/jquery.js?ln=primefaces&v=4.0 HTTP/1.1" 304 -
186.30.68.178 - - [08/Jul/2022:12:34:28 -0500] "GET /sipse/faces/javax.faces.resource/jquery/jquery-plugins.js?ln=primefaces&v=4.0 HTTP/1.1" 304 -
186.30.68.178 - - [08/Jul/2022:12:34:28 -0500] "GET /sipse/faces/javax.faces.resource/primefaces.js?ln=primefaces&v=4.0 HTTP/1.1" 304 -
186.30.68.178 - - [08/Jul/2022:12:34:28 -0500] "GET /sipse/faces/javax.faces.resource/layout/layout.js?ln=primefaces&v=4.0 HTTP/1.1" 304 -
172.22.2.4 - - [08/Jul/2022:12:34:31 -0500] "GET /BLA/boletinlegal/consulta_actos.php?tipo=resoluciones&no=&usuario=&sector=AIRE&fecha=2022&resuelve=CDA HTTP/1.1" 200 626
186.30.68.178 - - [08/Jul/2022:12:34:36 -0500] "POST /sipse/faces/presentacion/financiero/solicitudProceso/consultar.xhtml HTTP/1.1" 200 12907
172.22.2.4 - - [08/Jul/2022:12:34:36 -0500] "GET /BLA/boletinlegal/consulta_actos.php?tipo=autos&no=&usuario=&sector=AIRE&fecha=2022&resuelve=CDA HTTP/1.1" 200 626
186.30.68.178 - - [08/Jul/2022:12:34:37 -0500] "POST /sipse/faces/presentacion/financiero/solicitudProceso/consultar.xhtml HTTP/1.1" 200 157598
186.30.68.178 - - [08/Jul/2022:12:34:38 -0500] "GET /sipse/faces/javax.faces.resource/jquery/jquery.js?ln=primefaces&v=4.0 HTTP/1.1" 304 -
186.30.68.178 - - [08/Jul/2022:12:34:38 -0500] "GET /sipse/faces/javax.faces.resource/jquery/jquery-plugins.js?ln=primefaces&v=4.0 HTTP/1.1" 304 -
186.30.68.178 - - [08/Jul/2022:12:34:39 -0500] "GET /sipse/faces/javax.faces.resource/primefaces.js?ln=primefaces&v=4.0 HTTP/1.1" 304 -
186.30.68.178 - - [08/Jul/2022:12:34:39 -0500] "GET /sipse/faces/javax.faces.resource/layout/layout.js?ln=primefaces&v=4.0 HTTP/1.1" 304 -
186.30.68.178 - - [08/Jul/2022:12:34:39 -0500] "GET /sipse/faces/javax.faces.resource/dynamiccontent.properties?ln=primefaces&pfdrid=XjOR5%2F%2FfPAZAuY9TpWQeCiM0BhlXxYRBGKi%2FQcXXfeA%3D&pfdrid_c=false HTTP/1.1" 500 383
186.30.68.178 - - [08/Jul/2022:12:34:45 -0500] "POST /sipse/faces/presentacion/financiero/solicitudProceso/consultarSolicitudProceso.xhtml HTTP/1.1" 200 5533
186.30.68.178 - - [08/Jul/2022:12:34:45 -0500] "GET /sipse/faces/javax.faces.resource/dynamiccontent.properties?ln=primefaces&pfdrid=XjOR5%2F%2FfPAZAuY9TpWQeCiM0BhlXxYRBGKi%2FQcXXfeA%3D&pfdrid_c=false HTTP/1.1" 200 343776
172.22.2.4 - - [08/Jul/2022:12:33:33 -0500] "GET /BLA/boletinlegal/ HTTP/1.1" 200 58866
201.245.192.253 - - [08/Jul/2022:12:35:49 -0500] "POST /sipse/faces/presentacion/proyectos/proyecto/proyecto.xhtml HTTP/1.1" 200 72952
201.245.192.253 - - [08/Jul/2022:12:36:03 -0500] "POST /sipse/faces/presentacion/proyectos/proyecto/proyecto.xhtml HTTP/1.1" 200 73756
186.102.16.156 - - [08/Jul/2022:12:36:43 -0500] "GET /kwssiamovil/sm/acme/a?s=U2FsdGVkX18gT1FrSBbOUz4clzM1gr2qoNlqehPxhqjDBTVNBCj1kvxz6/WX4wKUvuE1e3K/OpMzi9V8FsB/07FoOHLaeTkfxJ6a9dg9sYXnjkmuyz3PpU815fjAkUsrwuFyGtuIdSx3mll5Itpog+tYnWBeatgKnCd6STp+1NgCZ0buHmDPNulm2dC7837zcHnCj3pGXMBcY8huvbSJZvpWsczRat7M4102s+8/yWvI+qzeaFZR9ypN4wlR5TysADilwUmNdeM9WcKcllcRTw==&u=U2FsdGVkX19J1WFX1miaIcOyd3P10kOdx0gt4VLbmXC44mUk/8yeNyh5KVnnaSkS&y=U2FsdGVkX1+5h0+PUW/CdhgaattCJdzpJXNJVbm9eqsMBP6BOQDgqAAhytnbgnhS HTTP/1.1" 200 25
186.102.16.156 - - [08/Jul/2022:12:36:43 -0500] "GET /kwssiamovil/sm/acme/a?s=U2FsdGVkX19LBhgK2sum1frPnhPR1D0bJ0sVFY8iyaItvDgQX5Rut1RDCN98kJFTUG5xECMMdc1oeU34P/QlaiJLvJo37r6HXB94ylEy/aMGloRVMhuQ7L415vvwU4ythk1cN2UMKFnFddjqbA0lg1J4Xkyhb9ZTQ+g/8BZlu20moK6PIwIMMkIrkfe9Fap5kMX9+/jCQtT5hrJ7LY1M2WfTh9cz4hE6TodQZSyuj3Rg+2VPaT8vy69rKBF7CHQGRuqlReosIg5Xl7ykCCi9GcDzdRj4J3SfJsmvy2P0IaP1BU4OjEtmKAkHYK4zBQ6RJL4CbxjHvVFUIcSc8+K+mEM+TRtcw9JPL0MmEC9h3uKAuI/oUZYjsRy27+/bH7mDXwXtHBc7YNn91i0Dct+OJLcZ9GrQ6Ol9RTGqXxiQuEyTeeGVo2biE0jG+d5ZxHi39Oml+mnIrNiUMQK/XjjTKtodhGZpyjXN2f5n6TroM6WQoGsg+VB7sNFHPD4nnkCEnFQmRVs7HjH5iaRNT+mS0EDCbHQeVOQ7eB8/Bx5b2IZ+IvXAH/ZJOjl8zPoCJ72XuBRVMPXmNYn5jBtb1KJ99Qmr6Ym4kuax8kytvAEWiH5UhGWIsNKCGw9s3rPDnNlWj1yaej6+1U6YYYDjQIF0po0aZbV6m94ff+i18Mj9u7qrezx+KFOPcarToO968/spfzg5Xoz3Fc/UzuvZ23NT8Og746SdGQ0O4lJNaU+aKBEPMqXryhcCsi+ynJv4f2zwkaCU6nwJXjCEkxrR9xnq3VlISXmW4tnFZN2+bhx38EbEkOXurA1xHpoyJvz694LOIuXPPYrt3N2Gy/XQMVvOITBLet/BWNetjnILmGcgJDxY5eJ+tYJ1niwirCQcBtstFia3uBW5CnPigEVnOCpTrXm2Zfm5wlw/AAsnDE9N1ZG0x2GzanCpxQ5MfZqkp44/qnDPYqeMhW96RnyrG9hl9f2t0ITVUhFZNkQ0qxRihH/eiSgwKMaNZa40yyGotAS7LtYmAZCNyjTrfzNL+15PpJ2f/ehrueFp6JMdVu3S0b3pGOpAVdYkFaGSK3vs5+1jW2VeBnEWRmArA13InlF9oiVI/EC32HURsyoCiWP/GeCur0GQTYAY+0WkoWGj1NN6oCHU1mEUW6gSiOw56aRmDTLHWyJ/Egka32og0+3BRUrbhGffahWgVjtUVY8X2hlsvTNuQElPBSQ9gnQykHT1EB5CEf4wbV5rfNePhTFeOVruFmsjPMu1h/q4uGWApTbV9aisugM5q2I+D6XF6rqZXEAmivJ5HJ/4oPuMfK1+FCz+bCDjjryF4QvtSmd6GGdnMDLe77XKbutjmcTiCQIAxmt/l7zmsaFXNK9BJSVGzI5o6y8DU19esk+dwKCcCmKpEfJzapqh4RIw4TgTShSle1FoDwsqUzD0Nl6fDUCLI8IBGPQIe64/833yJdOXoiMpr4yHPgNH8AM93A4MQxN7ztOBtRqfRwdcFV8fXgo0yvOBOO6UT2ObMdqeKT4q+2embCZBsfeN1EPIr8z2FcGoK8dJrOI7sOGmHvqERydb2lov3XUBy1f2yjl4OSWO7+dTI4OONWDOiaPzJnl8SA2MPuDZphkIDJkfegufKg5E6o266ZB8txqs2GP0ijzDW8deFORxMCdKYJTSEK7cv/iVnweG6qR4/PGUcDxrPeBWCNgEDs16XXuXy7EK1Ml4EzfcYk0e9IRgI2RdPbT27FbvquQoTTmqnlRfKZhoYv6grP437fAZ7VLTw3rTEuOhaUCI4it0OAsWGcVyoLHMlr5IvvdLdjcQKu0mKmubD5Vo9xo=&u=U2FsdGVkX19J1WFX1miaIcOyd3P10kOdx0gt4VLbmXC44mUk/8yeNyh5KVnnaSkS&y=U2FsdGVkX1+5h0+PUW/CdhgaattCJdzpJXNJVbm9eqsMBP6BOQDgqAAhytnbgnhS HTTP/1.1" 200 25
186.102.16.156 - - [08/Jul/2022:12:36:43 -0500] "GET /kwssiamovil/sm/acme/a?s=U2FsdGVkX18xHCnVS52CvzVuhB0e51/z99wppFgcVUUWO53xkPHFDQS1FBiuRNxDQDhGxnOiuKMt07vlZubvQj3PthJtqnFMyeXzxNpAXL+Jkxg+73xHg+FxECVnSSm5FiyrSpPQ4wMixeAl/v62MtEl4DBbMtdca6Sn0/vwWtY=&u=U2FsdGVkX19J1WFX1miaIcOyd3P10kOdx0gt4VLbmXC44mUk/8yeNyh5KVnnaSkS&y=U2FsdGVkX1+5h0+PUW/CdhgaattCJdzpJXNJVbm9eqsMBP6BOQDgqAAhytnbgnhS HTTP/1.1" 200 25
186.102.16.156 - - [08/Jul/2022:12:36:44 -0500] "GET /kwssiamovil/sm/acme/a?s=U2FsdGVkX1/f6hnI2rHKT3yMpUCYfdUH5NBpBsb/HDNRqkntX4i+5zL7I8LGCofn8O83GF2QpBBaJt5g0uDgPmCCjnflrt7YBM6TtFKkihbbGDRb4UQIBa2zJlyrj67vGJyLglIggr1Go2XpTYjOzFmKVtnNkry283HHef+G5ZU=&u=U2FsdGVkX19J1WFX1miaIcOyd3P10kOdx0gt4VLbmXC44mUk/8yeNyh5KVnnaSkS&y=U2FsdGVkX1+5h0+PUW/CdhgaattCJdzpJXNJVbm9eqsMBP6BOQDgqAAhytnbgnhS HTTP/1.1" 200 25
186.30.68.178 - - [08/Jul/2022:12:36:44 -0500] "POST /sipse/faces/presentacion/financiero/solicitudProceso/consultarSolicitudProceso.xhtml HTTP/1.1" 200 5529
186.102.16.156 - - [08/Jul/2022:12:36:44 -0500] "GET /kwssiamovil/sm/acme/a?s=U2FsdGVkX1+lasXrvQQhbuli2LD9L81ySrJ44SqG21aB4rfA7lLpvc+/59zUqLFkNH5R3wswZdqNVYBC7uGtZYg7vnYT4VtGc/78CX6HgPD9beCD1V1yHv39DPQPRg6YOURUP/WP+N7pNnQJCIRXq84ifubgHOqoamvCX6sDXSg=&u=U2FsdGVkX19J1WFX1miaIcOyd3P10kOdx0gt4VLbmXC44mUk/8yeNyh5KVnnaSkS&y=U2FsdGVkX1+5h0+PUW/CdhgaattCJdzpJXNJVbm9eqsMBP6BOQDgqAAhytnbgnhS HTTP/1.1" 200 25
186.30.68.178 - - [08/Jul/2022:12:36:44 -0500] "GET /sipse/faces/javax.faces.resource/dynamiccontent.properties?ln=primefaces&pfdrid=XjOR5%2F%2FfPAZAuY9TpWQeCiM0BhlXxYRBGKi%2FQcXXfeA%3D&pfdrid_c=false HTTP/1.1" 200 344708
186.102.16.156 - - [08/Jul/2022:12:36:44 -0500] "GET /kwssiamovil/sm/acme/a?s=U2FsdGVkX19KPQXPWCb88y7vBJzMRFiqYkuQm2UYnc4lGSscgIGXxuZV0AwSLxTGzYZS20IveP1e6UXeC26ts/teCoYqUzYPEH1YH/LzOI1qYIGqtJxUJmZCUgxdYhm+gVr7I9jSedThXIluL5ix3lNt2UVJXSQDZnlGqnTSDmme2M7llGus0FISJPzPhnoe&u=U2FsdGVkX19J1WFX1miaIcOyd3P10kOdx0gt4VLbmXC44mUk/8yeNyh5KVnnaSkS&y=U2FsdGVkX1+5h0+PUW/CdhgaattCJdzpJXNJVbm9eqsMBP6BOQDgqAAhytnbgnhS HTTP/1.1" 200 25
186.30.68.178 - - [08/Jul/2022:12:36:50 -0500] "POST /sipse/faces/presentacion/financiero/solicitudProceso/consultarSolicitudProceso.xhtml HTTP/1.1" 200 5533
186.30.68.178 - - [08/Jul/2022:12:36:50 -0500] "GET /sipse/faces/javax.faces.resource/dynamiccontent.properties?ln=primefaces&pfdrid=XjOR5%2F%2FfPAZAuY9TpWQeCiM0BhlXxYRBGKi%2FQcXXfeA%3D&pfdrid_c=false HTTP/1.1" 200 120526
172.22.2.4 - - [08/Jul/2022:12:37:30 -0500] "GET /BLA/boletinlegal/actos.php HTTP/1.1" 200 9559
201.245.192.253 - - [08/Jul/2022:12:37:32 -0500] "GET /BLA/resoluciones/ HTTP/1.1" 200 13093
207.46.13.45 - - [08/Jul/2022:12:37:39 -0500] "GET /portaldeninos/2021/04/28/dia-internacional-de-concienciacion-sobre-el-ruido-por-una-ciudad-mas-tranquila-y-sostenible HTTP/1.1" 301 -
201.245.192.253 - - [08/Jul/2022:12:37:39 -0500] "GET /BLA/resoluciones/index.php?dir=AUTOS+2015%2F HTTP/1.1" 200 576507
201.245.192.253 - - [08/Jul/2022:12:37:40 -0500] "GET /BLA/resoluciones/dlf/unknown.png HTTP/1.1" 200 266
186.30.68.178 - - [08/Jul/2022:12:37:42 -0500] "POST /sipse/faces/presentacion/financiero/solicitudProceso/consultarSolicitudProceso.xhtml HTTP/1.1" 200 5529
186.30.68.178 - - [08/Jul/2022:12:37:42 -0500] "GET /sipse/faces/javax.faces.resource/dynamiccontent.properties?ln=primefaces&pfdrid=XjOR5%2F%2FfPAZAuY9TpWQeCiM0BhlXxYRBGKi%2FQcXXfeA%3D&pfdrid_c=false HTTP/1.1" 200 342124
201.245.192.253 - - [08/Jul/2022:12:37:44 -0500] "GET /BLA/resoluciones/AUTOS%202015/3148.pdf HTTP/1.1" 200 665772
207.46.13.45 - - [08/Jul/2022:12:37:49 -0500] "GET /portaldeninos/2021/04/28/dia-internacional-de-concienciacion-sobre-el-ruido-por-una-ciudad-mas-tranquila-y-sostenible/ HTTP/1.1" 200 110349
172.22.2.4 - - [08/Jul/2022:12:37:24 -0500] "GET /BLA/boletinlegal/ HTTP/1.1" 200 24523
216.245.221.92 - - [08/Jul/2022:12:38:03 -0500] "HEAD / HTTP/1.1" 200 -
201.245.192.253 - - [08/Jul/2022:12:38:25 -0500] "POST /kwsrmcab/Wsrmcab  HTTP/1.1" 200 45708
66.249.66.139 - - [08/Jul/2022:12:39:11 -0500] "-" 408 -
172.22.2.4 - - [08/Jul/2022:12:38:32 -0500] "HEAD /BLA/boletinlegal/ HTTP/1.1" 200 -
207.46.13.39 - - [08/Jul/2022:12:40:39 -0500] "GET /BLA/resoluciones/AUTOS%202022/2238.pdf HTTP/1.1" 200 396176
172.22.2.4 - - [08/Jul/2022:12:39:23 -0500] "GET /BLA/boletinlegal/ HTTP/1.1" 200 60992
201.245.192.253 - - [08/Jul/2022:12:41:23 -0500] "POST /kwsrmcab/Wsrmcab HTTP/1.1" 200 43654
201.245.192.253 - - [08/Jul/2022:12:41:27 -0500] "POST /kwsrmcab/Wsrmcab HTTP/1.1" 200 44560
216.245.221.92 - - [08/Jul/2022:12:43:03 -0500] "HEAD / HTTP/1.1" 200 -
186.154.37.125 - - [08/Jul/2022:12:43:06 -0500] "GET /kwssiamovil/sm/ldap/au?x=U2FsdGVkX1/YlFZnFXlqPwS4l/FjJHZR4oz3u9K0YwUm1Xwzft+5NYl1jFkVMlxU&y=U2FsdGVkX19G3NJnSw3Nj4aP8wV4cDk1qug+wqtm95n7Oxgo95bFsyKLYeOMoFyw HTTP/1.1" 200 30
