!C99Shell v. 1.0 pre-release build #13!

Software: Apache. PHP/5.5.15 

uname -a: Windows NT SVR-DMZ 6.1 build 7600 (Windows Server 2008 R2 Enterprise Edition) i586 

SYSTEM 

Safe-mode: OFF (not secure)

E:\nuevo\apache\logs\   drwxrwxrwx
Free 9.41 GB of 239.26 GB (3.93%)
Detected drives: [ a ] [ c ] [ d ] [ e ] [ f ]
Home    Back    Forward    UPDIR    Refresh    Search    Buffer    Encoder    Tools    Proc.    FTP brute    Sec.    SQL    PHP-code    Update    Feedback    Self remove    Logout    


Viewing file:     access.2022.07.08.log (2.27 MB)      -rw-rw-rw-
Select action/file-type:
(+) | (+) | (+) | Code (+) | Session (+) | (+) | SDB (+) | (+) | (+) | (+) | (+) | (+) |
172.22.2.4 - - [08/Jul/2022:00:00:14 -0500] "HEAD /BLA/boletinlegal/ HTTP/1.1" 200 -
172.22.2.4 - - [08/Jul/2022:00:01:04 -0500] "GET /BLA/boletinlegal/ HTTP/1.1" 200 58122
216.245.221.92 - - [08/Jul/2022:00:03:05 -0500] "HEAD / HTTP/1.1" 200 -
201.245.192.253 - - [08/Jul/2022:00:03:47 -0500] "POST /kwsrmcab/Wsrmcab  HTTP/1.1" 200 45708
186.84.20.139 - - [08/Jul/2022:00:05:41 -0500] "GET /appsia/controlador HTTP/1.1" 200 4799
186.84.20.139 - - [08/Jul/2022:00:05:41 -0500] "GET /appsia/css/estilos.css HTTP/1.1" 200 4804
186.84.20.139 - - [08/Jul/2022:00:05:41 -0500] "GET /appsia/scripts/validarIngreso.js HTTP/1.1" 200 851
186.84.20.139 - - [08/Jul/2022:00:05:41 -0500] "GET /appsia/images/logo_bogota_p.png HTTP/1.1" 200 14951
186.84.20.139 - - [08/Jul/2022:00:05:41 -0500] "GET /appsia/images/cabezoteHojaVida.png HTTP/1.1" 200 32493
186.84.20.139 - - [08/Jul/2022:00:05:41 -0500] "GET /favicon.ico HTTP/1.1" 200 7782
172.22.2.4 - - [08/Jul/2022:00:06:04 -0500] "HEAD /BLA/boletinlegal/ HTTP/1.1" 200 -
216.245.221.92 - - [08/Jul/2022:00:08:05 -0500] "HEAD / HTTP/1.1" 200 -
172.22.2.4 - - [08/Jul/2022:00:08:11 -0500] "GET /BLA/boletinlegal/jurisprudencia/analisis/AnalisisT-606-15.docx HTTP/1.1" 200 26698
172.22.2.4 - - [08/Jul/2022:00:08:12 -0500] "GET /BLA/boletinlegal/apple-touch-icon-120x120-precomposed.png HTTP/1.1" 404 1140
172.22.2.4 - - [08/Jul/2022:00:08:12 -0500] "GET /BLA/boletinlegal/apple-touch-icon-120x120.png HTTP/1.1" 404 1140
172.22.2.4 - - [08/Jul/2022:00:08:12 -0500] "GET /BLA/boletinlegal/apple-touch-icon-precomposed.png HTTP/1.1" 404 1140
172.22.2.4 - - [08/Jul/2022:00:08:12 -0500] "GET /BLA/boletinlegal/apple-touch-icon.png HTTP/1.1" 404 1140
172.22.2.4 - - [08/Jul/2022:00:08:12 -0500] "GET /BLA/boletinlegal/favicon.ico HTTP/1.1" 404 1140
172.22.2.4 - - [08/Jul/2022:00:08:12 -0500] "GET /BLA/boletinlegal/apple-touch-icon-120x120-precomposed.png HTTP/1.1" 404 1140
172.22.2.4 - - [08/Jul/2022:00:08:12 -0500] "GET /BLA/boletinlegal/apple-touch-icon-120x120.png HTTP/1.1" 404 1140
172.22.2.4 - - [08/Jul/2022:00:08:12 -0500] "GET /BLA/boletinlegal/apple-touch-icon-precomposed.png HTTP/1.1" 404 1140
172.22.2.4 - - [08/Jul/2022:00:08:12 -0500] "GET /BLA/boletinlegal/apple-touch-icon.png HTTP/1.1" 404 1140
172.22.2.4 - - [08/Jul/2022:00:08:12 -0500] "GET /BLA/boletinlegal/favicon.ico HTTP/1.1" 404 1140
172.22.2.4 - - [08/Jul/2022:00:06:54 -0500] "GET /BLA/boletinlegal/ HTTP/1.1" 200 60410
201.245.192.253 - - [08/Jul/2022:00:08:46 -0500] "POST /kwsrmcab/Wsrmcab  HTTP/1.1" 200 45708
199.59.150.180 - - [08/Jul/2022:00:12:49 -0500] "GET /images/Mirla%20Comu%CC%81n%20SDA%20(1)%20(1).jpeg HTTP/1.1" 404 1034
216.245.221.92 - - [08/Jul/2022:00:13:05 -0500] "HEAD / HTTP/1.1" 200 -
152.61.192.232 - - [08/Jul/2022:00:13:17 -0500] "GET / HTTP/1.1" 200 319
172.22.2.4 - - [08/Jul/2022:00:11:54 -0500] "HEAD /BLA/boletinlegal/ HTTP/1.1" 200 -
201.245.192.253 - - [08/Jul/2022:00:13:45 -0500] "POST /kwsrmcab/Wsrmcab  HTTP/1.1" 200 45708
186.84.91.75 - - [08/Jul/2022:00:13:56 -0500] "GET /forest/ HTTP/1.1" 200 12041
186.84.91.75 - - [08/Jul/2022:00:14:01 -0500] "POST /forest/index.php HTTP/1.1" 200 12268
172.22.2.4 - - [08/Jul/2022:00:12:44 -0500] "GET /BLA/boletinlegal/ HTTP/1.1" 200 58122
103.84.232.204 - - [08/Jul/2022:00:17:09 -0500] "GET / HTTP/1.1" 200 319
216.245.221.92 - - [08/Jul/2022:00:18:05 -0500] "HEAD / HTTP/1.1" 200 -
201.245.192.253 - - [08/Jul/2022:00:18:44 -0500] "POST /kwsrmcab/Wsrmcab  HTTP/1.1" 200 45708
152.61.128.50 - - [08/Jul/2022:00:18:48 -0500] "GET / HTTP/1.1" 200 319
157.55.39.114 - - [08/Jul/2022:00:19:02 -0500] "GET /BLA/ HTTP/1.1" 200 538
172.22.2.4 - - [08/Jul/2022:00:17:44 -0500] "HEAD /BLA/boletinlegal/ HTTP/1.1" 200 -
205.169.39.181 - - [08/Jul/2022:00:19:31 -0500] "GET /portaldeninos/wp-includes/js/wp-emoji-release.min.js?ver=4.9.8 HTTP/1.1" 200 12026
205.169.39.181 - - [08/Jul/2022:00:19:32 -0500] "GET /portaldeninos/wp-content/plugins/google-analytics-for-wordpress/assets/js/frontend-gtag.min.js?ver=8.5.0 HTTP/1.1" 200 11801
205.169.39.181 - - [08/Jul/2022:00:19:32 -0500] "GET /portaldeninos/wp-includes/js/jquery/jquery.js?ver=1.12.4 HTTP/1.1" 200 97184
205.169.39.181 - - [08/Jul/2022:00:19:33 -0500] "GET /portaldeninos/wp-includes/js/jquery/jquery-migrate.min.js?ver=1.4.1 HTTP/1.1" 200 10056
205.169.39.181 - - [08/Jul/2022:00:19:33 -0500] "GET /portaldeninos/wp-includes/js/jquery/ui/core.min.js?ver=1.11.4 HTTP/1.1" 200 4000
205.169.39.181 - - [08/Jul/2022:00:19:33 -0500] "GET /portaldeninos/wp-content/plugins/gallery-videos/JS/modernizr.custom.js?ver=4.9.8 HTTP/1.1" 200 9019
205.169.39.181 - - [08/Jul/2022:00:19:33 -0500] "GET /portaldeninos/wp-content/plugins/gallery-videos/JS/Total-Soft-Gallery-Video-Widget.js?ver=4.9.8 HTTP/1.1" 200 80264
205.169.39.181 - - [08/Jul/2022:00:19:33 -0500] "GET /portaldeninos/wp-includes/js/jquery/ui/widget.min.js?ver=1.11.4 HTTP/1.1" 200 6908
205.169.39.181 - - [08/Jul/2022:00:19:33 -0500] "GET /portaldeninos/wp-includes/js/jquery/ui/mouse.min.js?ver=1.11.4 HTTP/1.1" 200 3148
205.169.39.181 - - [08/Jul/2022:00:19:33 -0500] "GET /portaldeninos/wp-includes/js/jquery/ui/sortable.min.js?ver=1.11.4 HTTP/1.1" 200 24899
205.169.39.181 - - [08/Jul/2022:00:19:34 -0500] "GET /portaldeninos/wp-includes/js/jquery/ui/tabs.min.js?ver=1.11.4 HTTP/1.1" 200 12110
205.169.39.181 - - [08/Jul/2022:00:19:34 -0500] "GET /portaldeninos/wp-includes/js/jquery/ui/accordion.min.js?ver=1.11.4 HTTP/1.1" 200 8584
205.169.39.181 - - [08/Jul/2022:00:19:34 -0500] "GET /portaldeninos/wp-content/themes/betheme/js/plugins.js?ver=20.9.6 HTTP/1.1" 200 197151
205.169.39.181 - - [08/Jul/2022:00:19:35 -0500] "GET /portaldeninos/wp-content/themes/betheme/js/menu.js?ver=20.9.6 HTTP/1.1" 200 2449
205.169.39.181 - - [08/Jul/2022:00:19:35 -0500] "GET /portaldeninos/wp-content/themes/betheme/assets/animations/animations.min.js?ver=20.9.6 HTTP/1.1" 200 1896
205.169.39.181 - - [08/Jul/2022:00:19:35 -0500] "GET /portaldeninos/wp-content/themes/betheme/assets/jplayer/jplayer.min.js?ver=20.9.6 HTTP/1.1" 200 52702
205.169.39.181 - - [08/Jul/2022:00:19:35 -0500] "GET /portaldeninos/wp-content/themes/betheme/js/scripts.js?ver=20.9.6 HTTP/1.1" 200 77162
205.169.39.181 - - [08/Jul/2022:00:19:36 -0500] "GET /portaldeninos/wp-includes/js/wp-embed.min.js?ver=4.9.8 HTTP/1.1" 200 1398
199.16.157.182 - - [08/Jul/2022:00:20:10 -0500] "GET /images/Mirla%20Comu%CC%81n%20SDA%20(1)%20(1).jpeg HTTP/1.1" 404 1034
172.22.2.4 - - [08/Jul/2022:00:18:34 -0500] "GET /BLA/boletinlegal/ HTTP/1.1" 200 53539
207.46.13.31 - - [08/Jul/2022:00:19:23 -0500] "GET /BLA/boletinlegal/index.php HTTP/1.1" 200 58122
201.245.192.253 - - [08/Jul/2022:00:21:25 -0500] "POST /kwsrmcab/Wsrmcab HTTP/1.1" 200 44745
201.245.192.253 - - [08/Jul/2022:00:21:29 -0500] "POST /kwsrmcab/Wsrmcab HTTP/1.1" 200 46472
216.245.221.92 - - [08/Jul/2022:00:23:05 -0500] "HEAD / HTTP/1.1" 200 -
201.245.192.253 - - [08/Jul/2022:00:23:42 -0500] "POST /kwsrmcab/Wsrmcab  HTTP/1.1" 200 45708
172.22.2.4 - - [08/Jul/2022:00:23:34 -0500] "HEAD /BLA/boletinlegal/ HTTP/1.1" 200 -
172.22.2.4 - - [08/Jul/2022:00:24:24 -0500] "GET /BLA/boletinlegal/ HTTP/1.1" 200 56279
207.46.13.31 - - [08/Jul/2022:00:26:54 -0500] "GET /BLA/resoluciones/ HTTP/1.1" 200 13093
69.171.251.1 - - [08/Jul/2022:00:27:23 -0500] "GET /images/mujeres-cultura-31.jpg HTTP/1.1" 200 33736
216.245.221.92 - - [08/Jul/2022:00:28:05 -0500] "HEAD / HTTP/1.1" 200 -
66.249.65.15 - - [08/Jul/2022:00:28:34 -0500] "-" 408 -
201.245.192.253 - - [08/Jul/2022:00:28:41 -0500] "POST /kwsrmcab/Wsrmcab  HTTP/1.1" 200 45708
172.22.2.4 - - [08/Jul/2022:00:29:24 -0500] "HEAD /BLA/boletinlegal/ HTTP/1.1" 200 -
201.245.192.253 - - [08/Jul/2022:00:31:25 -0500] "POST /kwsrmcab/Wsrmcab HTTP/1.1" 200 44745
201.245.192.253 - - [08/Jul/2022:00:31:29 -0500] "POST /kwsrmcab/Wsrmcab HTTP/1.1" 200 46472
172.22.2.4 - - [08/Jul/2022:00:30:14 -0500] "GET /BLA/boletinlegal/ HTTP/1.1" 200 60410
216.245.221.92 - - [08/Jul/2022:00:33:05 -0500] "HEAD / HTTP/1.1" 200 -
201.245.192.253 - - [08/Jul/2022:00:33:40 -0500] "POST /kwsrmcab/Wsrmcab  HTTP/1.1" 200 45708
190.144.57.170 - - [08/Jul/2022:00:33:53 -0500] "GET /BLA/resoluciones/index.php?dir=RESOLUCIONES+2020%2F HTTP/1.1" 200 162762
40.77.139.119 - - [08/Jul/2022:00:35:15 -0500] "GET /BLA/boletinlegal/styles2.css HTTP/1.1" 200 1838
40.77.139.119 - - [08/Jul/2022:00:35:15 -0500] "GET /BLA/boletinlegal/style.css HTTP/1.1" 200 9406
40.77.139.119 - - [08/Jul/2022:00:35:15 -0500] "GET /BLA/boletinlegal/js/jquery.scrollTo-min.js HTTP/1.1" 200 1150
40.77.139.119 - - [08/Jul/2022:00:35:15 -0500] "GET /BLA/boletinlegal/js/jquery.js HTTP/1.1" 200 57254
66.249.65.17 - - [08/Jul/2022:00:36:54 -0500] "-" 408 -
172.22.2.4 - - [08/Jul/2022:00:35:14 -0500] "HEAD /BLA/boletinlegal/ HTTP/1.1" 200 -
172.22.2.4 - - [08/Jul/2022:00:36:04 -0500] "GET /BLA/boletinlegal/ HTTP/1.1" 200 52826
216.245.221.92 - - [08/Jul/2022:00:38:05 -0500] "HEAD / HTTP/1.1" 200 -
190.144.57.170 - - [08/Jul/2022:00:38:24 -0500] "GET /BLA/resoluciones/index.php?dir=RESOLUCIONES+2021%2F HTTP/1.1" 200 389635
201.245.192.253 - - [08/Jul/2022:00:38:40 -0500] "POST /kwsrmcab/Wsrmcab  HTTP/1.1" 200 45708
172.22.2.4 - - [08/Jul/2022:00:39:07 -0500] "GET /BLA/boletinlegal/index.php HTTP/1.1" 200 63618
201.245.192.253 - - [08/Jul/2022:00:41:26 -0500] "POST /kwsrmcab/Wsrmcab HTTP/1.1" 200 44745
201.245.192.253 - - [08/Jul/2022:00:41:29 -0500] "POST /kwsrmcab/Wsrmcab HTTP/1.1" 200 46472
172.22.2.4 - - [08/Jul/2022:00:41:04 -0500] "HEAD /BLA/boletinlegal/ HTTP/1.1" 200 -
216.245.221.92 - - [08/Jul/2022:00:43:05 -0500] "HEAD / HTTP/1.1" 200 -
190.144.57.170 - - [08/Jul/2022:00:43:28 -0500] "GET /BLA/resoluciones/index.php?dir=RESOLUCIONES+2020%2F HTTP/1.1" 200 162762
66.249.65.13 - - [08/Jul/2022:00:43:31 -0500] "-" 408 -
172.22.2.4 - - [08/Jul/2022:00:41:54 -0500] "GET /BLA/boletinlegal/ HTTP/1.1" 200 58491
201.245.192.253 - - [08/Jul/2022:00:43:37 -0500] "POST /kwsrmcab/Wsrmcab  HTTP/1.1" 200 45708
190.144.57.170 - - [08/Jul/2022:00:46:30 -0500] "GET /BLA/resoluciones/index.php?dir=RESOLUCIONES+2019%2F HTTP/1.1" 200 241327
199.59.150.183 - - [08/Jul/2022:00:47:37 -0500] "GET /images/Mirla%20Comu%CC%81n%20SDA%20(1)%20(1).jpeg HTTP/1.1" 404 1034
216.245.221.92 - - [08/Jul/2022:00:48:05 -0500] "HEAD / HTTP/1.1" 200 -
172.22.2.4 - - [08/Jul/2022:00:46:54 -0500] "HEAD /BLA/boletinlegal/ HTTP/1.1" 200 -
201.245.192.253 - - [08/Jul/2022:00:48:37 -0500] "POST /kwsrmcab/Wsrmcab  HTTP/1.1" 200 45708
190.144.57.170 - - [08/Jul/2022:00:48:48 -0500] "GET /BLA/resoluciones/index.php?dir=RESOLUCIONES+2009%2F HTTP/1.1" 200 1694101
66.249.65.13 - - [08/Jul/2022:00:49:11 -0500] "-" 408 -
172.22.2.4 - - [08/Jul/2022:00:47:44 -0500] "GET /BLA/boletinlegal/ HTTP/1.1" 200 58491
216.245.221.92 - - [08/Jul/2022:00:53:05 -0500] "HEAD / HTTP/1.1" 200 -
201.245.192.253 - - [08/Jul/2022:00:53:34 -0500] "POST /kwsrmcab/Wsrmcab  HTTP/1.1" 200 45708
172.22.2.4 - - [08/Jul/2022:00:52:44 -0500] "HEAD /BLA/boletinlegal/ HTTP/1.1" 200 -
199.16.157.180 - - [08/Jul/2022:00:55:03 -0500] "GET /images/Mirla%20Comu%CC%81n%20SDA%20(1)%20(1).jpeg HTTP/1.1" 404 1034
172.22.2.4 - - [08/Jul/2022:00:53:34 -0500] "GET /BLA/boletinlegal/ HTTP/1.1" 200 60410
66.249.65.13 - - [08/Jul/2022:00:56:45 -0500] "-" 408 -
216.245.221.92 - - [08/Jul/2022:00:58:05 -0500] "HEAD / HTTP/1.1" 200 -
201.245.192.253 - - [08/Jul/2022:00:58:33 -0500] "POST /kwsrmcab/Wsrmcab  HTTP/1.1" 200 45708
157.55.39.133 - - [08/Jul/2022:00:59:37 -0500] "GET / HTTP/1.1" 200 4720
172.22.2.4 - - [08/Jul/2022:00:58:34 -0500] "HEAD /BLA/boletinlegal/ HTTP/1.1" 200 -
205.169.39.238 - - [08/Jul/2022:01:00:42 -0500] "GET /portaldeninos/wp-includes/js/wp-emoji-release.min.js?ver=4.9.8 HTTP/1.1" 200 12026
205.169.39.238 - - [08/Jul/2022:01:00:42 -0500] "GET /portaldeninos/wp-content/plugins/google-analytics-for-wordpress/assets/js/frontend-gtag.min.js?ver=8.5.0 HTTP/1.1" 200 11801
205.169.39.238 - - [08/Jul/2022:01:00:42 -0500] "GET /portaldeninos/wp-includes/js/jquery/jquery.js?ver=1.12.4 HTTP/1.1" 200 97184
205.169.39.238 - - [08/Jul/2022:01:00:43 -0500] "GET /portaldeninos/wp-includes/js/jquery/jquery-migrate.min.js?ver=1.4.1 HTTP/1.1" 200 10056
205.169.39.238 - - [08/Jul/2022:01:00:43 -0500] "GET /portaldeninos/wp-includes/js/jquery/ui/core.min.js?ver=1.11.4 HTTP/1.1" 200 4000
205.169.39.238 - - [08/Jul/2022:01:00:44 -0500] "GET /portaldeninos/wp-content/plugins/gallery-videos/JS/modernizr.custom.js?ver=4.9.8 HTTP/1.1" 200 9019
205.169.39.238 - - [08/Jul/2022:01:00:44 -0500] "GET /portaldeninos/wp-content/plugins/gallery-videos/JS/Total-Soft-Gallery-Video-Widget.js?ver=4.9.8 HTTP/1.1" 200 80264
205.169.39.238 - - [08/Jul/2022:01:00:44 -0500] "GET /portaldeninos/wp-includes/js/jquery/ui/widget.min.js?ver=1.11.4 HTTP/1.1" 200 6908
205.169.39.238 - - [08/Jul/2022:01:00:44 -0500] "GET /portaldeninos/wp-includes/js/jquery/ui/mouse.min.js?ver=1.11.4 HTTP/1.1" 200 3148
205.169.39.238 - - [08/Jul/2022:01:00:44 -0500] "GET /portaldeninos/wp-includes/js/jquery/ui/sortable.min.js?ver=1.11.4 HTTP/1.1" 200 24899
205.169.39.238 - - [08/Jul/2022:01:00:45 -0500] "GET /portaldeninos/wp-includes/js/jquery/ui/tabs.min.js?ver=1.11.4 HTTP/1.1" 200 12110
205.169.39.238 - - [08/Jul/2022:01:00:45 -0500] "GET /portaldeninos/wp-includes/js/jquery/ui/accordion.min.js?ver=1.11.4 HTTP/1.1" 200 8584
205.169.39.238 - - [08/Jul/2022:01:00:45 -0500] "GET /portaldeninos/wp-content/themes/betheme/js/plugins.js?ver=20.9.6 HTTP/1.1" 200 197151
205.169.39.238 - - [08/Jul/2022:01:00:46 -0500] "GET /portaldeninos/wp-content/themes/betheme/js/menu.js?ver=20.9.6 HTTP/1.1" 200 2449
205.169.39.238 - - [08/Jul/2022:01:00:46 -0500] "GET /portaldeninos/wp-content/themes/betheme/assets/animations/animations.min.js?ver=20.9.6 HTTP/1.1" 200 1896
205.169.39.238 - - [08/Jul/2022:01:00:47 -0500] "GET /portaldeninos/wp-content/themes/betheme/assets/jplayer/jplayer.min.js?ver=20.9.6 HTTP/1.1" 200 52702
205.169.39.238 - - [08/Jul/2022:01:00:47 -0500] "GET /portaldeninos/wp-content/themes/betheme/js/scripts.js?ver=20.9.6 HTTP/1.1" 200 77162
205.169.39.238 - - [08/Jul/2022:01:00:47 -0500] "GET /portaldeninos/wp-includes/js/wp-embed.min.js?ver=4.9.8 HTTP/1.1" 200 1398
172.22.2.4 - - [08/Jul/2022:00:59:24 -0500] "GET /BLA/boletinlegal/ HTTP/1.1" 200 60992
216.245.221.92 - - [08/Jul/2022:01:03:05 -0500] "HEAD / HTTP/1.1" 200 -
201.245.192.253 - - [08/Jul/2022:01:03:32 -0500] "POST /kwsrmcab/Wsrmcab  HTTP/1.1" 200 45708
152.61.192.232 - - [08/Jul/2022:01:03:49 -0500] "GET /arcgis/services/Calidad_del_Agua_WQI/MapServer/WMSServer?request=GetCapabilities&service=WMS HTTP/1.1" 503 1020
152.61.192.232 - - [08/Jul/2022:01:03:51 -0500] "GET /arcgis/services/Calidad_del_Agua_WQI/MapServer/WMSServer?SERVICE=WMS&REQUEST=GetCapabilities HTTP/1.1" 503 1020
152.61.192.232 - - [08/Jul/2022:01:03:51 -0500] "GET /arcgis/services/Calidad_del_Agua_WQI/MapServer/WMSServer?WMTVER=1.0.0&REQUEST=capabilities HTTP/1.1" 503 1020
190.144.57.170 - - [08/Jul/2022:01:04:48 -0500] "GET /BLA/resoluciones/index.php?dir=RESOLUCIONES+2012%2F HTTP/1.1" 200 140066
190.144.57.170 - - [08/Jul/2022:01:04:59 -0500] "GET /BLA/resoluciones/RESOLUCIONES%202012/0290.pdf HTTP/1.1" 200 192943
66.249.65.13 - - [08/Jul/2022:01:05:31 -0500] "-" 408 -
172.22.2.4 - - [08/Jul/2022:01:04:24 -0500] "HEAD /BLA/boletinlegal/ HTTP/1.1" 200 -
172.22.2.4 - - [08/Jul/2022:01:05:38 -0500] "GET /BLA/boletinlegal/ HTTP/1.1" 200 20427
172.22.2.4 - - [08/Jul/2022:01:06:12 -0500] "GET /BLA/boletinlegal/jurisprudencia/analisis/analisis%20sentencia%20C-596-10.doc HTTP/1.1" 200 36352
172.22.2.4 - - [08/Jul/2022:01:05:14 -0500] "GET /BLA/boletinlegal/ HTTP/1.1" 200 57272
190.144.57.170 - - [08/Jul/2022:01:07:25 -0500] "GET /BLA/resoluciones/index.php?dir=RESOLUCIONES+2009%2F HTTP/1.1" 200 1694101
216.245.221.92 - - [08/Jul/2022:01:08:05 -0500] "HEAD / HTTP/1.1" 200 -
201.245.192.253 - - [08/Jul/2022:01:08:31 -0500] "POST /kwsrmcab/Wsrmcab  HTTP/1.1" 200 45708
172.22.2.4 - - [08/Jul/2022:01:10:30 -0500] "GET /BLA/boletinlegal/Directivas/2014/Directiva%20No.%205%20del%2026%20de%20Diciembre%20de%202014.pdf HTTP/1.1" 304 -
172.22.2.4 - - [08/Jul/2022:01:10:14 -0500] "HEAD /BLA/boletinlegal/ HTTP/1.1" 200 -
152.61.128.50 - - [08/Jul/2022:01:12:05 -0500] "GET /arcgis/services/Calidad_del_Agua_WQI/MapServer/WMSServer?request=GetCapabilities&service=WMS HTTP/1.1" 503 1020
152.61.128.50 - - [08/Jul/2022:01:12:06 -0500] "GET /arcgis/services/Calidad_del_Agua_WQI/MapServer/WMSServer?SERVICE=WMS&REQUEST=GetCapabilities HTTP/1.1" 503 1020
152.61.128.50 - - [08/Jul/2022:01:12:07 -0500] "GET /arcgis/services/Calidad_del_Agua_WQI/MapServer/WMSServer?WMTVER=1.0.0&REQUEST=capabilities HTTP/1.1" 503 1020
172.22.2.4 - - [08/Jul/2022:01:11:04 -0500] "GET /BLA/boletinlegal/ HTTP/1.1" 200 60992
216.245.221.92 - - [08/Jul/2022:01:13:05 -0500] "HEAD / HTTP/1.1" 200 -
201.245.192.253 - - [08/Jul/2022:01:13:30 -0500] "POST /kwsrmcab/Wsrmcab  HTTP/1.1" 200 45708
69.171.251.6 - - [08/Jul/2022:01:13:42 -0500] "GET /images/animal-langostilla-protocolo-11-noviembre.jpg HTTP/1.1" 200 117767
66.249.65.13 - - [08/Jul/2022:01:16:12 -0500] "-" 408 -
172.22.2.4 - - [08/Jul/2022:01:16:04 -0500] "HEAD /BLA/boletinlegal/ HTTP/1.1" 200 -
216.245.221.92 - - [08/Jul/2022:01:18:05 -0500] "HEAD / HTTP/1.1" 200 -
201.245.192.253 - - [08/Jul/2022:01:18:29 -0500] "POST /kwsrmcab/Wsrmcab  HTTP/1.1" 200 45708
172.22.2.4 - - [08/Jul/2022:01:16:54 -0500] "GET /BLA/boletinlegal/ HTTP/1.1" 200 60410
201.245.192.253 - - [08/Jul/2022:01:21:25 -0500] "POST /kwsrmcab/Wsrmcab HTTP/1.1" 200 44743
201.245.192.253 - - [08/Jul/2022:01:21:29 -0500] "POST /kwsrmcab/Wsrmcab HTTP/1.1" 200 46648
172.22.2.4 - - [08/Jul/2022:01:21:48 -0500] "GET /BLA/boletinlegal/robots.txt HTTP/1.1" 404 1038
66.249.65.13 - - [08/Jul/2022:01:22:12 -0500] "-" 408 -
199.59.150.182 - - [08/Jul/2022:01:22:15 -0500] "GET /images/Mirla%20Comu%CC%81n%20SDA%20(1)%20(1).jpeg HTTP/1.1" 404 1034
216.245.221.92 - - [08/Jul/2022:01:23:05 -0500] "HEAD / HTTP/1.1" 200 -
172.22.2.4 - - [08/Jul/2022:01:21:49 -0500] "GET /BLA/boletinlegal/ HTTP/1.1" 200 46746
201.245.192.253 - - [08/Jul/2022:01:23:29 -0500] "POST /kwsrmcab/Wsrmcab  HTTP/1.1" 200 45708
172.22.2.4 - - [08/Jul/2022:01:21:54 -0500] "HEAD /BLA/boletinlegal/ HTTP/1.1" 200 -
172.22.2.4 - - [08/Jul/2022:01:22:44 -0500] "GET /BLA/boletinlegal/ HTTP/1.1" 200 51540
172.22.2.4 - - [08/Jul/2022:01:23:47 -0500] "GET /BLA/boletinlegal/ HTTP/1.1" 200 36811
173.252.107.117 - - [08/Jul/2022:01:24:55 -0500] "GET /images/lluvias-arboles-4-junio.jpeg HTTP/1.1" 200 117524
186.155.74.102 - - [08/Jul/2022:01:25:01 -0500] "GET /dia-mundial-del-medio-ambiente-con-3-500-beneficiarias-comienza-la-segunda-fase-de-mujeres-que-reverdecen.html HTTP/1.1" 200 845
173.252.107.117 - - [08/Jul/2022:01:25:17 -0500] "GET /lluvias-y-vientos-aumentan-la-probabilidad-de-caida-de-arboles-en-bogota.html HTTP/1.1" 206 730
173.252.107.23 - - [08/Jul/2022:01:25:26 -0500] "GET /programate-para-una-nueva-jornada-de-recoleccion-de-llantas-en-bogota.html HTTP/1.1" 206 913
173.252.107.19 - - [08/Jul/2022:01:25:27 -0500] "GET /images/jornada-llantaton-usaquen-24-marzo.jpg HTTP/1.1" 200 41830
69.171.251.116 - - [08/Jul/2022:01:25:27 -0500] "GET /images/jornada-llantaton-usaquen-24-marzo.jpg HTTP/1.1" 200 41830
173.252.79.16 - - [08/Jul/2022:01:26:09 -0500] "GET /images/empresas-industrias-forestales-1-junio.jpg HTTP/1.1" 200 44019
173.252.107.15 - - [08/Jul/2022:01:26:42 -0500] "GET /semana-ambiental-500-arboles-plantados-en-el-humedal-el-burro.html HTTP/1.1" 206 768
185.119.81.103 - - [08/Jul/2022:01:26:58 -0500] "GET /portaldeninos/wp-login.php HTTP/1.1" 200 2592
185.119.81.103 - - [08/Jul/2022:01:26:59 -0500] "POST /portaldeninos/wp-login.php HTTP/1.1" 200 3605
34.91.203.118 - - [08/Jul/2022:01:27:57 -0500] "GET / HTTP/1.1" 200 319
66.249.65.13 - - [08/Jul/2022:01:27:58 -0500] "-" 408 -
173.252.107.24 - - [08/Jul/2022:01:28:00 -0500] "GET /images/energia-eficiencia-26-mayo.jpg HTTP/1.1" 200 46417
216.245.221.92 - - [08/Jul/2022:01:28:05 -0500] "HEAD / HTTP/1.1" 200 -
173.252.107.15 - - [08/Jul/2022:01:28:28 -0500] "GET /secretaria-de-ambiente-se-unio-al-operativo-nacional-de-control-al-trafico-ilegal-de-maderas.html HTTP/1.1" 206 855
201.245.192.253 - - [08/Jul/2022:01:28:29 -0500] "POST /kwsrmcab/Wsrmcab  HTTP/1.1" 200 45708
172.22.2.4 - - [08/Jul/2022:01:27:44 -0500] "HEAD /BLA/boletinlegal/ HTTP/1.1" 200 -
172.22.2.4 - - [08/Jul/2022:01:28:34 -0500] "GET /BLA/boletinlegal/ HTTP/1.1" 200 60992
186.29.123.206 - - [08/Jul/2022:01:30:20 -0500] "GET /BLA/resoluciones/ HTTP/1.1" 200 13093
186.29.123.206 - - [08/Jul/2022:01:30:20 -0500] "GET /BLA/resoluciones/dlf/styles.css HTTP/1.1" 200 3049
186.29.123.206 - - [08/Jul/2022:01:30:20 -0500] "GET /BLA/resoluciones/dlf/folder.png HTTP/1.1" 200 410
186.29.123.206 - - [08/Jul/2022:01:30:20 -0500] "GET /BLA/resoluciones/dlf/bg.gif HTTP/1.1" 200 54
186.29.123.206 - - [08/Jul/2022:01:30:20 -0500] "GET /favicon.ico HTTP/1.1" 200 7782
186.29.123.206 - - [08/Jul/2022:01:30:29 -0500] "GET /BLA/resoluciones/index.php?dir=RESOLUCIONES+2016%2F HTTP/1.1" 200 170796
186.29.123.206 - - [08/Jul/2022:01:30:29 -0500] "GET /BLA/resoluciones/dlf/pdf.gif HTTP/1.1" 200 272
186.29.123.206 - - [08/Jul/2022:01:30:29 -0500] "GET /BLA/resoluciones/dlf/dirup.png HTTP/1.1" 200 644
186.29.123.206 - - [08/Jul/2022:01:30:29 -0500] "GET /BLA/resoluciones/dlf/unknown.png HTTP/1.1" 200 266
186.29.123.206 - - [08/Jul/2022:01:30:42 -0500] "GET /BLA/resoluciones/RESOLUCIONES%202016/1397.pdf HTTP/1.1" 200 4471617
77.88.5.235 - - [08/Jul/2022:01:31:08 -0500] "-" 408 -
93.158.161.37 - - [08/Jul/2022:01:31:14 -0500] "-" 408 -
199.16.157.183 - - [08/Jul/2022:01:31:17 -0500] "GET /images/Mirla%20Comu%CC%81n%20SDA%20(1)%20(1).jpeg HTTP/1.1" 404 1034
93.158.161.2 - - [08/Jul/2022:01:31:19 -0500] "-" 408 -
77.88.5.129 - - [08/Jul/2022:01:31:25 -0500] "-" 408 -
201.245.192.253 - - [08/Jul/2022:01:31:25 -0500] "POST /kwsrmcab/Wsrmcab HTTP/1.1" 200 44743
201.245.192.253 - - [08/Jul/2022:01:31:28 -0500] "POST /kwsrmcab/Wsrmcab HTTP/1.1" 200 46648
157.55.39.114 - - [08/Jul/2022:01:31:31 -0500] "GET /BLA/boletinlegal/Circulares/2012/Circular%20No.%2015%20del%2022%20de%20octubre%20de%202012.pdf HTTP/1.1" 200 486506
77.88.5.241 - - [08/Jul/2022:01:31:40 -0500] "-" 408 -
77.88.5.86 - - [08/Jul/2022:01:31:55 -0500] "-" 408 -
77.88.5.245 - - [08/Jul/2022:01:32:25 -0500] "-" 408 -
216.245.221.92 - - [08/Jul/2022:01:33:05 -0500] "HEAD / HTTP/1.1" 200 -
93.158.161.6 - - [08/Jul/2022:01:33:25 -0500] "-" 408 -
201.245.192.253 - - [08/Jul/2022:01:33:27 -0500] "POST /kwsrmcab/Wsrmcab  HTTP/1.1" 200 45708
66.249.65.13 - - [08/Jul/2022:01:33:53 -0500] "-" 408 -
77.88.5.208 - - [08/Jul/2022:01:34:25 -0500] "-" 408 -
207.46.13.8 - - [08/Jul/2022:01:35:03 -0500] "GET /BLA/resoluciones/AUTOS%202021/4182.pdf HTTP/1.1" 304 -
172.22.2.4 - - [08/Jul/2022:01:33:34 -0500] "HEAD /BLA/boletinlegal/ HTTP/1.1" 200 -
172.22.2.4 - - [08/Jul/2022:01:34:24 -0500] "GET /BLA/boletinlegal/ HTTP/1.1" 200 55912
93.158.161.59 - - [08/Jul/2022:01:36:25 -0500] "-" 408 -
216.245.221.92 - - [08/Jul/2022:01:38:05 -0500] "HEAD / HTTP/1.1" 200 -
201.245.192.253 - - [08/Jul/2022:01:38:26 -0500] "POST /kwsrmcab/Wsrmcab  HTTP/1.1" 200 45708
93.158.161.48 - - [08/Jul/2022:01:39:25 -0500] "-" 408 -
66.249.65.13 - - [08/Jul/2022:01:40:32 -0500] "-" 408 -
172.22.2.4 - - [08/Jul/2022:01:39:24 -0500] "HEAD /BLA/boletinlegal/ HTTP/1.1" 200 -
201.245.192.253 - - [08/Jul/2022:01:41:25 -0500] "POST /kwsrmcab/Wsrmcab HTTP/1.1" 500 253
201.245.192.253 - - [08/Jul/2022:01:41:25 -0500] "POST /kwsrmcab/Wsrmcab HTTP/1.1" 500 253
172.22.2.4 - - [08/Jul/2022:01:40:14 -0500] "GET /BLA/boletinlegal/ HTTP/1.1" 200 58122
216.245.221.92 - - [08/Jul/2022:01:43:05 -0500] "HEAD / HTTP/1.1" 200 -
201.245.192.253 - - [08/Jul/2022:01:43:25 -0500] "POST /kwsrmcab/Wsrmcab  HTTP/1.1" 500 253
172.22.2.4 - - [08/Jul/2022:01:43:33 -0500] "GET /BLA/boletinlegal/Directivas/2014/Directiva%20No.%205%20del%2026%20de%20Diciembre%20de%202014.pdf HTTP/1.1" 304 -
201.245.192.253 - - [08/Jul/2022:01:44:24 -0500] "POST /kwsrmcab/Wsrmcab  HTTP/1.1" 500 253
201.245.192.253 - - [08/Jul/2022:01:45:23 -0500] "POST /kwsrmcab/Wsrmcab  HTTP/1.1" 500 253
201.245.192.253 - - [08/Jul/2022:01:46:22 -0500] "POST /kwsrmcab/Wsrmcab  HTTP/1.1" 500 253
35.210.252.229 - - [08/Jul/2022:01:46:53 -0500] "GET /bla/boletinlegal/sugerencias.php HTTP/1.1" 200 8615
172.22.2.4 - - [08/Jul/2022:01:45:14 -0500] "HEAD /BLA/boletinlegal/ HTTP/1.1" 200 -
201.245.192.253 - - [08/Jul/2022:01:47:21 -0500] "POST /kwsrmcab/Wsrmcab  HTTP/1.1" 500 253
66.249.65.13 - - [08/Jul/2022:01:47:27 -0500] "-" 408 -
205.169.39.74 - - [08/Jul/2022:01:47:30 -0500] "GET /portaldeninos/wp-includes/js/wp-emoji-release.min.js?ver=4.9.8 HTTP/1.1" 200 12026
205.169.39.74 - - [08/Jul/2022:01:47:34 -0500] "GET /portaldeninos/wp-content/plugins/google-analytics-for-wordpress/assets/js/frontend-gtag.min.js?ver=8.5.0 HTTP/1.1" 200 11801
205.169.39.74 - - [08/Jul/2022:01:47:35 -0500] "GET /portaldeninos/wp-includes/js/jquery/jquery.js?ver=1.12.4 HTTP/1.1" 200 97184
205.169.39.74 - - [08/Jul/2022:01:47:36 -0500] "GET /portaldeninos/wp-includes/js/jquery/jquery-migrate.min.js?ver=1.4.1 HTTP/1.1" 200 10056
205.169.39.74 - - [08/Jul/2022:01:47:37 -0500] "GET /portaldeninos/wp-includes/js/jquery/ui/core.min.js?ver=1.11.4 HTTP/1.1" 200 4000
205.169.39.74 - - [08/Jul/2022:01:47:37 -0500] "GET /portaldeninos/wp-content/plugins/gallery-videos/JS/modernizr.custom.js?ver=4.9.8 HTTP/1.1" 200 9019
205.169.39.74 - - [08/Jul/2022:01:47:37 -0500] "GET /portaldeninos/wp-content/plugins/gallery-videos/JS/Total-Soft-Gallery-Video-Widget.js?ver=4.9.8 HTTP/1.1" 200 80264
205.169.39.74 - - [08/Jul/2022:01:47:38 -0500] "GET /portaldeninos/wp-includes/js/jquery/ui/widget.min.js?ver=1.11.4 HTTP/1.1" 200 6908
205.169.39.74 - - [08/Jul/2022:01:47:38 -0500] "GET /portaldeninos/wp-includes/js/jquery/ui/mouse.min.js?ver=1.11.4 HTTP/1.1" 200 3148
205.169.39.74 - - [08/Jul/2022:01:47:38 -0500] "GET /portaldeninos/wp-includes/js/jquery/ui/sortable.min.js?ver=1.11.4 HTTP/1.1" 200 24899
205.169.39.74 - - [08/Jul/2022:01:47:39 -0500] "GET /portaldeninos/wp-includes/js/jquery/ui/tabs.min.js?ver=1.11.4 HTTP/1.1" 200 12110
205.169.39.74 - - [08/Jul/2022:01:47:39 -0500] "GET /portaldeninos/wp-includes/js/jquery/ui/accordion.min.js?ver=1.11.4 HTTP/1.1" 200 8584
205.169.39.74 - - [08/Jul/2022:01:47:39 -0500] "GET /portaldeninos/wp-content/themes/betheme/js/plugins.js?ver=20.9.6 HTTP/1.1" 200 197151
205.169.39.74 - - [08/Jul/2022:01:47:41 -0500] "GET /portaldeninos/wp-content/themes/betheme/js/menu.js?ver=20.9.6 HTTP/1.1" 200 2449
205.169.39.74 - - [08/Jul/2022:01:47:41 -0500] "GET /portaldeninos/wp-content/themes/betheme/assets/animations/animations.min.js?ver=20.9.6 HTTP/1.1" 200 1896
205.169.39.74 - - [08/Jul/2022:01:47:42 -0500] "GET /portaldeninos/wp-content/themes/betheme/assets/jplayer/jplayer.min.js?ver=20.9.6 HTTP/1.1" 200 52702
205.169.39.74 - - [08/Jul/2022:01:47:42 -0500] "GET /portaldeninos/wp-content/themes/betheme/js/scripts.js?ver=20.9.6 HTTP/1.1" 200 77162
205.169.39.74 - - [08/Jul/2022:01:47:43 -0500] "GET /portaldeninos/wp-includes/js/wp-embed.min.js?ver=4.9.8 HTTP/1.1" 200 1398
172.22.2.4 - - [08/Jul/2022:01:46:04 -0500] "GET /BLA/boletinlegal/ HTTP/1.1" 200 57699
216.245.221.92 - - [08/Jul/2022:01:48:05 -0500] "HEAD / HTTP/1.1" 200 -
201.245.192.253 - - [08/Jul/2022:01:52:20 -0500] "POST /kwsrmcab/Wsrmcab  HTTP/1.1" 500 253
172.22.2.4 - - [08/Jul/2022:01:51:04 -0500] "HEAD /BLA/boletinlegal/ HTTP/1.1" 200 -
216.245.221.92 - - [08/Jul/2022:01:53:05 -0500] "HEAD / HTTP/1.1" 200 -
172.22.2.4 - - [08/Jul/2022:01:51:54 -0500] "GET /BLA/boletinlegal/ HTTP/1.1" 200 58122
66.249.65.13 - - [08/Jul/2022:01:53:42 -0500] "-" 408 -
109.237.103.9 - - [08/Jul/2022:01:54:55 -0500] "GET /.env HTTP/1.1" 404 1018
109.237.103.9 - - [08/Jul/2022:01:54:55 -0500] "\x16\x03\x01\x01D\x01" 400 226
185.119.81.103 - - [08/Jul/2022:01:55:32 -0500] "GET /portaldeninos/wp-login.php HTTP/1.1" 200 2592
185.119.81.103 - - [08/Jul/2022:01:55:33 -0500] "POST /portaldeninos/wp-login.php HTTP/1.1" 200 3670
199.59.150.183 - - [08/Jul/2022:01:56:36 -0500] "GET /images/Mirla%20Comu%CC%81n%20SDA%20(1)%20(1).jpeg HTTP/1.1" 404 1034
201.245.192.253 - - [08/Jul/2022:01:57:19 -0500] "POST /kwsrmcab/Wsrmcab  HTTP/1.1" 500 253
216.245.221.92 - - [08/Jul/2022:01:58:05 -0500] "HEAD / HTTP/1.1" 200 -
172.22.2.4 - - [08/Jul/2022:01:56:54 -0500] "HEAD /BLA/boletinlegal/ HTTP/1.1" 200 -
37.19.197.32 - - [08/Jul/2022:01:59:24 -0500] "GET /wp-login.php HTTP/1.1" 404 1035
172.22.2.4 - - [08/Jul/2022:01:59:24 -0500] "GET /BLA/boletinlegal/wp-login.php HTTP/1.1" 404 1038
172.22.2.4 - - [08/Jul/2022:01:57:44 -0500] "GET /BLA/boletinlegal/ HTTP/1.1" 200 57272
66.249.65.13 - - [08/Jul/2022:01:59:46 -0500] "-" 408 -
223.71.167.164 - - [08/Jul/2022:02:01:17 -0500] "GET / HTTP/1.1" 200 319
190.144.57.170 - - [08/Jul/2022:02:02:12 -0500] "GET /BLA/resoluciones/index.php?dir=RESOLUCIONES+2020%2F HTTP/1.1" 200 162762
201.245.192.253 - - [08/Jul/2022:02:02:18 -0500] "POST /kwsrmcab/Wsrmcab  HTTP/1.1" 500 253
216.245.221.92 - - [08/Jul/2022:02:03:05 -0500] "HEAD / HTTP/1.1" 200 -
172.22.2.4 - - [08/Jul/2022:02:02:44 -0500] "HEAD /BLA/boletinlegal/ HTTP/1.1" 200 -
172.22.2.4 - - [08/Jul/2022:02:03:34 -0500] "GET /BLA/boletinlegal/ HTTP/1.1" 200 58122
66.249.65.13 - - [08/Jul/2022:02:05:33 -0500] "-" 408 -
207.46.13.8 - - [08/Jul/2022:02:05:56 -0500] "GET /galeria/galeria/fotos/Humedal-la-conejera1G.jpg HTTP/1.1" 200 340987
199.16.157.180 - - [08/Jul/2022:02:06:30 -0500] "GET /images/Mirla%20Comu%CC%81n%20SDA%20(1)%20(1).jpeg HTTP/1.1" 404 1034
201.245.192.253 - - [08/Jul/2022:02:07:17 -0500] "POST /kwsrmcab/Wsrmcab  HTTP/1.1" 500 253
216.245.221.92 - - [08/Jul/2022:02:08:05 -0500] "HEAD / HTTP/1.1" 200 -
172.22.2.4 - - [08/Jul/2022:02:08:34 -0500] "HEAD /BLA/boletinlegal/ HTTP/1.1" 200 -
172.22.2.4 - - [08/Jul/2022:02:09:24 -0500] "GET /BLA/boletinlegal/ HTTP/1.1" 200 57272
66.249.65.13 - - [08/Jul/2022:02:11:16 -0500] "-" 408 -
201.245.192.253 - - [08/Jul/2022:02:12:16 -0500] "POST /kwsrmcab/Wsrmcab  HTTP/1.1" 500 253
216.245.221.92 - - [08/Jul/2022:02:13:05 -0500] "HEAD / HTTP/1.1" 200 -
172.22.2.4 - - [08/Jul/2022:02:14:24 -0500] "HEAD /BLA/boletinlegal/ HTTP/1.1" 200 -
172.22.2.4 - - [08/Jul/2022:02:15:14 -0500] "GET /BLA/boletinlegal/ HTTP/1.1" 200 60410
66.249.65.13 - - [08/Jul/2022:02:17:10 -0500] "-" 408 -
201.245.192.253 - - [08/Jul/2022:02:17:15 -0500] "POST /kwsrmcab/Wsrmcab  HTTP/1.1" 500 253
216.245.221.92 - - [08/Jul/2022:02:18:05 -0500] "HEAD / HTTP/1.1" 200 -
201.245.192.253 - - [08/Jul/2022:02:21:25 -0500] "POST /kwsrmcab/Wsrmcab HTTP/1.1" 500 253
201.245.192.253 - - [08/Jul/2022:02:21:25 -0500] "POST /kwsrmcab/Wsrmcab HTTP/1.1" 500 253
172.22.2.4 - - [08/Jul/2022:02:20:14 -0500] "HEAD /BLA/boletinlegal/ HTTP/1.1" 200 -
201.245.192.253 - - [08/Jul/2022:02:22:14 -0500] "POST /kwsrmcab/Wsrmcab  HTTP/1.1" 500 253
172.22.2.4 - - [08/Jul/2022:02:21:04 -0500] "GET /BLA/boletinlegal/ HTTP/1.1" 200 60992
216.245.221.92 - - [08/Jul/2022:02:23:05 -0500] "HEAD / HTTP/1.1" 200 -
201.245.192.253 - - [08/Jul/2022:02:27:13 -0500] "POST /kwsrmcab/Wsrmcab  HTTP/1.1" 500 253
172.22.2.4 - - [08/Jul/2022:02:26:04 -0500] "HEAD /BLA/boletinlegal/ HTTP/1.1" 200 -
216.245.221.92 - - [08/Jul/2022:02:28:05 -0500] "HEAD / HTTP/1.1" 200 -
172.22.2.4 - - [08/Jul/2022:02:26:54 -0500] "GET /BLA/boletinlegal/ HTTP/1.1" 200 58491
66.249.65.13 - - [08/Jul/2022:02:28:34 -0500] "-" 408 -
65.154.226.220 - - [08/Jul/2022:02:28:52 -0500] "GET /portaldeninos/wp-includes/js/wp-emoji-release.min.js?ver=4.9.8 HTTP/1.1" 200 12026
65.154.226.220 - - [08/Jul/2022:02:28:52 -0500] "GET /portaldeninos/wp-content/plugins/google-analytics-for-wordpress/assets/js/frontend-gtag.min.js?ver=8.5.0 HTTP/1.1" 200 11801
65.154.226.220 - - [08/Jul/2022:02:28:52 -0500] "GET /portaldeninos/wp-includes/js/jquery/jquery.js?ver=1.12.4 HTTP/1.1" 200 97184
65.154.226.220 - - [08/Jul/2022:02:28:53 -0500] "GET /portaldeninos/wp-includes/js/jquery/jquery-migrate.min.js?ver=1.4.1 HTTP/1.1" 200 10056
65.154.226.220 - - [08/Jul/2022:02:28:53 -0500] "GET /portaldeninos/wp-includes/js/jquery/ui/core.min.js?ver=1.11.4 HTTP/1.1" 200 4000
65.154.226.220 - - [08/Jul/2022:02:28:53 -0500] "GET /portaldeninos/wp-content/plugins/gallery-videos/JS/modernizr.custom.js?ver=4.9.8 HTTP/1.1" 200 9019
65.154.226.220 - - [08/Jul/2022:02:28:53 -0500] "GET /portaldeninos/wp-content/plugins/gallery-videos/JS/Total-Soft-Gallery-Video-Widget.js?ver=4.9.8 HTTP/1.1" 200 80264
65.154.226.220 - - [08/Jul/2022:02:28:54 -0500] "GET /portaldeninos/wp-includes/js/jquery/ui/widget.min.js?ver=1.11.4 HTTP/1.1" 200 6908
65.154.226.220 - - [08/Jul/2022:02:28:54 -0500] "GET /portaldeninos/wp-includes/js/jquery/ui/mouse.min.js?ver=1.11.4 HTTP/1.1" 200 3148
65.154.226.220 - - [08/Jul/2022:02:28:54 -0500] "GET /portaldeninos/wp-includes/js/jquery/ui/sortable.min.js?ver=1.11.4 HTTP/1.1" 200 24899
65.154.226.220 - - [08/Jul/2022:02:28:54 -0500] "GET /portaldeninos/wp-includes/js/jquery/ui/tabs.min.js?ver=1.11.4 HTTP/1.1" 200 12110
65.154.226.220 - - [08/Jul/2022:02:28:55 -0500] "GET /portaldeninos/wp-includes/js/jquery/ui/accordion.min.js?ver=1.11.4 HTTP/1.1" 200 8584
65.154.226.220 - - [08/Jul/2022:02:28:55 -0500] "GET /portaldeninos/wp-content/themes/betheme/js/plugins.js?ver=20.9.6 HTTP/1.1" 200 197151
65.154.226.220 - - [08/Jul/2022:02:28:55 -0500] "GET /portaldeninos/wp-content/themes/betheme/js/menu.js?ver=20.9.6 HTTP/1.1" 200 2449
65.154.226.220 - - [08/Jul/2022:02:28:55 -0500] "GET /portaldeninos/wp-content/themes/betheme/assets/animations/animations.min.js?ver=20.9.6 HTTP/1.1" 200 1896
65.154.226.220 - - [08/Jul/2022:02:28:55 -0500] "GET /portaldeninos/wp-content/themes/betheme/assets/jplayer/jplayer.min.js?ver=20.9.6 HTTP/1.1" 200 52702
65.154.226.220 - - [08/Jul/2022:02:28:56 -0500] "GET /portaldeninos/wp-content/themes/betheme/js/scripts.js?ver=20.9.6 HTTP/1.1" 200 77162
65.154.226.220 - - [08/Jul/2022:02:28:56 -0500] "GET /portaldeninos/wp-includes/js/wp-embed.min.js?ver=4.9.8 HTTP/1.1" 200 1398
207.46.13.31 - - [08/Jul/2022:02:30:17 -0500] "GET /BLA/resoluciones/RESOLUCIONES%202019/1048.pdf HTTP/1.1" 304 -
207.46.13.184 - - [08/Jul/2022:02:30:17 -0500] "GET / HTTP/1.1" 200 319
37.0.8.116 - - [08/Jul/2022:02:30:57 -0500] "POST /boaform/admin/formLogin HTTP/1.1" 404 1186
201.245.192.253 - - [08/Jul/2022:02:31:24 -0500] "POST /kwsrmcab/Wsrmcab HTTP/1.1" 500 253
201.245.192.253 - - [08/Jul/2022:02:31:24 -0500] "POST /kwsrmcab/Wsrmcab HTTP/1.1" 500 253
199.59.150.182 - - [08/Jul/2022:02:31:49 -0500] "GET /images/Mirla%20Comu%CC%81n%20SDA%20(1)%20(1).jpeg HTTP/1.1" 404 1034
201.245.192.253 - - [08/Jul/2022:02:32:12 -0500] "POST /kwsrmcab/Wsrmcab  HTTP/1.1" 500 253
216.245.221.92 - - [08/Jul/2022:02:33:05 -0500] "HEAD / HTTP/1.1" 200 -
172.22.2.4 - - [08/Jul/2022:02:31:54 -0500] "HEAD /BLA/boletinlegal/ HTTP/1.1" 200 -
172.22.2.4 - - [08/Jul/2022:02:32:44 -0500] "GET /BLA/boletinlegal/ HTTP/1.1" 200 60410
66.249.65.13 - - [08/Jul/2022:02:34:38 -0500] "-" 408 -
201.245.192.253 - - [08/Jul/2022:02:37:11 -0500] "POST /kwsrmcab/Wsrmcab  HTTP/1.1" 500 253
40.77.167.66 - - [08/Jul/2022:02:37:18 -0500] "GET /BLA/resoluciones/AUTOS%202021/2971.pdf HTTP/1.1" 304 -
59.152.62.27 - - [08/Jul/2022:02:37:26 -0500] "GET / HTTP/1.1" 200 319
172.22.2.4 - - [08/Jul/2022:02:37:33 -0500] "GET /BLA/boletinlegal/robots.txt HTTP/1.1" 404 1038
216.245.221.92 - - [08/Jul/2022:02:38:05 -0500] "HEAD / HTTP/1.1" 200 -
172.22.2.4 - - [08/Jul/2022:02:37:39 -0500] "GET /BLA/boletinlegal/ HTTP/1.1" 200 50730
207.46.13.8 - - [08/Jul/2022:02:39:20 -0500] "GET /galeria/galeria/fotos/Humedal-la-conejera1G.jpg HTTP/1.1" 200 340987
172.22.2.4 - - [08/Jul/2022:02:37:44 -0500] "HEAD /BLA/boletinlegal/ HTTP/1.1" 200 -
172.22.2.4 - - [08/Jul/2022:02:38:34 -0500] "GET /BLA/boletinlegal/ HTTP/1.1" 200 54359
66.249.65.13 - - [08/Jul/2022:02:40:28 -0500] "-" 408 -
201.245.192.253 - - [08/Jul/2022:02:41:25 -0500] "POST /kwsrmcab/Wsrmcab HTTP/1.1" 500 253
201.245.192.253 - - [08/Jul/2022:02:41:25 -0500] "POST /kwsrmcab/Wsrmcab HTTP/1.1" 500 253
199.16.157.183 - - [08/Jul/2022:02:41:42 -0500] "GET /images/Mirla%20Comu%CC%81n%20SDA%20(1)%20(1).jpeg HTTP/1.1" 404 1034
201.245.192.253 - - [08/Jul/2022:02:42:10 -0500] "POST /kwsrmcab/Wsrmcab  HTTP/1.1" 500 253
216.245.221.92 - - [08/Jul/2022:02:43:05 -0500] "HEAD / HTTP/1.1" 200 -
172.22.2.4 - - [08/Jul/2022:02:43:34 -0500] "HEAD /BLA/boletinlegal/ HTTP/1.1" 200 -
172.22.2.4 - - [08/Jul/2022:02:44:24 -0500] "GET /BLA/boletinlegal/ HTTP/1.1" 200 55166
201.245.192.253 - - [08/Jul/2022:02:47:09 -0500] "POST /kwsrmcab/Wsrmcab  HTTP/1.1" 500 253
66.249.65.13 - - [08/Jul/2022:02:47:22 -0500] "-" 408 -
216.245.221.92 - - [08/Jul/2022:02:48:05 -0500] "HEAD / HTTP/1.1" 200 -
207.46.13.214 - - [08/Jul/2022:02:48:27 -0500] "GET /BLA/boletinlegal/Circulares/2013/Circular%20No.%201%20del%2014%20de%20enero%20de%202013.pdf HTTP/1.1" 304 -
157.55.39.114 - - [08/Jul/2022:02:49:36 -0500] "GET /BLA/resoluciones/AUTOS%202020/4575.pdf HTTP/1.1" 304 -
172.22.2.4 - - [08/Jul/2022:02:50:36 -0500] "GET /BLA/boletinlegal/sugerencias.php/js/jquery.scrollto-min.js HTTP/1.1" 200 8615
172.22.2.4 - - [08/Jul/2022:02:49:24 -0500] "HEAD /BLA/boletinlegal/ HTTP/1.1" 200 -
172.22.2.4 - - [08/Jul/2022:02:50:14 -0500] "GET /BLA/boletinlegal/ HTTP/1.1" 200 60410
201.245.192.253 - - [08/Jul/2022:02:52:08 -0500] "POST /kwsrmcab/Wsrmcab  HTTP/1.1" 500 253
216.245.221.92 - - [08/Jul/2022:02:53:05 -0500] "HEAD / HTTP/1.1" 200 -
66.249.65.13 - - [08/Jul/2022:02:54:17 -0500] "-" 408 -
157.55.39.114 - - [08/Jul/2022:02:56:48 -0500] "GET /BLA/resoluciones/AUTOS%202014/0688.pdf HTTP/1.1" 200 239613
172.22.2.4 - - [08/Jul/2022:02:55:14 -0500] "HEAD /BLA/boletinlegal/ HTTP/1.1" 200 -
201.245.192.253 - - [08/Jul/2022:02:57:07 -0500] "POST /kwsrmcab/Wsrmcab  HTTP/1.1" 500 253
172.22.2.4 - - [08/Jul/2022:02:56:04 -0500] "GET /BLA/boletinlegal/ HTTP/1.1" 200 58491
216.245.221.92 - - [08/Jul/2022:02:58:05 -0500] "HEAD / HTTP/1.1" 200 -
190.144.57.170 - - [08/Jul/2022:02:59:49 -0500] "GET /BLA/resoluciones/index.php?dir=RESOLUCIONES+2021%2F HTTP/1.1" 200 389635
66.249.65.13 - - [08/Jul/2022:03:00:32 -0500] "-" 408 -
201.245.192.253 - - [08/Jul/2022:03:02:06 -0500] "POST /kwsrmcab/Wsrmcab  HTTP/1.1" 500 253
172.22.2.4 - - [08/Jul/2022:03:01:04 -0500] "HEAD /BLA/boletinlegal/ HTTP/1.1" 200 -
216.245.221.92 - - [08/Jul/2022:03:03:05 -0500] "HEAD / HTTP/1.1" 200 -
172.22.2.4 - - [08/Jul/2022:03:01:54 -0500] "GET /BLA/boletinlegal/ HTTP/1.1" 200 58491
192.241.222.213 - - [08/Jul/2022:03:04:00 -0500] "MGLNDD_190.27.245.106_80" 501 953
207.46.13.184 - - [08/Jul/2022:03:04:30 -0500] "GET /portaldeninos/wp-content/uploads/2019/08/Incendios-forestales-ajustada.gif HTTP/1.1" 200 764832
66.249.65.13 - - [08/Jul/2022:03:06:14 -0500] "-" 408 -
199.59.150.182 - - [08/Jul/2022:03:06:49 -0500] "GET /images/Mirla%20Comu%CC%81n%20SDA%20(1)%20(1).jpeg HTTP/1.1" 404 1034
201.245.192.253 - - [08/Jul/2022:03:07:05 -0500] "POST /kwsrmcab/Wsrmcab  HTTP/1.1" 500 253
2.57.122.98 - - [08/Jul/2022:03:07:13 -0500] "GET / HTTP/1.1" 200 319
216.245.221.92 - - [08/Jul/2022:03:08:05 -0500] "HEAD / HTTP/1.1" 200 -
172.22.2.4 - - [08/Jul/2022:03:06:54 -0500] "HEAD /BLA/boletinlegal/ HTTP/1.1" 200 -
172.22.2.4 - - [08/Jul/2022:03:07:44 -0500] "GET /BLA/boletinlegal/ HTTP/1.1" 200 58122
65.154.226.220 - - [08/Jul/2022:03:11:05 -0500] "GET /portaldeninos/wp-includes/js/wp-emoji-release.min.js?ver=4.9.8 HTTP/1.1" 200 12026
65.154.226.220 - - [08/Jul/2022:03:11:08 -0500] "GET /portaldeninos/wp-content/plugins/google-analytics-for-wordpress/assets/js/frontend-gtag.min.js?ver=8.5.0 HTTP/1.1" 200 11801
65.154.226.220 - - [08/Jul/2022:03:11:09 -0500] "GET /portaldeninos/wp-includes/js/jquery/jquery.js?ver=1.12.4 HTTP/1.1" 200 97184
65.154.226.220 - - [08/Jul/2022:03:11:11 -0500] "GET /portaldeninos/wp-includes/js/jquery/jquery-migrate.min.js?ver=1.4.1 HTTP/1.1" 200 10056
65.154.226.220 - - [08/Jul/2022:03:11:11 -0500] "GET /portaldeninos/wp-includes/js/jquery/ui/core.min.js?ver=1.11.4 HTTP/1.1" 200 4000
65.154.226.220 - - [08/Jul/2022:03:11:11 -0500] "GET /portaldeninos/wp-content/plugins/gallery-videos/JS/modernizr.custom.js?ver=4.9.8 HTTP/1.1" 200 9019
65.154.226.220 - - [08/Jul/2022:03:11:11 -0500] "GET /portaldeninos/wp-content/plugins/gallery-videos/JS/Total-Soft-Gallery-Video-Widget.js?ver=4.9.8 HTTP/1.1" 200 80264
65.154.226.220 - - [08/Jul/2022:03:11:12 -0500] "GET /portaldeninos/wp-includes/js/jquery/ui/widget.min.js?ver=1.11.4 HTTP/1.1" 200 6908
65.154.226.220 - - [08/Jul/2022:03:11:13 -0500] "GET /portaldeninos/wp-includes/js/jquery/ui/mouse.min.js?ver=1.11.4 HTTP/1.1" 200 3148
65.154.226.220 - - [08/Jul/2022:03:11:13 -0500] "GET /portaldeninos/wp-includes/js/jquery/ui/sortable.min.js?ver=1.11.4 HTTP/1.1" 200 24899
65.154.226.220 - - [08/Jul/2022:03:11:13 -0500] "GET /portaldeninos/wp-includes/js/jquery/ui/tabs.min.js?ver=1.11.4 HTTP/1.1" 200 12110
65.154.226.220 - - [08/Jul/2022:03:11:13 -0500] "GET /portaldeninos/wp-includes/js/jquery/ui/accordion.min.js?ver=1.11.4 HTTP/1.1" 200 8584
65.154.226.220 - - [08/Jul/2022:03:11:14 -0500] "GET /portaldeninos/wp-content/themes/betheme/js/plugins.js?ver=20.9.6 HTTP/1.1" 200 197151
65.154.226.220 - - [08/Jul/2022:03:11:17 -0500] "GET /portaldeninos/wp-content/themes/betheme/js/menu.js?ver=20.9.6 HTTP/1.1" 200 2449
65.154.226.220 - - [08/Jul/2022:03:11:17 -0500] "GET /portaldeninos/wp-content/themes/betheme/assets/animations/animations.min.js?ver=20.9.6 HTTP/1.1" 200 1896
65.154.226.220 - - [08/Jul/2022:03:11:17 -0500] "GET /portaldeninos/wp-content/themes/betheme/assets/jplayer/jplayer.min.js?ver=20.9.6 HTTP/1.1" 200 52702
65.154.226.220 - - [08/Jul/2022:03:11:18 -0500] "GET /portaldeninos/wp-content/themes/betheme/js/scripts.js?ver=20.9.6 HTTP/1.1" 200 77162
65.154.226.220 - - [08/Jul/2022:03:11:18 -0500] "GET /portaldeninos/wp-includes/js/wp-embed.min.js?ver=4.9.8 HTTP/1.1" 200 1398
201.245.192.253 - - [08/Jul/2022:03:12:04 -0500] "POST /kwsrmcab/Wsrmcab  HTTP/1.1" 500 253
216.245.221.92 - - [08/Jul/2022:03:13:05 -0500] "HEAD / HTTP/1.1" 200 -
66.249.65.13 - - [08/Jul/2022:03:13:24 -0500] "-" 408 -
172.22.2.4 - - [08/Jul/2022:03:12:44 -0500] "HEAD /BLA/boletinlegal/ HTTP/1.1" 200 -
172.22.2.4 - - [08/Jul/2022:03:13:34 -0500] "GET /BLA/boletinlegal/ HTTP/1.1" 200 60410
54.39.177.173 - - [08/Jul/2022:03:15:44 -0500] "GET /mirla-un-ave-que-recorre-y-habita-diferentes-ecosistemas-de-bogota.html HTTP/1.1" 200 728
199.16.157.182 - - [08/Jul/2022:03:16:59 -0500] "GET /images/Mirla%20Comu%CC%81n%20SDA%20(1)%20(1).jpeg HTTP/1.1" 404 1034
201.245.192.253 - - [08/Jul/2022:03:17:03 -0500] "POST /kwsrmcab/Wsrmcab  HTTP/1.1" 500 253
216.245.221.92 - - [08/Jul/2022:03:18:05 -0500] "HEAD / HTTP/1.1" 200 -
66.249.65.13 - - [08/Jul/2022:03:19:36 -0500] "-" 408 -
172.22.2.4 - - [08/Jul/2022:03:18:34 -0500] "HEAD /BLA/boletinlegal/ HTTP/1.1" 200 -
172.22.2.4 - - [08/Jul/2022:03:19:24 -0500] "GET /BLA/boletinlegal/ HTTP/1.1" 200 53539
172.22.2.4 - - [08/Jul/2022:03:20:27 -0500] "GET /BLA/boletinlegal/ HTTP/1.1" 200 32715
201.245.192.253 - - [08/Jul/2022:03:21:25 -0500] "POST /kwsrmcab/Wsrmcab HTTP/1.1" 500 253
201.245.192.253 - - [08/Jul/2022:03:21:25 -0500] "POST /kwsrmcab/Wsrmcab HTTP/1.1" 500 253
201.245.192.253 - - [08/Jul/2022:03:22:02 -0500] "POST /kwsrmcab/Wsrmcab  HTTP/1.1" 500 253
216.245.221.92 - - [08/Jul/2022:03:23:05 -0500] "HEAD / HTTP/1.1" 200 -
172.22.2.4 - - [08/Jul/2022:03:25:05 -0500] "GET /BLA/boletinlegal/consulta_actos.php?tipo=resoluciones&no=0371&usuario=&sector=PEV&fecha=2021&resuelve= HTTP/1.1" 200 1215
201.245.192.253 - - [08/Jul/2022:03:25:09 -0500] "GET /BLA/resoluciones/RESOLUCIONES%202021/0371.pdf HTTP/1.1" 200 488700
66.249.65.13 - - [08/Jul/2022:03:25:29 -0500] "-" 408 -
172.22.2.4 - - [08/Jul/2022:03:24:24 -0500] "HEAD /BLA/boletinlegal/ HTTP/1.1" 200 -
35.210.252.229 - - [08/Jul/2022:03:26:43 -0500] "-" 408 -
172.22.2.4 - - [08/Jul/2022:03:25:14 -0500] "GET /BLA/boletinlegal/ HTTP/1.1" 200 58491
201.245.192.253 - - [08/Jul/2022:03:27:01 -0500] "POST /kwsrmcab/Wsrmcab  HTTP/1.1" 500 253
80.82.77.33 - - [08/Jul/2022:03:27:01 -0500] "GET / HTTP/1.1" 200 319
80.82.77.33 - - [08/Jul/2022:03:27:09 -0500] "GET /sitemap.xml HTTP/1.1" 404 1018
80.82.77.33 - - [08/Jul/2022:03:27:10 -0500] "GET /.well-known/security.txt HTTP/1.1" 404 1018
80.82.77.33 - - [08/Jul/2022:03:27:11 -0500] "GET /favicon.ico HTTP/1.1" 200 7782
216.245.221.92 - - [08/Jul/2022:03:28:04 -0500] "HEAD / HTTP/1.1" 200 -
66.249.65.13 - - [08/Jul/2022:03:31:08 -0500] "-" 408 -
185.7.214.104 - - [08/Jul/2022:03:31:11 -0500] "GET /vendor/phpunit/phpunit/src/Util/PHP/eval-stdin.php HTTP/1.1" 404 1018
201.245.192.253 - - [08/Jul/2022:03:31:25 -0500] "POST /kwsrmcab/Wsrmcab HTTP/1.1" 500 253
201.245.192.253 - - [08/Jul/2022:03:31:25 -0500] "POST /kwsrmcab/Wsrmcab HTTP/1.1" 500 253
172.22.2.4 - - [08/Jul/2022:03:30:14 -0500] "HEAD /BLA/boletinlegal/ HTTP/1.1" 200 -
201.245.192.253 - - [08/Jul/2022:03:32:00 -0500] "POST /kwsrmcab/Wsrmcab  HTTP/1.1" 500 253
172.22.2.4 - - [08/Jul/2022:03:31:04 -0500] "GET /BLA/boletinlegal/ HTTP/1.1" 200 59364
216.245.221.92 - - [08/Jul/2022:03:33:05 -0500] "HEAD / HTTP/1.1" 200 -
207.46.13.39 - - [08/Jul/2022:03:34:00 -0500] "GET /BLA/resoluciones/RESOLUCIONES%202019/3284.pdf HTTP/1.1" 304 -
172.22.2.4 - - [08/Jul/2022:03:34:28 -0500] "GET /BLA/boletinlegal/Directivas/2009/Directiva%20No.%20del%2023%20de%20Diciembre%20de%202009.pdf HTTP/1.1" 304 -
207.46.13.31 - - [08/Jul/2022:03:35:23 -0500] "GET /galeria/galeria/fotos/Humedal-la-conejera4G.jpg HTTP/1.1" 200 371145
40.77.167.66 - - [08/Jul/2022:03:35:25 -0500] "GET /galeria/galeria/fotos/2GuaymaralTorcaG2.jpg HTTP/1.1" 200 28916
40.77.167.66 - - [08/Jul/2022:03:35:27 -0500] "GET /galeria/galeria/fotos/GuaymaralTorca3G.jpg HTTP/1.1" 200 330310
40.77.167.66 - - [08/Jul/2022:03:35:30 -0500] "GET /galeria/galeria/fotos/Humedal-la-conejera2G.jpg HTTP/1.1" 200 298801
40.77.167.66 - - [08/Jul/2022:03:35:33 -0500] "GET /galeria/galeria/fotos/Jaboque4G.jpg HTTP/1.1" 200 295106
201.245.192.253 - - [08/Jul/2022:03:36:58 -0500] "POST /kwsrmcab/Wsrmcab  HTTP/1.1" 500 253
66.249.65.13 - - [08/Jul/2022:03:37:34 -0500] "-" 408 -
172.22.2.4 - - [08/Jul/2022:03:36:04 -0500] "HEAD /BLA/boletinlegal/ HTTP/1.1" 200 -
216.245.221.92 - - [08/Jul/2022:03:38:04 -0500] "HEAD / HTTP/1.1" 200 -
172.22.2.4 - - [08/Jul/2022:03:36:54 -0500] "GET /BLA/boletinlegal/ HTTP/1.1" 200 58491
45.61.186.139 - - [08/Jul/2022:03:38:35 -0500] "GET /config/getuser?index=0 HTTP/1.1" 404 1018
186.102.29.229 - - [08/Jul/2022:03:41:06 -0500] "GET /kwssiamovil/sm/acme/a?s=U2FsdGVkX19f3ywyEcSRRbLAJq/78BxNGddkwakwiC8qr66UeasH7f/q6yj769Ue+rDsltq/dWETRCunhftvlXvqLLigx5K0k7PGCM765m9J16P47tbu/NLaoV/UpoU91SDYa3w5Xg8F3QJ56ww4NyXh7mV326dbfKGBdwadKMsrci/bkFUHMxIPsyakzjZpfohntT3AvyPxLKRDB12cQZ3em0guTWDoqvHfUHDd99Eu+76VatU4nlwWwNe3TT79Dhuu6phFwv4A6LgSGgJfog==&u=U2FsdGVkX19Hfrd7RcZ+D/cmwr3Odm3v4ewoAWPKovA=&y=U2FsdGVkX1/Y8OguKyX8uflBse7aq0gLVd2rYuwYeeHsSlDgu+dAd5Pt46nJ2E/Z HTTP/1.1" 200 25
186.102.29.229 - - [08/Jul/2022:03:41:07 -0500] "GET /kwssiamovil/sm/acme/a?s=U2FsdGVkX1/D5kKH8oMiwR4DJVFIb4cqimkU4N8tHEnIUi8nFeFo0oV+XzQ73wi8poCbKF45AcGiWQOE+VyTo3STEAPkzQBxK8NvbKOABGWMner2it4/0D2mV9FGZ2clGp9w1tgYM7duUZbAeUQI/xjetRwD0whZMmI8tiO0rlIr/1ht94UqjpJU1vlfY1SavOr0q+8Rg3vfrTi4Bm+KWw3MI1Y3DA/IyPRTSyr2DYVCmOoq/xdHHwGb2W7YVbgQ3kpwJQk+T1N8JNERu9IktCqd46HkmhoMV/L7IWR1rX6BS0y1Y1aGjXveLmdMkJouTciHmiytCFjJw3svbg87SABDHvaDVeqJcycCsB8u+iwqyRJg+grmcKq1HfRnywqtZkh6Y1xUrru7+0pjN6mk4GfO/Ox007RPN3QMYUbokCpQbBWvDEHUR45GcbfEnoBjo+dxAe5XqoE9FRANm+eEvjhRWp7EtGDSirXSUhAAfGp0ARFcQ3hop8tGJzTW0VKH5XvalnupT1BhZDu5G6wrQAx/pEcp1aAZmQ4m98eP8KFLuad4FiuX14UDFXzE7QCoXrSUKSf88C++vIkLP1ECilWf+ZxYZU3IJJV3J1xCx+HR+TcvDQwA7stA246uuM/SU8YZ89R//614N4UfLM3XdLWbzOBQky+h0Yt2VVrFQ4e3plbq0v/JU8om0fcFqKZivtC0NQxM58xeilnb2P4a+nHNduc/ycJB9un+tTylE0pF9/1THJ/ie/b/qXBwgagGb3Zhuk0L+vKXEGQ/KRa5mdyWgfMYSvfXMkCfoZN8y88S/Byf9VpPylHsP5hZn2XcBThwrXdG51aT1fsyUvYSkwRo99AYmKXSLUT0viCD62TydcbmLhmFgv7smlMHu5vnmb+g523aSm/PtILpKfo0m3J7SJrU4POr3Rfq3k5Cy2mmWBDpQEkGib4OI13yvBTjqo9ff5u9+M3wcGGnRyXWL/V40TU3BoBwLHx262/Y+IqPU8pWkFB4JHZ5IPaobROqwBlodUrieg6cpx+q5xWp1M4mKZ5lRweShCaH5jaVykxAyzOzvxjxhUtmjSeEx4BLYva42uS7AYOK23xhCRVMa44de7x47yvG+pNwFVsP8wjnzFcuqufLaX4wRN6SOdEzBwNvXITTCA97vCYFnKBiultQmS08su2qaZQVKW3tn60M/hmFbPJtv51KohxDcM2D9moOsYbbPkyq6QsBd4YMpoa4G6hX58Pn14f/fk72JeEbsO2z4rORaBAVP/iJhAYcnKCo2Tbw9LSJvBDKpClC+dCaKxsPSt3oR/WXsM44jyqfuKkoZkVwjU3Zp62AIC9020aZk/jhGAAnp+DWVl6HRYovGEDsdBBeYaTqKs0H5u35zjXzUcSvAIY/QECVzr+GX8+Fu3wFsLCdLPwier/3EF+xd9cxVUWUwgxxbneZJEg1QhOu34Z0iAJUdjkAuocImlgZhQUP15KcVUM8ZdOR4c8Lq8J2xCEg6gcwyoq4oaG0VnNYtqbxiV513gJ5wTr818aypnDOudU/PtihST7xSFhU/7p8tEECrDq0Lt9x9krZ7iZdY0HkRkZ3+YRSMK9QSkJe7bPZTcROIuu3VpvgKeRR+ZJMCsZXZNByyVD2B5HW55OPHCHo6TepXdaKg8Gbttz5yizvoIUA6AXzESPR/W/OtIVw78pI+R3LS4LUqTU4q7ZScVbh+ZMJtyUmBDBHj9OApr6q4jFTUXfY+B7+gN012HvcF2qniYM5emazbdNlcNag8mtXYMqlQYkVU7u8oVVRS7T1ZzOL59E0h3KtATyt0ph8yw4JVEX5AUNsueY=&u=U2FsdGVkX19Hfrd7RcZ+D/cmwr3Odm3v4ewoAWPKovA=&y=U2FsdGVkX1/Y8OguKyX8uflBse7aq0gLVd2rYuwYeeHsSlDgu+dAd5Pt46nJ2E/Z HTTP/1.1" 200 25
