186.102.29.229 - - [08/Jul/2022:03:41:07 -0500] "GET /kwssiamovil/sm/acme/a?s=U2FsdGVkX1+KniYxI23finxm9zkZZ4E+eS3lqeG629iCQwUWa2jJyle/RWm/CYe8E1cJecBxlVHizFZSDr5tU+4v9bNR0JzTES/Eo1kJI1CVqYI6ujN3hDZoY0yuLohDhdUqlRgOpMYS5WyErXwKevMU3flHD16lGALOaUf9H7k=&u=U2FsdGVkX19Hfrd7RcZ+D/cmwr3Odm3v4ewoAWPKovA=&y=U2FsdGVkX1/Y8OguKyX8uflBse7aq0gLVd2rYuwYeeHsSlDgu+dAd5Pt46nJ2E/Z HTTP/1.1" 200 25
186.102.29.229 - - [08/Jul/2022:03:41:07 -0500] "GET /kwssiamovil/sm/acme/a?s=U2FsdGVkX18UsSyn1B3fSKJ2YTtR9QOA6NAdNXPuDq8NjusGzsYrJ0NyxA2nPRyO62h6cISIQtaeEDLGWv7dohYoK8FszyovyRvwr7WdLKNC788ke9xHnqgKNkhBFVFqlmZ0734PH4aZVOD+30WLFKwfcgPsimCs0cLcecvDHLI=&u=U2FsdGVkX19Hfrd7RcZ+D/cmwr3Odm3v4ewoAWPKovA=&y=U2FsdGVkX1/Y8OguKyX8uflBse7aq0gLVd2rYuwYeeHsSlDgu+dAd5Pt46nJ2E/Z HTTP/1.1" 200 25
186.102.29.229 - - [08/Jul/2022:03:41:07 -0500] "GET /kwssiamovil/sm/acme/a?s=U2FsdGVkX19AxtmYPpY/RBRzlCa0lVS/CNhbLXrh45CF57NhFuvLopA6mBm+9NCOrnGMH2/6mW6czdGRubABiiYoyW4pgojMrUUxJ4XJDhrRWO04T9hl1kcV+/0MkHTPCzGTfVD5ve+FTTTmR4pg4gwmpgAvDBZnsz5gCBEVy40=&u=U2FsdGVkX19Hfrd7RcZ+D/cmwr3Odm3v4ewoAWPKovA=&y=U2FsdGVkX1/Y8OguKyX8uflBse7aq0gLVd2rYuwYeeHsSlDgu+dAd5Pt46nJ2E/Z HTTP/1.1" 200 25
186.102.29.229 - - [08/Jul/2022:03:41:07 -0500] "GET /kwssiamovil/sm/acme/a?s=U2FsdGVkX18eW5V7tFYj3D2UgUQ5FqAUFN7C15n0BeO+p49cOGulxpWP+Rmm3WalsWwvCSJbCi6pDrI/0Uh4GCXweiUDmSyJ2McsoW6Qo7TT9o9dTLruoAKvqG7MEj0Cn+fea6FrkSQvPvyxqI3c7T9b2YHdic2Q5SUehY3x4hJ0/3zz4yDUfh8/9sXxs/Dx&u=U2FsdGVkX19Hfrd7RcZ+D/cmwr3Odm3v4ewoAWPKovA=&y=U2FsdGVkX1/Y8OguKyX8uflBse7aq0gLVd2rYuwYeeHsSlDgu+dAd5Pt46nJ2E/Z HTTP/1.1" 200 25
201.245.192.253 - - [08/Jul/2022:03:41:24 -0500] "POST /kwsrmcab/Wsrmcab HTTP/1.1" 500 253
201.245.192.253 - - [08/Jul/2022:03:41:24 -0500] "POST /kwsrmcab/Wsrmcab HTTP/1.1" 500 253
114.119.136.44 - - [08/Jul/2022:03:41:55 -0500] "-" 408 -
201.245.192.253 - - [08/Jul/2022:03:41:57 -0500] "POST /kwsrmcab/Wsrmcab  HTTP/1.1" 500 253
199.59.150.180 - - [08/Jul/2022:03:42:44 -0500] "GET /images/Mirla%20Comu%CC%81n%20SDA%20(1)%20(1).jpeg HTTP/1.1" 404 1034
216.245.221.92 - - [08/Jul/2022:03:43:04 -0500] "HEAD / HTTP/1.1" 200 -
172.22.2.4 - - [08/Jul/2022:03:41:54 -0500] "HEAD /BLA/boletinlegal/ HTTP/1.1" 200 -
172.22.2.4 - - [08/Jul/2022:03:42:44 -0500] "GET /BLA/boletinlegal/ HTTP/1.1" 200 58491
172.22.2.4 - - [08/Jul/2022:03:45:00 -0500] "GET /BLA/boletinlegal/Circulares/2012/Circular%20No.%206%20del%2025%20de%20Mayo%20de%202012.pdf HTTP/1.1" 304 -
66.249.65.13 - - [08/Jul/2022:03:45:10 -0500] "-" 408 -
201.245.192.253 - - [08/Jul/2022:03:46:56 -0500] "POST /kwsrmcab/Wsrmcab  HTTP/1.1" 500 253
216.245.221.92 - - [08/Jul/2022:03:48:04 -0500] "HEAD / HTTP/1.1" 200 -
117.194.171.123 - - [08/Jul/2022:03:48:12 -0500] "GET /boaform/admin/formLogin?username=user&psd=user HTTP/1.0" 404 1019
172.22.2.4 - - [08/Jul/2022:03:47:44 -0500] "HEAD /BLA/boletinlegal/ HTTP/1.1" 200 -
172.22.2.4 - - [08/Jul/2022:03:48:34 -0500] "GET /BLA/boletinlegal/ HTTP/1.1" 200 56911
201.245.192.253 - - [08/Jul/2022:03:51:55 -0500] "POST /kwsrmcab/Wsrmcab  HTTP/1.1" 500 253
199.16.157.180 - - [08/Jul/2022:03:52:30 -0500] "GET /images/Mirla%20Comu%CC%81n%20SDA%20(1)%20(1).jpeg HTTP/1.1" 404 1034
104.244.73.43 - - [08/Jul/2022:03:52:51 -0500] "GET / HTTP/1.1" 200 319
173.252.79.12 - - [08/Jul/2022:03:53:01 -0500] "GET /images/jardines-verticales-plantas-24-mayo.jpg HTTP/1.1" 200 148288
216.245.221.92 - - [08/Jul/2022:03:53:04 -0500] "HEAD / HTTP/1.1" 200 -
172.22.2.4 - - [08/Jul/2022:03:53:34 -0500] "HEAD /BLA/boletinlegal/ HTTP/1.1" 200 -
207.46.13.39 - - [08/Jul/2022:03:55:52 -0500] "GET / HTTP/1.1" 200 319
66.249.65.13 - - [08/Jul/2022:03:56:02 -0500] "-" 408 -
172.22.2.4 - - [08/Jul/2022:03:54:24 -0500] "GET /BLA/boletinlegal/ HTTP/1.1" 200 58491
201.245.192.253 - - [08/Jul/2022:03:56:54 -0500] "POST /kwsrmcab/Wsrmcab  HTTP/1.1" 500 253
216.245.221.92 - - [08/Jul/2022:03:58:05 -0500] "HEAD / HTTP/1.1" 200 -
190.144.57.170 - - [08/Jul/2022:03:59:37 -0500] "GET /BLA/resoluciones/index.php?dir=RESOLUCIONES+2020%2F HTTP/1.1" 200 162762
172.22.2.4 - - [08/Jul/2022:03:59:24 -0500] "HEAD /BLA/boletinlegal/ HTTP/1.1" 200 -
65.154.226.220 - - [08/Jul/2022:04:01:35 -0500] "GET /portaldeninos/wp-includes/js/wp-emoji-release.min.js?ver=4.9.8 HTTP/1.1" 200 12026
65.154.226.220 - - [08/Jul/2022:04:01:36 -0500] "GET /portaldeninos/wp-content/plugins/google-analytics-for-wordpress/assets/js/frontend-gtag.min.js?ver=8.5.0 HTTP/1.1" 200 11801
65.154.226.220 - - [08/Jul/2022:04:01:37 -0500] "GET /portaldeninos/wp-includes/js/jquery/jquery.js?ver=1.12.4 HTTP/1.1" 200 97184
65.154.226.220 - - [08/Jul/2022:04:01:39 -0500] "GET /portaldeninos/wp-includes/js/jquery/jquery-migrate.min.js?ver=1.4.1 HTTP/1.1" 200 10056
65.154.226.220 - - [08/Jul/2022:04:01:40 -0500] "GET /portaldeninos/wp-includes/js/jquery/ui/core.min.js?ver=1.11.4 HTTP/1.1" 200 4000
65.154.226.220 - - [08/Jul/2022:04:01:40 -0500] "GET /portaldeninos/wp-content/plugins/gallery-videos/JS/modernizr.custom.js?ver=4.9.8 HTTP/1.1" 200 9019
65.154.226.220 - - [08/Jul/2022:04:01:40 -0500] "GET /portaldeninos/wp-content/plugins/gallery-videos/JS/Total-Soft-Gallery-Video-Widget.js?ver=4.9.8 HTTP/1.1" 200 80264
65.154.226.220 - - [08/Jul/2022:04:01:41 -0500] "GET /portaldeninos/wp-includes/js/jquery/ui/widget.min.js?ver=1.11.4 HTTP/1.1" 200 6908
65.154.226.220 - - [08/Jul/2022:04:01:41 -0500] "GET /portaldeninos/wp-includes/js/jquery/ui/mouse.min.js?ver=1.11.4 HTTP/1.1" 200 3148
65.154.226.220 - - [08/Jul/2022:04:01:42 -0500] "GET /portaldeninos/wp-includes/js/jquery/ui/sortable.min.js?ver=1.11.4 HTTP/1.1" 200 24899
65.154.226.220 - - [08/Jul/2022:04:01:43 -0500] "GET /portaldeninos/wp-includes/js/jquery/ui/tabs.min.js?ver=1.11.4 HTTP/1.1" 200 12110
65.154.226.220 - - [08/Jul/2022:04:01:44 -0500] "GET /portaldeninos/wp-includes/js/jquery/ui/accordion.min.js?ver=1.11.4 HTTP/1.1" 200 8584
65.154.226.220 - - [08/Jul/2022:04:01:44 -0500] "GET /portaldeninos/wp-content/themes/betheme/js/plugins.js?ver=20.9.6 HTTP/1.1" 200 197151
65.154.226.220 - - [08/Jul/2022:04:01:48 -0500] "GET /portaldeninos/wp-content/themes/betheme/js/menu.js?ver=20.9.6 HTTP/1.1" 200 2449
65.154.226.220 - - [08/Jul/2022:04:01:49 -0500] "GET /portaldeninos/wp-content/themes/betheme/assets/animations/animations.min.js?ver=20.9.6 HTTP/1.1" 200 1896
65.154.226.220 - - [08/Jul/2022:04:01:49 -0500] "GET /portaldeninos/wp-content/themes/betheme/assets/jplayer/jplayer.min.js?ver=20.9.6 HTTP/1.1" 200 52702
65.154.226.220 - - [08/Jul/2022:04:01:50 -0500] "GET /portaldeninos/wp-content/themes/betheme/js/scripts.js?ver=20.9.6 HTTP/1.1" 200 77162
65.154.226.220 - - [08/Jul/2022:04:01:51 -0500] "GET /portaldeninos/wp-includes/js/wp-embed.min.js?ver=4.9.8 HTTP/1.1" 200 1398
201.245.192.253 - - [08/Jul/2022:04:01:53 -0500] "POST /kwsrmcab/Wsrmcab  HTTP/1.1" 500 253
172.22.2.4 - - [08/Jul/2022:04:00:14 -0500] "GET /BLA/boletinlegal/ HTTP/1.1" 200 58122
34.91.28.52 - - [08/Jul/2022:04:02:03 -0500] "GET / HTTP/1.1" 200 319
216.245.221.92 - - [08/Jul/2022:04:03:04 -0500] "HEAD / HTTP/1.1" 200 -
201.245.192.253 - - [08/Jul/2022:04:06:52 -0500] "POST /kwsrmcab/Wsrmcab  HTTP/1.1" 500 253
172.22.2.4 - - [08/Jul/2022:04:05:14 -0500] "HEAD /BLA/boletinlegal/ HTTP/1.1" 200 -
172.22.2.4 - - [08/Jul/2022:04:06:04 -0500] "GET /BLA/boletinlegal/ HTTP/1.1" 200 58491
216.245.221.92 - - [08/Jul/2022:04:08:04 -0500] "HEAD / HTTP/1.1" 200 -
172.22.2.4 - - [08/Jul/2022:04:09:07 -0500] "GET /BLA/boletinlegal/Circulares/2020/CIRCULAR%20No.%2000019%20DEL%2018%20DE%20DICIEMBRE%20DEL%202020.pdf HTTP/1.1" 304 -
201.245.192.253 - - [08/Jul/2022:04:11:50 -0500] "POST /kwsrmcab/Wsrmcab  HTTP/1.1" 500 253
172.22.2.4 - - [08/Jul/2022:04:11:04 -0500] "HEAD /BLA/boletinlegal/ HTTP/1.1" 200 -
216.245.221.92 - - [08/Jul/2022:04:13:04 -0500] "HEAD / HTTP/1.1" 200 -
172.22.2.4 - - [08/Jul/2022:04:11:54 -0500] "GET /BLA/boletinlegal/ HTTP/1.1" 200 58122
154.16.192.194 - - [08/Jul/2022:04:13:59 -0500] "GET / HTTP/1.1" 200 319
172.22.2.4 - - [08/Jul/2022:04:14:07 -0500] "GET /BLA/boletinlegal/ HTTP/1.1" 200 32715
201.245.192.253 - - [08/Jul/2022:04:16:49 -0500] "POST /kwsrmcab/Wsrmcab  HTTP/1.1" 500 253
199.59.150.182 - - [08/Jul/2022:04:17:09 -0500] "GET /images/Mirla%20Comu%CC%81n%20SDA%20(1)%20(1).jpeg HTTP/1.1" 404 1034
216.245.221.92 - - [08/Jul/2022:04:18:04 -0500] "HEAD / HTTP/1.1" 200 -
172.22.2.4 - - [08/Jul/2022:04:16:54 -0500] "HEAD /BLA/boletinlegal/ HTTP/1.1" 200 -
172.22.2.4 - - [08/Jul/2022:04:17:44 -0500] "GET /BLA/boletinlegal/ HTTP/1.1" 200 60992
185.7.214.104 - - [08/Jul/2022:04:20:12 -0500] "-" 408 -
201.245.192.253 - - [08/Jul/2022:04:21:24 -0500] "POST /kwsrmcab/Wsrmcab HTTP/1.1" 500 253
201.245.192.253 - - [08/Jul/2022:04:21:24 -0500] "POST /kwsrmcab/Wsrmcab HTTP/1.1" 500 253
201.245.192.253 - - [08/Jul/2022:04:21:48 -0500] "POST /kwsrmcab/Wsrmcab  HTTP/1.1" 500 253
13.66.139.11 - - [08/Jul/2022:04:22:10 -0500] "GET /BLA/resoluciones/RESOLUCIONES%202021/3713.pdf HTTP/1.1" 200 398626
216.245.221.92 - - [08/Jul/2022:04:23:04 -0500] "HEAD / HTTP/1.1" 200 -
185.7.214.104 - - [08/Jul/2022:04:23:51 -0500] "GET /solr/admin/info/system?wt=json HTTP/1.1" 404 1018
199.59.150.180 - - [08/Jul/2022:04:24:01 -0500] "GET /images/Mirla%20Comu%CC%81n%20SDA%20(1)%20(1).jpeg HTTP/1.1" 404 1034
172.22.2.4 - - [08/Jul/2022:04:22:44 -0500] "HEAD /BLA/boletinlegal/ HTTP/1.1" 200 -
172.22.2.4 - - [08/Jul/2022:04:23:34 -0500] "GET /BLA/boletinlegal/ HTTP/1.1" 200 58491
201.245.192.253 - - [08/Jul/2022:04:26:47 -0500] "POST /kwsrmcab/Wsrmcab  HTTP/1.1" 500 253
199.16.157.180 - - [08/Jul/2022:04:26:55 -0500] "GET /images/Mirla%20Comu%CC%81n%20SDA%20(1)%20(1).jpeg HTTP/1.1" 404 1034
216.245.221.92 - - [08/Jul/2022:04:28:04 -0500] "HEAD / HTTP/1.1" 200 -
205.169.39.17 - - [08/Jul/2022:04:28:36 -0500] "GET /portaldeninos/wp-content/themes/betheme/style.css?ver=20.9.6 HTTP/1.1" 200 287
205.169.39.17 - - [08/Jul/2022:04:28:36 -0500] "GET /portaldeninos/wp-content/uploads/useanyfont/uaf.css?ver=1589905315 HTTP/1.1" 200 408
205.169.39.17 - - [08/Jul/2022:04:28:36 -0500] "GET /portaldeninos/wp-content/plugins/gallery-videos/CSS/Total-Soft-Gallery-Video-Widget.css?ver=4.9.8 HTTP/1.1" 200 51554
205.169.39.17 - - [08/Jul/2022:04:28:36 -0500] "GET /portaldeninos/wp-content/plugins/gallery-videos/CSS/totalsoft.css?ver=4.9.8 HTTP/1.1" 200 40622
205.169.39.17 - - [08/Jul/2022:04:28:36 -0500] "GET /portaldeninos/wp-content/themes/betheme/css/base.css?ver=20.9.6 HTTP/1.1" 200 57283
205.169.39.17 - - [08/Jul/2022:04:28:36 -0500] "GET /portaldeninos/wp-content/themes/betheme/assets/animations/animations.min.css?ver=20.9.6 HTTP/1.1" 200 58508
205.169.39.17 - - [08/Jul/2022:04:28:37 -0500] "GET /portaldeninos/wp-content/themes/betheme/assets/jplayer/css/jplayer.blue.monday.css?ver=20.9.6 HTTP/1.1" 200 9834
205.169.39.17 - - [08/Jul/2022:04:28:37 -0500] "GET /portaldeninos/wp-content/themes/betheme/assets/ui/jquery.ui.all.css?ver=20.9.6 HTTP/1.1" 200 18765
205.169.39.17 - - [08/Jul/2022:04:28:36 -0500] "GET /portaldeninos/wp-content/themes/betheme/css/layout.css?ver=20.9.6 HTTP/1.1" 200 116639
205.169.39.17 - - [08/Jul/2022:04:28:37 -0500] "GET /portaldeninos/wp-includes/js/jquery/jquery-migrate.min.js?ver=1.4.1 HTTP/1.1" 200 10056
205.169.39.17 - - [08/Jul/2022:04:28:36 -0500] "GET /portaldeninos/wp-content/themes/betheme/css/shortcodes.css?ver=20.9.6 HTTP/1.1" 200 138889
205.169.39.17 - - [08/Jul/2022:04:28:37 -0500] "GET /portaldeninos/wp-includes/js/jquery/ui/core.min.js?ver=1.11.4 HTTP/1.1" 200 4000
205.169.39.17 - - [08/Jul/2022:04:28:37 -0500] "GET /portaldeninos/wp-content/themes/betheme/css/responsive.css?ver=20.9.6 HTTP/1.1" 200 55740
205.169.39.17 - - [08/Jul/2022:04:28:37 -0500] "GET /portaldeninos/wp-content/plugins/google-analytics-for-wordpress/assets/js/frontend-gtag.min.js?ver=8.5.0 HTTP/1.1" 200 11801
205.169.39.17 - - [08/Jul/2022:04:28:37 -0500] "GET /portaldeninos/wp-content/plugins/gallery-videos/JS/modernizr.custom.js?ver=4.9.8 HTTP/1.1" 200 9019
205.169.39.17 - - [08/Jul/2022:04:28:37 -0500] "GET /portaldeninos/wp-includes/js/jquery/ui/mouse.min.js?ver=1.11.4 HTTP/1.1" 200 3148
205.169.39.17 - - [08/Jul/2022:04:28:37 -0500] "GET /portaldeninos/wp-includes/js/jquery/ui/widget.min.js?ver=1.11.4 HTTP/1.1" 200 6908
205.169.39.17 - - [08/Jul/2022:04:28:37 -0500] "GET /portaldeninos/wp-includes/js/jquery/jquery.js?ver=1.12.4 HTTP/1.1" 200 97184
205.169.39.17 - - [08/Jul/2022:04:28:37 -0500] "GET /portaldeninos/wp-includes/js/jquery/ui/accordion.min.js?ver=1.11.4 HTTP/1.1" 200 8584
205.169.39.17 - - [08/Jul/2022:04:28:37 -0500] "GET /portaldeninos/wp-includes/js/jquery/ui/tabs.min.js?ver=1.11.4 HTTP/1.1" 200 12110
205.169.39.17 - - [08/Jul/2022:04:28:37 -0500] "GET /portaldeninos/wp-content/plugins/gallery-videos/JS/Total-Soft-Gallery-Video-Widget.js?ver=4.9.8 HTTP/1.1" 200 80264
205.169.39.17 - - [08/Jul/2022:04:28:37 -0500] "GET /portaldeninos/wp-includes/js/jquery/ui/sortable.min.js?ver=1.11.4 HTTP/1.1" 200 24899
205.169.39.17 - - [08/Jul/2022:04:28:38 -0500] "GET /portaldeninos/wp-content/themes/betheme/js/menu.js?ver=20.9.6 HTTP/1.1" 200 2449
205.169.39.17 - - [08/Jul/2022:04:28:38 -0500] "GET /portaldeninos/wp-content/themes/betheme/assets/animations/animations.min.js?ver=20.9.6 HTTP/1.1" 200 1896
205.169.39.17 - - [08/Jul/2022:04:28:38 -0500] "GET /portaldeninos/wp-includes/js/wp-embed.min.js?ver=4.9.8 HTTP/1.1" 200 1398
205.169.39.17 - - [08/Jul/2022:04:28:38 -0500] "GET /portaldeninos/wp-content/themes/betheme/images/box_shadow.png HTTP/1.1" 200 108
205.169.39.17 - - [08/Jul/2022:04:28:38 -0500] "GET /portaldeninos/wp-includes/js/wp-emoji-release.min.js?ver=4.9.8 HTTP/1.1" 200 12026
205.169.39.17 - - [08/Jul/2022:04:28:38 -0500] "GET /portaldeninos/wp-content/themes/betheme/assets/jplayer/jplayer.min.js?ver=20.9.6 HTTP/1.1" 200 52702
205.169.39.17 - - [08/Jul/2022:04:28:38 -0500] "GET /portaldeninos/wp-content/themes/betheme/js/scripts.js?ver=20.9.6 HTTP/1.1" 200 77162
205.169.39.17 - - [08/Jul/2022:04:28:37 -0500] "GET /portaldeninos/wp-content/themes/betheme/js/plugins.js?ver=20.9.6 HTTP/1.1" 200 197151
205.169.39.17 - - [08/Jul/2022:04:28:39 -0500] "GET /portaldeninos/wp-content/themes/betheme/fonts/mfn-icons.woff?93978679 HTTP/1.1" 200 14626
205.169.39.17 - - [08/Jul/2022:04:28:43 -0500] "GET /portaldeninos/wp-content/themes/betheme/fonts/mfn-icons.ttf?93978679 HTTP/1.1" 200 97520
172.22.2.4 - - [08/Jul/2022:04:28:34 -0500] "HEAD /BLA/boletinlegal/ HTTP/1.1" 200 -
172.22.2.4 - - [08/Jul/2022:04:29:24 -0500] "GET /BLA/boletinlegal/ HTTP/1.1" 200 60992
124.156.223.178 - - [08/Jul/2022:04:31:20 -0500] "GET / HTTP/1.1" 200 319
201.245.192.253 - - [08/Jul/2022:04:31:24 -0500] "GET /kwsrmcab/Wsrmcab?wsdl HTTP/1.1" 200 6948
201.245.192.253 - - [08/Jul/2022:04:31:25 -0500] "POST /kwsrmcab/Wsrmcab HTTP/1.1" 500 253
201.245.192.253 - - [08/Jul/2022:04:31:25 -0500] "POST /kwsrmcab/Wsrmcab HTTP/1.1" 500 253
65.154.226.168 - - [08/Jul/2022:04:31:44 -0500] "GET /portaldeninos/wp-content/uploads/useanyfont/uaf.css?ver=1589905315 HTTP/1.1" 200 408
65.154.226.168 - - [08/Jul/2022:04:31:44 -0500] "GET /portaldeninos/wp-content/themes/betheme/style.css?ver=20.9.6 HTTP/1.1" 200 287
201.245.192.253 - - [08/Jul/2022:04:31:45 -0500] "POST /kwsrmcab/Wsrmcab  HTTP/1.1" 500 253
65.154.226.168 - - [08/Jul/2022:04:31:44 -0500] "GET /portaldeninos/wp-content/plugins/gallery-videos/CSS/Total-Soft-Gallery-Video-Widget.css?ver=4.9.8 HTTP/1.1" 200 51554
65.154.226.168 - - [08/Jul/2022:04:31:44 -0500] "GET /portaldeninos/wp-content/themes/betheme/css/base.css?ver=20.9.6 HTTP/1.1" 200 57283
65.154.226.168 - - [08/Jul/2022:04:31:44 -0500] "GET /portaldeninos/wp-content/plugins/gallery-videos/CSS/totalsoft.css?ver=4.9.8 HTTP/1.1" 200 40622
65.154.226.168 - - [08/Jul/2022:04:31:47 -0500] "GET /portaldeninos/wp-content/themes/betheme/assets/animations/animations.min.css?ver=20.9.6 HTTP/1.1" 200 58508
65.154.226.168 - - [08/Jul/2022:04:31:49 -0500] "GET /portaldeninos/wp-content/themes/betheme/assets/jplayer/css/jplayer.blue.monday.css?ver=20.9.6 HTTP/1.1" 200 9834
65.154.226.168 - - [08/Jul/2022:04:31:49 -0500] "GET /portaldeninos/wp-content/themes/betheme/assets/ui/jquery.ui.all.css?ver=20.9.6 HTTP/1.1" 200 18765
65.154.226.168 - - [08/Jul/2022:04:31:49 -0500] "GET /portaldeninos/wp-includes/js/jquery/jquery-migrate.min.js?ver=1.4.1 HTTP/1.1" 200 10056
65.154.226.168 - - [08/Jul/2022:04:31:49 -0500] "GET /portaldeninos/wp-content/plugins/google-analytics-for-wordpress/assets/js/frontend-gtag.min.js?ver=8.5.0 HTTP/1.1" 200 11801
65.154.226.168 - - [08/Jul/2022:04:31:49 -0500] "GET /portaldeninos/wp-includes/js/jquery/ui/core.min.js?ver=1.11.4 HTTP/1.1" 200 4000
65.154.226.168 - - [08/Jul/2022:04:31:49 -0500] "GET /portaldeninos/wp-content/plugins/gallery-videos/JS/modernizr.custom.js?ver=4.9.8 HTTP/1.1" 200 9019
65.154.226.168 - - [08/Jul/2022:04:31:49 -0500] "GET /portaldeninos/wp-content/themes/betheme/css/responsive.css?ver=20.9.6 HTTP/1.1" 200 55740
65.154.226.168 - - [08/Jul/2022:04:31:44 -0500] "GET /portaldeninos/wp-content/themes/betheme/css/layout.css?ver=20.9.6 HTTP/1.1" 200 116639
65.154.226.168 - - [08/Jul/2022:04:31:49 -0500] "GET /portaldeninos/wp-includes/js/jquery/ui/widget.min.js?ver=1.11.4 HTTP/1.1" 200 6908
65.154.226.168 - - [08/Jul/2022:04:31:47 -0500] "GET /portaldeninos/wp-content/themes/betheme/css/shortcodes.css?ver=20.9.6 HTTP/1.1" 200 138889
65.154.226.168 - - [08/Jul/2022:04:31:50 -0500] "GET /portaldeninos/wp-includes/js/jquery/ui/mouse.min.js?ver=1.11.4 HTTP/1.1" 200 3148
65.154.226.168 - - [08/Jul/2022:04:31:50 -0500] "GET /portaldeninos/wp-includes/js/jquery/ui/accordion.min.js?ver=1.11.4 HTTP/1.1" 200 8584
65.154.226.168 - - [08/Jul/2022:04:31:49 -0500] "GET /portaldeninos/wp-content/plugins/gallery-videos/JS/Total-Soft-Gallery-Video-Widget.js?ver=4.9.8 HTTP/1.1" 200 80264
65.154.226.168 - - [08/Jul/2022:04:31:50 -0500] "GET /portaldeninos/wp-includes/js/jquery/ui/tabs.min.js?ver=1.11.4 HTTP/1.1" 200 12110
65.154.226.168 - - [08/Jul/2022:04:31:50 -0500] "GET /portaldeninos/wp-includes/js/jquery/ui/sortable.min.js?ver=1.11.4 HTTP/1.1" 200 24899
65.154.226.168 - - [08/Jul/2022:04:31:50 -0500] "GET /portaldeninos/wp-content/themes/betheme/js/menu.js?ver=20.9.6 HTTP/1.1" 200 2449
65.154.226.168 - - [08/Jul/2022:04:31:50 -0500] "GET /portaldeninos/wp-content/themes/betheme/assets/animations/animations.min.js?ver=20.9.6 HTTP/1.1" 200 1896
65.154.226.168 - - [08/Jul/2022:04:31:50 -0500] "GET /portaldeninos/wp-includes/js/wp-embed.min.js?ver=4.9.8 HTTP/1.1" 200 1398
65.154.226.168 - - [08/Jul/2022:04:31:49 -0500] "GET /portaldeninos/wp-includes/js/jquery/jquery.js?ver=1.12.4 HTTP/1.1" 200 97184
65.154.226.168 - - [08/Jul/2022:04:31:50 -0500] "GET /portaldeninos/wp-content/themes/betheme/assets/jplayer/jplayer.min.js?ver=20.9.6 HTTP/1.1" 200 52702
65.154.226.168 - - [08/Jul/2022:04:31:50 -0500] "GET /portaldeninos/wp-content/themes/betheme/js/scripts.js?ver=20.9.6 HTTP/1.1" 200 77162
65.154.226.168 - - [08/Jul/2022:04:31:51 -0500] "GET /portaldeninos/wp-content/themes/betheme/images/box_shadow.png HTTP/1.1" 200 108
65.154.226.168 - - [08/Jul/2022:04:31:51 -0500] "GET /portaldeninos/wp-includes/js/wp-emoji-release.min.js?ver=4.9.8 HTTP/1.1" 200 12026
65.154.226.168 - - [08/Jul/2022:04:31:51 -0500] "GET /portaldeninos/wp-content/themes/betheme/fonts/mfn-icons.woff?93978679 HTTP/1.1" 200 80932
65.154.226.168 - - [08/Jul/2022:04:31:51 -0500] "GET /portaldeninos/wp-content/themes/betheme/fonts/mfn-icons.ttf?93978679 HTTP/1.1" 200 95297
65.154.226.168 - - [08/Jul/2022:04:31:50 -0500] "GET /portaldeninos/wp-content/themes/betheme/js/plugins.js?ver=20.9.6 HTTP/1.1" 200 197151
216.245.221.92 - - [08/Jul/2022:04:33:04 -0500] "HEAD / HTTP/1.1" 200 -
207.46.13.214 - - [08/Jul/2022:04:34:05 -0500] "GET /galeria/galeria/fotos/Humedal-Tibanica3G.jpg HTTP/1.1" 200 428565
172.22.2.4 - - [08/Jul/2022:04:34:51 -0500] "GET /BLA/boletinlegal/robots.txt HTTP/1.1" 404 1118
201.245.192.253 - - [08/Jul/2022:04:36:02 -0500] "POST /kwsrmcab/Wsrmcab HTTP/1.1" 500 253
172.22.2.4 - - [08/Jul/2022:04:34:24 -0500] "HEAD /BLA/boletinlegal/ HTTP/1.1" 200 -
172.22.2.4 - - [08/Jul/2022:04:34:57 -0500] "GET /BLA/boletinlegal/ HTTP/1.1" 200 45003
186.155.66.249 - - [08/Jul/2022:04:36:40 -0500] "GET /kwssiamovil/sm/des/cjson/pre?f=9&x=U2FsdGVkX19vpnVF0nGKqtyvKUUNkEhKq88669L91bXFJyEn1vsy1xIOXVn/GyYw HTTP/1.1" 200 25128
201.245.192.253 - - [08/Jul/2022:04:36:44 -0500] "POST /kwsrmcab/Wsrmcab  HTTP/1.1" 200 45708
172.22.2.4 - - [08/Jul/2022:04:35:14 -0500] "GET /BLA/boletinlegal/ HTTP/1.1" 200 52424
201.245.192.253 - - [08/Jul/2022:04:37:08 -0500] "POST /kwsrmcab/Wsrmcab HTTP/1.1" 200 43529
186.155.66.249 - - [08/Jul/2022:04:36:56 -0500] "GET /kwssiamovil/sm/des/cjson/pre?f=1&x=U2FsdGVkX19vpnVF0nGKqtyvKUUNkEhKq88669L91bXFJyEn1vsy1xIOXVn/GyYw HTTP/1.1" 200 30992
216.245.221.92 - - [08/Jul/2022:04:38:04 -0500] "HEAD / HTTP/1.1" 200 -
207.46.13.214 - - [08/Jul/2022:04:39:56 -0500] "GET /bla/resoluciones/index.php?dir=autos+1997 HTTP/1.1" 200 2025
201.245.192.253 - - [08/Jul/2022:04:41:24 -0500] "POST /kwsrmcab/Wsrmcab HTTP/1.1" 200 44913
201.245.192.253 - - [08/Jul/2022:04:41:28 -0500] "POST /kwsrmcab/Wsrmcab HTTP/1.1" 200 46623
201.245.192.253 - - [08/Jul/2022:04:41:47 -0500] "POST /kwsrmcab/Wsrmcab  HTTP/1.1" 200 45708
172.22.2.4 - - [08/Jul/2022:04:40:13 -0500] "HEAD /BLA/boletinlegal/ HTTP/1.1" 200 -
172.22.2.4 - - [08/Jul/2022:04:41:04 -0500] "GET /BLA/boletinlegal/ HTTP/1.1" 200 58491
216.245.221.92 - - [08/Jul/2022:04:43:04 -0500] "HEAD / HTTP/1.1" 200 -
201.245.192.253 - - [08/Jul/2022:04:46:46 -0500] "POST /kwsrmcab/Wsrmcab  HTTP/1.1" 200 45708
172.22.2.4 - - [08/Jul/2022:04:46:03 -0500] "HEAD /BLA/boletinlegal/ HTTP/1.1" 200 -
216.245.221.92 - - [08/Jul/2022:04:48:04 -0500] "HEAD / HTTP/1.1" 200 -
172.22.2.4 - - [08/Jul/2022:04:46:54 -0500] "GET /BLA/boletinlegal/ HTTP/1.1" 200 58491
205.169.39.157 - - [08/Jul/2022:04:50:50 -0500] "GET /portaldeninos/wp-includes/js/wp-emoji-release.min.js?ver=4.9.8 HTTP/1.1" 200 12026
205.169.39.157 - - [08/Jul/2022:04:50:51 -0500] "GET /portaldeninos/wp-content/plugins/google-analytics-for-wordpress/assets/js/frontend-gtag.min.js?ver=8.5.0 HTTP/1.1" 200 11801
205.169.39.157 - - [08/Jul/2022:04:50:51 -0500] "GET /portaldeninos/wp-includes/js/jquery/jquery.js?ver=1.12.4 HTTP/1.1" 200 97184
205.169.39.157 - - [08/Jul/2022:04:50:54 -0500] "GET /portaldeninos/wp-includes/js/jquery/jquery-migrate.min.js?ver=1.4.1 HTTP/1.1" 200 10056
205.169.39.157 - - [08/Jul/2022:04:50:54 -0500] "GET /portaldeninos/wp-includes/js/jquery/ui/core.min.js?ver=1.11.4 HTTP/1.1" 200 4000
205.169.39.157 - - [08/Jul/2022:04:50:54 -0500] "GET /portaldeninos/wp-content/plugins/gallery-videos/JS/modernizr.custom.js?ver=4.9.8 HTTP/1.1" 200 9019
205.169.39.157 - - [08/Jul/2022:04:50:54 -0500] "GET /portaldeninos/wp-content/plugins/gallery-videos/JS/Total-Soft-Gallery-Video-Widget.js?ver=4.9.8 HTTP/1.1" 200 80264
205.169.39.157 - - [08/Jul/2022:04:51:22 -0500] "GET /portaldeninos/wp-includes/js/jquery/ui/widget.min.js?ver=1.11.4 HTTP/1.1" 200 6908
205.169.39.157 - - [08/Jul/2022:04:51:23 -0500] "GET /portaldeninos/wp-includes/js/jquery/ui/mouse.min.js?ver=1.11.4 HTTP/1.1" 200 3148
205.169.39.157 - - [08/Jul/2022:04:51:23 -0500] "GET /portaldeninos/wp-includes/js/jquery/ui/sortable.min.js?ver=1.11.4 HTTP/1.1" 200 24899
205.169.39.157 - - [08/Jul/2022:04:51:24 -0500] "GET /portaldeninos/wp-includes/js/jquery/ui/tabs.min.js?ver=1.11.4 HTTP/1.1" 200 12110
205.169.39.157 - - [08/Jul/2022:04:51:24 -0500] "GET /portaldeninos/wp-includes/js/jquery/ui/accordion.min.js?ver=1.11.4 HTTP/1.1" 200 8584
205.169.39.157 - - [08/Jul/2022:04:51:25 -0500] "GET /portaldeninos/wp-content/themes/betheme/js/plugins.js?ver=20.9.6 HTTP/1.1" 200 197151
205.169.39.157 - - [08/Jul/2022:04:51:26 -0500] "GET /portaldeninos/wp-content/themes/betheme/js/menu.js?ver=20.9.6 HTTP/1.1" 200 2449
205.169.39.157 - - [08/Jul/2022:04:51:26 -0500] "GET /portaldeninos/wp-content/themes/betheme/assets/animations/animations.min.js?ver=20.9.6 HTTP/1.1" 200 1896
205.169.39.157 - - [08/Jul/2022:04:51:27 -0500] "GET /portaldeninos/wp-content/themes/betheme/assets/jplayer/jplayer.min.js?ver=20.9.6 HTTP/1.1" 200 52702
205.169.39.157 - - [08/Jul/2022:04:51:27 -0500] "GET /portaldeninos/wp-content/themes/betheme/js/scripts.js?ver=20.9.6 HTTP/1.1" 200 77162
205.169.39.157 - - [08/Jul/2022:04:51:29 -0500] "GET /portaldeninos/wp-includes/js/wp-embed.min.js?ver=4.9.8 HTTP/1.1" 200 1398
45.61.186.139 - - [08/Jul/2022:04:51:43 -0500] "GET /config/getuser?index=0 HTTP/1.1" 404 1018
201.245.192.253 - - [08/Jul/2022:04:51:45 -0500] "POST /kwsrmcab/Wsrmcab  HTTP/1.1" 200 45708
199.59.150.183 - - [08/Jul/2022:04:52:15 -0500] "GET /images/Mirla%20Comu%CC%81n%20SDA%20(1)%20(1).jpeg HTTP/1.1" 404 1034
216.245.221.92 - - [08/Jul/2022:04:53:04 -0500] "HEAD / HTTP/1.1" 200 -
172.22.2.4 - - [08/Jul/2022:04:51:53 -0500] "HEAD /BLA/boletinlegal/ HTTP/1.1" 200 -
172.22.2.4 - - [08/Jul/2022:04:52:44 -0500] "GET /BLA/boletinlegal/ HTTP/1.1" 200 54767
54.39.177.173 - - [08/Jul/2022:04:55:28 -0500] "-" 408 -
201.245.192.253 - - [08/Jul/2022:04:56:43 -0500] "POST /kwsrmcab/Wsrmcab  HTTP/1.1" 200 45708
69.63.189.3 - - [08/Jul/2022:04:58:02 -0500] "GET /images/pieza-calidad-aire-noche-4-febrero.jpg HTTP/1.1" 200 37476
66.220.149.16 - - [08/Jul/2022:04:58:03 -0500] "GET /images/pieza-calidad-aire-noche-4-febrero.jpg HTTP/1.1" 200 37476
216.245.221.92 - - [08/Jul/2022:04:58:04 -0500] "HEAD / HTTP/1.1" 200 -
172.22.2.4 - - [08/Jul/2022:04:58:47 -0500] "GET /BLA/boletinlegal/circulares/2022/directiva%20no.%2000005%20del%2030%20de%20junio%20del%202022.pdf HTTP/1.1" 200 370015
172.22.2.4 - - [08/Jul/2022:04:57:43 -0500] "HEAD /BLA/boletinlegal/ HTTP/1.1" 200 -
172.22.2.4 - - [08/Jul/2022:04:58:34 -0500] "GET /BLA/boletinlegal/ HTTP/1.1" 200 50335
199.16.157.183 - - [08/Jul/2022:05:01:39 -0500] "GET /images/Mirla%20Comu%CC%81n%20SDA%20(1)%20(1).jpeg HTTP/1.1" 404 1034
201.245.192.253 - - [08/Jul/2022:05:01:43 -0500] "POST /kwsrmcab/Wsrmcab  HTTP/1.1" 200 45708
216.245.221.92 - - [08/Jul/2022:05:03:04 -0500] "HEAD / HTTP/1.1" 200 -
185.7.214.104 - - [08/Jul/2022:05:03:48 -0500] "GET /index.php?s=/Index/\\think\\app/invokefunction&function=call_user_func_array&vars[0]=md5&vars[1][]=HelloThinkPHP21 HTTP/1.1" 404 1018
172.22.2.4 - - [08/Jul/2022:05:03:33 -0500] "HEAD /BLA/boletinlegal/ HTTP/1.1" 200 -
172.22.2.4 - - [08/Jul/2022:05:04:24 -0500] "GET /BLA/boletinlegal/ HTTP/1.1" 200 58491
80.82.77.33 - - [08/Jul/2022:05:07:02 -0500] "-" 408 -
216.245.221.92 - - [08/Jul/2022:05:08:04 -0500] "HEAD / HTTP/1.1" 200 -
201.245.192.253 - - [08/Jul/2022:05:07:52 -0500] "POST /kwsrmcab/Wsrmcab  HTTP/1.1" 200 14501
201.245.192.253 - - [08/Jul/2022:05:06:43 -0500] "POST /kwsrmcab/Wsrmcab  HTTP/1.1" 200 14501
172.22.2.4 - - [08/Jul/2022:05:08:52 -0500] "GET /BLA/boletinlegal/Directivas/2016/Directiva%20No.%2004%20del%2023%20de%20Diciembre%20de%202016.pdf HTTP/1.1" 304 -
201.245.192.253 - - [08/Jul/2022:05:09:02 -0500] "POST /kwsrmcab/Wsrmcab  HTTP/1.1" 200 45708
201.245.192.253 - - [08/Jul/2022:05:10:04 -0500] "POST /kwsrmcab/Wsrmcab  HTTP/1.1" 200 45708
172.22.2.4 - - [08/Jul/2022:05:09:23 -0500] "HEAD /BLA/boletinlegal/ HTTP/1.1" 200 -
172.22.2.4 - - [08/Jul/2022:05:10:14 -0500] "GET /BLA/boletinlegal/ HTTP/1.1" 200 56279
216.245.221.92 - - [08/Jul/2022:05:13:04 -0500] "HEAD / HTTP/1.1" 200 -
201.245.192.253 - - [08/Jul/2022:05:15:03 -0500] "POST /kwsrmcab/Wsrmcab  HTTP/1.1" 200 45708
172.22.2.4 - - [08/Jul/2022:05:15:13 -0500] "HEAD /BLA/boletinlegal/ HTTP/1.1" 200 -
172.22.2.4 - - [08/Jul/2022:05:16:04 -0500] "GET /BLA/boletinlegal/ HTTP/1.1" 200 58491
216.245.221.92 - - [08/Jul/2022:05:18:04 -0500] "HEAD / HTTP/1.1" 200 -
128.14.134.170 - - [08/Jul/2022:05:18:33 -0500] "GET /portaldeninos/ HTTP/1.1" 200 109662
201.245.192.253 - - [08/Jul/2022:05:20:02 -0500] "POST /kwsrmcab/Wsrmcab  HTTP/1.1" 200 45708
190.144.57.170 - - [08/Jul/2022:05:20:38 -0500] "GET /BLA/resoluciones/index.php?dir=RESOLUCIONES+2019%2F HTTP/1.1" 200 241327
201.245.192.253 - - [08/Jul/2022:05:21:24 -0500] "POST /kwsrmcab/Wsrmcab HTTP/1.1" 200 43348
201.245.192.253 - - [08/Jul/2022:05:21:28 -0500] "POST /kwsrmcab/Wsrmcab HTTP/1.1" 200 46645
172.22.2.4 - - [08/Jul/2022:05:22:30 -0500] "GET /BLA/boletinlegal/actos.php/js/popup.js HTTP/1.1" 200 9559
172.22.2.4 - - [08/Jul/2022:05:21:03 -0500] "HEAD /BLA/boletinlegal/ HTTP/1.1" 200 -
216.245.221.92 - - [08/Jul/2022:05:23:04 -0500] "HEAD / HTTP/1.1" 200 -
172.22.2.4 - - [08/Jul/2022:05:21:54 -0500] "GET /BLA/boletinlegal/ HTTP/1.1" 200 58491
201.245.192.253 - - [08/Jul/2022:05:25:00 -0500] "POST /kwsrmcab/Wsrmcab  HTTP/1.1" 200 45708
65.154.226.168 - - [08/Jul/2022:05:25:41 -0500] "GET /portaldeninos/wp-content/uploads/useanyfont/uaf.css?ver=1589905315 HTTP/1.1" 200 408
65.154.226.168 - - [08/Jul/2022:05:25:41 -0500] "GET /portaldeninos/wp-content/themes/betheme/style.css?ver=20.9.6 HTTP/1.1" 200 287
65.154.226.168 - - [08/Jul/2022:05:25:41 -0500] "GET /portaldeninos/wp-content/plugins/gallery-videos/CSS/Total-Soft-Gallery-Video-Widget.css?ver=4.9.8 HTTP/1.1" 200 51554
65.154.226.168 - - [08/Jul/2022:05:25:41 -0500] "GET /portaldeninos/wp-content/plugins/gallery-videos/CSS/totalsoft.css?ver=4.9.8 HTTP/1.1" 200 40622
65.154.226.168 - - [08/Jul/2022:05:25:41 -0500] "GET /portaldeninos/wp-content/themes/betheme/css/base.css?ver=20.9.6 HTTP/1.1" 200 57283
65.154.226.168 - - [08/Jul/2022:05:25:41 -0500] "GET /portaldeninos/wp-content/themes/betheme/assets/animations/animations.min.css?ver=20.9.6 HTTP/1.1" 200 58508
65.154.226.168 - - [08/Jul/2022:05:25:42 -0500] "GET /portaldeninos/wp-content/themes/betheme/assets/ui/jquery.ui.all.css?ver=20.9.6 HTTP/1.1" 200 18765
65.154.226.168 - - [08/Jul/2022:05:25:42 -0500] "GET /portaldeninos/wp-content/themes/betheme/assets/jplayer/css/jplayer.blue.monday.css?ver=20.9.6 HTTP/1.1" 200 9834
65.154.226.168 - - [08/Jul/2022:05:25:41 -0500] "GET /portaldeninos/wp-content/themes/betheme/css/layout.css?ver=20.9.6 HTTP/1.1" 200 116639
65.154.226.168 - - [08/Jul/2022:05:25:41 -0500] "GET /portaldeninos/wp-content/themes/betheme/css/shortcodes.css?ver=20.9.6 HTTP/1.1" 200 138889
65.154.226.168 - - [08/Jul/2022:05:25:42 -0500] "GET /portaldeninos/wp-includes/js/jquery/jquery-migrate.min.js?ver=1.4.1 HTTP/1.1" 200 10056
65.154.226.168 - - [08/Jul/2022:05:25:43 -0500] "GET /portaldeninos/wp-includes/js/jquery/ui/core.min.js?ver=1.11.4 HTTP/1.1" 200 4000
65.154.226.168 - - [08/Jul/2022:05:25:42 -0500] "GET /portaldeninos/wp-content/themes/betheme/css/responsive.css?ver=20.9.6 HTTP/1.1" 200 55740
65.154.226.168 - - [08/Jul/2022:05:25:42 -0500] "GET /portaldeninos/wp-content/plugins/google-analytics-for-wordpress/assets/js/frontend-gtag.min.js?ver=8.5.0 HTTP/1.1" 200 11801
65.154.226.168 - - [08/Jul/2022:05:25:43 -0500] "GET /portaldeninos/wp-content/plugins/gallery-videos/JS/modernizr.custom.js?ver=4.9.8 HTTP/1.1" 200 9019
65.154.226.168 - - [08/Jul/2022:05:25:43 -0500] "GET /portaldeninos/wp-includes/js/jquery/ui/mouse.min.js?ver=1.11.4 HTTP/1.1" 200 3148
65.154.226.168 - - [08/Jul/2022:05:25:43 -0500] "GET /portaldeninos/wp-includes/js/jquery/ui/widget.min.js?ver=1.11.4 HTTP/1.1" 200 6908
65.154.226.168 - - [08/Jul/2022:05:25:42 -0500] "GET /portaldeninos/wp-includes/js/jquery/jquery.js?ver=1.12.4 HTTP/1.1" 200 97184
65.154.226.168 - - [08/Jul/2022:05:25:43 -0500] "GET /portaldeninos/wp-includes/js/jquery/ui/accordion.min.js?ver=1.11.4 HTTP/1.1" 200 8584
65.154.226.168 - - [08/Jul/2022:05:25:43 -0500] "GET /portaldeninos/wp-content/plugins/gallery-videos/JS/Total-Soft-Gallery-Video-Widget.js?ver=4.9.8 HTTP/1.1" 200 80264
65.154.226.168 - - [08/Jul/2022:05:25:43 -0500] "GET /portaldeninos/wp-includes/js/jquery/ui/tabs.min.js?ver=1.11.4 HTTP/1.1" 200 12110
65.154.226.168 - - [08/Jul/2022:05:25:43 -0500] "GET /portaldeninos/wp-includes/js/jquery/ui/sortable.min.js?ver=1.11.4 HTTP/1.1" 200 24899
65.154.226.168 - - [08/Jul/2022:05:25:43 -0500] "GET /portaldeninos/wp-content/themes/betheme/js/menu.js?ver=20.9.6 HTTP/1.1" 200 2449
65.154.226.168 - - [08/Jul/2022:05:25:43 -0500] "GET /portaldeninos/wp-content/themes/betheme/assets/animations/animations.min.js?ver=20.9.6 HTTP/1.1" 200 1896
65.154.226.168 - - [08/Jul/2022:05:25:43 -0500] "GET /portaldeninos/wp-includes/js/wp-embed.min.js?ver=4.9.8 HTTP/1.1" 200 1398
65.154.226.168 - - [08/Jul/2022:05:25:43 -0500] "GET /portaldeninos/wp-content/themes/betheme/images/box_shadow.png HTTP/1.1" 200 108
65.154.226.168 - - [08/Jul/2022:05:25:43 -0500] "GET /portaldeninos/wp-content/themes/betheme/assets/jplayer/jplayer.min.js?ver=20.9.6 HTTP/1.1" 200 52702
65.154.226.168 - - [08/Jul/2022:05:25:43 -0500] "GET /portaldeninos/wp-content/themes/betheme/js/scripts.js?ver=20.9.6 HTTP/1.1" 200 77162
65.154.226.168 - - [08/Jul/2022:05:25:43 -0500] "GET /portaldeninos/wp-includes/js/wp-emoji-release.min.js?ver=4.9.8 HTTP/1.1" 200 12026
65.154.226.168 - - [08/Jul/2022:05:25:43 -0500] "GET /portaldeninos/wp-content/themes/betheme/js/plugins.js?ver=20.9.6 HTTP/1.1" 200 197151
65.154.226.168 - - [08/Jul/2022:05:25:43 -0500] "GET /portaldeninos/wp-content/themes/betheme/fonts/mfn-icons.woff?93978679 HTTP/1.1" 200 80932
65.154.226.168 - - [08/Jul/2022:05:25:44 -0500] "GET /portaldeninos/wp-content/themes/betheme/fonts/mfn-icons.ttf?93978679 HTTP/1.1" 200 95297
40.77.167.66 - - [08/Jul/2022:05:27:54 -0500] "GET /BLA/resoluciones/AUTOS%202021/2475.pdf HTTP/1.1" 304 -
216.245.221.92 - - [08/Jul/2022:05:28:04 -0500] "HEAD / HTTP/1.1" 200 -
199.59.150.182 - - [08/Jul/2022:05:28:13 -0500] "GET /images/Mirla%20Comu%CC%81n%20SDA%20(1)%20(1).jpeg HTTP/1.1" 404 1034
172.22.2.4 - - [08/Jul/2022:05:26:53 -0500] "HEAD /BLA/boletinlegal/ HTTP/1.1" 200 -
172.22.2.4 - - [08/Jul/2022:05:27:44 -0500] "GET /BLA/boletinlegal/ HTTP/1.1" 200 59828
201.245.192.253 - - [08/Jul/2022:05:29:58 -0500] "POST /kwsrmcab/Wsrmcab  HTTP/1.1" 200 45708
201.245.192.253 - - [08/Jul/2022:05:31:25 -0500] "POST /kwsrmcab/Wsrmcab HTTP/1.1" 200 43348
201.245.192.253 - - [08/Jul/2022:05:31:29 -0500] "POST /kwsrmcab/Wsrmcab HTTP/1.1" 200 46645
216.245.221.92 - - [08/Jul/2022:05:33:04 -0500] "HEAD / HTTP/1.1" 200 -
172.22.2.4 - - [08/Jul/2022:05:32:43 -0500] "HEAD /BLA/boletinlegal/ HTTP/1.1" 200 -
201.245.192.253 - - [08/Jul/2022:05:34:58 -0500] "POST /kwsrmcab/Wsrmcab  HTTP/1.1" 200 45708
172.22.2.4 - - [08/Jul/2022:05:33:34 -0500] "GET /BLA/boletinlegal/ HTTP/1.1" 200 58491
172.22.2.4 - - [08/Jul/2022:05:37:11 -0500] "GET /BLA/boletinlegal/Directivas/2017/Directiva%20No.%2002%20del%2017%20de%20Enero%20de%202017.pdf HTTP/1.1" 304 -
199.16.157.183 - - [08/Jul/2022:05:37:17 -0500] "GET /images/Mirla%20Comu%CC%81n%20SDA%20(1)%20(1).jpeg HTTP/1.1" 404 1034
216.245.221.92 - - [08/Jul/2022:05:38:04 -0500] "HEAD / HTTP/1.1" 200 -
172.22.2.4 - - [08/Jul/2022:05:39:34 -0500] "GET /BLA/boletinlegal/robots.txt HTTP/1.1" 404 1038
172.22.2.4 - - [08/Jul/2022:05:39:37 -0500] "GET /BLA/boletinlegal/Circulares/2011/Circular%20No.%202%20del%2026%20de%20Mayo%20de%202011.pdf HTTP/1.1" 200 644194
201.245.192.253 - - [08/Jul/2022:05:39:57 -0500] "POST /kwsrmcab/Wsrmcab  HTTP/1.1" 200 45708
172.22.2.4 - - [08/Jul/2022:05:38:33 -0500] "HEAD /BLA/boletinlegal/ HTTP/1.1" 200 -
172.22.2.4 - - [08/Jul/2022:05:39:23 -0500] "GET /BLA/boletinlegal/ HTTP/1.1" 200 59364
201.245.192.253 - - [08/Jul/2022:05:41:24 -0500] "POST /kwsrmcab/Wsrmcab HTTP/1.1" 200 43348
201.245.192.253 - - [08/Jul/2022:05:41:28 -0500] "POST /kwsrmcab/Wsrmcab HTTP/1.1" 200 46645
216.245.221.92 - - [08/Jul/2022:05:43:04 -0500] "HEAD / HTTP/1.1" 200 -
65.154.226.220 - - [08/Jul/2022:05:43:11 -0500] "GET /portaldeninos/wp-includes/js/wp-emoji-release.min.js?ver=4.9.8 HTTP/1.1" 200 12026
65.154.226.220 - - [08/Jul/2022:05:43:11 -0500] "GET /portaldeninos/wp-content/plugins/google-analytics-for-wordpress/assets/js/frontend-gtag.min.js?ver=8.5.0 HTTP/1.1" 200 11801
65.154.226.220 - - [08/Jul/2022:05:43:12 -0500] "GET /portaldeninos/wp-includes/js/jquery/jquery.js?ver=1.12.4 HTTP/1.1" 200 97184
65.154.226.220 - - [08/Jul/2022:05:43:13 -0500] "GET /portaldeninos/wp-includes/js/jquery/jquery-migrate.min.js?ver=1.4.1 HTTP/1.1" 200 10056
65.154.226.220 - - [08/Jul/2022:05:43:13 -0500] "GET /portaldeninos/wp-includes/js/jquery/ui/core.min.js?ver=1.11.4 HTTP/1.1" 200 4000
65.154.226.220 - - [08/Jul/2022:05:43:13 -0500] "GET /portaldeninos/wp-content/plugins/gallery-videos/JS/modernizr.custom.js?ver=4.9.8 HTTP/1.1" 200 9019
65.154.226.220 - - [08/Jul/2022:05:43:13 -0500] "GET /portaldeninos/wp-content/plugins/gallery-videos/JS/Total-Soft-Gallery-Video-Widget.js?ver=4.9.8 HTTP/1.1" 200 80264
65.154.226.220 - - [08/Jul/2022:05:43:14 -0500] "GET /portaldeninos/wp-includes/js/jquery/ui/widget.min.js?ver=1.11.4 HTTP/1.1" 200 6908
65.154.226.220 - - [08/Jul/2022:05:43:14 -0500] "GET /portaldeninos/wp-includes/js/jquery/ui/mouse.min.js?ver=1.11.4 HTTP/1.1" 200 3148
65.154.226.220 - - [08/Jul/2022:05:43:14 -0500] "GET /portaldeninos/wp-includes/js/jquery/ui/sortable.min.js?ver=1.11.4 HTTP/1.1" 200 24899
65.154.226.220 - - [08/Jul/2022:05:43:15 -0500] "GET /portaldeninos/wp-includes/js/jquery/ui/tabs.min.js?ver=1.11.4 HTTP/1.1" 200 12110
65.154.226.220 - - [08/Jul/2022:05:43:15 -0500] "GET /portaldeninos/wp-includes/js/jquery/ui/accordion.min.js?ver=1.11.4 HTTP/1.1" 200 8584
65.154.226.220 - - [08/Jul/2022:05:43:15 -0500] "GET /portaldeninos/wp-content/themes/betheme/js/plugins.js?ver=20.9.6 HTTP/1.1" 200 197151
65.154.226.220 - - [08/Jul/2022:05:43:41 -0500] "GET /portaldeninos/wp-content/themes/betheme/js/menu.js?ver=20.9.6 HTTP/1.1" 200 2449
65.154.226.220 - - [08/Jul/2022:05:43:45 -0500] "GET /portaldeninos/wp-content/themes/betheme/assets/animations/animations.min.js?ver=20.9.6 HTTP/1.1" 200 1896
65.154.226.220 - - [08/Jul/2022:05:43:46 -0500] "GET /portaldeninos/wp-content/themes/betheme/assets/jplayer/jplayer.min.js?ver=20.9.6 HTTP/1.1" 200 52702
65.154.226.220 - - [08/Jul/2022:05:43:49 -0500] "GET /portaldeninos/wp-content/themes/betheme/js/scripts.js?ver=20.9.6 HTTP/1.1" 200 77162
199.16.157.183 - - [08/Jul/2022:05:43:50 -0500] "GET /con-pinceles-y-acuarelas-veronica-martinez-protege-la-biodiversidad.html HTTP/1.1" 200 990
199.16.157.180 - - [08/Jul/2022:05:43:50 -0500] "GET /images/cronica-mujer-biodiveridad-30-noviembre.jpg HTTP/1.1" 200 63270
65.154.226.220 - - [08/Jul/2022:05:43:51 -0500] "GET /portaldeninos/wp-includes/js/wp-embed.min.js?ver=4.9.8 HTTP/1.1" 200 1398
201.245.192.253 - - [08/Jul/2022:05:44:56 -0500] "POST /kwsrmcab/Wsrmcab  HTTP/1.1" 200 45708
172.22.2.4 - - [08/Jul/2022:05:44:23 -0500] "HEAD /BLA/boletinlegal/ HTTP/1.1" 200 -
172.22.2.4 - - [08/Jul/2022:05:45:14 -0500] "GET /BLA/boletinlegal/ HTTP/1.1" 200 60992
216.245.221.92 - - [08/Jul/2022:05:48:04 -0500] "HEAD / HTTP/1.1" 200 -
201.245.192.253 - - [08/Jul/2022:05:49:54 -0500] "POST /kwsrmcab/Wsrmcab  HTTP/1.1" 200 45708
173.252.107.15 - - [08/Jul/2022:05:50:20 -0500] "GET /images/lluvias-arboles-4-junio.jpeg HTTP/1.1" 200 117524
173.252.107.116 - - [08/Jul/2022:05:50:22 -0500] "GET /images/empresas-industrias-forestales-1-junio.jpg HTTP/1.1" 200 44019
173.252.107.116 - - [08/Jul/2022:05:50:23 -0500] "GET /images/energia-eficiencia-26-mayo.jpg HTTP/1.1" 200 46417
173.252.107.116 - - [08/Jul/2022:05:50:24 -0500] "GET /images/jardines-verticales-plantas-24-mayo.jpg HTTP/1.1" 200 148288
173.252.107.117 - - [08/Jul/2022:05:50:25 -0500] "GET /images/la-vieja-mayo-24.jpg HTTP/1.1" 200 58217
69.63.189.8 - - [08/Jul/2022:05:50:26 -0500] "GET /images/control-madera-ilegal-24-mayo.jpg HTTP/1.1" 200 48269
173.252.107.16 - - [08/Jul/2022:05:50:27 -0500] "GET /images/Naturalista1.jpeg HTTP/1.1" 200 202073
173.252.107.17 - - [08/Jul/2022:05:50:28 -0500] "GET /images/negocios-verdes-mayo-2022.jpg HTTP/1.1" 200 48000
173.252.107.10 - - [08/Jul/2022:05:50:28 -0500] "GET /images/arbolado-bogota-mayo-13.jpg HTTP/1.1" 200 62568
173.252.107.11 - - [08/Jul/2022:05:50:29 -0500] "GET /images/actividades-dia-aves-16-mayo.jpg HTTP/1.1" 200 147089
173.252.107.17 - - [08/Jul/2022:05:50:30 -0500] "GET /images/feria-servicios-12-mayo-principal.jpg HTTP/1.1" 200 44744
173.252.107.10 - - [08/Jul/2022:05:50:30 -0500] "GET /images/parque-nal-secretaria.jpg HTTP/1.1" 200 168060
173.252.107.17 - - [08/Jul/2022:05:50:31 -0500] "GET /images/dia-rio-bogota-12-mayo.jpg HTTP/1.1" 200 44387
173.252.107.10 - - [08/Jul/2022:05:50:31 -0500] "GET /images/secretaria-rio-bogota-avances-12-mayo.jpg HTTP/1.1" 200 37281
173.252.107.23 - - [08/Jul/2022:05:50:31 -0500] "GET /images/ptar-alcaldesa-rio-bogota-12-mato.jpg HTTP/1.1" 200 40205
173.252.107.6 - - [08/Jul/2022:05:50:33 -0500] "GET /images/Brasil1.jpeg HTTP/1.1" 200 27965
173.252.107.120 - - [08/Jul/2022:05:50:33 -0500] "GET /images/feria-servicios-5-MAYO.jpg HTTP/1.1" 200 39759
173.252.107.6 - - [08/Jul/2022:05:50:34 -0500] "GET /images/Animales1.jpeg HTTP/1.1" 200 76841
173.252.107.15 - - [08/Jul/2022:05:50:35 -0500] "GET /images/fachada-secretaria-ambiente-abril.jpg HTTP/1.1" 200 148853
173.252.107.15 - - [08/Jul/2022:05:50:37 -0500] "GET /images/actividades-dia-tierra-22-abril.jpg HTTP/1.1" 200 77276
173.252.107.15 - - [08/Jul/2022:05:50:37 -0500] "GET /images/bogota-ciudad-pac28-enero.jpg HTTP/1.1" 200 42642
173.252.107.120 - - [08/Jul/2022:05:50:38 -0500] "GET /images/Bolsaroja.jpeg HTTP/1.1" 200 63719
173.252.107.7 - - [08/Jul/2022:05:50:40 -0500] "GET /images/caminos-cerros-orientales-7-abril.jpg HTTP/1.1" 200 80138
173.252.107.11 - - [08/Jul/2022:05:50:40 -0500] "GET /images/zapatos-negocios-8-abril.jpg HTTP/1.1" 200 25964
172.22.2.4 - - [08/Jul/2022:05:50:13 -0500] "HEAD /BLA/boletinlegal/ HTTP/1.1" 200 -
172.22.2.4 - - [08/Jul/2022:05:51:03 -0500] "GET /BLA/boletinlegal/ HTTP/1.1" 200 60410
216.245.221.92 - - [08/Jul/2022:05:53:04 -0500] "HEAD / HTTP/1.1" 200 -
201.245.192.253 - - [08/Jul/2022:05:54:53 -0500] "POST /kwsrmcab/Wsrmcab  HTTP/1.1" 200 45708
207.46.13.85 - - [08/Jul/2022:05:56:26 -0500] "GET /BLA/boletinlegal/images/screen_2.png HTTP/1.1" 200 362502
172.22.2.4 - - [08/Jul/2022:05:56:03 -0500] "HEAD /BLA/boletinlegal/ HTTP/1.1" 200 -
216.245.221.92 - - [08/Jul/2022:05:58:04 -0500] "HEAD / HTTP/1.1" 200 -
172.22.2.4 - - [08/Jul/2022:05:56:54 -0500] "GET /BLA/boletinlegal/ HTTP/1.1" 200 60410
201.245.192.253 - - [08/Jul/2022:05:59:52 -0500] "POST /kwsrmcab/Wsrmcab  HTTP/1.1" 200 45708
157.55.39.114 - - [08/Jul/2022:06:01:15 -0500] "GET /BLA/resoluciones/RESOLUCIONES%202022/0490.pdf HTTP/1.1" 304 -
13.66.139.11 - - [08/Jul/2022:06:01:46 -0500] "-" 408 -
207.46.13.45 - - [08/Jul/2022:06:03:02 -0500] "GET /portaldeninos/2021/04/28/dia-internacional-de-concienciacion-sobre-el-ruido-por-una-ciudad-mas-tranquila-y-sostenible HTTP/1.1" 301 -
216.245.221.92 - - [08/Jul/2022:06:03:04 -0500] "HEAD / HTTP/1.1" 200 -
199.59.150.182 - - [08/Jul/2022:06:03:07 -0500] "GET /images/Mirla%20Comu%CC%81n%20SDA%20(1)%20(1).jpeg HTTP/1.1" 404 1034
157.55.39.72 - - [08/Jul/2022:06:03:12 -0500] "GET /portaldeninos/2021/04/28/dia-internacional-de-concienciacion-sobre-el-ruido-por-una-ciudad-mas-tranquila-y-sostenible/ HTTP/1.1" 200 110349
172.22.2.4 - - [08/Jul/2022:06:01:53 -0500] "HEAD /BLA/boletinlegal/ HTTP/1.1" 200 -
199.59.150.180 - - [08/Jul/2022:06:03:57 -0500] "-" 408 -
172.22.2.4 - - [08/Jul/2022:06:02:44 -0500] "GET /BLA/boletinlegal/ HTTP/1.1" 200 58491
201.245.192.253 - - [08/Jul/2022:06:04:51 -0500] "POST /kwsrmcab/Wsrmcab  HTTP/1.1" 200 45708
216.245.221.92 - - [08/Jul/2022:06:08:04 -0500] "HEAD / HTTP/1.1" 200 -
172.22.2.4 - - [08/Jul/2022:06:07:43 -0500] "HEAD /BLA/boletinlegal/ HTTP/1.1" 200 -
201.245.192.253 - - [08/Jul/2022:06:09:50 -0500] "POST /kwsrmcab/Wsrmcab  HTTP/1.1" 200 45708
172.22.2.4 - - [08/Jul/2022:06:08:33 -0500] "GET /BLA/boletinlegal/ HTTP/1.1" 200 60992
199.16.157.182 - - [08/Jul/2022:06:12:17 -0500] "GET /images/Mirla%20Comu%CC%81n%20SDA%20(1)%20(1).jpeg HTTP/1.1" 404 1034
216.245.221.92 - - [08/Jul/2022:06:13:04 -0500] "HEAD / HTTP/1.1" 200 -
201.245.192.253 - - [08/Jul/2022:06:14:49 -0500] "POST /kwsrmcab/Wsrmcab  HTTP/1.1" 200 45708
172.22.2.4 - - [08/Jul/2022:06:13:33 -0500] "HEAD /BLA/boletinlegal/ HTTP/1.1" 200 -
40.77.167.66 - - [08/Jul/2022:06:15:59 -0500] "GET /BLA/resoluciones/index.php?dir= HTTP/1.1" 200 13093
172.22.2.4 - - [08/Jul/2022:06:14:23 -0500] "GET /BLA/boletinlegal/ HTTP/1.1" 200 53539
207.46.13.8 - - [08/Jul/2022:06:16:10 -0500] "GET /BLA/resoluciones/dlf/styles.css HTTP/1.1" 200 3049
172.22.2.4 - - [08/Jul/2022:06:17:45 -0500] "GET /BLA/boletinlegal/Circulares/2021/CIRCULAR%20No.%2000009%20DEL%2001%20DE%20OCTUBRE%20DEL%202021.pdf HTTP/1.1" 304 -
216.245.221.92 - - [08/Jul/2022:06:18:04 -0500] "HEAD / HTTP/1.1" 200 -
40.77.167.66 - - [08/Jul/2022:06:19:49 -0500] "GET /transparencia/financiera/Ejecucion%20Presupuestal/Vigencia%20actual/4.%20EJECUCION%20DE%20RESERVAS%20ABRIL%202022.pdf HTTP/1.1" 200 281352
201.245.192.253 - - [08/Jul/2022:06:19:48 -0500] "POST /kwsrmcab/Wsrmcab  HTTP/1.1" 200 45708
172.22.2.4 - - [08/Jul/2022:06:19:23 -0500] "HEAD /BLA/boletinlegal/ HTTP/1.1" 200 -
172.22.2.4 - - [08/Jul/2022:06:21:15 -0500] "GET /BLA/boletinlegal/Circulares/2019/Circular%2000020%20del%2020%20de%20diciembre%20de%202019.pdf HTTP/1.1" 200 145170
201.245.192.253 - - [08/Jul/2022:06:21:24 -0500] "POST /kwsrmcab/Wsrmcab HTTP/1.1" 200 43399
201.245.192.253 - - [08/Jul/2022:06:21:28 -0500] "POST /kwsrmcab/Wsrmcab HTTP/1.1" 200 46499
172.22.2.4 - - [08/Jul/2022:06:20:13 -0500] "GET /BLA/boletinlegal/ HTTP/1.1" 200 55166
216.245.221.92 - - [08/Jul/2022:06:23:04 -0500] "HEAD / HTTP/1.1" 200 -
185.7.214.104 - - [08/Jul/2022:06:23:12 -0500] "GET /?a=fetch&content=<php>die(@md5(HelloThinkCMF))</php> HTTP/1.1" 200 319
201.245.192.253 - - [08/Jul/2022:06:24:47 -0500] "POST /kwsrmcab/Wsrmcab  HTTP/1.1" 200 45708
172.22.2.4 - - [08/Jul/2022:06:25:13 -0500] "GET /BLA/boletinlegal/styles2.css HTTP/1.1" 200 1838
172.22.2.4 - - [08/Jul/2022:06:25:13 -0500] "GET /BLA/boletinlegal/style.css HTTP/1.1" 200 9406
172.22.2.4 - - [08/Jul/2022:06:25:13 -0500] "GET /BLA/boletinlegal/js/jquery.scrollTo-min.js HTTP/1.1" 200 1150
172.22.2.4 - - [08/Jul/2022:06:25:13 -0500] "GET /BLA/boletinlegal/js/jquery.js HTTP/1.1" 200 57254
172.22.2.4 - - [08/Jul/2022:06:25:13 -0500] "GET /BLA/boletinlegal/js/jquery.scrollShow.js HTTP/1.1" 200 4586
172.22.2.4 - - [08/Jul/2022:06:25:13 -0500] "GET /BLA/boletinlegal/images/cabezote%20BLEGAL.jpg HTTP/1.1" 200 118164
172.22.2.4 - - [08/Jul/2022:06:25:13 -0500] "GET /BLA/boletinlegal/images/subscribe-icon-big.png HTTP/1.1" 200 47702
172.22.2.4 - - [08/Jul/2022:06:25:13 -0500] "GET /BLA/boletinlegal/images/historia.png HTTP/1.1" 200 52775
172.22.2.4 - - [08/Jul/2022:06:25:13 -0500] "GET /BLA/boletinlegal/images/registro-usuarios.png HTTP/1.1" 200 8106
172.22.2.4 - - [08/Jul/2022:06:25:13 -0500] "GET /BLA/boletinlegal/images/body_bg.jpg HTTP/1.1" 200 1601
172.22.2.4 - - [08/Jul/2022:06:25:13 -0500] "GET /BLA/boletinlegal/images/menu_rght.gif HTTP/1.1" 200 1627
172.22.2.4 - - [08/Jul/2022:06:25:13 -0500] "GET /BLA/boletinlegal/images/menu_lft.gif HTTP/1.1" 200 1713
172.22.2.4 - - [08/Jul/2022:06:25:13 -0500] "GET /BLA/boletinlegal/images/bg_top.jpg HTTP/1.1" 200 522
172.22.2.4 - - [08/Jul/2022:06:25:13 -0500] "GET /BLA/boletinlegal/images/menu_bg.jpg HTTP/1.1" 200 620
172.22.2.4 - - [08/Jul/2022:06:25:13 -0500] "GET /BLA/boletinlegal/images/text.jpg HTTP/1.1" 200 568
172.22.2.4 - - [08/Jul/2022:06:25:13 -0500] "GET /BLA/boletinlegal/images/hover.jpg HTTP/1.1" 200 640
172.22.2.4 - - [08/Jul/2022:06:25:13 -0500] "GET /BLA/boletinlegal/images/arr_l.jpg HTTP/1.1" 200 1979
172.22.2.4 - - [08/Jul/2022:06:25:13 -0500] "GET /BLA/boletinlegal/images/screen_1.png HTTP/1.1" 200 202547
172.22.2.4 - - [08/Jul/2022:06:25:13 -0500] "GET /BLA/boletinlegal/images/launch.jpg HTTP/1.1" 200 14577
172.22.2.4 - - [08/Jul/2022:06:25:13 -0500] "GET /BLA/boletinlegal/ HTTP/1.1" 200 24523
172.22.2.4 - - [08/Jul/2022:06:25:13 -0500] "HEAD /BLA/boletinlegal/ HTTP/1.1" 200 -
172.22.2.4 - - [08/Jul/2022:06:26:03 -0500] "GET /BLA/boletinlegal/ HTTP/1.1" 200 58491
216.245.221.92 - - [08/Jul/2022:06:28:04 -0500] "HEAD / HTTP/1.1" 200 -
201.245.192.253 - - [08/Jul/2022:06:29:45 -0500] "POST /kwsrmcab/Wsrmcab  HTTP/1.1" 200 45708
201.245.192.253 - - [08/Jul/2022:06:31:24 -0500] "POST /kwsrmcab/Wsrmcab HTTP/1.1" 200 43399
201.245.192.253 - - [08/Jul/2022:06:31:27 -0500] "POST /kwsrmcab/Wsrmcab HTTP/1.1" 200 46499
172.22.2.4 - - [08/Jul/2022:06:31:03 -0500] "HEAD /BLA/boletinlegal/ HTTP/1.1" 200 -
216.245.221.92 - - [08/Jul/2022:06:33:04 -0500] "HEAD / HTTP/1.1" 200 -
172.22.2.4 - - [08/Jul/2022:06:31:53 -0500] "GET /BLA/boletinlegal/ HTTP/1.1" 200 58491
186.170.211.23 - - [08/Jul/2022:06:34:28 -0500] "GET /galeria/carrusel/Carrusel/jquery.thumbnailScroller.css HTTP/1.1" 200 2066
186.170.211.23 - - [08/Jul/2022:06:34:29 -0500] "GET /galeria/carrusel/Carrusel/jquery-ui-1.8.13.custom.min.js HTTP/1.1" 200 10800
186.170.211.23 - - [08/Jul/2022:06:34:29 -0500] "GET /galeria/carrusel/Carrusel/jquery.thumbnailScroller.js HTTP/1.1" 200 8157
186.170.211.23 - - [08/Jul/2022:06:34:29 -0500] "GET /galeria/nivo-slider/demo/banner.html HTTP/1.1" 200 5446
186.170.211.23 - - [08/Jul/2022:06:34:29 -0500] "GET /galeria/nivo-slider/themes/default/default.css HTTP/1.1" 200 1569
186.170.211.23 - - [08/Jul/2022:06:34:29 -0500] "GET /galeria/nivo-slider/demo/scripts/jquery-1.7.1.min.js HTTP/1.1" 200 93868
186.170.211.23 - - [08/Jul/2022:06:34:29 -0500] "GET /galeria/nivo-slider/themes/orman/orman.css HTTP/1.1" 200 2152
186.170.211.23 - - [08/Jul/2022:06:34:29 -0500] "GET /galeria/nivo-slider/themes/pascal/pascal.css HTTP/1.1" 200 2258
186.170.211.23 - - [08/Jul/2022:06:34:29 -0500] "GET /galeria/nivo-slider/nivo-slider.css HTTP/1.1" 200 1507
186.170.211.23 - - [08/Jul/2022:06:34:29 -0500] "GET /galeria/nivo-slider/demo/style.css HTTP/1.1" 200 2222
186.170.211.23 - - [08/Jul/2022:06:34:29 -0500] "GET /galeria/nivo-slider/jquery.nivo.slider.pack.js HTTP/1.1" 200 11561
186.170.211.23 - - [08/Jul/2022:06:34:29 -0500] "GET /galeria/nivo-slider/themes/default/loading.gif HTTP/1.1" 200 1737
