186.102.3.36 - - [08/Jul/2022:11:08:22 -0500] "GET /kwssiamovil/sm/acme/a?s=U2FsdGVkX1/EV01VnrRZqFw07n+HLzVOrdS3mQYJFGkkYJ8aUbDRDSpqGKg2UfnmwY/VbkzbeKuOVvVzgSGX4s63S1rn4JG9KwVyTkL2vJlrXnfxHfDm8Szor9DuY2IpuJsSA1I5mhB65DqDBL5sGj/p+W05BJImtpDOYGEySmw=&u=U2FsdGVkX18Da7xL+0s6ueeX+YAztIS4F2Yfxw3cI5DynI3Q+ySY5ZwbwF5SB0Wk&y=U2FsdGVkX19RMSb6H7LB92AHDNuJYbV4WkWkDd/VQkyTIuIvbDatgG4WXc7dejp9 HTTP/1.1" 200 25
186.102.3.36 - - [08/Jul/2022:11:08:22 -0500] "GET /kwssiamovil/sm/acme/a?s=U2FsdGVkX19ISBO5hm6ymOCAnGkwn9tAo0q0eFzg2+iYHlLW4zjgIPqbKj+gLqb599Hr57SkUZAeNuEksqq/jxkJwoxLE+juZkk/+D1YKTzRQyrD8TqtCAXk2KS/jnPifNGwo3cOy+kiss2FacaI8STWTGanOiQTUNk8v8TBOSE=&u=U2FsdGVkX18Da7xL+0s6ueeX+YAztIS4F2Yfxw3cI5DynI3Q+ySY5ZwbwF5SB0Wk&y=U2FsdGVkX19RMSb6H7LB92AHDNuJYbV4WkWkDd/VQkyTIuIvbDatgG4WXc7dejp9 HTTP/1.1" 200 25
186.102.3.36 - - [08/Jul/2022:11:08:22 -0500] "GET /kwssiamovil/sm/acme/a?s=U2FsdGVkX18bKwLCdTrB7VOviU/ffBLdYkzAPE5OHSzqHpOs+ciE66Ssaxi8T/nWMAztVUBVFd0yISdKRW2XOszKHxlIOl3KMiU1EsuP5+hs/pA0hrsigah7OfChKiTEuQT37N7upGA23eQDJku3Nh7G7ZJeMi4i977Qn8/v5xA=&u=U2FsdGVkX18Da7xL+0s6ueeX+YAztIS4F2Yfxw3cI5DynI3Q+ySY5ZwbwF5SB0Wk&y=U2FsdGVkX19RMSb6H7LB92AHDNuJYbV4WkWkDd/VQkyTIuIvbDatgG4WXc7dejp9 HTTP/1.1" 200 25
186.102.3.36 - - [08/Jul/2022:11:08:23 -0500] "GET /kwssiamovil/sm/acme/a?s=U2FsdGVkX19mb35ORT3zE3JojkIAd36sbpJy5Dv7dhHH1vzKnp5quEInzkM+3FBZXMvHKcsRdjDnFXx+Ix2/KswMS6PKrGtOP7QSdA54dWwfJHOIWgX2iEyZ3gPT3JZU+x5/joLaer1jUIy4TuQ+KaR1EPgWEjVSgs4vXCo9gzD/2ypeaby4v1R65QG7l6xu&u=U2FsdGVkX18Da7xL+0s6ueeX+YAztIS4F2Yfxw3cI5DynI3Q+ySY5ZwbwF5SB0Wk&y=U2FsdGVkX19RMSb6H7LB92AHDNuJYbV4WkWkDd/VQkyTIuIvbDatgG4WXc7dejp9 HTTP/1.1" 200 25
186.102.3.36 - - [08/Jul/2022:11:08:23 -0500] "GET /kwssiamovil/sm/acme/a?s=U2FsdGVkX1/m8fm8jwYj5jIVysHb1jaiPDTz6HsoNOGrz3EY/Pac8lcl2pmBQ8y4dt0iNwP6Zz8m9WS6eX8EImlFR2fwP888Bg4K1xWLsxdjadCZcOIKOPg5UIhfJfCCvjiUo3Uws5oZ4X4VId279JQl4a/Fhe9NTdshzYrpIDHNKXmkXXSL21GNaUwVGunKXQ3iCRwaHsfUOEiLiGbfSA==&u=U2FsdGVkX18Da7xL+0s6ueeX+YAztIS4F2Yfxw3cI5DynI3Q+ySY5ZwbwF5SB0Wk&y=U2FsdGVkX19RMSb6H7LB92AHDNuJYbV4WkWkDd/VQkyTIuIvbDatgG4WXc7dejp9 HTTP/1.1" 200 25
181.63.220.121 - - [08/Jul/2022:11:08:23 -0500] "GET /BLA/resoluciones/RESOLUCIONES%202009/0287.pdf HTTP/1.1" 200 64022
186.102.3.36 - - [08/Jul/2022:11:08:23 -0500] "GET /kwssiamovil/sm/acme/a?s=U2FsdGVkX1+FMh5N+fIDgpBjuuI4PgNnTHIPHZ9G1e4uRPbo0vugUwG7i457yGMuKBDYv1Qiv+99VZU32dPT6IueNY4SrDspKkZxbkGdjAIwPCehWaMUH+ZHKhQNUsMzzTxQRCuVVpb5cfl9ondYMESWiCmDIy+BsdvcXnR5EdV9NJfnYCpNQRUGfEM2q9w1&u=U2FsdGVkX18Da7xL+0s6ueeX+YAztIS4F2Yfxw3cI5DynI3Q+ySY5ZwbwF5SB0Wk&y=U2FsdGVkX19RMSb6H7LB92AHDNuJYbV4WkWkDd/VQkyTIuIvbDatgG4WXc7dejp9 HTTP/1.1" 200 25
186.102.3.36 - - [08/Jul/2022:11:08:23 -0500] "GET /kwssiamovil/sm/acme/a?s=U2FsdGVkX1/o8aXEiM5yyyLxaPY0Dvr9b35oTSOFIDNBoA2NDi/gHnpCKF23F4SF2bii5ywrX+OrMx23qIRO8H0jkRwAH1WWNRP6Kc32MfZINZoiqId+38IdB4KguSpkL4yoo556VljFh4X8i/ar59140DfKJEOq6YyV31WZ55BtfLm6nhDn+9d1licg5300jHkGkBnOANAz21PpZ/vnzg==&u=U2FsdGVkX18Da7xL+0s6ueeX+YAztIS4F2Yfxw3cI5DynI3Q+ySY5ZwbwF5SB0Wk&y=U2FsdGVkX19RMSb6H7LB92AHDNuJYbV4WkWkDd/VQkyTIuIvbDatgG4WXc7dejp9 HTTP/1.1" 200 25
186.102.3.36 - - [08/Jul/2022:11:08:23 -0500] "GET /kwssiamovil/sm/acme/a?s=U2FsdGVkX1/KMbxS+A+fljdbO855UVGElK//ocTCb8IpIIZCnT9ozDtkCkrIP45mOtQ6KZw47jJh9ZHhsKRTfY35gGHIH0ZO5uPcxP8afgbCBcZ4xAlws30tUUByBit9HlB9Ys+ruyR7jQHTNO5ez8Lu897UJuwvVmGgSB6do1sXiltfUjbSLY6VjlAzSXbb&u=U2FsdGVkX18Da7xL+0s6ueeX+YAztIS4F2Yfxw3cI5DynI3Q+ySY5ZwbwF5SB0Wk&y=U2FsdGVkX19RMSb6H7LB92AHDNuJYbV4WkWkDd/VQkyTIuIvbDatgG4WXc7dejp9 HTTP/1.1" 200 25
181.63.220.121 - - [08/Jul/2022:11:08:24 -0500] "GET /BLA/resoluciones/RESOLUCIONES%202009/0288.pdf HTTP/1.1" 200 517776
186.102.3.36 - - [08/Jul/2022:11:08:24 -0500] "GET /kwssiamovil/sm/acme/a?s=U2FsdGVkX1+OLH0Pi6RcSH7crTx9Ks84rSqll0ajV/rTxMSrPXqB4Cqs7RHy1eS8leNueLWhF4HDlBxYBg70f/NfeXwO+puTJuXKYD+AqIj7rP2LNehe78H1UEYi5vLUSb/q5emPNVCRyU1eIJNPUSKWBxiBLAw+GbaLkMupn1l4pid5LV39z1ujhWlVnzyVqszwilH1KmskyWMJbN5wgg==&u=U2FsdGVkX18Da7xL+0s6ueeX+YAztIS4F2Yfxw3cI5DynI3Q+ySY5ZwbwF5SB0Wk&y=U2FsdGVkX19RMSb6H7LB92AHDNuJYbV4WkWkDd/VQkyTIuIvbDatgG4WXc7dejp9 HTTP/1.1" 200 25
186.102.3.36 - - [08/Jul/2022:11:08:24 -0500] "GET /kwssiamovil/sm/acme/a?s=U2FsdGVkX1+gyQkxULArDhV8TY8mfF49zM9xn2ffYCrSXdqvbSQ+pZT8FZYRVixlvEDjWBDXsfL1EDIjpVq9S+9XH3+jPZzODc5Lhkb3s8aUsCwvTR+TbXc6b5MJspzBUAtZjn41rm/uvAiNQVGifEnFyxxF3bPmhKuz8l+eUfxBFcBVimzRbhEJsas1tXcC&u=U2FsdGVkX18Da7xL+0s6ueeX+YAztIS4F2Yfxw3cI5DynI3Q+ySY5ZwbwF5SB0Wk&y=U2FsdGVkX19RMSb6H7LB92AHDNuJYbV4WkWkDd/VQkyTIuIvbDatgG4WXc7dejp9 HTTP/1.1" 200 25
186.102.3.36 - - [08/Jul/2022:11:08:24 -0500] "GET /kwssiamovil/sm/acme/a?s=U2FsdGVkX1/cuRuHCwUFTK3FYCy5nfF8XNrZWb952rGIS3F0/52GnRdCtLjnxF8bil/WJV6ktEhN0rYkTYxTUqgIosVX5iJAMvO5NbdPBIKfCkTSECgvOEOsVqfzjbU1VEVTAjPvWsE/0hYF2cH+MFl+laYTishXh/toGtq49S14GdjAltyjE/mvE7KCw9DLwHOYPWAMjZ00sUOe5QyTOw==&u=U2FsdGVkX18Da7xL+0s6ueeX+YAztIS4F2Yfxw3cI5DynI3Q+ySY5ZwbwF5SB0Wk&y=U2FsdGVkX19RMSb6H7LB92AHDNuJYbV4WkWkDd/VQkyTIuIvbDatgG4WXc7dejp9 HTTP/1.1" 200 25
186.102.3.36 - - [08/Jul/2022:11:08:24 -0500] "GET /kwssiamovil/sm/acme/a?s=U2FsdGVkX18ZokxnC7Qiq8s55m/wX/+3n5f6RhOEC9zrL/ttX9djMalIR+cdGpt2hqqzIRNNXCLr9ztBAsGV0GBOqkKqqX3ZdGs08wp3+1GWX624ANMd/7s8Vfga7D5c+0S1VU0xQwgMl5w5Nl+FNHsn5ssCiES3bMfSnbizSegbb8HsGJr4Xo5aIkl5M8G6&u=U2FsdGVkX18Da7xL+0s6ueeX+YAztIS4F2Yfxw3cI5DynI3Q+ySY5ZwbwF5SB0Wk&y=U2FsdGVkX19RMSb6H7LB92AHDNuJYbV4WkWkDd/VQkyTIuIvbDatgG4WXc7dejp9 HTTP/1.1" 200 25
172.22.2.4 - - [08/Jul/2022:11:07:46 -0500] "GET /BLA/boletinlegal/ HTTP/1.1" 200 36811
201.245.192.253 - - [08/Jul/2022:11:08:51 -0500] "POST /kwsrmcab/Wsrmcab  HTTP/1.1" 200 45708
186.102.3.36 - - [08/Jul/2022:11:08:57 -0500] "GET /kwssiamovil/sm/acme/u?s=U2FsdGVkX19K2Y7keV/7bNwYIlrbaZUKrNE04nLnycPCpSP6HYNxY0AK+NGQIRQ0rRxkOcmEUp987hU5UNYlwq/hqT053AGBSAbjO3whLjiKawtN13PFzZvTARMXdz8Ksbep+yMivk6GyDaxP2IrRQ==&u=U2FsdGVkX18Da7xL+0s6ueeX+YAztIS4F2Yfxw3cI5DynI3Q+ySY5ZwbwF5SB0Wk&y=U2FsdGVkX19RMSb6H7LB92AHDNuJYbV4WkWkDd/VQkyTIuIvbDatgG4WXc7dejp9 HTTP/1.1" 200 60
181.63.220.121 - - [08/Jul/2022:11:09:11 -0500] "GET /BLA/resoluciones/RESOLUCIONES%202009/0289.pdf HTTP/1.1" 200 425320
181.63.220.121 - - [08/Jul/2022:11:09:13 -0500] "GET /BLA/resoluciones/RESOLUCIONES%202009/0290.pdf HTTP/1.1" 200 527147
181.63.220.121 - - [08/Jul/2022:11:09:14 -0500] "GET /BLA/resoluciones/RESOLUCIONES%202009/0291.pdf HTTP/1.1" 200 562301
181.63.220.121 - - [08/Jul/2022:11:09:16 -0500] "GET /BLA/resoluciones/RESOLUCIONES%202009/0292.pdf HTTP/1.1" 200 212746
181.63.220.121 - - [08/Jul/2022:11:09:17 -0500] "GET /BLA/resoluciones/RESOLUCIONES%202009/0293.pdf HTTP/1.1" 200 357167
181.63.220.121 - - [08/Jul/2022:11:09:18 -0500] "GET /BLA/resoluciones/RESOLUCIONES%202009/0294.pdf HTTP/1.1" 200 384962
181.63.220.121 - - [08/Jul/2022:11:09:20 -0500] "GET /BLA/resoluciones/RESOLUCIONES%202009/0295.pdf HTTP/1.1" 200 373237
181.63.220.121 - - [08/Jul/2022:11:09:22 -0500] "GET /BLA/resoluciones/RESOLUCIONES%202009/0296.pdf HTTP/1.1" 200 527998
181.63.220.121 - - [08/Jul/2022:11:09:23 -0500] "GET /BLA/resoluciones/RESOLUCIONES%202009/0297.pdf HTTP/1.1" 200 465269
181.63.220.121 - - [08/Jul/2022:11:09:24 -0500] "GET /BLA/resoluciones/RESOLUCIONES%202009/0298.pdf HTTP/1.1" 200 452610
181.63.220.121 - - [08/Jul/2022:11:09:26 -0500] "GET /BLA/resoluciones/RESOLUCIONES%202009/0299.pdf HTTP/1.1" 200 421681
181.63.220.121 - - [08/Jul/2022:11:09:27 -0500] "GET /BLA/resoluciones/RESOLUCIONES%202009/0300.pdf HTTP/1.1" 200 568319
181.63.220.121 - - [08/Jul/2022:11:09:29 -0500] "GET /BLA/resoluciones/RESOLUCIONES%202009/0301.pdf HTTP/1.1" 200 524646
181.63.220.121 - - [08/Jul/2022:11:09:31 -0500] "GET /BLA/resoluciones/RESOLUCIONES%202009/0302.pdf HTTP/1.1" 200 457909
181.63.220.121 - - [08/Jul/2022:11:09:32 -0500] "GET /BLA/resoluciones/RESOLUCIONES%202009/0303.pdf HTTP/1.1" 200 296608
181.63.220.121 - - [08/Jul/2022:11:09:33 -0500] "GET /BLA/resoluciones/RESOLUCIONES%202009/0304.pdf HTTP/1.1" 200 267164
181.63.220.121 - - [08/Jul/2022:11:09:36 -0500] "GET /BLA/resoluciones/RESOLUCIONES%202009/0305.pdf HTTP/1.1" 200 409419
181.63.220.121 - - [08/Jul/2022:11:09:38 -0500] "GET /BLA/resoluciones/RESOLUCIONES%202009/0306.pdf HTTP/1.1" 200 230303
181.63.220.121 - - [08/Jul/2022:11:09:40 -0500] "GET /BLA/resoluciones/RESOLUCIONES%202009/0307.pdf HTTP/1.1" 200 476589
65.154.226.166 - - [08/Jul/2022:11:09:41 -0500] "GET /portaldeninos/wp-content/uploads/useanyfont/uaf.css?ver=1589905315 HTTP/1.1" 200 408
65.154.226.166 - - [08/Jul/2022:11:09:41 -0500] "GET /portaldeninos/wp-content/themes/betheme/style.css?ver=20.9.6 HTTP/1.1" 200 287
181.63.220.121 - - [08/Jul/2022:11:09:41 -0500] "GET /BLA/resoluciones/RESOLUCIONES%202009/0308.pdf HTTP/1.1" 200 439710
65.154.226.166 - - [08/Jul/2022:11:09:41 -0500] "GET /portaldeninos/wp-content/plugins/gallery-videos/CSS/Total-Soft-Gallery-Video-Widget.css?ver=4.9.8 HTTP/1.1" 200 51554
65.154.226.166 - - [08/Jul/2022:11:09:41 -0500] "GET /portaldeninos/wp-content/plugins/gallery-videos/CSS/totalsoft.css?ver=4.9.8 HTTP/1.1" 200 40622
65.154.226.166 - - [08/Jul/2022:11:09:41 -0500] "GET /portaldeninos/wp-content/themes/betheme/css/base.css?ver=20.9.6 HTTP/1.1" 200 57283
65.154.226.166 - - [08/Jul/2022:11:09:41 -0500] "GET /portaldeninos/wp-content/themes/betheme/assets/animations/animations.min.css?ver=20.9.6 HTTP/1.1" 200 58508
65.154.226.166 - - [08/Jul/2022:11:09:42 -0500] "GET /portaldeninos/wp-content/themes/betheme/assets/ui/jquery.ui.all.css?ver=20.9.6 HTTP/1.1" 200 18765
65.154.226.166 - - [08/Jul/2022:11:09:43 -0500] "GET /portaldeninos/wp-content/themes/betheme/assets/jplayer/css/jplayer.blue.monday.css?ver=20.9.6 HTTP/1.1" 200 9834
65.154.226.166 - - [08/Jul/2022:11:09:41 -0500] "GET /portaldeninos/wp-content/themes/betheme/css/layout.css?ver=20.9.6 HTTP/1.1" 200 116639
181.63.220.121 - - [08/Jul/2022:11:09:43 -0500] "GET /BLA/resoluciones/RESOLUCIONES%202009/0309.pdf HTTP/1.1" 200 28097
65.154.226.166 - - [08/Jul/2022:11:09:43 -0500] "GET /portaldeninos/wp-includes/js/jquery/jquery-migrate.min.js?ver=1.4.1 HTTP/1.1" 200 10056
65.154.226.166 - - [08/Jul/2022:11:09:43 -0500] "GET /portaldeninos/wp-content/plugins/google-analytics-for-wordpress/assets/js/frontend-gtag.min.js?ver=8.5.0 HTTP/1.1" 200 11801
65.154.226.166 - - [08/Jul/2022:11:09:43 -0500] "GET /portaldeninos/wp-includes/js/jquery/ui/core.min.js?ver=1.11.4 HTTP/1.1" 200 4000
65.154.226.166 - - [08/Jul/2022:11:09:43 -0500] "GET /portaldeninos/wp-content/plugins/gallery-videos/JS/modernizr.custom.js?ver=4.9.8 HTTP/1.1" 200 9019
65.154.226.166 - - [08/Jul/2022:11:09:43 -0500] "GET /portaldeninos/wp-content/themes/betheme/css/responsive.css?ver=20.9.6 HTTP/1.1" 200 55740
65.154.226.166 - - [08/Jul/2022:11:09:43 -0500] "GET /portaldeninos/wp-includes/js/jquery/jquery.js?ver=1.12.4 HTTP/1.1" 200 97184
65.154.226.166 - - [08/Jul/2022:11:09:44 -0500] "GET /portaldeninos/wp-includes/js/jquery/ui/widget.min.js?ver=1.11.4 HTTP/1.1" 200 6908
65.154.226.166 - - [08/Jul/2022:11:09:44 -0500] "GET /portaldeninos/wp-includes/js/jquery/ui/mouse.min.js?ver=1.11.4 HTTP/1.1" 200 3148
65.154.226.166 - - [08/Jul/2022:11:09:44 -0500] "GET /portaldeninos/wp-includes/js/jquery/ui/accordion.min.js?ver=1.11.4 HTTP/1.1" 200 8584
65.154.226.166 - - [08/Jul/2022:11:09:44 -0500] "GET /portaldeninos/wp-content/plugins/gallery-videos/JS/Total-Soft-Gallery-Video-Widget.js?ver=4.9.8 HTTP/1.1" 200 80264
65.154.226.166 - - [08/Jul/2022:11:09:44 -0500] "GET /portaldeninos/wp-includes/js/jquery/ui/tabs.min.js?ver=1.11.4 HTTP/1.1" 200 12110
65.154.226.166 - - [08/Jul/2022:11:09:44 -0500] "GET /portaldeninos/wp-content/themes/betheme/js/menu.js?ver=20.9.6 HTTP/1.1" 200 2449
65.154.226.166 - - [08/Jul/2022:11:09:44 -0500] "GET /portaldeninos/wp-includes/js/jquery/ui/sortable.min.js?ver=1.11.4 HTTP/1.1" 200 24899
65.154.226.166 - - [08/Jul/2022:11:09:44 -0500] "GET /portaldeninos/wp-content/themes/betheme/assets/animations/animations.min.js?ver=20.9.6 HTTP/1.1" 200 1896
65.154.226.166 - - [08/Jul/2022:11:09:41 -0500] "GET /portaldeninos/wp-content/themes/betheme/css/shortcodes.css?ver=20.9.6 HTTP/1.1" 200 138889
65.154.226.166 - - [08/Jul/2022:11:09:45 -0500] "GET /portaldeninos/wp-includes/js/wp-embed.min.js?ver=4.9.8 HTTP/1.1" 200 1398
181.63.220.121 - - [08/Jul/2022:11:09:45 -0500] "GET /BLA/resoluciones/RESOLUCIONES%202009/0310.pdf HTTP/1.1" 200 285357
65.154.226.166 - - [08/Jul/2022:11:09:45 -0500] "GET /portaldeninos/wp-includes/js/wp-emoji-release.min.js?ver=4.9.8 HTTP/1.1" 200 12026
65.154.226.166 - - [08/Jul/2022:11:09:44 -0500] "GET /portaldeninos/wp-content/themes/betheme/assets/jplayer/jplayer.min.js?ver=20.9.6 HTTP/1.1" 200 52702
65.154.226.166 - - [08/Jul/2022:11:09:45 -0500] "GET /portaldeninos/wp-content/themes/betheme/images/box_shadow.png HTTP/1.1" 200 108
65.154.226.166 - - [08/Jul/2022:11:09:45 -0500] "GET /portaldeninos/wp-content/themes/betheme/js/scripts.js?ver=20.9.6 HTTP/1.1" 200 77162
65.154.226.166 - - [08/Jul/2022:11:09:45 -0500] "GET /portaldeninos/wp-content/themes/betheme/fonts/mfn-icons.woff?93978679 HTTP/1.1" 200 80932
65.154.226.166 - - [08/Jul/2022:11:09:44 -0500] "GET /portaldeninos/wp-content/themes/betheme/js/plugins.js?ver=20.9.6 HTTP/1.1" 200 197151
65.154.226.166 - - [08/Jul/2022:11:09:46 -0500] "GET /portaldeninos/wp-content/themes/betheme/fonts/mfn-icons.ttf?93978679 HTTP/1.1" 200 94049
181.63.220.121 - - [08/Jul/2022:11:10:49 -0500] "GET /BLA/resoluciones/RESOLUCIONES%202009/0311.pdf HTTP/1.1" 200 231680
181.63.220.121 - - [08/Jul/2022:11:10:51 -0500] "GET /BLA/resoluciones/RESOLUCIONES%202009/0312.pdf HTTP/1.1" 200 231534
181.63.220.121 - - [08/Jul/2022:11:10:52 -0500] "GET /BLA/resoluciones/RESOLUCIONES%202009/0313.pdf HTTP/1.1" 200 236156
181.63.220.121 - - [08/Jul/2022:11:10:53 -0500] "GET /BLA/resoluciones/RESOLUCIONES%202009/0314.pdf HTTP/1.1" 200 237906
181.63.220.121 - - [08/Jul/2022:11:10:55 -0500] "GET /BLA/resoluciones/RESOLUCIONES%202009/0315.pdf HTTP/1.1" 200 264175
181.63.220.121 - - [08/Jul/2022:11:10:56 -0500] "GET /BLA/resoluciones/RESOLUCIONES%202009/0316.pdf HTTP/1.1" 200 261855
181.63.220.121 - - [08/Jul/2022:11:10:57 -0500] "GET /BLA/resoluciones/RESOLUCIONES%202009/0317.pdf HTTP/1.1" 200 262866
181.63.220.121 - - [08/Jul/2022:11:10:58 -0500] "GET /BLA/resoluciones/RESOLUCIONES%202009/0318.pdf HTTP/1.1" 200 272129
181.63.220.121 - - [08/Jul/2022:11:11:00 -0500] "GET /BLA/resoluciones/RESOLUCIONES%202009/0319.pdf HTTP/1.1" 200 254159
181.63.220.121 - - [08/Jul/2022:11:11:01 -0500] "GET /BLA/resoluciones/RESOLUCIONES%202009/0320.pdf HTTP/1.1" 200 218849
181.63.220.121 - - [08/Jul/2022:11:11:02 -0500] "GET /BLA/resoluciones/RESOLUCIONES%202009/0321.pdf HTTP/1.1" 200 231784
181.63.220.121 - - [08/Jul/2022:11:11:04 -0500] "GET /BLA/resoluciones/RESOLUCIONES%202009/0322.pdf HTTP/1.1" 200 263524
181.63.220.121 - - [08/Jul/2022:11:11:05 -0500] "GET /BLA/resoluciones/RESOLUCIONES%202009/0323.pdf HTTP/1.1" 200 220894
181.63.220.121 - - [08/Jul/2022:11:11:07 -0500] "GET /BLA/resoluciones/RESOLUCIONES%202009/0324.pdf HTTP/1.1" 200 237787
181.63.220.121 - - [08/Jul/2022:11:11:09 -0500] "GET /BLA/resoluciones/RESOLUCIONES%202009/0325.pdf HTTP/1.1" 200 238124
181.63.220.121 - - [08/Jul/2022:11:11:10 -0500] "GET /BLA/resoluciones/RESOLUCIONES%202009/0326.pdf HTTP/1.1" 200 254062
181.63.220.121 - - [08/Jul/2022:11:11:12 -0500] "GET /BLA/resoluciones/RESOLUCIONES%202009/0327.pdf HTTP/1.1" 200 237524
186.112.25.236 - - [08/Jul/2022:11:11:13 -0500] "GET /BLA/resoluciones/index.php?dir= HTTP/1.1" 200 13093
181.63.220.121 - - [08/Jul/2022:11:11:13 -0500] "GET /BLA/resoluciones/RESOLUCIONES%202009/0328.pdf HTTP/1.1" 200 235790
181.63.220.121 - - [08/Jul/2022:11:11:15 -0500] "GET /BLA/resoluciones/RESOLUCIONES%202009/0329.pdf HTTP/1.1" 200 286107
186.112.25.236 - - [08/Jul/2022:11:11:15 -0500] "GET /BLA/resoluciones/index.php?dir=RESOLUCIONES+2019%2F HTTP/1.1" 200 241327
181.63.220.121 - - [08/Jul/2022:11:11:16 -0500] "GET /BLA/resoluciones/RESOLUCIONES%202009/0330.pdf HTTP/1.1" 200 188348
181.63.220.121 - - [08/Jul/2022:11:11:17 -0500] "GET /BLA/resoluciones/RESOLUCIONES%202009/0331.pdf HTTP/1.1" 200 254012
181.63.220.121 - - [08/Jul/2022:11:11:22 -0500] "GET /BLA/resoluciones/RESOLUCIONES%202009/0332.pdf HTTP/1.1" 200 323162
181.63.220.121 - - [08/Jul/2022:11:11:24 -0500] "GET /BLA/resoluciones/RESOLUCIONES%202009/0333.pdf HTTP/1.1" 200 189480
181.63.220.121 - - [08/Jul/2022:11:12:18 -0500] "GET /BLA/resoluciones/RESOLUCIONES%202009/0334.pdf HTTP/1.1" 200 188681
181.63.220.121 - - [08/Jul/2022:11:12:20 -0500] "GET /BLA/resoluciones/RESOLUCIONES%202009/0335.pdf HTTP/1.1" 200 194557
181.63.220.121 - - [08/Jul/2022:11:12:21 -0500] "GET /BLA/resoluciones/RESOLUCIONES%202009/0336.pdf HTTP/1.1" 200 256263
181.63.220.121 - - [08/Jul/2022:11:12:23 -0500] "GET /BLA/resoluciones/RESOLUCIONES%202009/0337.pdf HTTP/1.1" 200 219407
181.63.220.121 - - [08/Jul/2022:11:12:24 -0500] "GET /BLA/resoluciones/RESOLUCIONES%202009/0338.pdf HTTP/1.1" 200 237307
181.63.220.121 - - [08/Jul/2022:11:12:25 -0500] "GET /BLA/resoluciones/RESOLUCIONES%202009/0339.pdf HTTP/1.1" 200 119310
181.63.220.121 - - [08/Jul/2022:11:12:26 -0500] "GET /BLA/resoluciones/RESOLUCIONES%202009/0340.pdf HTTP/1.1" 200 461471
181.63.220.121 - - [08/Jul/2022:11:12:27 -0500] "GET /BLA/resoluciones/RESOLUCIONES%202009/0341.pdf HTTP/1.1" 200 249439
181.63.220.121 - - [08/Jul/2022:11:12:29 -0500] "GET /BLA/resoluciones/RESOLUCIONES%202009/0342.pdf HTTP/1.1" 200 409338
181.63.220.121 - - [08/Jul/2022:11:12:30 -0500] "GET /BLA/resoluciones/RESOLUCIONES%202009/0343.pdf HTTP/1.1" 200 175986
181.63.220.121 - - [08/Jul/2022:11:12:31 -0500] "GET /BLA/resoluciones/RESOLUCIONES%202009/0344.pdf HTTP/1.1" 200 356124
181.63.220.121 - - [08/Jul/2022:11:12:33 -0500] "GET /BLA/resoluciones/RESOLUCIONES%202009/0345.pdf HTTP/1.1" 200 221526
181.63.220.121 - - [08/Jul/2022:11:12:34 -0500] "GET /BLA/resoluciones/RESOLUCIONES%202009/0346.pdf HTTP/1.1" 200 204222
181.63.220.121 - - [08/Jul/2022:11:12:36 -0500] "GET /BLA/resoluciones/RESOLUCIONES%202009/0347.pdf HTTP/1.1" 200 234057
181.63.220.121 - - [08/Jul/2022:11:12:37 -0500] "GET /BLA/resoluciones/RESOLUCIONES%202009/0348.pdf HTTP/1.1" 200 149432
181.63.220.121 - - [08/Jul/2022:11:12:39 -0500] "GET /BLA/resoluciones/RESOLUCIONES%202009/0349.pdf HTTP/1.1" 200 194408
181.63.220.121 - - [08/Jul/2022:11:12:41 -0500] "GET /BLA/resoluciones/RESOLUCIONES%202009/0350.pdf HTTP/1.1" 200 211966
181.63.220.121 - - [08/Jul/2022:11:12:42 -0500] "GET /BLA/resoluciones/RESOLUCIONES%202009/0351.pdf HTTP/1.1" 200 234420
172.22.2.4 - - [08/Jul/2022:11:11:02 -0500] "HEAD /BLA/boletinlegal/ HTTP/1.1" 200 -
181.63.220.121 - - [08/Jul/2022:11:12:44 -0500] "GET /BLA/resoluciones/RESOLUCIONES%202009/0352.pdf HTTP/1.1" 200 364844
181.63.220.121 - - [08/Jul/2022:11:12:45 -0500] "GET /BLA/resoluciones/RESOLUCIONES%202009/0353.pdf HTTP/1.1" 200 215765
181.63.220.121 - - [08/Jul/2022:11:12:46 -0500] "GET /BLA/resoluciones/RESOLUCIONES%202009/0354.pdf HTTP/1.1" 200 302943
181.63.220.121 - - [08/Jul/2022:11:12:48 -0500] "GET /BLA/resoluciones/RESOLUCIONES%202009/0355.pdf HTTP/1.1" 200 350164
181.63.220.121 - - [08/Jul/2022:11:12:50 -0500] "GET /BLA/resoluciones/RESOLUCIONES%202009/0356.pdf HTTP/1.1" 200 350516
216.245.221.92 - - [08/Jul/2022:11:13:03 -0500] "HEAD / HTTP/1.1" 200 -
172.22.2.4 - - [08/Jul/2022:11:11:53 -0500] "GET /BLA/boletinlegal/ HTTP/1.1" 200 58866
201.245.192.253 - - [08/Jul/2022:11:13:49 -0500] "POST /kwsrmcab/Wsrmcab  HTTP/1.1" 200 45708
186.145.110.117 - - [08/Jul/2022:11:13:52 -0500] "GET /catalogoisis/ HTTP/1.1" 200 8575
186.145.110.117 - - [08/Jul/2022:11:13:52 -0500] "GET /catalogoisis/Css/Busqueda.css HTTP/1.1" 200 1995
186.145.110.117 - - [08/Jul/2022:11:13:52 -0500] "GET /catalogoisis/Js/AceptarLimpiar.js HTTP/1.1" 200 331
186.145.110.117 - - [08/Jul/2022:11:13:52 -0500] "GET /catalogoisis/Js/CriterioCombinada.js HTTP/1.1" 200 1843
186.145.110.117 - - [08/Jul/2022:11:13:52 -0500] "GET /catalogoisis/Js/Cookies.js HTTP/1.1" 200 1369
186.145.110.117 - - [08/Jul/2022:11:13:52 -0500] "GET /catalogoisis/Js/LimpiarCombinada.js HTTP/1.1" 200 207
186.145.110.117 - - [08/Jul/2022:11:13:53 -0500] "GET /catalogoisis/Js/Enter.js HTTP/1.1" 200 1208
186.145.110.117 - - [08/Jul/2022:11:13:53 -0500] "GET /catalogoisis/Js/Go.js HTTP/1.1" 200 364
186.145.110.117 - - [08/Jul/2022:11:13:53 -0500] "GET /catalogoisis/Js/Remote.js HTTP/1.1" 200 436
186.145.110.117 - - [08/Jul/2022:11:13:53 -0500] "GET /catalogoisis/Js/Numero.js HTTP/1.1" 200 398
181.63.220.121 - - [08/Jul/2022:11:13:53 -0500] "GET /BLA/resoluciones/RESOLUCIONES%202009/0357.pdf HTTP/1.1" 200 347189
186.145.110.117 - - [08/Jul/2022:11:13:53 -0500] "GET /catalogoisis/imagenes/br1c1.gif HTTP/1.1" 200 172
186.145.110.117 - - [08/Jul/2022:11:13:53 -0500] "GET /catalogoisis/imagenes/aceptar1.gif HTTP/1.1" 200 604
186.145.110.117 - - [08/Jul/2022:11:13:53 -0500] "GET /catalogoisis/imagenes/br2c2.gif HTTP/1.1" 200 302
186.145.110.117 - - [08/Jul/2022:11:13:53 -0500] "GET /catalogoisis/imagenes/br1c2.gif HTTP/1.1" 200 297
186.145.110.117 - - [08/Jul/2022:11:13:53 -0500] "GET /catalogoisis/imagenes/Header.gif HTTP/1.1" 200 30313
186.145.110.117 - - [08/Jul/2022:11:13:54 -0500] "GET /catalogoisis/imagenes/Turnbo1.gif HTTP/1.1" 200 227
186.145.110.117 - - [08/Jul/2022:11:13:54 -0500] "GET /catalogoisis/imagenes/limpiar1.gif HTTP/1.1" 200 606
186.145.110.117 - - [08/Jul/2022:11:13:54 -0500] "GET /catalogoisis/imagenes/br2c3.gif HTTP/1.1" 200 416
186.145.110.117 - - [08/Jul/2022:11:13:54 -0500] "GET /catalogoisis/imagenes/br3c1.gif HTTP/1.1" 200 177
186.145.110.117 - - [08/Jul/2022:11:13:54 -0500] "GET /catalogoisis/imagenes/br2c1.gif HTTP/1.1" 200 297
186.145.110.117 - - [08/Jul/2022:11:13:54 -0500] "GET /catalogoisis/imagenes/br1c3.gif HTTP/1.1" 200 302
186.145.110.117 - - [08/Jul/2022:11:13:54 -0500] "GET /catalogoisis/imagenes/br3c2.gif HTTP/1.1" 200 285
186.145.110.117 - - [08/Jul/2022:11:13:54 -0500] "GET /catalogoisis/imagenes/br3c3.gif HTTP/1.1" 200 186
181.63.220.121 - - [08/Jul/2022:11:13:54 -0500] "GET /BLA/resoluciones/RESOLUCIONES%202009/0358.pdf HTTP/1.1" 200 356269
186.145.110.117 - - [08/Jul/2022:11:13:54 -0500] "GET /favicon.ico HTTP/1.1" 200 7782
18.232.157.199 - - [08/Jul/2022:11:13:55 -0500] "HEAD / HTTP/1.1" 200 -
181.63.220.121 - - [08/Jul/2022:11:13:56 -0500] "GET /BLA/resoluciones/RESOLUCIONES%202009/0359.pdf HTTP/1.1" 200 348210
181.63.220.121 - - [08/Jul/2022:11:13:57 -0500] "GET /BLA/resoluciones/RESOLUCIONES%202009/0360.pdf HTTP/1.1" 200 349791
181.63.220.121 - - [08/Jul/2022:11:13:58 -0500] "GET /BLA/resoluciones/RESOLUCIONES%202009/0361.pdf HTTP/1.1" 200 344547
181.63.220.121 - - [08/Jul/2022:11:14:00 -0500] "GET /BLA/resoluciones/RESOLUCIONES%202009/0362.pdf HTTP/1.1" 200 368361
181.63.220.121 - - [08/Jul/2022:11:14:01 -0500] "GET /BLA/resoluciones/RESOLUCIONES%202009/0363.pdf HTTP/1.1" 200 352490
181.63.220.121 - - [08/Jul/2022:11:14:02 -0500] "GET /BLA/resoluciones/RESOLUCIONES%202009/0364.pdf HTTP/1.1" 200 353369
181.63.220.121 - - [08/Jul/2022:11:14:03 -0500] "GET /BLA/resoluciones/RESOLUCIONES%202009/0365.pdf HTTP/1.1" 200 394094
181.63.220.121 - - [08/Jul/2022:11:14:05 -0500] "GET /BLA/resoluciones/RESOLUCIONES%202009/0366.pdf HTTP/1.1" 200 285680
181.63.220.121 - - [08/Jul/2022:11:14:06 -0500] "GET /BLA/resoluciones/RESOLUCIONES%202009/0367.pdf HTTP/1.1" 200 270540
181.63.220.121 - - [08/Jul/2022:11:14:07 -0500] "GET /BLA/resoluciones/RESOLUCIONES%202009/0368.pdf HTTP/1.1" 200 289300
181.63.220.121 - - [08/Jul/2022:11:14:08 -0500] "GET /BLA/resoluciones/RESOLUCIONES%202009/0369.pdf HTTP/1.1" 200 520714
181.63.220.121 - - [08/Jul/2022:11:14:10 -0500] "GET /BLA/resoluciones/RESOLUCIONES%202009/0370.pdf HTTP/1.1" 200 237422
181.63.220.121 - - [08/Jul/2022:11:14:11 -0500] "GET /BLA/resoluciones/RESOLUCIONES%202009/0371.pdf HTTP/1.1" 200 118947
181.63.220.121 - - [08/Jul/2022:11:14:12 -0500] "GET /BLA/resoluciones/RESOLUCIONES%202009/0372.pdf HTTP/1.1" 200 206041
181.63.220.121 - - [08/Jul/2022:11:14:14 -0500] "GET /BLA/resoluciones/RESOLUCIONES%202009/0373.pdf HTTP/1.1" 200 203376
181.63.220.121 - - [08/Jul/2022:11:14:15 -0500] "GET /BLA/resoluciones/RESOLUCIONES%202009/0374.pdf HTTP/1.1" 200 207064
181.63.220.121 - - [08/Jul/2022:11:14:17 -0500] "GET /BLA/resoluciones/RESOLUCIONES%202009/0375.pdf HTTP/1.1" 200 223513
181.63.220.121 - - [08/Jul/2022:11:14:18 -0500] "GET /BLA/resoluciones/RESOLUCIONES%202009/0376.pdf HTTP/1.1" 200 239200
181.63.220.121 - - [08/Jul/2022:11:14:20 -0500] "GET /BLA/resoluciones/RESOLUCIONES%202009/0377.pdf HTTP/1.1" 200 267448
181.63.220.121 - - [08/Jul/2022:11:14:22 -0500] "GET /BLA/resoluciones/RESOLUCIONES%202009/0378.pdf HTTP/1.1" 200 222901
186.145.110.117 - - [08/Jul/2022:11:14:36 -0500] "GET /catalogoisis/imagenes/aceptar2.gif HTTP/1.1" 200 586
217.182.171.12 - - [08/Jul/2022:11:14:49 -0500] "HEAD /BLA/resoluciones/RESOLUCIONES 2013/2151.pdf HTTP/1.1" 404 -
186.145.110.117 - - [08/Jul/2022:11:14:52 -0500] "GET /catalogoisis/imagenes/aceptar2.gif HTTP/1.1" 200 586
190.60.254.213 - - [08/Jul/2022:11:14:57 -0500] "GET /galeria/galeria/jquery.fancybox.css?v=2.1.5 HTTP/1.1" 200 4895
190.60.254.213 - - [08/Jul/2022:11:14:57 -0500] "GET /BLA/boletinlegal/js/jquery.scrollShow.js HTTP/1.1" 200 4586
190.60.254.213 - - [08/Jul/2022:11:14:57 -0500] "GET /galeria/galeria/jquery.fancybox.js?v=2.1.5 HTTP/1.1" 200 48706
65.154.226.220 - - [08/Jul/2022:11:15:22 -0500] "GET /portaldeninos/wp-includes/js/wp-emoji-release.min.js?ver=4.9.8 HTTP/1.1" 200 12026
65.154.226.220 - - [08/Jul/2022:11:15:23 -0500] "GET /portaldeninos/wp-content/plugins/google-analytics-for-wordpress/assets/js/frontend-gtag.min.js?ver=8.5.0 HTTP/1.1" 200 11801
65.154.226.220 - - [08/Jul/2022:11:15:23 -0500] "GET /portaldeninos/wp-includes/js/jquery/jquery.js?ver=1.12.4 HTTP/1.1" 200 97184
65.154.226.220 - - [08/Jul/2022:11:15:25 -0500] "GET /portaldeninos/wp-includes/js/jquery/jquery-migrate.min.js?ver=1.4.1 HTTP/1.1" 200 10056
65.154.226.220 - - [08/Jul/2022:11:15:25 -0500] "GET /portaldeninos/wp-includes/js/jquery/ui/core.min.js?ver=1.11.4 HTTP/1.1" 200 4000
65.154.226.220 - - [08/Jul/2022:11:15:25 -0500] "GET /portaldeninos/wp-content/plugins/gallery-videos/JS/modernizr.custom.js?ver=4.9.8 HTTP/1.1" 200 9019
65.154.226.220 - - [08/Jul/2022:11:15:25 -0500] "GET /portaldeninos/wp-content/plugins/gallery-videos/JS/Total-Soft-Gallery-Video-Widget.js?ver=4.9.8 HTTP/1.1" 200 80264
65.154.226.220 - - [08/Jul/2022:11:15:26 -0500] "GET /portaldeninos/wp-includes/js/jquery/ui/widget.min.js?ver=1.11.4 HTTP/1.1" 200 6908
65.154.226.220 - - [08/Jul/2022:11:15:26 -0500] "GET /portaldeninos/wp-includes/js/jquery/ui/mouse.min.js?ver=1.11.4 HTTP/1.1" 200 3148
65.154.226.220 - - [08/Jul/2022:11:15:26 -0500] "GET /portaldeninos/wp-includes/js/jquery/ui/sortable.min.js?ver=1.11.4 HTTP/1.1" 200 24899
65.154.226.220 - - [08/Jul/2022:11:15:27 -0500] "GET /portaldeninos/wp-includes/js/jquery/ui/tabs.min.js?ver=1.11.4 HTTP/1.1" 200 12110
65.154.226.220 - - [08/Jul/2022:11:15:27 -0500] "GET /portaldeninos/wp-includes/js/jquery/ui/accordion.min.js?ver=1.11.4 HTTP/1.1" 200 8584
65.154.226.220 - - [08/Jul/2022:11:15:28 -0500] "GET /portaldeninos/wp-content/themes/betheme/js/plugins.js?ver=20.9.6 HTTP/1.1" 200 197151
65.154.226.220 - - [08/Jul/2022:11:15:29 -0500] "GET /portaldeninos/wp-content/themes/betheme/js/menu.js?ver=20.9.6 HTTP/1.1" 200 2449
65.154.226.220 - - [08/Jul/2022:11:15:29 -0500] "GET /portaldeninos/wp-content/themes/betheme/assets/animations/animations.min.js?ver=20.9.6 HTTP/1.1" 200 1896
65.154.226.220 - - [08/Jul/2022:11:15:29 -0500] "GET /portaldeninos/wp-content/themes/betheme/assets/jplayer/jplayer.min.js?ver=20.9.6 HTTP/1.1" 200 52702
65.154.226.220 - - [08/Jul/2022:11:15:30 -0500] "GET /portaldeninos/wp-content/themes/betheme/js/scripts.js?ver=20.9.6 HTTP/1.1" 200 77162
65.154.226.220 - - [08/Jul/2022:11:15:31 -0500] "GET /portaldeninos/wp-includes/js/wp-embed.min.js?ver=4.9.8 HTTP/1.1" 200 1398
181.63.220.121 - - [08/Jul/2022:11:15:39 -0500] "GET /BLA/resoluciones/RESOLUCIONES%202009/0379.pdf HTTP/1.1" 200 236107
181.63.220.121 - - [08/Jul/2022:11:15:40 -0500] "GET /BLA/resoluciones/RESOLUCIONES%202009/0380.pdf HTTP/1.1" 200 225547
181.63.220.121 - - [08/Jul/2022:11:15:41 -0500] "GET /BLA/resoluciones/RESOLUCIONES%202009/0381.pdf HTTP/1.1" 200 229347
181.63.220.121 - - [08/Jul/2022:11:15:42 -0500] "GET /BLA/resoluciones/RESOLUCIONES%202009/0382.pdf HTTP/1.1" 200 315520
181.63.220.121 - - [08/Jul/2022:11:15:44 -0500] "GET /BLA/resoluciones/RESOLUCIONES%202009/0383.pdf HTTP/1.1" 200 353561
181.63.220.121 - - [08/Jul/2022:11:15:45 -0500] "GET /BLA/resoluciones/RESOLUCIONES%202009/0384.pdf HTTP/1.1" 200 360052
181.63.220.121 - - [08/Jul/2022:11:15:46 -0500] "GET /BLA/resoluciones/RESOLUCIONES%202009/0385.pdf HTTP/1.1" 200 351494
181.63.220.121 - - [08/Jul/2022:11:15:47 -0500] "GET /BLA/resoluciones/RESOLUCIONES%202009/0386.pdf HTTP/1.1" 200 351722
181.63.220.121 - - [08/Jul/2022:11:15:49 -0500] "GET /BLA/resoluciones/RESOLUCIONES%202009/0387.pdf HTTP/1.1" 200 354736
181.63.220.121 - - [08/Jul/2022:11:15:50 -0500] "GET /BLA/resoluciones/RESOLUCIONES%202009/0388.pdf HTTP/1.1" 200 362964
181.63.220.121 - - [08/Jul/2022:11:15:51 -0500] "GET /BLA/resoluciones/RESOLUCIONES%202009/0389.pdf HTTP/1.1" 200 369015
181.63.220.121 - - [08/Jul/2022:11:15:53 -0500] "GET /BLA/resoluciones/RESOLUCIONES%202009/0390.pdf HTTP/1.1" 200 353164
181.63.220.121 - - [08/Jul/2022:11:15:54 -0500] "GET /BLA/resoluciones/RESOLUCIONES%202009/0391.pdf HTTP/1.1" 200 350606
181.63.220.121 - - [08/Jul/2022:11:15:56 -0500] "GET /BLA/resoluciones/RESOLUCIONES%202009/0392.pdf HTTP/1.1" 200 248598
181.63.220.121 - - [08/Jul/2022:11:15:57 -0500] "GET /BLA/resoluciones/RESOLUCIONES%202009/0393.pdf HTTP/1.1" 200 248535
172.22.2.4 - - [08/Jul/2022:11:15:25 -0500] "GET /BLA/boletinlegal/ HTTP/1.1" 200 24523
181.63.220.121 - - [08/Jul/2022:11:15:58 -0500] "GET /BLA/resoluciones/RESOLUCIONES%202009/0394.pdf HTTP/1.1" 200 250548
181.63.220.121 - - [08/Jul/2022:11:16:00 -0500] "GET /BLA/resoluciones/RESOLUCIONES%202009/0395.pdf HTTP/1.1" 200 247937
181.63.220.121 - - [08/Jul/2022:11:16:02 -0500] "GET /BLA/resoluciones/RESOLUCIONES%202009/0396.pdf HTTP/1.1" 200 249497
181.63.220.121 - - [08/Jul/2022:11:16:03 -0500] "GET /BLA/resoluciones/RESOLUCIONES%202009/0397.pdf HTTP/1.1" 200 254951
181.63.220.121 - - [08/Jul/2022:11:16:05 -0500] "GET /BLA/resoluciones/RESOLUCIONES%202009/0398.pdf HTTP/1.1" 200 253703
181.63.220.121 - - [08/Jul/2022:11:16:06 -0500] "GET /BLA/resoluciones/RESOLUCIONES%202009/0399.pdf HTTP/1.1" 200 251372
181.63.220.121 - - [08/Jul/2022:11:16:08 -0500] "GET /BLA/resoluciones/RESOLUCIONES%202009/0400.pdf HTTP/1.1" 200 248428
172.22.2.4 - - [08/Jul/2022:11:16:10 -0500] "GET /BLA/boletinlegal/Circulares/2012/Circular%20No.%203%20del%2023%20de%20Marzo%20de%202012.pdf HTTP/1.1" 304 -
181.63.220.121 - - [08/Jul/2022:11:16:10 -0500] "GET /BLA/resoluciones/RESOLUCIONES%202009/0401.pdf HTTP/1.1" 200 249146
181.63.220.121 - - [08/Jul/2022:11:16:40 -0500] "GET /BLA/resoluciones/RESOLUCIONES%202009/0402.pdf HTTP/1.1" 200 249144
181.63.220.121 - - [08/Jul/2022:11:16:43 -0500] "GET /BLA/resoluciones/RESOLUCIONES%202009/0403.pdf HTTP/1.1" 200 247899
181.63.220.121 - - [08/Jul/2022:11:16:44 -0500] "GET /BLA/resoluciones/RESOLUCIONES%202009/0404.pdf HTTP/1.1" 200 246940
181.63.220.121 - - [08/Jul/2022:11:16:45 -0500] "GET /BLA/resoluciones/RESOLUCIONES%202009/0405.pdf HTTP/1.1" 200 259154
181.63.220.121 - - [08/Jul/2022:11:16:46 -0500] "GET /BLA/resoluciones/RESOLUCIONES%202009/0406.pdf HTTP/1.1" 200 247752
181.63.220.121 - - [08/Jul/2022:11:16:48 -0500] "GET /BLA/resoluciones/RESOLUCIONES%202009/0407.pdf HTTP/1.1" 200 248082
181.63.220.121 - - [08/Jul/2022:11:16:49 -0500] "GET /BLA/resoluciones/RESOLUCIONES%202009/0408.pdf HTTP/1.1" 200 236753
181.63.220.121 - - [08/Jul/2022:11:16:50 -0500] "GET /BLA/resoluciones/RESOLUCIONES%202009/0409.pdf HTTP/1.1" 200 323929
181.63.220.121 - - [08/Jul/2022:11:16:52 -0500] "GET /BLA/resoluciones/RESOLUCIONES%202009/0410.pdf HTTP/1.1" 200 242825
181.63.220.121 - - [08/Jul/2022:11:16:53 -0500] "GET /BLA/resoluciones/RESOLUCIONES%202009/0411.pdf HTTP/1.1" 200 262242
181.63.220.121 - - [08/Jul/2022:11:16:54 -0500] "GET /BLA/resoluciones/RESOLUCIONES%202009/0412.pdf HTTP/1.1" 200 253433
181.63.220.121 - - [08/Jul/2022:11:16:55 -0500] "GET /BLA/resoluciones/RESOLUCIONES%202009/0413.pdf HTTP/1.1" 200 189739
181.63.220.121 - - [08/Jul/2022:11:16:56 -0500] "GET /BLA/resoluciones/RESOLUCIONES%202009/0414.pdf HTTP/1.1" 200 213065
181.63.220.121 - - [08/Jul/2022:11:16:58 -0500] "GET /BLA/resoluciones/RESOLUCIONES%202009/0415.pdf HTTP/1.1" 200 193896
181.63.220.121 - - [08/Jul/2022:11:16:59 -0500] "GET /BLA/resoluciones/RESOLUCIONES%202009/0416.pdf HTTP/1.1" 200 198089
181.63.220.121 - - [08/Jul/2022:11:17:00 -0500] "GET /BLA/resoluciones/RESOLUCIONES%202009/0417.pdf HTTP/1.1" 200 197960
181.63.220.121 - - [08/Jul/2022:11:17:01 -0500] "GET /BLA/resoluciones/RESOLUCIONES%202009/0418.pdf HTTP/1.1" 200 232529
181.63.220.121 - - [08/Jul/2022:11:17:04 -0500] "GET /BLA/resoluciones/RESOLUCIONES%202009/0419.pdf HTTP/1.1" 200 198294
181.63.220.121 - - [08/Jul/2022:11:17:05 -0500] "GET /BLA/resoluciones/RESOLUCIONES%202009/0420.pdf HTTP/1.1" 200 198562
181.63.220.121 - - [08/Jul/2022:11:17:06 -0500] "GET /BLA/resoluciones/RESOLUCIONES%202009/0421.pdf HTTP/1.1" 200 246706
181.63.220.121 - - [08/Jul/2022:11:17:08 -0500] "GET /BLA/resoluciones/RESOLUCIONES%202009/0422.pdf HTTP/1.1" 200 248822
181.63.220.121 - - [08/Jul/2022:11:17:09 -0500] "GET /BLA/resoluciones/RESOLUCIONES%202009/0423.pdf HTTP/1.1" 200 197787
181.63.220.121 - - [08/Jul/2022:11:17:11 -0500] "GET /BLA/resoluciones/RESOLUCIONES%202009/0424.pdf HTTP/1.1" 200 198426
181.63.220.121 - - [08/Jul/2022:11:17:12 -0500] "GET /BLA/resoluciones/RESOLUCIONES%202009/0425.pdf HTTP/1.1" 200 200781
172.22.2.4 - - [08/Jul/2022:11:17:15 -0500] "GET /BLA/boletinlegal/actos.php HTTP/1.1" 200 9559
172.22.2.4 - - [08/Jul/2022:11:17:15 -0500] "GET /BLA/boletinlegal/favicon.ico HTTP/1.1" 404 1326
172.22.2.4 - - [08/Jul/2022:11:17:26 -0500] "GET /BLA/boletinlegal/consulta_actos.php?tipo=resoluciones&no=0394&usuario=&sector=&fecha=2021&resuelve= HTTP/1.1" 200 1845
181.57.147.176 - - [08/Jul/2022:11:17:30 -0500] "GET /favicon.ico HTTP/1.1" 200 7782
181.63.220.121 - - [08/Jul/2022:11:17:57 -0500] "GET /BLA/resoluciones/RESOLUCIONES%202009/0426.pdf HTTP/1.1" 200 201164
181.63.220.121 - - [08/Jul/2022:11:17:58 -0500] "GET /BLA/resoluciones/RESOLUCIONES%202009/0427.pdf HTTP/1.1" 200 386574
181.63.220.121 - - [08/Jul/2022:11:18:00 -0500] "GET /BLA/resoluciones/RESOLUCIONES%202009/0428.pdf HTTP/1.1" 200 249120
181.63.220.121 - - [08/Jul/2022:11:18:01 -0500] "GET /BLA/resoluciones/RESOLUCIONES%202009/0429.pdf HTTP/1.1" 200 320794
181.63.220.121 - - [08/Jul/2022:11:18:02 -0500] "GET /BLA/resoluciones/RESOLUCIONES%202009/0430.pdf HTTP/1.1" 200 277244
181.63.220.121 - - [08/Jul/2022:11:18:03 -0500] "GET /BLA/resoluciones/RESOLUCIONES%202009/0431.pdf HTTP/1.1" 200 227277
216.245.221.92 - - [08/Jul/2022:11:18:04 -0500] "HEAD / HTTP/1.1" 200 -
181.63.220.121 - - [08/Jul/2022:11:18:04 -0500] "GET /BLA/resoluciones/RESOLUCIONES%202009/0432.pdf HTTP/1.1" 200 200436
181.63.220.121 - - [08/Jul/2022:11:18:05 -0500] "GET /BLA/resoluciones/RESOLUCIONES%202009/0433.pdf HTTP/1.1" 200 390217
181.63.220.121 - - [08/Jul/2022:11:18:07 -0500] "GET /BLA/resoluciones/RESOLUCIONES%202009/0434.pdf HTTP/1.1" 200 376962
181.63.220.121 - - [08/Jul/2022:11:18:08 -0500] "GET /BLA/resoluciones/RESOLUCIONES%202009/0435.pdf HTTP/1.1" 200 434327
181.63.220.121 - - [08/Jul/2022:11:18:09 -0500] "GET /BLA/resoluciones/RESOLUCIONES%202009/0436.pdf HTTP/1.1" 200 188825
181.63.220.121 - - [08/Jul/2022:11:18:10 -0500] "GET /BLA/resoluciones/RESOLUCIONES%202009/0437.pdf HTTP/1.1" 200 280321
181.63.220.121 - - [08/Jul/2022:11:18:11 -0500] "GET /BLA/resoluciones/RESOLUCIONES%202009/0438.pdf HTTP/1.1" 200 186877
181.63.220.121 - - [08/Jul/2022:11:18:13 -0500] "GET /BLA/resoluciones/RESOLUCIONES%202009/0439.pdf HTTP/1.1" 200 181456
181.63.220.121 - - [08/Jul/2022:11:18:19 -0500] "GET /BLA/resoluciones/RESOLUCIONES%202009/0440.pdf HTTP/1.1" 200 230263
181.63.220.121 - - [08/Jul/2022:11:18:21 -0500] "GET /BLA/resoluciones/RESOLUCIONES%202009/0441.pdf HTTP/1.1" 200 205979
181.63.220.121 - - [08/Jul/2022:11:18:23 -0500] "GET /BLA/resoluciones/RESOLUCIONES%202009/0442.pdf HTTP/1.1" 200 304553
186.102.26.182 - - [08/Jul/2022:11:18:24 -0500] "OPTIONS /kwssiamovil/sm/setfile/f? HTTP/1.1" 200 13
181.63.220.121 - - [08/Jul/2022:11:18:24 -0500] "GET /BLA/resoluciones/RESOLUCIONES%202009/0443.pdf HTTP/1.1" 200 80820
181.63.220.121 - - [08/Jul/2022:11:18:26 -0500] "GET /BLA/resoluciones/RESOLUCIONES%202009/0444.pdf HTTP/1.1" 200 519127
181.63.220.121 - - [08/Jul/2022:11:18:29 -0500] "GET /BLA/resoluciones/RESOLUCIONES%202009/0445.pdf HTTP/1.1" 200 358350
181.63.220.121 - - [08/Jul/2022:11:18:30 -0500] "GET /BLA/resoluciones/RESOLUCIONES%202009/0446.pdf HTTP/1.1" 200 319588
172.22.2.4 - - [08/Jul/2022:11:16:52 -0500] "HEAD /BLA/boletinlegal/ HTTP/1.1" 200 -
181.63.220.121 - - [08/Jul/2022:11:18:32 -0500] "GET /BLA/resoluciones/RESOLUCIONES%202009/0447.pdf HTTP/1.1" 200 1069748
181.63.220.121 - - [08/Jul/2022:11:18:34 -0500] "GET /BLA/resoluciones/RESOLUCIONES%202009/0448.pdf HTTP/1.1" 200 3210077
190.157.6.145 - - [08/Jul/2022:11:18:47 -0500] "GET /BLA/boletinlegal/js/jquery.scrollShow.js HTTP/1.1" 200 4586
190.157.6.145 - - [08/Jul/2022:11:18:47 -0500] "GET /galeria/galeria/jquery.fancybox.css?v=2.1.5 HTTP/1.1" 200 4895
190.157.6.145 - - [08/Jul/2022:11:18:47 -0500] "GET /galeria/galeria/jquery.fancybox.js?v=2.1.5 HTTP/1.1" 200 48706
201.245.192.253 - - [08/Jul/2022:11:18:48 -0500] "POST /kwsrmcab/Wsrmcab  HTTP/1.1" 200 45708
199.16.157.182 - - [08/Jul/2022:11:19:11 -0500] "GET /images/Mirla%20Comu%CC%81n%20SDA%20(1)%20(1).jpeg HTTP/1.1" 404 1034
172.22.2.4 - - [08/Jul/2022:11:17:43 -0500] "GET /BLA/boletinlegal/ HTTP/1.1" 200 54767
181.63.220.121 - - [08/Jul/2022:11:20:18 -0500] "GET /BLA/resoluciones/RESOLUCIONES%202009/0449.pdf HTTP/1.1" 200 956422
181.63.220.121 - - [08/Jul/2022:11:20:19 -0500] "GET /BLA/resoluciones/RESOLUCIONES%202009/0450.pdf HTTP/1.1" 200 1201430
181.63.220.121 - - [08/Jul/2022:11:20:20 -0500] "GET /BLA/resoluciones/RESOLUCIONES%202009/0451.pdf HTTP/1.1" 200 32022
186.102.66.246 - - [08/Jul/2022:11:20:21 -0500] "GET /kwssiamovil/sm/acme/a?s=U2FsdGVkX18wnoLaVHBiAQZXj/n6vsR0uVzlj40yHadUcD07PSlqL5KzrfuQujKzieQgpxHtB8+sdrrjqBP8kelaMwyDhPhnCFiSbEB4b8OIsj9rYtlZ12c25/bZY1EtaIy7UrSH3nhGDHJTdI3thfe7NpINgJXVAH455XcElr5BQXrJ5E8RB7Zk0zp5X1DdlTF7hsf4yN7ZhdVIZhGp0Q176SpJqCvvKxPzmgtCBWyaa3ZLr/U+xbtNqQAEwP4bXpCELdA4Dv86uzEkdC+Jyg==&u=U2FsdGVkX19o6F3aRu/G4lXs+EYkSEUM/RnNsWbPBvE=&y=U2FsdGVkX1+jkBicrXq9NgWLpA6bP7LNcckrqyWBWKQ= HTTP/1.1" 200 25
181.63.220.121 - - [08/Jul/2022:11:20:21 -0500] "GET /BLA/resoluciones/RESOLUCIONES%202009/0452.pdf HTTP/1.1" 200 426140
186.102.66.246 - - [08/Jul/2022:11:20:21 -0500] "GET /kwssiamovil/sm/acme/a?s=U2FsdGVkX18f0FGxVVBq+wxlbJ038WSLG2PFxQ19jlE3d+WOuh8Hd0j8lU8yLF4nUXMwN2mWSoZkS1QqSghC7Z1O9k4CY6EYXaNpOIykIfDzitw6BzNYqUe0QMYiokCEVCwFl2NVFd6euJjLZJwTapojru1fgvWU/BXnWiKipus9R+pBtCkNXnF6c7Hz71k8v3JYmuKUno7HBlu42zCSH5a9/ZFMLAgun7IBV74E8pJxwQw/9kst8CN5H8EtiwxqCjI1C01ljauDRRfOvtQ4lgJBPv5+a++dDJJC5mV+/1W8bsymnc778VYh5umWUakcguWcXLXQ4zBuEDfMq26EXj6PjZAHf0T3e4dgEwRhd+wMSSWx84hNtEPorpNC0Fs7x+olzPZtxbNOjXVm567BrGeWR289iGNjRtMdSOQ+n3MmNv6TOpmLNZ5mIi5CL11OjZ5OkpnvQi3uydI1IrbPrdaVjzUBVz+/uXm1udGgiJ9qSszqx3S+0Z2xx2imMg08S80RyPvOa+N1G9h6kjmPSso+HJtiOQoW6baro+qp/r52QPa1nC1TI2og0py5XcqAPuaPKZhb11swAQxv6JX+TE9wsVb6Wf6E3xooJmXIFY7scsbDt19sL+g52JqG+usirTzsdWQizGXat7YrVxThVxWj2NjxIAFQyrEy1/OnscTo/1akngE2NYYm/FYtFsmLZGmcjllHIUbWBdx3h6os07pM/WWagIqxzkqW4dX5Ke+1UtcG9Y3vTb5ePebs+kTsZ8dG6HfB3J8xKVpPKc+JtasYRTQR6EJpfWDevBIJbUaNIiEIgdbV1uV7O324BapRIgUetDsPTuHl47DLLxDKMXoJ0Ni4sn1bv2uJ3RMv/jNzHNWlQwG0+37TdqRapI9E20qVUPG/WUt3M+1MMVnZkwBTaROxq5ODjhWUHUTsnCRFp40M6hNr+EkVTwZTMKXzO4t6H+sXmdsrBmE/5hLvktwNaqmxGLiZ3ZGYMTaRessaiyTx74armIhyFT6S0a1lEXf0o8f5vKqRzskSrjTPfUMVMRmVMhgYSEERPUNr7j6yPT+UDSbyleYw17vcZY+TbFNWPW/rJqnil/yog8xBWYFcS+SS6Ioqoo7I8gqz7hSED6yfaj2RDX2TLIVrCfirzyb27VbmvmVp3m2z039lJF6BpAJ7I+/zlLYfuNcl88Xm17rHn7yxoIbshPrVm2bo5lwt1mT/SmKxQhyaHWxQ9rzPR0cmEtc17VImOtm8uLkhkdqd0iUO+IVfc5m/ldLbU0VLPENrgnhXwrXBCBEZ28nKR+d8r4a6V6ZO/K1/IcHeDw1piA480HJ2/aR2BHMxQIfg8C04LvWuxmyRTVY9jwKHFyriz3ezEwq5YXY+tOnxUMOJ/CM8+HxV1zH2kL2XTthg7LhPbzreWrmCCAnGcmFsn780WxhMh2JuPRxXw7A2W1j9N0VUACv9xmpL8ANeFeOFs6B5jKkml06OXfCImr0E2tsEI49KAGo2Ne5Vl5X1nvzyEk3ceBNMAp8OEHf8lq7IndKaM6y62NAfZdZLwS3rXPMn4D+vbLRg3IzBICzriDXf5n/mPARqlrh6EACemAAg6NZYBy3dycq4m9RiI81L2nsM7F0pCxfOXZRmd+YgSt1lfe4V4xmqxaYPTG5k0TMvQcrROSoXn1VrEij0lw5HajwK/R248tf7exKpxUf6pYX8LtDNFxeS7PL0swL0Rp7P0+LoxYJXeDFbnQo4Bi1xP1ZxlcYlE504i/K1I+guxG82Kj9PJYJfMtEvbfOMbzq5pRCvs1qUNMa0XtCsVJ99Q+zfZE4EvD5khviupZHNLnKTfrNSXRIbfnizwrJxEIh0fIJe9t6XHABi0UM+exKA1I9B6Llva6033MU/i4h7Y8K0q3nFHRlYaI4i64vkPF/qTDUmBCvEXRg9yr8rTKKIWkH04ACZr4JRWozzq3z2r4xIgSc8Wq1V1vEzkolt4Rtrl4pRgmjGgWSj5RLxutzGS5teKr0c/kbrCE8abEBen2ClOeQYhVv4rHXHSevhR6qMnRqOqHgwrOXoUQbC5hWDKi4ER+94/L2gKK9gmv4=&u=U2FsdGVkX19o6F3aRu/G4lXs+EYkSEUM/RnNsWbPBvE=&y=U2FsdGVkX1+jkBicrXq9NgWLpA6bP7LNcckrqyWBWKQ= HTTP/1.1" 200 25
186.102.66.246 - - [08/Jul/2022:11:20:22 -0500] "GET /kwssiamovil/sm/acme/a?s=U2FsdGVkX1+IX9V0LZRA8eCm6trgEizseNSFoyV4o0nVDsfacpWW+8FojrAuILOb8MD5EHNAV/akY+No2jlEruaPxrD/WQnXCwf/Y89sPPwbHADky2XS/suLxZarqZNGdQPG00LJ5AUyvcrQm2miKd60WHuxthK2mcj+Fm8+95Q=&u=U2FsdGVkX19o6F3aRu/G4lXs+EYkSEUM/RnNsWbPBvE=&y=U2FsdGVkX1+jkBicrXq9NgWLpA6bP7LNcckrqyWBWKQ= HTTP/1.1" 200 25
186.102.66.246 - - [08/Jul/2022:11:20:22 -0500] "GET /kwssiamovil/sm/acme/a?s=U2FsdGVkX1/FA05bxrfsWCCRVw0QFBJFyozUQTKyoRxeSYkND3z7DSrSjTb4K30B9EiY1SNO67wd1WiA0nTG7n/JlOe5vJT9zotQ8cRCJTvuVZzEF1pn16Cr0wL7q9PZu0dcHoNkvKynLpAzmzhhsRkksq05G1E5jHgKqnkUrPg=&u=U2FsdGVkX19o6F3aRu/G4lXs+EYkSEUM/RnNsWbPBvE=&y=U2FsdGVkX1+jkBicrXq9NgWLpA6bP7LNcckrqyWBWKQ= HTTP/1.1" 200 25
186.102.66.246 - - [08/Jul/2022:11:20:22 -0500] "GET /kwssiamovil/sm/acme/a?s=U2FsdGVkX1/P6/XQJy1xSUZz+3yrAAwdnJR9INuB+mE0JbNpyGEj0EbXmYed58osqTqbATMl1rsEG4mTYvAvBn/foADCjID89DlCx/oUz5nKukYS7H6UeiVx/pz75AI+aNO4N1E6rqn10DSgdFkHyKtdWiw7XgM3gmUt/JMlqXQ=&u=U2FsdGVkX19o6F3aRu/G4lXs+EYkSEUM/RnNsWbPBvE=&y=U2FsdGVkX1+jkBicrXq9NgWLpA6bP7LNcckrqyWBWKQ= HTTP/1.1" 200 25
186.102.66.246 - - [08/Jul/2022:11:20:22 -0500] "GET /kwssiamovil/sm/acme/a?s=U2FsdGVkX19xcCAPg0t5qLnBGPp3APXy3CZer6lGtUowlosRsQCrV1hUURhk3Bs2OBWgViQrFlEmhNf7sHw1moo1+2OE8YhManiNi8mQRYH0ocD+ZqujC5Qfiym7+AdQhlgstarNXOJGOXU2qfbs0EMiyYMdBObeVdAeefGrkkPMXehScj7pJp87i6CtA93f&u=U2FsdGVkX19o6F3aRu/G4lXs+EYkSEUM/RnNsWbPBvE=&y=U2FsdGVkX1+jkBicrXq9NgWLpA6bP7LNcckrqyWBWKQ= HTTP/1.1" 200 25
181.63.220.121 - - [08/Jul/2022:11:20:22 -0500] "GET /BLA/resoluciones/RESOLUCIONES%202009/0453.pdf HTTP/1.1" 200 229706
186.102.66.246 - - [08/Jul/2022:11:20:23 -0500] "GET /kwssiamovil/sm/acme/a?s=U2FsdGVkX1+brfAfj33dKF9weKRtJr2Sd3MTjRiLLkPijE2bL0wzRHqYNn/VXlwKxK3h29WHwfqNG51fPiwBMGlY63/GyFG1yWdafXOUNg3lmOnavojC95rOacBwy2inMEOgonfy6bi3MUSqIP72fB1g42PsKYgzwBjujEPAdflDowvE7FgZyco8fDtImyScJin5Mc5M4YZaNnFAWTfg+RMqLYPQSOaBY5UxaR5Uy4gYrraBuWEc94b739hrhsf5hseq1AT30Cnk1QL/Vuujdhx/fk1CBFdaHUbKrJw+a6D7RJt+GeDEOeHoKPaLpQJtqQaLkIvS29IEyiCDvBMdffWZRUhMDu673G2Y3Kie7rnV+ZnU0pKr+6IK5fbyDIu7ZtRaRwDTfXckeyrQn9E4qQz8fR6zYFJuAjwc7hiIFKQ=&u=U2FsdGVkX19o6F3aRu/G4lXs+EYkSEUM/RnNsWbPBvE=&y=U2FsdGVkX1+jkBicrXq9NgWLpA6bP7LNcckrqyWBWKQ= HTTP/1.1" 200 25
186.102.66.246 - - [08/Jul/2022:11:20:23 -0500] "GET /kwssiamovil/sm/acme/a?s=U2FsdGVkX1/keA5W3nFwxFt2/F63LEVxr3ijiuhll3vQW7uTch7AG6iKSirB+z3DAdOfXs8SAKqwxbr09Imtm6YdM9/ddomgy8IzaL1W/BGXRqxjtGxk0wNcMyVfFu+lpGI8BDBAYDSKn+ELssfqeUXK7XO1EiuLwWgm6EkTrj0mgeb3GBEP5/CCj3iz0fjZWDakIHbhqjZ4qmAFwMwtYDRSemLaL/Mv/nQYjY078E/KYIwVXasnDTqj7fNnUGDvfd1c2ks0Onsl+llIsXI9aYCcocwH9paO7W+uQUIpkMFlm2vUGAOPS7nCSbuJvVaDQS4KgSVGvsNjt7h+sjhr7qTTT1cKQDXbN6TfM3ieGrQaBIy0b+S8En5qxWgeUUEa&u=U2FsdGVkX19o6F3aRu/G4lXs+EYkSEUM/RnNsWbPBvE=&y=U2FsdGVkX1+jkBicrXq9NgWLpA6bP7LNcckrqyWBWKQ= HTTP/1.1" 200 25
181.63.220.121 - - [08/Jul/2022:11:20:24 -0500] "GET /BLA/resoluciones/RESOLUCIONES%202009/0454.pdf HTTP/1.1" 200 194612
181.63.220.121 - - [08/Jul/2022:11:20:25 -0500] "GET /BLA/resoluciones/RESOLUCIONES%202009/0455.pdf HTTP/1.1" 200 396752
181.63.220.121 - - [08/Jul/2022:11:20:26 -0500] "GET /BLA/resoluciones/RESOLUCIONES%202009/0456.pdf HTTP/1.1" 200 390380
181.63.220.121 - - [08/Jul/2022:11:20:27 -0500] "GET /BLA/resoluciones/RESOLUCIONES%202009/0457.pdf HTTP/1.1" 200 488208
181.63.220.121 - - [08/Jul/2022:11:20:29 -0500] "GET /BLA/resoluciones/RESOLUCIONES%202009/0458.pdf HTTP/1.1" 200 260350
181.63.220.121 - - [08/Jul/2022:11:20:31 -0500] "GET /BLA/resoluciones/RESOLUCIONES%202009/0459.pdf HTTP/1.1" 200 401492
181.63.220.121 - - [08/Jul/2022:11:20:32 -0500] "GET /BLA/resoluciones/RESOLUCIONES%202009/0460.pdf HTTP/1.1" 200 454224
181.63.220.121 - - [08/Jul/2022:11:20:33 -0500] "GET /BLA/resoluciones/RESOLUCIONES%202009/0461.pdf HTTP/1.1" 200 383543
181.63.220.121 - - [08/Jul/2022:11:20:34 -0500] "GET /BLA/resoluciones/RESOLUCIONES%202009/0462.pdf HTTP/1.1" 200 286201
181.63.220.121 - - [08/Jul/2022:11:20:36 -0500] "GET /BLA/resoluciones/RESOLUCIONES%202009/0463.pdf HTTP/1.1" 200 381843
181.63.220.121 - - [08/Jul/2022:11:20:37 -0500] "GET /BLA/resoluciones/RESOLUCIONES%202009/0464.pdf HTTP/1.1" 200 286611
181.63.220.121 - - [08/Jul/2022:11:20:39 -0500] "GET /BLA/resoluciones/RESOLUCIONES%202009/0465.pdf HTTP/1.1" 200 196516
181.63.220.121 - - [08/Jul/2022:11:20:40 -0500] "GET /BLA/resoluciones/RESOLUCIONES%202009/0466.pdf HTTP/1.1" 200 308154
181.63.220.121 - - [08/Jul/2022:11:20:41 -0500] "GET /BLA/resoluciones/RESOLUCIONES%202009/0467.pdf HTTP/1.1" 200 466098
181.63.220.121 - - [08/Jul/2022:11:20:43 -0500] "GET /BLA/resoluciones/RESOLUCIONES%202009/0468.pdf HTTP/1.1" 200 239751
66.249.66.78 - - [08/Jul/2022:11:20:43 -0500] "-" 408 -
181.63.220.121 - - [08/Jul/2022:11:20:45 -0500] "GET /BLA/resoluciones/RESOLUCIONES%202009/0469.pdf HTTP/1.1" 200 222413
172.22.2.4 - - [08/Jul/2022:11:20:46 -0500] "GET /BLA/boletinlegal/robots.txt HTTP/1.1" 404 1038
172.22.2.4 - - [08/Jul/2022:11:20:50 -0500] "GET /BLA/boletinlegal/Directivas/2019/Directiva%20008%20del%2001%20de%20noviembre%20de%202019.pdf HTTP/1.1" 200 1382642
199.59.150.182 - - [08/Jul/2022:11:20:53 -0500] "GET /images/Mirla%20Comu%CC%81n%20SDA%20(1)%20(1).jpeg HTTP/1.1" 404 1034
201.245.192.253 - - [08/Jul/2022:11:21:15 -0500] "POST /sipse/faces/presentacion/financiero/solicitudProceso/consultarSolicitudProceso.xhtml HTTP/1.1" 200 36326
201.245.192.253 - - [08/Jul/2022:11:21:15 -0500] "GET /sipse/faces/javax.faces.resource/theme.css?ln=primefaces-sipse HTTP/1.1" 304 -
201.245.192.253 - - [08/Jul/2022:11:21:15 -0500] "GET /sipse/faces/javax.faces.resource/layout/layout.css?ln=primefaces&v=4.0 HTTP/1.1" 304 -
201.245.192.253 - - [08/Jul/2022:11:21:15 -0500] "GET /sipse/faces/javax.faces.resource/primefaces.css?ln=primefaces&v=4.0 HTTP/1.1" 304 -
201.245.192.253 - - [08/Jul/2022:11:21:15 -0500] "GET /sipse/faces/javax.faces.resource/jquery/jquery.js?ln=primefaces&v=4.0 HTTP/1.1" 304 -
201.245.192.253 - - [08/Jul/2022:11:21:15 -0500] "GET /sipse/faces/javax.faces.resource/jquery/jquery-plugins.js?ln=primefaces&v=4.0 HTTP/1.1" 304 -
201.245.192.253 - - [08/Jul/2022:11:21:15 -0500] "GET /sipse/faces/javax.faces.resource/primefaces.js?ln=primefaces&v=4.0 HTTP/1.1" 304 -
201.245.192.253 - - [08/Jul/2022:11:21:15 -0500] "GET /sipse/faces/javax.faces.resource/layout/layout.js?ln=primefaces&v=4.0 HTTP/1.1" 304 -
201.245.192.253 - - [08/Jul/2022:11:21:15 -0500] "POST /sipse/faces/presentacion/financiero/solicitudProceso/listarSolicitudProceso.xhtml HTTP/1.1" 200 29599
201.245.192.253 - - [08/Jul/2022:11:21:16 -0500] "POST /sipse/faces/presentacion/financiero/solicitudProceso/listarSolicitudProceso.xhtml HTTP/1.1" 200 29599
201.245.192.253 - - [08/Jul/2022:11:21:16 -0500] "POST /sipse/faces/presentacion/financiero/solicitudProceso/listarSolicitudProceso.xhtml HTTP/1.1" 200 1396
201.245.192.253 - - [08/Jul/2022:11:21:16 -0500] "POST /sipse/faces/presentacion/financiero/solicitudProceso/listarSolicitudProceso.xhtml HTTP/1.1" 200 1392
201.245.192.253 - - [08/Jul/2022:11:21:16 -0500] "POST /sipse/faces/presentacion/financiero/solicitudProceso/listarSolicitudProceso.xhtml HTTP/1.1" 200 1400
201.245.192.253 - - [08/Jul/2022:11:21:19 -0500] "POST /sipse/faces/presentacion/financiero/solicitudProceso/listarSolicitudProceso.xhtml HTTP/1.1" 200 4607
181.63.220.121 - - [08/Jul/2022:11:21:25 -0500] "GET /BLA/resoluciones/RESOLUCIONES%202009/0470.pdf HTTP/1.1" 200 356696
201.245.192.253 - - [08/Jul/2022:11:21:23 -0500] "POST /kwsrmcab/Wsrmcab HTTP/1.1" 200 43966
181.63.220.121 - - [08/Jul/2022:11:21:26 -0500] "GET /BLA/resoluciones/RESOLUCIONES%202009/0471.pdf HTTP/1.1" 200 306977
181.63.220.121 - - [08/Jul/2022:11:21:28 -0500] "GET /BLA/resoluciones/RESOLUCIONES%202009/0472.pdf HTTP/1.1" 200 346335
181.63.220.121 - - [08/Jul/2022:11:21:29 -0500] "GET /BLA/resoluciones/RESOLUCIONES%202009/0473.pdf HTTP/1.1" 200 530284
201.245.192.253 - - [08/Jul/2022:11:21:27 -0500] "POST /kwsrmcab/Wsrmcab HTTP/1.1" 200 45012
181.63.220.121 - - [08/Jul/2022:11:21:30 -0500] "GET /BLA/resoluciones/RESOLUCIONES%202009/0474.pdf HTTP/1.1" 200 264530
181.63.220.121 - - [08/Jul/2022:11:21:32 -0500] "GET /BLA/resoluciones/RESOLUCIONES%202009/0475.pdf HTTP/1.1" 200 224856
181.63.220.121 - - [08/Jul/2022:11:21:33 -0500] "GET /BLA/resoluciones/RESOLUCIONES%202009/0476.pdf HTTP/1.1" 200 309720
181.63.220.121 - - [08/Jul/2022:11:21:34 -0500] "GET /BLA/resoluciones/RESOLUCIONES%202009/0477.pdf HTTP/1.1" 200 626682
181.63.220.121 - - [08/Jul/2022:11:21:36 -0500] "GET /BLA/resoluciones/RESOLUCIONES%202009/0478.pdf HTTP/1.1" 200 601449
181.63.220.121 - - [08/Jul/2022:11:21:37 -0500] "GET /BLA/resoluciones/RESOLUCIONES%202009/0479.pdf HTTP/1.1" 200 617185
181.63.220.121 - - [08/Jul/2022:11:21:38 -0500] "GET /BLA/resoluciones/RESOLUCIONES%202009/0480.pdf HTTP/1.1" 200 369315
