!C99Shell v. 1.0 pre-release build #13!

Software: Apache. PHP/5.5.15 

uname -a: Windows NT SVR-DMZ 6.1 build 7600 (Windows Server 2008 R2 Enterprise Edition) i586 

SYSTEM 

Safe-mode: OFF (not secure)

E:\nuevo\apache\logs\   drwxrwxrwx
Free 8.02 GB of 239.26 GB (3.35%)
Detected drives: [ a ] [ c ] [ d ] [ e ] [ f ]
Home    Back    Forward    UPDIR    Refresh    Search    Buffer    Encoder    Tools    Proc.    FTP brute    Sec.    SQL    PHP-code    Update    Feedback    Self remove    Logout    


Viewing file:     access.2022.07.09.log (751.16 KB)      -rw-rw-rw-
Select action/file-type:
(+) | (+) | (+) | Code (+) | Session (+) | (+) | SDB (+) | (+) | (+) | (+) | (+) | (+) |
201.245.192.253 - - [09/Jul/2022:00:00:58 -0500] "POST /kwsrmcab/Wsrmcab  HTTP/1.1" 200 45708
172.22.2.4 - - [09/Jul/2022:00:01:01 -0500] "HEAD /BLA/boletinlegal/ HTTP/1.1" 200 -
216.245.221.92 - - [09/Jul/2022:00:03:01 -0500] "HEAD / HTTP/1.1" 200 -
172.22.2.4 - - [09/Jul/2022:00:01:51 -0500] "GET /BLA/boletinlegal/ HTTP/1.1" 200 59364
157.55.39.168 - - [09/Jul/2022:00:03:45 -0500] "GET /BLA/boletinlegal/index.php HTTP/1.1" 200 63618
157.55.39.114 - - [09/Jul/2022:00:05:37 -0500] "GET /BLA/boletinlegal/style.css HTTP/1.1" 200 9406
201.245.192.253 - - [09/Jul/2022:00:05:59 -0500] "POST /kwsrmcab/Wsrmcab  HTTP/1.1" 200 45708
216.245.221.92 - - [09/Jul/2022:00:08:01 -0500] "HEAD / HTTP/1.1" 200 -
37.0.8.116 - - [09/Jul/2022:00:08:18 -0500] "POST /boaform/admin/formLogin HTTP/1.1" 404 1186
172.22.2.4 - - [09/Jul/2022:00:06:51 -0500] "HEAD /BLA/boletinlegal/ HTTP/1.1" 200 -
199.59.150.182 - - [09/Jul/2022:00:09:18 -0500] "-" 408 -
172.22.2.4 - - [09/Jul/2022:00:07:41 -0500] "GET /BLA/boletinlegal/ HTTP/1.1" 200 58491
201.245.192.253 - - [09/Jul/2022:00:10:58 -0500] "POST /kwsrmcab/Wsrmcab  HTTP/1.1" 200 45708
200.118.16.79 - - [09/Jul/2022:00:11:27 -0500] "OPTIONS /kwssiamovil/sm/setfile/f? HTTP/1.1" 200 13
200.118.16.79 - - [09/Jul/2022:00:11:27 -0500] "POST /kwssiamovil/sm/setfile/f? HTTP/1.1" 200 381
200.118.16.79 - - [09/Jul/2022:00:11:35 -0500] "GET /kwssiamovil/sm/acme/a?s=U2FsdGVkX19sen4mHxGcW7I7XD2F00bAJoNVPjSR5aa621lLy57CcXy4sjM56yq9Xjfx6WRibEDoZYOjDrA5v7P7GojFcBGcYNT1ZbtL0ZBX37d8Y/86zuxqSLBK9+zdn1PCv7xIcVBRNG/kHz4f2WTjQEjHONb4HmpllWA3eVw4nJR9Ru35HMxPaVJ2YNx93oLlQxy6b+WDDr35enoipWf/XmdBU0YHGRVa4pM4WipTZddgDIYKcWFWsp4BRV3sLSv96mQuI37Ztj/jTHgG4w==&u=U2FsdGVkX18A+T0EU9rzD1aZQO0Ys4J9f17slx8+b3o=&y=U2FsdGVkX19oqYcUcyX80699+aqS09DtDYJWOn8p9ivC1gHQHlrwkYOybfOw3XDa HTTP/1.1" 200 25
200.118.16.79 - - [09/Jul/2022:00:11:35 -0500] "GET /kwssiamovil/sm/acme/a?s=U2FsdGVkX19JEfxdJ7kmKthh0AmVP0NjP1+z3KpcZAXlZbI+s/XC3Fc44z8uhsOI1uJ9Hy0HZPkaTghQtgLhuqgKzGPuS7lBthHTJEIp9luFGC4hbKvfHYGSYHkH6p+7E0OXWgn8RWGC2mW0ByolYFKC16Bs4mD/Bgr5IY8y1bVxii3n4F5k3bP/EsakhaMUG97ne6gj/ze/t+X7uGGNOT8upttrDKQ/Qls+09ABKZNqkzxTY7tzd8HGyX/dJbXbsKnighPkHGyOhGTyDPSZ/mKWYJNByrS/HUZHxndLHxuiQYwoA3+EEVsTQQoxsnL0dQiOFNJCAEk2VwxYTghmW6pWBcoCnGkRqzpxwVx20fUZu1MEl2CIq6GxG1WDzyLOysii+4qd8o76Gw8pkOLuSHhCocJCPyFq87hXKHE4C+ClN+997xmIAAwiMcgbPCvojpLmGACXodJ6wszxzC2N5l2jm+5Sm6TCDZa7jxaBRIaJEyFxQHk0RAe8DN0WshYx6VYah35gW8QbgIHaw2vkvwYUBVy5w30FjF8qodyCdeHsBJqXJ0toI6IQCEzxYkuQOclYaQk5awRlc4ocMxJex4PSdkErE4kyB7T10QvixLYbv82zUP6c+gTlK82z1e1ihyo7puLsNcNLwJRUDS9ESl6oZAbwnhiOojn6Kn4PyHD1xzMdEmQIjEMMgoTYpxzUafE7mHD2Ual1xuqpmywwpLTHuR5d1kM2l8j3tY4w/Iil99ufM+lS8evujco4XE0qrxt58cVkvq5peVsZjUVr+B66dpggiw1E1noSYQszer5jvlkcAWU/Ac0+1g71GE6c0O2kUChYF8cYF+cjRchYDQHzPFHgxoUEHoex6MfzuAtMf7twwVS9cn/+m266rLvKOXMIfmQ1dWp/j4FrpzSEnnS7CD8TZcO3A5+H1wS0kCmod5PW8ufY2xNzUWRFutbXv65APaak323i/CUR+rqa+2NatZaUdVkdlxWIWrFCrH5cSA7XstCVwsPeCmhSoRGLoyHwd0OK6/Z6E7s6k32hwleGRikdjU6cmDZURokRrnVQHna5oeZ56RZa/VP6tJfBmt3dPVHSlPXVu98X8klmV6sITJm3VVnSYpOPZ8mBTINPOekjPX1jARm6KZVC6Hm8dZWbjaHyMTawCS1RbAAoy1lK3/KeJ15NBbkmllA6T7kt+fIMtmDP+fhft8C1zt5MPmm11a6SO4BGHYBLwDpNiRiu5jj6AFV/d4qYA60r8ylYLXVpmeI9XKyLEHpXl+GfK6Od1n5JR5dIv8Z/AiQgFe+35eiZJLm6fbltCigByJCg+rTBqWPw6+zsbHdKSeoo&u=U2FsdGVkX18A+T0EU9rzD1aZQO0Ys4J9f17slx8+b3o=&y=U2FsdGVkX19oqYcUcyX80699+aqS09DtDYJWOn8p9ivC1gHQHlrwkYOybfOw3XDa HTTP/1.1" 200 25
200.118.16.79 - - [09/Jul/2022:00:11:36 -0500] "GET /kwssiamovil/sm/acme/a?s=U2FsdGVkX1+D6bSquJSEZRKkhoWWTJfzSKr5ucnJRdEY3052ogwy5Wr1ZcRhP0OdgeIJpLT2meR4Om/tpscC+AnenIxz4YOf4lATntbJ4XRjWFstfbp/3X5xWUh7BGptG5hQBahTW1p6bYjxXVSCfYrTPpy22P9iVCbggEqK278=&u=U2FsdGVkX18A+T0EU9rzD1aZQO0Ys4J9f17slx8+b3o=&y=U2FsdGVkX19oqYcUcyX80699+aqS09DtDYJWOn8p9ivC1gHQHlrwkYOybfOw3XDa HTTP/1.1" 200 25
200.118.16.79 - - [09/Jul/2022:00:11:36 -0500] "GET /kwssiamovil/sm/acme/a?s=U2FsdGVkX19EPZr5Agh8XkWfZ5qAZIhV1duh8E7pTUCpJnMTIAOVnXGo4CBUqhwTHZC+eqPRyIZvte2msPl9YGK5zKlKf2Uk3Djz4uLIaVccnXB+oUakvwwSgbH0QUUdzPdaK0G/1LL9BPCItrXQc4Gdmq/22cvaMCGLnyWxi8I=&u=U2FsdGVkX18A+T0EU9rzD1aZQO0Ys4J9f17slx8+b3o=&y=U2FsdGVkX19oqYcUcyX80699+aqS09DtDYJWOn8p9ivC1gHQHlrwkYOybfOw3XDa HTTP/1.1" 200 25
200.118.16.79 - - [09/Jul/2022:00:11:36 -0500] "GET /kwssiamovil/sm/acme/a?s=U2FsdGVkX1/2kzXy2bBczv9pmYwescFFTxtyfPlLty4384VY0zMKAvhxHHtTUPfuwTYbmI0CO4pkOF4VWCsbUpruUk+rPMc1yGh/BiOCqMzgKQmVnwjnMhggiBYKYrWU94iYh2ezFdGLq2Rc3Frc9OBzShMdWahZbIQ5oouywJE=&u=U2FsdGVkX18A+T0EU9rzD1aZQO0Ys4J9f17slx8+b3o=&y=U2FsdGVkX19oqYcUcyX80699+aqS09DtDYJWOn8p9ivC1gHQHlrwkYOybfOw3XDa HTTP/1.1" 200 25
200.118.16.79 - - [09/Jul/2022:00:11:36 -0500] "GET /kwssiamovil/sm/acme/a?s=U2FsdGVkX18S2CbSLLAQNSaPXg0sl+cc74cqZiwuj3cZoP4S2S9lvEgtU8fKQ4jwwTKvciUBWcQVCPM5LLk7GwQTzrh59L+lsEWZ5eCrk/56GcBKxQIxEzxWrQd0/oPJqgrGOVO7/jNJVPbRjDpW7BokA1K5RqTtYyoT/bRbWdPxumjDP0ukYP1Jqjxd7Ot4&u=U2FsdGVkX18A+T0EU9rzD1aZQO0Ys4J9f17slx8+b3o=&y=U2FsdGVkX19oqYcUcyX80699+aqS09DtDYJWOn8p9ivC1gHQHlrwkYOybfOw3XDa HTTP/1.1" 200 25
200.118.16.79 - - [09/Jul/2022:00:11:37 -0500] "GET /kwssiamovil/sm/acme/a?s=U2FsdGVkX18VMfaO+OA6P+pk/HuGZg+cWV/VBttHzFtyQA0UQjeIdWRX5uyvzi1ly2i+JLTpplpQKfZmX73ifNGGbS9A4q1dLacbp1SWZtnb18FB9tjbtmZ9TfHE5bUxxNzuysq6cCqMKzYRPgDbGKCNI9Y/PpCUyNE7KPcb7dZIfuUC2cmHw0aZn7DN6Yr6mUNZM186bDcCz2ZXhqANOX96FVuKT7rxVRUqxeIPReCUg87Wtgw+tGvAD5ThrBYxzc4ztNVqcfJCiedJ172NEZ4wbox5uwEyPBhya2yx61ly3uA6LxzXMVgqV1t1RPSLjlJ5YKx6yLdL9fJOLCidXDBVsidStIK0UbWxInUaA7LagMJvmcOBL3emvWpC5096Dk49utc4C4loa9yNhPcwoo7cJ/ekkiEFCJ0wHx+0K71RxZ+mOMkdcMZaK48uf42q&u=U2FsdGVkX18A+T0EU9rzD1aZQO0Ys4J9f17slx8+b3o=&y=U2FsdGVkX19oqYcUcyX80699+aqS09DtDYJWOn8p9ivC1gHQHlrwkYOybfOw3XDa HTTP/1.1" 200 25
200.118.16.79 - - [09/Jul/2022:00:11:37 -0500] "GET /kwssiamovil/sm/acme/a?s=U2FsdGVkX18DxZydstNbVbDAGxzgtV8rH7deoVst2PAEueK2DkFjlvYyC3WPe6iD0kvJFmL4UUKTmluys0295Dc2SgB0oNOlZTzU1LblGkCOj2Hn5r0A4DXn1Ur3IOboi72vHOFau4rQBU/aY1e5IwteNhAz3HX90Hgb8kto7lF5GBhlsG/zpVnu9IgpFv304suBDvSt8A7MzHUrw4OcjJUKmhKCrdW+InCgc+GFllZGlgzA4EFVQxA0wI3jrIddBpBpoopf5os7F8ZfW5fwt04B9+7+bPubwVZnMEzZBHsB6IC7cCUNVmrKdGUcgsooVu3DefaL/5WE4lHjnJH0ngWdwOzl8PrPi9gjepcHZjJtTkCu2HMP3UGZTvXh/wzezQ8UbC7qzs9dNm+qdoTh7A==&u=U2FsdGVkX18A+T0EU9rzD1aZQO0Ys4J9f17slx8+b3o=&y=U2FsdGVkX19oqYcUcyX80699+aqS09DtDYJWOn8p9ivC1gHQHlrwkYOybfOw3XDa HTTP/1.1" 200 25
200.118.16.79 - - [09/Jul/2022:00:11:49 -0500] "GET /kwssiamovil/sm/acme/u?s=U2FsdGVkX180VTDL+cSpVh2R8z0m1ttEIBrlh2YUNGjruFQK7RkR6SC+9j0imgNS6XSG9k3kKP//U1p0x3MQheIUvFZqoolXILZZ9Z3jCWu04A/pNeZbcrluQKY8+xX+T8qldsiqVqGv0BcwPWfo2w==&u=U2FsdGVkX18A+T0EU9rzD1aZQO0Ys4J9f17slx8+b3o=&y=U2FsdGVkX19oqYcUcyX80699+aqS09DtDYJWOn8p9ivC1gHQHlrwkYOybfOw3XDa HTTP/1.1" 200 60
216.245.221.92 - - [09/Jul/2022:00:13:01 -0500] "HEAD / HTTP/1.1" 200 -
152.61.192.232 - - [09/Jul/2022:00:13:53 -0500] "GET / HTTP/1.1" 200 319
172.22.2.4 - - [09/Jul/2022:00:12:41 -0500] "HEAD /BLA/boletinlegal/ HTTP/1.1" 200 -
172.22.2.4 - - [09/Jul/2022:00:13:31 -0500] "GET /BLA/boletinlegal/ HTTP/1.1" 200 55561
201.245.192.253 - - [09/Jul/2022:00:15:58 -0500] "POST /kwsrmcab/Wsrmcab  HTTP/1.1" 200 45708
185.7.214.104 - - [09/Jul/2022:00:17:36 -0500] "-" 408 -
185.7.214.104 - - [09/Jul/2022:00:17:44 -0500] "GET /solr/admin/info/system?wt=json HTTP/1.1" 404 1018
216.245.221.92 - - [09/Jul/2022:00:18:01 -0500] "HEAD / HTTP/1.1" 200 -
172.22.2.4 - - [09/Jul/2022:00:18:15 -0500] "GET /BLA/boletinlegal/Circulares/2014/Circular%20No.%202%20del%2021%20de%20septiembre%20de%202014.pdf HTTP/1.1" 304 -
65.154.226.220 - - [09/Jul/2022:00:18:17 -0500] "GET /portaldeninos/wp-includes/js/wp-emoji-release.min.js?ver=4.9.8 HTTP/1.1" 200 12026
65.154.226.220 - - [09/Jul/2022:00:18:17 -0500] "GET /portaldeninos/wp-content/plugins/google-analytics-for-wordpress/assets/js/frontend-gtag.min.js?ver=8.5.0 HTTP/1.1" 200 11801
65.154.226.220 - - [09/Jul/2022:00:18:18 -0500] "GET /portaldeninos/wp-includes/js/jquery/jquery.js?ver=1.12.4 HTTP/1.1" 200 97184
65.154.226.220 - - [09/Jul/2022:00:18:19 -0500] "GET /portaldeninos/wp-includes/js/jquery/jquery-migrate.min.js?ver=1.4.1 HTTP/1.1" 200 10056
65.154.226.220 - - [09/Jul/2022:00:18:19 -0500] "GET /portaldeninos/wp-includes/js/jquery/ui/core.min.js?ver=1.11.4 HTTP/1.1" 200 4000
65.154.226.220 - - [09/Jul/2022:00:18:20 -0500] "GET /portaldeninos/wp-content/plugins/gallery-videos/JS/modernizr.custom.js?ver=4.9.8 HTTP/1.1" 200 9019
65.154.226.220 - - [09/Jul/2022:00:18:20 -0500] "GET /portaldeninos/wp-content/plugins/gallery-videos/JS/Total-Soft-Gallery-Video-Widget.js?ver=4.9.8 HTTP/1.1" 200 80264
65.154.226.220 - - [09/Jul/2022:00:18:21 -0500] "GET /portaldeninos/wp-includes/js/jquery/ui/widget.min.js?ver=1.11.4 HTTP/1.1" 200 6908
65.154.226.220 - - [09/Jul/2022:00:18:21 -0500] "GET /portaldeninos/wp-includes/js/jquery/ui/mouse.min.js?ver=1.11.4 HTTP/1.1" 200 3148
65.154.226.220 - - [09/Jul/2022:00:18:21 -0500] "GET /portaldeninos/wp-includes/js/jquery/ui/sortable.min.js?ver=1.11.4 HTTP/1.1" 200 24899
65.154.226.220 - - [09/Jul/2022:00:18:22 -0500] "GET /portaldeninos/wp-includes/js/jquery/ui/tabs.min.js?ver=1.11.4 HTTP/1.1" 200 12110
65.154.226.220 - - [09/Jul/2022:00:18:22 -0500] "GET /portaldeninos/wp-includes/js/jquery/ui/accordion.min.js?ver=1.11.4 HTTP/1.1" 200 8584
65.154.226.220 - - [09/Jul/2022:00:18:22 -0500] "GET /portaldeninos/wp-content/themes/betheme/js/plugins.js?ver=20.9.6 HTTP/1.1" 200 197151
65.154.226.220 - - [09/Jul/2022:00:18:23 -0500] "GET /portaldeninos/wp-content/themes/betheme/js/menu.js?ver=20.9.6 HTTP/1.1" 200 2449
65.154.226.220 - - [09/Jul/2022:00:18:23 -0500] "GET /portaldeninos/wp-content/themes/betheme/assets/animations/animations.min.js?ver=20.9.6 HTTP/1.1" 200 1896
65.154.226.220 - - [09/Jul/2022:00:18:23 -0500] "GET /portaldeninos/wp-content/themes/betheme/assets/jplayer/jplayer.min.js?ver=20.9.6 HTTP/1.1" 200 52702
65.154.226.220 - - [09/Jul/2022:00:18:24 -0500] "GET /portaldeninos/wp-content/themes/betheme/js/scripts.js?ver=20.9.6 HTTP/1.1" 200 77162
65.154.226.220 - - [09/Jul/2022:00:18:24 -0500] "GET /portaldeninos/wp-includes/js/wp-embed.min.js?ver=4.9.8 HTTP/1.1" 200 1398
152.61.128.50 - - [09/Jul/2022:00:18:42 -0500] "GET / HTTP/1.1" 200 319
172.22.2.4 - - [09/Jul/2022:00:18:31 -0500] "HEAD /BLA/boletinlegal/ HTTP/1.1" 200 -
172.22.2.4 - - [09/Jul/2022:00:20:45 -0500] "GET /BLA/boletinlegal/Circulares/2019/Circular%20No.%20006%20del%2008%20de%20Febrero%20de%202019.pdf HTTP/1.1" 304 -
172.22.2.4 - - [09/Jul/2022:00:19:21 -0500] "GET /BLA/boletinlegal/ HTTP/1.1" 200 58122
201.245.192.253 - - [09/Jul/2022:00:20:58 -0500] "POST /kwsrmcab/Wsrmcab  HTTP/1.1" 200 45708
205.169.39.12 - - [09/Jul/2022:00:21:16 -0500] "GET /portaldeninos/wp-content/uploads/useanyfont/uaf.css?ver=1589905315 HTTP/1.1" 200 408
205.169.39.12 - - [09/Jul/2022:00:21:16 -0500] "GET /portaldeninos/wp-content/themes/betheme/style.css?ver=20.9.6 HTTP/1.1" 200 287
205.169.39.12 - - [09/Jul/2022:00:21:16 -0500] "GET /portaldeninos/wp-content/plugins/gallery-videos/CSS/totalsoft.css?ver=4.9.8 HTTP/1.1" 200 40622
205.169.39.12 - - [09/Jul/2022:00:21:16 -0500] "GET /portaldeninos/wp-content/themes/betheme/css/base.css?ver=20.9.6 HTTP/1.1" 200 57283
205.169.39.12 - - [09/Jul/2022:00:21:16 -0500] "GET /portaldeninos/wp-content/plugins/gallery-videos/CSS/Total-Soft-Gallery-Video-Widget.css?ver=4.9.8 HTTP/1.1" 200 51554
205.169.39.12 - - [09/Jul/2022:00:21:16 -0500] "GET /portaldeninos/wp-content/themes/betheme/assets/animations/animations.min.css?ver=20.9.6 HTTP/1.1" 200 58508
205.169.39.12 - - [09/Jul/2022:00:21:16 -0500] "GET /portaldeninos/wp-content/themes/betheme/assets/ui/jquery.ui.all.css?ver=20.9.6 HTTP/1.1" 200 18765
205.169.39.12 - - [09/Jul/2022:00:21:17 -0500] "GET /portaldeninos/wp-content/themes/betheme/assets/jplayer/css/jplayer.blue.monday.css?ver=20.9.6 HTTP/1.1" 200 9834
205.169.39.12 - - [09/Jul/2022:00:21:16 -0500] "GET /portaldeninos/wp-content/themes/betheme/css/layout.css?ver=20.9.6 HTTP/1.1" 200 116639
205.169.39.12 - - [09/Jul/2022:00:21:17 -0500] "GET /portaldeninos/wp-content/plugins/google-analytics-for-wordpress/assets/js/frontend-gtag.min.js?ver=8.5.0 HTTP/1.1" 200 11801
205.169.39.12 - - [09/Jul/2022:00:21:16 -0500] "GET /portaldeninos/wp-content/themes/betheme/css/shortcodes.css?ver=20.9.6 HTTP/1.1" 200 138889
205.169.39.12 - - [09/Jul/2022:00:21:17 -0500] "GET /portaldeninos/wp-includes/js/jquery/jquery-migrate.min.js?ver=1.4.1 HTTP/1.1" 200 10056
205.169.39.12 - - [09/Jul/2022:00:21:17 -0500] "GET /portaldeninos/wp-includes/js/jquery/ui/core.min.js?ver=1.11.4 HTTP/1.1" 200 4000
205.169.39.12 - - [09/Jul/2022:00:21:17 -0500] "GET /portaldeninos/wp-content/themes/betheme/css/responsive.css?ver=20.9.6 HTTP/1.1" 200 55740
205.169.39.12 - - [09/Jul/2022:00:21:17 -0500] "GET /portaldeninos/wp-content/plugins/gallery-videos/JS/modernizr.custom.js?ver=4.9.8 HTTP/1.1" 200 9019
205.169.39.12 - - [09/Jul/2022:00:21:17 -0500] "GET /portaldeninos/wp-includes/js/jquery/ui/widget.min.js?ver=1.11.4 HTTP/1.1" 200 6908
205.169.39.12 - - [09/Jul/2022:00:21:17 -0500] "GET /portaldeninos/wp-includes/js/jquery/jquery.js?ver=1.12.4 HTTP/1.1" 200 97184
205.169.39.12 - - [09/Jul/2022:00:21:17 -0500] "GET /portaldeninos/wp-includes/js/jquery/ui/mouse.min.js?ver=1.11.4 HTTP/1.1" 200 3148
205.169.39.12 - - [09/Jul/2022:00:21:17 -0500] "GET /portaldeninos/wp-includes/js/jquery/ui/accordion.min.js?ver=1.11.4 HTTP/1.1" 200 8584
205.169.39.12 - - [09/Jul/2022:00:21:17 -0500] "GET /portaldeninos/wp-content/themes/betheme/js/menu.js?ver=20.9.6 HTTP/1.1" 200 2449
205.169.39.12 - - [09/Jul/2022:00:21:17 -0500] "GET /portaldeninos/wp-includes/js/jquery/ui/tabs.min.js?ver=1.11.4 HTTP/1.1" 200 12110
205.169.39.12 - - [09/Jul/2022:00:21:17 -0500] "GET /portaldeninos/wp-content/plugins/gallery-videos/JS/Total-Soft-Gallery-Video-Widget.js?ver=4.9.8 HTTP/1.1" 200 80264
205.169.39.12 - - [09/Jul/2022:00:21:17 -0500] "GET /portaldeninos/wp-content/themes/betheme/assets/animations/animations.min.js?ver=20.9.6 HTTP/1.1" 200 1896
205.169.39.12 - - [09/Jul/2022:00:21:17 -0500] "GET /portaldeninos/wp-includes/js/jquery/ui/sortable.min.js?ver=1.11.4 HTTP/1.1" 200 24899
205.169.39.12 - - [09/Jul/2022:00:21:17 -0500] "GET /portaldeninos/wp-includes/js/wp-embed.min.js?ver=4.9.8 HTTP/1.1" 200 1398
205.169.39.12 - - [09/Jul/2022:00:21:17 -0500] "GET /portaldeninos/wp-content/themes/betheme/images/box_shadow.png HTTP/1.1" 200 108
205.169.39.12 - - [09/Jul/2022:00:21:17 -0500] "GET /portaldeninos/wp-includes/js/wp-emoji-release.min.js?ver=4.9.8 HTTP/1.1" 200 12026
205.169.39.12 - - [09/Jul/2022:00:21:17 -0500] "GET /portaldeninos/wp-content/themes/betheme/assets/jplayer/jplayer.min.js?ver=20.9.6 HTTP/1.1" 200 52702
205.169.39.12 - - [09/Jul/2022:00:21:17 -0500] "GET /portaldeninos/wp-content/themes/betheme/js/scripts.js?ver=20.9.6 HTTP/1.1" 200 77162
205.169.39.12 - - [09/Jul/2022:00:21:17 -0500] "GET /portaldeninos/wp-content/themes/betheme/js/plugins.js?ver=20.9.6 HTTP/1.1" 200 197151
205.169.39.12 - - [09/Jul/2022:00:21:18 -0500] "GET /portaldeninos/wp-content/themes/betheme/fonts/mfn-icons.woff?93978679 HTTP/1.1" 200 80932
205.169.39.12 - - [09/Jul/2022:00:21:18 -0500] "GET /portaldeninos/wp-content/themes/betheme/fonts/mfn-icons.ttf?93978679 HTTP/1.1" 200 101881
201.245.192.253 - - [09/Jul/2022:00:21:20 -0500] "POST /kwsrmcab/Wsrmcab HTTP/1.1" 200 44787
201.245.192.253 - - [09/Jul/2022:00:21:24 -0500] "POST /kwsrmcab/Wsrmcab HTTP/1.1" 200 46452
40.77.188.19 - - [09/Jul/2022:00:21:33 -0500] "GET /BLA/boletinlegal/js/jquery.js HTTP/1.1" 200 57254
40.77.188.19 - - [09/Jul/2022:00:21:33 -0500] "GET /BLA/boletinlegal/styles2.css HTTP/1.1" 200 1838
40.77.188.19 - - [09/Jul/2022:00:21:33 -0500] "GET /BLA/boletinlegal/js/jquery.scrollTo-min.js HTTP/1.1" 200 1150
216.245.221.92 - - [09/Jul/2022:00:23:01 -0500] "HEAD / HTTP/1.1" 200 -
201.245.192.253 - - [09/Jul/2022:00:25:56 -0500] "POST /kwsrmcab/Wsrmcab  HTTP/1.1" 200 45708
172.22.2.4 - - [09/Jul/2022:00:24:21 -0500] "HEAD /BLA/boletinlegal/ HTTP/1.1" 200 -
172.22.2.4 - - [09/Jul/2022:00:25:11 -0500] "GET /BLA/boletinlegal/ HTTP/1.1" 200 54767
199.59.150.182 - - [09/Jul/2022:00:27:24 -0500] "GET /images/Mirla%20Comu%CC%81n%20SDA%20(1)%20(1).jpeg HTTP/1.1" 404 1034
216.245.221.92 - - [09/Jul/2022:00:28:01 -0500] "HEAD / HTTP/1.1" 200 -
69.171.251.11 - - [09/Jul/2022:00:28:27 -0500] "GET /images/mercados-campesinos-5-mayo.jpg HTTP/1.1" 200 95848
201.245.192.253 - - [09/Jul/2022:00:30:56 -0500] "POST /kwsrmcab/Wsrmcab  HTTP/1.1" 200 45708
172.22.2.4 - - [09/Jul/2022:00:30:25 -0500] "GET /BLA/boletinlegal/ HTTP/1.1" 200 32715
201.245.192.253 - - [09/Jul/2022:00:31:20 -0500] "POST /kwsrmcab/Wsrmcab HTTP/1.1" 200 44787
201.245.192.253 - - [09/Jul/2022:00:31:24 -0500] "POST /kwsrmcab/Wsrmcab HTTP/1.1" 200 46452
172.22.2.4 - - [09/Jul/2022:00:30:11 -0500] "HEAD /BLA/boletinlegal/ HTTP/1.1" 200 -
66.249.66.33 - - [09/Jul/2022:00:31:59 -0500] "-" 408 -
151.235.211.63 - - [09/Jul/2022:00:32:16 -0500] "GET / HTTP/1.1" 200 319
152.61.128.50 - - [09/Jul/2022:00:32:18 -0500] "GET /arcgis/services/Calidad_del_Agua_WQI/MapServer/WMSServer?request=GetCapabilities&service=WMS HTTP/1.1" 503 1020
152.61.128.50 - - [09/Jul/2022:00:32:19 -0500] "GET /arcgis/services/Calidad_del_Agua_WQI/MapServer/WMSServer?SERVICE=WMS&REQUEST=GetCapabilities HTTP/1.1" 503 1020
157.55.39.168 - - [09/Jul/2022:00:32:19 -0500] "GET /BLA/resoluciones/AUTOS%202020/3602.pdf HTTP/1.1" 304 -
152.61.128.50 - - [09/Jul/2022:00:32:20 -0500] "GET /arcgis/services/Calidad_del_Agua_WQI/MapServer/WMSServer?WMTVER=1.0.0&REQUEST=capabilities HTTP/1.1" 503 1020
172.22.2.4 - - [09/Jul/2022:00:31:01 -0500] "GET /BLA/boletinlegal/ HTTP/1.1" 200 57699
216.245.221.92 - - [09/Jul/2022:00:33:01 -0500] "HEAD / HTTP/1.1" 200 -
199.16.157.180 - - [09/Jul/2022:00:35:18 -0500] "GET /images/Mirla%20Comu%CC%81n%20SDA%20(1)%20(1).jpeg HTTP/1.1" 404 1034
201.245.192.253 - - [09/Jul/2022:00:35:54 -0500] "POST /kwsrmcab/Wsrmcab  HTTP/1.1" 200 45708
172.22.2.4 - - [09/Jul/2022:00:36:01 -0500] "HEAD /BLA/boletinlegal/ HTTP/1.1" 200 -
216.245.221.92 - - [09/Jul/2022:00:38:01 -0500] "HEAD / HTTP/1.1" 200 -
66.249.66.139 - - [09/Jul/2022:00:38:29 -0500] "-" 408 -
172.22.2.4 - - [09/Jul/2022:00:36:51 -0500] "GET /BLA/boletinlegal/ HTTP/1.1" 200 58491
201.245.192.253 - - [09/Jul/2022:00:40:53 -0500] "POST /kwsrmcab/Wsrmcab  HTTP/1.1" 200 45708
201.245.192.253 - - [09/Jul/2022:00:41:20 -0500] "POST /kwsrmcab/Wsrmcab HTTP/1.1" 200 44787
201.245.192.253 - - [09/Jul/2022:00:41:24 -0500] "POST /kwsrmcab/Wsrmcab HTTP/1.1" 200 46452
34.91.25.88 - - [09/Jul/2022:00:42:19 -0500] "GET / HTTP/1.1" 200 319
216.245.221.92 - - [09/Jul/2022:00:43:01 -0500] "HEAD / HTTP/1.1" 200 -
172.22.2.4 - - [09/Jul/2022:00:41:51 -0500] "HEAD /BLA/boletinlegal/ HTTP/1.1" 200 -
66.249.66.63 - - [09/Jul/2022:00:44:15 -0500] "-" 408 -
172.22.2.4 - - [09/Jul/2022:00:42:41 -0500] "GET /BLA/boletinlegal/ HTTP/1.1" 200 55166
172.22.2.4 - - [09/Jul/2022:00:44:07 -0500] "GET /BLA/boletinlegal/ HTTP/1.1" 200 24523
201.245.192.253 - - [09/Jul/2022:00:45:51 -0500] "POST /kwsrmcab/Wsrmcab  HTTP/1.1" 200 45708
216.245.221.92 - - [09/Jul/2022:00:48:01 -0500] "HEAD / HTTP/1.1" 200 -
69.63.189.2 - - [09/Jul/2022:00:48:31 -0500] "GET /images/residuos-construccion-demolicion-control-bogota.jpeg HTTP/1.1" 200 79264
69.63.189.118 - - [09/Jul/2022:00:48:32 -0500] "GET /%C3%82%C2%BFsabes-que-son-los-residuos-de-construccion-y-demolicion-rcd-y-como-disponerlos-desde-tu-casa-o-empresa.html HTTP/1.1" 206 1142
172.22.2.4 - - [09/Jul/2022:00:47:40 -0500] "HEAD /BLA/boletinlegal/ HTTP/1.1" 200 -
66.249.66.139 - - [09/Jul/2022:00:49:53 -0500] "-" 408 -
172.22.2.4 - - [09/Jul/2022:00:48:31 -0500] "GET /BLA/boletinlegal/ HTTP/1.1" 200 55561
46.249.32.102 - - [09/Jul/2022:00:50:12 -0500] "GET / HTTP/1.1" 400 946
201.245.192.253 - - [09/Jul/2022:00:50:49 -0500] "POST /kwsrmcab/Wsrmcab  HTTP/1.1" 200 45708
216.245.221.92 - - [09/Jul/2022:00:53:01 -0500] "HEAD / HTTP/1.1" 200 -
172.22.2.4 - - [09/Jul/2022:00:53:30 -0500] "HEAD /BLA/boletinlegal/ HTTP/1.1" 200 -
66.249.66.75 - - [09/Jul/2022:00:55:40 -0500] "-" 408 -
201.245.192.253 - - [09/Jul/2022:00:55:49 -0500] "POST /kwsrmcab/Wsrmcab  HTTP/1.1" 200 45708
172.22.2.4 - - [09/Jul/2022:00:54:21 -0500] "GET /BLA/boletinlegal/ HTTP/1.1" 200 53903
172.22.2.4 - - [09/Jul/2022:00:54:31 -0500] "GET /BLA/boletinlegal/ HTTP/1.1" 200 55166
172.22.2.4 - - [09/Jul/2022:00:56:21 -0500] "GET /BLA/boletinlegal/js/jquery.js HTTP/1.1" 200 57254
172.22.2.4 - - [09/Jul/2022:00:56:23 -0500] "GET /BLA/boletinlegal/styles2.css HTTP/1.1" 200 1838
172.22.2.4 - - [09/Jul/2022:00:56:31 -0500] "GET /BLA/boletinlegal/js/jquery.scrollShow.js HTTP/1.1" 200 4586
172.22.2.4 - - [09/Jul/2022:00:56:35 -0500] "GET /BLA/boletinlegal/js/jquery.scrollTo-min.js HTTP/1.1" 200 1150
216.245.221.92 - - [09/Jul/2022:00:58:01 -0500] "HEAD / HTTP/1.1" 200 -
152.61.192.232 - - [09/Jul/2022:00:58:22 -0500] "GET /arcgis/services/Calidad_del_Agua_WQI/MapServer/WMSServer?request=GetCapabilities&service=WMS HTTP/1.1" 503 1020
152.61.192.232 - - [09/Jul/2022:00:58:23 -0500] "GET /arcgis/services/Calidad_del_Agua_WQI/MapServer/WMSServer?SERVICE=WMS&REQUEST=GetCapabilities HTTP/1.1" 503 1020
152.61.192.232 - - [09/Jul/2022:00:58:24 -0500] "GET /arcgis/services/Calidad_del_Agua_WQI/MapServer/WMSServer?WMTVER=1.0.0&REQUEST=capabilities HTTP/1.1" 503 1020
201.245.192.253 - - [09/Jul/2022:01:00:47 -0500] "POST /kwsrmcab/Wsrmcab  HTTP/1.1" 200 45708
172.22.2.4 - - [09/Jul/2022:00:59:20 -0500] "HEAD /BLA/boletinlegal/ HTTP/1.1" 200 -
205.169.39.152 - - [09/Jul/2022:01:01:05 -0500] "GET /portaldeninos/wp-includes/js/wp-emoji-release.min.js?ver=4.9.8 HTTP/1.1" 200 12026
205.169.39.152 - - [09/Jul/2022:01:01:06 -0500] "GET /portaldeninos/wp-content/plugins/google-analytics-for-wordpress/assets/js/frontend-gtag.min.js?ver=8.5.0 HTTP/1.1" 200 11801
205.169.39.152 - - [09/Jul/2022:01:01:06 -0500] "GET /portaldeninos/wp-includes/js/jquery/jquery.js?ver=1.12.4 HTTP/1.1" 200 97184
205.169.39.152 - - [09/Jul/2022:01:01:07 -0500] "GET /portaldeninos/wp-includes/js/jquery/jquery-migrate.min.js?ver=1.4.1 HTTP/1.1" 200 10056
205.169.39.152 - - [09/Jul/2022:01:01:07 -0500] "GET /portaldeninos/wp-includes/js/jquery/ui/core.min.js?ver=1.11.4 HTTP/1.1" 200 4000
205.169.39.152 - - [09/Jul/2022:01:01:07 -0500] "GET /portaldeninos/wp-content/plugins/gallery-videos/JS/modernizr.custom.js?ver=4.9.8 HTTP/1.1" 200 9019
205.169.39.152 - - [09/Jul/2022:01:01:07 -0500] "GET /portaldeninos/wp-content/plugins/gallery-videos/JS/Total-Soft-Gallery-Video-Widget.js?ver=4.9.8 HTTP/1.1" 200 80264
205.169.39.152 - - [09/Jul/2022:01:01:08 -0500] "GET /portaldeninos/wp-includes/js/jquery/ui/widget.min.js?ver=1.11.4 HTTP/1.1" 200 6908
205.169.39.152 - - [09/Jul/2022:01:01:08 -0500] "GET /portaldeninos/wp-includes/js/jquery/ui/mouse.min.js?ver=1.11.4 HTTP/1.1" 200 3148
205.169.39.152 - - [09/Jul/2022:01:01:08 -0500] "GET /portaldeninos/wp-includes/js/jquery/ui/sortable.min.js?ver=1.11.4 HTTP/1.1" 200 24899
205.169.39.152 - - [09/Jul/2022:01:01:09 -0500] "GET /portaldeninos/wp-includes/js/jquery/ui/tabs.min.js?ver=1.11.4 HTTP/1.1" 200 12110
205.169.39.152 - - [09/Jul/2022:01:01:09 -0500] "GET /portaldeninos/wp-includes/js/jquery/ui/accordion.min.js?ver=1.11.4 HTTP/1.1" 200 8584
205.169.39.152 - - [09/Jul/2022:01:01:09 -0500] "GET /portaldeninos/wp-content/themes/betheme/js/plugins.js?ver=20.9.6 HTTP/1.1" 200 197151
205.169.39.152 - - [09/Jul/2022:01:01:10 -0500] "GET /portaldeninos/wp-content/themes/betheme/js/menu.js?ver=20.9.6 HTTP/1.1" 200 2449
205.169.39.152 - - [09/Jul/2022:01:01:10 -0500] "GET /portaldeninos/wp-content/themes/betheme/assets/animations/animations.min.js?ver=20.9.6 HTTP/1.1" 200 1896
205.169.39.152 - - [09/Jul/2022:01:01:10 -0500] "GET /portaldeninos/wp-content/themes/betheme/assets/jplayer/jplayer.min.js?ver=20.9.6 HTTP/1.1" 200 52702
205.169.39.152 - - [09/Jul/2022:01:01:11 -0500] "GET /portaldeninos/wp-content/themes/betheme/js/scripts.js?ver=20.9.6 HTTP/1.1" 200 77162
205.169.39.152 - - [09/Jul/2022:01:01:11 -0500] "GET /portaldeninos/wp-includes/js/wp-embed.min.js?ver=4.9.8 HTTP/1.1" 200 1398
66.249.66.13 - - [09/Jul/2022:01:01:21 -0500] "-" 408 -
65.154.226.171 - - [09/Jul/2022:01:01:32 -0500] "GET /portaldeninos/wp-content/uploads/useanyfont/uaf.css?ver=1589905315 HTTP/1.1" 200 408
65.154.226.171 - - [09/Jul/2022:01:01:32 -0500] "GET /portaldeninos/wp-content/themes/betheme/style.css?ver=20.9.6 HTTP/1.1" 200 287
65.154.226.171 - - [09/Jul/2022:01:01:32 -0500] "GET /portaldeninos/wp-content/themes/betheme/css/base.css?ver=20.9.6 HTTP/1.1" 200 57283
65.154.226.171 - - [09/Jul/2022:01:01:32 -0500] "GET /portaldeninos/wp-content/plugins/gallery-videos/CSS/totalsoft.css?ver=4.9.8 HTTP/1.1" 200 40622
65.154.226.171 - - [09/Jul/2022:01:01:32 -0500] "GET /portaldeninos/wp-content/plugins/gallery-videos/CSS/Total-Soft-Gallery-Video-Widget.css?ver=4.9.8 HTTP/1.1" 200 51554
65.154.226.171 - - [09/Jul/2022:01:01:32 -0500] "GET /portaldeninos/wp-content/themes/betheme/assets/animations/animations.min.css?ver=20.9.6 HTTP/1.1" 200 58508
65.154.226.171 - - [09/Jul/2022:01:01:33 -0500] "GET /portaldeninos/wp-content/themes/betheme/assets/jplayer/css/jplayer.blue.monday.css?ver=20.9.6 HTTP/1.1" 200 9834
65.154.226.171 - - [09/Jul/2022:01:01:33 -0500] "GET /portaldeninos/wp-content/themes/betheme/assets/ui/jquery.ui.all.css?ver=20.9.6 HTTP/1.1" 200 18765
65.154.226.171 - - [09/Jul/2022:01:01:33 -0500] "GET /portaldeninos/wp-content/plugins/google-analytics-for-wordpress/assets/js/frontend-gtag.min.js?ver=8.5.0 HTTP/1.1" 200 11801
65.154.226.171 - - [09/Jul/2022:01:01:33 -0500] "GET /portaldeninos/wp-includes/js/jquery/jquery-migrate.min.js?ver=1.4.1 HTTP/1.1" 200 10056
65.154.226.171 - - [09/Jul/2022:01:01:33 -0500] "GET /portaldeninos/wp-content/themes/betheme/css/responsive.css?ver=20.9.6 HTTP/1.1" 200 55740
65.154.226.171 - - [09/Jul/2022:01:01:33 -0500] "GET /portaldeninos/wp-includes/js/jquery/ui/core.min.js?ver=1.11.4 HTTP/1.1" 200 4000
65.154.226.171 - - [09/Jul/2022:01:01:33 -0500] "GET /portaldeninos/wp-content/plugins/gallery-videos/JS/modernizr.custom.js?ver=4.9.8 HTTP/1.1" 200 9019
65.154.226.171 - - [09/Jul/2022:01:01:32 -0500] "GET /portaldeninos/wp-content/themes/betheme/css/layout.css?ver=20.9.6 HTTP/1.1" 200 116639
65.154.226.171 - - [09/Jul/2022:01:01:33 -0500] "GET /portaldeninos/wp-includes/js/jquery/ui/widget.min.js?ver=1.11.4 HTTP/1.1" 200 6908
65.154.226.171 - - [09/Jul/2022:01:01:32 -0500] "GET /portaldeninos/wp-content/themes/betheme/css/shortcodes.css?ver=20.9.6 HTTP/1.1" 200 138889
65.154.226.171 - - [09/Jul/2022:01:01:33 -0500] "GET /portaldeninos/wp-includes/js/jquery/ui/mouse.min.js?ver=1.11.4 HTTP/1.1" 200 3148
65.154.226.171 - - [09/Jul/2022:01:01:33 -0500] "GET /portaldeninos/wp-content/plugins/gallery-videos/JS/Total-Soft-Gallery-Video-Widget.js?ver=4.9.8 HTTP/1.1" 200 80264
65.154.226.171 - - [09/Jul/2022:01:01:34 -0500] "GET /portaldeninos/wp-includes/js/jquery/ui/accordion.min.js?ver=1.11.4 HTTP/1.1" 200 8584
65.154.226.171 - - [09/Jul/2022:01:01:34 -0500] "GET /portaldeninos/wp-includes/js/jquery/ui/tabs.min.js?ver=1.11.4 HTTP/1.1" 200 12110
65.154.226.171 - - [09/Jul/2022:01:01:34 -0500] "GET /portaldeninos/wp-includes/js/jquery/ui/sortable.min.js?ver=1.11.4 HTTP/1.1" 200 24899
65.154.226.171 - - [09/Jul/2022:01:01:34 -0500] "GET /portaldeninos/wp-content/themes/betheme/js/menu.js?ver=20.9.6 HTTP/1.1" 200 2449
65.154.226.171 - - [09/Jul/2022:01:01:33 -0500] "GET /portaldeninos/wp-includes/js/jquery/jquery.js?ver=1.12.4 HTTP/1.1" 200 97184
65.154.226.171 - - [09/Jul/2022:01:01:34 -0500] "GET /portaldeninos/wp-content/themes/betheme/assets/animations/animations.min.js?ver=20.9.6 HTTP/1.1" 200 1896
65.154.226.171 - - [09/Jul/2022:01:01:34 -0500] "GET /portaldeninos/wp-includes/js/wp-embed.min.js?ver=4.9.8 HTTP/1.1" 200 1398
65.154.226.171 - - [09/Jul/2022:01:01:34 -0500] "GET /portaldeninos/wp-includes/js/wp-emoji-release.min.js?ver=4.9.8 HTTP/1.1" 200 12026
65.154.226.171 - - [09/Jul/2022:01:01:34 -0500] "GET /portaldeninos/wp-content/themes/betheme/images/box_shadow.png HTTP/1.1" 200 108
65.154.226.171 - - [09/Jul/2022:01:01:34 -0500] "GET /portaldeninos/wp-content/themes/betheme/assets/jplayer/jplayer.min.js?ver=20.9.6 HTTP/1.1" 200 52702
65.154.226.171 - - [09/Jul/2022:01:01:34 -0500] "GET /portaldeninos/wp-content/themes/betheme/js/scripts.js?ver=20.9.6 HTTP/1.1" 200 77162
65.154.226.171 - - [09/Jul/2022:01:01:34 -0500] "GET /portaldeninos/wp-content/themes/betheme/fonts/mfn-icons.woff?93978679 HTTP/1.1" 200 80932
65.154.226.171 - - [09/Jul/2022:01:01:34 -0500] "GET /portaldeninos/wp-content/themes/betheme/js/plugins.js?ver=20.9.6 HTTP/1.1" 200 197151
65.154.226.171 - - [09/Jul/2022:01:01:34 -0500] "GET /portaldeninos/wp-content/themes/betheme/fonts/mfn-icons.ttf?93978679 HTTP/1.1" 200 88353
172.22.2.4 - - [09/Jul/2022:01:00:11 -0500] "GET /BLA/boletinlegal/ HTTP/1.1" 200 58491
199.59.150.182 - - [09/Jul/2022:01:02:24 -0500] "GET /images/Mirla%20Comu%CC%81n%20SDA%20(1)%20(1).jpeg HTTP/1.1" 404 1034
172.22.2.4 - - [09/Jul/2022:01:02:30 -0500] "GET /BLA/boletinlegal/ HTTP/1.1" 200 20427
185.7.214.104 - - [09/Jul/2022:01:03:00 -0500] "GET /index.php?s=/Index/\\think\\app/invokefunction&function=call_user_func_array&vars[0]=md5&vars[1][]=HelloThinkPHP21 HTTP/1.1" 404 1018
216.245.221.92 - - [09/Jul/2022:01:03:01 -0500] "HEAD / HTTP/1.1" 200 -
71.6.135.131 - - [09/Jul/2022:01:04:07 -0500] "-" 408 -
201.245.192.253 - - [09/Jul/2022:01:05:46 -0500] "POST /kwsrmcab/Wsrmcab  HTTP/1.1" 200 45708
157.55.39.133 - - [09/Jul/2022:01:06:44 -0500] "GET /una-mujer-que-trabaja-por-la-equidad-de-genero-y-la-proteccion-del-ambiente-asi-es-amanda-rodriguez.html HTTP/1.1" 200 935
172.22.2.4 - - [09/Jul/2022:01:05:10 -0500] "HEAD /BLA/boletinlegal/ HTTP/1.1" 200 -
66.249.66.139 - - [09/Jul/2022:01:07:11 -0500] "-" 408 -
172.22.2.4 - - [09/Jul/2022:01:06:01 -0500] "GET /BLA/boletinlegal/ HTTP/1.1" 200 60992
216.245.221.92 - - [09/Jul/2022:01:08:01 -0500] "HEAD / HTTP/1.1" 200 -
201.245.192.253 - - [09/Jul/2022:01:10:46 -0500] "POST /kwsrmcab/Wsrmcab  HTTP/1.1" 200 45708
199.16.157.180 - - [09/Jul/2022:01:10:58 -0500] "GET /images/Mirla%20Comu%CC%81n%20SDA%20(1)%20(1).jpeg HTTP/1.1" 404 1034
157.55.39.72 - - [09/Jul/2022:01:12:18 -0500] "GET /portaldeninos/wp-content/uploads/2021/11/monitoreo-animales-fauna-11-julio-1024x768.jpg HTTP/1.1" 200 149612
172.22.2.4 - - [09/Jul/2022:01:12:27 -0500] "GET /BLA/boletinlegal/Directivas/2011/Directiva%20No.%206%20del%208%20de%20Septiembre%20de%202011.pdf HTTP/1.1" 304 -
172.22.2.4 - - [09/Jul/2022:01:11:00 -0500] "HEAD /BLA/boletinlegal/ HTTP/1.1" 200 -
66.249.66.139 - - [09/Jul/2022:01:12:49 -0500] "-" 408 -
216.245.221.92 - - [09/Jul/2022:01:13:01 -0500] "HEAD / HTTP/1.1" 200 -
172.22.2.4 - - [09/Jul/2022:01:11:51 -0500] "GET /BLA/boletinlegal/ HTTP/1.1" 200 60410
201.245.192.253 - - [09/Jul/2022:01:15:44 -0500] "POST /kwsrmcab/Wsrmcab  HTTP/1.1" 200 45708
172.22.2.4 - - [09/Jul/2022:01:17:26 -0500] "GET /BLA/boletinlegal/Circulares/2013/Circular%20No.%201%20del%2014%20de%20enero%20de%202013.pdf HTTP/1.1" 304 -
216.245.221.92 - - [09/Jul/2022:01:18:01 -0500] "HEAD / HTTP/1.1" 200 -
66.249.66.75 - - [09/Jul/2022:01:18:26 -0500] "-" 408 -
172.22.2.4 - - [09/Jul/2022:01:16:50 -0500] "HEAD /BLA/boletinlegal/ HTTP/1.1" 200 -
172.22.2.4 - - [09/Jul/2022:01:17:41 -0500] "GET /BLA/boletinlegal/ HTTP/1.1" 200 58122
201.245.192.253 - - [09/Jul/2022:01:20:44 -0500] "POST /kwsrmcab/Wsrmcab  HTTP/1.1" 200 45708
201.245.192.253 - - [09/Jul/2022:01:21:20 -0500] "POST /kwsrmcab/Wsrmcab HTTP/1.1" 200 44779
201.245.192.253 - - [09/Jul/2022:01:21:24 -0500] "POST /kwsrmcab/Wsrmcab HTTP/1.1" 200 46629
216.245.221.92 - - [09/Jul/2022:01:23:01 -0500] "HEAD / HTTP/1.1" 200 -
172.22.2.4 - - [09/Jul/2022:01:22:40 -0500] "HEAD /BLA/boletinlegal/ HTTP/1.1" 200 -
172.22.2.4 - - [09/Jul/2022:01:23:31 -0500] "GET /BLA/boletinlegal/ HTTP/1.1" 200 58122
66.249.66.63 - - [09/Jul/2022:01:25:19 -0500] "-" 408 -
201.245.192.253 - - [09/Jul/2022:01:25:44 -0500] "POST /kwsrmcab/Wsrmcab  HTTP/1.1" 200 45708
186.30.129.206 - - [09/Jul/2022:01:26:52 -0500] "GET /BLA/resoluciones/index.php?dir= HTTP/1.1" 200 13093
186.30.129.206 - - [09/Jul/2022:01:26:53 -0500] "GET /BLA/resoluciones/dlf/folder.png HTTP/1.1" 200 410
186.30.129.206 - - [09/Jul/2022:01:26:53 -0500] "GET /BLA/resoluciones/dlf/styles.css HTTP/1.1" 200 3049
186.30.129.206 - - [09/Jul/2022:01:26:53 -0500] "GET /BLA/resoluciones/dlf/bg.gif HTTP/1.1" 200 54
186.30.129.206 - - [09/Jul/2022:01:26:58 -0500] "GET /BLA/resoluciones/dlf/dirup.png HTTP/1.1" 200 644
186.30.129.206 - - [09/Jul/2022:01:26:58 -0500] "GET /BLA/resoluciones/dlf/pdf.gif HTTP/1.1" 200 272
186.30.129.206 - - [09/Jul/2022:01:26:58 -0500] "GET /BLA/resoluciones/index.php?dir=AUTOS+2011%2F HTTP/1.1" 200 633976
186.30.129.206 - - [09/Jul/2022:01:27:59 -0500] "GET /BLA/resoluciones/index.php?dir=AUTOS+2012%2F HTTP/1.1" 200 271425
216.245.221.92 - - [09/Jul/2022:01:28:01 -0500] "HEAD / HTTP/1.1" 200 -
66.249.66.139 - - [09/Jul/2022:01:28:52 -0500] "-" 408 -
35.208.187.63 - - [09/Jul/2022:01:29:34 -0500] "HEAD /BLA/resoluciones/RESOLUCIONES%202017/0520.pdf HTTP/1.1" 200 -
172.22.2.4 - - [09/Jul/2022:01:28:30 -0500] "HEAD /BLA/boletinlegal/ HTTP/1.1" 200 -
201.245.192.253 - - [09/Jul/2022:01:30:42 -0500] "POST /kwsrmcab/Wsrmcab  HTTP/1.1" 200 45708
172.22.2.4 - - [09/Jul/2022:01:29:21 -0500] "GET /BLA/boletinlegal/ HTTP/1.1" 200 60992
201.245.192.253 - - [09/Jul/2022:01:31:20 -0500] "POST /kwsrmcab/Wsrmcab HTTP/1.1" 200 44779
201.245.192.253 - - [09/Jul/2022:01:31:24 -0500] "POST /kwsrmcab/Wsrmcab HTTP/1.1" 200 46629
172.22.2.4 - - [09/Jul/2022:01:31:42 -0500] "GET /BLA/boletinlegal/jurisprudencia/analisis/AnalisisT-606-15.docx HTTP/1.1" 200 26698
172.22.2.4 - - [09/Jul/2022:01:31:43 -0500] "GET /BLA/boletinlegal/apple-touch-icon-120x120-precomposed.png HTTP/1.1" 404 1140
172.22.2.4 - - [09/Jul/2022:01:31:43 -0500] "GET /BLA/boletinlegal/apple-touch-icon-120x120.png HTTP/1.1" 404 1140
172.22.2.4 - - [09/Jul/2022:01:31:44 -0500] "GET /BLA/boletinlegal/apple-touch-icon-precomposed.png HTTP/1.1" 404 1140
172.22.2.4 - - [09/Jul/2022:01:31:44 -0500] "GET /BLA/boletinlegal/apple-touch-icon.png HTTP/1.1" 404 1140
172.22.2.4 - - [09/Jul/2022:01:31:44 -0500] "GET /BLA/boletinlegal/favicon.ico HTTP/1.1" 404 1140
172.22.2.4 - - [09/Jul/2022:01:31:44 -0500] "GET /BLA/boletinlegal/apple-touch-icon-120x120-precomposed.png HTTP/1.1" 404 1140
172.22.2.4 - - [09/Jul/2022:01:31:44 -0500] "GET /BLA/boletinlegal/apple-touch-icon-120x120.png HTTP/1.1" 404 1140
172.22.2.4 - - [09/Jul/2022:01:31:44 -0500] "GET /BLA/boletinlegal/apple-touch-icon-precomposed.png HTTP/1.1" 404 1140
172.22.2.4 - - [09/Jul/2022:01:31:44 -0500] "GET /BLA/boletinlegal/apple-touch-icon.png HTTP/1.1" 404 1140
172.22.2.4 - - [09/Jul/2022:01:31:44 -0500] "GET /BLA/boletinlegal/favicon.ico HTTP/1.1" 404 1140
216.245.221.92 - - [09/Jul/2022:01:33:01 -0500] "HEAD / HTTP/1.1" 200 -
201.245.192.253 - - [09/Jul/2022:01:35:41 -0500] "POST /kwsrmcab/Wsrmcab  HTTP/1.1" 200 45708
172.22.2.4 - - [09/Jul/2022:01:34:20 -0500] "HEAD /BLA/boletinlegal/ HTTP/1.1" 200 -
172.22.2.4 - - [09/Jul/2022:01:35:11 -0500] "GET /BLA/boletinlegal/ HTTP/1.1" 200 60410
199.59.150.181 - - [09/Jul/2022:01:37:08 -0500] "GET /images/Mirla%20Comu%CC%81n%20SDA%20(1)%20(1).jpeg HTTP/1.1" 404 1034
216.245.221.92 - - [09/Jul/2022:01:38:01 -0500] "HEAD / HTTP/1.1" 200 -
157.55.39.114 - - [09/Jul/2022:01:38:27 -0500] "GET /Publicaciones/2022EE128366.pdf HTTP/1.1" 404 228
66.249.66.63 - - [09/Jul/2022:01:39:19 -0500] "-" 408 -
201.245.192.253 - - [09/Jul/2022:01:40:39 -0500] "POST /kwsrmcab/Wsrmcab  HTTP/1.1" 500 253
201.245.192.253 - - [09/Jul/2022:01:41:20 -0500] "POST /kwsrmcab/Wsrmcab HTTP/1.1" 500 253
201.245.192.253 - - [09/Jul/2022:01:41:20 -0500] "POST /kwsrmcab/Wsrmcab HTTP/1.1" 500 253
172.22.2.4 - - [09/Jul/2022:01:41:23 -0500] "GET /BLA/boletinlegal/actos.php HTTP/1.1" 200 9559
201.245.192.253 - - [09/Jul/2022:01:41:38 -0500] "POST /kwsrmcab/Wsrmcab  HTTP/1.1" 500 253
191.108.131.107 - - [09/Jul/2022:01:41:38 -0500] "GET /BLA/resoluciones/ HTTP/1.1" 200 13093
191.108.131.107 - - [09/Jul/2022:01:41:44 -0500] "GET /BLA/resoluciones/index.php?dir=AUTOS+2021%2F HTTP/1.1" 200 389902
172.22.2.4 - - [09/Jul/2022:01:40:10 -0500] "HEAD /BLA/boletinlegal/ HTTP/1.1" 200 -
207.46.13.39 - - [09/Jul/2022:01:41:52 -0500] "GET / HTTP/1.1" 200 319
191.108.131.107 - - [09/Jul/2022:01:42:01 -0500] "GET /BLA/resoluciones/AUTOS%202021/6746.pdf HTTP/1.1" 200 396804
201.245.192.253 - - [09/Jul/2022:01:42:37 -0500] "POST /kwsrmcab/Wsrmcab  HTTP/1.1" 500 253
172.22.2.4 - - [09/Jul/2022:01:41:01 -0500] "GET /BLA/boletinlegal/ HTTP/1.1" 200 51540
172.22.2.4 - - [09/Jul/2022:01:41:20 -0500] "GET /BLA/boletinlegal/ HTTP/1.1" 200 52826
216.245.221.92 - - [09/Jul/2022:01:43:01 -0500] "HEAD / HTTP/1.1" 200 -
185.7.214.104 - - [09/Jul/2022:01:43:24 -0500] "GET /?a=fetch&content=<php>die(@md5(HelloThinkCMF))</php> HTTP/1.1" 200 319
201.245.192.253 - - [09/Jul/2022:01:43:36 -0500] "POST /kwsrmcab/Wsrmcab  HTTP/1.1" 500 253
201.245.192.253 - - [09/Jul/2022:01:44:35 -0500] "POST /kwsrmcab/Wsrmcab  HTTP/1.1" 500 253
66.249.66.75 - - [09/Jul/2022:01:45:45 -0500] "-" 408 -
205.169.39.76 - - [09/Jul/2022:01:45:58 -0500] "GET /portaldeninos/wp-includes/js/wp-emoji-release.min.js?ver=4.9.8 HTTP/1.1" 200 12026
205.169.39.76 - - [09/Jul/2022:01:46:43 -0500] "GET /portaldeninos/wp-content/plugins/google-analytics-for-wordpress/assets/js/frontend-gtag.min.js?ver=8.5.0 HTTP/1.1" 200 11801
205.169.39.76 - - [09/Jul/2022:01:46:52 -0500] "GET /portaldeninos/wp-includes/js/jquery/jquery.js?ver=1.12.4 HTTP/1.1" 200 97184
205.169.39.76 - - [09/Jul/2022:01:47:15 -0500] "GET /portaldeninos/wp-includes/js/jquery/jquery-migrate.min.js?ver=1.4.1 HTTP/1.1" 200 10056
205.169.39.76 - - [09/Jul/2022:01:47:26 -0500] "GET /portaldeninos/wp-includes/js/jquery/ui/core.min.js?ver=1.11.4 HTTP/1.1" 200 4000
205.169.39.76 - - [09/Jul/2022:01:47:27 -0500] "GET /portaldeninos/wp-content/plugins/gallery-videos/JS/modernizr.custom.js?ver=4.9.8 HTTP/1.1" 200 9019
205.169.39.76 - - [09/Jul/2022:01:47:27 -0500] "GET /portaldeninos/wp-content/plugins/gallery-videos/JS/Total-Soft-Gallery-Video-Widget.js?ver=4.9.8 HTTP/1.1" 200 80264
172.22.2.4 - - [09/Jul/2022:01:46:00 -0500] "HEAD /BLA/boletinlegal/ HTTP/1.1" 200 -
65.154.226.170 - - [09/Jul/2022:01:47:42 -0500] "GET /portaldeninos/wp-content/uploads/useanyfont/uaf.css?ver=1589905315 HTTP/1.1" 200 408
65.154.226.170 - - [09/Jul/2022:01:47:42 -0500] "GET /portaldeninos/wp-content/themes/betheme/style.css?ver=20.9.6 HTTP/1.1" 200 287
65.154.226.170 - - [09/Jul/2022:01:47:42 -0500] "GET /portaldeninos/wp-content/plugins/gallery-videos/CSS/totalsoft.css?ver=4.9.8 HTTP/1.1" 200 40622
65.154.226.170 - - [09/Jul/2022:01:47:42 -0500] "GET /portaldeninos/wp-content/plugins/gallery-videos/CSS/Total-Soft-Gallery-Video-Widget.css?ver=4.9.8 HTTP/1.1" 200 51554
65.154.226.170 - - [09/Jul/2022:01:47:42 -0500] "GET /portaldeninos/wp-content/themes/betheme/css/base.css?ver=20.9.6 HTTP/1.1" 200 57283
65.154.226.170 - - [09/Jul/2022:01:47:42 -0500] "GET /portaldeninos/wp-content/themes/betheme/assets/animations/animations.min.css?ver=20.9.6 HTTP/1.1" 200 58508
65.154.226.170 - - [09/Jul/2022:01:47:43 -0500] "GET /portaldeninos/wp-content/themes/betheme/assets/jplayer/css/jplayer.blue.monday.css?ver=20.9.6 HTTP/1.1" 200 9834
65.154.226.170 - - [09/Jul/2022:01:47:43 -0500] "GET /portaldeninos/wp-content/themes/betheme/assets/ui/jquery.ui.all.css?ver=20.9.6 HTTP/1.1" 200 18765
65.154.226.170 - - [09/Jul/2022:01:47:42 -0500] "GET /portaldeninos/wp-content/themes/betheme/css/layout.css?ver=20.9.6 HTTP/1.1" 200 116639
65.154.226.170 - - [09/Jul/2022:01:47:43 -0500] "GET /portaldeninos/wp-includes/js/jquery/jquery-migrate.min.js?ver=1.4.1 HTTP/1.1" 200 10056
65.154.226.170 - - [09/Jul/2022:01:47:43 -0500] "GET /portaldeninos/wp-includes/js/jquery/ui/core.min.js?ver=1.11.4 HTTP/1.1" 200 4000
65.154.226.170 - - [09/Jul/2022:01:47:43 -0500] "GET /portaldeninos/wp-content/themes/betheme/css/responsive.css?ver=20.9.6 HTTP/1.1" 200 55740
65.154.226.170 - - [09/Jul/2022:01:47:42 -0500] "GET /portaldeninos/wp-content/themes/betheme/css/shortcodes.css?ver=20.9.6 HTTP/1.1" 200 138889
65.154.226.170 - - [09/Jul/2022:01:47:43 -0500] "GET /portaldeninos/wp-content/plugins/google-analytics-for-wordpress/assets/js/frontend-gtag.min.js?ver=8.5.0 HTTP/1.1" 200 11801
65.154.226.170 - - [09/Jul/2022:01:47:43 -0500] "GET /portaldeninos/wp-content/plugins/gallery-videos/JS/modernizr.custom.js?ver=4.9.8 HTTP/1.1" 200 9019
65.154.226.170 - - [09/Jul/2022:01:47:43 -0500] "GET /portaldeninos/wp-includes/js/jquery/ui/widget.min.js?ver=1.11.4 HTTP/1.1" 200 6908
65.154.226.170 - - [09/Jul/2022:01:47:43 -0500] "GET /portaldeninos/wp-includes/js/jquery/ui/mouse.min.js?ver=1.11.4 HTTP/1.1" 200 3148
65.154.226.170 - - [09/Jul/2022:01:47:43 -0500] "GET /portaldeninos/wp-includes/js/jquery/jquery.js?ver=1.12.4 HTTP/1.1" 200 97184
65.154.226.170 - - [09/Jul/2022:01:47:43 -0500] "GET /portaldeninos/wp-includes/js/jquery/ui/accordion.min.js?ver=1.11.4 HTTP/1.1" 200 8584
65.154.226.170 - - [09/Jul/2022:01:47:43 -0500] "GET /portaldeninos/wp-includes/js/jquery/ui/tabs.min.js?ver=1.11.4 HTTP/1.1" 200 12110
65.154.226.170 - - [09/Jul/2022:01:47:43 -0500] "GET /portaldeninos/wp-content/plugins/gallery-videos/JS/Total-Soft-Gallery-Video-Widget.js?ver=4.9.8 HTTP/1.1" 200 80264
65.154.226.170 - - [09/Jul/2022:01:47:43 -0500] "GET /portaldeninos/wp-includes/js/jquery/ui/sortable.min.js?ver=1.11.4 HTTP/1.1" 200 24899
65.154.226.170 - - [09/Jul/2022:01:47:43 -0500] "GET /portaldeninos/wp-content/themes/betheme/js/menu.js?ver=20.9.6 HTTP/1.1" 200 2449
65.154.226.170 - - [09/Jul/2022:01:47:43 -0500] "GET /portaldeninos/wp-content/themes/betheme/assets/animations/animations.min.js?ver=20.9.6 HTTP/1.1" 200 1896
65.154.226.170 - - [09/Jul/2022:01:47:43 -0500] "GET /portaldeninos/wp-includes/js/wp-embed.min.js?ver=4.9.8 HTTP/1.1" 200 1398
65.154.226.170 - - [09/Jul/2022:01:47:43 -0500] "GET /portaldeninos/wp-content/themes/betheme/images/box_shadow.png HTTP/1.1" 200 108
65.154.226.170 - - [09/Jul/2022:01:47:43 -0500] "GET /portaldeninos/wp-includes/js/wp-emoji-release.min.js?ver=4.9.8 HTTP/1.1" 200 12026
65.154.226.170 - - [09/Jul/2022:01:47:43 -0500] "GET /portaldeninos/wp-content/themes/betheme/assets/jplayer/jplayer.min.js?ver=20.9.6 HTTP/1.1" 200 52702
65.154.226.170 - - [09/Jul/2022:01:47:43 -0500] "GET /portaldeninos/wp-content/themes/betheme/js/scripts.js?ver=20.9.6 HTTP/1.1" 200 77162
65.154.226.170 - - [09/Jul/2022:01:47:43 -0500] "GET /portaldeninos/wp-content/themes/betheme/js/plugins.js?ver=20.9.6 HTTP/1.1" 200 197151
65.154.226.170 - - [09/Jul/2022:01:47:43 -0500] "GET /portaldeninos/wp-content/themes/betheme/fonts/mfn-icons.woff?93978679 HTTP/1.1" 200 80932
65.154.226.170 - - [09/Jul/2022:01:47:44 -0500] "GET /portaldeninos/wp-content/themes/betheme/fonts/mfn-icons.ttf?93978679 HTTP/1.1" 200 105529
205.169.39.76 - - [09/Jul/2022:01:47:50 -0500] "GET /portaldeninos/wp-includes/js/jquery/ui/widget.min.js?ver=1.11.4 HTTP/1.1" 200 6908
205.169.39.76 - - [09/Jul/2022:01:47:50 -0500] "GET /portaldeninos/wp-includes/js/jquery/ui/mouse.min.js?ver=1.11.4 HTTP/1.1" 200 3148
205.169.39.76 - - [09/Jul/2022:01:48:00 -0500] "GET /portaldeninos/wp-includes/js/jquery/ui/sortable.min.js?ver=1.11.4 HTTP/1.1" 200 24899
216.245.221.92 - - [09/Jul/2022:01:48:01 -0500] "HEAD / HTTP/1.1" 200 -
205.169.39.76 - - [09/Jul/2022:01:48:11 -0500] "GET /portaldeninos/wp-includes/js/jquery/ui/tabs.min.js?ver=1.11.4 HTTP/1.1" 200 12110
205.169.39.76 - - [09/Jul/2022:01:48:22 -0500] "GET /portaldeninos/wp-includes/js/jquery/ui/accordion.min.js?ver=1.11.4 HTTP/1.1" 200 8584
205.169.39.76 - - [09/Jul/2022:01:48:23 -0500] "GET /portaldeninos/wp-content/themes/betheme/js/plugins.js?ver=20.9.6 HTTP/1.1" 200 197151
172.22.2.4 - - [09/Jul/2022:01:46:51 -0500] "GET /BLA/boletinlegal/ HTTP/1.1" 200 58491
205.169.39.76 - - [09/Jul/2022:01:48:33 -0500] "GET /portaldeninos/wp-content/themes/betheme/js/menu.js?ver=20.9.6 HTTP/1.1" 200 2449
185.180.143.77 - - [09/Jul/2022:01:48:43 -0500] "GET / HTTP/1.1" 200 319
205.169.39.76 - - [09/Jul/2022:01:49:13 -0500] "GET /portaldeninos/wp-content/themes/betheme/assets/animations/animations.min.js?ver=20.9.6 HTTP/1.1" 200 1896
205.169.39.76 - - [09/Jul/2022:01:49:13 -0500] "GET /portaldeninos/wp-content/themes/betheme/assets/jplayer/jplayer.min.js?ver=20.9.6 HTTP/1.1" 200 52702
201.245.192.253 - - [09/Jul/2022:01:49:34 -0500] "POST /kwsrmcab/Wsrmcab  HTTP/1.1" 500 253
205.169.39.76 - - [09/Jul/2022:01:49:43 -0500] "GET /portaldeninos/wp-content/themes/betheme/js/scripts.js?ver=20.9.6 HTTP/1.1" 200 77162
205.169.39.76 - - [09/Jul/2022:01:49:53 -0500] "GET /portaldeninos/wp-includes/js/wp-embed.min.js?ver=4.9.8 HTTP/1.1" 200 1398
191.108.131.107 - - [09/Jul/2022:01:51:11 -0500] "GET /BLA/resoluciones/ HTTP/1.1" 200 13093
66.249.66.13 - - [09/Jul/2022:01:51:41 -0500] "-" 408 -
191.108.131.107 - - [09/Jul/2022:01:51:41 -0500] "GET /BLA/resoluciones/index.php?dir=AUTOS+2022%2F HTTP/1.1" 200 118754
191.108.131.107 - - [09/Jul/2022:01:51:52 -0500] "GET /BLA/resoluciones/AUTOS%202022/1290.pdf HTTP/1.1" 200 405838
216.245.221.92 - - [09/Jul/2022:01:53:01 -0500] "HEAD / HTTP/1.1" 200 -
172.22.2.4 - - [09/Jul/2022:01:51:50 -0500] "HEAD /BLA/boletinlegal/ HTTP/1.1" 200 -
207.46.13.184 - - [09/Jul/2022:01:54:07 -0500] "GET / HTTP/1.1" 200 319
172.22.2.4 - - [09/Jul/2022:01:52:41 -0500] "GET /BLA/boletinlegal/ HTTP/1.1" 200 60410
199.16.157.183 - - [09/Jul/2022:01:54:31 -0500] "GET /images/Mirla%20Comu%CC%81n%20SDA%20(1)%20(1).jpeg HTTP/1.1" 404 1034
201.245.192.253 - - [09/Jul/2022:01:54:33 -0500] "POST /kwsrmcab/Wsrmcab  HTTP/1.1" 500 253
186.30.129.206 - - [09/Jul/2022:01:55:25 -0500] "GET /BLA/resoluciones/index.php?dir= HTTP/1.1" 200 13093
186.30.129.206 - - [09/Jul/2022:01:55:29 -0500] "GET /BLA/resoluciones/index.php?dir=RESOLUCIONES+2019%2F HTTP/1.1" 200 241327
2.57.122.98 - - [09/Jul/2022:01:57:20 -0500] "GET / HTTP/1.1" 200 319
216.245.221.92 - - [09/Jul/2022:01:58:01 -0500] "HEAD / HTTP/1.1" 200 -
66.249.66.75 - - [09/Jul/2022:01:58:38 -0500] "-" 408 -
172.22.2.4 - - [09/Jul/2022:01:57:40 -0500] "HEAD /BLA/boletinlegal/ HTTP/1.1" 200 -
201.245.192.253 - - [09/Jul/2022:01:59:32 -0500] "POST /kwsrmcab/Wsrmcab  HTTP/1.1" 500 253
40.77.167.106 - - [09/Jul/2022:01:59:50 -0500] "-" 408 -
172.22.2.4 - - [09/Jul/2022:01:58:31 -0500] "GET /BLA/boletinlegal/ HTTP/1.1" 200 60410
205.169.39.184 - - [09/Jul/2022:02:01:29 -0500] "GET /portaldeninos/wp-includes/js/wp-emoji-release.min.js?ver=4.9.8 HTTP/1.1" 200 12026
205.169.39.184 - - [09/Jul/2022:02:01:29 -0500] "GET /portaldeninos/wp-content/plugins/google-analytics-for-wordpress/assets/js/frontend-gtag.min.js?ver=8.5.0 HTTP/1.1" 200 11801
205.169.39.184 - - [09/Jul/2022:02:01:29 -0500] "GET /portaldeninos/wp-includes/js/jquery/jquery.js?ver=1.12.4 HTTP/1.1" 200 97184
205.169.39.184 - - [09/Jul/2022:02:01:30 -0500] "GET /portaldeninos/wp-includes/js/jquery/jquery-migrate.min.js?ver=1.4.1 HTTP/1.1" 200 10056
205.169.39.184 - - [09/Jul/2022:02:01:31 -0500] "GET /portaldeninos/wp-includes/js/jquery/ui/core.min.js?ver=1.11.4 HTTP/1.1" 200 4000
205.169.39.184 - - [09/Jul/2022:02:01:31 -0500] "GET /portaldeninos/wp-content/plugins/gallery-videos/JS/modernizr.custom.js?ver=4.9.8 HTTP/1.1" 200 9019
205.169.39.184 - - [09/Jul/2022:02:01:31 -0500] "GET /portaldeninos/wp-content/plugins/gallery-videos/JS/Total-Soft-Gallery-Video-Widget.js?ver=4.9.8 HTTP/1.1" 200 80264
205.169.39.184 - - [09/Jul/2022:02:01:32 -0500] "GET /portaldeninos/wp-includes/js/jquery/ui/widget.min.js?ver=1.11.4 HTTP/1.1" 200 6908
205.169.39.184 - - [09/Jul/2022:02:01:32 -0500] "GET /portaldeninos/wp-includes/js/jquery/ui/mouse.min.js?ver=1.11.4 HTTP/1.1" 200 3148
205.169.39.184 - - [09/Jul/2022:02:01:32 -0500] "GET /portaldeninos/wp-includes/js/jquery/ui/sortable.min.js?ver=1.11.4 HTTP/1.1" 200 24899
205.169.39.184 - - [09/Jul/2022:02:01:32 -0500] "GET /portaldeninos/wp-includes/js/jquery/ui/tabs.min.js?ver=1.11.4 HTTP/1.1" 200 12110
205.169.39.184 - - [09/Jul/2022:02:01:32 -0500] "GET /portaldeninos/wp-includes/js/jquery/ui/accordion.min.js?ver=1.11.4 HTTP/1.1" 200 8584
205.169.39.184 - - [09/Jul/2022:02:01:33 -0500] "GET /portaldeninos/wp-content/themes/betheme/js/plugins.js?ver=20.9.6 HTTP/1.1" 200 197151
205.169.39.184 - - [09/Jul/2022:02:01:34 -0500] "GET /portaldeninos/wp-content/themes/betheme/js/menu.js?ver=20.9.6 HTTP/1.1" 200 2449
205.169.39.184 - - [09/Jul/2022:02:01:35 -0500] "GET /portaldeninos/wp-content/themes/betheme/assets/animations/animations.min.js?ver=20.9.6 HTTP/1.1" 200 1896
205.169.39.184 - - [09/Jul/2022:02:01:35 -0500] "GET /portaldeninos/wp-content/themes/betheme/assets/jplayer/jplayer.min.js?ver=20.9.6 HTTP/1.1" 200 52702
205.169.39.184 - - [09/Jul/2022:02:01:35 -0500] "GET /portaldeninos/wp-content/themes/betheme/js/scripts.js?ver=20.9.6 HTTP/1.1" 200 77162
205.169.39.184 - - [09/Jul/2022:02:01:35 -0500] "GET /portaldeninos/wp-includes/js/wp-embed.min.js?ver=4.9.8 HTTP/1.1" 200 1398
191.108.131.107 - - [09/Jul/2022:02:02:11 -0500] "GET /BLA/resoluciones/index.php?dir=AUTOS+2022%2F HTTP/1.1" 200 118754
191.108.131.107 - - [09/Jul/2022:02:02:22 -0500] "GET /BLA/resoluciones/AUTOS%202022/2118.pdf HTTP/1.1" 200 831768
216.245.221.92 - - [09/Jul/2022:02:03:01 -0500] "HEAD / HTTP/1.1" 200 -
