207.241.235.152 - - [10/Jul/2022:21:18:30 -0500] "GET /portaldeninos/wp-content/uploads/2021/11/pieza-observatorio-ambiental-10-abril-150x150.jpg HTTP/1.0" 200 6508
207.241.235.152 - - [10/Jul/2022:21:18:39 -0500] "GET /portaldeninos/wp-content/uploads/2021/11/pieza-observatorio-ambiental-10-abril-85x85.jpg HTTP/1.0" 200 3172
207.241.235.152 - - [10/Jul/2022:21:18:42 -0500] "GET /portaldeninos/wp-content/uploads/2021/06/Educacion-ambiental-ecosistema-1200x480.jpg HTTP/1.0" 200 116584
207.241.235.152 - - [10/Jul/2022:21:18:45 -0500] "GET /portaldeninos/wp-content/uploads/2021/06/Educacion-ambiental-juego.jpg HTTP/1.0" 200 33165
207.241.235.152 - - [10/Jul/2022:21:18:51 -0500] "GET /portaldeninos/wp-content/uploads/2021/06/Educacion-ambiental-juego-300x159.jpg HTTP/1.0" 200 9242
207.241.235.152 - - [10/Jul/2022:21:18:54 -0500] "GET /portaldeninos/wp-content/uploads/2021/06/Educacion-ambiental-juego-260x138.jpg HTTP/1.0" 200 7494
181.61.53.67 - - [10/Jul/2022:21:18:58 -0500] "GET /BLA/resoluciones/RESOLUCIONES%202020/1442.pdf HTTP/1.1" 200 500623
207.241.235.152 - - [10/Jul/2022:21:19:02 -0500] "GET /portaldeninos/wp-content/uploads/2021/06/Educacion-ambiental-juego-50x26.jpg HTTP/1.0" 200 1229
207.241.235.152 - - [10/Jul/2022:21:19:14 -0500] "GET /portaldeninos/wp-content/uploads/2021/06/Educacion-ambiental-juego-142x75.jpg HTTP/1.0" 200 3457
207.241.235.152 - - [10/Jul/2022:21:19:17 -0500] "GET /portaldeninos/wp-content/uploads/2021/06/Educacion-ambiental-ecosistema-1024x576.jpg HTTP/1.0" 200 116953
201.245.192.253 - - [10/Jul/2022:21:19:23 -0500] "POST /kwsrmcab/Wsrmcab  HTTP/1.1" 200 45708
207.241.235.152 - - [10/Jul/2022:21:19:31 -0500] "GET /portaldeninos/category/noticias/page/2/ HTTP/1.0" 200 102063
207.241.235.152 - - [10/Jul/2022:21:19:37 -0500] "GET /portaldeninos/category/noticias/page/2/developer_id.dZGIzZG HTTP/1.0" 404 75240
172.22.2.4 - - [10/Jul/2022:21:19:17 -0500] "HEAD /BLA/boletinlegal/ HTTP/1.1" 200 -
201.245.192.253 - - [10/Jul/2022:21:21:11 -0500] "POST /kwsrmcab/Wsrmcab HTTP/1.1" 200 46312
201.245.192.253 - - [10/Jul/2022:21:21:15 -0500] "POST /kwsrmcab/Wsrmcab HTTP/1.1" 200 47406
172.22.2.4 - - [10/Jul/2022:21:20:07 -0500] "GET /BLA/boletinlegal/ HTTP/1.1" 200 55561
216.245.221.92 - - [10/Jul/2022:21:22:55 -0500] "HEAD / HTTP/1.1" 200 -
172.22.2.4 - - [10/Jul/2022:21:23:35 -0500] "GET /BLA/boletinlegal/style.css HTTP/1.1" 200 9406
172.22.2.4 - - [10/Jul/2022:21:23:35 -0500] "GET /BLA/boletinlegal/styles2.css HTTP/1.1" 200 1838
172.22.2.4 - - [10/Jul/2022:21:23:35 -0500] "GET /BLA/boletinlegal/js/jquery.js HTTP/1.1" 200 57254
172.22.2.4 - - [10/Jul/2022:21:23:35 -0500] "GET /BLA/boletinlegal/js/jquery.scrollTo-min.js HTTP/1.1" 200 1150
172.22.2.4 - - [10/Jul/2022:21:23:35 -0500] "GET /BLA/boletinlegal/js/jquery.scrollShow.js HTTP/1.1" 200 4586
172.22.2.4 - - [10/Jul/2022:21:23:35 -0500] "GET /BLA/boletinlegal/images/cabezote%20BLEGAL.jpg HTTP/1.1" 200 118164
172.22.2.4 - - [10/Jul/2022:21:23:35 -0500] "GET /BLA/boletinlegal/images/subscribe-icon-big.png HTTP/1.1" 200 47702
172.22.2.4 - - [10/Jul/2022:21:23:35 -0500] "GET /BLA/boletinlegal/images/arr_l.jpg HTTP/1.1" 200 1979
172.22.2.4 - - [10/Jul/2022:21:23:35 -0500] "GET /BLA/boletinlegal/images/screen_1.png HTTP/1.1" 200 202547
172.22.2.4 - - [10/Jul/2022:21:23:35 -0500] "GET /BLA/boletinlegal/images/launch.jpg HTTP/1.1" 200 14577
172.22.2.4 - - [10/Jul/2022:21:23:42 -0500] "GET /BLA/boletinlegal/images/screen_3.png HTTP/1.1" 200 210620
172.22.2.4 - - [10/Jul/2022:21:23:42 -0500] "GET /BLA/boletinlegal/images/screen_5.png HTTP/1.1" 200 368876
172.22.2.4 - - [10/Jul/2022:21:23:42 -0500] "GET /BLA/boletinlegal/images/screen_2.png HTTP/1.1" 200 362502
172.22.2.4 - - [10/Jul/2022:21:23:42 -0500] "GET /BLA/boletinlegal/images/arr_r.jpg HTTP/1.1" 200 1998
172.22.2.4 - - [10/Jul/2022:21:23:46 -0500] "GET /BLA/boletinlegal/actos.php HTTP/1.1" 200 9559
172.22.2.4 - - [10/Jul/2022:21:23:47 -0500] "GET /BLA/boletinlegal/js/ajax_actos.js HTTP/1.1" 200 1322
172.22.2.4 - - [10/Jul/2022:21:23:47 -0500] "GET /BLA/boletinlegal/niceforms-default.css HTTP/1.1" 200 6694
172.22.2.4 - - [10/Jul/2022:21:23:47 -0500] "GET /BLA/boletinlegal/niceforms.js HTTP/1.1" 200 22876
172.22.2.4 - - [10/Jul/2022:21:23:47 -0500] "GET /BLA/boletinlegal/js/lib.js HTTP/1.1" 200 6474
172.22.2.4 - - [10/Jul/2022:21:23:47 -0500] "GET /BLA/boletinlegal/js/popup.js HTTP/1.1" 200 1270
172.22.2.4 - - [10/Jul/2022:21:23:47 -0500] "GET /BLA/boletinlegal/js/jquery1.js HTTP/1.1" 200 29846
172.22.2.4 - - [10/Jul/2022:21:23:47 -0500] "GET /BLA/boletinlegal/favicon.ico HTTP/1.1" 404 1230
172.22.2.4 - - [10/Jul/2022:21:23:50 -0500] "GET /BLA/boletinlegal/images/pdf.gif HTTP/1.1" 200 567
186.155.209.11 - - [10/Jul/2022:21:24:02 -0500] "GET /BLA/resoluciones/ HTTP/1.1" 200 13093
186.155.209.11 - - [10/Jul/2022:21:24:02 -0500] "GET /BLA/resoluciones/dlf/styles.css HTTP/1.1" 200 3049
186.155.209.11 - - [10/Jul/2022:21:24:02 -0500] "GET /BLA/resoluciones/dlf/folder.png HTTP/1.1" 200 410
186.155.209.11 - - [10/Jul/2022:21:24:02 -0500] "GET /BLA/resoluciones/dlf/bg.gif HTTP/1.1" 200 54
186.155.209.11 - - [10/Jul/2022:21:24:02 -0500] "GET /favicon.ico HTTP/1.1" 200 7782
186.155.209.11 - - [10/Jul/2022:21:24:14 -0500] "GET /BLA/resoluciones/dlf/dirup.png HTTP/1.1" 200 644
186.155.209.11 - - [10/Jul/2022:21:24:14 -0500] "GET /BLA/resoluciones/dlf/pdf.gif HTTP/1.1" 200 272
186.155.209.11 - - [10/Jul/2022:21:24:13 -0500] "GET /BLA/resoluciones/index.php?dir=RESOLUCIONES+2010%2F HTTP/1.1" 200 1307967
201.245.192.253 - - [10/Jul/2022:21:24:22 -0500] "POST /kwsrmcab/Wsrmcab  HTTP/1.1" 200 45708
186.155.209.11 - - [10/Jul/2022:21:24:30 -0500] "GET /BLA/resoluciones/RESOLUCIONES%202010/2866.pdf HTTP/1.1" 200 874867
172.22.2.4 - - [10/Jul/2022:21:23:35 -0500] "GET /BLA/boletinlegal/ HTTP/1.1" 200 62754
172.22.2.4 - - [10/Jul/2022:21:25:07 -0500] "HEAD /BLA/boletinlegal/ HTTP/1.1" 200 -
186.102.20.51 - - [10/Jul/2022:21:27:25 -0500] "GET /kwssiamovil/sm/ldap/au?x=U2FsdGVkX18MsxkCQLaTFMpVU5aero2fojcRTqlrkTTcsDPPoZE014i+Ciin1Kb3&y=U2FsdGVkX191DS0EV2W5ivw3b7/KahdhG5l2cU7zCKU= HTTP/1.1" 200 30
186.102.20.51 - - [10/Jul/2022:21:27:26 -0500] "GET /kwssiamovil/sm/acme/s?s=U2FsdGVkX1/kbS8SqjlX1ysqBPq2P3Fk+eNwhdKpiDW+M75sicHlR7c5IXDzLybfEoV2ziMx404jI747hsge7kH0tNmR1s3V4He5qMLUi80=&u=U2FsdGVkX19u5YY+li+UZoAUVFhtw/kalw8juZqBpOc=&y=U2FsdGVkX191DS0EV2W5ivw3b7/KahdhG5l2cU7zCKU= HTTP/1.1" 200 97
186.102.20.51 - - [10/Jul/2022:21:27:26 -0500] "GET /kwssiamovil/sm/acme/s?s=U2FsdGVkX1/zLtw8Vv9CO3g2jbC6bH8AG0E3t3sP1RcdAWT4pI1ezUv37iKECeW04ITEauNlS0uR/4WhSQ8x2pfu/Wxa/2SXatOv84mgM+2n1pI2TCeJnwfGf1/bxKrDMKrmi05nDLdv6XlIfeUrwoS4AXp9nIfE5bh+Z2+JIKf9uFrnBDcxlgIbOktH6m3oIBS8iU46wQlL6lR6OyXcJnTyTNELpvtaKuEBpw3/gbP7Z9GDcQQT2fza5AfUW16fYEx9E0UQTVJpkp4RNhLC6OvAbIQs8xNs7uVFTlk9SOpX4PsFDSFjzjfjKJelEDlF2LDQwb0a14MGMhX3qDzjylrc4dd7nE/pTq5YNJjtTJQ//vWUmDrg4SqNMSG/rdKxRWyimLG3gneCv0A/5AL9t167NI6ffVKWztUbrje/jKMXbzGfxXHe0oSf1dz00lXFIiVOpiyT0wzY/Y9aTzQPqB9fA2SaClnzDjuJPn1WNsEKn+aiuzDf9RA/IOKsnKl+p3dy1ceNwiTf/9edOZyb/Mfxrk6VudrIc7Od2zab5jdy1Uch5LRqVosIUFwT9e4ERMIDf03k8BNgTQf155TI7NKn5td7TSFaHAcTF9+iNQecfYrKcMILPjtpZQb8xKblfzLd07cSW++v5fxwK9yvjYXzRq0zYSODFMfA8pZ4vZ40bcHZzfIuuu+vpAhX7iNYXh2ra7RTpz2aUPYbY4n7CrSQ9F/ZgC+y3GMnjaHuiZNJvr1XmGJwqJMglT4QK4/Q3FQGR+VhEFFjMHzUR+spXARX2OUzju6wj3e0NxbQMEG/tSkAVzkCVyA8yFy8ENwnn+NEcLh4KtF6unSAItVxAt0t+42fQ9mrhw/nYDJk7TfUttt0OgcMPuT9OyYsTLrnHyjciw0pxsSu0Zcu1oxAALwW8SpvY6t5EyYirmiRH58Z688CCRMwwINW6OtdlRvzZkTNKffPrY/uzJ/1fNteAl0Dyt6AhosAC0RVN+fqy+seZ0SAWGuyLce+uE+68ePt5x12q7Edw82brkP1rBiMefzC7Df5SmN09sGtxp7z1k7JQtIRn86GJnK/IatjU0hJslg2mxZgPYVca3g8m5j1D+oR/cOug8U9Z6bXBKbCF+m0gxGLAUpW9En8Kpypa50Hk+tv4XYN7z7YAz3Xg4Ae+QtuBTmVk0ByotCQBCJpgdURxqgc2wP2+6yC6i6ZCYGDHBUQof4LwCjamcSZEJSLA7iDx3PiyCH/8puTkDN36UKInoNxOlttDeKnpyntLZW/5NC6KwNnXg+8FkYvP4gBAJp5kt0Lk8FwYs4j/1XUxsOdfIbqb+vOs8LUKaS4g/C1nLsbLLsoK/O9d0IOrrum+hABy17jm91d0E6CVrhEe4g=&u=U2FsdGVkX19u5YY+li+UZoAUVFhtw/kalw8juZqBpOc=&y=U2FsdGVkX191DS0EV2W5ivw3b7/KahdhG5l2cU7zCKU= HTTP/1.1" 200 356
186.102.20.51 - - [10/Jul/2022:21:27:26 -0500] "GET /kwssiamovil/sm/acme/s?s=U2FsdGVkX19eJ2G2Bxbognu+0Sivq3lOFZm6Wi6X7VcZZYBd6ocKelZMpqhUOxT9GU3+Z0J/zjdpQngifPYtSoFBMiCe2Aq7hd/HHiBMIdMja0C2to45zri3Wg1pwIK0XjJS1uPrbFfMfwXSKqTAPbom8tMl5z5yTh9DL3mWq6S0hVlVx0IYvrcUdZHnB7qumz5g7WsngVj2kxxU0fJ5K+OnX5GZYmPoOwKwXPCPmijwyHzf/RYTe+gMVPfIM77DD36cr5ODzq9ueMlSpwX49DLSnq3/JZjze3tUOHffaF4=&u=U2FsdGVkX19u5YY+li+UZoAUVFhtw/kalw8juZqBpOc=&y=U2FsdGVkX191DS0EV2W5ivw3b7/KahdhG5l2cU7zCKU= HTTP/1.1" 200 176
186.102.20.51 - - [10/Jul/2022:21:27:26 -0500] "GET /kwssiamovil/sm/cjson/pre?f=1&x=U2FsdGVkX18MsxkCQLaTFMpVU5aero2fojcRTqlrkTTcsDPPoZE014i+Ciin1Kb3 HTTP/1.1" 200 30992
172.22.2.4 - - [10/Jul/2022:21:25:57 -0500] "GET /BLA/boletinlegal/ HTTP/1.1" 200 58122
216.245.221.92 - - [10/Jul/2022:21:27:55 -0500] "HEAD / HTTP/1.1" 200 -
201.245.192.253 - - [10/Jul/2022:21:29:21 -0500] "POST /kwsrmcab/Wsrmcab  HTTP/1.1" 200 45708
181.134.24.93 - - [10/Jul/2022:21:29:54 -0500] "GET /appsia/controlador HTTP/1.1" 200 4799
181.134.24.93 - - [10/Jul/2022:21:29:54 -0500] "GET /appsia/css/estilos.css HTTP/1.1" 200 4804
181.134.24.93 - - [10/Jul/2022:21:29:54 -0500] "GET /appsia/scripts/validarIngreso.js HTTP/1.1" 200 851
181.134.24.93 - - [10/Jul/2022:21:29:54 -0500] "GET /appsia/images/cabezoteHojaVida.png HTTP/1.1" 200 32493
181.134.24.93 - - [10/Jul/2022:21:29:54 -0500] "GET /appsia/images/logo_bogota_p.png HTTP/1.1" 200 14951
181.134.24.93 - - [10/Jul/2022:21:29:54 -0500] "GET /favicon.ico HTTP/1.1" 200 7782
181.134.24.93 - - [10/Jul/2022:21:30:06 -0500] "POST /appsia/controlador HTTP/1.1" 200 5437
181.134.24.93 - - [10/Jul/2022:21:30:09 -0500] "POST /appsia/controlador HTTP/1.1" 200 3238
181.134.24.93 - - [10/Jul/2022:21:30:09 -0500] "GET /appsia/jscripts/validarSolicitud.js HTTP/1.1" 404 68
181.134.24.93 - - [10/Jul/2022:21:30:10 -0500] "POST /appsia/controlador HTTP/1.1" 200 5437
181.134.24.93 - - [10/Jul/2022:21:30:11 -0500] "POST /appsia/controlador HTTP/1.1" 200 9163
181.134.24.93 - - [10/Jul/2022:21:30:11 -0500] "GET /appsia/images/logo_escudo.png HTTP/1.1" 200 36965
201.245.192.253 - - [10/Jul/2022:21:31:11 -0500] "POST /kwsrmcab/Wsrmcab HTTP/1.1" 200 46312
201.245.192.253 - - [10/Jul/2022:21:31:15 -0500] "POST /kwsrmcab/Wsrmcab HTTP/1.1" 200 47406
172.22.2.4 - - [10/Jul/2022:21:30:57 -0500] "HEAD /BLA/boletinlegal/ HTTP/1.1" 200 -
216.245.221.92 - - [10/Jul/2022:21:32:55 -0500] "HEAD / HTTP/1.1" 200 -
172.22.2.4 - - [10/Jul/2022:21:31:47 -0500] "GET /BLA/boletinlegal/ HTTP/1.1" 200 56911
65.49.20.67 - - [10/Jul/2022:21:33:51 -0500] "GET / HTTP/1.1" 200 319
201.245.192.253 - - [10/Jul/2022:21:34:19 -0500] "POST /kwsrmcab/Wsrmcab  HTTP/1.1" 200 45708
157.55.39.133 - - [10/Jul/2022:21:35:12 -0500] "GET / HTTP/1.1" 200 4720
172.22.2.4 - - [10/Jul/2022:21:36:55 -0500] "GET /BLA/boletinlegal/ HTTP/1.1" 200 24523
216.245.221.92 - - [10/Jul/2022:21:37:55 -0500] "HEAD / HTTP/1.1" 200 -
172.22.2.4 - - [10/Jul/2022:21:36:23 -0500] "GET /BLA/boletinlegal/ HTTP/1.1" 200 49942
172.22.2.4 - - [10/Jul/2022:21:36:47 -0500] "HEAD /BLA/boletinlegal/ HTTP/1.1" 200 -
172.22.2.4 - - [10/Jul/2022:21:37:37 -0500] "GET /BLA/boletinlegal/ HTTP/1.1" 200 52826
201.245.192.253 - - [10/Jul/2022:21:39:18 -0500] "POST /kwsrmcab/Wsrmcab  HTTP/1.1" 200 45708
65.49.20.83 - - [10/Jul/2022:21:39:27 -0500] "GET /favicon.ico HTTP/1.1" 200 7782
186.102.13.246 - - [10/Jul/2022:21:39:33 -0500] "GET /kwssiamovil/sm/acme/u?s=U2FsdGVkX1/srGICKUcMtx+LyBpUF5FQrGbvGiiiotJ2QLH1cjfpp7KWzliJethbHD1RHcpwaxlorP0zmUh8zB7XVgDWQ6M6U+QfV284W5WM7b2zSf5bfHQLnxNMKF5zMzQnBOI4Kz1PL1QJdZbSUQ==&u=U2FsdGVkX19o6F3aRu/G4lXs+EYkSEUM/RnNsWbPBvE=&y=U2FsdGVkX1+jkBicrXq9NgWLpA6bP7LNcckrqyWBWKQ= HTTP/1.1" 200 60
207.46.13.31 - - [10/Jul/2022:21:40:00 -0500] "GET /galeria/galeria/fotos/Humedal-vaca6G.jpg HTTP/1.1" 200 176858
172.22.2.4 - - [10/Jul/2022:21:40:16 -0500] "GET /BLA/boletinlegal/Circulares/2019/.pdf HTTP/1.1" 404 1218
201.245.192.253 - - [10/Jul/2022:21:41:11 -0500] "POST /kwsrmcab/Wsrmcab HTTP/1.1" 200 46312
201.245.192.253 - - [10/Jul/2022:21:41:15 -0500] "POST /kwsrmcab/Wsrmcab HTTP/1.1" 200 47406
216.245.221.92 - - [10/Jul/2022:21:42:55 -0500] "HEAD / HTTP/1.1" 200 -
207.46.13.39 - - [10/Jul/2022:21:43:08 -0500] "GET /BLA/boletinlegal/Circulares/2017/Circular%20No.%202%20del%201%20de%20Septiembre%20de%202017.pdf HTTP/1.1" 304 -
173.252.87.11 - - [10/Jul/2022:21:43:15 -0500] "GET /mirla-un-ave-que-recorre-y-habita-diferentes-ecosistemas-de-bogota.html?fbclid=IwAR0oktfw9DqnPWug0-72V4C-P2wcG_MHVnviWjUUaS0-AvoqW-R8xeM51Zw HTTP/1.1" 200 728
207.46.13.8 - - [10/Jul/2022:21:43:57 -0500] "GET /Publicaciones/2022EE132833.pdf HTTP/1.1" 404 228
172.22.2.4 - - [10/Jul/2022:21:42:37 -0500] "HEAD /BLA/boletinlegal/ HTTP/1.1" 200 -
201.245.192.253 - - [10/Jul/2022:21:44:17 -0500] "POST /kwsrmcab/Wsrmcab  HTTP/1.1" 200 45708
172.22.2.4 - - [10/Jul/2022:21:45:02 -0500] "GET /BLA/boletinlegal/robots.txt HTTP/1.1" 404 1038
172.22.2.4 - - [10/Jul/2022:21:45:02 -0500] "GET /BLA/boletinlegal/jurisprudencia.php HTTP/1.1" 200 17573
172.22.2.4 - - [10/Jul/2022:21:45:03 -0500] "GET /BLA/boletinlegal/Circulares/2019/Circular%20No.%200003%20del%2031%20de%20Enero%20de%202019.pdf HTTP/1.1" 304 -
172.22.2.4 - - [10/Jul/2022:21:45:06 -0500] "GET /BLA/boletinlegal/js/jquery1.js HTTP/1.1" 200 29846
172.22.2.4 - - [10/Jul/2022:21:45:06 -0500] "GET /BLA/boletinlegal/js/popup.js HTTP/1.1" 200 1270
172.22.2.4 - - [10/Jul/2022:21:45:07 -0500] "GET /BLA/boletinlegal/js/lib.js HTTP/1.1" 200 6474
172.22.2.4 - - [10/Jul/2022:21:43:27 -0500] "GET /BLA/boletinlegal/ HTTP/1.1" 200 58491
185.7.214.104 - - [10/Jul/2022:21:47:01 -0500] "GET /?XDEBUG_SESSION_START=phpstorm HTTP/1.1" 200 319
66.249.73.3 - - [10/Jul/2022:21:47:32 -0500] "-" 408 -
216.245.221.92 - - [10/Jul/2022:21:47:55 -0500] "HEAD / HTTP/1.1" 200 -
201.245.192.253 - - [10/Jul/2022:21:49:17 -0500] "POST /kwsrmcab/Wsrmcab  HTTP/1.1" 200 45708
157.55.39.133 - - [10/Jul/2022:21:49:34 -0500] "GET / HTTP/1.1" 200 4720
172.22.2.4 - - [10/Jul/2022:21:48:27 -0500] "HEAD /BLA/boletinlegal/ HTTP/1.1" 200 -
185.7.214.104 - - [10/Jul/2022:21:50:11 -0500] "GET /console/ HTTP/1.1" 404 1018
172.22.2.4 - - [10/Jul/2022:21:49:17 -0500] "GET /BLA/boletinlegal/ HTTP/1.1" 200 55166
216.245.221.92 - - [10/Jul/2022:21:52:55 -0500] "HEAD / HTTP/1.1" 200 -
172.22.2.4 - - [10/Jul/2022:21:52:29 -0500] "GET /BLA/boletinlegal/ HTTP/1.1" 200 32715
186.86.33.12 - - [10/Jul/2022:21:54:03 -0500] "GET /portaldeninos/wp-content/plugins/gallery-videos/CSS/totalsoft.css?ver=4.9.8 HTTP/1.1" 200 40622
186.86.33.12 - - [10/Jul/2022:21:54:03 -0500] "GET /portaldeninos/wp-content/plugins/gallery-videos/CSS/Total-Soft-Gallery-Video-Widget.css?ver=4.9.8 HTTP/1.1" 200 51554
186.86.33.12 - - [10/Jul/2022:21:54:03 -0500] "GET /portaldeninos/wp-content/uploads/useanyfont/uaf.css?ver=1589905315 HTTP/1.1" 200 408
186.86.33.12 - - [10/Jul/2022:21:54:03 -0500] "GET /portaldeninos/wp-content/themes/betheme/style.css?ver=20.9.6 HTTP/1.1" 200 287
186.86.33.12 - - [10/Jul/2022:21:54:03 -0500] "GET /portaldeninos/wp-content/themes/betheme/css/base.css?ver=20.9.6 HTTP/1.1" 200 57283
186.86.33.12 - - [10/Jul/2022:21:54:03 -0500] "GET /portaldeninos/wp-content/themes/betheme/css/layout.css?ver=20.9.6 HTTP/1.1" 200 116639
186.86.33.12 - - [10/Jul/2022:21:54:03 -0500] "GET /portaldeninos/wp-content/themes/betheme/assets/jplayer/css/jplayer.blue.monday.css?ver=20.9.6 HTTP/1.1" 200 9834
186.86.33.12 - - [10/Jul/2022:21:54:03 -0500] "GET /portaldeninos/wp-content/themes/betheme/css/shortcodes.css?ver=20.9.6 HTTP/1.1" 200 138889
186.86.33.12 - - [10/Jul/2022:21:54:03 -0500] "GET /portaldeninos/wp-content/themes/betheme/assets/ui/jquery.ui.all.css?ver=20.9.6 HTTP/1.1" 200 18765
186.86.33.12 - - [10/Jul/2022:21:54:03 -0500] "GET /portaldeninos/wp-content/plugins/google-analytics-for-wordpress/assets/js/frontend-gtag.min.js?ver=8.5.0 HTTP/1.1" 200 11801
186.86.33.12 - - [10/Jul/2022:21:54:03 -0500] "GET /portaldeninos/wp-content/themes/betheme/assets/animations/animations.min.css?ver=20.9.6 HTTP/1.1" 200 58508
186.86.33.12 - - [10/Jul/2022:21:54:04 -0500] "GET /portaldeninos/wp-includes/js/jquery/ui/core.min.js?ver=1.11.4 HTTP/1.1" 200 4000
186.86.33.12 - - [10/Jul/2022:21:54:04 -0500] "GET /portaldeninos/wp-content/plugins/gallery-videos/JS/modernizr.custom.js?ver=4.9.8 HTTP/1.1" 200 9019
186.86.33.12 - - [10/Jul/2022:21:54:04 -0500] "GET /portaldeninos/wp-includes/js/jquery/jquery-migrate.min.js?ver=1.4.1 HTTP/1.1" 200 10056
186.86.33.12 - - [10/Jul/2022:21:54:03 -0500] "GET /portaldeninos/wp-content/themes/betheme/css/responsive.css?ver=20.9.6 HTTP/1.1" 200 55740
186.86.33.12 - - [10/Jul/2022:21:54:04 -0500] "GET /portaldeninos/wp-includes/js/jquery/ui/widget.min.js?ver=1.11.4 HTTP/1.1" 200 6908
186.86.33.12 - - [10/Jul/2022:21:54:04 -0500] "GET /portaldeninos/wp-content/plugins/gallery-videos/JS/Total-Soft-Gallery-Video-Widget.js?ver=4.9.8 HTTP/1.1" 200 80264
186.86.33.12 - - [10/Jul/2022:21:54:04 -0500] "GET /portaldeninos/wp-includes/js/jquery/ui/mouse.min.js?ver=1.11.4 HTTP/1.1" 200 3148
186.86.33.12 - - [10/Jul/2022:21:54:04 -0500] "GET /portaldeninos/wp-includes/js/jquery/ui/tabs.min.js?ver=1.11.4 HTTP/1.1" 200 12110
186.86.33.12 - - [10/Jul/2022:21:54:04 -0500] "GET /portaldeninos/wp-includes/js/jquery/jquery.js?ver=1.12.4 HTTP/1.1" 200 97184
186.86.33.12 - - [10/Jul/2022:21:54:04 -0500] "GET /portaldeninos/wp-includes/js/jquery/ui/sortable.min.js?ver=1.11.4 HTTP/1.1" 200 24899
186.86.33.12 - - [10/Jul/2022:21:54:04 -0500] "GET /portaldeninos/wp-content/themes/betheme/js/menu.js?ver=20.9.6 HTTP/1.1" 200 2449
186.86.33.12 - - [10/Jul/2022:21:54:04 -0500] "GET /portaldeninos/wp-includes/js/jquery/ui/accordion.min.js?ver=1.11.4 HTTP/1.1" 200 8584
186.86.33.12 - - [10/Jul/2022:21:54:04 -0500] "GET /portaldeninos/wp-content/themes/betheme/assets/animations/animations.min.js?ver=20.9.6 HTTP/1.1" 200 1896
186.86.33.12 - - [10/Jul/2022:21:54:04 -0500] "GET /portaldeninos/wp-includes/js/wp-embed.min.js?ver=4.9.8 HTTP/1.1" 200 1398
186.86.33.12 - - [10/Jul/2022:21:54:04 -0500] "GET /portaldeninos/wp-content/themes/betheme/images/box_shadow.png HTTP/1.1" 200 108
186.86.33.12 - - [10/Jul/2022:21:54:04 -0500] "GET /portaldeninos/wp-content/themes/betheme/assets/jplayer/jplayer.min.js?ver=20.9.6 HTTP/1.1" 200 52702
186.86.33.12 - - [10/Jul/2022:21:54:04 -0500] "GET /portaldeninos/wp-content/themes/betheme/js/scripts.js?ver=20.9.6 HTTP/1.1" 200 77162
186.86.33.12 - - [10/Jul/2022:21:54:04 -0500] "GET /portaldeninos/wp-includes/js/wp-emoji-release.min.js?ver=4.9.8 HTTP/1.1" 200 12026
186.86.33.12 - - [10/Jul/2022:21:54:04 -0500] "GET /portaldeninos/wp-content/themes/betheme/js/plugins.js?ver=20.9.6 HTTP/1.1" 200 197151
186.86.33.12 - - [10/Jul/2022:21:54:04 -0500] "GET /portaldeninos/wp-content/themes/betheme/fonts/mfn-icons.ttf?93978679 HTTP/1.1" 200 102241
201.245.192.253 - - [10/Jul/2022:21:54:16 -0500] "POST /kwsrmcab/Wsrmcab  HTTP/1.1" 200 45708
186.86.33.12 - - [10/Jul/2022:21:54:04 -0500] "GET /portaldeninos/wp-content/themes/betheme/fonts/mfn-icons.woff?93978679 HTTP/1.1" 200 80932
185.119.81.102 - - [10/Jul/2022:21:54:57 -0500] "GET /portaldeninos/wp-login.php HTTP/1.1" 200 2592
185.119.81.102 - - [10/Jul/2022:21:54:58 -0500] "POST /portaldeninos/wp-login.php HTTP/1.1" 200 3650
172.22.2.4 - - [10/Jul/2022:21:54:17 -0500] "HEAD /BLA/boletinlegal/ HTTP/1.1" 200 -
2.57.122.98 - - [10/Jul/2022:21:56:21 -0500] "GET / HTTP/1.1" 200 319
172.22.2.4 - - [10/Jul/2022:21:55:32 -0500] "GET /BLA/boletinlegal/ HTTP/1.1" 200 24523
172.22.2.4 - - [10/Jul/2022:21:55:07 -0500] "GET /BLA/boletinlegal/ HTTP/1.1" 200 49236
173.252.83.22 - - [10/Jul/2022:21:57:09 -0500] "GET /con-el-pot-bogota-tendra-30-mas-de-areas-verdes-protegidas.html HTTP/1.1" 206 940
216.245.221.92 - - [10/Jul/2022:21:57:55 -0500] "HEAD / HTTP/1.1" 200 -
13.66.139.19 - - [10/Jul/2022:21:58:15 -0500] "GET /BLA/boletinlegal/Circulares/2012/Circular%20No.%2016%20del%2022%20de%20octubre%20de%202012.pdf HTTP/1.1" 200 381186
40.77.167.66 - - [10/Jul/2022:21:59:00 -0500] "GET /BLA/resoluciones/AUTOS%202021/2545.pdf HTTP/1.1" 200 524402
201.245.192.253 - - [10/Jul/2022:21:59:15 -0500] "POST /kwsrmcab/Wsrmcab  HTTP/1.1" 200 45708
191.109.166.201 - - [10/Jul/2022:21:59:45 -0500] "GET /forest/ HTTP/1.1" 200 12041
191.109.166.201 - - [10/Jul/2022:22:00:12 -0500] "GET /forest/ HTTP/1.1" 200 12041
186.30.129.206 - - [10/Jul/2022:22:01:32 -0500] "GET /BLA/resoluciones/index.php?dir= HTTP/1.1" 200 13093
186.30.129.206 - - [10/Jul/2022:22:01:35 -0500] "GET /BLA/resoluciones/index.php?dir=AUTOS+2010%2F HTTP/1.1" 200 276453
172.22.2.4 - - [10/Jul/2022:22:00:07 -0500] "HEAD /BLA/boletinlegal/ HTTP/1.1" 200 -
186.30.129.206 - - [10/Jul/2022:22:02:16 -0500] "GET /BLA/resoluciones/index.php?dir=RESOLUCIONES+2010%2F HTTP/1.1" 200 1307967
186.30.129.206 - - [10/Jul/2022:22:02:35 -0500] "GET /BLA/resoluciones/RESOLUCIONES%202010/3957.pdf HTTP/1.1" 200 503257
172.22.2.4 - - [10/Jul/2022:22:00:57 -0500] "GET /BLA/boletinlegal/ HTTP/1.1" 200 58122
216.245.221.92 - - [10/Jul/2022:22:02:55 -0500] "HEAD / HTTP/1.1" 200 -
192.241.220.209 - - [10/Jul/2022:22:03:29 -0500] "GET /ReportServer HTTP/1.1" 404 1018
186.30.129.206 - - [10/Jul/2022:22:03:54 -0500] "GET /BLA/resoluciones/RESOLUCIONES%202010/7637.pdf HTTP/1.1" 200 454461
201.245.192.253 - - [10/Jul/2022:22:04:14 -0500] "POST /kwsrmcab/Wsrmcab  HTTP/1.1" 200 45708
186.169.182.162 - - [10/Jul/2022:22:05:13 -0500] "GET /BLA/resoluciones/RESOLUCIONES%202018/1471.pdf HTTP/1.1" 200 4855393
186.169.182.162 - - [10/Jul/2022:22:05:13 -0500] "GET /favicon.ico HTTP/1.1" 200 7782
172.22.2.4 - - [10/Jul/2022:22:05:57 -0500] "HEAD /BLA/boletinlegal/ HTTP/1.1" 200 -
216.245.221.92 - - [10/Jul/2022:22:07:55 -0500] "HEAD / HTTP/1.1" 200 -
172.22.2.4 - - [10/Jul/2022:22:06:47 -0500] "GET /BLA/boletinlegal/ HTTP/1.1" 200 54359
201.245.192.253 - - [10/Jul/2022:22:09:14 -0500] "POST /kwsrmcab/Wsrmcab  HTTP/1.1" 200 45708
179.33.245.98 - - [10/Jul/2022:22:09:56 -0500] "GET /BLA/resoluciones/RESOLUCIONES%202011/6971.pdf HTTP/1.1" 200 637749
179.33.245.98 - - [10/Jul/2022:22:09:56 -0500] "GET /BLA/resoluciones/RESOLUCIONES%202011/6971.pdf HTTP/1.1" 206 1025
179.33.245.98 - - [10/Jul/2022:22:09:56 -0500] "GET /BLA/resoluciones/RESOLUCIONES%202011/6971.pdf HTTP/1.1" 200 637749
181.48.255.70 - - [10/Jul/2022:22:09:57 -0500] "GET /BLA/resoluciones/RESOLUCIONES%202011/6971.pdf HTTP/1.1" 200 637749
216.245.221.92 - - [10/Jul/2022:22:12:55 -0500] "HEAD / HTTP/1.1" 200 -
34.90.146.20 - - [10/Jul/2022:22:13:06 -0500] "GET / HTTP/1.1" 200 319
172.22.2.4 - - [10/Jul/2022:22:11:47 -0500] "HEAD /BLA/boletinlegal/ HTTP/1.1" 200 -
201.245.192.253 - - [10/Jul/2022:22:14:13 -0500] "POST /kwsrmcab/Wsrmcab  HTTP/1.1" 200 45708
172.22.2.4 - - [10/Jul/2022:22:12:37 -0500] "GET /BLA/boletinlegal/ HTTP/1.1" 200 58491
69.171.251.111 - - [10/Jul/2022:22:14:35 -0500] "GET /images/Junio%2002-experiencias-jardines-verticales-sda.jpeg HTTP/1.1" 200 31171
157.55.39.168 - - [10/Jul/2022:22:15:32 -0500] "GET /transparencia/General%20Asignado/? HTTP/1.1" 200 43125
185.119.81.101 - - [10/Jul/2022:22:16:17 -0500] "GET /portaldeninos/wp-login.php HTTP/1.1" 200 2592
185.119.81.101 - - [10/Jul/2022:22:16:18 -0500] "POST /portaldeninos/wp-login.php HTTP/1.1" 200 3605
216.245.221.92 - - [10/Jul/2022:22:17:55 -0500] "HEAD / HTTP/1.1" 200 -
207.241.235.152 - - [10/Jul/2022:22:18:51 -0500] "-" 408 -
201.245.192.253 - - [10/Jul/2022:22:19:12 -0500] "POST /kwsrmcab/Wsrmcab  HTTP/1.1" 200 45708
172.22.2.4 - - [10/Jul/2022:22:17:37 -0500] "HEAD /BLA/boletinlegal/ HTTP/1.1" 200 -
172.22.2.4 - - [10/Jul/2022:22:18:27 -0500] "GET /BLA/boletinlegal/ HTTP/1.1" 200 58491
201.245.192.253 - - [10/Jul/2022:22:21:12 -0500] "POST /kwsrmcab/Wsrmcab HTTP/1.1" 200 46157
201.245.192.253 - - [10/Jul/2022:22:21:15 -0500] "POST /kwsrmcab/Wsrmcab HTTP/1.1" 200 47395
216.245.221.92 - - [10/Jul/2022:22:22:55 -0500] "HEAD / HTTP/1.1" 200 -
201.245.192.253 - - [10/Jul/2022:22:24:10 -0500] "POST /kwsrmcab/Wsrmcab  HTTP/1.1" 200 45708
172.22.2.4 - - [10/Jul/2022:22:23:40 -0500] "GET /BLA/boletinlegal/ HTTP/1.1" 200 24523
172.22.2.4 - - [10/Jul/2022:22:23:27 -0500] "HEAD /BLA/boletinlegal/ HTTP/1.1" 200 -
66.102.6.177 - - [10/Jul/2022:22:25:17 -0500] "GET /BLA/boletinlegal/js/jquery.scrollShow.js HTTP/1.1" 200 4586
66.102.6.173 - - [10/Jul/2022:22:25:17 -0500] "GET /galeria/galeria/jquery.fancybox.js?v=2.1.5 HTTP/1.1" 200 48706
66.102.6.173 - - [10/Jul/2022:22:25:17 -0500] "GET /galeria/galeria/jquery.fancybox.css?v=2.1.5 HTTP/1.1" 200 4895
66.102.6.177 - - [10/Jul/2022:22:25:22 -0500] "GET /galeria/carrusel/Carrusel/jquery.thumbnailScroller.css HTTP/1.1" 200 2066
66.102.6.173 - - [10/Jul/2022:22:25:22 -0500] "GET /galeria/carrusel/Carrusel/jquery-ui-1.8.13.custom.min.js HTTP/1.1" 200 10800
66.102.6.177 - - [10/Jul/2022:22:25:22 -0500] "GET /galeria/carrusel/Carrusel/jquery.thumbnailScroller.js HTTP/1.1" 200 8157
66.102.6.177 - - [10/Jul/2022:22:25:23 -0500] "GET /galeria/nivo-slider/demo/banner.html HTTP/1.1" 200 5446
66.102.6.173 - - [10/Jul/2022:22:25:23 -0500] "GET /galeria/nivo-slider/themes/default/default.css HTTP/1.1" 200 1569
66.102.6.177 - - [10/Jul/2022:22:25:23 -0500] "GET /galeria/nivo-slider/demo/images/banneraire2021.jpg HTTP/1.1" 200 265101
66.102.6.175 - - [10/Jul/2022:22:25:23 -0500] "GET /galeria/nivo-slider/nivo-slider.css HTTP/1.1" 200 1507
66.102.6.177 - - [10/Jul/2022:22:25:23 -0500] "GET /galeria/nivo-slider/themes/pascal/pascal.css HTTP/1.1" 200 2258
66.102.6.177 - - [10/Jul/2022:22:25:23 -0500] "GET /galeria/nivo-slider/demo/style.css HTTP/1.1" 200 2222
66.102.6.175 - - [10/Jul/2022:22:25:23 -0500] "GET /galeria/nivo-slider/themes/orman/orman.css HTTP/1.1" 200 2152
66.102.6.175 - - [10/Jul/2022:22:25:23 -0500] "GET /galeria/nivo-slider/demo/scripts/jquery-1.7.1.min.js HTTP/1.1" 200 93868
66.102.6.177 - - [10/Jul/2022:22:25:24 -0500] "GET /galeria/nivo-slider/demo/images/bannerresiduoshospitalariosagosto.jpg HTTP/1.1" 200 36499
66.102.6.177 - - [10/Jul/2022:22:25:24 -0500] "GET /galeria/nivo-slider/demo/images/bannertrafico_optimized.jpg HTTP/1.1" 200 42578
66.102.6.175 - - [10/Jul/2022:22:25:24 -0500] "GET /galeria/nivo-slider/demo/images/banneraccionpopular.jpeg HTTP/1.1" 200 41707
66.102.6.175 - - [10/Jul/2022:22:25:24 -0500] "GET /galeria/nivo-slider/demo/images/Bannervirtualescanales.jpg HTTP/1.1" 200 174544
66.102.6.177 - - [10/Jul/2022:22:25:24 -0500] "GET /galeria/nivo-slider/demo/images/bannerrutaesperanza.jpg HTTP/1.1" 200 55560
66.102.6.177 - - [10/Jul/2022:22:25:25 -0500] "GET /galeria/nivo-slider/demo/images/Bannersedeelectronica.jpg HTTP/1.1" 200 40383
66.102.6.177 - - [10/Jul/2022:22:25:25 -0500] "GET /galeria/nivo-slider/demo/images/bannercapacitacionesbogota.jpg HTTP/1.1" 200 42416
66.102.6.177 - - [10/Jul/2022:22:25:25 -0500] "GET /galeria/nivo-slider/demo/images/bannertortuga_optimized.jpg HTTP/1.1" 200 39066
66.102.6.173 - - [10/Jul/2022:22:25:25 -0500] "GET /galeria/nivo-slider/demo/images/Bannerplasticosseptiembre.jpg HTTP/1.1" 200 45633
66.102.6.173 - - [10/Jul/2022:22:25:25 -0500] "GET /galeria/nivo-slider/demo/images/banneraccionpopularcrr68.jpg HTTP/1.1" 200 51887
66.102.6.173 - - [10/Jul/2022:22:25:25 -0500] "GET /galeria/nivo-slider/demo/images/Bannermujeresquereverdecen.jpg HTTP/1.1" 200 46558
66.102.6.173 - - [10/Jul/2022:22:25:25 -0500] "GET /galeria/nivo-slider/demo/images/Bannerenvases.jpg HTTP/1.1" 200 37316
66.102.6.175 - - [10/Jul/2022:22:25:25 -0500] "GET /galeria/nivo-slider/demo/images/bannerclases2021.jpg HTTP/1.1" 200 68230
66.102.6.177 - - [10/Jul/2022:22:25:25 -0500] "GET /galeria/nivo-slider/jquery.nivo.slider.pack.js HTTP/1.1" 200 11561
66.102.6.175 - - [10/Jul/2022:22:25:25 -0500] "GET /galeria/nivo-slider/themes/default/loading.gif HTTP/1.1" 200 1737
66.102.6.177 - - [10/Jul/2022:22:25:25 -0500] "GET /galeria/nivo-slider/demo/images/4Simple_Slider.png HTTP/1.1" 200 11722
66.102.6.177 - - [10/Jul/2022:22:25:26 -0500] "GET /galeria/nivo-slider/themes/default/arrows.png HTTP/1.1" 200 824
66.102.6.175 - - [10/Jul/2022:22:25:26 -0500] "GET /galeria/nivo-slider/themes/default/bullets.png HTTP/1.1" 200 1281
172.22.2.4 - - [10/Jul/2022:22:24:17 -0500] "GET /BLA/boletinlegal/ HTTP/1.1" 200 42749
172.22.2.4 - - [10/Jul/2022:22:24:36 -0500] "GET /BLA/boletinlegal/index.php HTTP/1.1" 200 42251
194.233.82.195 - - [10/Jul/2022:22:26:16 -0500] "GET /portaldeninos/ HTTP/1.1" 200 109662
172.22.2.4 - - [10/Jul/2022:22:25:01 -0500] "GET /BLA/boletinlegal/ HTTP/1.1" 200 48280
194.233.82.195 - - [10/Jul/2022:22:26:33 -0500] "GET /portaldeninos//wp-includes/wlwmanifest.xml HTTP/1.1" 200 1045
194.233.82.195 - - [10/Jul/2022:22:26:50 -0500] "GET /portaldeninos//wp-login.php HTTP/1.1" 200 2592
194.233.82.195 - - [10/Jul/2022:22:27:06 -0500] "GET /portaldeninos//?author=1 HTTP/1.1" 301 -
194.233.82.195 - - [10/Jul/2022:22:27:23 -0500] "GET /portaldeninos//?author=2 HTTP/1.1" 301 -
207.46.13.39 - - [10/Jul/2022:22:27:50 -0500] "GET /Publicaciones/2022EE132743.pdf HTTP/1.1" 404 228
216.245.221.92 - - [10/Jul/2022:22:27:55 -0500] "HEAD / HTTP/1.1" 200 -
194.233.82.195 - - [10/Jul/2022:22:27:39 -0500] "GET /portaldeninos//?author=3 HTTP/1.1" 200 90338
194.233.82.195 - - [10/Jul/2022:22:27:56 -0500] "GET /portaldeninos//wp-json/wp/v2/users/ HTTP/1.1" 200 1366
157.55.39.114 - - [10/Jul/2022:22:28:12 -0500] "GET /BLA/resoluciones/0893.tif HTTP/1.1" 404 1018
201.245.192.253 - - [10/Jul/2022:22:29:09 -0500] "POST /kwsrmcab/Wsrmcab  HTTP/1.1" 200 45708
172.22.2.4 - - [10/Jul/2022:22:29:17 -0500] "HEAD /BLA/boletinlegal/ HTTP/1.1" 200 -
201.245.192.253 - - [10/Jul/2022:22:31:11 -0500] "POST /kwsrmcab/Wsrmcab HTTP/1.1" 200 46157
201.245.192.253 - - [10/Jul/2022:22:31:15 -0500] "POST /kwsrmcab/Wsrmcab HTTP/1.1" 200 47395
172.22.2.4 - - [10/Jul/2022:22:30:07 -0500] "GET /BLA/boletinlegal/ HTTP/1.1" 200 58491
172.22.2.4 - - [10/Jul/2022:22:32:09 -0500] "GET /BLA/boletinlegal/actos.php HTTP/1.1" 200 9559
172.22.2.4 - - [10/Jul/2022:22:32:09 -0500] "GET /BLA/boletinlegal/styles2.css HTTP/1.1" 200 1838
172.22.2.4 - - [10/Jul/2022:22:32:09 -0500] "GET /BLA/boletinlegal/js/ajax_actos.js HTTP/1.1" 200 1322
172.22.2.4 - - [10/Jul/2022:22:32:09 -0500] "GET /BLA/boletinlegal/niceforms-default.css HTTP/1.1" 200 6694
172.22.2.4 - - [10/Jul/2022:22:32:09 -0500] "GET /BLA/boletinlegal/style.css HTTP/1.1" 200 9406
172.22.2.4 - - [10/Jul/2022:22:32:09 -0500] "GET /BLA/boletinlegal/niceforms.js HTTP/1.1" 200 22876
172.22.2.4 - - [10/Jul/2022:22:32:09 -0500] "GET /BLA/boletinlegal/js/lib.js HTTP/1.1" 200 6474
172.22.2.4 - - [10/Jul/2022:22:32:09 -0500] "GET /BLA/boletinlegal/js/popup.js HTTP/1.1" 200 1270
172.22.2.4 - - [10/Jul/2022:22:32:09 -0500] "GET /BLA/boletinlegal/js/jquery1.js HTTP/1.1" 200 29846
172.22.2.4 - - [10/Jul/2022:22:32:09 -0500] "GET /BLA/boletinlegal/images/cabezote%20BLEGAL.jpg HTTP/1.1" 200 118164
172.22.2.4 - - [10/Jul/2022:22:32:09 -0500] "GET /BLA/boletinlegal/images/subscribe-icon-big.png HTTP/1.1" 200 47702
172.22.2.4 - - [10/Jul/2022:22:32:09 -0500] "GET /BLA/boletinlegal/images/historia.png HTTP/1.1" 200 52775
172.22.2.4 - - [10/Jul/2022:22:32:10 -0500] "GET /BLA/boletinlegal/images/green-yellow-blue-pink-th.png HTTP/1.1" 200 7394
172.22.2.4 - - [10/Jul/2022:22:32:10 -0500] "GET /BLA/boletinlegal/images/abajo.png HTTP/1.1" 200 96676
172.22.2.4 - - [10/Jul/2022:22:32:10 -0500] "GET /BLA/boletinlegal/images/registro-usuarios.png HTTP/1.1" 200 8106
172.22.2.4 - - [10/Jul/2022:22:32:10 -0500] "GET /BLA/boletinlegal/images/tel.png HTTP/1.1" 200 14477
172.22.2.4 - - [10/Jul/2022:22:32:10 -0500] "GET /BLA/boletinlegal/images/body_bg.jpg HTTP/1.1" 200 1601
172.22.2.4 - - [10/Jul/2022:22:32:10 -0500] "GET /BLA/boletinlegal/images/icono-email.png HTTP/1.1" 200 5544
172.22.2.4 - - [10/Jul/2022:22:32:10 -0500] "GET /BLA/boletinlegal/images/menu_lft.gif HTTP/1.1" 200 1713
172.22.2.4 - - [10/Jul/2022:22:32:10 -0500] "GET /BLA/boletinlegal/images/menu_rght.gif HTTP/1.1" 200 1627
172.22.2.4 - - [10/Jul/2022:22:32:10 -0500] "GET /BLA/boletinlegal/images/bg_top.jpg HTTP/1.1" 200 522
172.22.2.4 - - [10/Jul/2022:22:32:10 -0500] "GET /BLA/boletinlegal/images/menu_bg.jpg HTTP/1.1" 200 620
172.22.2.4 - - [10/Jul/2022:22:32:10 -0500] "GET /BLA/boletinlegal/images/hover.jpg HTTP/1.1" 200 640
172.22.2.4 - - [10/Jul/2022:22:32:10 -0500] "GET /BLA/boletinlegal/images/text.jpg HTTP/1.1" 200 568
172.22.2.4 - - [10/Jul/2022:22:32:10 -0500] "GET /BLA/boletinlegal/images/footer_bg.jpg HTTP/1.1" 200 586
172.22.2.4 - - [10/Jul/2022:22:32:10 -0500] "GET /BLA/boletinlegal/images/footer_bg_l.jpg HTTP/1.1" 200 776
172.22.2.4 - - [10/Jul/2022:22:32:10 -0500] "GET /BLA/boletinlegal/img/0.png HTTP/1.1" 200 110
172.22.2.4 - - [10/Jul/2022:22:32:10 -0500] "GET /BLA/boletinlegal/img/select-left.png HTTP/1.1" 200 263
172.22.2.4 - - [10/Jul/2022:22:32:10 -0500] "GET /BLA/boletinlegal/img/button-left.png HTTP/1.1" 200 57071
172.22.2.4 - - [10/Jul/2022:22:32:10 -0500] "GET /BLA/boletinlegal/img/select-right.png HTTP/1.1" 200 44019
172.22.2.4 - - [10/Jul/2022:22:32:10 -0500] "GET /BLA/boletinlegal/img/button-right.png HTTP/1.1" 200 57878
172.22.2.4 - - [10/Jul/2022:22:32:10 -0500] "GET /BLA/boletinlegal/img/button.png HTTP/1.1" 200 43241
172.22.2.4 - - [10/Jul/2022:22:32:10 -0500] "GET /BLA/boletinlegal/favicon.ico HTTP/1.1" 404 1326
172.22.2.4 - - [10/Jul/2022:22:32:35 -0500] "GET /BLA/boletinlegal/consulta_actos.php?tipo=autos&no=2166&usuario=&sector=&fecha=2022&resuelve= HTTP/1.1" 200 1113
172.22.2.4 - - [10/Jul/2022:22:32:35 -0500] "GET /BLA/boletinlegal/images/pdf.gif HTTP/1.1" 200 567
181.61.209.55 - - [10/Jul/2022:22:32:37 -0500] "GET /BLA/resoluciones/AUTOS%202022/2166.pdf HTTP/1.1" 200 415536
181.61.209.55 - - [10/Jul/2022:22:32:38 -0500] "GET /favicon.ico HTTP/1.1" 200 7782
216.245.221.92 - - [10/Jul/2022:22:32:55 -0500] "HEAD / HTTP/1.1" 200 -
181.53.14.142 - - [10/Jul/2022:22:33:14 -0500] "GET /kwssiamovil/sm/acme/a?s=U2FsdGVkX19S5ZCTNM04dOe7E80Y/CTRsitfAq6Qpg9vGQ0luy/Ct88h/KXAqamG08VEZCUgSQfEvOwsxJeF4nYEnDm9nPD45AskT/wV/NBSzP6+MwwNFYTJ1UizobFSVyou9Uphw863e1e9ZaHX0QnU8FWUidsjD1GVA3SRkdalwLdtn3ksjVCWzMXfTGujYn9WUtJ+lH/kWo8lDE/F4OJT/tQofAtX3i6BcZyRpVgAW4+Oj8th5j5oouHdLFhqbz+ETDR4JirslyGVFEIWodplbnFXKDf7YSq1zMkAfUE=&u=U2FsdGVkX19pzbdhmOXA0xBg/UMzCkYxwx5F2vz3yNmv/cQqjs01s4GryrGejFSQ&y=U2FsdGVkX19MpSAsEB+Z4paZVv9rvc/a3FtDdP0agE0ERB1xWPYbzZ/+VczYnKH+ HTTP/1.1" 200 25
181.53.14.142 - - [10/Jul/2022:22:33:15 -0500] "GET /kwssiamovil/sm/acme/a?s=U2FsdGVkX18HIl2BATgkGEm4vfIyfsEcl/OYyry1JZQkQ3uR2wwOuldO46P445zlnd/y+UyfFc4eUCOZfOS6w+6WVTelpEHJwW4I/9YUZfL6mnmI4JBI5QnsB+oh6eWqfpvuoqz2BxUN0PoDp+DQnH0x3HAcaJgXnnlvWorTs4EI7mBPFpLKB4eZ+iWZdQnm0ZPOutQFJhykmMeU+edDk/BA1pB5IE4A1Fa9+jalizBIq9SVgtz8GP0hiPUnRG3k/qr7HegJ71wFrOhHQHogYkJ4q+QRGbkGQ6JghSc6NzhkMWnjKbrQvmL5YDIANVsq4qg4LSxEvma+N3SJB7dfkdyYx09oDfgqBqoH2EomlDNojyEgFb4HE6vM6TEDnRrVQFvABOmJjIwakiFmQDy/hmT+OBWjmm7x127zW8/AMJfHkFzgZQDAp/Rg91Xdpdt1DaakuyY/12yF4SqhvL7bseFmVCQbarzM/zG1zpRrRj0qRhq2ufubHuOLc15A8fdoEwbb7pyqDXmDQqT6tmuoHRhWz+6Iyv0+Ulv7yU+LgALoWLsuLGBi8alC8NusRQJ55r/8++V/D8zSaUfHmmbDvcXHFuryBsvCpn3gub57eIy8GhhhWoi/15CGMnWrk+rTf/RQSztczNuLwvc//KBIJZ8xtbAZMKGS/8/ZRt7s1IG45jchLPpjvOCArodhvmhItjBuZOpveoc+Y8hXiZ2KczN67OgA6+L/nCD64QySa3xk0kyAcHEe3ksrXmuatSUx+L7adxsWwcfng+/wq80DFheyFXhcoh1O1WrTTS9gSb4cMPXTEmSHwM3YJziat9Hxwfy8p9GkEPx/hhZr1Xwcg1yZd3kcH4/yrflStJYEZltw4XjHsJITU2ZvMUdpdU8F1QzWuqdRERs0JtSWtxJGhu02XOZ/sN+ldzYcX5kiiqaXQRnDLaDpxsgGp8x1etsFSwF2a1ZxYBx+NcI22qfRfzRn1lQPQ57ROyiORCAkPPQK0Fhxi/J7ET/kQ2MxGWOnO/aY1A+pd+PfzB5y+YZdQrKmxF35GnvuQs68NSP9UVL5dMxfxk38CFc064uQ9RMFh6Kr/gz5yg8iwmCcm0HCroh4TQm09MhF/2SvUKBO9MbgzVGvduKJ1/cfz2lOiLpOjNpjYw6bxcpgP4/RxT7vO3ED7rijlHzQvJ0a4YEWOSLYiXPfi2NFms81TNHx2y4ygsVFl5N/95+X2jzyGZtWT/lFL3t6985zrXSvCnvGuvMnzBMN+kp7NXsl2+zrf6GIsLl4STp2MgF5iO6xplJSscwLiHuoKxly2Bve3lIeUd10cLzwSDprPZLH9yg7SeUAbk6+qGmdXkNi1wV1ZdLfKMgOgRUm0Jjb8PLKnz2sFPXREJiEbWrTe603CY6Kv06mlBbF43WgkGbBQmqMIjtBHcWCQoZIPVsYVOFqFjsODMGj06FQySIRYzN1MiRfrhbfFYg6m29FVugxIeGw1mYEGPIEXmSm5StveTKHX57mWc/Fc1BWGbVI0R0jTLFNed6aFhcVO+XeF0+Ng8YBS4x+VZg/jJaxoT+hBkEhjG/EnuQh/RyPpoGQJEL3y2t78yTmZB9jPqX2EO8qvFY8p6/yzSPXr7di5D05TjgRUIaehzMslJtI8ydgMUzxrK2WAWr0Uc1geeSDgQ0nNDcWl83rh4FiAiF4u4CtnWmLsfNjSCS1pCW1FH8PJGIN4onEIYfv5oub1rmRwl2CSCStObzNRSUP0Ah8cJrjGymRddtSJwtRRND3NBuB8eQCA5BPnRS4rqGRWv0riyaJqjSBhsJsOyvJOsrD5byBFjKxLfLSv/MkOtie7tJwpIX5QocODipqyb6JB4/9jeORLRCQN/TOizQLSH4ienLu1cOzqJGVvDBeyn7huSW1wCcR9fMkW+ONL/7S+qapo7boZxGjIVMiA6msKNmZCR4gQ8dIZWYNMPx62ByHJxrIYOFN4P+lZ2DV&u=U2FsdGVkX19pzbdhmOXA0xBg/UMzCkYxwx5F2vz3yNmv/cQqjs01s4GryrGejFSQ&y=U2FsdGVkX19MpSAsEB+Z4paZVv9rvc/a3FtDdP0agE0ERB1xWPYbzZ/+VczYnKH+ HTTP/1.1" 200 25
181.53.14.142 - - [10/Jul/2022:22:33:15 -0500] "GET /kwssiamovil/sm/acme/a?s=U2FsdGVkX1/qjwFPLXPhFQpnkXYt22qBLV1lOe+wClQj+tNDsMWmeF1fdhI9fqQNRvZ2Q03UvvXilDbDaM2FmMAkKwST4YdXalqAgEnxMzqvrnCT/0PTCIMxBCYqte0q6xXuaXkcMP+H3W1B0MtWHiOzP01kUQwL4abSufQagKA=&u=U2FsdGVkX19pzbdhmOXA0xBg/UMzCkYxwx5F2vz3yNmv/cQqjs01s4GryrGejFSQ&y=U2FsdGVkX19MpSAsEB+Z4paZVv9rvc/a3FtDdP0agE0ERB1xWPYbzZ/+VczYnKH+ HTTP/1.1" 200 25
181.53.14.142 - - [10/Jul/2022:22:33:15 -0500] "GET /kwssiamovil/sm/acme/a?s=U2FsdGVkX19pqjmh3q/4+L+g7mlHaumwLcWndQZUzIboTtb5bLSFUMvsDs4g7o1r7j6ypPPMbR57dUiv08PbL1YQpy+fPP5Aw8rZHlmYt/4d4l2a4JYH1uYEvc4CKcViJSXjK9rG/ypbFTEubPiSFvHO5IS7EOyJpVAKFveEUpY=&u=U2FsdGVkX19pzbdhmOXA0xBg/UMzCkYxwx5F2vz3yNmv/cQqjs01s4GryrGejFSQ&y=U2FsdGVkX19MpSAsEB+Z4paZVv9rvc/a3FtDdP0agE0ERB1xWPYbzZ/+VczYnKH+ HTTP/1.1" 200 25
181.53.14.142 - - [10/Jul/2022:22:33:15 -0500] "GET /kwssiamovil/sm/acme/a?s=U2FsdGVkX198lfi6Zf81iP7iyuHsXd9iFpL/H7iDq3bNeL+f1bpBLR9RKUcEsYkzpa514umlVZTPbwj6jgehBnj8ZnoERMo7WLsc/d7UiK/b/RSJYAPmKHYQKWntlmFMbeO33xkVbza0gL5BX1M35tak0UF8UNHfr3glgjM0B4E=&u=U2FsdGVkX19pzbdhmOXA0xBg/UMzCkYxwx5F2vz3yNmv/cQqjs01s4GryrGejFSQ&y=U2FsdGVkX19MpSAsEB+Z4paZVv9rvc/a3FtDdP0agE0ERB1xWPYbzZ/+VczYnKH+ HTTP/1.1" 200 25
181.53.14.142 - - [10/Jul/2022:22:33:16 -0500] "GET /kwssiamovil/sm/acme/a?s=U2FsdGVkX19a3ZfXQxqecHnTJbn1pMaRElJ+cxZEVGi7FtD6rPvv4rpUZH5P7s4AFq1FFA8dcdYZX8BjdFWywES/OWLfuKjekGdjbCu8xe92XiDk/41PeiMYqkDSVXcGmNEM3Mu+WlJ+12NCTttiTSUOzmU4fjDZrKw1tlw136/i2ln8Y+QtS8H6Kqi5y3OIx7lk0wyV7KG12I+522/usg==&u=U2FsdGVkX19pzbdhmOXA0xBg/UMzCkYxwx5F2vz3yNmv/cQqjs01s4GryrGejFSQ&y=U2FsdGVkX19MpSAsEB+Z4paZVv9rvc/a3FtDdP0agE0ERB1xWPYbzZ/+VczYnKH+ HTTP/1.1" 200 25
201.245.192.253 - - [10/Jul/2022:22:34:08 -0500] "POST /kwsrmcab/Wsrmcab  HTTP/1.1" 200 45708
172.22.2.4 - - [10/Jul/2022:22:35:07 -0500] "HEAD /BLA/boletinlegal/ HTTP/1.1" 200 -
172.22.2.4 - - [10/Jul/2022:22:37:01 -0500] "GET /BLA/boletinlegal/consulta_actos.php?tipo=autos&no=&usuario=&sector=&fecha=2022&resuelve= HTTP/1.1" 200 408578
172.22.2.4 - - [10/Jul/2022:22:37:01 -0500] "GET /BLA/boletinlegal/images/background.gif HTTP/1.1" 200 -
181.61.209.55 - - [10/Jul/2022:22:37:09 -0500] "GET /BLA/resoluciones/AUTOS%202022/4799.pdf HTTP/1.1" 200 2838794
172.22.2.4 - - [10/Jul/2022:22:37:27 -0500] "GET /BLA/boletinlegal/jurisprudencia/analisis/CUADRO%20SENTENCIA%20T-299%20DE%202008.doc HTTP/1.1" 304 -
172.22.2.4 - - [10/Jul/2022:22:35:57 -0500] "GET /BLA/boletinlegal/ HTTP/1.1" 200 56911
181.61.209.55 - - [10/Jul/2022:22:37:45 -0500] "GET /BLA/resoluciones/AUTOS%202022/3098.pdf HTTP/1.1" 200 469893
216.245.221.92 - - [10/Jul/2022:22:37:55 -0500] "HEAD / HTTP/1.1" 200 -
185.7.214.104 - - [10/Jul/2022:22:38:49 -0500] "POST /Autodiscover/Autodiscover.xml HTTP/1.1" 404 1018
201.245.192.253 - - [10/Jul/2022:22:39:07 -0500] "POST /kwsrmcab/Wsrmcab  HTTP/1.1" 200 45708
181.61.209.55 - - [10/Jul/2022:22:41:09 -0500] "GET /BLA/resoluciones/AUTOS%202022/2101.pdf HTTP/1.1" 200 417675
201.245.192.253 - - [10/Jul/2022:22:41:11 -0500] "POST /kwsrmcab/Wsrmcab HTTP/1.1" 200 46157
201.245.192.253 - - [10/Jul/2022:22:41:15 -0500] "POST /kwsrmcab/Wsrmcab HTTP/1.1" 200 47395
172.22.2.4 - - [10/Jul/2022:22:40:35 -0500] "GET /BLA/boletinlegal/ HTTP/1.1" 200 49582
172.22.2.4 - - [10/Jul/2022:22:40:57 -0500] "HEAD /BLA/boletinlegal/ HTTP/1.1" 200 -
216.245.221.92 - - [10/Jul/2022:22:42:55 -0500] "HEAD / HTTP/1.1" 200 -
172.22.2.4 - - [10/Jul/2022:22:41:47 -0500] "GET /BLA/boletinlegal/ HTTP/1.1" 200 55912
201.245.192.253 - - [10/Jul/2022:22:44:06 -0500] "POST /kwsrmcab/Wsrmcab  HTTP/1.1" 200 45708
172.22.2.4 - - [10/Jul/2022:22:44:28 -0500] "GET /BLA/boletinlegal/Circulares/2019/.pdf HTTP/1.1" 404 1218
207.46.13.31 - - [10/Jul/2022:22:44:56 -0500] "GET /BLA/resoluciones/ HTTP/1.1" 200 13093
216.245.221.92 - - [10/Jul/2022:22:47:55 -0500] "HEAD / HTTP/1.1" 200 -
172.22.2.4 - - [10/Jul/2022:22:46:47 -0500] "HEAD /BLA/boletinlegal/ HTTP/1.1" 200 -
201.245.192.253 - - [10/Jul/2022:22:49:04 -0500] "POST /kwsrmcab/Wsrmcab  HTTP/1.1" 200 45708
172.22.2.4 - - [10/Jul/2022:22:47:37 -0500] "GET /BLA/boletinlegal/ HTTP/1.1" 200 60410
157.55.39.114 - - [10/Jul/2022:22:50:05 -0500] "GET /Publicaciones/2022EE128366.pdf HTTP/1.1" 404 228
216.245.221.92 - - [10/Jul/2022:22:52:55 -0500] "HEAD / HTTP/1.1" 200 -
201.245.192.253 - - [10/Jul/2022:22:54:03 -0500] "POST /kwsrmcab/Wsrmcab  HTTP/1.1" 200 45708
172.22.2.4 - - [10/Jul/2022:22:52:37 -0500] "HEAD /BLA/boletinlegal/ HTTP/1.1" 200 -
172.22.2.4 - - [10/Jul/2022:22:53:27 -0500] "GET /BLA/boletinlegal/ HTTP/1.1" 200 58491
185.180.143.140 - - [10/Jul/2022:22:57:40 -0500] "GET /portaldeninos/ HTTP/1.1" 200 109662
216.245.221.92 - - [10/Jul/2022:22:57:55 -0500] "HEAD / HTTP/1.1" 200 -
201.245.192.253 - - [10/Jul/2022:22:59:03 -0500] "POST /kwsrmcab/Wsrmcab  HTTP/1.1" 200 45708
185.119.81.102 - - [10/Jul/2022:23:00:04 -0500] "GET /portaldeninos/wp-login.php HTTP/1.1" 200 2592
185.119.81.102 - - [10/Jul/2022:23:00:05 -0500] "POST /portaldeninos/wp-login.php HTTP/1.1" 200 3605
172.22.2.4 - - [10/Jul/2022:22:58:27 -0500] "HEAD /BLA/boletinlegal/ HTTP/1.1" 200 -
172.22.2.4 - - [10/Jul/2022:22:59:17 -0500] "GET /BLA/boletinlegal/ HTTP/1.1" 200 58866
173.252.107.22 - - [10/Jul/2022:23:01:17 -0500] "GET /engativa-tendra-jornada-de-recoleccion-de-llantas-este-miercoles.html HTTP/1.1" 206 933
104.217.249.182 - - [10/Jul/2022:23:02:33 -0500] "GET / HTTP/1.1" 200 319
216.245.221.92 - - [10/Jul/2022:23:02:54 -0500] "HEAD / HTTP/1.1" 200 -
201.245.192.253 - - [10/Jul/2022:23:04:01 -0500] "POST /kwsrmcab/Wsrmcab  HTTP/1.1" 200 45708
172.22.2.4 - - [10/Jul/2022:23:04:17 -0500] "HEAD /BLA/boletinlegal/ HTTP/1.1" 200 -
190.27.14.252 - - [10/Jul/2022:23:05:59 -0500] "GET /techos-verdes-y-jardines-verticales-%C3%82%C2%BFcuales-son-las-ventajas-de-cada-uno.html HTTP/1.1" 200 803
172.22.2.4 - - [10/Jul/2022:23:05:07 -0500] "GET /BLA/boletinlegal/ HTTP/1.1" 200 58122
216.245.221.92 - - [10/Jul/2022:23:07:54 -0500] "HEAD / HTTP/1.1" 200 -
201.245.192.253 - - [10/Jul/2022:23:09:01 -0500] "POST /kwsrmcab/Wsrmcab  HTTP/1.1" 200 45708
185.119.81.101 - - [10/Jul/2022:23:10:13 -0500] "GET /portaldeninos/wp-login.php HTTP/1.1" 200 2592
185.119.81.101 - - [10/Jul/2022:23:10:13 -0500] "POST /portaldeninos/wp-login.php HTTP/1.1" 200 3650
207.46.13.214 - - [10/Jul/2022:23:10:46 -0500] "GET /forest/ HTTP/1.1" 200 12041
172.22.2.4 - - [10/Jul/2022:23:10:07 -0500] "HEAD /BLA/boletinlegal/ HTTP/1.1" 200 -
172.22.2.4 - - [10/Jul/2022:23:10:57 -0500] "GET /BLA/boletinlegal/ HTTP/1.1" 200 56279
216.245.221.92 - - [10/Jul/2022:23:12:54 -0500] "HEAD / HTTP/1.1" 200 -
201.245.192.253 - - [10/Jul/2022:23:13:59 -0500] "POST /kwsrmcab/Wsrmcab  HTTP/1.1" 200 45708
66.249.65.15 - - [10/Jul/2022:23:17:32 -0500] "-" 408 -
172.22.2.4 - - [10/Jul/2022:23:15:57 -0500] "HEAD /BLA/boletinlegal/ HTTP/1.1" 200 -
216.245.221.92 - - [10/Jul/2022:23:17:54 -0500] "HEAD / HTTP/1.1" 200 -
185.162.235.110 - - [10/Jul/2022:23:18:10 -0500] "GET /favicon.ico HTTP/1.1" 200 7782
190.27.14.252 - - [10/Jul/2022:23:18:21 -0500] "GET /mujeres-que-a-traves-del-ambiente-quieren-resignificar-el-campo.html HTTP/1.1" 304 -
172.22.2.4 - - [10/Jul/2022:23:16:47 -0500] "GET /BLA/boletinlegal/ HTTP/1.1" 200 58491
190.27.14.252 - - [10/Jul/2022:23:18:38 -0500] "GET /secretaria-de-ambiente-hace-un-llamado-a-cuidar-y-proteger-la-fauna-silvestre-en-vacaciones-de-mitad-de-ano.html HTTP/1.1" 304 -
201.245.192.253 - - [10/Jul/2022:23:18:58 -0500] "POST /kwsrmcab/Wsrmcab  HTTP/1.1" 200 45708
186.102.9.135 - - [10/Jul/2022:23:19:17 -0500] "GET /kwssiamovil/sm/acme/a?s=U2FsdGVkX1817y/rHGz0LzSjOqmuAF+VVfoiErnx91cdz9pOOr8f9h0moUgKhwR5e/W7khH1BRHsFZbaZqtABLYot6bje4cysHDPul+l6x6qal0/Rr6hDgYoP2xLR80qosoEW6Nd72j0HH5b3ILb/AQBvS00JvlAVrkfjELyrVjE+dC7fgpJ9lr/3opIOsZsma3Bs6GBqcGEZCdfm7woDEVQl/uhbK9n8deyn44SsQfgdth4JKuFUEO9oEYToM+oiHomGZfFfFYAa/Zx6nvjYQ==&u=U2FsdGVkX18b7O7fi9CPtTihzY9p0vO69Nb7/C4SBAWUZ3TgJ2+YDvc1NHsbPsnQ&y=U2FsdGVkX198rLlZzBpe99buVnGba0BvmcVtJ8YuLhuSjs9XB4IAip/oqETjcyTp HTTP/1.1" 200 25
186.102.9.135 - - [10/Jul/2022:23:19:17 -0500] "GET /kwssiamovil/sm/acme/a?s=U2FsdGVkX1/4nekYSLnwyzkdiEAeHEJ4WFw5/h8TJ1X2FL4ynBpkHZmoTAzhMJdPWhxohUJF6Ndv98LLv632Lzwi0UO3dEDqSTxXr2YhcTGAd8HtgHCA/IS964de9bkXDpRwkXOJiilM3nNQvD2kAs77mwXDplHieGoWzes5pcCRc42z2DuHgKt/AFaeoS6awUZcELw9fAEhfUujCLnexg6BqTpsaI+QjpvmC1OtgtcSTZUY+iqBgGqdWosDSj7hsZEXuOebJVzr2SyV/dbin5UQfq0ezZTwg+axTMQpgen9szzZXAhTLm/kZWRxOEaMNpftUR2vBuNsWBd/4S5vY3KQxxq2zc7rM9qE6P0PkFEzWtN5ygyEOSA5tQAHpr5dWxyMrnHmCNngAE23sMfV7+zHYiDwkXQM2M16B+rG9fAcXroL+O93ez+MWbNOVbev4gvXCOiwEaQ/R8P++Jv/qkwiQvE1MYgINJcIEDB+BBC8c6h5pDIBmN5AM18AXg6FEJPPGz40TdZWtvFfmJ/eVLS5mcxh4LICP9F05/Ulg8JW03UPHDg7uhoz+1F4aGiXP/fTU8iI8J7I7et4rKkvSnxMlz7OawSWV3Mbdiy/dZKaDpWzahPBkVHHh5sUSgr85EmL6a0FybKA32BYP8Bf+fKCeiL98TNSTT5rhmBKnle4DYNqhmAxVWtD8wCv69JODb5mt4UJJR/ijLqSgJ1r7PfP/jjYdrZBCJ5RRDIM7+ZrXDRN67q86Wpw/5b71YhTQ0B+c9I17E9+bxkF6j/PtNqbfqJ3ov+OyUomfj4KKR6us1IW4T9PaOE1aD5z9BTiejwmwPlUNv2fbGM0XrxRvXo1Pl1wQPMu1lboq8KfCEmWZpG8MtlTVKeAq7SpB7mC6kcNalfwRcGKhHqLXssxwFkPyxwfWffbdpf0wjYsUSCC+ExanKELbAdzUdmfToAyL5a4KwFEobsVHVYgcnfP04+a/Cn7h4bGHzXawFejiNOxIRXaF/wA2INb+kz4l6Za24ySmS3wv/CXe7SGEZv5kLLmQcl7NjPwh5TN4poucTrhsoBSEVsVJSMPFkXMeHFDPqFtEx5hz7k9UH2pVBtTxOML/TJAdPjQx6IFPYdofzzk4xiIIdXI5iXENKb96Zz8iDcGY3yJttvQZTbxl5EfhZqJdGxJxgkjRTp+IZHg2gKdhdljk1LnQHu4rRFlGdOe1U5dPq6/0leNo/KgwYjbezbvVLI/ZGhYjYlRBV4x+KKVsy6x/bqOwejuYq+o3QmelAShcaw+4oNXnwJj8Q1cmKRToCFErNLFfJAtMhsZ73xez0ZhgL6rLv7G6MN0TbMb/UOzZDR/ZRMaYJ5DUOzA8O/7UWI/Tumqz5/75o3UsPjjyq9HUcZDl1GPdYtvG6I7aFy7U3HvJ/oIDAAa5hl7gRCyo5RKXw76qwEti7d8TylAzUc9VKUveokWVJQDQ6hW18usELv+bXLfNwJ2YpJPyxEDL25iN8hIYa8i0TMD6IuF2rjuYa0qNmnaxJkc5huejwgf0YxnZXevbN2YKncO2KIkz38HSXx3Ohl5rw5ybzUrrNT425T9tFaV0/xIsC7ctDfMsf8XavRHGiSIkpolSEDWYe/YmwINaSxkJv+i+bDnSxSRpheN4JYbGuSEO2KJr/tdbrvfQJ091o5OYgzRwIaE2Pa1QdG1EepZhVzwWOA1J6iKvlEr3DB0STi8cxyzwy25srb3mSFLgUPrAsTU3kb60vFKE7654m88YPGJoEJ3D/NoM8OOvQvYW6nT44a6mZYMbzXtQrNRrXlApo4LaTKTlocWWwktMrgxihJHy1PYgyaj47/gwIm7mFN5p6o1kdD/4zFiyoMHFNfU7OZnsIjuX5eg8YxLumXv3UXazHE5CWm846Ksdl+lGuOrAMzm/LO4n1uwJILQtAlBJ7YLtcQPU9LTzRDf0vOcsSGbeeniBPCoPobArfzy99XX22ZFs2EphkW8K1ev78USB9COETV7FJiwHeA1aylVPk08HDOVqxK5Joo7+SRVJTFutvFkHX3KfAOk5DXp2Z6MEldrYuMz4KfAH/GtRgrmLBYUA7T312D3XvJPq586t60g2+u4+0VhMu0IPa4Kca9aKmiMLAPq9A7O3ZovsY7yBAqUJblusAk/3/sk0RdMJX9BJClcxl76xBBd8Ny0Pf9eEiwYIw==&u=U2FsdGVkX18b7O7fi9CPtTihzY9p0vO69Nb7/C4SBAWUZ3TgJ2+YDvc1NHsbPsnQ&y=U2FsdGVkX198rLlZzBpe99buVnGba0BvmcVtJ8YuLhuSjs9XB4IAip/oqETjcyTp HTTP/1.1" 200 25
186.102.9.135 - - [10/Jul/2022:23:19:18 -0500] "GET /kwssiamovil/sm/acme/a?s=U2FsdGVkX19sFN7xKUvQHeGMJtV95qnxT33xDS+m/Qa1S6e0qU4O1vxgRnS7l6zR1KU0zpRnX/69UuPjjP1mJKvgvJ106CI7L1lNGASaNpddPuPIXKvbKe2Eq7Iy7SmsVQSgJQjNUjgf9cSjk8kw3jYqts/mPJ78dk5DCXhwrmk=&u=U2FsdGVkX18b7O7fi9CPtTihzY9p0vO69Nb7/C4SBAWUZ3TgJ2+YDvc1NHsbPsnQ&y=U2FsdGVkX198rLlZzBpe99buVnGba0BvmcVtJ8YuLhuSjs9XB4IAip/oqETjcyTp HTTP/1.1" 200 25
186.102.9.135 - - [10/Jul/2022:23:19:18 -0500] "GET /kwssiamovil/sm/acme/a?s=U2FsdGVkX18+Wjdbohlo0ruXyeLOEVFbOmSNvTESXzaJn3VVc+ClHvnzMgRj8yDMLajyJHC26/ry/ruPlGK/yMra25aJKpHPdmZz4iouKF/4Jizv0p3oolZC8SFCKJGtUWemUDlgzs/tE4YBOr4PGmt+0QraDs0xrQ6QUQZEI8E=&u=U2FsdGVkX18b7O7fi9CPtTihzY9p0vO69Nb7/C4SBAWUZ3TgJ2+YDvc1NHsbPsnQ&y=U2FsdGVkX198rLlZzBpe99buVnGba0BvmcVtJ8YuLhuSjs9XB4IAip/oqETjcyTp HTTP/1.1" 200 25
186.102.9.135 - - [10/Jul/2022:23:19:18 -0500] "GET /kwssiamovil/sm/acme/a?s=U2FsdGVkX1/zLqWXKMx1BUST+5iqRHWSS/SGzeiDvkcjLfnPB2x8LtEFKTFxlEXGVWkBmqMgyfFD0dXKSEfa9zW/FqgYOTEERrFJJwU4hI7p2QX0qQmdglvaR0qQJ1KudyJNXmdZIymsSR07CkU05c+ZKgVhDwCsR+U98amwc4s=&u=U2FsdGVkX18b7O7fi9CPtTihzY9p0vO69Nb7/C4SBAWUZ3TgJ2+YDvc1NHsbPsnQ&y=U2FsdGVkX198rLlZzBpe99buVnGba0BvmcVtJ8YuLhuSjs9XB4IAip/oqETjcyTp HTTP/1.1" 200 25
186.102.9.135 - - [10/Jul/2022:23:19:19 -0500] "GET /kwssiamovil/sm/acme/a?s=U2FsdGVkX1+nr8l+DL78pzwq3QNoavQyNUNrP1ybH00MNEgxgTllfR36UjpeDq00nmd0OYJ+feAAEbzEQtuilidci/xgZBR4OMKKYO66X7608l9JKTilM6n5sO/s0lh9uWaa79HV5Eev+PTVUFLFY2XVvjtG3Q4HCOs3bYLl1tMUFmxG/p04VRwn/YrsMInT8lKnWPGh33NUvCiZyMsYGQ==&u=U2FsdGVkX18b7O7fi9CPtTihzY9p0vO69Nb7/C4SBAWUZ3TgJ2+YDvc1NHsbPsnQ&y=U2FsdGVkX198rLlZzBpe99buVnGba0BvmcVtJ8YuLhuSjs9XB4IAip/oqETjcyTp HTTP/1.1" 200 25
186.102.9.135 - - [10/Jul/2022:23:19:19 -0500] "GET /kwssiamovil/sm/acme/a?s=U2FsdGVkX1/TOLLUsgW+g52QseU4vtpFWFpFPdbhtyQChuOdIb7kWCITRY15RLFhjfBiAv8s/wvJyuHyQUmFImqibnSxEzaijaIUpqOY0j9tzrmwEnAnGF5Nf49jTBDhKb++TI6qYYRFDGV8BpZNR4QKWnZXfMuhP9iSFVYkWpyUY+J2/j/FA334zgAE46lol24k56C2fVsNYWhmyFJ4cadVBPvUazsKrZqFAOMPMwivkKGYfwGc9U6SiD4A7XvVoN7iZrM06dVyoaGt2aAp+OWhVcBqg/f3su+K13qx5/OJz37C/4BYtXQPDjxGMcKB/ctMzId4kl4651MRbytE7pMaWAuDMgF3cGgTFIb1Vnu7VhV8OUntxI5wHELOLETmix5+I3bnt8Y2odDk0X3P/7Mb/ZqxmeIsyINCpjueSBUmRkyhLrbd1IKzhhLAfUc0XnttEjX6+2P/Go/iNRvHEID2ONHQmeJoFYOr/VwjUvy4kluUCjHaDuT5VXKVHkcJ&u=U2FsdGVkX18b7O7fi9CPtTihzY9p0vO69Nb7/C4SBAWUZ3TgJ2+YDvc1NHsbPsnQ&y=U2FsdGVkX198rLlZzBpe99buVnGba0BvmcVtJ8YuLhuSjs9XB4IAip/oqETjcyTp HTTP/1.1" 200 25
