186.102.54.138 - - [10/Jul/2022:14:27:46 -0500] "GET /kwssiamovil/sm/acme/s?s=U2FsdGVkX19xmVwOV9bkr82yRaarKgaHJrjJ8ZwnPaxt+PJLm9HbsK7B45wOpRthAevC8iQTlwjwGZGI/gjyXKL8fGVFHubcM6VuUgnQqorJqIp+LYV8VMemhp7WyPES2m8he+w0x/UuMbeKHYm5pwA7WyHbE43Od/Nksu8AJWBlPXPsR3gCL+QP+0HcE2s7OnkVTS//AbLTCYi8K3jqPYzYUbrVoZASXfRdO+EJpXynuYwo8Cry/o5nHI0ILHll12LRGWWdD37JK9UzFHykS6amORjeoxnYpwh2W5ZWPUA=&u=U2FsdGVkX18b7O7fi9CPtTihzY9p0vO69Nb7/C4SBAWUZ3TgJ2+YDvc1NHsbPsnQ&y=U2FsdGVkX198rLlZzBpe99buVnGba0BvmcVtJ8YuLhuSjs9XB4IAip/oqETjcyTp HTTP/1.1" 200 176
186.102.54.138 - - [10/Jul/2022:14:27:47 -0500] "GET /kwssiamovil/sm/cjson/pre?f=1&x=U2FsdGVkX18lwnD8lCcS/LUFNJ4r9zFjwIzdj3BFg240uqltqHd73KTj5Qq1c6Ow HTTP/1.1" 200 30992
216.245.221.92 - - [10/Jul/2022:14:27:56 -0500] "HEAD / HTTP/1.1" 200 -
201.245.192.253 - - [10/Jul/2022:14:30:56 -0500] "POST /kwsrmcab/Wsrmcab  HTTP/1.1" 200 45708
201.245.192.253 - - [10/Jul/2022:14:31:13 -0500] "POST /kwsrmcab/Wsrmcab HTTP/1.1" 200 45898
201.245.192.253 - - [10/Jul/2022:14:31:17 -0500] "POST /kwsrmcab/Wsrmcab HTTP/1.1" 200 47560
157.55.39.51 - - [10/Jul/2022:14:32:14 -0500] "GET /portaldeninos/home-2-3/feed/ HTTP/1.1" 200 793
74.125.210.79 - - [10/Jul/2022:14:32:29 -0500] "GET /galeria/galeria/fotos/Humedal-Santa-Mar%C3%ADa-del-Lago4G.jpg HTTP/1.1" 200 361652
172.22.2.4 - - [10/Jul/2022:14:30:56 -0500] "HEAD /BLA/boletinlegal/ HTTP/1.1" 200 -
34.91.58.131 - - [10/Jul/2022:14:32:38 -0500] "GET / HTTP/1.1" 200 319
216.245.221.92 - - [10/Jul/2022:14:32:56 -0500] "HEAD / HTTP/1.1" 200 -
172.22.2.4 - - [10/Jul/2022:14:31:46 -0500] "GET /BLA/boletinlegal/ HTTP/1.1" 200 60410
172.22.2.4 - - [10/Jul/2022:14:33:41 -0500] "GET /BLA/boletinlegal/jurisprudencia/analisis/AnalisisT-606-15.docx HTTP/1.1" 304 -
217.182.171.12 - - [10/Jul/2022:14:34:05 -0500] "HEAD /BLA/resoluciones/RESOLUCIONES%202009/0759.pdf HTTP/1.1" 200 -
201.245.192.253 - - [10/Jul/2022:14:35:55 -0500] "POST /kwsrmcab/Wsrmcab  HTTP/1.1" 200 45708
216.245.221.92 - - [10/Jul/2022:14:37:56 -0500] "HEAD / HTTP/1.1" 200 -
172.22.2.4 - - [10/Jul/2022:14:36:46 -0500] "HEAD /BLA/boletinlegal/ HTTP/1.1" 200 -
172.22.2.4 - - [10/Jul/2022:14:37:36 -0500] "GET /BLA/boletinlegal/ HTTP/1.1" 200 58491
190.102.121.154 - - [10/Jul/2022:14:39:45 -0500] "GET /appsia/controlador HTTP/1.1" 200 4799
190.102.121.154 - - [10/Jul/2022:14:39:55 -0500] "POST /appsia/controlador HTTP/1.1" 200 4621
201.245.192.253 - - [10/Jul/2022:14:40:54 -0500] "POST /kwsrmcab/Wsrmcab  HTTP/1.1" 200 45708
201.245.192.253 - - [10/Jul/2022:14:41:13 -0500] "POST /kwsrmcab/Wsrmcab HTTP/1.1" 200 45898
201.245.192.253 - - [10/Jul/2022:14:41:16 -0500] "POST /kwsrmcab/Wsrmcab HTTP/1.1" 200 47560
173.252.95.8 - - [10/Jul/2022:14:41:48 -0500] "GET /images/empresas-industrias-forestales-1-junio.jpg HTTP/1.1" 200 44019
173.252.95.24 - - [10/Jul/2022:14:41:50 -0500] "GET /images/la-vieja-mayo-24.jpg HTTP/1.1" 200 58217
173.252.95.17 - - [10/Jul/2022:14:41:50 -0500] "GET /images/jardines-verticales-plantas-24-mayo.jpg HTTP/1.1" 200 148288
173.252.95.8 - - [10/Jul/2022:14:41:52 -0500] "GET /images/Naturalista1.jpeg HTTP/1.1" 200 202073
173.252.95.24 - - [10/Jul/2022:14:41:53 -0500] "GET /images/arbolado-bogota-mayo-13.jpg HTTP/1.1" 200 62568
173.252.95.15 - - [10/Jul/2022:14:41:53 -0500] "GET /images/negocios-verdes-mayo-2022.jpg HTTP/1.1" 200 48000
173.252.95.8 - - [10/Jul/2022:14:41:54 -0500] "GET /images/parque-nal-secretaria.jpg HTTP/1.1" 200 168060
173.252.95.15 - - [10/Jul/2022:14:41:54 -0500] "GET /images/feria-servicios-12-mayo-principal.jpg HTTP/1.1" 200 44744
173.252.95.8 - - [10/Jul/2022:14:41:54 -0500] "GET /images/dia-rio-bogota-12-mayo.jpg HTTP/1.1" 200 44387
173.252.95.24 - - [10/Jul/2022:14:41:54 -0500] "GET /images/secretaria-rio-bogota-avances-12-mayo.jpg HTTP/1.1" 200 37281
173.252.95.15 - - [10/Jul/2022:14:41:54 -0500] "GET /images/ptar-alcaldesa-rio-bogota-12-mato.jpg HTTP/1.1" 200 40205
173.252.95.9 - - [10/Jul/2022:14:41:55 -0500] "GET /images/Brasil1.jpeg HTTP/1.1" 200 27965
173.252.95.23 - - [10/Jul/2022:14:41:55 -0500] "GET /images/mercados-campesinos-5-mayo.jpg HTTP/1.1" 200 95848
173.252.95.5 - - [10/Jul/2022:14:41:55 -0500] "GET /images/feria-servicios-5-MAYO.jpg HTTP/1.1" 200 39759
173.252.95.4 - - [10/Jul/2022:14:41:56 -0500] "GET /images/Animales1.jpeg HTTP/1.1" 200 76841
173.252.95.11 - - [10/Jul/2022:14:41:58 -0500] "GET /images/fachada-secretaria-ambiente-abril.jpg HTTP/1.1" 200 148853
173.252.95.119 - - [10/Jul/2022:14:42:02 -0500] "GET /images/feria-servicios-tramites-puente-aranda-21-abril.jpg HTTP/1.1" 200 28255
173.252.95.5 - - [10/Jul/2022:14:42:02 -0500] "GET /images/plantacion-jbb-22-abril.jpg HTTP/1.1" 200 52184
173.252.95.5 - - [10/Jul/2022:14:42:02 -0500] "GET /images/actividades-dia-tierra-22-abril.jpg HTTP/1.1" 200 77276
173.252.95.8 - - [10/Jul/2022:14:42:02 -0500] "GET /images/ecosistema-dia-internacional-tierra-21-abril.jpg HTTP/1.1" 200 30098
173.252.95.119 - - [10/Jul/2022:14:42:03 -0500] "GET /images/bogota-ciudad-pac28-enero.jpg HTTP/1.1" 200 42642
173.252.95.120 - - [10/Jul/2022:14:42:04 -0500] "GET /images/caminos-cerros-orientales-7-abril.jpg HTTP/1.1" 200 80138
173.252.107.7 - - [10/Jul/2022:14:42:04 -0500] "GET /images/JBB1.jpeg HTTP/1.1" 200 90628
37.0.8.116 - - [10/Jul/2022:14:42:23 -0500] "POST /boaform/admin/formLogin HTTP/1.1" 404 1186
216.245.221.92 - - [10/Jul/2022:14:42:56 -0500] "HEAD / HTTP/1.1" 200 -
186.29.170.244 - - [10/Jul/2022:14:43:14 -0500] "GET /kwssiamovil/sm/acme/a?s=U2FsdGVkX19+m1zKGVLoiH1xt6rofPtlix81luADq3JuGSHT+Vx7LWdu2zp6mKGu6JjiQ0s0tRdoKk2XYShbTNOaMqBaDNZnEAxNkr6hqY/XnxfGOcx5CJe8mQ7btOtWnJGUxnk1GS4siAQ4+vXE4C20fB68uzZkwRZR2rkHWkEJ2hUSe6a4ZK7HLwPpFJzJ4YPMD1W/CocL1ewBN5bc7Psh7b7KYpbnD5ehs9tc8Bhd+/px1G5p8ekGeqlr4AtVxRBiwMzg2Xz1XqbQXyvBEw==&u=U2FsdGVkX19HYx0rRUS4fECuCxAs3bYaWtne6XmcONsQw4SbEJcERkOrxE0vhjYx&y=U2FsdGVkX18k/jgRRWMS0lzJ+6pPhpWxRmzglomM4ISDzfcNOjhMCLY/LTFjy1V4 HTTP/1.1" 200 25
186.29.170.244 - - [10/Jul/2022:14:43:15 -0500] "GET /kwssiamovil/sm/acme/a?s=U2FsdGVkX194ODq2Spvq6pjjdclOORT+AFqz1cMcacqDNZwD7+ArGPgFB/s8HPu0h6nKq532tUCd+9OauATx/JwTVeKPAvw65uP8z35jio+9/uiWCPEhmCVaHLy1meXH1t0blefgjRajkkvi5CgMSRh2qPPO5+ush80mU/zcgMczuH98QKln1e+szNusJgFoh/mtwkBoaTpH60S4U2x01zLumJr3rcSMTA0iszWLbFfpGUHLgj6lXpoqtcMtctN+Vy6LtzUtyJkUj4Wy4C8TV/FDc6PHJTU2pMjmwHVblYxqzzYFjqLhKms/O6aIEGb1Ar7JmEt1Ms6lNdmX6vMGrMTqkkOAoEmSPNjadL0g1Nhl9Iaxy+0nFqb9QSBzi9ZC1PO9zKOpDeSAXfeU1NBsBgBgyNq4co0CxAq4pmzCX8f3Fvo7vIwKB1rc2N/civAVNw66W/UeDn2vyViXcZ25kFqPDJtl300dQ0v9vfPraJY9sdjgSw2mU/gH2vPNWUI0wY/ujkef/XLbyMeYBrbXuzTXDJ86xqtEo23aimCw75VbXFhYgvJgDGgJLLF3rl2u5CUfJGROSL4UxCS98I0gOIYXtnWAN1YYsEkfyE7FRHqvGv4eJHDLWr1e4VmPvo0SssPI3RI9HllfxxaLuAl8iYSSne9yVdj4eX8nN1BfuYkxQSVz6IeO8kOqoApePVuuhjtLrelrTAyPr9uqI7reFIiTn0lmvfT39Um8ekTwIQzF2XiBPl39O7HGf5XNJ3AYznBerbom+lUYqfl6T8tEe1ywTxXD0lOPqu4IjZ2tWyMJdfNi3B+0d8ytguqDsEDehnplR++C15gSBNKkUpdfWfbykFcOF/KwBxADGe3y8a3o6H3qRGW0U62iHjne2aSxP7OZqLkqsxXEO8PSHZAIA7+4A2ypxsKVfIX2EUpHYX3G/2PfJ++FnnTGkE3G5njCXP9V096lcujd7W/LYnzoELwecPWs08byu5rOFoS7zJvC0CYBNu6WtHXmm/DFFjzY0ERuLJ2tnpftWgEwbgViLSVZTTKNPlWO/n75C7R1IPsWPWN8x2EbKKkjiYlovViW6UJQPTnpri+fIyY8fML64uhwiM5f5jLp/NIDqT/VZvJEr7pDgG/BV0hYNsDgkA2f+ZDsbZicWW4ty7vMfUYRLXr62yWWkD3JXqkJXD48bx7wEQ2sgIHcrGbwyxbfqhqnrRiZIYS6zq2c9TR3o+0pi0ZnbcH15y8gqi29Q4Ylrmi45jgD2B4KjhoTzsNa49HZ1OLC6sk1dTQhGICLgVCcGLSNnGS1lbsaj7RAPA4eQwK5Xti+DDKBi+nLdhHIj0XPyAD6fcgDJVwUWbcf6JE6KKX6QDwf+47wqRVV5UwoBdeawQCoL/YEdVsmimlC+rcc5G+Ky5KEPTVooTntxamTo+Y6IxjTvT4tcABTO0cV0hBBxa1E3iRCzGMhyKNwRBJN9I5vam3ShGRPp9BYS/AxCMYs4ov52MGb7q6QpMbglMUt6hICMYIaNoTNaEg+eJcgrz7R4En+N3v0pM3zU1MKHsj4cnTMujg12H63iKqGpw5XTkBYiz3uxnzzsmK34mM0H5dMdSb7V75xn3YCjzX43T1aB++nilXwiUoYkCGvNLbWEbQRyvgrhv8xqJx/DXsMdsBcVO/Q2nY9GYaPFEjBdB0+bcO+PaftoHicDCjc91Y=&u=U2FsdGVkX19HYx0rRUS4fECuCxAs3bYaWtne6XmcONsQw4SbEJcERkOrxE0vhjYx&y=U2FsdGVkX18k/jgRRWMS0lzJ+6pPhpWxRmzglomM4ISDzfcNOjhMCLY/LTFjy1V4 HTTP/1.1" 200 25
186.29.170.244 - - [10/Jul/2022:14:43:15 -0500] "GET /kwssiamovil/sm/acme/a?s=U2FsdGVkX1/oH6KwtnRWisAetWknMhLwuaLpP2JGxUPya9MRNQ9zxLThSvOsaAQY2rxKgbjTEaBoKV/Nj43Oq7T59BGh49ISr+aCTntW40gouZCAFrgQb97e0BhOVCrKxbjYwXjyG7sFzCr6encHfqZb4iywdFMXf9vs8td/aGY=&u=U2FsdGVkX19HYx0rRUS4fECuCxAs3bYaWtne6XmcONsQw4SbEJcERkOrxE0vhjYx&y=U2FsdGVkX18k/jgRRWMS0lzJ+6pPhpWxRmzglomM4ISDzfcNOjhMCLY/LTFjy1V4 HTTP/1.1" 200 25
186.29.170.244 - - [10/Jul/2022:14:43:15 -0500] "GET /kwssiamovil/sm/acme/a?s=U2FsdGVkX18SpQ2OwoNsvSE8cTjjrOo5ZqfuujknjfeuSMyLx2Sjh7ziNgDhpQK8+9THNCs3zDrqTTmvEgBkLqqjEEezVLHQQ/NJ3Oh433mB3qW/5OiI4hMK3bh8klKlTTXtSvDj/d8PaBkjZUgofOVk9orAMNoJLQkrZFVBrlo=&u=U2FsdGVkX19HYx0rRUS4fECuCxAs3bYaWtne6XmcONsQw4SbEJcERkOrxE0vhjYx&y=U2FsdGVkX18k/jgRRWMS0lzJ+6pPhpWxRmzglomM4ISDzfcNOjhMCLY/LTFjy1V4 HTTP/1.1" 200 25
186.29.170.244 - - [10/Jul/2022:14:43:15 -0500] "GET /kwssiamovil/sm/acme/a?s=U2FsdGVkX198n2l3VaY/s86sMCALqYTo/GLUJOfKtTNMdjnhM8M0QXZmCSSma7qLaOBm3weHuwZVfunpj5rc5QSvgBR8N/eoM4uIhu5uTr83YC74PuGiwpUdeWCl1I1YzA9iF4fIApQXC7o1n8RUvsR+sEhLNIW3yJ8s7jxqQ4k=&u=U2FsdGVkX19HYx0rRUS4fECuCxAs3bYaWtne6XmcONsQw4SbEJcERkOrxE0vhjYx&y=U2FsdGVkX18k/jgRRWMS0lzJ+6pPhpWxRmzglomM4ISDzfcNOjhMCLY/LTFjy1V4 HTTP/1.1" 200 25
186.29.170.244 - - [10/Jul/2022:14:43:16 -0500] "GET /kwssiamovil/sm/acme/a?s=U2FsdGVkX18GYZQhe9BsFdNpV7J9r0ZPXGARMBnB01sbo53WEJM0BzPbPE4UeGtv+9XLnvsf4OuRUALpEUMYDpRvwUxoyQk15r15PCXLTrjhcfQFsjJDGnln7Bu/0iykO6MvnoN5Q5KnodmhTPIG47/oPp/GOC3D5GB7qtWRs2FphbNzEIB1XoWR1v7PI3Ua&u=U2FsdGVkX19HYx0rRUS4fECuCxAs3bYaWtne6XmcONsQw4SbEJcERkOrxE0vhjYx&y=U2FsdGVkX18k/jgRRWMS0lzJ+6pPhpWxRmzglomM4ISDzfcNOjhMCLY/LTFjy1V4 HTTP/1.1" 200 25
205.169.39.159 - - [10/Jul/2022:14:44:01 -0500] "GET /portaldeninos/wp-includes/js/wp-emoji-release.min.js?ver=4.9.8 HTTP/1.1" 200 12026
205.169.39.159 - - [10/Jul/2022:14:44:14 -0500] "GET /portaldeninos/wp-content/plugins/google-analytics-for-wordpress/assets/js/frontend-gtag.min.js?ver=8.5.0 HTTP/1.1" 200 11801
172.22.2.4 - - [10/Jul/2022:14:42:36 -0500] "HEAD /BLA/boletinlegal/ HTTP/1.1" 200 -
205.169.39.159 - - [10/Jul/2022:14:44:15 -0500] "GET /portaldeninos/wp-includes/js/jquery/jquery.js?ver=1.12.4 HTTP/1.1" 200 97184
205.169.39.159 - - [10/Jul/2022:14:44:18 -0500] "GET /portaldeninos/wp-includes/js/jquery/jquery-migrate.min.js?ver=1.4.1 HTTP/1.1" 200 10056
205.169.39.159 - - [10/Jul/2022:14:44:19 -0500] "GET /portaldeninos/wp-includes/js/jquery/ui/core.min.js?ver=1.11.4 HTTP/1.1" 200 4000
205.169.39.159 - - [10/Jul/2022:14:44:19 -0500] "GET /portaldeninos/wp-content/plugins/gallery-videos/JS/modernizr.custom.js?ver=4.9.8 HTTP/1.1" 200 9019
205.169.39.159 - - [10/Jul/2022:14:44:19 -0500] "GET /portaldeninos/wp-content/plugins/gallery-videos/JS/Total-Soft-Gallery-Video-Widget.js?ver=4.9.8 HTTP/1.1" 200 80264
205.169.39.159 - - [10/Jul/2022:14:44:21 -0500] "GET /portaldeninos/wp-includes/js/jquery/ui/widget.min.js?ver=1.11.4 HTTP/1.1" 200 6908
205.169.39.159 - - [10/Jul/2022:14:44:21 -0500] "GET /portaldeninos/wp-includes/js/jquery/ui/mouse.min.js?ver=1.11.4 HTTP/1.1" 200 3148
205.169.39.159 - - [10/Jul/2022:14:44:21 -0500] "GET /portaldeninos/wp-includes/js/jquery/ui/sortable.min.js?ver=1.11.4 HTTP/1.1" 200 24899
205.169.39.159 - - [10/Jul/2022:14:44:22 -0500] "GET /portaldeninos/wp-includes/js/jquery/ui/tabs.min.js?ver=1.11.4 HTTP/1.1" 200 12110
205.169.39.159 - - [10/Jul/2022:14:44:23 -0500] "GET /portaldeninos/wp-includes/js/jquery/ui/accordion.min.js?ver=1.11.4 HTTP/1.1" 200 8584
205.169.39.159 - - [10/Jul/2022:14:44:23 -0500] "GET /portaldeninos/wp-content/themes/betheme/js/plugins.js?ver=20.9.6 HTTP/1.1" 200 197151
205.169.39.159 - - [10/Jul/2022:14:44:26 -0500] "GET /portaldeninos/wp-content/themes/betheme/js/menu.js?ver=20.9.6 HTTP/1.1" 200 2449
205.169.39.159 - - [10/Jul/2022:14:44:26 -0500] "GET /portaldeninos/wp-content/themes/betheme/assets/animations/animations.min.js?ver=20.9.6 HTTP/1.1" 200 1896
205.169.39.159 - - [10/Jul/2022:14:44:26 -0500] "GET /portaldeninos/wp-content/themes/betheme/assets/jplayer/jplayer.min.js?ver=20.9.6 HTTP/1.1" 200 52702
205.169.39.159 - - [10/Jul/2022:14:44:27 -0500] "GET /portaldeninos/wp-content/themes/betheme/js/scripts.js?ver=20.9.6 HTTP/1.1" 200 77162
205.169.39.159 - - [10/Jul/2022:14:44:28 -0500] "GET /portaldeninos/wp-includes/js/wp-embed.min.js?ver=4.9.8 HTTP/1.1" 200 1398
172.22.2.4 - - [10/Jul/2022:14:43:26 -0500] "GET /BLA/boletinlegal/ HTTP/1.1" 200 58491
186.102.25.137 - - [10/Jul/2022:14:45:22 -0500] "OPTIONS /kwssiamovil/sm/setfile/f? HTTP/1.1" 200 13
186.102.25.137 - - [10/Jul/2022:14:45:22 -0500] "POST /kwssiamovil/sm/setfile/f? HTTP/1.1" 200 381
186.102.25.137 - - [10/Jul/2022:14:45:46 -0500] "GET /kwssiamovil/sm/acme/a?s=U2FsdGVkX1+RYFhdpCuE1r0+RMzCfPW5grUUxhQyaNRYQQ0kA2DytfVgBlUPHxPQXWnFv6GbV748KzU8xo598H81SF2dpes4rFs/764c44b5jV6qlP4EUstIPbQmd7K/cUIIL26seP/udkZgmqEJh3umWdhTR/nhnZ6ADri/nSH44MTKUcD98uU8ktWx8tM16TyOyhkr2aKt7Zp8wCjmSzZNWQ4SNMUI4QedGROvuzjof+r5XcbO+xxoHrh6rLlXOV2BOxqci6izJqJ3r6KF4Q==&u=U2FsdGVkX1+DsHd/Dcbp8rewpbPJtNeEVap5tdVRVCY=&y=U2FsdGVkX1+02gnAKh4p8il0zwD/JD1jNlgm14DGzcbnRD0tJnQPlCg2j8yyHtl3 HTTP/1.1" 200 25
186.102.25.137 - - [10/Jul/2022:14:45:46 -0500] "GET /kwssiamovil/sm/acme/a?s=U2FsdGVkX1/3rx6PVDWBFiyK4HjQJXh8vhNvJxTEBkpjCmrl0wHhMkWK++XlaUhzp9qtFrYdG0qBGaWdSL3TeDfQuz4MJv/DKJoAhJvUXjOYM1KaO9yRPFY47BEEAo6aT76WJWu53lKrh4N0Lud9rsSE+gk/vdMez06yD/Vziq2+H3MIW1Q6r7+1L0v5rNs+RCnsq/jx+HLOlS8tGo/u7dL8vNmJ4a5AhBZ7TcCd5b0HQPbFze20xOTKyCBCqiuuTuFeh9XwOI38Kas1L3/jD8QDagdG9lrc4qSoYnBPSb0JBKKHarG8PZos5tiCjp2tXcEA2niDf9xLs2UV5vYTIFOWGCOtT00J3IfjLEilTkQpiTri1soFtl1+wtM3Td19y5ZTigslrb0mk4Ej54Sf3N+4AagXq/MA+q/c/c5XPlF6Vba+VzXbJ4r5h0EJexnpho1BRHsCVkc3HF6GMplPHHUPELQtdu1DKStq0XHWqRagraFDxxHHB6FnOVPNRZ6YYig03SN9CPP0epYsVh0BqqX2hOCzOD81JuzbC2m7EsUNeC7VS96oByZcl0Hbr9xzbi8msv4l/m8ojJ6FnrmNkZubB/6y/Qq7KZ95HjOXKIe+RT16huPDOoO0Umwfz/kwK1ZxFaCs0+pj4wBGja1im8rmk7DXlII3qUDnNqX7IFrhRNwUMamOoyE2B9TYic1EhQSKO57GltYwvV8Y/N+uW6FzsoFvMfu/jst97+uDub/KWAo6FJbLTbKwps8OrPp6FYsrWqtkFw7pO4tXhG40FG7T3Zpelke5KSwK6p91Nj848RrYNmJhO2GRnaA1lk1FEnPBl6H74GUoI6vhEJFB+AgwFAv180i5C9iCmd6pHaelwjS7T5+/qM4plddfPP+XXD+GSzwkgGt7htn18LAglmnpqI4Wa6oPkU7bVL1j+DP1K6wO/yKKFQvdsfY43p0HA49DcBC6KR8ZCzetjSnhlj1RuNkjbgu4v/IBeAjS/iRdn26AjM5sOckNGl1oyhSLHX6cOCTtQ9gH17BPzqK/4U4n+InLMnXD2LpTQqonPEiwnZlkdtBVO/3xWmqjwSUXcWyZjlFxBd7hBJLXgQ501zCuALKX1kcyuET6Sk9Di2jGD//iE26CkkQAMM62ALSKB63L/MvoxSeyDNZX5ULmL4cXxu58S+ZLzLmAq4BTyTWenOQlnG/QRudSe2XVy88BBx1Y+NBR9gLZQQOiwx1yOHIsxHOUlCJOOe964dOD0mC53hTaKhYkh5U/zcljyNCAh0+pE9LBhYSHBiiukJ964r7LDPFMmhIljnNEbXEU+Z4EzfUgIplUHlff0BYUynga13JJqkVQDdFk5/dk5c+ehej2Aa6peejO8GqGpDqzkxCLRfSEc31Z/FuvGsRBdRx1ywz3wR2IYBWE/sq9iuD/6Wfgoq+/ifgJCjG1CGr+cVBlcAKKYsWxAtjdHPIkklt37/Yo3P4xXbyD7lW4b6esSbr5tRHkJONfF588rk1mSp7DMs/i0l0B2FAOHGTvgE4FH5FbQ2JGVJ3T8eYWdpbOeb+3H3jEPnfBFmPShF+yN1jT4W8Ay8ZqVEsg/K9rXRe4&u=U2FsdGVkX1+DsHd/Dcbp8rewpbPJtNeEVap5tdVRVCY=&y=U2FsdGVkX1+02gnAKh4p8il0zwD/JD1jNlgm14DGzcbnRD0tJnQPlCg2j8yyHtl3 HTTP/1.1" 200 25
186.102.25.137 - - [10/Jul/2022:14:45:46 -0500] "GET /kwssiamovil/sm/acme/a?s=U2FsdGVkX1+0ZpuVzwgLzi3fcmKE7b9//XQZ5s/Oi7uq5n6jGRVd2vGi07TvnPdM4bj4+rPsMeO6sQI88CcRE7jlxXvf33+alazIRw94ZqgvpEx50hD0+jL2cRIsSh8LdRWioIghP2QzQfIl8+vzUfZuQ+F/LcQGL9aQGrMYqiM=&u=U2FsdGVkX1+DsHd/Dcbp8rewpbPJtNeEVap5tdVRVCY=&y=U2FsdGVkX1+02gnAKh4p8il0zwD/JD1jNlgm14DGzcbnRD0tJnQPlCg2j8yyHtl3 HTTP/1.1" 200 25
186.102.25.137 - - [10/Jul/2022:14:45:47 -0500] "GET /kwssiamovil/sm/acme/a?s=U2FsdGVkX1/p0175NZleF85NJlxi3WDc2O3CgT5U88daWctq6JxNpBLNZRYRdFYyHDHPnKcNDMgBRFsnmwPlxOCYYvNhz4CquAL9jmUYOTMdLjkszUt773RwbJ0ddEp0NhoyDv6Or95mHoIQ4lMwtUDc6r+MXbRNlu/spCZd4lQ=&u=U2FsdGVkX1+DsHd/Dcbp8rewpbPJtNeEVap5tdVRVCY=&y=U2FsdGVkX1+02gnAKh4p8il0zwD/JD1jNlgm14DGzcbnRD0tJnQPlCg2j8yyHtl3 HTTP/1.1" 200 25
186.102.25.137 - - [10/Jul/2022:14:45:47 -0500] "GET /kwssiamovil/sm/acme/a?s=U2FsdGVkX1+I2dpxvMEFK9FOXivvOE4E4edF6TstMTsiN9CERn7WgHDQyzW/N7SV9WZ/2vLr/Z28H+Ut1gA/k4X/XuI00p29uCGU3hXqv0G6DzrUMsPpoF6CkxsE6FbaxXMNSrtOwIugzwh91Fiup4YuWp1cFlgFcnPqJH+kHFA=&u=U2FsdGVkX1+DsHd/Dcbp8rewpbPJtNeEVap5tdVRVCY=&y=U2FsdGVkX1+02gnAKh4p8il0zwD/JD1jNlgm14DGzcbnRD0tJnQPlCg2j8yyHtl3 HTTP/1.1" 200 25
186.102.25.137 - - [10/Jul/2022:14:45:47 -0500] "GET /kwssiamovil/sm/acme/a?s=U2FsdGVkX19q5A3Y7EnLS8zwMZMFodsCaj525YqGBoyjGdq7ld3bI88t+uWdn741iTAGWSgjhwK+WZJNEoCVV6LvsJ4Qw3tQKLlSgbXat12uiW2sJiQUsFEYGggkKbqzMOTLT9sBUACyN1Gw8mm3TrvaeYTHkRG3yoJHioH+Gq1ghSTpt/LifUZOlIAP5Q9D&u=U2FsdGVkX1+DsHd/Dcbp8rewpbPJtNeEVap5tdVRVCY=&y=U2FsdGVkX1+02gnAKh4p8il0zwD/JD1jNlgm14DGzcbnRD0tJnQPlCg2j8yyHtl3 HTTP/1.1" 200 25
186.102.25.137 - - [10/Jul/2022:14:45:47 -0500] "GET /kwssiamovil/sm/acme/a?s=U2FsdGVkX193hEx84FWMzuyGmNaWD2QsIcefA9L2uX39xVTq3IknAPvXASGPqJgT9TahdqtoQVKrXckhoSV6wX2MBkRCfpOCaGgt5fdUdBLtwCJ2PUHKnGxntGrtjWH7n+Do9xMISoSzBiBwblSAWMxR3ASAvuPOeyMZNx1SLsMnviaEW7hsRUK6WYJpb89bWpunvpuJrTBZdLVWSxZ2f2qVRLhpCFn5rIfgHs19YPpXg+ovpXPVxOrp+ZQNYxegvBNXmasWamNGwVG2mHTfl8/fbdqL4RPMkr3PaIpWehom8wtoYaiCvqrQ8gRMn/9I&u=U2FsdGVkX1+DsHd/Dcbp8rewpbPJtNeEVap5tdVRVCY=&y=U2FsdGVkX1+02gnAKh4p8il0zwD/JD1jNlgm14DGzcbnRD0tJnQPlCg2j8yyHtl3 HTTP/1.1" 200 25
186.102.25.137 - - [10/Jul/2022:14:45:48 -0500] "GET /kwssiamovil/sm/acme/a?s=U2FsdGVkX1/2itLjEeiDiVucC+SacOnK4OLmNoW5/QA83M+3J38hecTZ6e2GyzC8N0XKr/ey3OGcvgtF5epMos0XcTP/IaPmm2dXpcC/6Xw83/u88NvlGPLHH+szB+mx8R9BoIAGUENT7lETNey/x18/kZN5kCJBdyW0G5v7N6dd12SU4eB95l/HHV9WyUjKMTWE7g2VuEE5eax64T0uuyTMrtfJgiBa5gm8veHUa1XpPKb6wkiDd2fW18RWO4ltYx4mOflGtw/h5OWYjsg6yA==&u=U2FsdGVkX1+DsHd/Dcbp8rewpbPJtNeEVap5tdVRVCY=&y=U2FsdGVkX1+02gnAKh4p8il0zwD/JD1jNlgm14DGzcbnRD0tJnQPlCg2j8yyHtl3 HTTP/1.1" 200 25
201.245.192.253 - - [10/Jul/2022:14:45:53 -0500] "POST /kwsrmcab/Wsrmcab  HTTP/1.1" 200 45708
45.61.186.139 - - [10/Jul/2022:14:45:59 -0500] "GET /config/getuser?index=0 HTTP/1.1" 404 1018
173.252.95.22 - - [10/Jul/2022:14:46:01 -0500] "GET /un-animal-adulto-espera-renacer-de-tu-mano-adopta.html HTTP/1.1" 206 1028
207.46.13.8 - - [10/Jul/2022:14:46:17 -0500] "GET /BLA/resoluciones/RESOLUCIONES%202015/0932.pdf HTTP/1.1" 304 -
216.245.221.92 - - [10/Jul/2022:14:47:56 -0500] "HEAD / HTTP/1.1" 200 -
40.77.167.24 - - [10/Jul/2022:14:48:30 -0500] "GET /si-tienes-entre-14-y-25-anos-y-quieres-participar-inscribete-a-la-convocatoria-de-lideres-juveniles-para-la-cumbre-de-alcaldes-c40-2022.html HTTP/1.1" 200 1141
172.22.2.4 - - [10/Jul/2022:14:48:26 -0500] "HEAD /BLA/boletinlegal/ HTTP/1.1" 200 -
190.0.241.186 - - [10/Jul/2022:14:50:35 -0500] "GET /forest/ HTTP/1.1" 200 12041
190.0.241.186 - - [10/Jul/2022:14:50:38 -0500] "POST /forest/index.php HTTP/1.1" 200 12268
207.46.13.214 - - [10/Jul/2022:14:50:39 -0500] "GET /BLA/resoluciones/RESOLUCIONES%202010/3075.pdf HTTP/1.1" 200 467435
201.245.192.253 - - [10/Jul/2022:14:50:53 -0500] "POST /kwsrmcab/Wsrmcab  HTTP/1.1" 200 45708
172.22.2.4 - - [10/Jul/2022:14:49:16 -0500] "GET /BLA/boletinlegal/ HTTP/1.1" 200 50335
172.22.2.4 - - [10/Jul/2022:14:50:28 -0500] "GET /BLA/boletinlegal/ HTTP/1.1" 200 24523
216.245.221.92 - - [10/Jul/2022:14:52:56 -0500] "HEAD / HTTP/1.1" 200 -
157.55.39.51 - - [10/Jul/2022:14:53:27 -0500] "GET /portaldeninos/parque-ecologico-distrital-humedal-santa-maria-del-lago/ HTTP/1.1" 200 90400
186.84.21.116 - - [10/Jul/2022:14:54:14 -0500] "GET /forest/ HTTP/1.1" 200 12041
172.22.2.4 - - [10/Jul/2022:14:54:15 -0500] "GET /BLA/boletinlegal/Directivas/2011/Directiva%20No.%209%20del%2023%20de%20Septiembre%20de%202011.pdf HTTP/1.1" 304 -
201.245.192.253 - - [10/Jul/2022:14:55:52 -0500] "POST /kwsrmcab/Wsrmcab  HTTP/1.1" 200 45708
172.22.2.4 - - [10/Jul/2022:14:54:16 -0500] "HEAD /BLA/boletinlegal/ HTTP/1.1" 200 -
45.148.10.63 - - [10/Jul/2022:14:56:08 -0500] "GET /.git/config HTTP/1.1" 404 1018
172.22.2.4 - - [10/Jul/2022:14:55:06 -0500] "GET /BLA/boletinlegal/ HTTP/1.1" 200 59828
186.84.21.116 - - [10/Jul/2022:14:57:32 -0500] "POST /forest/index.php HTTP/1.1" 200 12268
216.245.221.92 - - [10/Jul/2022:14:57:56 -0500] "HEAD / HTTP/1.1" 200 -
172.22.2.4 - - [10/Jul/2022:14:58:02 -0500] "GET /BLA/boletinlegal/jurisprudencia/analisis/Analisis%20Sentencia%20T-1077,%202%20corregida.doc HTTP/1.1" 304 -
201.245.192.253 - - [10/Jul/2022:15:00:51 -0500] "POST /kwsrmcab/Wsrmcab  HTTP/1.1" 200 45708
172.22.2.4 - - [10/Jul/2022:15:00:06 -0500] "HEAD /BLA/boletinlegal/ HTTP/1.1" 200 -
172.22.2.4 - - [10/Jul/2022:15:00:56 -0500] "GET /BLA/boletinlegal/ HTTP/1.1" 200 53539
216.245.221.92 - - [10/Jul/2022:15:02:56 -0500] "HEAD / HTTP/1.1" 200 -
186.112.25.236 - - [10/Jul/2022:15:03:09 -0500] "GET /BLA/resoluciones/index.php?dir= HTTP/1.1" 200 13093
186.112.25.236 - - [10/Jul/2022:15:03:14 -0500] "GET /BLA/resoluciones/dlf/unknown.png HTTP/1.1" 200 266
186.112.25.236 - - [10/Jul/2022:15:03:14 -0500] "GET /BLA/resoluciones/index.php?dir=RESOLUCIONES+2016%2F HTTP/1.1" 200 170796
74.125.210.71 - - [10/Jul/2022:15:03:19 -0500] "GET /galeria/galeria/fotos/Soratama1G.jpg HTTP/1.1" 200 127762
201.245.192.253 - - [10/Jul/2022:15:05:50 -0500] "POST /kwsrmcab/Wsrmcab  HTTP/1.1" 200 45708
172.22.2.4 - - [10/Jul/2022:15:06:16 -0500] "GET /BLA/boletinlegal/Directivas/2011/Directiva%20No.%202%20del%2017%20de%20Mayo%20de%202011.pdf HTTP/1.1" 200 495382
172.22.2.4 - - [10/Jul/2022:15:06:18 -0500] "GET /BLA/boletinlegal/favicon.ico HTTP/1.1" 404 1488
172.22.2.4 - - [10/Jul/2022:15:05:56 -0500] "HEAD /BLA/boletinlegal/ HTTP/1.1" 200 -
216.245.221.92 - - [10/Jul/2022:15:07:56 -0500] "HEAD / HTTP/1.1" 200 -
172.22.2.4 - - [10/Jul/2022:15:06:46 -0500] "GET /BLA/boletinlegal/ HTTP/1.1" 200 60410
201.245.192.253 - - [10/Jul/2022:15:10:49 -0500] "POST /kwsrmcab/Wsrmcab  HTTP/1.1" 200 45708
207.46.13.214 - - [10/Jul/2022:15:11:12 -0500] "GET /forest/ HTTP/1.1" 200 12041
186.112.25.236 - - [10/Jul/2022:15:11:16 -0500] "GET /BLA/resoluciones/index.php?dir= HTTP/1.1" 200 13093
186.112.25.236 - - [10/Jul/2022:15:11:20 -0500] "GET /BLA/resoluciones/index.php?dir=RESOLUCIONES+2021%2F HTTP/1.1" 200 389465
186.112.25.236 - - [10/Jul/2022:15:11:27 -0500] "GET /BLA/resoluciones/RESOLUCIONES%202021/0241.pdf HTTP/1.1" 200 394436
216.245.221.92 - - [10/Jul/2022:15:12:56 -0500] "HEAD / HTTP/1.1" 200 -
172.22.2.4 - - [10/Jul/2022:15:11:46 -0500] "HEAD /BLA/boletinlegal/ HTTP/1.1" 200 -
207.46.13.39 - - [10/Jul/2022:15:14:00 -0500] "GET /siipev/Diseno%20de%20Elementos%20de%20Mobiliario%20Urbano/Parte1.html? HTTP/1.1" 200 3594
172.22.2.4 - - [10/Jul/2022:15:12:36 -0500] "GET /BLA/boletinlegal/ HTTP/1.1" 200 60410
185.119.81.102 - - [10/Jul/2022:15:15:40 -0500] "GET /portaldeninos/wp-login.php HTTP/1.1" 200 2592
185.119.81.102 - - [10/Jul/2022:15:15:40 -0500] "POST /portaldeninos/wp-login.php HTTP/1.1" 200 3605
201.245.192.253 - - [10/Jul/2022:15:15:48 -0500] "POST /kwsrmcab/Wsrmcab  HTTP/1.1" 200 45708
216.245.221.92 - - [10/Jul/2022:15:17:56 -0500] "HEAD / HTTP/1.1" 200 -
172.22.2.4 - - [10/Jul/2022:15:17:36 -0500] "HEAD /BLA/boletinlegal/ HTTP/1.1" 200 -
172.22.2.4 - - [10/Jul/2022:15:18:26 -0500] "GET /BLA/boletinlegal/ HTTP/1.1" 200 55166
201.245.192.253 - - [10/Jul/2022:15:20:47 -0500] "POST /kwsrmcab/Wsrmcab  HTTP/1.1" 200 45708
201.245.192.253 - - [10/Jul/2022:15:21:13 -0500] "POST /kwsrmcab/Wsrmcab HTTP/1.1" 200 46046
201.245.192.253 - - [10/Jul/2022:15:21:16 -0500] "POST /kwsrmcab/Wsrmcab HTTP/1.1" 200 47573
157.55.39.133 - - [10/Jul/2022:15:22:25 -0500] "GET /portaldeninos/aulas-ambientales/aula-ambiental-sorotama/ HTTP/1.1" 200 89797
216.245.221.92 - - [10/Jul/2022:15:22:56 -0500] "HEAD / HTTP/1.1" 200 -
172.22.2.4 - - [10/Jul/2022:15:23:26 -0500] "HEAD /BLA/boletinlegal/ HTTP/1.1" 200 -
173.252.87.4 - - [10/Jul/2022:15:25:16 -0500] "GET /images/la-vieja-mayo-24.jpg HTTP/1.1" 200 58217
173.252.87.6 - - [10/Jul/2022:15:25:16 -0500] "GET /images/jardines-verticales-plantas-24-mayo.jpg HTTP/1.1" 200 148288
173.252.87.24 - - [10/Jul/2022:15:25:18 -0500] "GET /images/Naturalista1.jpeg HTTP/1.1" 200 202073
173.252.87.24 - - [10/Jul/2022:15:25:19 -0500] "GET /images/arbolado-bogota-mayo-13.jpg HTTP/1.1" 200 62568
173.252.87.24 - - [10/Jul/2022:15:25:20 -0500] "GET /images/parque-nal-secretaria.jpg HTTP/1.1" 200 168060
173.252.87.4 - - [10/Jul/2022:15:25:20 -0500] "GET /images/feria-servicios-12-mayo-principal.jpg HTTP/1.1" 200 44744
173.252.87.24 - - [10/Jul/2022:15:25:20 -0500] "GET /images/dia-rio-bogota-12-mayo.jpg HTTP/1.1" 200 44387
173.252.87.6 - - [10/Jul/2022:15:25:20 -0500] "GET /images/secretaria-rio-bogota-avances-12-mayo.jpg HTTP/1.1" 200 37281
173.252.87.4 - - [10/Jul/2022:15:25:20 -0500] "GET /images/ptar-alcaldesa-rio-bogota-12-mato.jpg HTTP/1.1" 200 40205
201.245.192.253 - - [10/Jul/2022:15:25:46 -0500] "POST /kwsrmcab/Wsrmcab  HTTP/1.1" 200 45708
172.22.2.4 - - [10/Jul/2022:15:24:16 -0500] "GET /BLA/boletinlegal/ HTTP/1.1" 200 60992
216.245.221.92 - - [10/Jul/2022:15:27:56 -0500] "HEAD / HTTP/1.1" 200 -
173.252.83.120 - - [10/Jul/2022:15:28:31 -0500] "GET /images/empresas-industrias-forestales-1-junio.jpg HTTP/1.1" 200 44019
173.252.83.120 - - [10/Jul/2022:15:28:33 -0500] "GET /images/la-vieja-mayo-24.jpg HTTP/1.1" 200 58217
173.252.83.3 - - [10/Jul/2022:15:28:33 -0500] "GET /images/jardines-verticales-plantas-24-mayo.jpg HTTP/1.1" 200 148288
69.171.231.3 - - [10/Jul/2022:15:28:33 -0500] "GET /images/visita-suspension-humedal-techo-24-mayo.jpg HTTP/1.1" 200 57365
173.252.83.2 - - [10/Jul/2022:15:28:35 -0500] "GET /images/Naturalista1.jpeg HTTP/1.1" 200 202073
173.252.83.2 - - [10/Jul/2022:15:28:36 -0500] "GET /images/arbolado-bogota-mayo-13.jpg HTTP/1.1" 200 62568
173.252.83.118 - - [10/Jul/2022:15:28:36 -0500] "GET /images/negocios-verdes-mayo-2022.jpg HTTP/1.1" 200 48000
173.252.83.2 - - [10/Jul/2022:15:28:37 -0500] "GET /images/parque-nal-secretaria.jpg HTTP/1.1" 200 168060
173.252.83.23 - - [10/Jul/2022:15:28:37 -0500] "GET /images/feria-servicios-12-mayo-principal.jpg HTTP/1.1" 200 44744
173.252.83.2 - - [10/Jul/2022:15:28:38 -0500] "GET /images/ptar-alcaldesa-rio-bogota-12-mato.jpg HTTP/1.1" 200 40205
173.252.83.23 - - [10/Jul/2022:15:28:38 -0500] "GET /images/dia-rio-bogota-12-mayo.jpg HTTP/1.1" 200 44387
173.252.83.118 - - [10/Jul/2022:15:28:38 -0500] "GET /images/secretaria-rio-bogota-avances-12-mayo.jpg HTTP/1.1" 200 37281
173.252.83.13 - - [10/Jul/2022:15:28:40 -0500] "GET /images/feria-servicios-5-MAYO.jpg HTTP/1.1" 200 39759
173.252.83.12 - - [10/Jul/2022:15:28:40 -0500] "GET /images/mercados-campesinos-5-mayo.jpg HTTP/1.1" 200 95848
173.252.83.24 - - [10/Jul/2022:15:28:40 -0500] "GET /images/Brasil1.jpeg HTTP/1.1" 200 27965
173.252.83.13 - - [10/Jul/2022:15:28:41 -0500] "GET /images/Animales1.jpeg HTTP/1.1" 200 76841
173.252.83.24 - - [10/Jul/2022:15:28:42 -0500] "GET /images/fachada-secretaria-ambiente-abril.jpg HTTP/1.1" 200 148853
173.252.83.16 - - [10/Jul/2022:15:28:43 -0500] "GET /images/feria-servicios-tramites-puente-aranda-21-abril.jpg HTTP/1.1" 200 28255
173.252.83.9 - - [10/Jul/2022:15:28:43 -0500] "GET /images/ecosistema-dia-internacional-tierra-21-abril.jpg HTTP/1.1" 200 30098
173.252.83.8 - - [10/Jul/2022:15:28:43 -0500] "GET /images/actividades-dia-tierra-22-abril.jpg HTTP/1.1" 200 77276
173.252.83.5 - - [10/Jul/2022:15:28:44 -0500] "GET /images/plantacion-jbb-22-abril.jpg HTTP/1.1" 200 52184
173.252.83.9 - - [10/Jul/2022:15:28:44 -0500] "GET /images/bogota-ciudad-pac28-enero.jpg HTTP/1.1" 200 42642
173.252.83.18 - - [10/Jul/2022:15:28:46 -0500] "GET /images/caminos-cerros-orientales-7-abril.jpg HTTP/1.1" 200 80138
52.22.88.1 - - [10/Jul/2022:15:29:26 -0500] "GET /galeria/galeria/fotos/Entrenube3P.jpg HTTP/1.1" 200 8487
40.77.188.74 - - [10/Jul/2022:15:29:55 -0500] "GET /galeria/galeria/jquery.fancybox.css?v=2.1.5 HTTP/1.1" 200 4895
186.102.57.137 - - [10/Jul/2022:15:30:36 -0500] "GET /kwssiamovil/sm/ldap/au?x=U2FsdGVkX18aUDP06yH4l9St7v0kZqGAlCpQija9W0HqOpAF95uRovASFlk+sQjv&y=U2FsdGVkX1/+4i7QByQipe4ekblx1FX6yUcJLeG4XcZuF5WPqzqi9fBT6fp80uPn HTTP/1.1" 200 30
186.102.57.137 - - [10/Jul/2022:15:30:36 -0500] "GET /kwssiamovil/sm/acme/s?s=U2FsdGVkX1/Iwz/XkR0GW1oKoh9t0ZR8uARzR2jHv6ppsFyrT64iwQ9JZiAK5KwANyFtEnrck7mhQFIHXsgQ9md9V7/YuWTQEmHoInIAIKw=&u=U2FsdGVkX19vdwPR8QNXxcoPhCWS6a8fF/fJT35Dohs=&y=U2FsdGVkX1/+4i7QByQipe4ekblx1FX6yUcJLeG4XcZuF5WPqzqi9fBT6fp80uPn HTTP/1.1" 200 97
186.102.57.137 - - [10/Jul/2022:15:30:36 -0500] "GET /kwssiamovil/sm/acme/s?s=U2FsdGVkX1/ngEki7OB7yuOUbhOofbk5NU/h/TJoC3apgxMPtPoToVP9ZcXbTgvYbi5dJZiMB3ierZXQl/HvEzgVirEsAlXN67bfaVVJSUWazEeQ4IGcboPTeCu1auN1dzd1vOAsVJNzk9fF5FXTnon974RvwUE7lVs9nti6U9jvPcdoaZStCvtWF5jhBIuSXNt2Xk4QKh3LOu48vPNNayDEQZkeOS2cgCUDHSGKwyNQcEl8Dczr2p7GFsvMQdkLEN0IRaz7oEUOjemKT8eVX+9Yq7ZolQTqT1TFGHLC5ZTZRa3RdnIB9ra29OW7DUxgDKXZNjzXCU1oqktfFPUdN6CETua+Ymx5BpZvdTvRejqMjpH2Itz/5F4ka368EYlW6jS2GKzFE+0fwKCjFt8eWpmNSBMxKH+wJyTN/T8QX1Fa9zLnVgF/fjzZQ2qjOTMKZThiLCj5l8tB3gRAsxi10rUxGR7lOoydbXyZx7Sjygmq6tRApCQtwKhnDH3Q0G/GKuWgrn7MhSJDcwcM+kHIBoCrTp4FTKV7jAPFR7gXyghbQ515uZI0Eku480H7zZFZBwo57ufCQuPheqa0ZbYZuem0ynV05m36Fp6aIIvg7rYqaxoHHRZk+9+3eRLZRKl7PxAywG4nvnoQRkF9sK2gO3A3OmSjWUMIZrMLZrAaOQSaOEVbCb18K9VQqONgHRa1AR4N7wt0V+6Uo6QTKTGRGYd5e2qimUKmFoS1V7/4ZCKARWGjGJprkd3QNuxUb++1QIkPGfXdL7bGCL+fRlBZi+NMQA0nJJrKinGwpPx/pKPt7pMWsUIqeazDNBXp6oJtbix335oWOIiMEe9dF+dMjveG/wplIkzwTXazctMRIuNO/E7+kcH+PkSm7avrQ24jOlstNL0jLWtIh5+WHdVi18rib6/7Y37ChhX+wFIlTD/zbtP7V/7nXyffDJt0HNbSI+1VSzLdxrpnOKBukwOrR/fnVmB+D1XTLMIovKrrcT1LbAdAGrbvd0fpIp4afvTndwLLIOl7A/fuRetZL6U4Z2RCKPytbaUSiSjvkq7+m1kqxNJiFzVPTXKH0p1N9Ug+z/++Pj+InxMH7yf8nzpfVlhul3bcnK968TJyP0cu2qqvAm1peXHzhMhdfpxFEozUQbQXvi38MAO65WTqY1jTTmMToN9JvfAPUp5gGtYPccAOAcqNuVX3V0SWfxXlVXhUZd/BIHN1c//BqvvMu5xMRBKR+vnBrA1d4Eef02+eXRXVDvwNaT50QvNx6/MTLn+LEGepAHQANe247LU/DmzXP+z2BZsP59JdD1DY35RX/+/rH5gRdZ9K7SvhwTTuxqIV4h5SDe04C8c1nXFJytDiixr6zhoPe9flOPGrWCE9tkA=&u=U2FsdGVkX19vdwPR8QNXxcoPhCWS6a8fF/fJT35Dohs=&y=U2FsdGVkX1/+4i7QByQipe4ekblx1FX6yUcJLeG4XcZuF5WPqzqi9fBT6fp80uPn HTTP/1.1" 200 3341
186.102.57.137 - - [10/Jul/2022:15:30:36 -0500] "GET /kwssiamovil/sm/acme/s?s=U2FsdGVkX19Unmxxt/jzs5zyQ6urItlFspwqtTb5Opb0o0mDwnQ7sAqXZc9LWVRHs6v8nyN+hq5lbE4ItgZobY6yxjcR4DKoR8HZ9nKm1sRwbh2FL7zCsy4VSfT2AvMGq87CzcPcgyW43njqR404uNXbpg34svKGhQk4nx7dzGCg0ZjaAl43Hmuz/TznuGzCVb9Z0Zd2RafSWE/758apxJTuvrDEWbm/u9+7qWIxjnByq8f6TMn3J3CP4zygQchCoBcIs6liNB1h/QjRna+Fnn5dwey24rW5rFeIYKBr7cQ=&u=U2FsdGVkX19vdwPR8QNXxcoPhCWS6a8fF/fJT35Dohs=&y=U2FsdGVkX1/+4i7QByQipe4ekblx1FX6yUcJLeG4XcZuF5WPqzqi9fBT6fp80uPn HTTP/1.1" 200 176
186.102.57.137 - - [10/Jul/2022:15:30:37 -0500] "GET /kwssiamovil/sm/cjson/pre?f=1&x=U2FsdGVkX18aUDP06yH4l9St7v0kZqGAlCpQija9W0HqOpAF95uRovASFlk+sQjv HTTP/1.1" 200 30992
201.245.192.253 - - [10/Jul/2022:15:30:45 -0500] "POST /kwsrmcab/Wsrmcab  HTTP/1.1" 200 45708
172.22.2.4 - - [10/Jul/2022:15:29:16 -0500] "HEAD /BLA/boletinlegal/ HTTP/1.1" 200 -
201.245.192.253 - - [10/Jul/2022:15:31:13 -0500] "POST /kwsrmcab/Wsrmcab HTTP/1.1" 200 46046
201.245.192.253 - - [10/Jul/2022:15:31:17 -0500] "POST /kwsrmcab/Wsrmcab HTTP/1.1" 200 47573
200.118.61.56 - - [10/Jul/2022:15:31:23 -0500] "GET /medida-preventiva-por-afectacion-al-humedal-de-techo.html HTTP/1.1" 200 779
172.22.2.4 - - [10/Jul/2022:15:30:06 -0500] "GET /BLA/boletinlegal/ HTTP/1.1" 200 60410
216.245.221.92 - - [10/Jul/2022:15:32:56 -0500] "HEAD / HTTP/1.1" 200 -
201.245.192.253 - - [10/Jul/2022:15:35:44 -0500] "POST /kwsrmcab/Wsrmcab  HTTP/1.1" 200 45708
191.95.169.69 - - [10/Jul/2022:15:36:30 -0500] "GET /galeria/galeria/jquery.fancybox.css?v=2.1.5 HTTP/1.1" 200 4895
191.95.169.69 - - [10/Jul/2022:15:36:30 -0500] "GET /BLA/boletinlegal/js/jquery.scrollShow.js HTTP/1.1" 200 4586
191.95.169.69 - - [10/Jul/2022:15:36:30 -0500] "GET /galeria/galeria/jquery.fancybox.js?v=2.1.5 HTTP/1.1" 200 48706
191.95.169.69 - - [10/Jul/2022:15:36:31 -0500] "GET /autoliquidacion2020 HTTP/1.1" 301 250
191.95.169.69 - - [10/Jul/2022:15:36:31 -0500] "GET /autoliquidacion2020/ HTTP/1.1" 200 6146
191.95.169.69 - - [10/Jul/2022:15:36:31 -0500] "GET /autoliquidacion2020/dlf/folder.png HTTP/1.1" 200 410
191.95.169.69 - - [10/Jul/2022:15:36:31 -0500] "GET /autoliquidacion2020/dlf/styles.css HTTP/1.1" 200 3045
191.95.169.69 - - [10/Jul/2022:15:36:32 -0500] "GET /autoliquidacion2020/dlf/bg.gif HTTP/1.1" 200 54
172.22.2.4 - - [10/Jul/2022:15:35:06 -0500] "HEAD /BLA/boletinlegal/ HTTP/1.1" 200 -
172.22.2.4 - - [10/Jul/2022:15:35:56 -0500] "GET /BLA/boletinlegal/ HTTP/1.1" 200 58491
216.245.221.92 - - [10/Jul/2022:15:37:56 -0500] "HEAD / HTTP/1.1" 200 -
172.22.2.4 - - [10/Jul/2022:15:38:41 -0500] "GET /BLA/boletinlegal/a2billing/customer/templates/default/footer.tpl HTTP/1.1" 404 1018
172.22.2.4 - - [10/Jul/2022:15:37:11 -0500] "GET /BLA/boletinlegal/ HTTP/1.1" 200 61510
201.245.192.253 - - [10/Jul/2022:15:40:42 -0500] "POST /kwsrmcab/Wsrmcab  HTTP/1.1" 200 45708
172.22.2.4 - - [10/Jul/2022:15:41:08 -0500] "GET /BLA/boletinlegal/Circulares/2019/.pdf HTTP/1.1" 404 1218
201.245.192.253 - - [10/Jul/2022:15:41:13 -0500] "POST /kwsrmcab/Wsrmcab HTTP/1.1" 200 46046
201.245.192.253 - - [10/Jul/2022:15:41:17 -0500] "POST /kwsrmcab/Wsrmcab HTTP/1.1" 200 47573
172.22.2.4 - - [10/Jul/2022:15:41:20 -0500] "GET /BLA/boletinlegal/Circulares/2012/Circular%20No.%2010%20del%2026%20de%20Enero%20de%202012.pdf HTTP/1.1" 404 1218
172.22.2.4 - - [10/Jul/2022:15:40:56 -0500] "HEAD /BLA/boletinlegal/ HTTP/1.1" 200 -
216.245.221.92 - - [10/Jul/2022:15:42:56 -0500] "HEAD / HTTP/1.1" 200 -
172.22.2.4 - - [10/Jul/2022:15:41:46 -0500] "GET /BLA/boletinlegal/ HTTP/1.1" 200 60410
186.30.75.38 - - [10/Jul/2022:15:44:46 -0500] "GET /BLA/resoluciones/index.php?dir=AUTOS+2011%2F HTTP/1.1" 200 12235
186.30.75.38 - - [10/Jul/2022:15:44:47 -0500] "GET /BLA/resoluciones/index.php?dir=AUTOS+2011%2F HTTP/1.1" 200 633976
186.30.75.38 - - [10/Jul/2022:15:45:15 -0500] "GET /BLA/resoluciones/AUTOS%202011/5762.pdf HTTP/1.1" 200 910489
201.245.192.253 - - [10/Jul/2022:15:45:41 -0500] "POST /kwsrmcab/Wsrmcab  HTTP/1.1" 200 45708
69.171.231.2 - - [10/Jul/2022:15:46:43 -0500] "GET /images/mercados-campesinos-5-mayo.jpg HTTP/1.1" 200 95848
216.245.221.92 - - [10/Jul/2022:15:47:56 -0500] "HEAD / HTTP/1.1" 200 -
181.52.20.217 - - [10/Jul/2022:15:48:18 -0500] "GET /appsia/controlador HTTP/1.1" 200 4799
181.52.20.217 - - [10/Jul/2022:15:48:18 -0500] "GET /appsia/scripts/validarIngreso.js HTTP/1.1" 200 851
181.52.20.217 - - [10/Jul/2022:15:48:18 -0500] "GET /appsia/css/estilos.css HTTP/1.1" 200 4804
181.52.20.217 - - [10/Jul/2022:15:48:18 -0500] "GET /appsia/images/logo_bogota_p.png HTTP/1.1" 200 14951
181.52.20.217 - - [10/Jul/2022:15:48:18 -0500] "GET /appsia/images/cabezoteHojaVida.png HTTP/1.1" 200 32493
181.52.20.217 - - [10/Jul/2022:15:48:18 -0500] "GET /favicon.ico HTTP/1.1" 200 7782
172.22.2.4 - - [10/Jul/2022:15:46:46 -0500] "HEAD /BLA/boletinlegal/ HTTP/1.1" 200 -
181.52.20.217 - - [10/Jul/2022:15:48:41 -0500] "POST /appsia/controlador HTTP/1.1" 200 3600
181.52.20.217 - - [10/Jul/2022:15:48:41 -0500] "GET /appsia/jscripts/validarSolicitud.js HTTP/1.1" 404 68
181.52.20.217 - - [10/Jul/2022:15:48:46 -0500] "POST /appsia/controlador HTTP/1.1" 200 4799
181.52.20.217 - - [10/Jul/2022:15:49:07 -0500] "POST /appsia/controlador HTTP/1.1" 200 3600
181.52.20.217 - - [10/Jul/2022:15:49:07 -0500] "GET /appsia/jscripts/validarSolicitud.js HTTP/1.1" 404 68
181.52.20.217 - - [10/Jul/2022:15:49:09 -0500] "POST /appsia/controlador HTTP/1.1" 200 4799
172.22.2.4 - - [10/Jul/2022:15:47:36 -0500] "GET /BLA/boletinlegal/ HTTP/1.1" 200 58491
181.52.20.217 - - [10/Jul/2022:15:50:01 -0500] "POST /appsia/controlador HTTP/1.1" 200 5437
181.52.20.217 - - [10/Jul/2022:15:50:02 -0500] "POST /appsia/controlador HTTP/1.1" 200 7785
191.102.224.198 - - [10/Jul/2022:15:50:05 -0500] "GET /appsia/controlador HTTP/1.1" 200 4799
191.102.224.198 - - [10/Jul/2022:15:50:05 -0500] "GET /appsia/scripts/validarIngreso.js HTTP/1.1" 200 851
191.102.224.198 - - [10/Jul/2022:15:50:05 -0500] "GET /appsia/css/estilos.css HTTP/1.1" 200 4804
191.102.224.198 - - [10/Jul/2022:15:50:06 -0500] "GET /appsia/images/cabezoteHojaVida.png HTTP/1.1" 200 32493
181.52.20.217 - - [10/Jul/2022:15:50:06 -0500] "POST /appsia/controlador HTTP/1.1" 200 5244
181.52.20.217 - - [10/Jul/2022:15:50:08 -0500] "GET /appsia/controlador?comando=regresar&id=20391573&funcionario=CLAUDIA+YANIRA+GODOY+ORJUELA&desde=20391573&hasta=20391573&version=20391573 HTTP/1.1" 200 7785
181.52.20.217 - - [10/Jul/2022:15:50:11 -0500] "POST /appsia/controlador HTTP/1.1" 200 6650
181.52.20.217 - - [10/Jul/2022:15:50:12 -0500] "POST /appsia/controlador HTTP/1.1" 200 12485
201.245.192.253 - - [10/Jul/2022:15:50:39 -0500] "POST /kwsrmcab/Wsrmcab  HTTP/1.1" 200 45708
172.22.2.4 - - [10/Jul/2022:15:50:53 -0500] "GET /BLA/boletinlegal/ HTTP/1.1" 200 57272
172.22.2.4 - - [10/Jul/2022:15:52:46 -0500] "GET /BLA/boletinlegal/favicon.ico HTTP/1.1" 404 1308
186.102.46.79 - - [10/Jul/2022:15:52:49 -0500] "GET /kwssiamovil/sm/ldap/au?x=U2FsdGVkX18ru+EV8ILVW1x/jGjZPusWmuPVpKYrP+9Ip8xRU8L201ypILhew9mU&y=U2FsdGVkX18ulDC/q+suT9nT9aKTVk85mLY+4DIvfYIEdhNaVZno3BYFUtb2XA4k HTTP/1.1" 200 30
186.102.46.79 - - [10/Jul/2022:15:52:49 -0500] "GET /kwssiamovil/sm/acme/s?s=U2FsdGVkX1+9IeKNehwOD/LhBk4rI4rFAC6zXJ+Fc2qvXAcSSspcgYOLbknx1X3USEk+AT8YQo7s8a0mkJUtN09Pnn4b+GihA11DoztYq74=&u=U2FsdGVkX1++aCcJo+Dy/xhdiS85RxHncGesmp0XVy8c9oGrdJJdfutvZangwK6a&y=U2FsdGVkX18ulDC/q+suT9nT9aKTVk85mLY+4DIvfYIEdhNaVZno3BYFUtb2XA4k HTTP/1.1" 200 97
186.102.46.79 - - [10/Jul/2022:15:52:50 -0500] "GET /kwssiamovil/sm/acme/s?s=U2FsdGVkX1/jXGXVvloFfU2FM0tYgEZXv0cXDdM7aNtCmzerI6p5s23ZelgKQ0v2KcHmmXkC0XX9v9BQ/JmQQgH5yFOZM7mzHLmnGR8tyuh9enZL34PfbQsgh/syR3KrP6dzuGN0llms1yAji6zx6e4rUE/DoIVLf+jbfxSdivzD8qiTdCDcF8ei/tagvHFXpcBKD2w9u6jm2/HWyTQLad2nMkW7xNzJl8oaASa9dAmKAR6E4XN/DB7WhvXrwhGcJFfvZY2SJOjxmbQqACwdz7oyGQ/xA6bG9Cf/MgoMLIvF6rDlCXC/FYmpNF2NsQjVueaU2H8u1AWNh/kuVbcp6D46Rb/VO+YIkGG9P5lyp6CCsip77Pn/wxskYQ6qPWIR3Zi7Xmjcjxr2LI9oUO190H9nm65ql4OboHAki5ZhcnWVqNGzuNHVHJjUrkElzZZC3w0/Ku8C/MK8LqaxEnl2mH1TyNq8vMgegLaRDis31ER3dQWcbeIQUxWt/oneHyBBhKvkyUbbH24tduEvW5Sf/YJNwxZOnrck0wuGT1dIfgR+XfLB2Hprrvn7658EN8eFOaiTPO6EYdCTyIoeRSnd1dGbZzS4dV/Y/oTh92fx00M/Q0wEJcOkY6WVrZVNGzHjn5nJNxbi3J5kutzGMr55B4M61YXis7wjgGH27P6uuFPH1fsz+xcZ7E41WXV/FDESfU4aUCkuzFijKojYsHarZG8a1tynw/Ekwaw+6lho8I/QP3Yg2Kz1QcEUVus6IRHQDsFIshMiT8z9FGNFFnuBKrZYJ0Gzzo7kp9PKuT5On9GkCBmfJFDDSSbwHGhYwZ7zRfoSa2WDhxA44t4fXEYftTThN/+G7TXANlQcsdeD2Hil1MCjrv/AfjJTmaTh0RQXpO6C7bXo57IfxYt+EfQ8HBG41Y4ebxFXHR6Fa7EWom10chn7bhcq78AudgcFCskM6Mj1q4by3zoruOmgz62GEd3YTwT8q1Hiv8UFqc2P9pPg6Xd1tBlMF1T09dDdD4xJV5/duTUV3+lN4ymq7fgyAivpoDdQoo8jvXwbfyMge0bkXHvBrWHgyFaS+f7Frno3Eu1QBcMvbdCGsiAFyu9tfefIZZV2TRja9ed7RNItlC2+NJ7lnFosq2pfI2E6Yh7dwB6JU33EbqQXC8tQINMXeodXH+630RU1lMFGQRb0EJALVI1TmzwcRMjoU5Z0RWd6aL2ex0Cp5sbfERbhGUcemDaxScTjcuURZxFn39tzxH7SIWaaJfolJ3YArGNP8GieKFkkBF6TIZ82h8SUVkXoMtBmyEYJgiRQCsYYaHBlRXCc+5n3kUouEcyEWWH3zhowSiqcB45Ff4Cr1t5ZOEFrfwhU9GVtFO7yglPGyrZ1ywA=&u=U2FsdGVkX1++aCcJo+Dy/xhdiS85RxHncGesmp0XVy8c9oGrdJJdfutvZangwK6a&y=U2FsdGVkX18ulDC/q+suT9nT9aKTVk85mLY+4DIvfYIEdhNaVZno3BYFUtb2XA4k HTTP/1.1" 200 10331
186.102.46.79 - - [10/Jul/2022:15:52:50 -0500] "GET /kwssiamovil/sm/acme/s?s=U2FsdGVkX19ndlilMrHc4jn+0S73Z1scG9LhbC4ZD1sk6LXdW5/EhZyQd6ofJb5o4ULQzM1gIZFku1HwtfaS1t1g8AlDyMB+UAEThcawCK6mR2xup59/fyM+Nmkqw9GoYcP2tehn6KU4QqntAaI72XjwbwYS+jgesTupeNJHet6GgMPvxETFQD9xUsGvdDw7+ezEZ22AYKGadYumMEwOpyIstDuBnUZmVtrU3tqZ+lQGvrGu0O3Iwwe1EORkPUzSB76PrAcKHbo37mMH3ow0tDttcbWT9RYcjSgJPkS+PFE=&u=U2FsdGVkX1++aCcJo+Dy/xhdiS85RxHncGesmp0XVy8c9oGrdJJdfutvZangwK6a&y=U2FsdGVkX18ulDC/q+suT9nT9aKTVk85mLY+4DIvfYIEdhNaVZno3BYFUtb2XA4k HTTP/1.1" 200 176
186.102.46.79 - - [10/Jul/2022:15:52:50 -0500] "GET /kwssiamovil/sm/cjson/pre?f=1&x=U2FsdGVkX18ru+EV8ILVW1x/jGjZPusWmuPVpKYrP+9Ip8xRU8L201ypILhew9mU HTTP/1.1" 200 30992
216.245.221.92 - - [10/Jul/2022:15:52:56 -0500] "HEAD / HTTP/1.1" 200 -
172.22.2.4 - - [10/Jul/2022:15:51:29 -0500] "GET /BLA/boletinlegal/index.php HTTP/1.1" 200 54767
172.22.2.4 - - [10/Jul/2022:15:52:36 -0500] "HEAD /BLA/boletinlegal/ HTTP/1.1" 200 -
172.22.2.4 - - [10/Jul/2022:15:53:26 -0500] "GET /BLA/boletinlegal/ HTTP/1.1" 200 58491
201.245.192.253 - - [10/Jul/2022:15:55:38 -0500] "POST /kwsrmcab/Wsrmcab  HTTP/1.1" 200 45708
216.245.221.92 - - [10/Jul/2022:15:57:56 -0500] "HEAD / HTTP/1.1" 200 -
172.22.2.4 - - [10/Jul/2022:15:58:26 -0500] "HEAD /BLA/boletinlegal/ HTTP/1.1" 200 -
186.102.3.35 - - [10/Jul/2022:16:00:26 -0500] "OPTIONS /kwssiamovil/sm/setfile/f? HTTP/1.1" 200 13
186.102.3.35 - - [10/Jul/2022:16:00:26 -0500] "POST /kwssiamovil/sm/setfile/f? HTTP/1.1" 200 381
186.102.3.35 - - [10/Jul/2022:16:00:29 -0500] "OPTIONS /kwssiamovil/sm/setfile/f? HTTP/1.1" 200 13
186.102.3.35 - - [10/Jul/2022:16:00:29 -0500] "POST /kwssiamovil/sm/setfile/f? HTTP/1.1" 200 381
186.102.3.35 - - [10/Jul/2022:16:00:34 -0500] "OPTIONS /kwssiamovil/sm/setfile/f? HTTP/1.1" 200 13
186.102.3.35 - - [10/Jul/2022:16:00:34 -0500] "POST /kwssiamovil/sm/setfile/f? HTTP/1.1" 200 381
186.102.3.35 - - [10/Jul/2022:16:00:39 -0500] "OPTIONS /kwssiamovil/sm/setfile/f? HTTP/1.1" 200 13
201.245.192.253 - - [10/Jul/2022:16:00:37 -0500] "POST /kwsrmcab/Wsrmcab  HTTP/1.1" 200 45708
186.102.3.35 - - [10/Jul/2022:16:00:39 -0500] "POST /kwssiamovil/sm/setfile/f? HTTP/1.1" 200 381
186.102.3.35 - - [10/Jul/2022:16:00:54 -0500] "GET /kwssiamovil/sm/acme/a?s=U2FsdGVkX1+9CaL6U4yd2fysKHtaPp5ono6KGlJZxfc9O3OjZc1zdv47rPez2LoxddMBkMA+Kh6X5uOeeSsR13TvmR60sArkLnqwLrBZClIyXEjfG0eyt9ah4YeAUiyRmQCa8C/mE+jMmyOobFm6qW+7LYL6+lqBx9+ngJ5UmXa0+BxPSdO1WpFA5jpAExcTMBAhhujbPRyp+iAjnllt8Q+83hIjiLEBAVK9OosO8vV/9Gv2ttBOizEF9JoxDVFmFi39PuzG8ri7upWABKqJoA==&u=U2FsdGVkX18Da7xL+0s6ueeX+YAztIS4F2Yfxw3cI5DynI3Q+ySY5ZwbwF5SB0Wk&y=U2FsdGVkX19RMSb6H7LB92AHDNuJYbV4WkWkDd/VQkyTIuIvbDatgG4WXc7dejp9 HTTP/1.1" 200 25
186.102.3.35 - - [10/Jul/2022:16:00:54 -0500] "GET /kwssiamovil/sm/acme/a?s=U2FsdGVkX1/tH2DDzposCgrGKpQ54tSjsvA9y4KvZFLiSjoz6osY7zoGfOYTbUEZamGCCzTL/Hb/m1McT/HX+7LG/5fcBdMvXEjZrFQHL/5m2QrELm7PZKAY4euGyaVFAbEjJ2iWIUJlPsnik/8xbG77tuYCyIe7I2jaix8vyc14l9UAsIt3FwzlflRX4M158EYY/3WVq74gHzQxxWqoNAX4bSYU0s65De+n42MT1sD7i/u0VdNlBvyn/2GIEZM4IYGbu8VX5h6RY+ad/MsQpuFyobYDRNGSP01tuCug4UFpZwzsArsSvggAl7dYP/Aplf8g6/VyZMOF3DxIzHF10With3NAmv4sgu4NPw+A+TTNGuaojTzOkMHV2itgeQKQ3Pwi02tw+KZk7/QulXdSoDETOkBGF7K8V2FsTczW46AoWQpcE6bmFp+2ZsmZN7zQmXURskPp0RlMxnfF5NThHJAibLvVDfZvD8s1YalrixLJ7kr6/dce7KS9ICv8QYVjsjvLCoIB+xFMagsgtiZR7GieMShyKk9AkFs/qq+xJ3DZyHey+9ciohmDBDrzxtZCAg0yjsBR4fWi3DCzYPEJeouNdFZ27tmeiEYuEBbab2/7PmBUgEsliUgW4/rf4rdomR6Xiw0ixNUeJtGSfjbOLQmnpZUfDlDUqMm5pwe0mb+g4RZGvhTMny6B5gXX8RWhIMKMTbEIe9R47/ESHuQXHvVMPrkJMy2s4x+y8ARcjQ5/YmcBbRz+H8/JN157XkKSzE1EGUIeIYMT6sYHwA+CUg2zmj9sifQ3ZKvGM8NRoAzl9plQLUYckcOsvQqiyH3pMVN9I0/Dvq8nUdsx6VJB/tIQwrFnIPh2OjM2eitZfEBewHtP2TKnmtPUz3iotYS59GDqJCeCjSdGHpmV6Eu4zk0EXpg47+JeMVZGpFQi5cMDpSWNt7XWZ5iGWznQyHgunr1zmcmpBvqvgYt0BjtZ7Cx/uNtROIajSbfQImBdFXUdsHP9kiZavXHNk30C0q0g26uclcrw2ihDnn8YB2t6asfHVKvNIu+ShmOybhm4yFwMXp4H1rIYvetL0ixDQAlRfihuyZ8GxI7Q1ZDl3rxFFbwhLua9KiEa/ZTbA9zcMs57VfMX1e6eZ+BDuWYUSyt38epQE5gwQHonBCOqhN4LFzHDC3CehV7WXCEZAC9/pOJ5DwsrcpXVRKwyL6yemNjUSUY71lvS1eOTU7kqpuJ00eVIGLBAliPZkn6VZDs/O4iki6hqDtjaCPlBFR8qTbPhXfELP3IGlumV7l/ok1gbh2z9eeCmmDirD+t9qub9V8weRLPS9TPQu7HKkk3qH0bp3Ux/eRnbxaedmZI9MLtuLg==&u=U2FsdGVkX18Da7xL+0s6ueeX+YAztIS4F2Yfxw3cI5DynI3Q+ySY5ZwbwF5SB0Wk&y=U2FsdGVkX19RMSb6H7LB92AHDNuJYbV4WkWkDd/VQkyTIuIvbDatgG4WXc7dejp9 HTTP/1.1" 200 25
186.102.3.35 - - [10/Jul/2022:16:00:55 -0500] "GET /kwssiamovil/sm/acme/a?s=U2FsdGVkX19svlZtcgliE80Nq0jId3if9874mrSIAf6Qocw2KjW42mNv51pIjsnKFyW0wOzZTqcblYl8KrRuqCIhidRFI0u/5d4ZRnENrJLF1XpgD4sCpqrh1lxfA8E0TTsvXHGfTqz8WgiC/thZk+xgjHwenSr2uBIH5NDxWP4=&u=U2FsdGVkX18Da7xL+0s6ueeX+YAztIS4F2Yfxw3cI5DynI3Q+ySY5ZwbwF5SB0Wk&y=U2FsdGVkX19RMSb6H7LB92AHDNuJYbV4WkWkDd/VQkyTIuIvbDatgG4WXc7dejp9 HTTP/1.1" 200 25
186.102.3.35 - - [10/Jul/2022:16:00:55 -0500] "GET /kwssiamovil/sm/acme/a?s=U2FsdGVkX19Hb+f4xspAmrMUhqVwT9hdTLUl8C2dnpGmi/dHSgLGvNYtYRXvtygp4PyAkWKJ9CL+8iIEjVsXbRgCgIFulL5hvpLkvKC2z02R35LwjHZIO2mMM48JBUKkQ+vs5werCNxyJhlQp29gb7COW2jFC9Xf1JWLEP5+OSs=&u=U2FsdGVkX18Da7xL+0s6ueeX+YAztIS4F2Yfxw3cI5DynI3Q+ySY5ZwbwF5SB0Wk&y=U2FsdGVkX19RMSb6H7LB92AHDNuJYbV4WkWkDd/VQkyTIuIvbDatgG4WXc7dejp9 HTTP/1.1" 200 25
186.102.3.35 - - [10/Jul/2022:16:00:55 -0500] "GET /kwssiamovil/sm/acme/a?s=U2FsdGVkX18frkX5gdb1xVFFhgtBN2wV1sTTOHmSegdWPs2P79MHD7nqr5OWIIN8Wk29g7xIPhZxQs/+J+SxDWkmRxSf0wNZGRssHm1AzEsjnNFeW0Qv68Gp+S6FDTr0f4d5IihwOzCLV3qC4AYTkG+CyrlEMMz8SP6Q41J1P8E=&u=U2FsdGVkX18Da7xL+0s6ueeX+YAztIS4F2Yfxw3cI5DynI3Q+ySY5ZwbwF5SB0Wk&y=U2FsdGVkX19RMSb6H7LB92AHDNuJYbV4WkWkDd/VQkyTIuIvbDatgG4WXc7dejp9 HTTP/1.1" 200 25
186.102.3.35 - - [10/Jul/2022:16:00:55 -0500] "GET /kwssiamovil/sm/acme/a?s=U2FsdGVkX19Nkl5hT2iHCQ5A1R5uFAFRxqekFTGpviD4eH/ouQ8Fhig6xVEF59YZQB6rOh9XEoKjXjaLlbplJJ8WJC9J6i6xYBP2dJQ0df7grY7EV+hw66Kl9Gx/iKeMLsJ/r1HTm7IpV+a/Liu7wyv/oWJF3tntqpMklnXTvrJQjLVl2uibEjho9DDHUtvC&u=U2FsdGVkX18Da7xL+0s6ueeX+YAztIS4F2Yfxw3cI5DynI3Q+ySY5ZwbwF5SB0Wk&y=U2FsdGVkX19RMSb6H7LB92AHDNuJYbV4WkWkDd/VQkyTIuIvbDatgG4WXc7dejp9 HTTP/1.1" 200 25
186.102.3.35 - - [10/Jul/2022:16:00:55 -0500] "GET /kwssiamovil/sm/acme/a?s=U2FsdGVkX19yZIXKyxhAeKH+IXdT5EhLVFmEpjMgXkmwcYlyvQXq/uqUVkKc5gdA7oHhFPOaLUjp03ORGba3x9LTGQm8QNCGyo/BD4054hJG3d4X3ItupIGCLj2EWTt/j4BRXZ4oxW7BFQJFBpdzpuvMq5jQv/CJRKqbuRdcGkLqzWitWxrzymp5toMj/OxN3nFPabdmO1AnjouStEHicw==&u=U2FsdGVkX18Da7xL+0s6ueeX+YAztIS4F2Yfxw3cI5DynI3Q+ySY5ZwbwF5SB0Wk&y=U2FsdGVkX19RMSb6H7LB92AHDNuJYbV4WkWkDd/VQkyTIuIvbDatgG4WXc7dejp9 HTTP/1.1" 200 25
186.102.3.35 - - [10/Jul/2022:16:00:56 -0500] "GET /kwssiamovil/sm/acme/a?s=U2FsdGVkX19FlPr7IcaKpoYY9XmyYKhYBHg5HtT+97wLeSjhZOqMQekikYLelR0I3eaIT5TQ+eTZ4GWOzB5/JGbZoi/LINr7m2I8kaKrkhJM58KhGANC9Fv3mZcL2En5kT6PcXBFdDu5VV187S0s3TP5ENj9kHidRXJXWyMULXcZ+B47XnATljKrjA2pVuR8&u=U2FsdGVkX18Da7xL+0s6ueeX+YAztIS4F2Yfxw3cI5DynI3Q+ySY5ZwbwF5SB0Wk&y=U2FsdGVkX19RMSb6H7LB92AHDNuJYbV4WkWkDd/VQkyTIuIvbDatgG4WXc7dejp9 HTTP/1.1" 200 25
186.102.3.35 - - [10/Jul/2022:16:00:56 -0500] "GET /kwssiamovil/sm/acme/a?s=U2FsdGVkX1/+l4NHUVSWDYSJ1jMg73rAU4/ZlIlEmjF6kUl9fQwdnKlYW9rtgOEgIP7oJzf8tDKcebcRmbYiPHeN5VKxrrIvMgg+PNyofWTZ9Dgow15snTcgW3ZxNLMIJx5w6QcfaxB8DGNaf3rZiCUhn8VUApVoJOtXQAVa7L4400xebApV0CaDwjKmSgYDBLAIN5BwiABr/gJ5HQ1ZeQ==&u=U2FsdGVkX18Da7xL+0s6ueeX+YAztIS4F2Yfxw3cI5DynI3Q+ySY5ZwbwF5SB0Wk&y=U2FsdGVkX19RMSb6H7LB92AHDNuJYbV4WkWkDd/VQkyTIuIvbDatgG4WXc7dejp9 HTTP/1.1" 200 25
172.22.2.4 - - [10/Jul/2022:15:59:16 -0500] "GET /BLA/boletinlegal/ HTTP/1.1" 200 58122
186.102.3.35 - - [10/Jul/2022:16:00:56 -0500] "GET /kwssiamovil/sm/acme/a?s=U2FsdGVkX19GPSs+qybuGOy7G8CSUo0YpHh8diU1mNOp1T4Qbi5svX4ZTqBVWEV85WuQOJtEaj67X7ITZwIVJLli5OOQh1VfiBQTE77wLCDC45yEY3dw+aC3zZq3SzHI3/UcRTuK085PtIxBpxqiJYf583jsgBkfP3xYUHL8rS8oM2h03PG9hKmXQAgKDQra&u=U2FsdGVkX18Da7xL+0s6ueeX+YAztIS4F2Yfxw3cI5DynI3Q+ySY5ZwbwF5SB0Wk&y=U2FsdGVkX19RMSb6H7LB92AHDNuJYbV4WkWkDd/VQkyTIuIvbDatgG4WXc7dejp9 HTTP/1.1" 200 25
186.102.3.35 - - [10/Jul/2022:16:00:56 -0500] "GET /kwssiamovil/sm/acme/a?s=U2FsdGVkX19ckpxDLESeNk4xrcdOorh3gvqqpc2pPW9QSRyOijpLPWE6HzlNkqUL+XGkk62krP7AeBVHiTlq2ahc76crN1J67begRGDee8fWdicaKVBWjTVGcKtKZzJ002Cc3KnkUKZQ9BHSU8Ei2+VpEiSux+mSFSK940hjpNt40iqIVJ9d0mZaOXEmNzKu5URJ5iQ2Zntaf6RDDEBNpyaK/xwCMkVYf1IlpTU3aS4=&u=U2FsdGVkX18Da7xL+0s6ueeX+YAztIS4F2Yfxw3cI5DynI3Q+ySY5ZwbwF5SB0Wk&y=U2FsdGVkX19RMSb6H7LB92AHDNuJYbV4WkWkDd/VQkyTIuIvbDatgG4WXc7dejp9 HTTP/1.1" 200 25
186.102.3.35 - - [10/Jul/2022:16:00:56 -0500] "GET /kwssiamovil/sm/acme/a?s=U2FsdGVkX1/tnQO6wpzcbzO9uQqpnbbXezePJ10XbTO4/qutD67GXsx1GVnkcY7EEIHLl7cB7NeArg7Aog9zCTsKAV+L4rM17cORuxjBU1KWeH4Zts7xdEKHYZgGv4akXBQ1+WQ0bzcdmAt/mze9pV5rPVNiuwDY7RKbJQS2TDPbpsLkMxBdP6lt/KaCfZBUzAoe5C/JDfCFcwiG7JoVHw==&u=U2FsdGVkX18Da7xL+0s6ueeX+YAztIS4F2Yfxw3cI5DynI3Q+ySY5ZwbwF5SB0Wk&y=U2FsdGVkX19RMSb6H7LB92AHDNuJYbV4WkWkDd/VQkyTIuIvbDatgG4WXc7dejp9 HTTP/1.1" 200 25
186.102.3.35 - - [10/Jul/2022:16:00:57 -0500] "GET /kwssiamovil/sm/acme/a?s=U2FsdGVkX1+q0ONwTlRmfc7nD96D3RWZguZK7ej/xPUKa6689944ewQPZQYysZ7a+Bsb3LoloGhpgwEbdWtIhZy1nqLPN23WVaBm0NmYnLwBUH2cdF5vbRKyZvD54ESmOQ9+7kP1Al8WwOgnQ+8cjAkhueDGBydkY9mFLVGGurKyj+ba1uAkmeb3xP0Hd8YM+PPK5lGxQu0pmNSszUi2Jw==&u=U2FsdGVkX18Da7xL+0s6ueeX+YAztIS4F2Yfxw3cI5DynI3Q+ySY5ZwbwF5SB0Wk&y=U2FsdGVkX19RMSb6H7LB92AHDNuJYbV4WkWkDd/VQkyTIuIvbDatgG4WXc7dejp9 HTTP/1.1" 200 25
186.102.3.35 - - [10/Jul/2022:16:00:57 -0500] "GET /kwssiamovil/sm/acme/a?s=U2FsdGVkX1+5z+B0ct/wJQokUu5biKD7LUyLVoxJC89HHpufHm+yfiCLq7em9D9xPbVzz3UYbWWfin/bSZXtUfSSoU2GPJVsuc6wAcx8n7fzOm+wVsUbNxM5wRy2KUc6tOBEesOJOX8loOSnYCAQP0gyKCUonmiK9Pfk44MpYIu9FnQ+84SAy/QPsBZA1vXA&u=U2FsdGVkX18Da7xL+0s6ueeX+YAztIS4F2Yfxw3cI5DynI3Q+ySY5ZwbwF5SB0Wk&y=U2FsdGVkX19RMSb6H7LB92AHDNuJYbV4WkWkDd/VQkyTIuIvbDatgG4WXc7dejp9 HTTP/1.1" 200 25
186.102.3.35 - - [10/Jul/2022:16:01:16 -0500] "GET /kwssiamovil/sm/acme/u?s=U2FsdGVkX1/nVNf8+587yaxfZB5NP7BLqestoQ6FHfIwJu+1kIeFZxYOjooUL5FY51OcyAXpf+zQHxu6wDuPVRoTyvQzoheBDAIxduciKnd0d3dBhyFHpYyQDCNnAksNyMVD1f/MaxlfVKvvMdhfPg==&u=U2FsdGVkX18Da7xL+0s6ueeX+YAztIS4F2Yfxw3cI5DynI3Q+ySY5ZwbwF5SB0Wk&y=U2FsdGVkX19RMSb6H7LB92AHDNuJYbV4WkWkDd/VQkyTIuIvbDatgG4WXc7dejp9 HTTP/1.1" 200 60
162.221.192.26 - - [10/Jul/2022:16:01:37 -0500] "GET /portaldeninos/ HTTP/1.1" 200 109662
216.245.221.92 - - [10/Jul/2022:16:02:56 -0500] "HEAD / HTTP/1.1" 200 -
40.77.167.0 - - [10/Jul/2022:16:03:45 -0500] "GET /portaldeninos/ HTTP/1.1" 200 109662
40.77.189.253 - - [10/Jul/2022:16:03:48 -0500] "GET /portaldeninos/wp-content/plugins/gallery-videos/CSS/Total-Soft-Gallery-Video-Widget.css?ver=4.9.8 HTTP/1.1" 200 51554
40.77.188.181 - - [10/Jul/2022:16:03:48 -0500] "GET /portaldeninos/wp-content/themes/betheme/assets/animations/animations.min.css?ver=20.9.6 HTTP/1.1" 200 58508
40.77.188.38 - - [10/Jul/2022:16:03:49 -0500] "GET /portaldeninos/wp-content/plugins/popup-maker/assets/css/site.min.css?ver=1.8.14 HTTP/1.1" 200 8260
40.77.190.203 - - [10/Jul/2022:16:03:50 -0500] "GET /portaldeninos/wp-includes/js/jquery/ui/accordion.min.js?ver=1.11.4 HTTP/1.1" 200 8584
40.77.190.211 - - [10/Jul/2022:16:03:51 -0500] "GET /portaldeninos/wp-includes/js/jquery/ui/position.min.js?ver=1.11.4 HTTP/1.1" 200 6527
40.77.188.12 - - [10/Jul/2022:16:03:51 -0500] "GET /portaldeninos/wp-content/plugins/popup-maker/assets/js/site.min.js?defer&ver=1.8.14 HTTP/1.1" 200 48457
40.77.190.109 - - [10/Jul/2022:16:03:51 -0500] "GET /portaldeninos/wp-includes/js/wp-emoji-release.min.js?ver=4.9.8 HTTP/1.1" 200 12026
40.77.190.150 - - [10/Jul/2022:16:03:53 -0500] "GET /portaldeninos/wp-json/pum/v1/analytics/?event=open&pid=1126&_cache=1657486873197 HTTP/1.1" 204 -
40.77.188.135 - - [10/Jul/2022:16:03:51 -0500] "GET /portaldeninos/wp-content/uploads/2022/01/Conoce-lo-que-hace-la-Secretar%C3%ADa-de-Ambiente.mp4 HTTP/1.1" 200 6599959
