186.29.7.67 - - [10/Jul/2022:12:35:13 -0500] "GET /sipse/faces/javax.faces.resource/primefaces.css?ln=primefaces&v=4.0 HTTP/1.1" 304 -
186.29.7.67 - - [10/Jul/2022:12:35:13 -0500] "GET /sipse/faces/javax.faces.resource/jquery/jquery.js?ln=primefaces&v=4.0 HTTP/1.1" 304 -
186.29.7.67 - - [10/Jul/2022:12:35:13 -0500] "GET /sipse/faces/javax.faces.resource/layout/layout.css?ln=primefaces&v=4.0 HTTP/1.1" 304 -
186.29.7.67 - - [10/Jul/2022:12:35:13 -0500] "GET /sipse/faces/javax.faces.resource/jquery/jquery-plugins.js?ln=primefaces&v=4.0 HTTP/1.1" 304 -
186.29.7.67 - - [10/Jul/2022:12:35:13 -0500] "GET /sipse/faces/javax.faces.resource/primefaces.js?ln=primefaces&v=4.0 HTTP/1.1" 304 -
186.29.7.67 - - [10/Jul/2022:12:35:13 -0500] "GET /sipse/faces/javax.faces.resource/layout/layout.js?ln=primefaces&v=4.0 HTTP/1.1" 304 -
186.29.7.67 - - [10/Jul/2022:12:35:13 -0500] "GET /sipse/faces/javax.faces.resource/images/ui-icons_898989_256x240.png?ln=primefaces-aristo HTTP/1.1" 304 -
186.29.7.67 - - [10/Jul/2022:12:35:17 -0500] "POST /sipse/faces/presentacion/financiero/solicitudProceso/consultarSolicitudProceso.xhtml HTTP/1.1" 200 21244
186.29.7.67 - - [10/Jul/2022:12:35:18 -0500] "GET /sipse/faces/javax.faces.resource/primefaces.css?ln=primefaces&v=4.0 HTTP/1.1" 304 -
186.29.7.67 - - [10/Jul/2022:12:35:18 -0500] "GET /sipse/faces/javax.faces.resource/theme.css?ln=primefaces-sipse HTTP/1.1" 304 -
186.29.7.67 - - [10/Jul/2022:12:35:18 -0500] "GET /sipse/faces/javax.faces.resource/jquery/jquery.js?ln=primefaces&v=4.0 HTTP/1.1" 304 -
186.29.7.67 - - [10/Jul/2022:12:35:18 -0500] "GET /sipse/faces/javax.faces.resource/layout/layout.css?ln=primefaces&v=4.0 HTTP/1.1" 304 -
186.29.7.67 - - [10/Jul/2022:12:35:18 -0500] "GET /sipse/faces/javax.faces.resource/primefaces.js?ln=primefaces&v=4.0 HTTP/1.1" 304 -
186.29.7.67 - - [10/Jul/2022:12:35:18 -0500] "GET /sipse/faces/javax.faces.resource/jquery/jquery-plugins.js?ln=primefaces&v=4.0 HTTP/1.1" 304 -
186.29.7.67 - - [10/Jul/2022:12:35:18 -0500] "GET /sipse/faces/javax.faces.resource/layout/layout.js?ln=primefaces&v=4.0 HTTP/1.1" 304 -
186.29.7.67 - - [10/Jul/2022:12:35:18 -0500] "GET /sipse/faces/javax.faces.resource/fileupload/fileupload.css?ln=primefaces&v=4.0 HTTP/1.1" 304 -
186.29.7.67 - - [10/Jul/2022:12:35:18 -0500] "GET /sipse/faces/javax.faces.resource/fileupload/fileupload.js?ln=primefaces&v=4.0 HTTP/1.1" 304 -
186.29.7.67 - - [10/Jul/2022:12:35:18 -0500] "GET /sipse/faces/javax.faces.resource/images/ui-icons_898989_256x240.png?ln=primefaces-aristo HTTP/1.1" 304 -
186.29.7.67 - - [10/Jul/2022:12:35:23 -0500] "POST /sipse/faces/presentacion/sistema/anexos/cargarAnexoSolicitudProceso.xhtml HTTP/1.1" 200 189392
186.29.7.67 - - [10/Jul/2022:12:35:24 -0500] "GET /sipse/faces/javax.faces.resource/theme.css?ln=primefaces-sipse HTTP/1.1" 304 -
186.29.7.67 - - [10/Jul/2022:12:35:24 -0500] "GET /sipse/faces/javax.faces.resource/primefaces.css?ln=primefaces&v=4.0 HTTP/1.1" 304 -
186.29.7.67 - - [10/Jul/2022:12:35:24 -0500] "GET /sipse/faces/javax.faces.resource/layout/layout.css?ln=primefaces&v=4.0 HTTP/1.1" 304 -
186.29.7.67 - - [10/Jul/2022:12:35:24 -0500] "GET /sipse/faces/javax.faces.resource/jquery/jquery.js?ln=primefaces&v=4.0 HTTP/1.1" 304 -
186.29.7.67 - - [10/Jul/2022:12:35:24 -0500] "GET /sipse/faces/javax.faces.resource/primefaces.js?ln=primefaces&v=4.0 HTTP/1.1" 304 -
186.29.7.67 - - [10/Jul/2022:12:35:24 -0500] "GET /sipse/faces/javax.faces.resource/jquery/jquery-plugins.js?ln=primefaces&v=4.0 HTTP/1.1" 304 -
186.29.7.67 - - [10/Jul/2022:12:35:24 -0500] "GET /sipse/faces/javax.faces.resource/layout/layout.js?ln=primefaces&v=4.0 HTTP/1.1" 304 -
186.29.7.67 - - [10/Jul/2022:12:35:24 -0500] "GET /sipse/faces/javax.faces.resource/images/ui-icons_898989_256x240.png?ln=primefaces-aristo HTTP/1.1" 304 -
186.29.7.67 - - [10/Jul/2022:12:35:27 -0500] "POST /sipse/faces/presentacion/financiero/solicitudProceso/consultarSolicitudProceso.xhtml HTTP/1.1" 200 21244
186.29.7.67 - - [10/Jul/2022:12:35:28 -0500] "GET /sipse/faces/javax.faces.resource/theme.css?ln=primefaces-sipse HTTP/1.1" 304 -
186.29.7.67 - - [10/Jul/2022:12:35:28 -0500] "GET /sipse/faces/javax.faces.resource/primefaces.css?ln=primefaces&v=4.0 HTTP/1.1" 304 -
186.29.7.67 - - [10/Jul/2022:12:35:28 -0500] "GET /sipse/faces/javax.faces.resource/jquery/jquery.js?ln=primefaces&v=4.0 HTTP/1.1" 304 -
186.29.7.67 - - [10/Jul/2022:12:35:28 -0500] "GET /sipse/faces/javax.faces.resource/layout/layout.css?ln=primefaces&v=4.0 HTTP/1.1" 304 -
186.29.7.67 - - [10/Jul/2022:12:35:28 -0500] "GET /sipse/faces/javax.faces.resource/primefaces.js?ln=primefaces&v=4.0 HTTP/1.1" 304 -
186.29.7.67 - - [10/Jul/2022:12:35:28 -0500] "GET /sipse/faces/javax.faces.resource/jquery/jquery-plugins.js?ln=primefaces&v=4.0 HTTP/1.1" 304 -
186.29.7.67 - - [10/Jul/2022:12:35:28 -0500] "GET /sipse/faces/javax.faces.resource/layout/layout.js?ln=primefaces&v=4.0 HTTP/1.1" 304 -
186.29.7.67 - - [10/Jul/2022:12:35:28 -0500] "GET /sipse/faces/javax.faces.resource/fileupload/fileupload.css?ln=primefaces&v=4.0 HTTP/1.1" 304 -
186.29.7.67 - - [10/Jul/2022:12:35:28 -0500] "GET /sipse/faces/javax.faces.resource/fileupload/fileupload.js?ln=primefaces&v=4.0 HTTP/1.1" 304 -
186.29.7.67 - - [10/Jul/2022:12:35:28 -0500] "GET /sipse/faces/javax.faces.resource/images/ui-icons_898989_256x240.png?ln=primefaces-aristo HTTP/1.1" 304 -
186.29.7.67 - - [10/Jul/2022:12:35:33 -0500] "GET /sipse/faces/javax.faces.resource/theme.css?ln=primefaces-sipse HTTP/1.1" 304 -
186.29.7.67 - - [10/Jul/2022:12:35:32 -0500] "POST /sipse/faces/presentacion/sistema/anexos/cargarAnexoSolicitudProceso.xhtml HTTP/1.1" 200 191213
186.29.7.67 - - [10/Jul/2022:12:35:33 -0500] "GET /sipse/faces/javax.faces.resource/layout/layout.css?ln=primefaces&v=4.0 HTTP/1.1" 304 -
186.29.7.67 - - [10/Jul/2022:12:35:33 -0500] "GET /sipse/faces/javax.faces.resource/primefaces.css?ln=primefaces&v=4.0 HTTP/1.1" 304 -
186.29.7.67 - - [10/Jul/2022:12:35:33 -0500] "GET /sipse/faces/javax.faces.resource/jquery/jquery.js?ln=primefaces&v=4.0 HTTP/1.1" 304 -
186.29.7.67 - - [10/Jul/2022:12:35:33 -0500] "GET /sipse/faces/javax.faces.resource/jquery/jquery-plugins.js?ln=primefaces&v=4.0 HTTP/1.1" 304 -
186.29.7.67 - - [10/Jul/2022:12:35:33 -0500] "GET /sipse/faces/javax.faces.resource/primefaces.js?ln=primefaces&v=4.0 HTTP/1.1" 304 -
186.29.7.67 - - [10/Jul/2022:12:35:33 -0500] "GET /sipse/faces/javax.faces.resource/layout/layout.js?ln=primefaces&v=4.0 HTTP/1.1" 304 -
186.29.7.67 - - [10/Jul/2022:12:35:33 -0500] "GET /sipse/faces/javax.faces.resource/images/ui-icons_898989_256x240.png?ln=primefaces-aristo HTTP/1.1" 304 -
186.29.7.67 - - [10/Jul/2022:12:35:36 -0500] "POST /sipse/faces/presentacion/financiero/solicitudProceso/consultarSolicitudProceso.xhtml HTTP/1.1" 200 21244
186.29.7.67 - - [10/Jul/2022:12:35:37 -0500] "GET /sipse/faces/javax.faces.resource/theme.css?ln=primefaces-sipse HTTP/1.1" 304 -
186.29.7.67 - - [10/Jul/2022:12:35:37 -0500] "GET /sipse/faces/javax.faces.resource/primefaces.css?ln=primefaces&v=4.0 HTTP/1.1" 304 -
186.29.7.67 - - [10/Jul/2022:12:35:37 -0500] "GET /sipse/faces/javax.faces.resource/layout/layout.css?ln=primefaces&v=4.0 HTTP/1.1" 304 -
186.29.7.67 - - [10/Jul/2022:12:35:37 -0500] "GET /sipse/faces/javax.faces.resource/jquery/jquery.js?ln=primefaces&v=4.0 HTTP/1.1" 304 -
186.29.7.67 - - [10/Jul/2022:12:35:37 -0500] "GET /sipse/faces/javax.faces.resource/jquery/jquery-plugins.js?ln=primefaces&v=4.0 HTTP/1.1" 304 -
186.29.7.67 - - [10/Jul/2022:12:35:37 -0500] "GET /sipse/faces/javax.faces.resource/primefaces.js?ln=primefaces&v=4.0 HTTP/1.1" 304 -
186.29.7.67 - - [10/Jul/2022:12:35:37 -0500] "GET /sipse/faces/javax.faces.resource/layout/layout.js?ln=primefaces&v=4.0 HTTP/1.1" 304 -
186.29.7.67 - - [10/Jul/2022:12:35:37 -0500] "GET /sipse/faces/javax.faces.resource/fileupload/fileupload.css?ln=primefaces&v=4.0 HTTP/1.1" 304 -
186.29.7.67 - - [10/Jul/2022:12:35:37 -0500] "GET /sipse/faces/javax.faces.resource/fileupload/fileupload.js?ln=primefaces&v=4.0 HTTP/1.1" 304 -
186.29.7.67 - - [10/Jul/2022:12:35:37 -0500] "GET /sipse/faces/javax.faces.resource/images/ui-icons_898989_256x240.png?ln=primefaces-aristo HTTP/1.1" 304 -
186.29.7.67 - - [10/Jul/2022:12:35:41 -0500] "GET /sipse/faces/javax.faces.resource/theme.css?ln=primefaces-sipse HTTP/1.1" 304 -
186.29.7.67 - - [10/Jul/2022:12:35:41 -0500] "GET /sipse/faces/javax.faces.resource/layout/layout.css?ln=primefaces&v=4.0 HTTP/1.1" 304 -
186.29.7.67 - - [10/Jul/2022:12:35:41 -0500] "GET /sipse/faces/javax.faces.resource/primefaces.css?ln=primefaces&v=4.0 HTTP/1.1" 304 -
186.29.7.67 - - [10/Jul/2022:12:35:41 -0500] "GET /sipse/faces/javax.faces.resource/jquery/jquery.js?ln=primefaces&v=4.0 HTTP/1.1" 304 -
186.29.7.67 - - [10/Jul/2022:12:35:41 -0500] "GET /sipse/faces/javax.faces.resource/jquery/jquery-plugins.js?ln=primefaces&v=4.0 HTTP/1.1" 304 -
186.29.7.67 - - [10/Jul/2022:12:35:41 -0500] "GET /sipse/faces/javax.faces.resource/primefaces.js?ln=primefaces&v=4.0 HTTP/1.1" 304 -
186.29.7.67 - - [10/Jul/2022:12:35:41 -0500] "GET /sipse/faces/javax.faces.resource/layout/layout.js?ln=primefaces&v=4.0 HTTP/1.1" 304 -
186.29.7.67 - - [10/Jul/2022:12:35:40 -0500] "POST /sipse/faces/presentacion/sistema/anexos/cargarAnexoSolicitudProceso.xhtml HTTP/1.1" 200 193049
186.29.7.67 - - [10/Jul/2022:12:35:41 -0500] "GET /sipse/faces/javax.faces.resource/images/ui-icons_898989_256x240.png?ln=primefaces-aristo HTTP/1.1" 304 -
186.29.7.67 - - [10/Jul/2022:12:35:54 -0500] "GET /sipse/faces/javax.faces.resource/images/ui-bg_flat_0_2d5972_40x100.png?ln=primefaces-aristo HTTP/1.1" 304 -
186.29.7.67 - - [10/Jul/2022:12:35:54 -0500] "POST /sipse/faces/presentacion/financiero/solicitudProceso/consultarSolicitudProceso.xhtml HTTP/1.1" 200 6851
186.29.7.67 - - [10/Jul/2022:12:35:54 -0500] "GET /sipse/faces/javax.faces.resource/messages/messages.png?ln=primefaces&v=4.0 HTTP/1.1" 304 -
172.22.2.4 - - [10/Jul/2022:12:34:15 -0500] "HEAD /BLA/boletinlegal/ HTTP/1.1" 200 -
186.29.7.67 - - [10/Jul/2022:12:36:01 -0500] "POST /sipse/faces/presentacion/financiero/solicitudProceso/consultarSolicitudProceso.xhtml HTTP/1.1" 200 6851
186.29.7.67 - - [10/Jul/2022:12:36:08 -0500] "POST /sipse/faces/presentacion/financiero/solicitudProceso/consultarSolicitudProceso.xhtml HTTP/1.1" 200 64749
186.29.7.67 - - [10/Jul/2022:12:36:13 -0500] "GET /sipse/faces/javax.faces.resource/jquery/jquery.js?ln=primefaces&v=4.0 HTTP/1.1" 304 -
186.29.7.67 - - [10/Jul/2022:12:36:13 -0500] "GET /sipse/faces/javax.faces.resource/jquery/jquery-plugins.js?ln=primefaces&v=4.0 HTTP/1.1" 304 -
186.29.7.67 - - [10/Jul/2022:12:36:13 -0500] "GET /sipse/faces/javax.faces.resource/primefaces.js?ln=primefaces&v=4.0 HTTP/1.1" 304 -
186.29.7.67 - - [10/Jul/2022:12:36:13 -0500] "GET /sipse/faces/javax.faces.resource/layout/layout.js?ln=primefaces&v=4.0 HTTP/1.1" 304 -
186.29.7.67 - - [10/Jul/2022:12:36:14 -0500] "POST /sipse/faces/presentacion/financiero/solicitudProceso/listarSolicitudProceso.xhtml HTTP/1.1" 200 1556
186.29.7.67 - - [10/Jul/2022:12:36:19 -0500] "POST /sipse/faces/presentacion/financiero/solicitudProceso/consultarSolicitudProceso.xhtml HTTP/1.1" 200 6619
186.29.7.67 - - [10/Jul/2022:12:36:21 -0500] "POST /sipse/faces/presentacion/financiero/solicitudProceso/consultarSolicitudProceso.xhtml HTTP/1.1" 200 37975
186.29.7.67 - - [10/Jul/2022:12:36:22 -0500] "GET /sipse/faces/javax.faces.resource/jquery/jquery.js?ln=primefaces&v=4.0 HTTP/1.1" 304 -
186.29.7.67 - - [10/Jul/2022:12:36:22 -0500] "GET /sipse/faces/javax.faces.resource/jquery/jquery-plugins.js?ln=primefaces&v=4.0 HTTP/1.1" 304 -
186.29.7.67 - - [10/Jul/2022:12:36:22 -0500] "GET /sipse/faces/javax.faces.resource/primefaces.js?ln=primefaces&v=4.0 HTTP/1.1" 304 -
186.29.7.67 - - [10/Jul/2022:12:36:22 -0500] "GET /sipse/faces/javax.faces.resource/layout/layout.js?ln=primefaces&v=4.0 HTTP/1.1" 304 -
186.29.7.67 - - [10/Jul/2022:12:36:22 -0500] "POST /sipse/faces/presentacion/financiero/solicitudProceso/listarSolicitudProceso.xhtml HTTP/1.1" 200 31238
186.29.7.67 - - [10/Jul/2022:12:36:22 -0500] "POST /sipse/faces/presentacion/financiero/solicitudProceso/listarSolicitudProceso.xhtml HTTP/1.1" 200 31238
186.29.7.67 - - [10/Jul/2022:12:36:22 -0500] "POST /sipse/faces/presentacion/financiero/solicitudProceso/listarSolicitudProceso.xhtml HTTP/1.1" 200 1396
186.29.7.67 - - [10/Jul/2022:12:36:23 -0500] "POST /sipse/faces/presentacion/financiero/solicitudProceso/listarSolicitudProceso.xhtml HTTP/1.1" 200 1392
186.29.7.67 - - [10/Jul/2022:12:36:23 -0500] "POST /sipse/faces/presentacion/financiero/solicitudProceso/listarSolicitudProceso.xhtml HTTP/1.1" 200 1400
201.245.192.253 - - [10/Jul/2022:12:36:22 -0500] "POST /kwsrmcab/Wsrmcab  HTTP/1.1" 200 45708
186.29.7.67 - - [10/Jul/2022:12:36:24 -0500] "POST /sipse/faces/presentacion/financiero/solicitudProceso/listarSolicitudProceso.xhtml HTTP/1.1" 200 142815
186.29.7.67 - - [10/Jul/2022:12:36:25 -0500] "GET /sipse/faces/javax.faces.resource/jquery/jquery.js?ln=primefaces&v=4.0 HTTP/1.1" 304 -
186.29.7.67 - - [10/Jul/2022:12:36:25 -0500] "GET /sipse/faces/javax.faces.resource/jquery/jquery-plugins.js?ln=primefaces&v=4.0 HTTP/1.1" 304 -
186.29.7.67 - - [10/Jul/2022:12:36:26 -0500] "GET /sipse/faces/javax.faces.resource/primefaces.js?ln=primefaces&v=4.0 HTTP/1.1" 304 -
186.29.7.67 - - [10/Jul/2022:12:36:26 -0500] "GET /sipse/faces/javax.faces.resource/layout/layout.js?ln=primefaces&v=4.0 HTTP/1.1" 304 -
186.29.7.67 - - [10/Jul/2022:12:36:30 -0500] "POST /sipse/faces/presentacion/financiero/solicitudProceso/consultarSolicitudProceso.xhtml HTTP/1.1" 200 35418
186.29.7.67 - - [10/Jul/2022:12:36:32 -0500] "GET /sipse/faces/javax.faces.resource/jquery/jquery.js?ln=primefaces&v=4.0 HTTP/1.1" 304 -
186.29.7.67 - - [10/Jul/2022:12:36:32 -0500] "GET /sipse/faces/javax.faces.resource/jquery/jquery-plugins.js?ln=primefaces&v=4.0 HTTP/1.1" 304 -
186.29.7.67 - - [10/Jul/2022:12:36:32 -0500] "GET /sipse/faces/javax.faces.resource/primefaces.js?ln=primefaces&v=4.0 HTTP/1.1" 304 -
186.29.7.67 - - [10/Jul/2022:12:36:32 -0500] "GET /sipse/faces/javax.faces.resource/layout/layout.js?ln=primefaces&v=4.0 HTTP/1.1" 304 -
186.29.7.67 - - [10/Jul/2022:12:36:33 -0500] "POST /sipse/faces/presentacion/financiero/solicitudProceso/listarSolicitudProceso.xhtml HTTP/1.1" 200 1372
186.29.7.67 - - [10/Jul/2022:12:36:35 -0500] "POST /sipse/faces/presentacion/financiero/solicitudProceso/listarSolicitudProceso.xhtml HTTP/1.1" 200 44453
186.29.7.67 - - [10/Jul/2022:12:36:35 -0500] "GET /sipse/faces/javax.faces.resource/jquery/jquery.js?ln=primefaces&v=4.0 HTTP/1.1" 304 -
186.29.7.67 - - [10/Jul/2022:12:36:35 -0500] "GET /sipse/faces/javax.faces.resource/jquery/jquery-plugins.js?ln=primefaces&v=4.0 HTTP/1.1" 304 -
186.29.7.67 - - [10/Jul/2022:12:36:35 -0500] "GET /sipse/faces/javax.faces.resource/primefaces.js?ln=primefaces&v=4.0 HTTP/1.1" 304 -
186.29.7.67 - - [10/Jul/2022:12:36:35 -0500] "GET /sipse/faces/javax.faces.resource/layout/layout.js?ln=primefaces&v=4.0 HTTP/1.1" 304 -
186.29.7.67 - - [10/Jul/2022:12:36:35 -0500] "POST /sipse/faces/presentacion/financiero/solicitudProceso/consultar.xhtml HTTP/1.1" 200 37742
186.29.7.67 - - [10/Jul/2022:12:36:35 -0500] "POST /sipse/faces/presentacion/financiero/solicitudProceso/consultar.xhtml HTTP/1.1" 200 37742
186.29.7.67 - - [10/Jul/2022:12:36:35 -0500] "POST /sipse/faces/presentacion/financiero/solicitudProceso/consultar.xhtml HTTP/1.1" 200 37742
186.29.7.67 - - [10/Jul/2022:12:36:36 -0500] "POST /sipse/faces/presentacion/financiero/solicitudProceso/consultar.xhtml HTTP/1.1" 200 37742
186.29.7.67 - - [10/Jul/2022:12:36:36 -0500] "POST /sipse/faces/presentacion/financiero/solicitudProceso/consultar.xhtml HTTP/1.1" 200 37742
172.22.2.4 - - [10/Jul/2022:12:35:05 -0500] "GET /BLA/boletinlegal/ HTTP/1.1" 200 60410
186.29.7.67 - - [10/Jul/2022:12:36:58 -0500] "POST /sipse/faces/presentacion/financiero/solicitudProceso/listarSolicitudProceso.xhtml HTTP/1.1" 200 57432
186.29.7.67 - - [10/Jul/2022:12:36:58 -0500] "POST /sipse/faces/presentacion/financiero/solicitudProceso/listarSolicitudProceso.xhtml HTTP/1.1" 200 57432
186.29.7.67 - - [10/Jul/2022:12:36:59 -0500] "POST /sipse/faces/presentacion/financiero/solicitudProceso/listarSolicitudProceso.xhtml HTTP/1.1" 200 1556
186.29.7.67 - - [10/Jul/2022:12:36:59 -0500] "POST /sipse/faces/presentacion/financiero/solicitudProceso/listarSolicitudProceso.xhtml HTTP/1.1" 200 1556
186.29.7.67 - - [10/Jul/2022:12:37:16 -0500] "POST /sipse/faces/presentacion/financiero/solicitudProceso/listarSolicitudProceso.xhtml HTTP/1.1" 200 130079
186.29.7.67 - - [10/Jul/2022:12:37:18 -0500] "GET /sipse/faces/javax.faces.resource/jquery/jquery.js?ln=primefaces&v=4.0 HTTP/1.1" 304 -
186.29.7.67 - - [10/Jul/2022:12:37:18 -0500] "GET /sipse/faces/javax.faces.resource/jquery/jquery-plugins.js?ln=primefaces&v=4.0 HTTP/1.1" 304 -
186.29.7.67 - - [10/Jul/2022:12:37:18 -0500] "GET /sipse/faces/javax.faces.resource/primefaces.js?ln=primefaces&v=4.0 HTTP/1.1" 304 -
186.29.7.67 - - [10/Jul/2022:12:37:18 -0500] "GET /sipse/faces/javax.faces.resource/layout/layout.js?ln=primefaces&v=4.0 HTTP/1.1" 304 -
216.245.221.92 - - [10/Jul/2022:12:37:56 -0500] "HEAD / HTTP/1.1" 200 -
201.245.192.253 - - [10/Jul/2022:12:41:13 -0500] "POST /kwsrmcab/Wsrmcab HTTP/1.1" 200 41031
201.245.192.253 - - [10/Jul/2022:12:41:17 -0500] "POST /kwsrmcab/Wsrmcab HTTP/1.1" 200 47565
201.245.192.253 - - [10/Jul/2022:12:41:21 -0500] "POST /kwsrmcab/Wsrmcab  HTTP/1.1" 200 45708
172.22.2.4 - - [10/Jul/2022:12:41:38 -0500] "GET /BLA/boletinlegal/images/cabezote%20BLEGAL.jpg HTTP/1.1" 304 -
172.22.2.4 - - [10/Jul/2022:12:40:05 -0500] "HEAD /BLA/boletinlegal/ HTTP/1.1" 200 -
185.119.81.102 - - [10/Jul/2022:12:41:49 -0500] "GET /portaldeninos/wp-login.php HTTP/1.1" 200 2592
185.119.81.102 - - [10/Jul/2022:12:41:50 -0500] "POST /portaldeninos/wp-login.php HTTP/1.1" 200 3670
172.22.2.4 - - [10/Jul/2022:12:40:56 -0500] "GET /BLA/boletinlegal/ HTTP/1.1" 200 60992
216.245.221.92 - - [10/Jul/2022:12:42:56 -0500] "HEAD / HTTP/1.1" 200 -
207.46.13.214 - - [10/Jul/2022:12:43:28 -0500] "GET /BLA/resoluciones/RESOLUCIONES%202016/0198.pdf HTTP/1.1" 304 -
177.52.144.20 - - [10/Jul/2022:12:45:25 -0500] "GET / HTTP/1.1" 200 319
201.245.192.253 - - [10/Jul/2022:12:46:20 -0500] "POST /kwsrmcab/Wsrmcab  HTTP/1.1" 200 45708
172.22.2.4 - - [10/Jul/2022:12:45:55 -0500] "HEAD /BLA/boletinlegal/ HTTP/1.1" 200 -
216.245.221.92 - - [10/Jul/2022:12:47:56 -0500] "HEAD / HTTP/1.1" 200 -
172.22.2.4 - - [10/Jul/2022:12:46:45 -0500] "GET /BLA/boletinlegal/ HTTP/1.1" 200 60410
157.55.39.114 - - [10/Jul/2022:12:51:08 -0500] "GET /BLA/resoluciones/AUTOS%202021/1530.pdf HTTP/1.1" 200 750602
185.119.81.102 - - [10/Jul/2022:12:51:19 -0500] "GET /portaldeninos/wp-login.php HTTP/1.1" 200 2592
185.119.81.102 - - [10/Jul/2022:12:51:20 -0500] "POST /portaldeninos/wp-login.php HTTP/1.1" 200 3605
201.245.192.253 - - [10/Jul/2022:12:51:19 -0500] "POST /kwsrmcab/Wsrmcab  HTTP/1.1" 200 45708
40.77.167.66 - - [10/Jul/2022:12:51:50 -0500] "GET /siipev/Diseno%20de%20Elementos%20de%20Mobiliario%20Urbano/Diseno%20pertenecientes%20al%20mobiliario%20urbano%20M10-M160/PARTE%20A/Dise%C3%B1o%20de%20Elementos%20M-70.pdf HTTP/1.1" 200 931957
157.55.39.114 - - [10/Jul/2022:12:52:38 -0500] "GET /Publicaciones/2022EE134528.pdf HTTP/1.1" 404 228
216.245.221.92 - - [10/Jul/2022:12:52:56 -0500] "HEAD / HTTP/1.1" 200 -
172.22.2.4 - - [10/Jul/2022:12:53:14 -0500] "GET /BLA/boletinlegal/jurisprudencia/analisis/analisis%20sentencia%20C-1007-2011-1.doc HTTP/1.1" 304 -
172.22.2.4 - - [10/Jul/2022:12:51:45 -0500] "HEAD /BLA/boletinlegal/ HTTP/1.1" 200 -
186.102.56.119 - - [10/Jul/2022:12:53:40 -0500] "GET /kwssiamovil/sm/ldap/au?x=U2FsdGVkX19eCQc0eUwz1JtO0mpuYNyBSwIYi/CZc9a3tkqJvi0W2h3bPcTr1buO&y=U2FsdGVkX1+1bAaQqJhHAriCH/YRXnsOUAWjs3r4fDM= HTTP/1.1" 200 30
186.102.56.119 - - [10/Jul/2022:12:53:40 -0500] "GET /kwssiamovil/sm/acme/s?s=U2FsdGVkX1+G1gWCGbuMvvZtD8iYQDxdhAOx+tzW72cOPiqYaCldPMqUi2GavW2jcBBdNBdcxjYKVZGutf11RQ667HPxIWwQJChiMC0wMOM=&u=U2FsdGVkX19gub1hI/ORa+UcfUrgqyfERR9J8c5mD4A=&y=U2FsdGVkX1+1bAaQqJhHAriCH/YRXnsOUAWjs3r4fDM= HTTP/1.1" 200 97
186.102.56.119 - - [10/Jul/2022:12:53:40 -0500] "GET /kwssiamovil/sm/acme/s?s=U2FsdGVkX19jAk9P00F6ESEQcRO41yVATPHoT5aCDi7qHxsDbzAoAvpf3L/FOeRtiif3QP/TIFkCaqOjZ+jBMEQMhRi0uhmnvpnnb1JEJ2+Sj9Dbd+SqLmOXudgQZUKGe1xsfDNeOA4vU2uUGisbZhk/W3urXMo9xXS0s394lRUhGKpRqR9goOthni/cTXSGJ/yvj6A1s20SApJ1kCI7hwKdY8NWLI9ISRVVUW2hw1qiv/mD5Qw6iIOvUQ9KqXUcS4ttiNcMQ4aAtU4RYX9r+U0J/n1XrK1QCK1kNdXDD035OmlJ4V3ZG+/Ch3WXC9BpHJ26LLqGh0Pp0i6V2NSJ/Zi+pDruuBRe988y5qjpjPoLE2gg43TIf3G/v9rIkPYW0k4ZfRsWDYV5q96kQY9fMqTI4l5jfN+1EP8m5mVjQAkUNUviKGokDXi3hRdjeCYj+oHwKFKgZAbgrLiKRjYnQSix7wjvEzko3rbY//4/TAY3kRkckrIXuA5G3v54rQlUEyq3BEI1PoXwaWVH1BorgWdoJdwWmoGsjp5UVrUSgXn4uZQisCpR2jgfivzybbi1bXHl5nariqz2qo9ore0skH5KPQg0TUrFWIuM17hEvE6kBUge2dQM0F5gbntzcaKJtHdxx/lGIjDW8KdP5IMULkgGMFNA4U1YjSqREfLligekz3irsZrgzfZ4igxuhqMG5h7qfDoFXloPhzCtQxyQbBFmCSFs2DUHShRShIEFvg4pF8xZpO5M3CjkcD8H+t3rVYdfvJ/syl2pUgNCnkGfaJ7Gal0mGjv5AO+PEjhXeDSNkkz3tIJPOGJpw9gg9VMbCoAy4HvtVNMnCYC42ZBdW9q6bsZIbnIfkd0FVHQQbV779abZxGJe8ZcVkZiSWFsshQkUjhoRvJZztfNq6kB8XZFX5+NKTs5NAeCwhVN+lmxw+cizpIdLCpnVDZOHG2RLcAmrnHiVrVAPmS4nR/99W0mcZd0QezXaU30F77QBegCBQZw6HNlcbHBVqflCAB3dPsdH4GFgi9JKbpLQCVrhFG9IEN+yogG4x8Cv6Xr+ATQZ98oMOu7qJ2u80uMoLQwGMazKyuEVjukhtvk6UVG/GA23X8SjLSqfrHGND1VK8TyGIXR6CpFU9zFADosbivBX/YqtbYmNnFj1bqsxExIprnPI7rNpWKE2aiqOlyad6CtUg0qcAJzpmoCmmwfrxg57Vx5Z3baWFKRK5iyBDAYZuQ9YnDB/MS9Gmq23/TJm9dmRFOQl81SDKxU+pUav2GE8BfwnzpCQD4j6PRP/lZNd5SlqGOllSps5nKjS4SINOxd048uKUKzEl7D7GLcO/wrwom69LK7l0mgPWxybAZWQJaMbpeZ0QhKpR/ITm579XsM=&u=U2FsdGVkX19gub1hI/ORa+UcfUrgqyfERR9J8c5mD4A=&y=U2FsdGVkX1+1bAaQqJhHAriCH/YRXnsOUAWjs3r4fDM= HTTP/1.1" 200 717
186.102.56.119 - - [10/Jul/2022:12:53:40 -0500] "GET /kwssiamovil/sm/acme/s?s=U2FsdGVkX18AxwJ2yf1d7GP/1ClZL47xL4T+6IyZsyhaUkMEoSgpGmTlc0kWAvgUKKBL7sE/+WgaVDmQmNPxEA1YWyRHhiAbQb7gRVUlVPeypH9zb3rTxRb0DuGqVaBki2hgrp/P0RF2Z97ksCrcRF0r/ZwonrUoZMdBfqOry8J6boVQvnb0D2viCmH+oXPnptf9dhLPUyiyF7hXxoBUezHS3oK7J/7axgiWDv18VHuxczLg6ZX03TiMG88r6Bn9H2+XmOgCxmuIQtZ/LPVnwCOmQuSZmS2A/vtMAJBi/IA=&u=U2FsdGVkX19gub1hI/ORa+UcfUrgqyfERR9J8c5mD4A=&y=U2FsdGVkX1+1bAaQqJhHAriCH/YRXnsOUAWjs3r4fDM= HTTP/1.1" 200 176
186.102.56.119 - - [10/Jul/2022:12:53:41 -0500] "GET /kwssiamovil/sm/cjson/pre?f=1&x=U2FsdGVkX19eCQc0eUwz1JtO0mpuYNyBSwIYi/CZc9a3tkqJvi0W2h3bPcTr1buO HTTP/1.1" 200 30992
172.22.2.4 - - [10/Jul/2022:12:52:35 -0500] "GET /BLA/boletinlegal/ HTTP/1.1" 200 58491
201.245.192.253 - - [10/Jul/2022:12:56:18 -0500] "POST /kwsrmcab/Wsrmcab  HTTP/1.1" 200 45708
109.237.103.123 - - [10/Jul/2022:12:56:40 -0500] "GET /.env HTTP/1.1" 404 1018
109.237.103.123 - - [10/Jul/2022:12:56:40 -0500] "\x16\x03\x01\x01D\x01" 400 226
69.171.249.10 - - [10/Jul/2022:12:57:36 -0500] "GET /images/empresas-industrias-forestales-1-junio.jpg HTTP/1.1" 200 44019
69.171.249.12 - - [10/Jul/2022:12:57:39 -0500] "GET /images/la-vieja-mayo-24.jpg HTTP/1.1" 200 58217
69.171.249.20 - - [10/Jul/2022:12:57:39 -0500] "GET /images/jardines-verticales-plantas-24-mayo.jpg HTTP/1.1" 200 148288
69.171.249.12 - - [10/Jul/2022:12:57:40 -0500] "GET /images/Naturalista1.jpeg HTTP/1.1" 200 202073
69.171.249.5 - - [10/Jul/2022:12:57:42 -0500] "GET /images/negocios-verdes-mayo-2022.jpg HTTP/1.1" 200 48000
69.171.249.9 - - [10/Jul/2022:12:57:42 -0500] "GET /images/arbolado-bogota-mayo-13.jpg HTTP/1.1" 200 62568
69.171.249.20 - - [10/Jul/2022:12:57:43 -0500] "GET /images/parque-nal-secretaria.jpg HTTP/1.1" 200 168060
69.171.249.15 - - [10/Jul/2022:12:57:43 -0500] "GET /images/feria-servicios-12-mayo-principal.jpg HTTP/1.1" 200 44744
69.171.249.11 - - [10/Jul/2022:12:57:44 -0500] "GET /images/dia-rio-bogota-12-mayo.jpg HTTP/1.1" 200 44387
69.171.249.21 - - [10/Jul/2022:12:57:44 -0500] "GET /images/ptar-alcaldesa-rio-bogota-12-mato.jpg HTTP/1.1" 200 40205
69.171.249.3 - - [10/Jul/2022:12:57:44 -0500] "GET /images/secretaria-rio-bogota-avances-12-mayo.jpg HTTP/1.1" 200 37281
69.171.249.14 - - [10/Jul/2022:12:57:47 -0500] "GET /images/mercados-campesinos-5-mayo.jpg HTTP/1.1" 200 95848
69.171.249.16 - - [10/Jul/2022:12:57:47 -0500] "GET /images/feria-servicios-5-MAYO.jpg HTTP/1.1" 200 39759
69.171.249.21 - - [10/Jul/2022:12:57:47 -0500] "GET /images/Brasil1.jpeg HTTP/1.1" 200 27965
173.252.107.116 - - [10/Jul/2022:12:57:47 -0500] "GET /images/secretaria-carolina-economia-circular-6-mayo.jpg HTTP/1.1" 200 33699
69.171.249.20 - - [10/Jul/2022:12:57:49 -0500] "GET /images/Animales1.jpeg HTTP/1.1" 200 76841
69.171.249.15 - - [10/Jul/2022:12:57:50 -0500] "GET /images/fachada-secretaria-ambiente-abril.jpg HTTP/1.1" 200 148853
69.171.249.4 - - [10/Jul/2022:12:57:53 -0500] "GET /images/feria-servicios-tramites-puente-aranda-21-abril.jpg HTTP/1.1" 200 28255
69.171.249.9 - - [10/Jul/2022:12:57:53 -0500] "GET /images/plantacion-jbb-22-abril.jpg HTTP/1.1" 200 52184
69.171.249.2 - - [10/Jul/2022:12:57:53 -0500] "GET /images/actividades-dia-tierra-22-abril.jpg HTTP/1.1" 200 77276
69.171.249.11 - - [10/Jul/2022:12:57:53 -0500] "GET /images/ecosistema-dia-internacional-tierra-21-abril.jpg HTTP/1.1" 200 30098
69.171.249.9 - - [10/Jul/2022:12:57:54 -0500] "GET /images/bogota-ciudad-pac28-enero.jpg HTTP/1.1" 200 42642
69.171.249.19 - - [10/Jul/2022:12:57:56 -0500] "GET /images/caminos-cerros-orientales-7-abril.jpg HTTP/1.1" 200 80138
173.252.107.23 - - [10/Jul/2022:12:57:56 -0500] "GET /images/JBB1.jpeg HTTP/1.1" 200 90628
216.245.221.92 - - [10/Jul/2022:12:57:56 -0500] "HEAD / HTTP/1.1" 200 -
172.22.2.4 - - [10/Jul/2022:12:57:35 -0500] "HEAD /BLA/boletinlegal/ HTTP/1.1" 200 -
150.158.92.96 - - [10/Jul/2022:13:00:03 -0500] "GET /xmlrpc.php HTTP/1.1" 404 1034
150.158.92.96 - - [10/Jul/2022:13:00:04 -0500] "GET /xmlrpc.php HTTP/1.1" 404 1035
172.22.2.4 - - [10/Jul/2022:12:58:25 -0500] "GET /BLA/boletinlegal/ HTTP/1.1" 200 60992
201.245.192.253 - - [10/Jul/2022:13:01:17 -0500] "POST /kwsrmcab/Wsrmcab  HTTP/1.1" 200 45708
173.252.95.1 - - [10/Jul/2022:13:01:39 -0500] "GET /secretaria-de-ambiente-rechaza-actos-que-habrian-podido-afectar-la-fauna-y-flora-en-el-humedal-jaboque.html HTTP/1.1" 206 1121
172.22.2.4 - - [10/Jul/2022:13:02:12 -0500] "GET /BLA/boletinlegal/template/21/statics/js/push123.js HTTP/1.1" 404 1170
216.245.221.92 - - [10/Jul/2022:13:02:56 -0500] "HEAD / HTTP/1.1" 200 -
186.102.56.119 - - [10/Jul/2022:13:02:59 -0500] "OPTIONS /kwssiamovil/sm/setfile/f? HTTP/1.1" 200 13
186.102.56.119 - - [10/Jul/2022:13:02:59 -0500] "POST /kwssiamovil/sm/setfile/f? HTTP/1.1" 200 381
186.102.56.119 - - [10/Jul/2022:13:03:08 -0500] "GET /kwssiamovil/sm/acme/a?s=U2FsdGVkX1+LryiDVPw35x3tpIYtxxqzSKdOr7suT8rCk3gtRUC+Tz2Xrmlpf/5hF1V1FFl/eTSpH62j9fjBgMX+JYh54HIAPvPrezATsvwRgbB9rS0Nc3bQ+eAsOXu62TdJz2AACWtacRHgfXqyE+BX3LznbO7Q9gAPC69PGqejFD6WR9GKi/QAtXEQqyR1UxDdzPcdUYhAcsELiK3S+pCjmdp3JjopZN4XOfvdDgLHhugKHtwW5E8mQDp3uKv7VG1xrLhZkEiHvlj3gwmvIA==&u=U2FsdGVkX19gub1hI/ORa+UcfUrgqyfERR9J8c5mD4A=&y=U2FsdGVkX1+1bAaQqJhHAriCH/YRXnsOUAWjs3r4fDM= HTTP/1.1" 200 25
186.102.56.119 - - [10/Jul/2022:13:03:08 -0500] "GET /kwssiamovil/sm/acme/a?s=U2FsdGVkX18lQrq34i2jSOT9IIFmMaZYqOdqytuLZSG3jMXP2bXazeHQwcxGaBs+aI2ly4V6EJs9AQ3Dvm+lFesvfeXq50OvwZJ5UDNjxmTIke+gv4P9deot15VFtM4aDnO8UHIOY3yub2U5oV76DHia7ZzeLxzxYA1h5bI7TK8fdOz+ulpw1iYxqtSaK3vo3UjCSw60laFjXo4fHO5C5TpJgZV+XlX706efDTd5hs2aJJ4eTENmDWqx0RcjaVP01RXmxfnbl+80NdeRer9WcL+maEvIvumGJDrqHVbzQo4kFM6dLkkebjba4UEHLSUaSwF6v3VyIHNRoUSVTDALgGq0L3pmqN/1u/56AB8aZrXMHkBorkLRQnF7E77UHXNkvuxUmFGJnUFJDcePQXd4QUlTOCle9GPVCntgFrEExHTmqcSVaxVwA64b3t3MXKPfjorRxQVIbXfL+XNe3iD4Wbr7haF/XwkZ/vJKujsv4zjbZ0wxNoCWAHmG5OOeVZPG0WfzQ9cMUx4WtbXN3lUYx6PKxQ677H7hla3QQUwNHcr7C/EX1MgetZEzC63DXSTbSN03etXFU6+Tsi2UKJRLbi1oUcqs8vzO8enub7FAAcw7qieZFVEmwg7yrq9dxk+yYFN7lAbf/W6k5xdG7BqzX+GHApOo6Be2Uj/yHGIF5daCBBOdSMJFtIIO2ks9ulYMssO+Ykk2DodB67H6Df+35QeSKMUducbnlPxJwp3j2j9W0ro4oAU8PAjwvQPWS3MXsAxkMDn93YhYlI+QPXnL4uqkma8SuHAhtnJlFy5xvLoNcbbipGsdYm4Uj6Qr17RuzyUrkTTSOesbuUJMsiEon/5yafBLX6sKd+viUUYHf8xm9wvQlONSGWJgFQoOYqqJnB80hZBT3jTNYdxogdFXk6tBcM1BLNkB04VnuvR/9hgujFCX64bIlNOUubEha9zlkXY130za+B/GLTP2+9k7M8z3W+kh4bJ0vzWnorQ0evlXv9t6jUW7geB5SkuOFDpQynEkR7lH1yyPL4nDR11XedXu9jI+tBoe1sIB+9gzz/lfzABkxQgrQDwK+2e2oAU7P3BMW1iU2cjnHhtb9tM7+1LK3CKsA/vIcOhnRJUGe+laarjct+WFSXMlh4vRz6Vz91dMc1/5MOjDQirj0i7bPpa5hP3q0Y+wGFoVFwtEhBHw3l2vvVj4o8KLpMnG2RfOOOgBvIOiXspWHhiH/cqQJ+udPOc1GLl4zCiqYSRIPYPAbLkacrMGCBFifG0U01MB09ghOWX5+URXm4B9sRLuuUyZbl3E/OLNCtRWuh4HZUeODS0b1UfDuM8oAn0IERny+yCLUCLB+0wLn+kGeAKs9dVkeDiC641YVRySDmWjIHNFvOnpmP/McGF7whug30WtVkuzIO54JQS+ZP2MqWN4TL9veyzacna0rQ2lv3sV6pCXD8fv7ALOWCLNanTCLXLLNs1Sa4mgNmUHe2V0cGRy5MSmm7V2lcD6x90uDMORbmNh2nALQ4FgLyCyaBOroNQNVpFiX1Y+oWH8TcUnDa+OXetrFWeCTwuoKIco8Vn5Ve695639pn0odYO1Xb10jeOcHvM9kNFRMA2eMNH4BtBpyn+MUIVYfK1GKY8RoiWIqW4XT7gt14nQ5aEHPP+DkRJXrtygqNzlSezXyESW1Y2cqYgYAFWCh2N47zzRQbrkvLyk7ZhO2CsGnAvh/oVUakQ0znN9BbWda6NTH7aQaCTd2k2o+bhisOji3499vaxnU0FujVQiMD7nV+WGXXvjKvyC7AHP3kqGFYewrOTXl7kT+0WvapgiG1VTloJM7vM3xE/sQGRLS+NoWLV4wadMljcKZkjf8j0qD2bQSHzhy5dfYQ==&u=U2FsdGVkX19gub1hI/ORa+UcfUrgqyfERR9J8c5mD4A=&y=U2FsdGVkX1+1bAaQqJhHAriCH/YRXnsOUAWjs3r4fDM= HTTP/1.1" 200 25
186.102.56.119 - - [10/Jul/2022:13:03:08 -0500] "GET /kwssiamovil/sm/acme/a?s=U2FsdGVkX1/8Z0TRgtQDUu5g7rb4uTHS4fu1aq0CzCBP5KydpfvUF+L7mfwQU/H9ICC4r1M2hAFZXwW47/rZ4aFgsxxucUvos2fN8dVQKJUeQfWfpOd2g7OQuHXem75C3sxvnDkLdKryYmbSZxhxMXF9Nq1jSuCK1UhrNSAQ+g8=&u=U2FsdGVkX19gub1hI/ORa+UcfUrgqyfERR9J8c5mD4A=&y=U2FsdGVkX1+1bAaQqJhHAriCH/YRXnsOUAWjs3r4fDM= HTTP/1.1" 200 25
186.102.56.119 - - [10/Jul/2022:13:03:08 -0500] "GET /kwssiamovil/sm/acme/a?s=U2FsdGVkX19Vq8kNi0IwFQyL/iDXWE2jt79cvcwLvv9eBk+IXj2yv0zv0XzWNnAP5RZnV4LD7pErpkrrULv7PX51gE1TTokosjXOIlh3g7qL7qggTjD+0xrUp/Tlg5tpd3HP5/zWhPRZPzKZD2k55OUIKpZD52gD0sJ5yP1ZD3g=&u=U2FsdGVkX19gub1hI/ORa+UcfUrgqyfERR9J8c5mD4A=&y=U2FsdGVkX1+1bAaQqJhHAriCH/YRXnsOUAWjs3r4fDM= HTTP/1.1" 200 25
186.102.56.119 - - [10/Jul/2022:13:03:09 -0500] "GET /kwssiamovil/sm/acme/a?s=U2FsdGVkX19iD/Vcr1lCcee+D6Ez97/atHWf6KTbVq+uPTkfcpOBpYM4QMWe06PKa/3Lh5OZlh+HohLPQDk06SpjSRK9TqtaImTBNB49xhBoN4g9ImGguorLVfrIh6fzxmmi1rpgdQLcQsnQqQa+baSrsEsmy0sGmZuVBBwz4Yg=&u=U2FsdGVkX19gub1hI/ORa+UcfUrgqyfERR9J8c5mD4A=&y=U2FsdGVkX1+1bAaQqJhHAriCH/YRXnsOUAWjs3r4fDM= HTTP/1.1" 200 25
186.102.56.119 - - [10/Jul/2022:13:03:09 -0500] "GET /kwssiamovil/sm/acme/a?s=U2FsdGVkX180PrZjfKjr59l2uwiagvVlV8SWeMJ3hqQ27vVXGrmjXL5MJFPWg3q3ws5t7XZx04eokYI86zU/g1t8AcsIymPUsJrYCTUkRXNDSq5V/+J39v64s1ivFolDS5eWKAsYEogsG9AMhl401d2Iq14au6//wzhAH7JmxrY/4nkUsNzLjRzwU+mcrBXA&u=U2FsdGVkX19gub1hI/ORa+UcfUrgqyfERR9J8c5mD4A=&y=U2FsdGVkX1+1bAaQqJhHAriCH/YRXnsOUAWjs3r4fDM= HTTP/1.1" 200 25
186.102.56.119 - - [10/Jul/2022:13:03:09 -0500] "GET /kwssiamovil/sm/acme/a?s=U2FsdGVkX18yA8yJjJiNJigCcPl0ZSjmVzVVqJ4MDYJXHwTpc+Kqjs1c00QK+kICmrtJPwksPQmKh2u43lQSPq8diILrPerhZ8vOI8sJGze+kgeuOhuRIX2Nmu6BXggLQnr0Zs1IymX4xuIJG+M+/O4eUXzE4Pjdrc8/kFSm7buL23D8d8L2LFkzKgsfOvdRBamlOOLh++NUNLDcUswkVU4L/2/YmbjdMGYYb+2FTezEzXmek54MYAkNbUn2VmvdQYPvzOyKag5ZVp8q5wt8JUjaA8cJBL1hqfyNNlWYwDTJJwcuR3nUunXBNdl8M72Y+3rSLWsPlGKorroP1nFbwla4rWshEwoFOqzRAOFFZcNNsLvcRbhjOkRs6o2Q30Ap0XnBlco5mqTJpswb2U32ta+wd0nVyFyTT9K8SrrOD/CLDCd3Fv/6Vq6lJxrrDYvWQnDzY+BXDnTt/rhWT9r21CfXFvGYKBIjn/BsTtGpcloSypfKR3b+lFM2M5PA/1jE&u=U2FsdGVkX19gub1hI/ORa+UcfUrgqyfERR9J8c5mD4A=&y=U2FsdGVkX1+1bAaQqJhHAriCH/YRXnsOUAWjs3r4fDM= HTTP/1.1" 200 25
186.102.56.119 - - [10/Jul/2022:13:03:09 -0500] "GET /kwssiamovil/sm/acme/a?s=U2FsdGVkX19x6JWEW/z8RD7WOY1SZ2pnP6WPpxQT11pfaG9tRvi/8ET6QQp/R2wdrp7XKl8xT/qdYKNMGObWgjbHP7d09+jNHrZ3w/3sxEY3+3enPzTyMux47xDx+rydt1cKZbuhnuQ2KxaLixe1BEQdCuqXpvaLxn8Pe6cESGv4JDNvt9Gs8eDzTmDkq2d5GkSPmExyZpY6tRbBUI/j8c/3PdYBhTSeBekt+ABfFqoXX5Vofbn/T315pgBQi8dOqeiMhfZQAWmBn8Yek+Y7yZSePFlJfTn1/eMvq0nJRvJruy3I1WNkBW2XxAOQOL3ERWA3e8ue6gLW+7RRXcDkUCK9lg1wD5K2Y05nojH1Z8NtQ2ndL4x92jDaTi1mxcmBAeNZU5Rv+Ui/ncMFhV6naOAV5vsUxtw2Iuxth21rgKkIv4T7kgQqRELe2z1ptxwuQzsszEXuyvFlHM0PlJMoqg==&u=U2FsdGVkX19gub1hI/ORa+UcfUrgqyfERR9J8c5mD4A=&y=U2FsdGVkX1+1bAaQqJhHAriCH/YRXnsOUAWjs3r4fDM= HTTP/1.1" 200 25
172.22.2.4 - - [10/Jul/2022:13:03:25 -0500] "HEAD /BLA/boletinlegal/ HTTP/1.1" 200 -
172.22.2.4 - - [10/Jul/2022:13:04:15 -0500] "GET /BLA/boletinlegal/ HTTP/1.1" 200 55912
201.245.192.253 - - [10/Jul/2022:13:06:16 -0500] "POST /kwsrmcab/Wsrmcab  HTTP/1.1" 200 45708
216.245.221.92 - - [10/Jul/2022:13:07:56 -0500] "HEAD / HTTP/1.1" 200 -
172.22.2.4 - - [10/Jul/2022:13:08:46 -0500] "GET /BLA/boletinlegal/Circulares/2013/Circular%20No.%203%20del%2005%20de%20abril%20de%202013.pdf HTTP/1.1" 304 -
172.22.2.4 - - [10/Jul/2022:13:09:15 -0500] "HEAD /BLA/boletinlegal/ HTTP/1.1" 200 -
201.245.192.253 - - [10/Jul/2022:13:11:14 -0500] "POST /kwsrmcab/Wsrmcab  HTTP/1.1" 200 45708
172.22.2.4 - - [10/Jul/2022:13:10:06 -0500] "GET /BLA/boletinlegal/ HTTP/1.1" 200 58491
216.245.221.92 - - [10/Jul/2022:13:12:56 -0500] "HEAD / HTTP/1.1" 200 -
172.22.2.4 - - [10/Jul/2022:13:14:33 -0500] "GET /BLA/boletinlegal/jurisprudencia.php HTTP/1.1" 200 17573
201.245.192.253 - - [10/Jul/2022:13:16:13 -0500] "POST /kwsrmcab/Wsrmcab  HTTP/1.1" 200 45708
172.22.2.4 - - [10/Jul/2022:13:15:05 -0500] "HEAD /BLA/boletinlegal/ HTTP/1.1" 200 -
172.22.2.4 - - [10/Jul/2022:13:15:55 -0500] "GET /BLA/boletinlegal/ HTTP/1.1" 200 57699
216.245.221.92 - - [10/Jul/2022:13:17:56 -0500] "HEAD / HTTP/1.1" 200 -
157.55.39.133 - - [10/Jul/2022:13:18:24 -0500] "GET / HTTP/1.1" 200 4720
172.22.2.4 - - [10/Jul/2022:13:19:43 -0500] "POST /BLA/boletinlegal/mifs/.;/services/LogService HTTP/1.1" 404 1158
201.245.192.253 - - [10/Jul/2022:13:21:13 -0500] "POST /kwsrmcab/Wsrmcab  HTTP/1.1" 200 45708
201.245.192.253 - - [10/Jul/2022:13:21:13 -0500] "POST /kwsrmcab/Wsrmcab HTTP/1.1" 200 44081
201.245.192.253 - - [10/Jul/2022:13:21:17 -0500] "POST /kwsrmcab/Wsrmcab HTTP/1.1" 200 47417
172.22.2.4 - - [10/Jul/2022:13:20:55 -0500] "HEAD /BLA/boletinlegal/ HTTP/1.1" 200 -
216.245.221.92 - - [10/Jul/2022:13:22:56 -0500] "HEAD / HTTP/1.1" 200 -
172.22.2.4 - - [10/Jul/2022:13:21:45 -0500] "GET /BLA/boletinlegal/ HTTP/1.1" 200 54767
201.245.192.253 - - [10/Jul/2022:13:26:12 -0500] "POST /kwsrmcab/Wsrmcab  HTTP/1.1" 200 45708
216.245.221.92 - - [10/Jul/2022:13:27:56 -0500] "HEAD / HTTP/1.1" 200 -
186.102.64.86 - - [10/Jul/2022:13:28:14 -0500] "GET /kwssiamovil/sm/acme/a?s=U2FsdGVkX1/yEahs0gPA3kQkniDDEHonQ7aXjEo/r9i7tAnViIQ1aWhIAfNSY5ylYXzbnZvx35bCFUGETLkkyvHUiyhqEQVsSR/MOHNC7wLa377mGgSmZ0iv2CmrQDHQjElUA8zemW2g2aA3eM/nr69D26RgOu76T3Bs9IR8xiFYijEFDqixIvr3Ni5tLhWzEmoQztQ+uy6q8Zl4mySDeteRNvmZD09wc23ZefVy2G3dPNXAzI/ifnNZk1OtbcNUVF18udN1fjOhPbyuwkqR+Q==&u=U2FsdGVkX19oIgjCVzobFh8StN+TmSHN81c8H7jKmX+HbhdkGD+Ez4W2LMg/T2V6&y=U2FsdGVkX18EaOQnOhZLsaj7SCAEOzQkA8LC02iXEaH3eNAgfqdTECUDHw5+tU6M HTTP/1.1" 200 25
186.102.64.86 - - [10/Jul/2022:13:28:15 -0500] "GET /kwssiamovil/sm/acme/a?s=U2FsdGVkX1+BdYTcM4rTLPUkn6gLx1NB9dt5DPoiRjp3xLB/k17Jw9fGqmI97SGMCioCRNdSgAVUC8AE5cMbz8UklM+5qxIz52AFrNBHaT10g2dGIY8SgjspKeBK2bwyKk/ZYWLr7OkFPro2qgIQkpqYbYmi0zm2Gce61/lSY8UAuGvK2jA6LnVJbg3xrAezUVFRbKR4TO31Lo94bQyQXNphdxCmCv40b8Z2jItBW4tdraxRgpYEEfjFZMFmj4kpNbTAYSEmwc5xs6zVnSJDpg2Urpt4n7kY2g4rQN4CS6kKxdGqG6/McfmQIbnxnn7amU2TZ1DXBToe44Kp/xAhyy7O7hr9bKnzpSbpzLQ+/bM1AwcMTDEVzN040y2VrC9755nw65mM7zFZsmP1SESexBbeLu/SoS/dQARlt2c7W91rObftRqC7FMzti47Ki9UqNFTNWIrGvZ2T5dy+USlc/xJhRaaeea8geqqarIQhOqZzcyS3k3fIU3J3trgXNXGN7Gk6nY4+AbqTAkvA3HXJ0XdtCYYgXXc6eMFxCl65Kqq1AEXvgld3H/pwxwS9dnW2DaBp4ldcQfAcCRWBTVMLYeZf9NWku3TelrBIpqA2eyv39TuB99P/FDEHEW16t6r9GnbT0qXw6q43LkVkwp7RpiMuvoeebYP+WF4Y2MShdqYQpoxJYZRJ51bEWP5OnTKdQJFLcudJg7P93AloSf9tulltPxlJnycn4vMbcQlhMf2aESH/TKb8w8PdIbvcmC5qv+VSQEECZMeCdwF4bWz3RNHxLwxaVHavSo1I8QmXy/39gR2LyXKWOghmYRQYf6uiO2KDjO7Rsl4xZ7M3Dm6kHrblDXk2VXIYGuva+M07aEIEE/20omxXt93ugkdiQhpuNALXModLutFXGS0a0ywW7mjrFZTxFRbT/LI1Sha4a6KZKouwqARGwlgLJk6wuoey8HUuCCiQNuE7LrWtAJq+AZnhCYrvBwFRcRjZcyox74gg5WLViBjJvQQVjqw5rDgQcCiqq40LPPvZzi+L/nqxZApuoaAAEBL9IrbK+YubOhbElZyv/xCnh/pkDkZPxAOZ/jfASspG4yec7AwZVkDLP/63M0Gr7fqj0aJSdYyeS/jDBwpzCY4bjaSDaavAIm0oZDWHUqCVYS9QiyJMkd8LogL6nsnMgzlOv9dYb+Esm27+8mfs4dIaeKSxD7ua/pBnLQObpFwDtq4kSsUwvEe9jDaV3DY0GUrJ3Uplnkf2wODPmdUZJWx7Y9jiiq9XwKxG95C6ssew6Iu9aJ69GMHnjwLYPeWKYtRbN6jbUfhJyzs/ykOw+FIFcrBVx/XwtV+I2w5ZXz1Z0zJTRCJ62EA481fv70YbIgKrQHNXEX88/Fx4IoVefSZhw0HvbIVKTuSFnRgdPT+3wEddGXU21Tl82l4pX0UtJyTwSzt+6GvrOSB1UvAMpWzEL5ROB+lxK6iSDNVV5kfXcJUb1GWE9dB0sQGnjftaK6r352kkJqStUvNglGf0d5XZ9leRW/feY47LFSj063Ep9DBI7sKi+T7aFZp8b3vExBDrXBtvDYPr9+kJW6H9t+jgVyCcqsv0MSnwfyzNDAhOuR6INIKBfam4sHq0u57CutfOxNaNmsU0dM39lOfwhhxx163YpH8VPhSGoWq99wyxftyZ0tsmBOjPadc1b/MRBfJOa3ELgTLh0K0oYoCg3GEwiO4nmdq9qk6oeRweVet5ZyrmLogiU5VT4KSXMaB93NM0obbbJ8BwKmV0UZHPtNAL+rNsVFuF/AnPm0cYgIU9rycsWpg/eJjIJBin6fKggkUg5yVuQGzY68++Ma7T48unqb3y6PmWWRYgvfaUwlW28hWt/lWpKmRM3khBVKGKSW/R0pzxQyZ2lRC2fd+zjlb+TwgxxEtiOD0to+VsKZoqmIerDH+UPxLtq5z1WiS2EBkf9MPigds1vmei1QMmaqNPd69XanLTbMd5LjG8BFFihVoO2dgRtinmpY9zarLVIwDEuKRdEWAznlW6DTWjeHMeX8orRbDnc6HNC5QKMSn+vH0b1L9TaWV5s0ssRmNC7ml+UFfrpbdiVYiTEMakKlAxzA1dH+pKxxN1Ts112GLY1zBgWl3i0JyTBQVOoQ0J1zoZ7iTj+OYBTjCjmsJMTzswrdd7crRzR+b3Q69cfQkRO4thSN+GgMZ7/FKHPzOD7aSUN84YUbf0Kujmw2K44oCGOlHVYLTMpPsCBQkyFncszEjGFvKh02ks/7pxqg+8K4FSIWIJfIbRRezMQbofQXa9mJA7r8mJg4zd406aXsPLGAeBxfAFkAu1bs0avGvzVqIsHD2Jx8aOLo4QgWoyCiTkSanORlbQgDEm7GIWyz5Gnp33MDhFX1m+6XhZQo8snxEIDslSYoy5ig4BKnrPHaALsvJJ7KR0G3k6LErkAbKhI+z4L0l7hrxeGLNKEU8e6s2iYMjh35yFd94iTDuVxd5ukBjaMu0D3D6QvI29y5AyyL57bEkQoFJyI+LjCuBiDGqbayKf/P7Dof3wi9SnsA+zBk9HmkD0Aasmx4US44hhgIfz6zAXSLAWRXGt6evlsfbpdMY3PdywjtJd0iyNm0A19mhGkUmORUYBiKoYdi32QZbmEP6sYKq2YUiSIzi50Izs5+KX2VxIDFxdTjpo4/oQKTC6026olU/9FehKTHB0Nr4POf+Nf8LWlfstBaQ9abU+3+sBeT/0QGEHAz//e8jId7fCQdyYMIfxUBf5F8y4kkoLsGpUuYPAP4HQV/UEsGdHIEi6eHKyc77HELNxLtGBgANHLezIm6xhcIz8U/23TDxPpx0j7XSKiSdNDwejg0L6ECayT26PU3BV+/0xT3C/fkmb/V1qVNSZbJrzulmEXNB7Y9bgcDDiciiQLBi3PYrN2laKUPxlGMw=&u=U2FsdGVkX19oIgjCVzobFh8StN+TmSHN81c8H7jKmX+HbhdkGD+Ez4W2LMg/T2V6&y=U2FsdGVkX18EaOQnOhZLsaj7SCAEOzQkA8LC02iXEaH3eNAgfqdTECUDHw5+tU6M HTTP/1.1" 200 25
186.102.64.86 - - [10/Jul/2022:13:28:15 -0500] "GET /kwssiamovil/sm/acme/a?s=U2FsdGVkX18Z7t3l6rkALvnBkgd1jPDbNp0WTTQTZFT4zqXwg3DdZ0TyzfRB4KtU00Ji8fuD3JzgPaizw8BYQuzx2I7tdBzcU+RIblmbVGtdagSIJSSjAWyDnVhoyJwXFVNS/2QuQfDRvbe4oKURu8FJwF/GRMeumDrM+KPwEnU=&u=U2FsdGVkX19oIgjCVzobFh8StN+TmSHN81c8H7jKmX+HbhdkGD+Ez4W2LMg/T2V6&y=U2FsdGVkX18EaOQnOhZLsaj7SCAEOzQkA8LC02iXEaH3eNAgfqdTECUDHw5+tU6M HTTP/1.1" 200 25
186.102.64.86 - - [10/Jul/2022:13:28:15 -0500] "GET /kwssiamovil/sm/acme/a?s=U2FsdGVkX1+ESDCIdGq4gipMHf3TpUJ5jaoMNE/yfurUQfTEKUEOzza5mi90SaJL2yviBXUnGMQss1LKKdIPPaEarZtvw/WIhDTYbtchUZ5FcMUKY8lzrXLYAvQ8uimNoxOfem8kqa2IQfv+2OjU4gj4MG9sxRs9T7udUm6f7Tw=&u=U2FsdGVkX19oIgjCVzobFh8StN+TmSHN81c8H7jKmX+HbhdkGD+Ez4W2LMg/T2V6&y=U2FsdGVkX18EaOQnOhZLsaj7SCAEOzQkA8LC02iXEaH3eNAgfqdTECUDHw5+tU6M HTTP/1.1" 200 25
186.102.64.86 - - [10/Jul/2022:13:28:16 -0500] "GET /kwssiamovil/sm/acme/a?s=U2FsdGVkX18fHZPwgqaqHCFdaJjhy5gG4Gz841iqoJV2YbpAqKHhkrVglL7u6azJvTSSOKCmRjnudm2F/XadtKTHEKYkDTcuAekb4UBIn6jQRA3DL8MJLOEfaQoF7ioVrBhanZ59jrE8CfUGioNLm/pVgCL11CrRpC0ji9wAdcM=&u=U2FsdGVkX19oIgjCVzobFh8StN+TmSHN81c8H7jKmX+HbhdkGD+Ez4W2LMg/T2V6&y=U2FsdGVkX18EaOQnOhZLsaj7SCAEOzQkA8LC02iXEaH3eNAgfqdTECUDHw5+tU6M HTTP/1.1" 200 25
186.102.64.86 - - [10/Jul/2022:13:28:16 -0500] "GET /kwssiamovil/sm/acme/a?s=U2FsdGVkX1+3xZC6j2Hw/G2ZtpD/9VQGsoG8zGyNMLvipzDR5E0ZUNL2VtUz9q7XEoP8Egud9mWxjPqdXzTqT4W6hZTxa1UVklOg6LBA5p2VFhOMbro3j6uN9Xh2utbEgdQt2pfl1WT0NqKRDJtb5yiaP/wwncChVEY6HdNES7rkXKTDLV+OenjWiM+wVjWn&u=U2FsdGVkX19oIgjCVzobFh8StN+TmSHN81c8H7jKmX+HbhdkGD+Ez4W2LMg/T2V6&y=U2FsdGVkX18EaOQnOhZLsaj7SCAEOzQkA8LC02iXEaH3eNAgfqdTECUDHw5+tU6M HTTP/1.1" 200 25
172.22.2.4 - - [10/Jul/2022:13:26:45 -0500] "HEAD /BLA/boletinlegal/ HTTP/1.1" 200 -
172.22.2.4 - - [10/Jul/2022:13:27:35 -0500] "GET /BLA/boletinlegal/ HTTP/1.1" 200 60992
173.252.83.16 - - [10/Jul/2022:13:29:47 -0500] "GET /images/jardines-verticales-4-marzo.jpg HTTP/1.1" 200 54804
201.245.192.253 - - [10/Jul/2022:13:31:11 -0500] "POST /kwsrmcab/Wsrmcab  HTTP/1.1" 200 45708
201.245.192.253 - - [10/Jul/2022:13:31:13 -0500] "POST /kwsrmcab/Wsrmcab HTTP/1.1" 200 44081
201.245.192.253 - - [10/Jul/2022:13:31:17 -0500] "POST /kwsrmcab/Wsrmcab HTTP/1.1" 200 47417
216.245.221.92 - - [10/Jul/2022:13:32:56 -0500] "HEAD / HTTP/1.1" 200 -
172.22.2.4 - - [10/Jul/2022:13:32:35 -0500] "HEAD /BLA/boletinlegal/ HTTP/1.1" 200 -
173.252.95.14 - - [10/Jul/2022:13:35:02 -0500] "GET /primer-festival-de-la-papa-nativa-en-el-jardin-botanico-conozca-pruebe-y-disfrute-estos-manjares-criollos-y-saludables.html HTTP/1.1" 206 1116
172.22.2.4 - - [10/Jul/2022:13:33:25 -0500] "GET /BLA/boletinlegal/ HTTP/1.1" 200 60992
201.245.192.253 - - [10/Jul/2022:13:36:10 -0500] "POST /kwsrmcab/Wsrmcab  HTTP/1.1" 200 45708
216.245.221.92 - - [10/Jul/2022:13:37:56 -0500] "HEAD / HTTP/1.1" 200 -
172.22.2.4 - - [10/Jul/2022:13:38:25 -0500] "HEAD /BLA/boletinlegal/ HTTP/1.1" 200 -
172.22.2.4 - - [10/Jul/2022:13:39:15 -0500] "GET /BLA/boletinlegal/ HTTP/1.1" 200 60992
201.245.192.253 - - [10/Jul/2022:13:41:09 -0500] "POST /kwsrmcab/Wsrmcab  HTTP/1.1" 200 45708
201.245.192.253 - - [10/Jul/2022:13:41:13 -0500] "POST /kwsrmcab/Wsrmcab HTTP/1.1" 200 44081
201.245.192.253 - - [10/Jul/2022:13:41:17 -0500] "POST /kwsrmcab/Wsrmcab HTTP/1.1" 200 47417
216.245.221.92 - - [10/Jul/2022:13:42:56 -0500] "HEAD / HTTP/1.1" 200 -
172.22.2.4 - - [10/Jul/2022:13:44:15 -0500] "HEAD /BLA/boletinlegal/ HTTP/1.1" 200 -
201.245.192.253 - - [10/Jul/2022:13:46:08 -0500] "POST /kwsrmcab/Wsrmcab  HTTP/1.1" 200 45708
172.22.2.4 - - [10/Jul/2022:13:45:05 -0500] "GET /BLA/boletinlegal/ HTTP/1.1" 200 58491
185.119.81.102 - - [10/Jul/2022:13:47:09 -0500] "GET /portaldeninos/wp-login.php HTTP/1.1" 200 2592
185.119.81.102 - - [10/Jul/2022:13:47:10 -0500] "POST /portaldeninos/wp-login.php HTTP/1.1" 200 3605
216.245.221.92 - - [10/Jul/2022:13:47:56 -0500] "HEAD / HTTP/1.1" 200 -
201.245.192.253 - - [10/Jul/2022:13:51:07 -0500] "POST /kwsrmcab/Wsrmcab  HTTP/1.1" 200 45708
157.55.39.133 - - [10/Jul/2022:13:51:26 -0500] "GET /portaldeninos/aulas-ambientales/aula-ambiental-sorotama/ HTTP/1.1" 200 89797
172.22.2.4 - - [10/Jul/2022:13:50:05 -0500] "HEAD /BLA/boletinlegal/ HTTP/1.1" 200 -
172.22.2.4 - - [10/Jul/2022:13:50:55 -0500] "GET /BLA/boletinlegal/ HTTP/1.1" 200 60992
216.245.221.92 - - [10/Jul/2022:13:52:56 -0500] "HEAD / HTTP/1.1" 200 -
207.46.13.39 - - [10/Jul/2022:13:53:42 -0500] "GET /BLA/resoluciones/RESOLUCIONES%202018/3991.pdf HTTP/1.1" 304 -
201.245.192.253 - - [10/Jul/2022:13:56:05 -0500] "POST /kwsrmcab/Wsrmcab  HTTP/1.1" 200 45708
172.22.2.4 - - [10/Jul/2022:13:55:55 -0500] "HEAD /BLA/boletinlegal/ HTTP/1.1" 200 -
216.245.221.92 - - [10/Jul/2022:13:57:56 -0500] "HEAD / HTTP/1.1" 200 -
172.22.2.4 - - [10/Jul/2022:13:56:45 -0500] "GET /BLA/boletinlegal/ HTTP/1.1" 200 60992
201.245.192.253 - - [10/Jul/2022:14:01:03 -0500] "POST /kwsrmcab/Wsrmcab  HTTP/1.1" 200 45708
173.252.83.21 - - [10/Jul/2022:14:01:13 -0500] "GET /images/mujeres-cultura-31.jpg HTTP/1.1" 200 33736
216.245.221.92 - - [10/Jul/2022:14:02:56 -0500] "HEAD / HTTP/1.1" 200 -
172.22.2.4 - - [10/Jul/2022:14:03:14 -0500] "GET /BLA/boletinlegal/aaa9 HTTP/1.1" 404 1018
172.22.2.4 - - [10/Jul/2022:14:03:15 -0500] "GET /BLA/boletinlegal/aab9 HTTP/1.1" 404 1018
172.22.2.4 - - [10/Jul/2022:14:03:24 -0500] "GET /BLA/boletinlegal/aaa9 HTTP/1.1" 404 1018
172.22.2.4 - - [10/Jul/2022:14:03:25 -0500] "GET /BLA/boletinlegal/aab9 HTTP/1.1" 404 1018
172.22.2.4 - - [10/Jul/2022:14:01:46 -0500] "HEAD /BLA/boletinlegal/ HTTP/1.1" 200 -
172.22.2.4 - - [10/Jul/2022:14:03:14 -0500] "GET /BLA/boletinlegal/ HTTP/1.1" 200 20427
172.22.2.4 - - [10/Jul/2022:14:02:36 -0500] "GET /BLA/boletinlegal/ HTTP/1.1" 200 52029
172.22.2.4 - - [10/Jul/2022:14:03:45 -0500] "GET /BLA/boletinlegal/ HTTP/1.1" 200 24523
104.217.249.182 - - [10/Jul/2022:14:04:23 -0500] "POST /boaform/admin/formLogin HTTP/1.1" 404 1186
173.252.95.20 - - [10/Jul/2022:14:05:23 -0500] "GET /elabora-tu-jardin-vertical-y-contribuye-a-mitigar-los-efectos-del-cambio-climatico.html HTTP/1.1" 206 985
201.245.192.253 - - [10/Jul/2022:14:06:02 -0500] "POST /kwsrmcab/Wsrmcab  HTTP/1.1" 200 45708
216.245.221.92 - - [10/Jul/2022:14:07:56 -0500] "HEAD / HTTP/1.1" 200 -
172.22.2.4 - - [10/Jul/2022:14:08:34 -0500] "GET /BLA/boletinlegal/consulta_actos.php?tipo=resoluciones&no=&usuario=&sector=&fecha=2021&resuelve=recurso HTTP/1.1" 200 211667
186.30.153.236 - - [10/Jul/2022:14:08:43 -0500] "GET /BLA/resoluciones/RESOLUCIONES%202021/5298.pdf HTTP/1.1" 200 472619
172.22.2.4 - - [10/Jul/2022:14:07:36 -0500] "HEAD /BLA/boletinlegal/ HTTP/1.1" 200 -
172.22.2.4 - - [10/Jul/2022:14:08:26 -0500] "GET /BLA/boletinlegal/ HTTP/1.1" 200 60410
173.252.83.21 - - [10/Jul/2022:14:11:00 -0500] "GET /images/negocios-verdes-emprendimientos-24-marzo.jpg HTTP/1.1" 200 54522
201.245.192.253 - - [10/Jul/2022:14:11:01 -0500] "POST /kwsrmcab/Wsrmcab  HTTP/1.1" 200 45708
216.245.221.92 - - [10/Jul/2022:14:12:56 -0500] "HEAD / HTTP/1.1" 200 -
186.30.153.236 - - [10/Jul/2022:14:14:11 -0500] "GET /BLA/resoluciones/RESOLUCIONES%202021/4514.pdf HTTP/1.1" 200 896184
186.30.153.236 - - [10/Jul/2022:14:14:58 -0500] "GET /BLA/resoluciones/RESOLUCIONES%202021/5304.pdf HTTP/1.1" 200 397670
172.22.2.4 - - [10/Jul/2022:14:13:26 -0500] "HEAD /BLA/boletinlegal/ HTTP/1.1" 200 -
172.22.2.4 - - [10/Jul/2022:14:14:16 -0500] "GET /BLA/boletinlegal/ HTTP/1.1" 200 55561
201.245.192.253 - - [10/Jul/2022:14:16:00 -0500] "POST /kwsrmcab/Wsrmcab  HTTP/1.1" 200 45708
207.46.13.45 - - [10/Jul/2022:14:16:26 -0500] "GET /portaldeninos/2021/04/28/dia-internacional-de-concienciacion-sobre-el-ruido-por-una-ciudad-mas-tranquila-y-sostenible HTTP/1.1" 301 -
207.46.13.45 - - [10/Jul/2022:14:16:36 -0500] "GET /portaldeninos/2021/04/28/dia-internacional-de-concienciacion-sobre-el-ruido-por-una-ciudad-mas-tranquila-y-sostenible/ HTTP/1.1" 200 110349
216.245.221.92 - - [10/Jul/2022:14:17:56 -0500] "HEAD / HTTP/1.1" 200 -
172.22.2.4 - - [10/Jul/2022:14:19:16 -0500] "HEAD /BLA/boletinlegal/ HTTP/1.1" 200 -
201.245.192.253 - - [10/Jul/2022:14:21:00 -0500] "POST /kwsrmcab/Wsrmcab  HTTP/1.1" 200 45708
201.245.192.253 - - [10/Jul/2022:14:21:13 -0500] "POST /kwsrmcab/Wsrmcab HTTP/1.1" 200 45898
201.245.192.253 - - [10/Jul/2022:14:21:17 -0500] "POST /kwsrmcab/Wsrmcab HTTP/1.1" 200 47560
172.22.2.4 - - [10/Jul/2022:14:20:06 -0500] "GET /BLA/boletinlegal/ HTTP/1.1" 200 51166
216.245.221.92 - - [10/Jul/2022:14:22:56 -0500] "HEAD / HTTP/1.1" 200 -
69.171.231.6 - - [10/Jul/2022:14:23:49 -0500] "GET /images/empresas-industrias-forestales-1-junio.jpg HTTP/1.1" 200 44019
69.171.231.6 - - [10/Jul/2022:14:23:51 -0500] "GET /images/jardines-verticales-plantas-24-mayo.jpg HTTP/1.1" 200 148288
69.171.231.3 - - [10/Jul/2022:14:23:51 -0500] "GET /images/la-vieja-mayo-24.jpg HTTP/1.1" 200 58217
69.171.231.6 - - [10/Jul/2022:14:23:52 -0500] "GET /images/Naturalista1.jpeg HTTP/1.1" 200 202073
69.171.231.118 - - [10/Jul/2022:14:23:54 -0500] "GET /images/negocios-verdes-mayo-2022.jpg HTTP/1.1" 200 48000
69.171.231.5 - - [10/Jul/2022:14:23:54 -0500] "GET /images/arbolado-bogota-mayo-13.jpg HTTP/1.1" 200 62568
69.171.231.5 - - [10/Jul/2022:14:23:55 -0500] "GET /images/feria-servicios-12-mayo-principal.jpg HTTP/1.1" 200 44744
69.171.231.1 - - [10/Jul/2022:14:23:55 -0500] "GET /images/parque-nal-secretaria.jpg HTTP/1.1" 200 168060
69.171.231.5 - - [10/Jul/2022:14:23:57 -0500] "GET /images/secretaria-rio-bogota-avances-12-mayo.jpg HTTP/1.1" 200 37281
69.171.231.1 - - [10/Jul/2022:14:23:57 -0500] "GET /images/dia-rio-bogota-12-mayo.jpg HTTP/1.1" 200 44387
69.171.231.120 - - [10/Jul/2022:14:23:57 -0500] "GET /images/ptar-alcaldesa-rio-bogota-12-mato.jpg HTTP/1.1" 200 40205
201.245.192.253 - - [10/Jul/2022:14:25:57 -0500] "POST /kwsrmcab/Wsrmcab  HTTP/1.1" 200 45708
172.22.2.4 - - [10/Jul/2022:14:25:06 -0500] "HEAD /BLA/boletinlegal/ HTTP/1.1" 200 -
172.22.2.4 - - [10/Jul/2022:14:25:56 -0500] "GET /BLA/boletinlegal/ HTTP/1.1" 200 60410
186.102.54.138 - - [10/Jul/2022:14:27:44 -0500] "GET /kwssiamovil/sm/ldap/au?x=U2FsdGVkX18lwnD8lCcS/LUFNJ4r9zFjwIzdj3BFg240uqltqHd73KTj5Qq1c6Ow&y=U2FsdGVkX198rLlZzBpe99buVnGba0BvmcVtJ8YuLhuSjs9XB4IAip/oqETjcyTp HTTP/1.1" 200 30
186.102.54.138 - - [10/Jul/2022:14:27:45 -0500] "GET /kwssiamovil/sm/acme/s?s=U2FsdGVkX1/VyJq+yWHRAZwuyvisksJf1ie3ELbSf8/IIBpIuFFC/DdwBNeNFtmgzQPXCThutsOdObC5XUIeDjOsL/tpU/sf8hVS974pOLc=&u=U2FsdGVkX18b7O7fi9CPtTihzY9p0vO69Nb7/C4SBAWUZ3TgJ2+YDvc1NHsbPsnQ&y=U2FsdGVkX198rLlZzBpe99buVnGba0BvmcVtJ8YuLhuSjs9XB4IAip/oqETjcyTp HTTP/1.1" 200 97
186.102.54.138 - - [10/Jul/2022:14:27:46 -0500] "GET /kwssiamovil/sm/acme/s?s=U2FsdGVkX1/YHs/Q5Cl1+YKWm2cdinxNcduxPxKSaoFHv3c97csTp7d5N7wNTHtyvInBEm8SG+nh6qaURdSea6w3DKuXxZ40l4S6BPjqay7OfZ7IXWNkNB3ZmfiUvM8PW/+4ZJdzWkxGpyAY7xnnbamBZdrb55wnOoCiUc4O/LgubSMaaS2xI1J9S9XteyvIFeNP5DZTuQCCgTZtDml0NSlghYH8qD4k1V5OuvpCw9ECB4sbyP5bNi6gZ1blBXFzVo6NWo73x6gM2EON5Pv9B+t1wF5fcaumz8QOZdKBpJs/ZHXGQS1TwrWYhyX74oi3e+l0cwxrF6MFISXAtwub8WSNoeVzIpN+aTB0PcsDOeCXgKgMYXriZMWEJ5xf8lWamTBGmD2h+epQfuM5swpLT4r6bRVQTZV3K4Fi/uBLfzatqBGSk8kQkldJ6kvDXQ05MhVbZ1Ake4y/neLT9njYrSml1AlI8n1OuthzD4ZoD6qadkgNTd6anu8h6UnQDwLNrSTHR+q8F3PcR9J9uO1S7jxYeU2e6givVw0uJ+1a1ycrUopGQKoDQCZSLL3SfvnqhN7JrgZ2C/foDf/QiJxQm5nrUf0XffJHVVH+w492xxK04ZqKLgtEboIAW59ut6HtacdpxpIo1NXnlZs2tRokt98dM9UAjT6VVRnent64YUAZAEaFfICWk32rMafnhgB3D7Zvp2gT9cVgbANB1SJpFfCc0j2PNBwFq5zDKJdCKUUZbJ8PvBdScPZD8GN2HMN+EslrrF4YYwG+LdbnvwMQtdc9ArNYfaJEkIqavIiIZQPUK9whqjEXRFHSF3NbgCkUnpwBcBw9C+P22Nrmbk2xOoNcZFoxtN/Kqi022OMnRqnrC6wBc7uX90wdPsbTsva2wInUDR4IPjRwkZgfKKDO6LLcKjyDJEW6JjNg4Q4J1vu7Z9vL90UMYbXCcqWVlJ9HF2a6lixZoa82vVAoJtC3ujgnpvV7Kyh0jBUmG9FGbihrzXv4dORaWxEzbNdAtRIoT6n/3EF+ZdaujHiibfeNbTM53eRST+Ip70qE72XUUOwY5OIf89advY37AiapcL1I8WohLwzks8IIsbm7L7gJ5UVdRe9qeuYXjAlqAzdUqSLoyUDPKVna6oKzmDozUhR0ffKHGh5xMxX75iBWpOE0ufVy+R3mcAreBNrdywmYcvYTc6Bhc94LPludSLVLDq9SY8Atp0vQdI6s0sS0vTpWLrM2Jl4119FTW4Pd5OsqIOM0nlBzKUSGJMKVyNiwHxbS3vI1g/ok1OYPiaB09VymRmUvJDuxT6ohW+miBC7iV/f5JHHzzx0XFG8nrG8FeqPAVknVL/f6rK2bcFLQBRKIM+TlxHQlhB9wGk7gIeFAG/0=&u=U2FsdGVkX18b7O7fi9CPtTihzY9p0vO69Nb7/C4SBAWUZ3TgJ2+YDvc1NHsbPsnQ&y=U2FsdGVkX198rLlZzBpe99buVnGba0BvmcVtJ8YuLhuSjs9XB4IAip/oqETjcyTp HTTP/1.1" 200 4314
