69.171.249.16 - - [11/Jul/2022:02:39:14 -0500] "GET /images/parque-nal-secretaria.jpg HTTP/1.1" 200 168060
69.171.249.22 - - [11/Jul/2022:02:39:14 -0500] "GET /images/feria-servicios-12-mayo-principal.jpg HTTP/1.1" 200 44744
69.171.251.24 - - [11/Jul/2022:02:39:14 -0500] "GET /images/cronica-amanda-rodriguez-30-abril.jpg HTTP/1.1" 200 26304
69.171.249.16 - - [11/Jul/2022:02:39:15 -0500] "GET /images/secretaria-rio-bogota-avances-12-mayo.jpg HTTP/1.1" 200 37281
69.171.249.22 - - [11/Jul/2022:02:39:15 -0500] "GET /images/dia-rio-bogota-12-mayo.jpg HTTP/1.1" 200 44387
69.171.249.6 - - [11/Jul/2022:02:39:15 -0500] "GET /images/ptar-alcaldesa-rio-bogota-12-mato.jpg HTTP/1.1" 200 40205
173.252.107.21 - - [11/Jul/2022:02:39:16 -0500] "GET /images/reunion-planta-termovalorizacion-11-mayo.jpg HTTP/1.1" 200 34782
69.171.249.16 - - [11/Jul/2022:02:39:17 -0500] "GET /images/mercados-campesinos-5-mayo.jpg HTTP/1.1" 200 95848
69.171.249.6 - - [11/Jul/2022:02:39:17 -0500] "GET /images/Brasil1.jpeg HTTP/1.1" 200 27965
69.171.249.1 - - [11/Jul/2022:02:39:17 -0500] "GET /images/feria-servicios-5-MAYO.jpg HTTP/1.1" 200 39759
69.171.249.22 - - [11/Jul/2022:02:39:18 -0500] "GET /images/Animales1.jpeg HTTP/1.1" 200 76841
69.171.249.16 - - [11/Jul/2022:02:39:19 -0500] "GET /images/fachada-secretaria-ambiente-abril.jpg HTTP/1.1" 200 148853
173.252.107.20 - - [11/Jul/2022:02:39:21 -0500] "GET /images/operativos-residuos-peligrosos-25-ABRIL.jpg HTTP/1.1" 200 35345
69.171.249.16 - - [11/Jul/2022:02:39:22 -0500] "GET /images/plantacion-jbb-22-abril.jpg HTTP/1.1" 200 52184
69.171.249.22 - - [11/Jul/2022:02:39:22 -0500] "GET /images/feria-servicios-tramites-puente-aranda-21-abril.jpg HTTP/1.1" 200 28255
69.171.249.6 - - [11/Jul/2022:02:39:22 -0500] "GET /images/ecosistema-dia-internacional-tierra-21-abril.jpg HTTP/1.1" 200 30098
69.171.249.1 - - [11/Jul/2022:02:39:22 -0500] "GET /images/actividades-dia-tierra-22-abril.jpg HTTP/1.1" 200 77276
69.171.249.22 - - [11/Jul/2022:02:39:22 -0500] "GET /images/bogota-ciudad-pac28-enero.jpg HTTP/1.1" 200 42642
201.245.192.253 - - [11/Jul/2022:02:41:10 -0500] "POST /kwsrmcab/Wsrmcab HTTP/1.1" 500 253
201.245.192.253 - - [11/Jul/2022:02:41:10 -0500] "POST /kwsrmcab/Wsrmcab HTTP/1.1" 500 253
172.22.2.4 - - [11/Jul/2022:02:40:06 -0500] "HEAD /BLA/boletinlegal/ HTTP/1.1" 200 -
201.245.192.253 - - [11/Jul/2022:02:42:13 -0500] "POST /kwsrmcab/Wsrmcab  HTTP/1.1" 500 253
172.22.2.4 - - [11/Jul/2022:02:40:56 -0500] "GET /BLA/boletinlegal/ HTTP/1.1" 200 57272
216.245.221.92 - - [11/Jul/2022:02:42:54 -0500] "HEAD / HTTP/1.1" 200 -
172.22.2.4 - - [11/Jul/2022:02:43:39 -0500] "GET /BLA/boletinlegal/jurisprudencia/analisis/AnalisisT-606-15.docx HTTP/1.1" 200 26698
172.22.2.4 - - [11/Jul/2022:02:43:40 -0500] "GET /BLA/boletinlegal/apple-touch-icon-120x120-precomposed.png HTTP/1.1" 404 1140
172.22.2.4 - - [11/Jul/2022:02:43:40 -0500] "GET /BLA/boletinlegal/apple-touch-icon-120x120.png HTTP/1.1" 404 1140
172.22.2.4 - - [11/Jul/2022:02:43:40 -0500] "GET /BLA/boletinlegal/apple-touch-icon-precomposed.png HTTP/1.1" 404 1140
172.22.2.4 - - [11/Jul/2022:02:43:40 -0500] "GET /BLA/boletinlegal/apple-touch-icon.png HTTP/1.1" 404 1140
172.22.2.4 - - [11/Jul/2022:02:43:40 -0500] "GET /BLA/boletinlegal/favicon.ico HTTP/1.1" 404 1140
172.22.2.4 - - [11/Jul/2022:02:43:41 -0500] "GET /BLA/boletinlegal/apple-touch-icon-120x120-precomposed.png HTTP/1.1" 404 1140
172.22.2.4 - - [11/Jul/2022:02:43:41 -0500] "GET /BLA/boletinlegal/apple-touch-icon-120x120.png HTTP/1.1" 404 1140
172.22.2.4 - - [11/Jul/2022:02:43:41 -0500] "GET /BLA/boletinlegal/apple-touch-icon-precomposed.png HTTP/1.1" 404 1140
172.22.2.4 - - [11/Jul/2022:02:43:41 -0500] "GET /BLA/boletinlegal/apple-touch-icon.png HTTP/1.1" 404 1140
172.22.2.4 - - [11/Jul/2022:02:43:41 -0500] "GET /BLA/boletinlegal/favicon.ico HTTP/1.1" 404 1140
201.245.192.253 - - [11/Jul/2022:02:47:12 -0500] "POST /kwsrmcab/Wsrmcab  HTTP/1.1" 500 253
172.22.2.4 - - [11/Jul/2022:02:45:56 -0500] "HEAD /BLA/boletinlegal/ HTTP/1.1" 200 -
216.245.221.92 - - [11/Jul/2022:02:47:54 -0500] "HEAD / HTTP/1.1" 200 -
172.22.2.4 - - [11/Jul/2022:02:46:46 -0500] "GET /BLA/boletinlegal/ HTTP/1.1" 200 57699
201.245.192.253 - - [11/Jul/2022:02:52:11 -0500] "POST /kwsrmcab/Wsrmcab  HTTP/1.1" 500 253
216.245.221.92 - - [11/Jul/2022:02:52:54 -0500] "HEAD / HTTP/1.1" 200 -
172.22.2.4 - - [11/Jul/2022:02:51:46 -0500] "HEAD /BLA/boletinlegal/ HTTP/1.1" 200 -
172.22.2.4 - - [11/Jul/2022:02:52:36 -0500] "GET /BLA/boletinlegal/ HTTP/1.1" 200 60992
201.245.192.253 - - [11/Jul/2022:02:57:10 -0500] "POST /kwsrmcab/Wsrmcab  HTTP/1.1" 500 253
172.22.2.4 - - [11/Jul/2022:02:56:57 -0500] "GET /BLA/boletinlegal/ HTTP/1.1" 200 20427
216.245.221.92 - - [11/Jul/2022:02:57:54 -0500] "HEAD / HTTP/1.1" 200 -
172.22.2.4 - - [11/Jul/2022:02:57:36 -0500] "HEAD /BLA/boletinlegal/ HTTP/1.1" 200 -
180.163.220.46 - - [11/Jul/2022:02:59:58 -0500] "GET / HTTP/1.1" 200 319
172.22.2.4 - - [11/Jul/2022:02:58:26 -0500] "GET /BLA/boletinlegal/ HTTP/1.1" 200 58122
201.245.192.253 - - [11/Jul/2022:03:02:09 -0500] "POST /kwsrmcab/Wsrmcab  HTTP/1.1" 500 253
216.245.221.92 - - [11/Jul/2022:03:02:54 -0500] "HEAD / HTTP/1.1" 200 -
172.22.2.4 - - [11/Jul/2022:03:03:26 -0500] "HEAD /BLA/boletinlegal/ HTTP/1.1" 200 -
172.22.2.4 - - [11/Jul/2022:03:04:16 -0500] "GET /BLA/boletinlegal/ HTTP/1.1" 200 57699
201.245.192.253 - - [11/Jul/2022:03:07:08 -0500] "POST /kwsrmcab/Wsrmcab  HTTP/1.1" 500 253
216.245.221.92 - - [11/Jul/2022:03:07:54 -0500] "HEAD / HTTP/1.1" 200 -
172.22.2.4 - - [11/Jul/2022:03:09:16 -0500] "HEAD /BLA/boletinlegal/ HTTP/1.1" 200 -
172.22.2.4 - - [11/Jul/2022:03:10:06 -0500] "GET /BLA/boletinlegal/ HTTP/1.1" 200 53187
201.245.192.253 - - [11/Jul/2022:03:12:06 -0500] "POST /kwsrmcab/Wsrmcab  HTTP/1.1" 500 253
157.55.39.114 - - [11/Jul/2022:03:12:20 -0500] "GET /sipse/faces/faces/autenticacion.xhtml HTTP/1.1" 200 12499
216.245.221.92 - - [11/Jul/2022:03:12:54 -0500] "HEAD / HTTP/1.1" 200 -
185.119.81.101 - - [11/Jul/2022:03:16:06 -0500] "GET /portaldeninos/wp-login.php HTTP/1.1" 200 2592
185.119.81.101 - - [11/Jul/2022:03:16:07 -0500] "POST /portaldeninos/wp-login.php HTTP/1.1" 200 3605
172.22.2.4 - - [11/Jul/2022:03:15:06 -0500] "HEAD /BLA/boletinlegal/ HTTP/1.1" 200 -
201.245.192.253 - - [11/Jul/2022:03:17:05 -0500] "POST /kwsrmcab/Wsrmcab  HTTP/1.1" 500 253
172.22.2.4 - - [11/Jul/2022:03:15:56 -0500] "GET /BLA/boletinlegal/ HTTP/1.1" 200 58491
216.245.221.92 - - [11/Jul/2022:03:17:54 -0500] "HEAD / HTTP/1.1" 200 -
185.119.81.102 - - [11/Jul/2022:03:19:12 -0500] "GET /portaldeninos/wp-login.php HTTP/1.1" 200 2592
185.119.81.102 - - [11/Jul/2022:03:19:13 -0500] "POST /portaldeninos/wp-login.php HTTP/1.1" 200 3605
201.245.192.253 - - [11/Jul/2022:03:21:10 -0500] "POST /kwsrmcab/Wsrmcab HTTP/1.1" 500 253
201.245.192.253 - - [11/Jul/2022:03:21:12 -0500] "POST /kwsrmcab/Wsrmcab HTTP/1.1" 500 253
201.245.192.253 - - [11/Jul/2022:03:22:04 -0500] "POST /kwsrmcab/Wsrmcab  HTTP/1.1" 500 253
172.22.2.4 - - [11/Jul/2022:03:20:29 -0500] "GET /BLA/boletinlegal/index.php HTTP/1.1" 200 54767
172.22.2.4 - - [11/Jul/2022:03:20:56 -0500] "HEAD /BLA/boletinlegal/ HTTP/1.1" 200 -
207.46.13.45 - - [11/Jul/2022:03:22:40 -0500] "GET /portaldeninos/2021/04/28/dia-internacional-de-concienciacion-sobre-el-ruido-por-una-ciudad-mas-tranquila-y-sostenible HTTP/1.1" 301 -
207.46.13.45 - - [11/Jul/2022:03:22:50 -0500] "GET /portaldeninos/2021/04/28/dia-internacional-de-concienciacion-sobre-el-ruido-por-una-ciudad-mas-tranquila-y-sostenible/ HTTP/1.1" 200 110349
216.245.221.92 - - [11/Jul/2022:03:22:54 -0500] "HEAD / HTTP/1.1" 200 -
172.22.2.4 - - [11/Jul/2022:03:21:46 -0500] "GET /BLA/boletinlegal/ HTTP/1.1" 200 53539
172.22.2.4 - - [11/Jul/2022:03:23:37 -0500] "GET /BLA/boletinlegal/ HTTP/1.1" 200 32715
34.141.150.246 - - [11/Jul/2022:03:24:50 -0500] "GET / HTTP/1.1" 200 319
71.6.232.6 - - [11/Jul/2022:03:26:59 -0500] "GET / HTTP/1.1" 200 319
201.245.192.253 - - [11/Jul/2022:03:27:03 -0500] "POST /kwsrmcab/Wsrmcab  HTTP/1.1" 500 253
186.87.96.79 - - [11/Jul/2022:03:27:40 -0500] "-" 408 -
216.245.221.92 - - [11/Jul/2022:03:27:54 -0500] "HEAD / HTTP/1.1" 200 -
172.22.2.4 - - [11/Jul/2022:03:26:46 -0500] "HEAD /BLA/boletinlegal/ HTTP/1.1" 200 -
185.119.81.101 - - [11/Jul/2022:03:29:06 -0500] "GET /portaldeninos/wp-login.php HTTP/1.1" 200 2592
185.119.81.101 - - [11/Jul/2022:03:29:07 -0500] "POST /portaldeninos/wp-login.php HTTP/1.1" 200 3605
172.22.2.4 - - [11/Jul/2022:03:27:36 -0500] "GET /BLA/boletinlegal/ HTTP/1.1" 200 60992
162.221.192.26 - - [11/Jul/2022:03:29:17 -0500] "GET / HTTP/1.1" 200 319
201.245.192.253 - - [11/Jul/2022:03:31:10 -0500] "POST /kwsrmcab/Wsrmcab HTTP/1.1" 500 253
201.245.192.253 - - [11/Jul/2022:03:31:10 -0500] "POST /kwsrmcab/Wsrmcab HTTP/1.1" 500 253
201.245.192.253 - - [11/Jul/2022:03:32:02 -0500] "POST /kwsrmcab/Wsrmcab  HTTP/1.1" 500 253
216.245.221.92 - - [11/Jul/2022:03:32:54 -0500] "HEAD / HTTP/1.1" 200 -
172.22.2.4 - - [11/Jul/2022:03:32:36 -0500] "HEAD /BLA/boletinlegal/ HTTP/1.1" 200 -
172.22.2.4 - - [11/Jul/2022:03:33:26 -0500] "GET /BLA/boletinlegal/ HTTP/1.1" 200 58122
201.245.192.253 - - [11/Jul/2022:03:37:01 -0500] "POST /kwsrmcab/Wsrmcab  HTTP/1.1" 500 253
102.129.145.29 - - [11/Jul/2022:03:37:44 -0500] "GET /wp-login.php HTTP/1.1" 404 1035
172.22.2.4 - - [11/Jul/2022:03:37:45 -0500] "GET /BLA/boletinlegal/wp-login.php HTTP/1.1" 404 1038
216.245.221.92 - - [11/Jul/2022:03:37:54 -0500] "HEAD / HTTP/1.1" 200 -
172.22.2.4 - - [11/Jul/2022:03:38:26 -0500] "HEAD /BLA/boletinlegal/ HTTP/1.1" 200 -
172.22.2.4 - - [11/Jul/2022:03:39:16 -0500] "GET /BLA/boletinlegal/ HTTP/1.1" 200 58122
201.245.192.253 - - [11/Jul/2022:03:41:10 -0500] "POST /kwsrmcab/Wsrmcab HTTP/1.1" 500 253
201.245.192.253 - - [11/Jul/2022:03:41:10 -0500] "POST /kwsrmcab/Wsrmcab HTTP/1.1" 500 253
201.245.192.253 - - [11/Jul/2022:03:42:00 -0500] "POST /kwsrmcab/Wsrmcab  HTTP/1.1" 500 253
216.245.221.92 - - [11/Jul/2022:03:42:54 -0500] "HEAD / HTTP/1.1" 200 -
66.249.65.15 - - [11/Jul/2022:03:44:53 -0500] "-" 408 -
172.22.2.4 - - [11/Jul/2022:03:44:16 -0500] "HEAD /BLA/boletinlegal/ HTTP/1.1" 200 -
172.22.2.4 - - [11/Jul/2022:03:45:57 -0500] "GET /BLA/boletinlegal/Directivas/2014/Directiva%20No.%202%20del%205%20de%20Mayo%20de%202014.pdf HTTP/1.1" 304 -
172.22.2.4 - - [11/Jul/2022:03:45:06 -0500] "GET /BLA/boletinlegal/ HTTP/1.1" 200 58491
201.245.192.253 - - [11/Jul/2022:03:46:59 -0500] "POST /kwsrmcab/Wsrmcab  HTTP/1.1" 500 253
216.245.221.92 - - [11/Jul/2022:03:47:54 -0500] "HEAD / HTTP/1.1" 200 -
172.22.2.4 - - [11/Jul/2022:03:50:06 -0500] "HEAD /BLA/boletinlegal/ HTTP/1.1" 200 -
201.245.192.253 - - [11/Jul/2022:03:51:58 -0500] "POST /kwsrmcab/Wsrmcab  HTTP/1.1" 500 253
172.22.2.4 - - [11/Jul/2022:03:50:56 -0500] "GET /BLA/boletinlegal/ HTTP/1.1" 200 60992
216.245.221.92 - - [11/Jul/2022:03:52:54 -0500] "HEAD / HTTP/1.1" 200 -
201.245.192.253 - - [11/Jul/2022:03:56:57 -0500] "POST /kwsrmcab/Wsrmcab  HTTP/1.1" 500 253
172.22.2.4 - - [11/Jul/2022:03:55:56 -0500] "HEAD /BLA/boletinlegal/ HTTP/1.1" 200 -
216.245.221.92 - - [11/Jul/2022:03:57:54 -0500] "HEAD / HTTP/1.1" 200 -
172.22.2.4 - - [11/Jul/2022:03:56:46 -0500] "GET /BLA/boletinlegal/ HTTP/1.1" 200 58866
201.245.192.253 - - [11/Jul/2022:04:01:56 -0500] "POST /kwsrmcab/Wsrmcab  HTTP/1.1" 500 253
216.245.221.92 - - [11/Jul/2022:04:02:54 -0500] "HEAD / HTTP/1.1" 200 -
172.22.2.4 - - [11/Jul/2022:04:01:46 -0500] "HEAD /BLA/boletinlegal/ HTTP/1.1" 200 -
128.14.209.162 - - [11/Jul/2022:04:04:04 -0500] "GET /portaldeninos/ HTTP/1.1" 200 109662
172.22.2.4 - - [11/Jul/2022:04:02:36 -0500] "GET /BLA/boletinlegal/ HTTP/1.1" 200 60992
172.22.2.4 - - [11/Jul/2022:04:06:03 -0500] "GET /BLA/boletinlegal/ HTTP/1.1" 200 32715
201.245.192.253 - - [11/Jul/2022:04:06:55 -0500] "POST /kwsrmcab/Wsrmcab  HTTP/1.1" 500 253
216.245.221.92 - - [11/Jul/2022:04:07:54 -0500] "HEAD / HTTP/1.1" 200 -
172.22.2.4 - - [11/Jul/2022:04:07:36 -0500] "HEAD /BLA/boletinlegal/ HTTP/1.1" 200 -
172.22.2.4 - - [11/Jul/2022:04:08:26 -0500] "GET /BLA/boletinlegal/ HTTP/1.1" 200 58122
201.245.192.253 - - [11/Jul/2022:04:11:54 -0500] "POST /kwsrmcab/Wsrmcab  HTTP/1.1" 500 253
216.245.221.92 - - [11/Jul/2022:04:12:54 -0500] "HEAD / HTTP/1.1" 200 -
13.66.139.11 - - [11/Jul/2022:04:13:55 -0500] "-" 408 -
172.22.2.4 - - [11/Jul/2022:04:13:26 -0500] "HEAD /BLA/boletinlegal/ HTTP/1.1" 200 -
172.22.2.4 - - [11/Jul/2022:04:14:16 -0500] "GET /BLA/boletinlegal/ HTTP/1.1" 200 59828
201.245.192.253 - - [11/Jul/2022:04:16:53 -0500] "POST /kwsrmcab/Wsrmcab  HTTP/1.1" 500 253
216.245.221.92 - - [11/Jul/2022:04:17:54 -0500] "HEAD / HTTP/1.1" 200 -
172.22.2.4 - - [11/Jul/2022:04:19:16 -0500] "HEAD /BLA/boletinlegal/ HTTP/1.1" 200 -
201.245.192.253 - - [11/Jul/2022:04:21:10 -0500] "POST /kwsrmcab/Wsrmcab HTTP/1.1" 500 253
201.245.192.253 - - [11/Jul/2022:04:21:10 -0500] "POST /kwsrmcab/Wsrmcab HTTP/1.1" 500 253
172.22.2.4 - - [11/Jul/2022:04:20:06 -0500] "GET /BLA/boletinlegal/ HTTP/1.1" 200 60410
201.245.192.253 - - [11/Jul/2022:04:21:51 -0500] "POST /kwsrmcab/Wsrmcab  HTTP/1.1" 500 253
31.13.127.14 - - [11/Jul/2022:04:22:20 -0500] "GET /images/mercados-campesinos-5-mayo.jpg HTTP/1.1" 200 95848
216.245.221.92 - - [11/Jul/2022:04:22:54 -0500] "HEAD / HTTP/1.1" 200 -
172.22.2.4 - - [11/Jul/2022:04:25:06 -0500] "HEAD /BLA/boletinlegal/ HTTP/1.1" 200 -
201.245.192.253 - - [11/Jul/2022:04:26:50 -0500] "POST /kwsrmcab/Wsrmcab  HTTP/1.1" 500 253
172.22.2.4 - - [11/Jul/2022:04:25:56 -0500] "GET /BLA/boletinlegal/ HTTP/1.1" 200 58491
216.245.221.92 - - [11/Jul/2022:04:27:54 -0500] "HEAD / HTTP/1.1" 200 -
201.245.192.253 - - [11/Jul/2022:04:31:10 -0500] "POST /kwsrmcab/Wsrmcab HTTP/1.1" 500 253
201.245.192.253 - - [11/Jul/2022:04:31:12 -0500] "POST /kwsrmcab/Wsrmcab HTTP/1.1" 500 253
201.245.192.253 - - [11/Jul/2022:04:31:49 -0500] "POST /kwsrmcab/Wsrmcab  HTTP/1.1" 500 253
172.22.2.4 - - [11/Jul/2022:04:30:56 -0500] "HEAD /BLA/boletinlegal/ HTTP/1.1" 200 -
216.245.221.92 - - [11/Jul/2022:04:32:54 -0500] "HEAD / HTTP/1.1" 200 -
172.22.2.4 - - [11/Jul/2022:04:31:46 -0500] "GET /BLA/boletinlegal/ HTTP/1.1" 200 53903
201.245.192.253 - - [11/Jul/2022:04:36:47 -0500] "POST /kwsrmcab/Wsrmcab  HTTP/1.1" 500 253
216.245.221.92 - - [11/Jul/2022:04:37:54 -0500] "HEAD / HTTP/1.1" 200 -
172.22.2.4 - - [11/Jul/2022:04:36:46 -0500] "HEAD /BLA/boletinlegal/ HTTP/1.1" 200 -
45.61.186.139 - - [11/Jul/2022:04:38:46 -0500] "GET /config/getuser?index=0 HTTP/1.1" 404 1018
172.22.2.4 - - [11/Jul/2022:04:39:05 -0500] "GET /BLA/boletinlegal/images/cabezote%20BLEGAL.jpg HTTP/1.1" 200 118164
172.22.2.4 - - [11/Jul/2022:04:37:36 -0500] "GET /BLA/boletinlegal/ HTTP/1.1" 200 58122
201.245.192.253 - - [11/Jul/2022:04:41:10 -0500] "POST /kwsrmcab/Wsrmcab HTTP/1.1" 500 253
201.245.192.253 - - [11/Jul/2022:04:41:10 -0500] "POST /kwsrmcab/Wsrmcab HTTP/1.1" 500 253
201.245.192.253 - - [11/Jul/2022:04:41:46 -0500] "POST /kwsrmcab/Wsrmcab  HTTP/1.1" 500 253
216.245.221.92 - - [11/Jul/2022:04:42:54 -0500] "HEAD / HTTP/1.1" 200 -
172.22.2.4 - - [11/Jul/2022:04:42:36 -0500] "HEAD /BLA/boletinlegal/ HTTP/1.1" 200 -
172.22.2.4 - - [11/Jul/2022:04:43:26 -0500] "GET /BLA/boletinlegal/ HTTP/1.1" 200 60992
201.245.192.253 - - [11/Jul/2022:04:46:45 -0500] "POST /kwsrmcab/Wsrmcab  HTTP/1.1" 500 253
216.245.221.92 - - [11/Jul/2022:04:47:54 -0500] "HEAD / HTTP/1.1" 200 -
172.22.2.4 - - [11/Jul/2022:04:48:26 -0500] "HEAD /BLA/boletinlegal/ HTTP/1.1" 200 -
172.22.2.4 - - [11/Jul/2022:04:49:16 -0500] "GET /BLA/boletinlegal/ HTTP/1.1" 200 60410
201.245.192.253 - - [11/Jul/2022:04:51:44 -0500] "POST /kwsrmcab/Wsrmcab  HTTP/1.1" 500 253
216.245.221.92 - - [11/Jul/2022:04:52:54 -0500] "HEAD / HTTP/1.1" 200 -
172.22.2.4 - - [11/Jul/2022:04:54:16 -0500] "HEAD /BLA/boletinlegal/ HTTP/1.1" 200 -
201.245.192.253 - - [11/Jul/2022:04:56:43 -0500] "POST /kwsrmcab/Wsrmcab  HTTP/1.1" 500 253
172.22.2.4 - - [11/Jul/2022:04:55:06 -0500] "GET /BLA/boletinlegal/ HTTP/1.1" 200 58491
216.245.221.92 - - [11/Jul/2022:04:57:54 -0500] "HEAD / HTTP/1.1" 200 -
172.22.2.4 - - [11/Jul/2022:04:57:42 -0500] "GET /BLA/boletinlegal/index.php HTTP/1.1" 200 63238
106.75.25.168 - - [11/Jul/2022:05:00:59 -0500] "GET / HTTP/1.0" 200 319
201.245.192.253 - - [11/Jul/2022:05:01:41 -0500] "POST /kwsrmcab/Wsrmcab  HTTP/1.1" 500 253
172.22.2.4 - - [11/Jul/2022:05:00:06 -0500] "HEAD /BLA/boletinlegal/ HTTP/1.1" 200 -
172.22.2.4 - - [11/Jul/2022:05:00:56 -0500] "GET /BLA/boletinlegal/ HTTP/1.1" 200 58122
216.245.221.92 - - [11/Jul/2022:05:02:54 -0500] "HEAD / HTTP/1.1" 200 -
201.245.192.253 - - [11/Jul/2022:05:06:41 -0500] "POST /kwsrmcab/Wsrmcab  HTTP/1.1" 500 253
40.77.167.66 - - [11/Jul/2022:05:07:30 -0500] "GET /BLA/resoluciones/RESOLUCIONES%202020/1392.pdf HTTP/1.1" 200 369611
172.22.2.4 - - [11/Jul/2022:05:05:56 -0500] "HEAD /BLA/boletinlegal/ HTTP/1.1" 200 -
216.245.221.92 - - [11/Jul/2022:05:07:54 -0500] "HEAD / HTTP/1.1" 200 -
172.22.2.4 - - [11/Jul/2022:05:06:46 -0500] "GET /BLA/boletinlegal/ HTTP/1.1" 200 60992
201.245.192.253 - - [11/Jul/2022:05:11:40 -0500] "POST /kwsrmcab/Wsrmcab  HTTP/1.1" 500 253
216.245.221.92 - - [11/Jul/2022:05:12:54 -0500] "HEAD / HTTP/1.1" 200 -
172.22.2.4 - - [11/Jul/2022:05:11:46 -0500] "HEAD /BLA/boletinlegal/ HTTP/1.1" 200 -
172.22.2.4 - - [11/Jul/2022:05:12:36 -0500] "GET /BLA/boletinlegal/ HTTP/1.1" 200 53539
201.245.192.253 - - [11/Jul/2022:05:16:39 -0500] "POST /kwsrmcab/Wsrmcab  HTTP/1.1" 500 253
216.245.221.92 - - [11/Jul/2022:05:17:54 -0500] "HEAD / HTTP/1.1" 200 -
172.22.2.4 - - [11/Jul/2022:05:17:36 -0500] "HEAD /BLA/boletinlegal/ HTTP/1.1" 200 -
172.22.2.4 - - [11/Jul/2022:05:18:26 -0500] "GET /BLA/boletinlegal/ HTTP/1.1" 200 58491
201.245.192.253 - - [11/Jul/2022:05:21:10 -0500] "GET /kwsrmcab/Wsrmcab?wsdl HTTP/1.1" 200 6948
201.245.192.253 - - [11/Jul/2022:05:21:10 -0500] "POST /kwsrmcab/Wsrmcab HTTP/1.1" 500 253
201.245.192.253 - - [11/Jul/2022:05:21:10 -0500] "POST /kwsrmcab/Wsrmcab HTTP/1.1" 500 253
201.245.192.253 - - [11/Jul/2022:05:21:37 -0500] "POST /kwsrmcab/Wsrmcab  HTTP/1.1" 500 253
157.245.199.215 - - [11/Jul/2022:05:22:29 -0500] "POST /boaform/admin/formLogin HTTP/1.1" 404 1186
216.245.221.92 - - [11/Jul/2022:05:22:54 -0500] "HEAD / HTTP/1.1" 200 -
172.22.2.4 - - [11/Jul/2022:05:23:52 -0500] "GET /BLA/boletinlegal/Circulares/2021/CIRCULAR%20No.%2000009%20DEL%2001%20DE%20OCTUBRE%20DEL%202021.pdf HTTP/1.1" 200 320793
66.220.149.118 - - [11/Jul/2022:05:24:17 -0500] "GET /images/pieza-mujeres-reverdecen-4-abril.jpg HTTP/1.1" 200 48916
69.171.231.117 - - [11/Jul/2022:05:24:18 -0500] "GET /images/pieza-calidad-aire-noche-4-febrero.jpg HTTP/1.1" 200 37476
172.22.2.4 - - [11/Jul/2022:05:23:26 -0500] "HEAD /BLA/boletinlegal/ HTTP/1.1" 200 -
172.22.2.4 - - [11/Jul/2022:05:24:16 -0500] "GET /BLA/boletinlegal/ HTTP/1.1" 200 57272
201.245.192.253 - - [11/Jul/2022:05:26:36 -0500] "POST /kwsrmcab/Wsrmcab  HTTP/1.1" 500 253
216.245.221.92 - - [11/Jul/2022:05:27:54 -0500] "HEAD / HTTP/1.1" 200 -
172.22.2.4 - - [11/Jul/2022:05:29:16 -0500] "HEAD /BLA/boletinlegal/ HTTP/1.1" 200 -
201.245.192.253 - - [11/Jul/2022:05:31:09 -0500] "POST /kwsrmcab/Wsrmcab HTTP/1.1" 500 253
201.245.192.253 - - [11/Jul/2022:05:31:09 -0500] "POST /kwsrmcab/Wsrmcab HTTP/1.1" 500 253
201.245.192.253 - - [11/Jul/2022:05:31:34 -0500] "POST /kwsrmcab/Wsrmcab  HTTP/1.1" 500 253
172.22.2.4 - - [11/Jul/2022:05:30:06 -0500] "GET /BLA/boletinlegal/ HTTP/1.1" 200 60410
216.245.221.92 - - [11/Jul/2022:05:32:53 -0500] "HEAD / HTTP/1.1" 200 -
172.22.2.4 - - [11/Jul/2022:05:34:32 -0500] "GET /BLA/boletinlegal/style.css HTTP/1.1" 200 9406
172.22.2.4 - - [11/Jul/2022:05:34:32 -0500] "GET /BLA/boletinlegal/styles2.css HTTP/1.1" 200 1838
172.22.2.4 - - [11/Jul/2022:05:34:33 -0500] "GET /BLA/boletinlegal/js/jquery.js HTTP/1.1" 200 57254
172.22.2.4 - - [11/Jul/2022:05:34:33 -0500] "GET /BLA/boletinlegal/js/jquery.scrollTo-min.js HTTP/1.1" 200 1150
172.22.2.4 - - [11/Jul/2022:05:34:33 -0500] "GET /BLA/boletinlegal/js/jquery.scrollShow.js HTTP/1.1" 200 4586
172.22.2.4 - - [11/Jul/2022:05:34:33 -0500] "GET /BLA/boletinlegal/images/cabezote%20BLEGAL.jpg HTTP/1.1" 200 118164
172.22.2.4 - - [11/Jul/2022:05:34:33 -0500] "GET /BLA/boletinlegal/images/subscribe-icon-big.png HTTP/1.1" 200 47702
172.22.2.4 - - [11/Jul/2022:05:34:33 -0500] "GET /BLA/boletinlegal/images/historia.png HTTP/1.1" 200 52775
172.22.2.4 - - [11/Jul/2022:05:34:33 -0500] "GET /BLA/boletinlegal/images/registro-usuarios.png HTTP/1.1" 200 8106
172.22.2.4 - - [11/Jul/2022:05:34:34 -0500] "GET /BLA/boletinlegal/images/arr_l.jpg HTTP/1.1" 200 1979
172.22.2.4 - - [11/Jul/2022:05:34:34 -0500] "GET /BLA/boletinlegal/images/launch.jpg HTTP/1.1" 200 14577
172.22.2.4 - - [11/Jul/2022:05:34:34 -0500] "GET /BLA/boletinlegal/images/screen_1.png HTTP/1.1" 200 202547
172.22.2.4 - - [11/Jul/2022:05:34:34 -0500] "GET /BLA/boletinlegal/images/body_bg.jpg HTTP/1.1" 200 1601
172.22.2.4 - - [11/Jul/2022:05:34:34 -0500] "GET /BLA/boletinlegal/images/menu_lft.gif HTTP/1.1" 200 1713
172.22.2.4 - - [11/Jul/2022:05:34:34 -0500] "GET /BLA/boletinlegal/images/menu_rght.gif HTTP/1.1" 200 1627
172.22.2.4 - - [11/Jul/2022:05:34:35 -0500] "GET /BLA/boletinlegal/images/bg_top.jpg HTTP/1.1" 200 522
172.22.2.4 - - [11/Jul/2022:05:34:35 -0500] "GET /BLA/boletinlegal/images/menu_bg.jpg HTTP/1.1" 200 620
172.22.2.4 - - [11/Jul/2022:05:34:35 -0500] "GET /BLA/boletinlegal/images/text.jpg HTTP/1.1" 200 568
172.22.2.4 - - [11/Jul/2022:05:34:35 -0500] "GET /BLA/boletinlegal/images/hover.jpg HTTP/1.1" 200 640
172.22.2.4 - - [11/Jul/2022:05:34:39 -0500] "GET /BLA/boletinlegal/images/screen_3.png HTTP/1.1" 200 210620
172.22.2.4 - - [11/Jul/2022:05:34:39 -0500] "GET /BLA/boletinlegal/images/screen_5.png HTTP/1.1" 200 368876
172.22.2.4 - - [11/Jul/2022:05:34:39 -0500] "GET /BLA/boletinlegal/images/screen_2.png HTTP/1.1" 200 362502
172.22.2.4 - - [11/Jul/2022:05:34:40 -0500] "GET /BLA/boletinlegal/images/arr_r.jpg HTTP/1.1" 200 1998
172.22.2.4 - - [11/Jul/2022:05:34:45 -0500] "GET /BLA/boletinlegal/images/footer_bg.jpg HTTP/1.1" 200 586
172.22.2.4 - - [11/Jul/2022:05:34:47 -0500] "GET /BLA/boletinlegal/images/pdf.gif HTTP/1.1" 200 567
172.22.2.4 - - [11/Jul/2022:05:35:45 -0500] "GET /BLA/boletinlegal/images/background.gif HTTP/1.1" 200 -
172.22.2.4 - - [11/Jul/2022:05:34:32 -0500] "GET /BLA/boletinlegal/ HTTP/1.1" 200 58122
172.22.2.4 - - [11/Jul/2022:05:36:12 -0500] "GET /BLA/boletinlegal/favicon.ico HTTP/1.1" 404 1308
201.245.192.253 - - [11/Jul/2022:05:36:33 -0500] "POST /kwsrmcab/Wsrmcab  HTTP/1.1" 500 253
172.22.2.4 - - [11/Jul/2022:05:35:06 -0500] "HEAD /BLA/boletinlegal/ HTTP/1.1" 200 -
172.22.2.4 - - [11/Jul/2022:05:35:56 -0500] "GET /BLA/boletinlegal/ HTTP/1.1" 200 53903
216.245.221.92 - - [11/Jul/2022:05:37:54 -0500] "HEAD / HTTP/1.1" 200 -
31.13.103.15 - - [11/Jul/2022:05:39:11 -0500] "GET /en-el-dia-mundial-de-la-educacion-ambiental-bogota-condecora-a-docentes-lideres-artistas-organizaciones-y-empresas.html HTTP/1.1" 206 1075
172.22.2.4 - - [11/Jul/2022:05:37:54 -0500] "GET /BLA/boletinlegal/ HTTP/1.1" 200 55561
172.22.2.4 - - [11/Jul/2022:05:38:32 -0500] "GET /BLA/boletinlegal/ HTTP/1.1" 200 53903
172.22.2.4 - - [11/Jul/2022:05:39:01 -0500] "GET /BLA/boletinlegal/ HTTP/1.1" 200 54359
201.245.192.253 - - [11/Jul/2022:05:41:09 -0500] "POST /kwsrmcab/Wsrmcab HTTP/1.1" 500 253
201.245.192.253 - - [11/Jul/2022:05:41:09 -0500] "POST /kwsrmcab/Wsrmcab HTTP/1.1" 500 253
201.245.192.253 - - [11/Jul/2022:05:41:33 -0500] "POST /kwsrmcab/Wsrmcab  HTTP/1.1" 500 253
172.22.2.4 - - [11/Jul/2022:05:40:05 -0500] "GET /BLA/boletinlegal/ HTTP/1.1" 200 56911
172.22.2.4 - - [11/Jul/2022:05:40:56 -0500] "HEAD /BLA/boletinlegal/ HTTP/1.1" 200 -
216.245.221.92 - - [11/Jul/2022:05:42:53 -0500] "HEAD / HTTP/1.1" 200 -
172.22.2.4 - - [11/Jul/2022:05:41:46 -0500] "GET /BLA/boletinlegal/ HTTP/1.1" 200 53903
172.22.2.4 - - [11/Jul/2022:05:45:21 -0500] "GET /BLA/boletinlegal/Circulares/2022/DIRECTIVA%20No.%2000005%20DEL%2030%20DE%20JUNIO%20DEL%202022.pdf HTTP/1.1" 200 370015
201.245.192.253 - - [11/Jul/2022:05:46:31 -0500] "POST /kwsrmcab/Wsrmcab  HTTP/1.1" 500 253
216.245.221.92 - - [11/Jul/2022:05:47:53 -0500] "HEAD / HTTP/1.1" 200 -
172.22.2.4 - - [11/Jul/2022:05:46:46 -0500] "HEAD /BLA/boletinlegal/ HTTP/1.1" 200 -
172.22.2.4 - - [11/Jul/2022:05:47:02 -0500] "GET /BLA/boletinlegal/ HTTP/1.1" 200 50730
172.22.2.4 - - [11/Jul/2022:05:47:36 -0500] "GET /BLA/boletinlegal/ HTTP/1.1" 200 52424
201.245.192.253 - - [11/Jul/2022:05:51:30 -0500] "POST /kwsrmcab/Wsrmcab  HTTP/1.1" 500 253
65.154.226.220 - - [11/Jul/2022:05:52:37 -0500] "GET /portaldeninos/wp-includes/js/wp-emoji-release.min.js?ver=4.9.8 HTTP/1.1" 200 12026
65.154.226.220 - - [11/Jul/2022:05:52:42 -0500] "GET /portaldeninos/wp-content/plugins/google-analytics-for-wordpress/assets/js/frontend-gtag.min.js?ver=8.5.0 HTTP/1.1" 200 11801
65.154.226.220 - - [11/Jul/2022:05:52:42 -0500] "GET /portaldeninos/wp-includes/js/jquery/jquery.js?ver=1.12.4 HTTP/1.1" 200 97184
65.154.226.220 - - [11/Jul/2022:05:52:45 -0500] "GET /portaldeninos/wp-includes/js/jquery/jquery-migrate.min.js?ver=1.4.1 HTTP/1.1" 200 10056
65.154.226.220 - - [11/Jul/2022:05:52:45 -0500] "GET /portaldeninos/wp-includes/js/jquery/ui/core.min.js?ver=1.11.4 HTTP/1.1" 200 4000
65.154.226.220 - - [11/Jul/2022:05:52:45 -0500] "GET /portaldeninos/wp-content/plugins/gallery-videos/JS/modernizr.custom.js?ver=4.9.8 HTTP/1.1" 200 9019
65.154.226.220 - - [11/Jul/2022:05:52:45 -0500] "GET /portaldeninos/wp-content/plugins/gallery-videos/JS/Total-Soft-Gallery-Video-Widget.js?ver=4.9.8 HTTP/1.1" 200 80264
65.154.226.220 - - [11/Jul/2022:05:52:47 -0500] "GET /portaldeninos/wp-includes/js/jquery/ui/widget.min.js?ver=1.11.4 HTTP/1.1" 200 6908
65.154.226.220 - - [11/Jul/2022:05:52:47 -0500] "GET /portaldeninos/wp-includes/js/jquery/ui/mouse.min.js?ver=1.11.4 HTTP/1.1" 200 3148
65.154.226.220 - - [11/Jul/2022:05:52:47 -0500] "GET /portaldeninos/wp-includes/js/jquery/ui/sortable.min.js?ver=1.11.4 HTTP/1.1" 200 24899
65.154.226.220 - - [11/Jul/2022:05:52:47 -0500] "GET /portaldeninos/wp-includes/js/jquery/ui/tabs.min.js?ver=1.11.4 HTTP/1.1" 200 12110
65.154.226.220 - - [11/Jul/2022:05:52:48 -0500] "GET /portaldeninos/wp-includes/js/jquery/ui/accordion.min.js?ver=1.11.4 HTTP/1.1" 200 8584
65.154.226.220 - - [11/Jul/2022:05:52:48 -0500] "GET /portaldeninos/wp-content/themes/betheme/js/plugins.js?ver=20.9.6 HTTP/1.1" 200 197151
65.154.226.220 - - [11/Jul/2022:05:52:50 -0500] "GET /portaldeninos/wp-content/themes/betheme/js/menu.js?ver=20.9.6 HTTP/1.1" 200 2449
65.154.226.220 - - [11/Jul/2022:05:52:51 -0500] "GET /portaldeninos/wp-content/themes/betheme/assets/animations/animations.min.js?ver=20.9.6 HTTP/1.1" 200 1896
65.154.226.220 - - [11/Jul/2022:05:52:51 -0500] "GET /portaldeninos/wp-content/themes/betheme/assets/jplayer/jplayer.min.js?ver=20.9.6 HTTP/1.1" 200 52702
65.154.226.220 - - [11/Jul/2022:05:52:51 -0500] "GET /portaldeninos/wp-content/themes/betheme/js/scripts.js?ver=20.9.6 HTTP/1.1" 200 77162
65.154.226.220 - - [11/Jul/2022:05:52:52 -0500] "GET /portaldeninos/wp-includes/js/wp-embed.min.js?ver=4.9.8 HTTP/1.1" 200 1398
216.245.221.92 - - [11/Jul/2022:05:52:53 -0500] "HEAD / HTTP/1.1" 200 -
65.154.226.166 - - [11/Jul/2022:05:54:12 -0500] "GET /portaldeninos/wp-content/uploads/useanyfont/uaf.css?ver=1589905315 HTTP/1.1" 200 408
65.154.226.166 - - [11/Jul/2022:05:54:12 -0500] "GET /portaldeninos/wp-content/themes/betheme/style.css?ver=20.9.6 HTTP/1.1" 200 287
65.154.226.166 - - [11/Jul/2022:05:54:12 -0500] "GET /portaldeninos/wp-content/plugins/gallery-videos/CSS/totalsoft.css?ver=4.9.8 HTTP/1.1" 200 40622
65.154.226.166 - - [11/Jul/2022:05:54:12 -0500] "GET /portaldeninos/wp-content/plugins/gallery-videos/CSS/Total-Soft-Gallery-Video-Widget.css?ver=4.9.8 HTTP/1.1" 200 51554
65.154.226.166 - - [11/Jul/2022:05:54:12 -0500] "GET /portaldeninos/wp-content/themes/betheme/css/base.css?ver=20.9.6 HTTP/1.1" 200 57283
65.154.226.166 - - [11/Jul/2022:05:54:12 -0500] "GET /portaldeninos/wp-content/themes/betheme/assets/animations/animations.min.css?ver=20.9.6 HTTP/1.1" 200 58508
65.154.226.166 - - [11/Jul/2022:05:54:13 -0500] "GET /portaldeninos/wp-content/themes/betheme/assets/ui/jquery.ui.all.css?ver=20.9.6 HTTP/1.1" 200 18765
65.154.226.166 - - [11/Jul/2022:05:54:13 -0500] "GET /portaldeninos/wp-content/themes/betheme/assets/jplayer/css/jplayer.blue.monday.css?ver=20.9.6 HTTP/1.1" 200 9834
65.154.226.166 - - [11/Jul/2022:05:54:12 -0500] "GET /portaldeninos/wp-content/themes/betheme/css/layout.css?ver=20.9.6 HTTP/1.1" 200 116639
65.154.226.166 - - [11/Jul/2022:05:54:13 -0500] "GET /portaldeninos/wp-includes/js/jquery/jquery-migrate.min.js?ver=1.4.1 HTTP/1.1" 200 10056
65.154.226.166 - - [11/Jul/2022:05:54:12 -0500] "GET /portaldeninos/wp-content/themes/betheme/css/shortcodes.css?ver=20.9.6 HTTP/1.1" 200 138889
65.154.226.166 - - [11/Jul/2022:05:54:13 -0500] "GET /portaldeninos/wp-content/themes/betheme/css/responsive.css?ver=20.9.6 HTTP/1.1" 200 55740
65.154.226.166 - - [11/Jul/2022:05:54:14 -0500] "GET /portaldeninos/wp-includes/js/jquery/ui/core.min.js?ver=1.11.4 HTTP/1.1" 200 4000
65.154.226.166 - - [11/Jul/2022:05:54:13 -0500] "GET /portaldeninos/wp-content/plugins/google-analytics-for-wordpress/assets/js/frontend-gtag.min.js?ver=8.5.0 HTTP/1.1" 200 11801
65.154.226.166 - - [11/Jul/2022:05:54:14 -0500] "GET /portaldeninos/wp-content/plugins/gallery-videos/JS/modernizr.custom.js?ver=4.9.8 HTTP/1.1" 200 9019
65.154.226.166 - - [11/Jul/2022:05:54:14 -0500] "GET /portaldeninos/wp-includes/js/jquery/ui/mouse.min.js?ver=1.11.4 HTTP/1.1" 200 3148
65.154.226.166 - - [11/Jul/2022:05:54:14 -0500] "GET /portaldeninos/wp-includes/js/jquery/ui/widget.min.js?ver=1.11.4 HTTP/1.1" 200 6908
65.154.226.166 - - [11/Jul/2022:05:54:13 -0500] "GET /portaldeninos/wp-includes/js/jquery/jquery.js?ver=1.12.4 HTTP/1.1" 200 97184
65.154.226.166 - - [11/Jul/2022:05:54:14 -0500] "GET /portaldeninos/wp-includes/js/jquery/ui/accordion.min.js?ver=1.11.4 HTTP/1.1" 200 8584
65.154.226.166 - - [11/Jul/2022:05:54:14 -0500] "GET /portaldeninos/wp-includes/js/jquery/ui/tabs.min.js?ver=1.11.4 HTTP/1.1" 200 12110
65.154.226.166 - - [11/Jul/2022:05:54:14 -0500] "GET /portaldeninos/wp-content/plugins/gallery-videos/JS/Total-Soft-Gallery-Video-Widget.js?ver=4.9.8 HTTP/1.1" 200 80264
65.154.226.166 - - [11/Jul/2022:05:54:14 -0500] "GET /portaldeninos/wp-content/themes/betheme/assets/animations/animations.min.js?ver=20.9.6 HTTP/1.1" 200 1896
65.154.226.166 - - [11/Jul/2022:05:54:14 -0500] "GET /portaldeninos/wp-content/themes/betheme/js/menu.js?ver=20.9.6 HTTP/1.1" 200 2449
65.154.226.166 - - [11/Jul/2022:05:54:14 -0500] "GET /portaldeninos/wp-includes/js/jquery/ui/sortable.min.js?ver=1.11.4 HTTP/1.1" 200 24899
65.154.226.166 - - [11/Jul/2022:05:54:14 -0500] "GET /portaldeninos/wp-includes/js/wp-embed.min.js?ver=4.9.8 HTTP/1.1" 200 1398
65.154.226.166 - - [11/Jul/2022:05:54:14 -0500] "GET /portaldeninos/wp-content/themes/betheme/images/box_shadow.png HTTP/1.1" 200 108
65.154.226.166 - - [11/Jul/2022:05:54:14 -0500] "GET /portaldeninos/wp-includes/js/wp-emoji-release.min.js?ver=4.9.8 HTTP/1.1" 200 12026
65.154.226.166 - - [11/Jul/2022:05:54:14 -0500] "GET /portaldeninos/wp-content/themes/betheme/assets/jplayer/jplayer.min.js?ver=20.9.6 HTTP/1.1" 200 52702
65.154.226.166 - - [11/Jul/2022:05:54:14 -0500] "GET /portaldeninos/wp-content/themes/betheme/js/plugins.js?ver=20.9.6 HTTP/1.1" 200 197151
65.154.226.166 - - [11/Jul/2022:05:54:14 -0500] "GET /portaldeninos/wp-content/themes/betheme/js/scripts.js?ver=20.9.6 HTTP/1.1" 200 77162
172.22.2.4 - - [11/Jul/2022:05:52:36 -0500] "HEAD /BLA/boletinlegal/ HTTP/1.1" 200 -
65.154.226.166 - - [11/Jul/2022:05:54:15 -0500] "GET /portaldeninos/wp-content/themes/betheme/fonts/mfn-icons.woff?93978679 HTTP/1.1" 200 14626
65.154.226.166 - - [11/Jul/2022:05:54:20 -0500] "GET /portaldeninos/wp-content/themes/betheme/fonts/mfn-icons.ttf?93978679 HTTP/1.1" 200 88352
172.22.2.4 - - [11/Jul/2022:05:53:26 -0500] "GET /BLA/boletinlegal/ HTTP/1.1" 200 58491
201.245.192.253 - - [11/Jul/2022:05:56:30 -0500] "POST /kwsrmcab/Wsrmcab  HTTP/1.1" 500 253
173.252.107.23 - - [11/Jul/2022:05:56:30 -0500] "GET /caminos-de-los-cerros-espacios-naturales-seguros-para-cuidar-la-salud-fisica-y-mental-de-los-ciudadanos.html HTTP/1.1" 206 1139
40.77.167.66 - - [11/Jul/2022:05:55:54 -0500] "GET /BLA/boletinlegal/ HTTP/1.1" 200 63238
216.245.221.92 - - [11/Jul/2022:05:57:53 -0500] "HEAD / HTTP/1.1" 200 -
172.22.2.4 - - [11/Jul/2022:05:58:26 -0500] "HEAD /BLA/boletinlegal/ HTTP/1.1" 200 -
172.22.2.4 - - [11/Jul/2022:05:59:16 -0500] "GET /BLA/boletinlegal/ HTTP/1.1" 200 58491
190.27.59.46 - - [11/Jul/2022:06:01:24 -0500] "GET /BLA/resoluciones/ HTTP/1.1" 200 13093
201.245.192.253 - - [11/Jul/2022:06:01:28 -0500] "POST /kwsrmcab/Wsrmcab  HTTP/1.1" 500 253
35.204.36.241 - - [11/Jul/2022:06:02:20 -0500] "GET / HTTP/1.1" 200 319
216.245.221.92 - - [11/Jul/2022:06:02:53 -0500] "HEAD / HTTP/1.1" 200 -
172.22.2.4 - - [11/Jul/2022:06:03:31 -0500] "GET /BLA/boletinlegal/apple-touch-icon-precomposed.png HTTP/1.1" 404 1140
172.22.2.4 - - [11/Jul/2022:06:03:31 -0500] "GET /BLA/boletinlegal/apple-touch-icon.png HTTP/1.1" 404 1140
172.22.2.4 - - [11/Jul/2022:06:03:31 -0500] "GET /BLA/boletinlegal/favicon.ico HTTP/1.1" 404 1140
172.22.2.4 - - [11/Jul/2022:06:03:01 -0500] "GET /BLA/boletinlegal/ HTTP/1.1" 200 49099
172.22.2.4 - - [11/Jul/2022:06:04:16 -0500] "HEAD /BLA/boletinlegal/ HTTP/1.1" 200 -
201.245.192.253 - - [11/Jul/2022:06:06:27 -0500] "POST /kwsrmcab/Wsrmcab  HTTP/1.1" 500 253
172.22.2.4 - - [11/Jul/2022:06:05:06 -0500] "GET /BLA/boletinlegal/ HTTP/1.1" 200 57699
34.72.176.129 - - [11/Jul/2022:06:07:18 -0500] "GET /portaldeninos/wp-content/uploads/useanyfont/uaf.css?ver=1589905315 HTTP/1.1" 200 408
34.72.176.129 - - [11/Jul/2022:06:07:18 -0500] "GET /portaldeninos/wp-content/themes/betheme/style.css?ver=20.9.6 HTTP/1.1" 200 287
34.72.176.129 - - [11/Jul/2022:06:07:19 -0500] "GET /portaldeninos/wp-content/themes/betheme/assets/animations/animations.min.css?ver=20.9.6 HTTP/1.1" 200 58508
34.123.170.104 - - [11/Jul/2022:06:07:18 -0500] "GET /portaldeninos/wp-content/themes/betheme/css/base.css?ver=20.9.6 HTTP/1.1" 200 57283
34.123.170.104 - - [11/Jul/2022:06:07:18 -0500] "GET /portaldeninos/wp-content/plugins/gallery-videos/CSS/Total-Soft-Gallery-Video-Widget.css?ver=4.9.8 HTTP/1.1" 200 51554
34.123.170.104 - - [11/Jul/2022:06:07:18 -0500] "GET /portaldeninos/wp-content/plugins/gallery-videos/CSS/totalsoft.css?ver=4.9.8 HTTP/1.1" 200 40622
34.72.176.129 - - [11/Jul/2022:06:07:20 -0500] "GET /portaldeninos/wp-content/themes/betheme/assets/ui/jquery.ui.all.css?ver=20.9.6 HTTP/1.1" 200 18765
34.72.176.129 - - [11/Jul/2022:06:07:19 -0500] "GET /portaldeninos/wp-content/themes/betheme/css/shortcodes.css?ver=20.9.6 HTTP/1.1" 200 138889
34.72.176.129 - - [11/Jul/2022:06:07:20 -0500] "GET /portaldeninos/wp-content/themes/betheme/assets/jplayer/css/jplayer.blue.monday.css?ver=20.9.6 HTTP/1.1" 200 9834
34.72.176.129 - - [11/Jul/2022:06:07:20 -0500] "GET /portaldeninos/wp-content/plugins/google-analytics-for-wordpress/assets/js/frontend-gtag.min.js?ver=8.5.0 HTTP/1.1" 200 11801
34.123.170.104 - - [11/Jul/2022:06:07:20 -0500] "GET /portaldeninos/wp-includes/js/jquery/jquery-migrate.min.js?ver=1.4.1 HTTP/1.1" 200 10056
34.72.176.129 - - [11/Jul/2022:06:07:20 -0500] "GET /portaldeninos/wp-includes/js/jquery/ui/core.min.js?ver=1.11.4 HTTP/1.1" 200 4000
34.123.170.104 - - [11/Jul/2022:06:07:20 -0500] "GET /portaldeninos/wp-content/themes/betheme/css/responsive.css?ver=20.9.6 HTTP/1.1" 200 55740
34.72.176.129 - - [11/Jul/2022:06:07:20 -0500] "GET /portaldeninos/wp-content/plugins/gallery-videos/JS/modernizr.custom.js?ver=4.9.8 HTTP/1.1" 200 9019
34.72.176.129 - - [11/Jul/2022:06:07:20 -0500] "GET /portaldeninos/wp-includes/js/jquery/ui/widget.min.js?ver=1.11.4 HTTP/1.1" 200 6908
34.72.176.129 - - [11/Jul/2022:06:07:20 -0500] "GET /portaldeninos/wp-includes/js/jquery/ui/mouse.min.js?ver=1.11.4 HTTP/1.1" 200 3148
34.122.147.229 - - [11/Jul/2022:06:07:18 -0500] "GET /portaldeninos/wp-content/themes/betheme/css/layout.css?ver=20.9.6 HTTP/1.1" 200 116639
34.123.170.104 - - [11/Jul/2022:06:07:20 -0500] "GET /portaldeninos/wp-content/plugins/gallery-videos/JS/Total-Soft-Gallery-Video-Widget.js?ver=4.9.8 HTTP/1.1" 200 80264
34.123.170.104 - - [11/Jul/2022:06:07:20 -0500] "GET /portaldeninos/wp-includes/js/jquery/ui/accordion.min.js?ver=1.11.4 HTTP/1.1" 200 8584
34.72.176.129 - - [11/Jul/2022:06:07:20 -0500] "GET /portaldeninos/wp-includes/js/jquery/ui/tabs.min.js?ver=1.11.4 HTTP/1.1" 200 12110
34.72.176.129 - - [11/Jul/2022:06:07:20 -0500] "GET /portaldeninos/wp-includes/js/jquery/ui/sortable.min.js?ver=1.11.4 HTTP/1.1" 200 24899
34.123.170.104 - - [11/Jul/2022:06:07:21 -0500] "GET /portaldeninos/wp-content/themes/betheme/js/menu.js?ver=20.9.6 HTTP/1.1" 200 2449
34.72.176.129 - - [11/Jul/2022:06:07:21 -0500] "GET /portaldeninos/wp-content/themes/betheme/assets/animations/animations.min.js?ver=20.9.6 HTTP/1.1" 200 1896
34.123.170.104 - - [11/Jul/2022:06:07:20 -0500] "GET /portaldeninos/wp-includes/js/jquery/jquery.js?ver=1.12.4 HTTP/1.1" 200 97184
34.72.176.129 - - [11/Jul/2022:06:07:21 -0500] "GET /portaldeninos/wp-includes/js/wp-embed.min.js?ver=4.9.8 HTTP/1.1" 200 1398
34.72.176.129 - - [11/Jul/2022:06:07:21 -0500] "GET /portaldeninos/wp-content/themes/betheme/assets/jplayer/jplayer.min.js?ver=20.9.6 HTTP/1.1" 200 52702
34.123.170.104 - - [11/Jul/2022:06:07:21 -0500] "GET /portaldeninos/wp-content/themes/betheme/js/scripts.js?ver=20.9.6 HTTP/1.1" 200 77162
34.123.170.104 - - [11/Jul/2022:06:07:21 -0500] "GET /portaldeninos/wp-content/themes/betheme/images/box_shadow.png HTTP/1.1" 200 108
34.72.176.129 - - [11/Jul/2022:06:07:21 -0500] "GET /portaldeninos/wp-includes/js/wp-emoji-release.min.js?ver=4.9.8 HTTP/1.1" 200 12026
34.122.147.229 - - [11/Jul/2022:06:07:21 -0500] "GET /portaldeninos/wp-content/themes/betheme/js/plugins.js?ver=20.9.6 HTTP/1.1" 200 197151
34.72.176.129 - - [11/Jul/2022:06:07:21 -0500] "GET /portaldeninos/wp-content/themes/betheme/fonts/mfn-icons.woff?93978679 HTTP/1.1" 200 80932
104.197.69.115 - - [11/Jul/2022:06:07:21 -0500] "GET /portaldeninos/wp-content/themes/betheme/fonts/mfn-icons.ttf?93978679 HTTP/1.1" 200 28513
172.22.2.4 - - [11/Jul/2022:06:07:30 -0500] "POST /BLA/boletinlegal/vendor/phpunit/phpunit/src/Util/PHP/eval-stdin.php HTTP/1.1" 404 1018
216.245.221.92 - - [11/Jul/2022:06:07:53 -0500] "HEAD / HTTP/1.1" 200 -
13.66.139.12 - - [11/Jul/2022:06:09:08 -0500] "GET /BLA/resoluciones/AUTOS%202021/4137.pdf HTTP/1.1" 200 350234
201.245.192.253 - - [11/Jul/2022:06:11:26 -0500] "POST /kwsrmcab/Wsrmcab  HTTP/1.1" 500 253
172.22.2.4 - - [11/Jul/2022:06:10:05 -0500] "HEAD /BLA/boletinlegal/ HTTP/1.1" 200 -
172.22.2.4 - - [11/Jul/2022:06:10:56 -0500] "GET /BLA/boletinlegal/ HTTP/1.1" 200 60992
216.245.221.92 - - [11/Jul/2022:06:12:53 -0500] "HEAD / HTTP/1.1" 200 -
201.245.192.253 - - [11/Jul/2022:06:16:25 -0500] "POST /kwsrmcab/Wsrmcab  HTTP/1.1" 500 253
172.22.2.4 - - [11/Jul/2022:06:15:56 -0500] "HEAD /BLA/boletinlegal/ HTTP/1.1" 200 -
216.245.221.92 - - [11/Jul/2022:06:17:53 -0500] "HEAD / HTTP/1.1" 200 -
172.22.2.4 - - [11/Jul/2022:06:16:46 -0500] "GET /BLA/boletinlegal/ HTTP/1.1" 200 58866
201.245.192.253 - - [11/Jul/2022:06:21:10 -0500] "POST /kwsrmcab/Wsrmcab HTTP/1.1" 500 253
201.245.192.253 - - [11/Jul/2022:06:21:10 -0500] "POST /kwsrmcab/Wsrmcab HTTP/1.1" 500 253
201.245.192.253 - - [11/Jul/2022:06:21:24 -0500] "POST /kwsrmcab/Wsrmcab  HTTP/1.1" 500 253
172.22.2.4 - - [11/Jul/2022:06:22:13 -0500] "GET /BLA/boletinlegal/actos.php HTTP/1.1" 200 9559
172.22.2.4 - - [11/Jul/2022:06:22:13 -0500] "GET /BLA/boletinlegal/favicon.ico HTTP/1.1" 404 1326
172.22.2.4 - - [11/Jul/2022:06:22:23 -0500] "GET /BLA/boletinlegal/consulta_actos.php?tipo=resoluciones&no=0070&usuario=&sector=&fecha=2022&resuelve= HTTP/1.1" 200 626
172.22.2.4 - - [11/Jul/2022:06:22:26 -0500] "GET /BLA/boletinlegal/consulta_actos.php?tipo=resoluciones&no=0703&usuario=&sector=&fecha=2022&resuelve= HTTP/1.1" 200 626
172.22.2.4 - - [11/Jul/2022:06:22:32 -0500] "GET /BLA/boletinlegal/consulta_actos.php?tipo=resoluciones&no=0703&usuario=&sector=&fecha=2022&resuelve= HTTP/1.1" 200 626
172.22.2.4 - - [11/Jul/2022:06:22:33 -0500] "GET /BLA/boletinlegal/consulta_actos.php?tipo=resoluciones&no=0703&usuario=&sector=&fecha=2022&resuelve= HTTP/1.1" 200 626
172.22.2.4 - - [11/Jul/2022:06:22:35 -0500] "GET /BLA/boletinlegal/consulta_actos.php?tipo=resoluciones&no=0703&usuario=&sector=&fecha=2022&resuelve= HTTP/1.1" 200 626
172.22.2.4 - - [11/Jul/2022:06:22:36 -0500] "GET /BLA/boletinlegal/consulta_actos.php?tipo=resoluciones&no=0703&usuario=&sector=&fecha=2022&resuelve= HTTP/1.1" 200 626
172.22.2.4 - - [11/Jul/2022:06:22:48 -0500] "GET /BLA/boletinlegal/consulta_actos.php?tipo=autos&no=2395&usuario=&sector=&fecha=2022&resuelve= HTTP/1.1" 200 626
172.22.2.4 - - [11/Jul/2022:06:22:49 -0500] "GET /BLA/boletinlegal/consulta_actos.php?tipo=autos&no=2395&usuario=&sector=&fecha=2022&resuelve= HTTP/1.1" 200 626
216.245.221.92 - - [11/Jul/2022:06:22:53 -0500] "HEAD / HTTP/1.1" 200 -
172.22.2.4 - - [11/Jul/2022:06:22:55 -0500] "GET /BLA/boletinlegal/consulta_actos.php?tipo=autos&no=2963&usuario=&sector=&fecha=2022&resuelve= HTTP/1.1" 200 626
172.22.2.4 - - [11/Jul/2022:06:23:02 -0500] "GET /BLA/boletinlegal/consulta_actos.php?tipo=autos&no=2968&usuario=&sector=&fecha=2022&resuelve= HTTP/1.1" 200 626
172.22.2.4 - - [11/Jul/2022:06:23:04 -0500] "GET /BLA/boletinlegal/consulta_actos.php?tipo=autos&no=2968&usuario=&sector=&fecha=2022&resuelve= HTTP/1.1" 200 626
172.22.2.4 - - [11/Jul/2022:06:21:31 -0500] "GET /BLA/boletinlegal/ HTTP/1.1" 200 53903
172.22.2.4 - - [11/Jul/2022:06:23:22 -0500] "GET /BLA/boletinlegal/consulta_actos.php?tipo=autos&no=3025&usuario=&sector=&fecha=2022&resuelve= HTTP/1.1" 200 626
172.22.2.4 - - [11/Jul/2022:06:23:22 -0500] "GET /BLA/boletinlegal/consulta_actos.php?tipo=autos&no=3025&usuario=&sector=&fecha=2022&resuelve= HTTP/1.1" 200 626
172.22.2.4 - - [11/Jul/2022:06:23:22 -0500] "GET /BLA/boletinlegal/consulta_actos.php?tipo=autos&no=3025&usuario=&sector=&fecha=2022&resuelve= HTTP/1.1" 200 626
172.22.2.4 - - [11/Jul/2022:06:21:46 -0500] "HEAD /BLA/boletinlegal/ HTTP/1.1" 200 -
172.22.2.4 - - [11/Jul/2022:06:23:29 -0500] "GET /BLA/boletinlegal/consulta_actos.php?tipo=autos&no=3029&usuario=&sector=&fecha=2022&resuelve= HTTP/1.1" 200 626
172.22.2.4 - - [11/Jul/2022:06:23:30 -0500] "GET /BLA/boletinlegal/consulta_actos.php?tipo=autos&no=3029&usuario=&sector=&fecha=2022&resuelve= HTTP/1.1" 200 626
172.22.2.4 - - [11/Jul/2022:06:23:30 -0500] "GET /BLA/boletinlegal/consulta_actos.php?tipo=autos&no=3029&usuario=&sector=&fecha=2022&resuelve= HTTP/1.1" 200 626
172.22.2.4 - - [11/Jul/2022:06:23:32 -0500] "GET /BLA/boletinlegal/consulta_actos.php?tipo=autos&no=3029&usuario=&sector=&fecha=2022&resuelve= HTTP/1.1" 200 626
172.22.2.4 - - [11/Jul/2022:06:23:33 -0500] "GET /BLA/boletinlegal/consulta_actos.php?tipo=autos&no=3029&usuario=&sector=&fecha=2022&resuelve= HTTP/1.1" 200 626
172.22.2.4 - - [11/Jul/2022:06:23:39 -0500] "GET /BLA/boletinlegal/consulta_actos.php?tipo=autos&no=2952&usuario=&sector=&fecha=2022&resuelve= HTTP/1.1" 200 626
172.22.2.4 - - [11/Jul/2022:06:23:48 -0500] "GET /BLA/boletinlegal/consulta_actos.php?tipo=autos&no=2956&usuario=&sector=&fecha=2022&resuelve= HTTP/1.1" 200 626
172.22.2.4 - - [11/Jul/2022:06:23:54 -0500] "GET /BLA/boletinlegal/consulta_actos.php?tipo=autos&no=2994&usuario=&sector=&fecha=2022&resuelve= HTTP/1.1" 200 626
172.22.2.4 - - [11/Jul/2022:06:24:01 -0500] "GET /BLA/boletinlegal/consulta_actos.php?tipo=autos&no=3007&usuario=&sector=&fecha=2022&resuelve= HTTP/1.1" 200 626
172.22.2.4 - - [11/Jul/2022:06:24:06 -0500] "GET /BLA/boletinlegal/consulta_actos.php?tipo=autos&no=2949&usuario=&sector=&fecha=2022&resuelve= HTTP/1.1" 200 626
172.22.2.4 - - [11/Jul/2022:06:24:11 -0500] "GET /BLA/boletinlegal/consulta_actos.php?tipo=autos&no=2973&usuario=&sector=&fecha=2022&resuelve= HTTP/1.1" 200 626
172.22.2.4 - - [11/Jul/2022:06:22:36 -0500] "GET /BLA/boletinlegal/ HTTP/1.1" 200 54359
201.245.192.253 - - [11/Jul/2022:06:26:23 -0500] "POST /kwsrmcab/Wsrmcab  HTTP/1.1" 500 253
216.245.221.92 - - [11/Jul/2022:06:27:53 -0500] "HEAD / HTTP/1.1" 200 -
192.109.145.231 - - [11/Jul/2022:06:28:26 -0500] "GET /galeria/nivo-slider/demo/images/Otorgamiento-excelencia-ambiental-Jos%C3%A9-Celestino-Mutis-2.jpg HTTP/1.1" 304 -
172.22.2.4 - - [11/Jul/2022:06:27:36 -0500] "HEAD /BLA/boletinlegal/ HTTP/1.1" 200 -
172.22.2.4 - - [11/Jul/2022:06:28:26 -0500] "GET /BLA/boletinlegal/ HTTP/1.1" 200 57699
172.22.2.4 - - [11/Jul/2022:06:29:58 -0500] "GET /BLA/boletinlegal/ HTTP/1.1" 200 24523
201.245.192.253 - - [11/Jul/2022:06:31:10 -0500] "POST /kwsrmcab/Wsrmcab HTTP/1.1" 500 253
201.245.192.253 - - [11/Jul/2022:06:31:10 -0500] "POST /kwsrmcab/Wsrmcab HTTP/1.1" 500 253
201.245.192.253 - - [11/Jul/2022:06:31:22 -0500] "POST /kwsrmcab/Wsrmcab  HTTP/1.1" 500 253
173.252.107.117 - - [11/Jul/2022:06:31:23 -0500] "GET /en-esta-navidad-bogota-esta-mejorando-con-mas-espacios-verdes-para-el-disfrute-de-la-ciudadania.html HTTP/1.1" 206 1114
172.22.2.4 - - [11/Jul/2022:06:31:37 -0500] "GET /BLA/boletinlegal/ HTTP/1.1" 200 20427
157.55.39.133 - - [11/Jul/2022:06:32:46 -0500] "GET / HTTP/1.1" 200 4720
216.245.221.92 - - [11/Jul/2022:06:32:53 -0500] "HEAD / HTTP/1.1" 200 -
172.22.2.4 - - [11/Jul/2022:06:33:32 -0500] "GET /BLA/boletinlegal/consulta_actos.php?tipo=autos&no=3985&usuario=&sector=&fecha=2019&resuelve= HTTP/1.1" 200 626
172.22.2.4 - - [11/Jul/2022:06:33:32 -0500] "GET /BLA/boletinlegal/consulta_actos.php?tipo=autos&no=3985&usuario=&sector=&fecha=2019&resuelve= HTTP/1.1" 200 626
172.22.2.4 - - [11/Jul/2022:06:33:25 -0500] "HEAD /BLA/boletinlegal/ HTTP/1.1" 200 -
172.22.2.4 - - [11/Jul/2022:06:34:16 -0500] "GET /BLA/boletinlegal/ HTTP/1.1" 200 56279
201.245.192.253 - - [11/Jul/2022:06:36:21 -0500] "POST /kwsrmcab/Wsrmcab  HTTP/1.1" 500 253
216.245.221.92 - - [11/Jul/2022:06:37:53 -0500] "HEAD / HTTP/1.1" 200 -
172.22.2.4 - - [11/Jul/2022:06:39:15 -0500] "HEAD /BLA/boletinlegal/ HTTP/1.1" 200 -
201.245.192.253 - - [11/Jul/2022:06:41:10 -0500] "POST /kwsrmcab/Wsrmcab HTTP/1.1" 500 253
201.245.192.253 - - [11/Jul/2022:06:41:10 -0500] "POST /kwsrmcab/Wsrmcab HTTP/1.1" 500 253
201.245.192.253 - - [11/Jul/2022:06:41:19 -0500] "POST /kwsrmcab/Wsrmcab  HTTP/1.1" 500 253
172.22.2.4 - - [11/Jul/2022:06:40:06 -0500] "GET /BLA/boletinlegal/ HTTP/1.1" 200 59364
216.245.221.92 - - [11/Jul/2022:06:42:53 -0500] "HEAD / HTTP/1.1" 200 -
69.63.189.119 - - [11/Jul/2022:06:43:34 -0500] "GET /distrito-declara-alerta-ambiental-por-calidad-del-aire-y-apoyara-extincion-de-incendios-en-la-amazonia.html HTTP/1.1" 206 928
201.245.192.253 - - [11/Jul/2022:06:46:18 -0500] "POST /kwsrmcab/Wsrmcab  HTTP/1.1" 500 253
172.22.2.4 - - [11/Jul/2022:06:45:05 -0500] "HEAD /BLA/boletinlegal/ HTTP/1.1" 200 -
172.22.2.4 - - [11/Jul/2022:06:45:56 -0500] "GET /BLA/boletinlegal/ HTTP/1.1" 200 60992
216.245.221.92 - - [11/Jul/2022:06:47:53 -0500] "HEAD / HTTP/1.1" 200 -
201.245.192.253 - - [11/Jul/2022:06:51:17 -0500] "POST /kwsrmcab/Wsrmcab  HTTP/1.1" 500 253
172.22.2.4 - - [11/Jul/2022:06:50:55 -0500] "HEAD /BLA/boletinlegal/ HTTP/1.1" 200 -
216.245.221.92 - - [11/Jul/2022:06:52:53 -0500] "HEAD / HTTP/1.1" 200 -
172.22.2.4 - - [11/Jul/2022:06:51:46 -0500] "GET /BLA/boletinlegal/ HTTP/1.1" 200 50730
201.245.192.253 - - [11/Jul/2022:06:56:16 -0500] "POST /kwsrmcab/Wsrmcab  HTTP/1.1" 500 253
216.245.221.92 - - [11/Jul/2022:06:57:53 -0500] "HEAD / HTTP/1.1" 200 -
207.46.13.85 - - [11/Jul/2022:06:58:25 -0500] "GET / HTTP/1.1" 200 319
172.22.2.4 - - [11/Jul/2022:06:56:45 -0500] "HEAD /BLA/boletinlegal/ HTTP/1.1" 200 -
172.22.2.4 - - [11/Jul/2022:06:58:36 -0500] "GET /BLA/boletinlegal/actos.php HTTP/1.1" 200 9559
64.227.3.157 - - [11/Jul/2022:06:58:35 -0500] "GET /portaldeninos/ HTTP/1.1" 200 109662
172.22.2.4 - - [11/Jul/2022:06:57:36 -0500] "GET /BLA/boletinlegal/ HTTP/1.1" 200 56911
172.22.2.4 - - [11/Jul/2022:06:58:38 -0500] "GET /BLA/boletinlegal/ HTTP/1.1" 200 49099
186.102.16.208 - - [11/Jul/2022:07:00:10 -0500] "OPTIONS /kwssiamovil/sm/setfile/f? HTTP/1.1" 200 13
186.102.16.208 - - [11/Jul/2022:07:00:10 -0500] "POST /kwssiamovil/sm/setfile/f? HTTP/1.1" 200 381
186.102.16.208 - - [11/Jul/2022:07:00:24 -0500] "GET /kwssiamovil/sm/acme/a?s=U2FsdGVkX19d9sxokPf2AOv4FT9VNH5x3wBlQ3OXRFs5XP63n/Ag7Z6lSoUSRrYbvJ8pPsRuG8GlIbWtfNv4yTsU7i9skXqAmmAVrRJvLi7kiL2uaJIQJ8GDfTq8IYcQd7+apxyDGPhlh/GqFSNhJrhKdiLpRgUmWbidOmT6Whp3KQUMEq9KFWtPP2K3ra5NFHS0qvBZtGANpi299HcEQrOJlow9F8SlGCBZHAMz8SKZMw+ZYOSefEnLxGCqufJiZg51yfGGpHlfRFO2RzjTzQ==&u=U2FsdGVkX19sWVSHjHl9sAMktjoa+G2856TnaTn5v4U=&y=U2FsdGVkX18uDbDk9jFvsQsCJPTeI8XhqClFrILQU7A= HTTP/1.1" 200 25
