181.237.26.248 - - [11/Jul/2022:16:23:53 -0500] "GET /portaldeninos/wp-includes/js/jquery/ui/sortable.min.js?ver=1.11.4 HTTP/1.1" 200 24899
181.237.26.248 - - [11/Jul/2022:16:23:53 -0500] "GET /portaldeninos/wp-includes/js/jquery/ui/position.min.js?ver=1.11.4 HTTP/1.1" 200 6527
181.237.26.248 - - [11/Jul/2022:16:23:53 -0500] "GET /portaldeninos/wp-content/themes/betheme/assets/jplayer/jplayer.min.js?ver=20.9.6 HTTP/1.1" 200 52702
181.237.26.248 - - [11/Jul/2022:16:23:53 -0500] "GET /portaldeninos/wp-content/themes/betheme/js/scripts.js?ver=20.9.6 HTTP/1.1" 200 77162
181.237.26.248 - - [11/Jul/2022:16:23:53 -0500] "GET /portaldeninos/wp-content/themes/betheme/js/plugins.js?ver=20.9.6 HTTP/1.1" 200 197151
181.237.26.248 - - [11/Jul/2022:16:23:53 -0500] "GET /portaldeninos/wp-includes/js/wp-embed.min.js?ver=4.9.8 HTTP/1.1" 200 1398
181.237.26.248 - - [11/Jul/2022:16:23:53 -0500] "GET /portaldeninos/wp-content/plugins/popup-maker/assets/js/site.min.js?defer&ver=1.8.14 HTTP/1.1" 200 48457
181.237.26.248 - - [11/Jul/2022:16:23:53 -0500] "GET /portaldeninos/wp-content/uploads/2021/06/titulo-cabezote-ni%C3%B1os.png HTTP/1.1" 200 64425
181.237.26.248 - - [11/Jul/2022:16:23:54 -0500] "GET /portaldeninos/wp-content/uploads/2019/08/Logo-Ambientic.png HTTP/1.1" 200 22941
181.237.26.248 - - [11/Jul/2022:16:23:55 -0500] "GET /portaldeninos/wp-content/uploads/2021/06/titulo-miambiente-ni%C3%B1os.png HTTP/1.1" 200 11944
181.237.26.248 - - [11/Jul/2022:16:23:55 -0500] "GET /portaldeninos/wp-content/themes/betheme/fonts/mfn-icons.woff?93978679 HTTP/1.1" 200 80932
181.237.26.248 - - [11/Jul/2022:16:23:55 -0500] "GET /portaldeninos/wp-content/uploads/2018/10/oso.jpg HTTP/1.1" 200 305180
181.237.26.248 - - [11/Jul/2022:16:23:55 -0500] "GET /portaldeninos/wp-content/uploads/2020/01/Tierra-escenario.jpg HTTP/1.1" 200 181491
181.237.26.248 - - [11/Jul/2022:16:23:56 -0500] "GET /portaldeninos/wp-content/uploads/2021/06/titulo-videos-ni%C3%B1os.png HTTP/1.1" 200 10502
181.237.26.248 - - [11/Jul/2022:16:23:55 -0500] "GET /portaldeninos/wp-content/uploads/2020/01/Frailejon-escenario.jpg HTTP/1.1" 200 357472
181.237.26.248 - - [11/Jul/2022:16:23:56 -0500] "GET /portaldeninos/wp-content/uploads/2018/11/caneca.jpg HTTP/1.1" 200 262661
181.237.26.248 - - [11/Jul/2022:16:23:55 -0500] "GET /portaldeninos/wp-content/uploads/2018/11/tigrillo.jpg HTTP/1.1" 200 402961
181.237.26.248 - - [11/Jul/2022:16:23:56 -0500] "GET /portaldeninos/wp-content/uploads/2021/06/titulo-humedales-ni%C3%B1os.png HTTP/1.1" 200 13361
181.237.26.248 - - [11/Jul/2022:16:23:56 -0500] "GET /portaldeninos/wp-content/uploads/2020/05/fb.jpg HTTP/1.1" 200 9893
181.237.26.248 - - [11/Jul/2022:16:23:56 -0500] "GET /portaldeninos/wp-content/uploads/2022/03/humedal-capellania.jpg HTTP/1.1" 200 42159
181.237.26.248 - - [11/Jul/2022:16:23:56 -0500] "GET /portaldeninos/wp-content/uploads/2020/05/ig.jpg HTTP/1.1" 200 11470
181.237.26.248 - - [11/Jul/2022:16:23:56 -0500] "GET /portaldeninos/wp-content/uploads/2020/06/yt.jpg HTTP/1.1" 200 10577
181.237.26.248 - - [11/Jul/2022:16:23:56 -0500] "GET /portaldeninos/wp-content/uploads/2020/06/tw.jpg HTTP/1.1" 200 11056
181.237.26.248 - - [11/Jul/2022:16:23:56 -0500] "GET /portaldeninos/wp-includes/js/wp-emoji-release.min.js?ver=4.9.8 HTTP/1.1" 200 12026
181.237.26.248 - - [11/Jul/2022:16:23:56 -0500] "GET /portaldeninos/wp-content/themes/betheme/images/box_shadow.png HTTP/1.1" 200 108
181.237.26.248 - - [11/Jul/2022:16:23:56 -0500] "GET /portaldeninos/wp-content/uploads/2022/03/Mapa-humedales-2022.jpg HTTP/1.1" 200 894674
201.244.245.139 - - [11/Jul/2022:16:24:07 -0500] "POST /sipsepre/faces/presentacion/financiero/solicitudProceso/consultarSolicitudProceso.xhtml HTTP/1.1" 200 30721
201.244.245.139 - - [11/Jul/2022:16:24:07 -0500] "GET /sipsepre/faces/javax.faces.resource/theme.css?ln=primefaces-sipse HTTP/1.1" 304 -
201.244.245.139 - - [11/Jul/2022:16:24:07 -0500] "GET /sipsepre/faces/javax.faces.resource/primefaces.css?ln=primefaces&v=4.0 HTTP/1.1" 304 -
201.244.245.139 - - [11/Jul/2022:16:24:07 -0500] "GET /sipsepre/faces/javax.faces.resource/jquery/jquery-plugins.js?ln=primefaces&v=4.0 HTTP/1.1" 304 -
201.244.245.139 - - [11/Jul/2022:16:24:07 -0500] "GET /sipsepre/faces/javax.faces.resource/jquery/jquery.js?ln=primefaces&v=4.0 HTTP/1.1" 304 -
201.244.245.139 - - [11/Jul/2022:16:24:07 -0500] "GET /sipsepre/faces/javax.faces.resource/layout/layout.css?ln=primefaces&v=4.0 HTTP/1.1" 304 -
201.244.245.139 - - [11/Jul/2022:16:24:07 -0500] "GET /sipsepre/faces/javax.faces.resource/primefaces.js?ln=primefaces&v=4.0 HTTP/1.1" 304 -
201.244.245.139 - - [11/Jul/2022:16:24:07 -0500] "GET /sipsepre/faces/javax.faces.resource/layout/layout.js?ln=primefaces&v=4.0 HTTP/1.1" 304 -
201.244.245.139 - - [11/Jul/2022:16:24:07 -0500] "GET /sipsepre/faces/javax.faces.resource/images/ui-icons_898989_256x240.png?ln=primefaces-aristo HTTP/1.1" 304 -
181.237.26.248 - - [11/Jul/2022:16:23:56 -0500] "GET /portaldeninos/wp-content/uploads/2022/01/Conoce-lo-que-hace-la-Secretar%C3%ADa-de-Ambiente.mp4 HTTP/1.1" 206 6599959
35.204.244.210 - - [11/Jul/2022:16:24:08 -0500] "GET / HTTP/1.1" 200 319
181.237.26.248 - - [11/Jul/2022:16:24:08 -0500] "GET /portaldeninos/wp-json/pum/v1/analytics/?event=open&pid=1126&_cache=1657574760039 HTTP/1.1" 204 -
181.237.26.248 - - [11/Jul/2022:16:23:56 -0500] "GET /portaldeninos/wp-content/uploads/2019/06/CabezoteAMBIENTIC.mp4 HTTP/1.1" 206 17366766
172.22.2.4 - - [11/Jul/2022:16:22:34 -0500] "HEAD /BLA/boletinlegal/ HTTP/1.1" 200 -
201.244.245.139 - - [11/Jul/2022:16:24:16 -0500] "POST /sipsepre/faces/presentacion/financiero/solicitudProceso/consultarHistorialSolProceso.xhtml HTTP/1.1" 200 168129
201.244.245.139 - - [11/Jul/2022:16:24:17 -0500] "GET /sipsepre/faces/javax.faces.resource/theme.css?ln=primefaces-sipse HTTP/1.1" 304 -
201.244.245.139 - - [11/Jul/2022:16:24:17 -0500] "GET /sipsepre/faces/javax.faces.resource/primefaces.css?ln=primefaces&v=4.0 HTTP/1.1" 304 -
201.244.245.139 - - [11/Jul/2022:16:24:17 -0500] "GET /sipsepre/faces/javax.faces.resource/layout/layout.css?ln=primefaces&v=4.0 HTTP/1.1" 304 -
201.244.245.139 - - [11/Jul/2022:16:24:17 -0500] "GET /sipsepre/faces/javax.faces.resource/jquery/jquery-plugins.js?ln=primefaces&v=4.0 HTTP/1.1" 304 -
201.244.245.139 - - [11/Jul/2022:16:24:17 -0500] "GET /sipsepre/faces/javax.faces.resource/jquery/jquery.js?ln=primefaces&v=4.0 HTTP/1.1" 304 -
201.244.245.139 - - [11/Jul/2022:16:24:17 -0500] "GET /sipsepre/faces/javax.faces.resource/primefaces.js?ln=primefaces&v=4.0 HTTP/1.1" 304 -
201.244.245.139 - - [11/Jul/2022:16:24:17 -0500] "GET /sipsepre/faces/javax.faces.resource/layout/layout.js?ln=primefaces&v=4.0 HTTP/1.1" 304 -
201.244.245.139 - - [11/Jul/2022:16:24:17 -0500] "GET /sipsepre/faces/javax.faces.resource/images/ui-icons_898989_256x240.png?ln=primefaces-aristo HTTP/1.1" 304 -
172.22.2.4 - - [11/Jul/2022:16:24:35 -0500] "POST /BLA/boletinlegal/admin/actos/ingresar.php HTTP/1.1" 200 7236
186.155.49.169 - - [11/Jul/2022:16:24:51 -0500] "GET /BLA/resoluciones/RESOLUCIONES%202019/2337.pdf HTTP/1.1" 200 273777
186.155.49.169 - - [11/Jul/2022:16:25:01 -0500] "GET /BLA/resoluciones/RESOLUCIONES%202019/2333.pdf HTTP/1.1" 200 283522
172.22.2.4 - - [11/Jul/2022:16:23:25 -0500] "GET /BLA/boletinlegal/ HTTP/1.1" 200 58122
201.244.245.139 - - [11/Jul/2022:16:25:09 -0500] "POST /sipse/faces/presentacion/financiero/solicitudProceso/consultarSolicitudProceso.xhtml HTTP/1.1" 200 911
186.155.49.169 - - [11/Jul/2022:16:25:15 -0500] "GET /BLA/resoluciones/RESOLUCIONES%202019/2330.pdf HTTP/1.1" 200 360913
201.244.245.139 - - [11/Jul/2022:16:25:24 -0500] "GET /sipsepre/faces/javax.faces.resource/images/ui-bg_flat_0_2d5972_40x100.png?ln=primefaces-aristo HTTP/1.1" 304 -
201.244.245.139 - - [11/Jul/2022:16:25:24 -0500] "POST /sipsepre/faces/presentacion/financiero/solicitudProceso/consultarSolicitudProceso.xhtml HTTP/1.1" 200 911
201.244.245.139 - - [11/Jul/2022:16:25:25 -0500] "GET /sipsepre/faces/presentacion/financiero/solicitudProceso/faces/autenticacion HTTP/1.1" 302 -
201.244.245.139 - - [11/Jul/2022:16:25:25 -0500] "GET /sipsepre/faces/autenticacion.xhtml HTTP/1.1" 200 12213
201.244.245.139 - - [11/Jul/2022:16:25:25 -0500] "GET /sipsepre/faces/javax.faces.resource/theme.css?ln=primefaces-sipse HTTP/1.1" 304 -
201.244.245.139 - - [11/Jul/2022:16:25:25 -0500] "GET /sipsepre/faces/javax.faces.resource/primefaces.css?ln=primefaces&v=4.0 HTTP/1.1" 304 -
201.244.245.139 - - [11/Jul/2022:16:25:25 -0500] "GET /sipsepre/faces/javax.faces.resource/layout/layout.css?ln=primefaces&v=4.0 HTTP/1.1" 304 -
201.244.245.139 - - [11/Jul/2022:16:25:25 -0500] "GET /sipsepre/faces/javax.faces.resource/jquery/jquery-plugins.js?ln=primefaces&v=4.0 HTTP/1.1" 304 -
201.244.245.139 - - [11/Jul/2022:16:25:25 -0500] "GET /sipsepre/faces/javax.faces.resource/jquery/jquery.js?ln=primefaces&v=4.0 HTTP/1.1" 304 -
201.244.245.139 - - [11/Jul/2022:16:25:25 -0500] "GET /sipsepre/faces/javax.faces.resource/primefaces.js?ln=primefaces&v=4.0 HTTP/1.1" 304 -
201.244.245.139 - - [11/Jul/2022:16:25:25 -0500] "GET /sipsepre/faces/javax.faces.resource/layout/layout.js?ln=primefaces&v=4.0 HTTP/1.1" 304 -
201.244.245.139 - - [11/Jul/2022:16:25:25 -0500] "GET /sipsepre/faces/javax.faces.resource/images/ui-icons_898989_256x240.png?ln=primefaces-aristo HTTP/1.1" 304 -
186.155.49.169 - - [11/Jul/2022:16:25:29 -0500] "GET /BLA/resoluciones/RESOLUCIONES%202019/2327.pdf HTTP/1.1" 200 281451
201.244.245.139 - - [11/Jul/2022:16:25:31 -0500] "POST /sipsepre/faces/autenticacion.xhtml HTTP/1.1" 200 11345
201.244.245.139 - - [11/Jul/2022:16:25:32 -0500] "GET /sipsepre/faces/javax.faces.resource/jquery/jquery.js?ln=primefaces&v=4.0 HTTP/1.1" 304 -
201.244.245.139 - - [11/Jul/2022:16:25:32 -0500] "GET /sipsepre/faces/javax.faces.resource/jquery/jquery-plugins.js?ln=primefaces&v=4.0 HTTP/1.1" 304 -
201.244.245.139 - - [11/Jul/2022:16:25:32 -0500] "GET /sipsepre/faces/javax.faces.resource/primefaces.js?ln=primefaces&v=4.0 HTTP/1.1" 304 -
201.244.245.139 - - [11/Jul/2022:16:25:32 -0500] "GET /sipsepre/faces/javax.faces.resource/layout/layout.js?ln=primefaces&v=4.0 HTTP/1.1" 304 -
201.244.245.139 - - [11/Jul/2022:16:25:32 -0500] "GET /sipsepre/faces/javax.faces.resource/messages/messages.png?ln=primefaces&v=4.0 HTTP/1.1" 304 -
201.244.245.139 - - [11/Jul/2022:16:25:35 -0500] "POST /sipsepre/faces/presentacion/sistema/seguridad/seleccionRol.xhtml HTTP/1.1" 200 6026
201.244.245.139 - - [11/Jul/2022:16:25:36 -0500] "GET /sipsepre/faces/javax.faces.resource/images/ui-bg_flat_0_2d5972_40x100.png?ln=primefaces-aristo HTTP/1.1" 304 -
201.244.245.139 - - [11/Jul/2022:16:25:37 -0500] "POST /sipsepre/faces/presentacion/sistema/seguridad/seleccionRol.xhtml HTTP/1.1" 200 16287
201.244.245.139 - - [11/Jul/2022:16:25:38 -0500] "GET /sipsepre/faces/javax.faces.resource/jquery/jquery.js?ln=primefaces&v=4.0 HTTP/1.1" 304 -
201.244.245.139 - - [11/Jul/2022:16:25:38 -0500] "GET /sipsepre/faces/javax.faces.resource/jquery/jquery-plugins.js?ln=primefaces&v=4.0 HTTP/1.1" 304 -
201.244.245.139 - - [11/Jul/2022:16:25:38 -0500] "GET /sipsepre/faces/javax.faces.resource/primefaces.js?ln=primefaces&v=4.0 HTTP/1.1" 304 -
201.244.245.139 - - [11/Jul/2022:16:25:38 -0500] "GET /sipsepre/faces/javax.faces.resource/layout/layout.js?ln=primefaces&v=4.0 HTTP/1.1" 304 -
201.244.245.139 - - [11/Jul/2022:16:25:39 -0500] "POST /sipsepre/faces/bienvenido.xhtml HTTP/1.1" 200 9769
201.244.245.139 - - [11/Jul/2022:16:25:42 -0500] "POST /sipsepre/faces/bienvenido.xhtml HTTP/1.1" 200 2658
201.244.245.139 - - [11/Jul/2022:16:25:43 -0500] "POST /sipsepre/faces/bienvenido.xhtml HTTP/1.1" 200 61476
201.244.245.139 - - [11/Jul/2022:16:25:43 -0500] "GET /sipsepre/faces/javax.faces.resource/jquery/jquery.js?ln=primefaces&v=4.0 HTTP/1.1" 304 -
201.244.245.139 - - [11/Jul/2022:16:25:43 -0500] "GET /sipsepre/faces/javax.faces.resource/jquery/jquery-plugins.js?ln=primefaces&v=4.0 HTTP/1.1" 304 -
201.244.245.139 - - [11/Jul/2022:16:25:43 -0500] "GET /sipsepre/faces/javax.faces.resource/primefaces.js?ln=primefaces&v=4.0 HTTP/1.1" 304 -
201.244.245.139 - - [11/Jul/2022:16:25:43 -0500] "GET /sipsepre/faces/javax.faces.resource/layout/layout.js?ln=primefaces&v=4.0 HTTP/1.1" 304 -
201.244.245.139 - - [11/Jul/2022:16:25:43 -0500] "POST /sipsepre/faces/presentacion/financiero/solicitudProceso/listarSolicitudProceso.xhtml HTTP/1.1" 200 1556
186.155.49.169 - - [11/Jul/2022:16:25:44 -0500] "GET /BLA/resoluciones/RESOLUCIONES%202019/2326.pdf HTTP/1.1" 200 271903
201.244.245.139 - - [11/Jul/2022:16:25:46 -0500] "POST /sipsepre/faces/presentacion/financiero/solicitudProceso/listarSolicitudProceso.xhtml HTTP/1.1" 200 121041
201.244.245.139 - - [11/Jul/2022:16:25:47 -0500] "GET /sipsepre/faces/javax.faces.resource/jquery/jquery.js?ln=primefaces&v=4.0 HTTP/1.1" 304 -
201.244.245.139 - - [11/Jul/2022:16:25:47 -0500] "GET /sipsepre/faces/javax.faces.resource/jquery/jquery-plugins.js?ln=primefaces&v=4.0 HTTP/1.1" 304 -
201.244.245.139 - - [11/Jul/2022:16:25:47 -0500] "GET /sipsepre/faces/javax.faces.resource/primefaces.js?ln=primefaces&v=4.0 HTTP/1.1" 304 -
201.244.245.139 - - [11/Jul/2022:16:25:47 -0500] "GET /sipsepre/faces/javax.faces.resource/layout/layout.js?ln=primefaces&v=4.0 HTTP/1.1" 304 -
172.22.2.4 - - [11/Jul/2022:16:25:55 -0500] "POST /BLA/boletinlegal/admin/actos/ingresar.php HTTP/1.1" 200 7236
186.28.207.7 - - [11/Jul/2022:16:25:59 -0500] "GET /BLA/resoluciones/index.php?dir=RESOLUCIONES+2022%2F HTTP/1.1" 200 84175
201.244.245.139 - - [11/Jul/2022:16:25:57 -0500] "POST /sipsepre/faces/presentacion/financiero/solicitudProceso/consultarSolicitudProceso.xhtml HTTP/1.1" 200 80412
201.244.245.139 - - [11/Jul/2022:16:25:59 -0500] "GET /sipsepre/faces/javax.faces.resource/jquery/jquery.js?ln=primefaces&v=4.0 HTTP/1.1" 304 -
201.244.245.139 - - [11/Jul/2022:16:25:59 -0500] "GET /sipsepre/faces/javax.faces.resource/jquery/jquery-plugins.js?ln=primefaces&v=4.0 HTTP/1.1" 304 -
201.244.245.139 - - [11/Jul/2022:16:25:59 -0500] "GET /sipsepre/faces/javax.faces.resource/primefaces.js?ln=primefaces&v=4.0 HTTP/1.1" 304 -
201.244.245.139 - - [11/Jul/2022:16:25:59 -0500] "GET /sipsepre/faces/javax.faces.resource/layout/layout.js?ln=primefaces&v=4.0 HTTP/1.1" 304 -
186.28.207.7 - - [11/Jul/2022:16:26:02 -0500] "GET /BLA/resoluciones/index.php HTTP/1.1" 200 13093
186.155.49.169 - - [11/Jul/2022:16:26:03 -0500] "GET /BLA/resoluciones/RESOLUCIONES%202019/2276.pdf HTTP/1.1" 200 336229
172.22.2.4 - - [11/Jul/2022:16:26:05 -0500] "GET /BLA/boletinlegal/actos.php HTTP/1.1" 200 9559
186.28.207.7 - - [11/Jul/2022:16:26:05 -0500] "GET /BLA/resoluciones/index.php?dir=AUTOS+2019%2F HTTP/1.1" 200 346241
186.28.207.7 - - [11/Jul/2022:16:26:13 -0500] "GET /BLA/resoluciones/AUTOS%202019/1620.pdf HTTP/1.1" 200 341516
186.155.49.169 - - [11/Jul/2022:16:26:16 -0500] "GET /BLA/resoluciones/RESOLUCIONES%202019/2275.pdf HTTP/1.1" 200 332604
172.22.2.4 - - [11/Jul/2022:16:26:19 -0500] "GET /BLA/boletinlegal/consulta_actos.php?tipo=autos&no=6521&usuario=&sector=&fecha=2021&resuelve= HTTP/1.1" 200 626
201.244.245.139 - - [11/Jul/2022:16:26:19 -0500] "POST /sipsepre/faces/presentacion/financiero/solicitudProceso/crearModificarSolicitudProceso.xhtml HTTP/1.1" 200 121504
201.244.245.139 - - [11/Jul/2022:16:26:20 -0500] "GET /sipsepre/faces/javax.faces.resource/jquery/jquery.js?ln=primefaces&v=4.0 HTTP/1.1" 304 -
201.244.245.139 - - [11/Jul/2022:16:26:20 -0500] "GET /sipsepre/faces/javax.faces.resource/jquery/jquery-plugins.js?ln=primefaces&v=4.0 HTTP/1.1" 304 -
201.244.245.139 - - [11/Jul/2022:16:26:20 -0500] "GET /sipsepre/faces/javax.faces.resource/primefaces.js?ln=primefaces&v=4.0 HTTP/1.1" 304 -
201.244.245.139 - - [11/Jul/2022:16:26:20 -0500] "GET /sipsepre/faces/javax.faces.resource/layout/layout.js?ln=primefaces&v=4.0 HTTP/1.1" 304 -
201.245.192.253 - - [11/Jul/2022:16:26:23 -0500] "POST /kwsrmcab/Wsrmcab  HTTP/1.1" 200 45708
186.102.9.146 - - [11/Jul/2022:16:26:27 -0500] "GET /kwssiamovil/sm/acme/a?s=U2FsdGVkX1+ZHiR/UoOEFrqKcHq+8rjqh/wL9NxnvgTVoCITF2vNJnu3f0MTl6Skr3tyccE852b64nYKr5f3fkX39yJJ7F8mJ+fROviGw8OLmFNtfzPIzRwJoFy1JN15kUVWfp9R4HYSrr7N16hcSRL2+mBJR1Uym1S3OwZSBAScfe0hdj6iSYaBkuklzl4iHKzWLFcFx8lUq2YyoeLcDznOUEV+JuXJtSpdvLXWJSRumnmjM2bS1sBmsGVVrf4RBnKw7dJabOqg1xqmdu/exQ==&u=U2FsdGVkX18b7O7fi9CPtTihzY9p0vO69Nb7/C4SBAWUZ3TgJ2+YDvc1NHsbPsnQ&y=U2FsdGVkX198rLlZzBpe99buVnGba0BvmcVtJ8YuLhuSjs9XB4IAip/oqETjcyTp HTTP/1.1" 200 25
186.102.9.146 - - [11/Jul/2022:16:26:28 -0500] "GET /kwssiamovil/sm/acme/a?s=U2FsdGVkX1/YDUdZXywJnqV8EC7vyK1ae/lKQ5VvHOcs0WcwxOOiPVxiQgJ+0NkFJGRgpiR40oYnpAehxYHsKWK8ECxAogsGo7O7gajCjguh8mMtgvx8DmUwAto3vW4X0L3pt7bGbXd5dmwowCULezD7DuQODqKX81cTr7uBTaYZ3FZHkTFVQJ0gfLuS5BL9dmshTOgCadSxSYkxwAMnQTKQ9csFZAfzCjPuXBK/k4G8c293V01Eqn1Yz+zXabfnadcLFlhb+ZBIu3Ve+6eHKojH8SKx2WMJih41F4dheH220VCTpkQb5H4/PmmRzYzhyD5ai+Z0Pa6bPeafU/B2hScKS1H5qCn2S/Jf/DMGf+YfjhGh8IWEr88plLe8QN0agwYn0bHSAnAjOCNSQgJaIEPYyjYvjUZSdT8dSnEUpXbN8FELmmFb25L0eUlnXHIgArOSBx7Q/qjJElyx59ZNXBo//N3WLKhqgNcOEoxjE3D0CpDiuz+0WbUGi5tBsc8sqdwuMOMnXpgB/eooYWav/KAOEOHPM7TSePXvRfBpnjVXmsFxasiKshGJ060U8uEgeLVQm3A0gXI+CM2eyzyAdxxBNDdBHVSuJR9tX5S+C+V/PT5MHbGYmwOXF68pvKzf8sYo/yAiRYfyQmwTDVW2a21R0PImrsHEPb0qtLJGxwu5DOVLQPKScZCE+9PVjyHgdzvkBR+KgAVluUp/DlgPCaL5LDB+dg2sX5vrVo4EExcnwhT7XFaxhyD2UQjLJ2KwVHInH1tURpBaR3FU+p75r232cMyPUj3ZIZ1SkL8wFEyGZftfjhUWcITbsQ3/SfGsrjcxt7i6w1slGlvv4592Ej+PvBvW4orOTqlrArOlmJbskZ0/YIwUZGotb2ryLQ614L+g9RbazluJo3gzONVGJdSrVkigcny9UIWOmGfBRFQCiXdiRgD4QwvgNjy2YphRM2sZ9Qfx9VxkuMoSkt/0xSfN/8OMnEv5CgHjzxcssYeY0Q9AH9jLqqnmxDNWxaqXF0kwa+6OaaJt9BI6P1xSWhneV+T1tvW4caFXYY4soW7t6UjzcVCkbMaxbx14tu982ao+RJRhF0gtOnG7LqyxNTm2W4aTbXjDAF32k8z3Q7RjkYkWBYm0cPvjiL78JanxnyoDDlTjwNq0t//xT+55xiuAyuppRwot4ttGzYv1Gg6GCgZ4WrvJ8elfJP+CttsOz+AhnLGAjH9Z86wgz0zjyCcAuyB+arAnrp7l1gj7im72CbmdYDmdBJtlX0f/a2VIgGdaD9AX/rJLwvDS1IMqvt1x8GccY87xVzRQrM5//S203Pwa32Wa0YzQK8TS5I0xxV2OwLC30eefnev+LsZxfYCWeOXG1t6HtZqR5w2akyilExibQ65UhNcZkvTEtHy/kEpBUsH3y8RjJDiSTRU4Ntb8uRmreiebQ/0IqCT4Tsg5OJ360ZL9z5myJ7WlflWQ3QwXGGJViBCQDC4cRlJqUoWp92ZfBXd2WV27tJLLB1VHF425W+OHBtSJwDTSzG9q+T+vnRbs1RFyvqhE5m6qgJGX3EWoBQgt1Sujs/2v2MprNVsSdMoE79ggbAHNjTXko4QVDKvfHclo93C//XqtS0wiT47Crgy+pGeJBrKvf4l+BXzcWDyW+OZqaWqY4FPzIROoy/+GpQ0WPYWK5RRD2WQWgu+HYFPlx3fr/04IpRkeLmayVo4eqOAEysDJWx8g&u=U2FsdGVkX18b7O7fi9CPtTihzY9p0vO69Nb7/C4SBAWUZ3TgJ2+YDvc1NHsbPsnQ&y=U2FsdGVkX198rLlZzBpe99buVnGba0BvmcVtJ8YuLhuSjs9XB4IAip/oqETjcyTp HTTP/1.1" 200 25
186.102.9.146 - - [11/Jul/2022:16:26:28 -0500] "GET /kwssiamovil/sm/acme/a?s=U2FsdGVkX1+8iLr78e71Ez+WYN+BdHkPiEnHUWZS7paFjJtUoKKTMVLDmsttJ52WCyqRoUpcWnOInP0nxZfLz5HfSqw9Irpq6qsYe2AfhyKambbClJmJomGR+vfD314oRROeK3Z4FRNRoJXz1OJkr9B/74M6nz9mqmK9KcY+Grc=&u=U2FsdGVkX18b7O7fi9CPtTihzY9p0vO69Nb7/C4SBAWUZ3TgJ2+YDvc1NHsbPsnQ&y=U2FsdGVkX198rLlZzBpe99buVnGba0BvmcVtJ8YuLhuSjs9XB4IAip/oqETjcyTp HTTP/1.1" 200 25
186.102.9.146 - - [11/Jul/2022:16:26:28 -0500] "GET /kwssiamovil/sm/acme/a?s=U2FsdGVkX1+ZyQsx5WGUQtrRXRm2+95FHgjZzVcO3juJm1fcgqKHuLfdMJJ5W2kX3CZuhKa7A1vC6dEQRtLNWaEkAFofmxaZ9X3ZaOAbA1y0t1Yub0EeB8EAlSt4h56Pmdlz6GiX5c7M9cdYgTAYaIGbwetcYDdjrWWjOwpeRM0=&u=U2FsdGVkX18b7O7fi9CPtTihzY9p0vO69Nb7/C4SBAWUZ3TgJ2+YDvc1NHsbPsnQ&y=U2FsdGVkX198rLlZzBpe99buVnGba0BvmcVtJ8YuLhuSjs9XB4IAip/oqETjcyTp HTTP/1.1" 200 25
186.102.9.146 - - [11/Jul/2022:16:26:28 -0500] "GET /kwssiamovil/sm/acme/a?s=U2FsdGVkX18eIjAv0fLvJoPo789pclE2G9f+IEV9HELcAdErUc6uhrrooqI2mWNctHY43oBMvUfYIuf5BpxsXvEA+5t03ezclRFaUoyyr0bYXo2kRFUVDvHLoRNrCnx56jH0/Hi0zMsG5hoLw+EGqijcY4FJdJZwVrl58ytmz20=&u=U2FsdGVkX18b7O7fi9CPtTihzY9p0vO69Nb7/C4SBAWUZ3TgJ2+YDvc1NHsbPsnQ&y=U2FsdGVkX198rLlZzBpe99buVnGba0BvmcVtJ8YuLhuSjs9XB4IAip/oqETjcyTp HTTP/1.1" 200 25
186.102.9.146 - - [11/Jul/2022:16:26:29 -0500] "GET /kwssiamovil/sm/acme/a?s=U2FsdGVkX19voCWKq4JNTRf4LGQk595v7z8qzHFu/JAoCToHvw05SpRt2Cuw4FB3+f49a68PwRAYUQ1vueFRwQcPtRoJCKzWsCcpHxb8nTRTw1mUJOTQVCcpbGIc/W2gpuEsG03IimBrEJ1AHdVnH0N1MZHEGnVYxu2ijrjdkzEaTp5/oWBMRcrcZzvgn7JxnWP7UXVbe4vtDe8leqBJ6Q==&u=U2FsdGVkX18b7O7fi9CPtTihzY9p0vO69Nb7/C4SBAWUZ3TgJ2+YDvc1NHsbPsnQ&y=U2FsdGVkX198rLlZzBpe99buVnGba0BvmcVtJ8YuLhuSjs9XB4IAip/oqETjcyTp HTTP/1.1" 200 25
186.155.49.169 - - [11/Jul/2022:16:26:37 -0500] "GET /BLA/resoluciones/RESOLUCIONES%202019/2112.pdf HTTP/1.1" 200 273341
186.155.49.169 - - [11/Jul/2022:16:26:51 -0500] "GET /BLA/resoluciones/RESOLUCIONES%202019/2039.pdf HTTP/1.1" 200 337251
157.253.41.78 - - [11/Jul/2022:16:26:54 -0500] "GET /portaldeninos/wp-content/uploads/useanyfont/uaf.css?ver=1589905315 HTTP/1.1" 200 408
157.253.41.78 - - [11/Jul/2022:16:26:54 -0500] "GET /portaldeninos/wp-content/themes/betheme/style.css?ver=20.9.6 HTTP/1.1" 200 287
157.253.41.78 - - [11/Jul/2022:16:26:54 -0500] "GET /portaldeninos/wp-content/plugins/gallery-videos/CSS/Total-Soft-Gallery-Video-Widget.css?ver=4.9.8 HTTP/1.1" 200 51554
157.253.41.78 - - [11/Jul/2022:16:26:54 -0500] "GET /portaldeninos/wp-content/plugins/gallery-videos/CSS/totalsoft.css?ver=4.9.8 HTTP/1.1" 200 40622
157.253.41.78 - - [11/Jul/2022:16:26:54 -0500] "GET /portaldeninos/wp-content/themes/betheme/css/base.css?ver=20.9.6 HTTP/1.1" 200 57283
157.253.41.78 - - [11/Jul/2022:16:26:54 -0500] "GET /portaldeninos/wp-content/themes/betheme/assets/jplayer/css/jplayer.blue.monday.css?ver=20.9.6 HTTP/1.1" 200 9834
157.253.41.78 - - [11/Jul/2022:16:26:54 -0500] "GET /portaldeninos/wp-content/themes/betheme/assets/ui/jquery.ui.all.css?ver=20.9.6 HTTP/1.1" 200 18765
157.253.41.78 - - [11/Jul/2022:16:26:54 -0500] "GET /portaldeninos/wp-content/themes/betheme/css/layout.css?ver=20.9.6 HTTP/1.1" 200 116639
157.253.41.78 - - [11/Jul/2022:16:26:54 -0500] "GET /portaldeninos/wp-content/themes/betheme/assets/animations/animations.min.css?ver=20.9.6 HTTP/1.1" 200 58508
157.253.41.78 - - [11/Jul/2022:16:26:54 -0500] "GET /portaldeninos/wp-content/plugins/google-analytics-for-wordpress/assets/js/frontend-gtag.min.js?ver=8.5.0 HTTP/1.1" 200 11801
157.253.41.78 - - [11/Jul/2022:16:26:54 -0500] "GET /portaldeninos/wp-content/themes/betheme/css/responsive.css?ver=20.9.6 HTTP/1.1" 200 55740
157.253.41.78 - - [11/Jul/2022:16:26:54 -0500] "GET /portaldeninos/wp-includes/js/jquery/jquery-migrate.min.js?ver=1.4.1 HTTP/1.1" 200 10056
157.253.41.78 - - [11/Jul/2022:16:26:54 -0500] "GET /portaldeninos/wp-content/themes/betheme/css/shortcodes.css?ver=20.9.6 HTTP/1.1" 200 138889
157.253.41.78 - - [11/Jul/2022:16:26:54 -0500] "GET /portaldeninos/wp-includes/js/jquery/ui/core.min.js?ver=1.11.4 HTTP/1.1" 200 4000
157.253.41.78 - - [11/Jul/2022:16:26:54 -0500] "GET /portaldeninos/wp-content/plugins/gallery-videos/JS/modernizr.custom.js?ver=4.9.8 HTTP/1.1" 200 9019
157.253.41.78 - - [11/Jul/2022:16:26:54 -0500] "GET /portaldeninos/wp-includes/js/jquery/ui/widget.min.js?ver=1.11.4 HTTP/1.1" 200 6908
157.253.41.78 - - [11/Jul/2022:16:26:54 -0500] "GET /portaldeninos/wp-includes/js/jquery/ui/mouse.min.js?ver=1.11.4 HTTP/1.1" 200 3148
157.253.41.78 - - [11/Jul/2022:16:26:54 -0500] "GET /portaldeninos/wp-content/plugins/gallery-videos/JS/Total-Soft-Gallery-Video-Widget.js?ver=4.9.8 HTTP/1.1" 200 80264
157.253.41.78 - - [11/Jul/2022:16:26:54 -0500] "GET /portaldeninos/wp-includes/js/jquery/jquery.js?ver=1.12.4 HTTP/1.1" 200 97184
157.253.41.78 - - [11/Jul/2022:16:26:54 -0500] "GET /portaldeninos/wp-includes/js/jquery/ui/accordion.min.js?ver=1.11.4 HTTP/1.1" 200 8584
157.253.41.78 - - [11/Jul/2022:16:26:54 -0500] "GET /portaldeninos/wp-includes/js/jquery/ui/tabs.min.js?ver=1.11.4 HTTP/1.1" 200 12110
157.253.41.78 - - [11/Jul/2022:16:26:54 -0500] "GET /portaldeninos/wp-includes/js/jquery/ui/sortable.min.js?ver=1.11.4 HTTP/1.1" 200 24899
157.253.41.78 - - [11/Jul/2022:16:26:54 -0500] "GET /portaldeninos/wp-content/themes/betheme/js/menu.js?ver=20.9.6 HTTP/1.1" 200 2449
157.253.41.78 - - [11/Jul/2022:16:26:54 -0500] "GET /portaldeninos/wp-content/themes/betheme/assets/animations/animations.min.js?ver=20.9.6 HTTP/1.1" 200 1896
157.253.41.78 - - [11/Jul/2022:16:26:55 -0500] "GET /portaldeninos/wp-includes/js/wp-embed.min.js?ver=4.9.8 HTTP/1.1" 200 1398
157.253.41.78 - - [11/Jul/2022:16:26:55 -0500] "GET /portaldeninos/wp-content/themes/betheme/js/scripts.js?ver=20.9.6 HTTP/1.1" 200 77162
157.253.41.78 - - [11/Jul/2022:16:26:55 -0500] "GET /portaldeninos/wp-content/themes/betheme/assets/jplayer/jplayer.min.js?ver=20.9.6 HTTP/1.1" 200 52702
157.253.41.78 - - [11/Jul/2022:16:26:54 -0500] "GET /portaldeninos/wp-content/themes/betheme/js/plugins.js?ver=20.9.6 HTTP/1.1" 200 197151
157.253.41.78 - - [11/Jul/2022:16:26:55 -0500] "GET /portaldeninos/wp-includes/js/wp-emoji-release.min.js?ver=4.9.8 HTTP/1.1" 200 12026
157.253.41.78 - - [11/Jul/2022:16:26:55 -0500] "GET /portaldeninos/wp-content/themes/betheme/fonts/mfn-icons.woff?93978679 HTTP/1.1" 200 80932
157.253.41.78 - - [11/Jul/2022:16:26:55 -0500] "GET /portaldeninos/wp-content/themes/betheme/fonts/mfn-icons.ttf?93978679 HTTP/1.1" 200 95297
186.155.49.169 - - [11/Jul/2022:16:27:04 -0500] "GET /BLA/resoluciones/RESOLUCIONES%202019/2038.pdf HTTP/1.1" 200 336718
172.22.2.4 - - [11/Jul/2022:16:27:13 -0500] "POST /BLA/boletinlegal/admin/actos/ingresar.php HTTP/1.1" 200 7236
201.245.192.253 - - [11/Jul/2022:16:27:14 -0500] "POST /sipse/faces/presentacion/financiero/solicitudProceso/listarSolicitudProceso.xhtml HTTP/1.1" 200 26381
201.245.192.253 - - [11/Jul/2022:16:27:14 -0500] "POST /sipse/faces/presentacion/financiero/solicitudProceso/listarSolicitudProceso.xhtml HTTP/1.1" 200 26381
201.245.192.253 - - [11/Jul/2022:16:27:15 -0500] "POST /sipse/faces/presentacion/financiero/solicitudProceso/listarSolicitudProceso.xhtml HTTP/1.1" 200 26381
201.245.192.253 - - [11/Jul/2022:16:27:15 -0500] "POST /sipse/faces/presentacion/financiero/solicitudProceso/listarSolicitudProceso.xhtml HTTP/1.1" 200 1372
201.245.192.253 - - [11/Jul/2022:16:27:15 -0500] "POST /sipse/faces/presentacion/financiero/solicitudProceso/listarSolicitudProceso.xhtml HTTP/1.1" 200 1380
201.245.192.253 - - [11/Jul/2022:16:27:15 -0500] "POST /sipse/faces/presentacion/financiero/solicitudProceso/listarSolicitudProceso.xhtml HTTP/1.1" 200 1380
201.245.192.253 - - [11/Jul/2022:16:27:18 -0500] "POST /sipse/faces/presentacion/financiero/solicitudProceso/listarSolicitudProceso.xhtml HTTP/1.1" 200 911
186.155.49.169 - - [11/Jul/2022:16:27:24 -0500] "GET /BLA/resoluciones/RESOLUCIONES%202019/2035.pdf HTTP/1.1" 200 336747
186.155.49.169 - - [11/Jul/2022:16:27:35 -0500] "GET /BLA/resoluciones/RESOLUCIONES%202019/2030.pdf HTTP/1.1" 200 256334
186.102.24.212 - - [11/Jul/2022:16:27:39 -0500] "OPTIONS /kwssiamovil/sm/setfile/f? HTTP/1.1" 200 13
186.155.49.169 - - [11/Jul/2022:16:27:40 -0500] "GET /BLA/resoluciones/RESOLUCIONES%202019/2028.pdf HTTP/1.1" 200 281701
186.102.24.212 - - [11/Jul/2022:16:27:39 -0500] "POST /kwssiamovil/sm/setfile/f? HTTP/1.1" 200 381
172.22.2.4 - - [11/Jul/2022:16:27:48 -0500] "GET /BLA/boletinlegal/doctrina.php HTTP/1.1" 200 5604
172.22.2.4 - - [11/Jul/2022:16:27:49 -0500] "GET /BLA/boletinlegal/js/ajax_doctrina.js HTTP/1.1" 200 772
172.22.2.4 - - [11/Jul/2022:16:27:49 -0500] "GET /BLA/boletinlegal/images/sub_ul_li.gif HTTP/1.1" 200 343
172.22.2.4 - - [11/Jul/2022:16:27:49 -0500] "GET /BLA/boletinlegal/favicon.ico HTTP/1.1" 404 1332
186.102.24.212 - - [11/Jul/2022:16:27:51 -0500] "GET /kwssiamovil/sm/acme/a?s=U2FsdGVkX1/8uGJmiWI3go6kAtXF/nSMWbbGBBL+zenZE8xZuaKTblPIPPHly8++4GNHVXSTxEvmtm7zHCBQGrl21npwdbgNGzpLWAYSQyctj4N+SMs6xvpVqzyoPG4s7vPy0jlay0jUlqkK+3TO4p9cpzZQH05ohZUPMvV+1iG0N+mQ/oyOyDvFB/Yc7Wg12iK3dy7uiq0KCy1C4KUzLRtEBwKh9Vixu6mGUwcH1IXOWgD7CbS0Yu4ptTy/p00vfnxvK7kb5UnIg31B0x4UNA==&u=U2FsdGVkX19sWVSHjHl9sAMktjoa+G2856TnaTn5v4U=&y=U2FsdGVkX18uDbDk9jFvsQsCJPTeI8XhqClFrILQU7A= HTTP/1.1" 200 25
186.102.24.212 - - [11/Jul/2022:16:27:51 -0500] "GET /kwssiamovil/sm/acme/a?s=U2FsdGVkX1/qdE78pSe+AVf+GFXls7+EEiyY5oKNV+4I74apbw7ZhfOtm6OAgF7bUP9tjpBHS2oz1+k2gp7QG2it87iq5K1PcFOaXnTkgJmGEZxR+Vu8eKTLU+YSkWJz/ALz1Tct4UzjHsUAI/KE9EAd88x09s+latlPNhcY3xiwPhHyPZ55glKtgpcdXIbWiGSV6pJBSdvfevHftZaqOCdoSnLkUihJtp4jKFc8vKWLhfVcOyvMj9dqsTNsAAGO4nUmlKpuBKkojRUu5rtqiASnr3VX4bq2N70lHi1hTTJkwjhvf5RlZSKRntJZhkFgEqtymODsLTwcrJdKYLUTpsIkCpn3qX4wIqZzWVsxB0z2wpqVutiIjmZmMkBrk964ITFk2L/IvjlSuwGLhlleEvIiXeJD+QuaUHocyuc6wT1DeSbQRlNODONDIz9lRrXsQRLg5BEN2Sapkx3YWBW5M6Hgp7hxZiSOd15MQeJ700Y1BTvaPhzpxcjI6gpi2Mb6z3+WxNkGRQ6GNOHQv5LNf7MuKZXLz4AmusRm5mDVZQ2de0I2fw0GoTuKE0NQmIxkaCb83/1lslJCS1J8ejxcAzW1UdEx+jLXF+PVDxCfqCK56LPED59Ex8bSewcyTtYZj43SbtsmE1QDiMMFsIGDcxBC5EeoU+SdMZwnVjyCzoA0VTf4XHOxMf3V/sEBiX2v2hu3QQna81Jjd8CjfnkQ8EIz0yuWvJIx4qpsaQhNjevbBzj+JWBYlQeH1Q2hx47pJh4HE7BX5/q6P6GKlCPItPNF9aoz/uWdx0OMQEZ+IbjnGLfLm2EDhSy+LthIvtDnD1g1lbzgE3Wb9jtBRt180dmOv0Idig4UEItnBB1PvjVcehGAeOq5ybo4W0R+ExYFDji0CukjMStyD1weqPv8eGCtHQvfopqT6VhHb/XqEZXMX5fHzWyY6UB5uyPXcHwUUjM4JNf5VE1tk0G69OQWV4oYP2mT5og+BBNgx1iMGwx+l8MYIjRYny/Qmr9Ecxj9dlqqH/x9Ca/9VieyQj1Mjc/DKy05ZlrotXYw1CMogi0602aFpxDIRmI3iToQgsGwLxgsm+MGvQnsxAxh7gIyq0hJRboznSbHhXo5DenaLfvOfHb01xB3daxgV8pBfo8twyOGfkR/ecDoTmicPv4/+72kAVvI6QnEULXh4SNtGMIttTBIkS2H7cJDNmNN0VdVyrsn+/vcClb1893uQ8CK2qsrrB8rQsfpP99DRXfLG2an0xUJOY8ubzzYxZhll3fMXhp0nVwHK4j2nL6UW4J9zWhmy869wvcB6AfYGMa2uMJc1pc1xKY1qNOS3hk44YBssh1IpxzzMoCx9PrEVopOpkgxMGEwRZLa3UvKGSYA13jEDfmKgvxnCilHK03zrWhkeNoorLpk36UIPHSsYcdgU7wa4l0ACYbXEGLKMu4x+6QTBb2nHnNgC4qOgEhy32w+1YXJstKJ4Sy2TNYv50TeJrEtZ5vnHzFFkxPZFnmuj9ZAiQst5jolZZoY4TEkiBBnJVkm2K/CU8b5nX1l5uw/YA2eqoT2nXzrS3H2eXRnhpAzPus8hsvqLgvRMTV2QmvYuTQ2MZ6k00LF0PvU/AXZ00AG3j3YHnkmOAeMsPmfclezY+rT9jVXj5uuu/xWKC2YQ32yQLnjKWocPz9RygOf0rXJbzZXK1lIiDiWxPPP15idBcpUoFCLL4Er8vk9E63F99QDoGSChXdU7Gs5xUNeO/wUgioPV00LhNr/AcxlPgQkxVoc/g2Gym2nSJmstWbK9HrZUsDW7ViHXsbFUVxVCjhjMfrbXQlvykIqjJj2M0kEi3j//uxnbnUTLh52MR0pGs/LFT3uJQrrzMHhXZlKo5PuKddDMm5Egcfx0kiR6XX+1P1wSveOx0PB068qzC8hwSp7vrOMt1+jR9gF9gaFqPdasDROGbFcPdFue9bEwXM=&u=U2FsdGVkX19sWVSHjHl9sAMktjoa+G2856TnaTn5v4U=&y=U2FsdGVkX18uDbDk9jFvsQsCJPTeI8XhqClFrILQU7A= HTTP/1.1" 200 25
186.102.24.212 - - [11/Jul/2022:16:27:51 -0500] "GET /kwssiamovil/sm/acme/a?s=U2FsdGVkX1+9LG6YQCQwZphqOkblZspZI8oV4mrANtjgtcSFgK6wXor9ElVheqPJJonr0RLaO1CskPXmEB2XBZnTNmmqG+dlq9qmfYmWPiax1NBxJI4X3fwahhj5FMVYc/R2+qC3TNHr+ZyJ9MV1ZPaMIsT8lh6eVg0PUNWXHVE=&u=U2FsdGVkX19sWVSHjHl9sAMktjoa+G2856TnaTn5v4U=&y=U2FsdGVkX18uDbDk9jFvsQsCJPTeI8XhqClFrILQU7A= HTTP/1.1" 200 25
186.102.24.212 - - [11/Jul/2022:16:27:52 -0500] "GET /kwssiamovil/sm/acme/a?s=U2FsdGVkX19PuK4OqbD/WV17D3ZU4ThiVZ2+9lF3BXoMA1zi7xFK3gfaGJyUEIPOQQkCtTAjJlu4PGd68DI/GCLF3BQr9AQ+qNUtWsKzLrX8tmCaDc7If9AcgbPfQwU8x050DbcHUKv2KgQrZzQhTDxtTmgCjEcSbFaD8QR9Pvs=&u=U2FsdGVkX19sWVSHjHl9sAMktjoa+G2856TnaTn5v4U=&y=U2FsdGVkX18uDbDk9jFvsQsCJPTeI8XhqClFrILQU7A= HTTP/1.1" 200 25
186.102.24.212 - - [11/Jul/2022:16:27:52 -0500] "GET /kwssiamovil/sm/acme/a?s=U2FsdGVkX1/9XMF3CsAUcf0sDbkiKO6Otm7u8+G9PLMxFuXnH9+EeSMMtIM15rxf7/GXv1AmSYUwHpbhGFPKiZyJG+IKvrIqszmxL1uu8Khpl0p5YJM2AxMoSVnmlCnBBjzJNg0dn8biT/D682/Sw5nHGE7k/hsx1Tl4W8Us39o=&u=U2FsdGVkX19sWVSHjHl9sAMktjoa+G2856TnaTn5v4U=&y=U2FsdGVkX18uDbDk9jFvsQsCJPTeI8XhqClFrILQU7A= HTTP/1.1" 200 25
216.245.221.92 - - [11/Jul/2022:16:27:52 -0500] "HEAD / HTTP/1.1" 200 -
172.22.2.4 - - [11/Jul/2022:16:27:52 -0500] "GET /BLA/boletinlegal/actos.php HTTP/1.1" 200 9559
186.102.24.212 - - [11/Jul/2022:16:27:52 -0500] "GET /kwssiamovil/sm/acme/a?s=U2FsdGVkX191Vw0W365Y/s+cPsU/hC/VCnFScov0wXba+HQZWqkvvqa7vUiMOUDOwylC4L5MJSYdtBiZDqkp9nugD87HEOZ+50qtAmEuC2PN8VCqvHRH6Cb+u+jjCR9aEiMEmiwZAV4P2k5Iz7GmxxSAuznE8ceQZu0v0h7P5McwP9bvOWDk/TLGustDBTXL&u=U2FsdGVkX19sWVSHjHl9sAMktjoa+G2856TnaTn5v4U=&y=U2FsdGVkX18uDbDk9jFvsQsCJPTeI8XhqClFrILQU7A= HTTP/1.1" 200 25
186.102.24.212 - - [11/Jul/2022:16:27:52 -0500] "GET /kwssiamovil/sm/acme/a?s=U2FsdGVkX18TEutEk7zNTMJDOnsk14+1nRpesLZzSF0Sp/YnQAh1Lom+zE5SMm02dZAUtOigm+bsGcRy8qJtSTthvuQWDqqtcAdCS/1UhuoFTLAZqN800fJxReFWjbbbBptUMDbdLuRuxd4jjZ/cUijVuLk1R5WjRRjr7XCelIMcH4tZnpR/lN3XbqKr3AAfcA939GUsvNV/6OIaYAv22A==&u=U2FsdGVkX19sWVSHjHl9sAMktjoa+G2856TnaTn5v4U=&y=U2FsdGVkX18uDbDk9jFvsQsCJPTeI8XhqClFrILQU7A= HTTP/1.1" 200 25
186.102.24.212 - - [11/Jul/2022:16:27:53 -0500] "GET /kwssiamovil/sm/acme/a?s=U2FsdGVkX19sBv8U1j3ni1CzDnWHik5bgOPDn5FtZdGa1fVEF3iYY+sc5j6QpI25N/xlqT2KrFFAJhaAaKEPnJUzXnr2I+I/65l81kcLVKyhY5xYJoooW0YEKTEAYxNh33CBCNutArQyGntq05/j8VX3i7ulBfY5+RelVgW2FWObzo8yttYUwcbkYQim6PTY&u=U2FsdGVkX19sWVSHjHl9sAMktjoa+G2856TnaTn5v4U=&y=U2FsdGVkX18uDbDk9jFvsQsCJPTeI8XhqClFrILQU7A= HTTP/1.1" 200 25
201.245.192.253 - - [11/Jul/2022:16:27:56 -0500] "GET /BLA/resoluciones/ HTTP/1.1" 200 13093
186.155.49.169 - - [11/Jul/2022:16:27:58 -0500] "GET /BLA/resoluciones/RESOLUCIONES%202019/2014.pdf HTTP/1.1" 200 300475
186.155.49.169 - - [11/Jul/2022:16:28:19 -0500] "GET /BLA/resoluciones/RESOLUCIONES%202019/1661.pdf HTTP/1.1" 200 343840
201.245.192.253 - - [11/Jul/2022:16:28:22 -0500] "GET /BLA/resoluciones/index.php?dir=RESOLUCIONES+2006%2F HTTP/1.1" 200 38542
201.245.192.253 - - [11/Jul/2022:16:28:22 -0500] "GET /BLA/resoluciones/dlf/unknown.png HTTP/1.1" 200 266
172.22.2.4 - - [11/Jul/2022:16:28:32 -0500] "POST /BLA/boletinlegal/admin/actos/ingresar.php HTTP/1.1" 200 7236
172.22.2.4 - - [11/Jul/2022:16:27:44 -0500] "GET /BLA/boletinlegal/ HTTP/1.1" 200 36811
201.245.192.253 - - [11/Jul/2022:16:28:39 -0500] "GET /BLA/resoluciones/index.php?dir=RESOLUCIONES+2006%2F HTTP/1.1" 200 38542
186.155.49.169 - - [11/Jul/2022:16:28:44 -0500] "GET /BLA/resoluciones/RESOLUCIONES%202019/1600.pdf HTTP/1.1" 200 335916
207.46.13.45 - - [11/Jul/2022:16:29:03 -0500] "GET /portaldeninos/2021/04/28/dia-internacional-de-concienciacion-sobre-el-ruido-por-una-ciudad-mas-tranquila-y-sostenible HTTP/1.1" 301 -
207.46.13.45 - - [11/Jul/2022:16:29:12 -0500] "GET /portaldeninos/2021/04/28/dia-internacional-de-concienciacion-sobre-el-ruido-por-una-ciudad-mas-tranquila-y-sostenible/ HTTP/1.1" 200 110349
201.244.245.139 - - [11/Jul/2022:16:29:16 -0500] "POST /sipsepre/faces/presentacion/financiero/solicitudProceso/consultarSolicitudProceso.xhtml HTTP/1.1" 200 5256
186.155.49.169 - - [11/Jul/2022:16:29:19 -0500] "GET /BLA/resoluciones/RESOLUCIONES%202019/1509.pdf HTTP/1.1" 200 336148
186.102.1.163 - - [11/Jul/2022:16:29:25 -0500] "GET /kwssiamovil/sm/ldap/au?x=U2FsdGVkX18pcjqQ49fUeynxpJiFUr9YvqZEfxRPMK16+emfL/Qnf0O4YPgt3qvU&y=U2FsdGVkX190u7vIbFsVsxoFsRW+Sp1sj0L8h61L98YrOoEEfITCfJVSRQsqcW3z HTTP/1.1" 200 30
201.244.245.139 - - [11/Jul/2022:16:29:27 -0500] "POST /sipsepre/faces/presentacion/financiero/solicitudProceso/consultarSolicitudProceso.xhtml HTTP/1.1" 200 5263
186.102.24.212 - - [11/Jul/2022:16:29:28 -0500] "GET /kwssiamovil/sm/acme/u?s=U2FsdGVkX19zHDjZ0XEG5lXkEaJeRQc8BnATLVyZaDaAqgYfHdlVZXiGC3yFM+NWycGtUOj5jNfs7RW+3bvWPiAA2/AFj3oshzJgQe5YSm5s2LAsJYWgkoMLLrN53b2N8FLol6/jQuLF97WIYNq85Q==&u=U2FsdGVkX19sWVSHjHl9sAMktjoa+G2856TnaTn5v4U=&y=U2FsdGVkX18uDbDk9jFvsQsCJPTeI8XhqClFrILQU7A= HTTP/1.1" 200 60
186.155.49.169 - - [11/Jul/2022:16:29:28 -0500] "GET /BLA/resoluciones/RESOLUCIONES%202019/1440.pdf HTTP/1.1" 200 325912
201.244.245.139 - - [11/Jul/2022:16:29:29 -0500] "POST /sipsepre/faces/presentacion/financiero/solicitudProceso/consultarSolicitudProceso.xhtml HTTP/1.1" 200 9393
172.22.2.4 - - [11/Jul/2022:16:29:49 -0500] "POST /BLA/boletinlegal/admin/actos/ingresar.php HTTP/1.1" 200 7236
186.155.49.169 - - [11/Jul/2022:16:29:49 -0500] "GET /BLA/resoluciones/RESOLUCIONES%202019/1439.pdf HTTP/1.1" 200 340859
186.102.1.163 - - [11/Jul/2022:16:29:52 -0500] "GET /kwssiamovil/sm/acme/a?s=U2FsdGVkX1/D7JkLAeXIkn+VTGOREMooJvU9tNhwVvqQ8L0BxjQ18Vjy9L0xrPZ4zFUgDKNyfnk+Qg5CfuA2dnhtfviTMnLbihOFdO44wgXFTrEnkncJboCH609wL8xsGbgnyBjU/cdTpeErzTZC6BcIS0grnFLlLdufUe2RjPZtBf2C2OZ6keC2q3w5JTdZyVKXN5M6AKcv401kX+pLdqwQU3nVVtQA/7n7FxYnqsiUTETyP/fq+as7rnwbUiafnHFjYDVkojsqFApPn9oPhA==&u=U2FsdGVkX1/H17fNRJ0e9KTLNRhSVU6gUArRO/rXFt0=&y=U2FsdGVkX18R/XfjQ2ZE5cf53PXU0DNyr0HQZapmNUKgl4U+e4oPImRrqnBxDpMo HTTP/1.1" 200 25
186.102.1.163 - - [11/Jul/2022:16:29:53 -0500] "GET /kwssiamovil/sm/acme/a?s=U2FsdGVkX19tQFLwaKNV9W5SdyVwO0AHV46RMifLMDuIZZXtTz0QuUM1/aNndRP4Vlqrkhy0pbiy4i+wDTy/Lystqyn9hvHfTbibsdFJ8mhZRYIylTY3O7XToIXMMxpl4aPaOTkkTvLQMSGREMRjTiBOvFENGTzUNGx/WWw4GgTxYDzPTBnxezJuwZVQm23/IxjtHgWh/xU/6YYVq5r/YyBk3MHUs+j6wa2E8nLhEUwnrAgqWSMq3a1Q3E12De4/Ae4UuBDHSIV6Yt4rt+/Rpl2LgTNbbpYc4bbGofmOlx1v0RHrQ9czDJE8WuVFeOaqjRQyZS8vpwi7bUV/zunPF8gm1j3eQbMyfPPeTm3tTm66gnDuYHtHsGJHA6OQltEjbJhlsM+SZm8Ru0uBynVXhd/Een56BiyvOzvFSMDOW3cHObAPU/w/JO/wNe1uPY6qMS+mDF+x/xV4ekJ7mxp4zYRnFe7mhrDLP8850C8vr/mSk/qNs9EHzoHEQ2Rb4bIuJQR6KjBLxZoeXKzyDxiO47hTP0bzaMkHCjtaqz5Cjh+jYaKUCVM6bjNWZJ6D4/jchDRbF2dTKHHkxg7AQtRqS0OxV96Q2wry/RuauewYEI6QDR5LSTE6S++vf4xQqRRH26BfeWFWxXpw6mrwX0HKRo7ST+dpuperpM8dRQzTvMVZsuWhmE3P+YB6GziyZZyvSelHc6N7nWxQ7S9f1MBf4zBkCIFzctU9J7g65YQJwDeLU6t4ZDI7L1HX5Tjak26rbffMASiImwM7GyDZh16hzZhBgkVsniHdtP7zGCVoQoNzbms/qX89rPhiotwpx9jLmZ17h1j22+DffOmggV/G9ZGnjGh0F/D0BINJEjPiJxdQrtv//o4oSuyjJlYZR67+hXD6wHj2EbDfJajpTxG1HwmGioKkxxBwCG3t5M6edGMkUKk3dL448aB6ZmEm8TzHEog4AO6Rn9SWfgFEkiNwdiyRqUfRu4G3BpwVDgdjCJTgx2/R4W1+XV/wQEPPs0qa+fl+VJRwyuzpP5lErsVxtrBPjhONu8y9OlB5jv9AftQD9LwMYOVLbWIAdZyWGugg9Sv6Qn6Czc6lIiX7YD7CUdyzXqgOnCzqzlYpG7mvQX4Ey9zgVqsUvmoQ/82cYTjekfA5ycpfhFDwMzwLM8R76riSZddJ/GDkEQodnhUmF88JULF8gBrcAOuN7pH3gIarEg5Bnd+QF0OpgHhBR4CSdQ3Ge8ZQJr9CfKuCl5AuMH05UkH8qJW6nRrMkAfGYBA1yRl5l++TJZuyJaPNmvUPdQVzv3VIcK8Jc50d5Nzzd36Rj9OvweT766ld0gcxFM0fiWIt+6aF8XUVhmrLYP38R5AWI+4qwa2cqPrlIcfW5nwd4nw98skRoZUSf5506J35cEs2iJKLy8VgRe9WfHN1t/l9Tcrba6OFq3zJsr4C9uKA3HnIwN3VprSQt8JuSGeZ7bhpEIOKSfa47tVworMYn3iuzjwLilhCybUcSXUq3Ju+MnHTxaMlj9kvBT1VZNuxXdV7OhaRTPZjg4vlo8NIggxuSOasHhqSxzNrIKthH5judifYL/806SxXflSOhqIxsgJ2wj8XKkJfJEzr8u4wlu0nG+uy+5v+7bp3az1/sZQjQD+v2oVofUuu3+f1xTAJwL9yGJXPe8BzKSi9lLZxauOSlTCWQYoa6OYNr48ebWuUG17A4bDGj0fT3Ct+T2ZC&u=U2FsdGVkX1/H17fNRJ0e9KTLNRhSVU6gUArRO/rXFt0=&y=U2FsdGVkX18R/XfjQ2ZE5cf53PXU0DNyr0HQZapmNUKgl4U+e4oPImRrqnBxDpMo HTTP/1.1" 200 25
186.102.1.163 - - [11/Jul/2022:16:29:53 -0500] "GET /kwssiamovil/sm/acme/a?s=U2FsdGVkX18qpKfm13iJeLsZ/cNkwwwvPY3lWkvfLIjvJcJVf5cDqMWacYBTW3dlDgltkI5oinbVixP0100upbMU1YqUeHlEqDH/G0sPNA8QLdLw+ZaQEixoE0KqWoToWB9KdTGOLaCJyJePB3/jnNiR7031ebKkfI+j19tuKhc=&u=U2FsdGVkX1/H17fNRJ0e9KTLNRhSVU6gUArRO/rXFt0=&y=U2FsdGVkX18R/XfjQ2ZE5cf53PXU0DNyr0HQZapmNUKgl4U+e4oPImRrqnBxDpMo HTTP/1.1" 200 25
186.102.1.163 - - [11/Jul/2022:16:29:53 -0500] "GET /kwssiamovil/sm/acme/a?s=U2FsdGVkX19PqdQfL1OKKDJYFMko5w5vNxo92b5T5snZkbQXU8Th5C0dP6bhpYp9scHMPi3r7A08OZE0+iupVWsJEPXRd6zl0CNfo6EER85Svi2t4B+c2WJrn74A3iB89GzW48xqLFxNniGQ6xKZyl5ugazHeWiABUkbB8qgt98=&u=U2FsdGVkX1/H17fNRJ0e9KTLNRhSVU6gUArRO/rXFt0=&y=U2FsdGVkX18R/XfjQ2ZE5cf53PXU0DNyr0HQZapmNUKgl4U+e4oPImRrqnBxDpMo HTTP/1.1" 200 25
186.102.1.163 - - [11/Jul/2022:16:29:53 -0500] "GET /kwssiamovil/sm/acme/a?s=U2FsdGVkX1+bYTAsPCaT0g+MwahO9LgQOOsaZGfvFUlSyOCwA7LOKd6okbK4XNoTa7AzawdQLI9NVVs0Qs7MI4w64GLcu6DSvgm/uxh1oR/G/1XBQAQbVEvX/LI+3MJs5kMU/B4wLAi3zupCWuhhgo4wFS6AEq/Ukw5BUpHCa5U=&u=U2FsdGVkX1/H17fNRJ0e9KTLNRhSVU6gUArRO/rXFt0=&y=U2FsdGVkX18R/XfjQ2ZE5cf53PXU0DNyr0HQZapmNUKgl4U+e4oPImRrqnBxDpMo HTTP/1.1" 200 25
186.102.1.163 - - [11/Jul/2022:16:29:54 -0500] "GET /kwssiamovil/sm/acme/a?s=U2FsdGVkX19PrSqVAZhR54c/Mg6dREN0YuyCXvkyq+qMU9ZyjyMPABCLj1J6gZj1SUj7WLM58l17S8wkvE0cHSrLlsmgacMuXI739AuRr8c438vbGwX8IiKpEiis/iX7LhwUZVKhyeZjC0HekG1bzDOiAE2z+xXVNQ+Pn88l5cd3qFqd3CGZx2PqprIYiBAa&u=U2FsdGVkX1/H17fNRJ0e9KTLNRhSVU6gUArRO/rXFt0=&y=U2FsdGVkX18R/XfjQ2ZE5cf53PXU0DNyr0HQZapmNUKgl4U+e4oPImRrqnBxDpMo HTTP/1.1" 200 25
186.102.1.163 - - [11/Jul/2022:16:29:54 -0500] "GET /kwssiamovil/sm/acme/a?s=U2FsdGVkX19VZphB55+SsJXEwVmPwlbf+uKg8wiHyGUksBnJYtQeGRa6eyU3rFjexXeA8tDdd0icGUbY7MBxDo3i/5oqtjjT+gYiOtG3qIIF5qiNF2SaI7CV1F1AI61V+8CCLus8BtOeXLlm2cEWssZjVawLWZwc/EGW8fZB3cnv9Z4+efupJckYPZefp+dZ1diwpc48cxB/wkipSSgtSg==&u=U2FsdGVkX1/H17fNRJ0e9KTLNRhSVU6gUArRO/rXFt0=&y=U2FsdGVkX18R/XfjQ2ZE5cf53PXU0DNyr0HQZapmNUKgl4U+e4oPImRrqnBxDpMo HTTP/1.1" 200 25
186.102.1.163 - - [11/Jul/2022:16:29:54 -0500] "GET /kwssiamovil/sm/acme/a?s=U2FsdGVkX18HUmVAs37lnHfy2+PHm3XUVLwaTgtzPNxYIr29TgMXmnzORzwkGjosICgd7z1xCYImjUZD19ofblOFM7JGA3tFZwHFb2ucgj8wDK4e4kJkE4xHZj3zpGSxg8NdMyU2U4exgY6McCgcdFAo3TjnNJmyw7xymY5E/9I=&u=U2FsdGVkX1/H17fNRJ0e9KTLNRhSVU6gUArRO/rXFt0=&y=U2FsdGVkX18R/XfjQ2ZE5cf53PXU0DNyr0HQZapmNUKgl4U+e4oPImRrqnBxDpMo HTTP/1.1" 200 25
185.119.81.102 - - [11/Jul/2022:16:29:58 -0500] "GET /portaldeninos/wp-login.php HTTP/1.1" 200 2592
185.119.81.102 - - [11/Jul/2022:16:29:59 -0500] "POST /portaldeninos/wp-login.php HTTP/1.1" 200 3650
172.22.2.4 - - [11/Jul/2022:16:28:24 -0500] "HEAD /BLA/boletinlegal/ HTTP/1.1" 200 -
186.102.24.212 - - [11/Jul/2022:16:30:14 -0500] "GET /kwssiamovil/sm/acme/u?s=U2FsdGVkX18R48Nkgq1VzDXkBnnqdhXBG/9mX6VNT2eiRcu2Q6jIQ1N04mtenP2BsxxtIodFM19u15neyQMPjnWSjDeHhMMYhvJ9vEifcs5kWXvdAeuczoBMI6qPcNmSv0j9VP9zyDu8ABZMeVOPOlJFO/SD+lyc7+wRTAUa9fQxBozToTR0qGBh/yiUbMeBK69fgUkRFTOhOldI6fkn3AJY/pTodhrtBqYYru3pm+5JkYniaRx2ZhdbxQDsjLZb&u=U2FsdGVkX19sWVSHjHl9sAMktjoa+G2856TnaTn5v4U=&y=U2FsdGVkX18uDbDk9jFvsQsCJPTeI8XhqClFrILQU7A= HTTP/1.1" 200 60
186.155.49.169 - - [11/Jul/2022:16:30:15 -0500] "GET /BLA/resoluciones/RESOLUCIONES%202019/1433.pdf HTTP/1.1" 200 308717
127.0.0.1 - - [11/Jul/2022:16:30:20 -0500] "GET /phpmyadmin/sql.php?server=1&db=datos&table=requerimientos&pos=0&token=9db67f3820a2983929f25e0dfbf52677&ajax_request=true&ajax_page_request=true&menuHashes=3b7ab9f2-bd789869&_nocache=1657575020081133554 HTTP/1.1" 200 149540
127.0.0.1 - - [11/Jul/2022:16:30:21 -0500] "GET /phpmyadmin/js/get_scripts.js.php?scripts[]=jquery/jquery.uitablefilter.js&scripts[]=tbl_change.js&scripts[]=gis_data_editor.js&scripts[]=multi_column_sort.js&token=9db67f3820a2983929f25e0dfbf52677&call_done=1 HTTP/1.1" 200 47691
127.0.0.1 - - [11/Jul/2022:16:30:22 -0500] "GET /phpmyadmin/index.php?ajax_request=1&recent_table=1&token=9db67f3820a2983929f25e0dfbf52677 HTTP/1.1" 304 -
127.0.0.1 - - [11/Jul/2022:16:30:23 -0500] "GET /phpmyadmin/tbl_structure.php?db=datos&table=requerimientos&token=9db67f3820a2983929f25e0dfbf52677&ajax_request=true&ajax_page_request=true&menuHashes=3b7ab9f2-bd789869-3839854e&_nocache=1657575023887753851 HTTP/1.1" 200 107995
127.0.0.1 - - [11/Jul/2022:16:30:27 -0500] "GET /phpmyadmin/js/get_scripts.js.php?scripts[]=tbl_structure.js&token=9db67f3820a2983929f25e0dfbf52677&call_done=1 HTTP/1.1" 200 22246
127.0.0.1 - - [11/Jul/2022:16:30:31 -0500] "GET /phpmyadmin/index.php?ajax_request=1&recent_table=1&token=9db67f3820a2983929f25e0dfbf52677 HTTP/1.1" 304 -
186.102.34.50 - - [11/Jul/2022:16:30:31 -0500] "OPTIONS /kwssiamovil/sm/setfile/f? HTTP/1.1" 200 13
186.102.34.50 - - [11/Jul/2022:16:30:32 -0500] "POST /kwssiamovil/sm/setfile/f? HTTP/1.1" 200 381
186.102.34.50 - - [11/Jul/2022:16:30:36 -0500] "OPTIONS /kwssiamovil/sm/setfile/f? HTTP/1.1" 200 13
186.155.49.169 - - [11/Jul/2022:16:30:37 -0500] "GET /BLA/resoluciones/RESOLUCIONES%202019/1432.pdf HTTP/1.1" 200 333359
186.102.34.50 - - [11/Jul/2022:16:30:36 -0500] "POST /kwssiamovil/sm/setfile/f? HTTP/1.1" 200 381
186.102.34.50 - - [11/Jul/2022:16:30:40 -0500] "OPTIONS /kwssiamovil/sm/setfile/f? HTTP/1.1" 200 13
127.0.0.1 - - [11/Jul/2022:16:30:43 -0500] "GET /phpmyadmin/tbl_structure.php?db=datos&table=requerimientos&token=9db67f3820a2983929f25e0dfbf52677&goto=tbl_structure.php&back=tbl_structure.php&field=PRESENTACION&change_column=1&ajax_request=true&_nocache=1657575043122729830 HTTP/1.1" 200 43226
186.102.34.50 - - [11/Jul/2022:16:30:40 -0500] "POST /kwssiamovil/sm/setfile/f? HTTP/1.1" 200 381
186.155.49.169 - - [11/Jul/2022:16:30:50 -0500] "GET /BLA/resoluciones/RESOLUCIONES%202019/1338.pdf HTTP/1.1" 200 348657
186.102.34.50 - - [11/Jul/2022:16:30:53 -0500] "GET /kwssiamovil/sm/acme/a?s=U2FsdGVkX1/b6WcaIO0CYatRbzxCLJTOfKVylxf6STvwCDFcIyO4pWovOygNdSsgXIVKbb/x0YNuuETqDR1Ovl6sSPNYkmTgSiymbNFAyUsfGC+XbN2P+t2CmxutisSW4cSt7g0Eq1Yz0uAYCdVCBuitV8qYy+oZPbzoSN1JaXvLuQJxSRY0XxsaUiod4kfC4UL0ey3RW6kZmlG6UG5jez60hMo2S9tqG1CWkVWHgWaqwRTJf84uYKrzeBNXuh9/vJnzdq8mcMlGrgpyVqkbeA==&u=U2FsdGVkX18Da7xL+0s6ueeX+YAztIS4F2Yfxw3cI5DynI3Q+ySY5ZwbwF5SB0Wk&y=U2FsdGVkX19RMSb6H7LB92AHDNuJYbV4WkWkDd/VQkyTIuIvbDatgG4WXc7dejp9 HTTP/1.1" 200 25
186.102.34.50 - - [11/Jul/2022:16:30:54 -0500] "GET /kwssiamovil/sm/acme/a?s=U2FsdGVkX1/EWconWAI6ble17OVqZVL2YNfoISmMS7ZDcwLr74tqU4Mz0+6PQsHeufPPblSZzNx5nv7V3sorCFxzXKELXv1XhNCoN8hcFqPhMgOR/nOMxnnFEWmSO3M6AkZEOSxwjK4Li4oVO6dZuU+IXXso+8y7YpTdHB5u+dCIdU5JzQbpKrLtaJP9H6M4gE6g3Irkt+aaHT+yTAZkNzzmUG5+KyPpKedK0ZJh9B8YHS7/6if/7set6b0w84cpcyiMl49Um2uNQc03svWuIGjh3TjbTTtm5qJZZXj3BfiausMh98BIHwVfNoKTs3IyyuJRK3DICs/d1R8RQnQyG2/wHIl/mni5r/I+QAWeXKNKHdH7oMX7hzQGdf8iCx+N2wpmbDGwQwxuTj1+2XDxkV0YdHNPp2UDsdqCdoe2W6Q7vypdsu5EVG3aOoxX8porwimQqurMH82qjIYfIWANL2pFoNSe4Com+upFPsX4dNJUd1+GfowyUYR18+CS2qZG0iDtOvG2f1Aa2Z43xwQ1/6frfhs9wfs1Y2Es/H3ww9pIKZtIHBTEwjGlRjUCpEC8wKSl561BeX3HWo7Lv4gYZUpZGsHB5V7NTV5eBwWkhDJ+hr99bZXR1mMSdLKlrtgmF8I+tdcC/dFvefmhJtPbkeJHUIt/dYixvXpDg/7C3EiNhfEBfwgbCHoo48QdtqsuZCZVumGKD3zzMo61A78LIhDsm2CldJPUqBZAamzt63aZEvF8DYgnUa32wv696+xyhmWXpq5MmYZIxGYTEOnp6F73i5ctji5JVuLwpRnVTb0CxSsC8fxP7NoHeGyOLnyU/0M6R1E/g/avWsVhMlfDKf/KJp6rTG4Y5dyJpQ+zRDTKIOxNWliVpiSjR+skGIfeZ5ZYby8VHl1B8MZRzglv7i0e3/3GSuW/Eqoja3+9mjJ+HqEksx7ESvG4G9ynFN1neJyEnow1t4CZiZqnDPR4SG4HKNb6jXfX7B2sCcuxYSlgyu2FA/yaziPdB7CXf7Q2+jkcfWtDFeZuQsHUKI6ZFVE/Oo9seWfHGgvnizGMeQl0L6qEAHJkyb4HfAzu8Kq5+L5AqY9VIEkZFlHphrHjHv6K62NlVZ2fnKCVsLIwnIoqVwAgofK8C1izq0WlMj5r676hP3fOPAlpUl1XObwLciY82TnyQcGiWQpXfwp836qdHWzdAxHq88gk7tUrJxSUgjT2pzLL6c408o61zWigT3UxJGnfcu6B9dOF/p17Mpl8W6ib4cYIiCrDskf9SXKIdHmJS2WIKOsvg7JYyCXeyXoMKgMH+jd8wDis2uclPAqExfmifop4Xq9xBjKHvMDZvPaRsz+cB4PNz7/If3DylA==&u=U2FsdGVkX18Da7xL+0s6ueeX+YAztIS4F2Yfxw3cI5DynI3Q+ySY5ZwbwF5SB0Wk&y=U2FsdGVkX19RMSb6H7LB92AHDNuJYbV4WkWkDd/VQkyTIuIvbDatgG4WXc7dejp9 HTTP/1.1" 200 25
186.102.34.50 - - [11/Jul/2022:16:30:54 -0500] "GET /kwssiamovil/sm/acme/a?s=U2FsdGVkX181YdWk1N8wxVgTWCwO+p7XvfAoAEtFMuZeC/t76w4Ec+CUfA1VlhRtOMOzIW56MNLGffGRcVSfLyWL3+Ww+WqzjzcXilmdBJy8AiYfPnULLyYJJRB0jGn4OnLA0CrLkTDN06SP3tcjdLxXpQ7N78PviVgFUSOS0qk=&u=U2FsdGVkX18Da7xL+0s6ueeX+YAztIS4F2Yfxw3cI5DynI3Q+ySY5ZwbwF5SB0Wk&y=U2FsdGVkX19RMSb6H7LB92AHDNuJYbV4WkWkDd/VQkyTIuIvbDatgG4WXc7dejp9 HTTP/1.1" 200 25
186.102.34.50 - - [11/Jul/2022:16:30:54 -0500] "GET /kwssiamovil/sm/acme/a?s=U2FsdGVkX19jrpGFaGl5v5ZMFTC7woQuU+5TXzXiZT6RWvEkvk3GGhdHvq7EE0MHHYrIaXtx5BpwvURCtYRNPzOkCIcvG8MC/hMjE/egsB6k0mSlsj88SlT+YujsIE0S0x0k6GWeZbpasqkARCdM+Qk6YjZ7f5XyggEH7OXHjXo=&u=U2FsdGVkX18Da7xL+0s6ueeX+YAztIS4F2Yfxw3cI5DynI3Q+ySY5ZwbwF5SB0Wk&y=U2FsdGVkX19RMSb6H7LB92AHDNuJYbV4WkWkDd/VQkyTIuIvbDatgG4WXc7dejp9 HTTP/1.1" 200 25
172.22.2.4 - - [11/Jul/2022:16:29:14 -0500] "GET /BLA/boletinlegal/ HTTP/1.1" 200 58122
186.102.34.50 - - [11/Jul/2022:16:30:54 -0500] "GET /kwssiamovil/sm/acme/a?s=U2FsdGVkX1/neJtjTWiOcaYsSHM2HQuUr4pHfBoQQp3OKnSI7bHX4823vBkH/agucOuDxX80Myu76fhntNip8Z7cBitk0v2iVTsfXLdsGuixq2rspPSuQLU3TvewqsTIS6t3N3BlR838U4/TgdMd+iUNBd/wAkKpdsNFluam+lo=&u=U2FsdGVkX18Da7xL+0s6ueeX+YAztIS4F2Yfxw3cI5DynI3Q+ySY5ZwbwF5SB0Wk&y=U2FsdGVkX19RMSb6H7LB92AHDNuJYbV4WkWkDd/VQkyTIuIvbDatgG4WXc7dejp9 HTTP/1.1" 200 25
186.102.34.50 - - [11/Jul/2022:16:30:55 -0500] "GET /kwssiamovil/sm/acme/a?s=U2FsdGVkX180v37BOuUCi5Yr319Mbm2qVW3FrRgMfFhuSzEwjq0PuKx8eDG/s7wWFhPtAUViHl0NSUx1Nk+G6AV8ZpVodKt44D8YsY1337/x7aq0KDg+pPKz7NSXc7Ru7xNJlwuW+s5RtqN0GpmFrJp9lckvCb88rAeIwLfEarUnSDNKC2vACSTgGIP/P13+&u=U2FsdGVkX18Da7xL+0s6ueeX+YAztIS4F2Yfxw3cI5DynI3Q+ySY5ZwbwF5SB0Wk&y=U2FsdGVkX19RMSb6H7LB92AHDNuJYbV4WkWkDd/VQkyTIuIvbDatgG4WXc7dejp9 HTTP/1.1" 200 25
186.102.34.50 - - [11/Jul/2022:16:30:55 -0500] "GET /kwssiamovil/sm/acme/a?s=U2FsdGVkX1+2hA0HWd6kYKXLtLoiUEqs30f4bqdhcqytHtBmajU0BNX4FqR2D2REH3OBjaKvcUzIiphfVg921wkAGIhYWASVA1lGTOn2iaLu5UL4EXJeVqw/26OvnqqxNWdI86OGVkWk98OL/D0yX0h0MN4kixArPrkwg4zF6TobDTJekP51u94jchw5frxd79XQl2iotdLYdTD7z1hEYg==&u=U2FsdGVkX18Da7xL+0s6ueeX+YAztIS4F2Yfxw3cI5DynI3Q+ySY5ZwbwF5SB0Wk&y=U2FsdGVkX19RMSb6H7LB92AHDNuJYbV4WkWkDd/VQkyTIuIvbDatgG4WXc7dejp9 HTTP/1.1" 200 25
186.102.34.50 - - [11/Jul/2022:16:30:55 -0500] "GET /kwssiamovil/sm/acme/a?s=U2FsdGVkX1/crcf0eJhdoIwICb9+1OVm8s1emO69w8Kd3seQ7s9VTJyz1gEgs581MPmfeGE9h7W4vjy5Yjtj1V5Ywrqkut+b53uG+vYsC3K+/r3ibRxgEST6Z4hXiZl5xFwfw/sqcGgQVcILBKTSp0/pZXytP8hcsXGTS2rcHmdQoChWkB/4OsWHgGOZlrel&u=U2FsdGVkX18Da7xL+0s6ueeX+YAztIS4F2Yfxw3cI5DynI3Q+ySY5ZwbwF5SB0Wk&y=U2FsdGVkX19RMSb6H7LB92AHDNuJYbV4WkWkDd/VQkyTIuIvbDatgG4WXc7dejp9 HTTP/1.1" 200 25
186.102.34.50 - - [11/Jul/2022:16:30:55 -0500] "GET /kwssiamovil/sm/acme/a?s=U2FsdGVkX19jJML7T84TTvKBG/06bm/7G3t37q1tj0Kk4WZcpKWfNxHXcXsQjjN0h7RyGrYB3kH4RgSbb5hikH0awEn8zrA8sBX8a+oe2jBqXZhB1F5lofecaCoBUVloEIvRHAqM0Xll4hmFW3bsPUKEpYtezh0yeNDhperAgZudPxs47vQtAp8TuNU3fWeVUgxmgIJ4rcCWlHpSzmOFHQ==&u=U2FsdGVkX18Da7xL+0s6ueeX+YAztIS4F2Yfxw3cI5DynI3Q+ySY5ZwbwF5SB0Wk&y=U2FsdGVkX19RMSb6H7LB92AHDNuJYbV4WkWkDd/VQkyTIuIvbDatgG4WXc7dejp9 HTTP/1.1" 200 25
186.102.34.50 - - [11/Jul/2022:16:30:55 -0500] "GET /kwssiamovil/sm/acme/a?s=U2FsdGVkX1/PaB0FPqxQAfuTNvGbQNKvU7VL0Yr6IEYxOiM+z8WHXmtaDXhEdA0STO5KHuPAA6KwecenyPEUlU1Qf1eoxqgG+isq4kroV5Pv7p06UCeapSIz6/w1fZC1dbmZEQVqRt6/YNjGUZauv3NQOQXmn/wB/mq/RLetgdKcDwg3ID3svXrbEiOXprXn&u=U2FsdGVkX18Da7xL+0s6ueeX+YAztIS4F2Yfxw3cI5DynI3Q+ySY5ZwbwF5SB0Wk&y=U2FsdGVkX19RMSb6H7LB92AHDNuJYbV4WkWkDd/VQkyTIuIvbDatgG4WXc7dejp9 HTTP/1.1" 200 25
186.102.34.50 - - [11/Jul/2022:16:30:56 -0500] "GET /kwssiamovil/sm/acme/a?s=U2FsdGVkX1/x0bZm12FgothWmB7Q+/Zm22QP+CEzGLOXsdYZK2XkGs9aBYgQw/WHFMIxdrgN9E1AXdpCzNwWBgX6P3/GcJfnI01rX7Gzs5a/mNFrP+5aHPNguKIxjJJxKMp0nmlgnGhyJNzHK/miKQ9Q7JIJmBszEOxwisL5Pe6CtxIlqxqtgyBO/2cRKhZ7GkWH3vYUhnB4Os3/eEw53g==&u=U2FsdGVkX18Da7xL+0s6ueeX+YAztIS4F2Yfxw3cI5DynI3Q+ySY5ZwbwF5SB0Wk&y=U2FsdGVkX19RMSb6H7LB92AHDNuJYbV4WkWkDd/VQkyTIuIvbDatgG4WXc7dejp9 HTTP/1.1" 200 25
186.102.34.50 - - [11/Jul/2022:16:30:56 -0500] "GET /kwssiamovil/sm/acme/a?s=U2FsdGVkX1+bVBENLl10H9o+iotFvrJB0L/KpsZLlG2Aav7gLnyFfg4dG4VqMwxQVnBgoSFLt6+A1GeGNgnnQKSaegll9wkge8l0uxThIQjfnrDulZ7oOG89urGkvsGKB5jgMGQ73UrcHrSsBq/hAiHOUhITD7ugquHrOk5YtIGGny32ZE7k7Sw1zdNOklSZ&u=U2FsdGVkX18Da7xL+0s6ueeX+YAztIS4F2Yfxw3cI5DynI3Q+ySY5ZwbwF5SB0Wk&y=U2FsdGVkX19RMSb6H7LB92AHDNuJYbV4WkWkDd/VQkyTIuIvbDatgG4WXc7dejp9 HTTP/1.1" 200 25
172.22.2.4 - - [11/Jul/2022:16:30:59 -0500] "GET /BLA/boletinlegal/jurisprudencia/analisis/AnalisisC-035-16.docx HTTP/1.1" 304 -
186.30.129.206 - - [11/Jul/2022:16:31:02 -0500] "GET /BLA/resoluciones/index.php?dir=AUTOS+2011%2F HTTP/1.1" 200 633976
186.155.49.169 - - [11/Jul/2022:16:31:05 -0500] "GET /BLA/resoluciones/RESOLUCIONES%202019/1299.pdf HTTP/1.1" 200 337426
172.22.2.4 - - [11/Jul/2022:16:31:05 -0500] "POST /BLA/boletinlegal/admin/actos/ingresar.php HTTP/1.1" 200 7236
