190.143.75.229 - - [11/Jul/2022:11:48:38 -0500] "GET /BLA/boletinlegal/niceforms.js HTTP/1.1" 200 22876
190.143.75.229 - - [11/Jul/2022:11:48:38 -0500] "GET /BLA/boletinlegal/images/cabezote%20BLEGAL.jpg HTTP/1.1" 200 118164
190.143.75.229 - - [11/Jul/2022:11:48:38 -0500] "GET /BLA/boletinlegal/images/subscribe-icon-big.png HTTP/1.1" 200 47702
190.143.75.229 - - [11/Jul/2022:11:48:38 -0500] "GET /BLA/boletinlegal/images/historia.png HTTP/1.1" 200 52775
190.143.75.229 - - [11/Jul/2022:11:48:38 -0500] "GET /BLA/boletinlegal/images/registro-usuarios.png HTTP/1.1" 200 8106
190.143.75.229 - - [11/Jul/2022:11:48:38 -0500] "GET /BLA/boletinlegal/images/abajo.png HTTP/1.1" 200 96676
190.143.75.229 - - [11/Jul/2022:11:48:38 -0500] "GET /BLA/boletinlegal/images/tel.png HTTP/1.1" 200 14477
190.143.75.229 - - [11/Jul/2022:11:48:38 -0500] "GET /BLA/boletinlegal/images/icono-email.png HTTP/1.1" 200 5544
190.143.75.229 - - [11/Jul/2022:11:48:38 -0500] "GET /BLA/boletinlegal/images/body_bg.jpg HTTP/1.1" 200 1601
190.143.75.229 - - [11/Jul/2022:11:48:38 -0500] "GET /BLA/boletinlegal/images/menu_lft.gif HTTP/1.1" 200 1713
190.143.75.229 - - [11/Jul/2022:11:48:38 -0500] "GET /BLA/boletinlegal/images/bg_top.jpg HTTP/1.1" 200 522
190.143.75.229 - - [11/Jul/2022:11:48:38 -0500] "GET /BLA/boletinlegal/images/menu_rght.gif HTTP/1.1" 200 1627
190.143.75.229 - - [11/Jul/2022:11:48:38 -0500] "GET /BLA/boletinlegal/images/menu_bg.jpg HTTP/1.1" 200 620
190.143.75.229 - - [11/Jul/2022:11:48:38 -0500] "GET /BLA/boletinlegal/images/hover.jpg HTTP/1.1" 200 640
190.143.75.229 - - [11/Jul/2022:11:48:38 -0500] "GET /BLA/boletinlegal/images/text.jpg HTTP/1.1" 200 568
190.143.75.229 - - [11/Jul/2022:11:48:38 -0500] "GET /BLA/boletinlegal/images/footer_bg.jpg HTTP/1.1" 200 586
190.143.75.229 - - [11/Jul/2022:11:48:38 -0500] "GET /BLA/boletinlegal/images/footer_bg_l.jpg HTTP/1.1" 200 776
190.143.75.229 - - [11/Jul/2022:11:48:38 -0500] "GET /BLA/boletinlegal/img/0.png HTTP/1.1" 200 110
190.143.75.229 - - [11/Jul/2022:11:48:38 -0500] "GET /BLA/boletinlegal/img/select-left.png HTTP/1.1" 200 263
190.143.75.229 - - [11/Jul/2022:11:48:38 -0500] "GET /BLA/boletinlegal/img/select-right.png HTTP/1.1" 200 44019
190.143.75.229 - - [11/Jul/2022:11:48:38 -0500] "GET /BLA/boletinlegal/img/button.png HTTP/1.1" 200 43241
190.143.75.229 - - [11/Jul/2022:11:48:38 -0500] "GET /BLA/boletinlegal/img/button-right.png HTTP/1.1" 200 57878
190.143.75.229 - - [11/Jul/2022:11:48:38 -0500] "GET /BLA/boletinlegal/img/button-left.png HTTP/1.1" 200 57071
186.102.8.77 - - [11/Jul/2022:11:49:15 -0500] "OPTIONS /kwssiamovil/sm/setfile/f? HTTP/1.1" 200 13
181.63.220.121 - - [11/Jul/2022:11:49:15 -0500] "GET /BLA/resoluciones/RESOLUCIONES%202009/1940.pdf HTTP/1.1" 200 467535
172.22.2.4 - - [11/Jul/2022:11:49:15 -0500] "GET /BLA/boletinlegal/actos.php HTTP/1.1" 200 9559
172.22.2.4 - - [11/Jul/2022:11:49:15 -0500] "GET /BLA/boletinlegal/styles2.css HTTP/1.1" 200 1838
172.22.2.4 - - [11/Jul/2022:11:49:15 -0500] "GET /BLA/boletinlegal/js/ajax_actos.js HTTP/1.1" 200 1322
172.22.2.4 - - [11/Jul/2022:11:49:15 -0500] "GET /BLA/boletinlegal/niceforms-default.css HTTP/1.1" 200 6694
172.22.2.4 - - [11/Jul/2022:11:49:15 -0500] "GET /BLA/boletinlegal/style.css HTTP/1.1" 200 9406
172.22.2.4 - - [11/Jul/2022:11:49:15 -0500] "GET /BLA/boletinlegal/niceforms.js HTTP/1.1" 200 22876
172.22.2.4 - - [11/Jul/2022:11:49:15 -0500] "GET /BLA/boletinlegal/js/jquery1.js HTTP/1.1" 200 29846
172.22.2.4 - - [11/Jul/2022:11:49:15 -0500] "GET /BLA/boletinlegal/js/lib.js HTTP/1.1" 200 6474
172.22.2.4 - - [11/Jul/2022:11:49:15 -0500] "GET /BLA/boletinlegal/js/popup.js HTTP/1.1" 200 1270
172.22.2.4 - - [11/Jul/2022:11:49:15 -0500] "GET /BLA/boletinlegal/images/cabezote%20BLEGAL.jpg HTTP/1.1" 200 118164
172.22.2.4 - - [11/Jul/2022:11:49:15 -0500] "GET /BLA/boletinlegal/images/subscribe-icon-big.png HTTP/1.1" 200 47702
172.22.2.4 - - [11/Jul/2022:11:49:16 -0500] "GET /BLA/boletinlegal/images/green-yellow-blue-pink-th.png HTTP/1.1" 200 7394
172.22.2.4 - - [11/Jul/2022:11:49:16 -0500] "GET /BLA/boletinlegal/images/registro-usuarios.png HTTP/1.1" 200 8106
172.22.2.4 - - [11/Jul/2022:11:49:16 -0500] "GET /BLA/boletinlegal/images/historia.png HTTP/1.1" 200 52775
172.22.2.4 - - [11/Jul/2022:11:49:16 -0500] "GET /BLA/boletinlegal/images/abajo.png HTTP/1.1" 200 96676
172.22.2.4 - - [11/Jul/2022:11:49:16 -0500] "GET /BLA/boletinlegal/images/icono-email.png HTTP/1.1" 200 5544
172.22.2.4 - - [11/Jul/2022:11:49:16 -0500] "GET /BLA/boletinlegal/images/tel.png HTTP/1.1" 200 14477
172.22.2.4 - - [11/Jul/2022:11:49:16 -0500] "GET /BLA/boletinlegal/images/body_bg.jpg HTTP/1.1" 200 1601
172.22.2.4 - - [11/Jul/2022:11:49:16 -0500] "GET /BLA/boletinlegal/images/menu_lft.gif HTTP/1.1" 200 1713
172.22.2.4 - - [11/Jul/2022:11:49:16 -0500] "GET /BLA/boletinlegal/images/bg_top.jpg HTTP/1.1" 200 522
172.22.2.4 - - [11/Jul/2022:11:49:16 -0500] "GET /BLA/boletinlegal/images/menu_rght.gif HTTP/1.1" 200 1627
172.22.2.4 - - [11/Jul/2022:11:49:16 -0500] "GET /BLA/boletinlegal/images/menu_bg.jpg HTTP/1.1" 200 620
172.22.2.4 - - [11/Jul/2022:11:49:16 -0500] "GET /BLA/boletinlegal/images/hover.jpg HTTP/1.1" 200 640
172.22.2.4 - - [11/Jul/2022:11:49:16 -0500] "GET /BLA/boletinlegal/images/text.jpg HTTP/1.1" 200 568
172.22.2.4 - - [11/Jul/2022:11:49:16 -0500] "GET /BLA/boletinlegal/images/footer_bg_l.jpg HTTP/1.1" 200 776
172.22.2.4 - - [11/Jul/2022:11:49:16 -0500] "GET /BLA/boletinlegal/images/footer_bg.jpg HTTP/1.1" 200 586
172.22.2.4 - - [11/Jul/2022:11:49:16 -0500] "GET /BLA/boletinlegal/img/0.png HTTP/1.1" 200 110
172.22.2.4 - - [11/Jul/2022:11:49:16 -0500] "GET /BLA/boletinlegal/img/select-left.png HTTP/1.1" 200 263
172.22.2.4 - - [11/Jul/2022:11:49:16 -0500] "GET /BLA/boletinlegal/img/select-right.png HTTP/1.1" 200 44019
172.22.2.4 - - [11/Jul/2022:11:49:16 -0500] "GET /BLA/boletinlegal/img/button.png HTTP/1.1" 200 43241
172.22.2.4 - - [11/Jul/2022:11:49:16 -0500] "GET /BLA/boletinlegal/img/button-left.png HTTP/1.1" 200 57071
172.22.2.4 - - [11/Jul/2022:11:49:16 -0500] "GET /BLA/boletinlegal/img/button-right.png HTTP/1.1" 200 57878
172.22.2.4 - - [11/Jul/2022:11:49:16 -0500] "GET /BLA/boletinlegal/favicon.ico HTTP/1.1" 404 1326
181.63.220.121 - - [11/Jul/2022:11:49:16 -0500] "GET /BLA/resoluciones/RESOLUCIONES%202009/1941.pdf HTTP/1.1" 200 468531
181.63.220.121 - - [11/Jul/2022:11:49:17 -0500] "GET /BLA/resoluciones/RESOLUCIONES%202009/1942.pdf HTTP/1.1" 200 467795
181.63.220.121 - - [11/Jul/2022:11:49:19 -0500] "GET /BLA/resoluciones/RESOLUCIONES%202009/1943.pdf HTTP/1.1" 200 457769
190.143.75.229 - - [11/Jul/2022:11:49:19 -0500] "GET /BLA/boletinlegal/normativa.php HTTP/1.1" 200 8326
181.63.220.121 - - [11/Jul/2022:11:49:20 -0500] "GET /BLA/resoluciones/RESOLUCIONES%202009/1944.pdf HTTP/1.1" 200 414515
181.63.220.121 - - [11/Jul/2022:11:49:22 -0500] "GET /BLA/resoluciones/RESOLUCIONES%202009/1945.pdf HTTP/1.1" 200 771182
181.63.220.121 - - [11/Jul/2022:11:49:23 -0500] "GET /BLA/resoluciones/RESOLUCIONES%202009/1946.pdf HTTP/1.1" 200 639924
181.63.220.121 - - [11/Jul/2022:11:49:24 -0500] "GET /BLA/resoluciones/RESOLUCIONES%202009/1947.pdf HTTP/1.1" 200 642956
181.63.220.121 - - [11/Jul/2022:11:49:25 -0500] "GET /BLA/resoluciones/RESOLUCIONES%202009/1948.pdf HTTP/1.1" 200 587991
181.63.220.121 - - [11/Jul/2022:11:49:26 -0500] "GET /BLA/resoluciones/RESOLUCIONES%202009/1949.pdf HTTP/1.1" 200 598011
181.63.220.121 - - [11/Jul/2022:11:49:28 -0500] "GET /BLA/resoluciones/RESOLUCIONES%202009/1950.pdf HTTP/1.1" 200 598073
181.63.220.121 - - [11/Jul/2022:11:49:29 -0500] "GET /BLA/resoluciones/RESOLUCIONES%202009/1951.pdf HTTP/1.1" 200 596189
172.22.2.4 - - [11/Jul/2022:11:49:30 -0500] "GET /BLA/boletinlegal/Circulares/2019/Circular%20No.%200003%20del%2031%20de%20Enero%20de%202019.pdf HTTP/1.1" 304 -
181.63.220.121 - - [11/Jul/2022:11:49:31 -0500] "GET /BLA/resoluciones/RESOLUCIONES%202009/1952.pdf HTTP/1.1" 200 602627
181.63.220.121 - - [11/Jul/2022:11:49:32 -0500] "GET /BLA/resoluciones/RESOLUCIONES%202009/1953.pdf HTTP/1.1" 200 597331
181.63.220.121 - - [11/Jul/2022:11:49:34 -0500] "GET /BLA/resoluciones/RESOLUCIONES%202009/1954.pdf HTTP/1.1" 200 599125
181.63.220.121 - - [11/Jul/2022:11:49:35 -0500] "GET /BLA/resoluciones/RESOLUCIONES%202009/1955.pdf HTTP/1.1" 200 509830
181.63.220.121 - - [11/Jul/2022:11:49:37 -0500] "GET /BLA/resoluciones/RESOLUCIONES%202009/1956.pdf HTTP/1.1" 200 564486
181.63.220.121 - - [11/Jul/2022:11:49:39 -0500] "GET /BLA/resoluciones/RESOLUCIONES%202009/1957.pdf HTTP/1.1" 200 515973
181.63.220.121 - - [11/Jul/2022:11:49:41 -0500] "GET /BLA/resoluciones/RESOLUCIONES%202009/1958.pdf HTTP/1.1" 200 582987
181.63.220.121 - - [11/Jul/2022:11:49:42 -0500] "GET /BLA/resoluciones/RESOLUCIONES%202009/1959.pdf HTTP/1.1" 200 514722
181.63.220.121 - - [11/Jul/2022:11:49:43 -0500] "GET /BLA/resoluciones/RESOLUCIONES%202009/1960.pdf HTTP/1.1" 200 439455
181.63.220.121 - - [11/Jul/2022:11:49:45 -0500] "GET /BLA/resoluciones/RESOLUCIONES%202009/1961.pdf HTTP/1.1" 200 319792
181.63.220.121 - - [11/Jul/2022:11:49:47 -0500] "GET /BLA/resoluciones/RESOLUCIONES%202009/1962.pdf HTTP/1.1" 200 527313
181.63.220.121 - - [11/Jul/2022:11:49:52 -0500] "GET /BLA/resoluciones/RESOLUCIONES%202009/1963.pdf HTTP/1.1" 200 633899
181.63.220.121 - - [11/Jul/2022:11:49:54 -0500] "GET /BLA/resoluciones/RESOLUCIONES%202009/1964.pdf HTTP/1.1" 200 488860
181.63.220.121 - - [11/Jul/2022:11:49:55 -0500] "GET /BLA/resoluciones/RESOLUCIONES%202009/1965.pdf HTTP/1.1" 200 491427
181.63.220.121 - - [11/Jul/2022:11:49:57 -0500] "GET /BLA/resoluciones/RESOLUCIONES%202009/1966.pdf HTTP/1.1" 200 528226
186.102.8.77 - - [11/Jul/2022:11:49:15 -0500] "POST /kwssiamovil/sm/setfile/f? HTTP/1.1" 200 381
181.63.220.121 - - [11/Jul/2022:11:49:59 -0500] "GET /BLA/resoluciones/RESOLUCIONES%202009/1967.pdf HTTP/1.1" 200 612631
186.102.8.77 - - [11/Jul/2022:11:50:01 -0500] "OPTIONS /kwssiamovil/sm/setfile/f? HTTP/1.1" 200 13
181.63.220.121 - - [11/Jul/2022:11:50:01 -0500] "GET /BLA/resoluciones/RESOLUCIONES%202009/1968.pdf HTTP/1.1" 200 603812
181.63.220.121 - - [11/Jul/2022:11:50:03 -0500] "GET /BLA/resoluciones/RESOLUCIONES%202009/1969.pdf HTTP/1.1" 200 719620
172.22.2.4 - - [11/Jul/2022:11:48:25 -0500] "HEAD /BLA/boletinlegal/ HTTP/1.1" 200 -
181.63.220.121 - - [11/Jul/2022:11:50:05 -0500] "GET /BLA/resoluciones/RESOLUCIONES%202009/1970.pdf HTTP/1.1" 200 661786
181.63.220.121 - - [11/Jul/2022:11:50:08 -0500] "GET /BLA/resoluciones/RESOLUCIONES%202009/1971.pdf HTTP/1.1" 200 669621
181.63.220.121 - - [11/Jul/2022:11:50:10 -0500] "GET /BLA/resoluciones/RESOLUCIONES%202009/1972.pdf HTTP/1.1" 200 574827
186.102.25.135 - - [11/Jul/2022:11:50:10 -0500] "GET /kwssiamovil/sm/acme/a?s=U2FsdGVkX19uzDMTCblYz/l2XDeo4dfSeCFW6qUHLGT1qsFpZSFKL3/0TXKtYY0Bhga2I7iAmxRPyb9XImIgwH4XaYSdrI2TOrB93UKItan77JGJyMOyFIsZlXQclz6OQTSENIkukJvtHpHQENVEMam28KoGvz6HvGJ58sjRSZHEdmV6xHMLN2MoEJG50H9W8PbI62nTNpYDbPULo+dZW95z1BAK94rYwt7IvRE0FKSzhZ1M3CBLJu1Fu814xvuncp0hSn6qBcJk88YWw/UJxQ==&u=U2FsdGVkX18b7O7fi9CPtTihzY9p0vO69Nb7/C4SBAWUZ3TgJ2+YDvc1NHsbPsnQ&y=U2FsdGVkX198rLlZzBpe99buVnGba0BvmcVtJ8YuLhuSjs9XB4IAip/oqETjcyTp HTTP/1.1" 200 25
186.102.25.135 - - [11/Jul/2022:11:50:10 -0500] "GET /kwssiamovil/sm/acme/a?s=U2FsdGVkX1/I3Jg4Q4uNwktyUpKAGDijP5jdGN5C5ZrG9rZUYPzZ97oAAdASC66lL5KGj4EbGgpKvmZqSQgy4SP8+5f1Gh1QRJD6Y+OeoOw/a1QHBmWMRFsSEgxplHi2JGa98XUaxgHfkaS55Cj2xSCqMBC07INz/kmUjf4BWUMbMw/9H7HZVAFmfEA5IBda88PcTzDi3UUag3spwwDCpKchxvp3tuuc4QdXo/YABWr1oCbbu9e2eefq6OGnLtDO9caXXGzHMEns0by2/rg4gs9xQFIxQNkLM0ETWT/NIc8KJhUStp40o84iIXeJcY5v2D2goAPP/hzaTO1LdjF8cuF4TFnnSIBrRFpfqpFZk+U9HKceuA5pf7YA7v505VcZXJ9J8JNrG564Y3hTk9TAN8IS5sJIdiZ8VgvqmjcmKs1ZMYyCX919uvcb5hSKIK85dPPz0fESHjLh2ia52pfJKkJyqAPzf5ZXsDjEexU56cYJ4+FufYKqK37As1zkKnBIHfBzjCskyT1zTwmV0nnkVlHQRDc8le+5duE0mDT4Sa37q3baJ6/iy/cGwXYfRiEd8qvANQ8WpfiIkF63orpknGzBVcdH3qD++l75VuLujVvRZbPYV80STXot8CkWt9PkUK6U7krPjt7Wwz9eWNDCvz/UURbjyx962Q6nYxTnKcIKhLBwF5ZBPHQUUVc1Iqg45DLMfBp+0ITb5Bw7iUMqPXFqRxgHTMKQrjo+ToaPIG7xPwCLA1TTXk5rP62Rc4Nt89is9QQV02ttZCOYbfSBJGb5BbejiOmNsTT4Ul/tps1D9+xZCFD16gbvC8t5rjq0iqht71yVf4yafI3ilX0RSZl1toMruKrSWO56GK3V60yRnsENNnUw65csWxGVOKr1yDMwJwJTB4nMlAzfaySh9CNBLcMtidvM2ssADhvum9zXqV31CBMd+rsQ5Np2XBIJxOXmqIGb5xLeL0D3/MPngQBuhWmXqc2O2BewEkAEuK2/Ym/P0MVKjgVZWto0gfNwXY1YJipKuHCpw/ts+J0zVCi0dpqGgmX5X/0KEq1xt65pgFYnaOf+G4JEOEYYaKML/MgpMtQAaNkfpCu/hsbLRe0T4BvDZxbgEGNzSnxw0jaugzLP5ijcaaub1j3O+LYD671FMuygx5tqztHq3T+9NUIGgV7c7q8MlzALjFNun1QKxNGC25MPjl/vTPvzymivInJn4n0DYfrXOpRGYMeJJ8xs6A6BQSSHwSlKds+aFCAOz5knOYjjkjNXJ0LGb6hnEENS4JS+5IR2t1q3EVT38ZqWeaU92ES9qeUjPG/z2UU=&u=U2FsdGVkX18b7O7fi9CPtTihzY9p0vO69Nb7/C4SBAWUZ3TgJ2+YDvc1NHsbPsnQ&y=U2FsdGVkX198rLlZzBpe99buVnGba0BvmcVtJ8YuLhuSjs9XB4IAip/oqETjcyTp HTTP/1.1" 200 25
186.102.25.135 - - [11/Jul/2022:11:50:11 -0500] "GET /kwssiamovil/sm/acme/a?s=U2FsdGVkX1/Kz88XLkNRz5ko+BBgwJEwJ+onUDnyI9P+fbRh+DxrIG6lnM+GinhJQ/HU0v9fkG3mmDJAQckkycacNqWgIeT+2JBmy/bOHWUy9MfmBiEdk9YelaB0aX/tByU1GVUyMBD7UO1VpZJAn2hBqaM5RL8SSeM6w+9PzJU=&u=U2FsdGVkX18b7O7fi9CPtTihzY9p0vO69Nb7/C4SBAWUZ3TgJ2+YDvc1NHsbPsnQ&y=U2FsdGVkX198rLlZzBpe99buVnGba0BvmcVtJ8YuLhuSjs9XB4IAip/oqETjcyTp HTTP/1.1" 200 25
186.102.25.135 - - [11/Jul/2022:11:50:11 -0500] "GET /kwssiamovil/sm/acme/a?s=U2FsdGVkX1+cPlLAcOVGYdUQK6tzDuhaySJRb7FBD2JUj3+bnPKjUUv/GdBAUYC0esaQCZCoL1SjueRrqrIA/uQa5RP1bti4dIUFeWwQ8tmlU0kNgjyfl+yVzrSNdlmcSoOrtr2EPxhqiymtzG9+CJCl7jOwp3HDCrf6ie82W8k=&u=U2FsdGVkX18b7O7fi9CPtTihzY9p0vO69Nb7/C4SBAWUZ3TgJ2+YDvc1NHsbPsnQ&y=U2FsdGVkX198rLlZzBpe99buVnGba0BvmcVtJ8YuLhuSjs9XB4IAip/oqETjcyTp HTTP/1.1" 200 25
181.63.220.121 - - [11/Jul/2022:11:50:11 -0500] "GET /BLA/resoluciones/RESOLUCIONES%202009/1973.pdf HTTP/1.1" 200 592590
186.102.25.135 - - [11/Jul/2022:11:50:11 -0500] "GET /kwssiamovil/sm/acme/a?s=U2FsdGVkX1/9IX8Z/3y4RKcMHyoTIZ9Ts9lFWhLq5hjizOQSQW7dCwMX0L443e5yWjf38HdguqM15+gpNQ3n0VcV/PYjrt64lzbf3mj5WCH7fFiaVISjtgJs3cx8uroJOyZNzWhyXpNO2X+cogWd00Xtd4PL3vTSrnn8309Puns=&u=U2FsdGVkX18b7O7fi9CPtTihzY9p0vO69Nb7/C4SBAWUZ3TgJ2+YDvc1NHsbPsnQ&y=U2FsdGVkX198rLlZzBpe99buVnGba0BvmcVtJ8YuLhuSjs9XB4IAip/oqETjcyTp HTTP/1.1" 200 25
186.102.25.135 - - [11/Jul/2022:11:50:12 -0500] "GET /kwssiamovil/sm/acme/a?s=U2FsdGVkX1/TAXx7yMWtVEr6TBDlZltjD+0Qj35bfIe7P8p8OO9OxNZ1elQXpCTEUmAknMFWRZQxPvN8pl8XIak1wRapT8tySm3cYoPbWUUWHnV7/K5zm1gu8s/lzftPXN6L7rJ3E9Bpo77m+mXq8HGqKGtGn7lOjMjMzv68zuYrpT+1Mda8CYa1lLgoswy945qOkatFamY4CFZyYb+cDQ==&u=U2FsdGVkX18b7O7fi9CPtTihzY9p0vO69Nb7/C4SBAWUZ3TgJ2+YDvc1NHsbPsnQ&y=U2FsdGVkX198rLlZzBpe99buVnGba0BvmcVtJ8YuLhuSjs9XB4IAip/oqETjcyTp HTTP/1.1" 200 25
201.245.192.253 - - [11/Jul/2022:11:50:13 -0500] "POST /kwsrmcab/Wsrmcab  HTTP/1.1" 200 45708
172.22.2.4 - - [11/Jul/2022:11:50:22 -0500] "GET /BLA/boletinlegal/style.css HTTP/1.1" 200 9406
172.22.2.4 - - [11/Jul/2022:11:50:22 -0500] "GET /BLA/boletinlegal/styles2.css HTTP/1.1" 200 1838
172.22.2.4 - - [11/Jul/2022:11:50:22 -0500] "GET /BLA/boletinlegal/js/jquery.js HTTP/1.1" 200 57254
172.22.2.4 - - [11/Jul/2022:11:50:22 -0500] "GET /BLA/boletinlegal/js/jquery.scrollTo-min.js HTTP/1.1" 200 1150
172.22.2.4 - - [11/Jul/2022:11:50:22 -0500] "GET /BLA/boletinlegal/images/cabezote%20BLEGAL.jpg HTTP/1.1" 200 118164
172.22.2.4 - - [11/Jul/2022:11:50:22 -0500] "GET /BLA/boletinlegal/js/jquery.scrollShow.js HTTP/1.1" 200 4586
172.22.2.4 - - [11/Jul/2022:11:50:22 -0500] "GET /BLA/boletinlegal/images/subscribe-icon-big.png HTTP/1.1" 200 47702
172.22.2.4 - - [11/Jul/2022:11:50:22 -0500] "GET /BLA/boletinlegal/images/historia.png HTTP/1.1" 200 52775
172.22.2.4 - - [11/Jul/2022:11:50:22 -0500] "GET /BLA/boletinlegal/images/registro-usuarios.png HTTP/1.1" 200 8106
172.22.2.4 - - [11/Jul/2022:11:50:22 -0500] "GET /BLA/boletinlegal/images/arr_l.jpg HTTP/1.1" 200 1979
172.22.2.4 - - [11/Jul/2022:11:50:22 -0500] "GET /BLA/boletinlegal/images/launch.jpg HTTP/1.1" 200 14577
172.22.2.4 - - [11/Jul/2022:11:50:22 -0500] "GET /BLA/boletinlegal/images/screen_1.png HTTP/1.1" 200 202547
172.22.2.4 - - [11/Jul/2022:11:50:23 -0500] "GET /BLA/boletinlegal/images/menu_rght.gif HTTP/1.1" 200 1627
172.22.2.4 - - [11/Jul/2022:11:50:23 -0500] "GET /BLA/boletinlegal/images/body_bg.jpg HTTP/1.1" 200 1601
172.22.2.4 - - [11/Jul/2022:11:50:23 -0500] "GET /BLA/boletinlegal/images/menu_lft.gif HTTP/1.1" 200 1713
172.22.2.4 - - [11/Jul/2022:11:50:23 -0500] "GET /BLA/boletinlegal/images/menu_bg.jpg HTTP/1.1" 200 620
172.22.2.4 - - [11/Jul/2022:11:50:23 -0500] "GET /BLA/boletinlegal/images/bg_top.jpg HTTP/1.1" 200 522
172.22.2.4 - - [11/Jul/2022:11:50:23 -0500] "GET /BLA/boletinlegal/images/hover.jpg HTTP/1.1" 200 640
172.22.2.4 - - [11/Jul/2022:11:50:23 -0500] "GET /BLA/boletinlegal/images/text.jpg HTTP/1.1" 200 568
172.22.2.4 - - [11/Jul/2022:11:50:25 -0500] "GET /BLA/boletinlegal/actos.php HTTP/1.1" 200 9559
172.22.2.4 - - [11/Jul/2022:11:50:25 -0500] "GET /BLA/boletinlegal/js/ajax_actos.js HTTP/1.1" 200 1322
172.22.2.4 - - [11/Jul/2022:11:50:25 -0500] "GET /BLA/boletinlegal/js/lib.js HTTP/1.1" 200 6474
172.22.2.4 - - [11/Jul/2022:11:50:25 -0500] "GET /BLA/boletinlegal/niceforms.js HTTP/1.1" 200 22876
172.22.2.4 - - [11/Jul/2022:11:50:25 -0500] "GET /BLA/boletinlegal/niceforms-default.css HTTP/1.1" 200 6694
172.22.2.4 - - [11/Jul/2022:11:50:25 -0500] "GET /BLA/boletinlegal/js/popup.js HTTP/1.1" 200 1270
172.22.2.4 - - [11/Jul/2022:11:50:25 -0500] "GET /BLA/boletinlegal/js/jquery1.js HTTP/1.1" 200 29846
172.22.2.4 - - [11/Jul/2022:11:50:25 -0500] "GET /BLA/boletinlegal/images/green-yellow-blue-pink-th.png HTTP/1.1" 200 7394
172.22.2.4 - - [11/Jul/2022:11:50:25 -0500] "GET /BLA/boletinlegal/images/abajo.png HTTP/1.1" 200 96676
172.22.2.4 - - [11/Jul/2022:11:50:25 -0500] "GET /BLA/boletinlegal/images/tel.png HTTP/1.1" 200 14477
172.22.2.4 - - [11/Jul/2022:11:50:25 -0500] "GET /BLA/boletinlegal/images/footer_bg.jpg HTTP/1.1" 200 586
172.22.2.4 - - [11/Jul/2022:11:50:25 -0500] "GET /BLA/boletinlegal/images/icono-email.png HTTP/1.1" 200 5544
172.22.2.4 - - [11/Jul/2022:11:50:25 -0500] "GET /BLA/boletinlegal/images/footer_bg_l.jpg HTTP/1.1" 200 776
172.22.2.4 - - [11/Jul/2022:11:50:25 -0500] "GET /BLA/boletinlegal/img/0.png HTTP/1.1" 200 110
172.22.2.4 - - [11/Jul/2022:11:50:25 -0500] "GET /BLA/boletinlegal/img/select-right.png HTTP/1.1" 200 44019
172.22.2.4 - - [11/Jul/2022:11:50:25 -0500] "GET /BLA/boletinlegal/img/select-left.png HTTP/1.1" 200 263
172.22.2.4 - - [11/Jul/2022:11:50:25 -0500] "GET /BLA/boletinlegal/img/button-left.png HTTP/1.1" 200 57071
172.22.2.4 - - [11/Jul/2022:11:50:25 -0500] "GET /BLA/boletinlegal/img/button.png HTTP/1.1" 200 43241
172.22.2.4 - - [11/Jul/2022:11:50:25 -0500] "GET /BLA/boletinlegal/img/button-right.png HTTP/1.1" 200 57878
172.22.2.4 - - [11/Jul/2022:11:50:25 -0500] "GET /BLA/boletinlegal/favicon.ico HTTP/1.1" 404 1326
172.22.2.4 - - [11/Jul/2022:11:50:32 -0500] "GET /BLA/boletinlegal/images/screen_3.png HTTP/1.1" 200 210620
172.22.2.4 - - [11/Jul/2022:11:50:32 -0500] "GET /BLA/boletinlegal/images/screen_2.png HTTP/1.1" 200 362502
172.22.2.4 - - [11/Jul/2022:11:50:32 -0500] "GET /BLA/boletinlegal/images/screen_5.png HTTP/1.1" 200 368876
172.22.2.4 - - [11/Jul/2022:11:50:32 -0500] "GET /BLA/boletinlegal/images/arr_r.jpg HTTP/1.1" 200 1998
172.22.2.4 - - [11/Jul/2022:11:50:39 -0500] "GET /BLA/boletinlegal/consulta_actos.php?tipo=autos&no=&usuario=&sector=&fecha=2021&resuelve= HTTP/1.1" 200 1169102
172.22.2.4 - - [11/Jul/2022:11:50:41 -0500] "GET /BLA/boletinlegal/images/pdf.gif HTTP/1.1" 200 567
172.22.2.4 - - [11/Jul/2022:11:50:41 -0500] "GET /BLA/boletinlegal/images/background.gif HTTP/1.1" 200 -
186.102.8.77 - - [11/Jul/2022:11:50:02 -0500] "POST /kwssiamovil/sm/setfile/f? HTTP/1.1" 200 381
172.22.2.4 - - [11/Jul/2022:11:50:47 -0500] "GET /BLA/boletinlegal/consulta_actos.php?tipo=resoluciones&no=&usuario=&sector=&fecha=2021&resuelve= HTTP/1.1" 200 1359959
186.102.8.77 - - [11/Jul/2022:11:50:51 -0500] "OPTIONS /kwssiamovil/sm/setfile/f? HTTP/1.1" 200 13
172.22.2.4 - - [11/Jul/2022:11:50:55 -0500] "GET /BLA/boletinlegal/consulta_actos.php?tipo=resoluciones&no=&usuario=&sector=RUIDO&fecha=2021&resuelve= HTTP/1.1" 200 40792
172.22.2.4 - - [11/Jul/2022:11:49:15 -0500] "GET /BLA/boletinlegal/ HTTP/1.1" 200 54767
186.29.135.41 - - [11/Jul/2022:11:51:04 -0500] "GET /BLA/resoluciones/index.php?dir=AUTOS+2012%2F HTTP/1.1" 200 271425
186.155.49.169 - - [11/Jul/2022:11:51:44 -0500] "GET /BLA/resoluciones/RESOLUCIONES%202021/3227.pdf HTTP/1.1" 200 452502
172.22.2.4 - - [11/Jul/2022:11:50:22 -0500] "GET /BLA/boletinlegal/ HTTP/1.1" 200 59364
201.245.192.253 - - [11/Jul/2022:11:52:44 -0500] "GET /sipse/faces/index.xhtml HTTP/1.1" 200 677
201.245.192.253 - - [11/Jul/2022:11:52:44 -0500] "GET /sipse/faces/javax.faces.resource/theme.css?ln=primefaces-sipse HTTP/1.1" 304 -
201.245.192.253 - - [11/Jul/2022:11:52:44 -0500] "GET /sipse/faces/faces/autenticacion.xhtml HTTP/1.1" 200 12177
201.245.192.253 - - [11/Jul/2022:11:52:44 -0500] "GET /sipse/js/disable_browser_buttons.js HTTP/1.1" 304 -
201.245.192.253 - - [11/Jul/2022:11:52:44 -0500] "GET /sipse/js/funciones.js HTTP/1.1" 304 -
201.245.192.253 - - [11/Jul/2022:11:52:44 -0500] "GET /sipse/css/custom_css_sg.css HTTP/1.1" 304 -
201.245.192.253 - - [11/Jul/2022:11:52:44 -0500] "GET /sipse/css/custom_css_sg_prime_login.css HTTP/1.1" 304 -
201.245.192.253 - - [11/Jul/2022:11:52:44 -0500] "GET /sipse/faces/javax.faces.resource/jquery/jquery.js?ln=primefaces&v=4.0 HTTP/1.1" 304 -
201.245.192.253 - - [11/Jul/2022:11:52:44 -0500] "GET /sipse/faces/javax.faces.resource/primefaces.css?ln=primefaces&v=4.0 HTTP/1.1" 304 -
201.245.192.253 - - [11/Jul/2022:11:52:44 -0500] "GET /sipse/faces/javax.faces.resource/theme.css?ln=primefaces-sipse HTTP/1.1" 304 -
201.245.192.253 - - [11/Jul/2022:11:52:44 -0500] "GET /sipse/faces/javax.faces.resource/layout/layout.css?ln=primefaces&v=4.0 HTTP/1.1" 304 -
201.245.192.253 - - [11/Jul/2022:11:52:44 -0500] "GET /sipse/faces/javax.faces.resource/jquery/jquery-plugins.js?ln=primefaces&v=4.0 HTTP/1.1" 304 -
201.245.192.253 - - [11/Jul/2022:11:52:44 -0500] "GET /sipse/faces/javax.faces.resource/primefaces.js?ln=primefaces&v=4.0 HTTP/1.1" 304 -
201.245.192.253 - - [11/Jul/2022:11:52:44 -0500] "GET /sipse/faces/javax.faces.resource/layout/layout.js?ln=primefaces&v=4.0 HTTP/1.1" 304 -
201.245.192.253 - - [11/Jul/2022:11:52:44 -0500] "GET /sipse/css/imagen/logoSDG.png HTTP/1.1" 304 -
201.245.192.253 - - [11/Jul/2022:11:52:44 -0500] "GET /sipse/css/imagen/loginimg.png HTTP/1.1" 304 -
201.245.192.253 - - [11/Jul/2022:11:52:44 -0500] "GET /sipse/faces/javax.faces.resource/images/ui-icons_898989_256x240.png?ln=primefaces-aristo HTTP/1.1" 304 -
216.245.221.92 - - [11/Jul/2022:11:52:53 -0500] "HEAD / HTTP/1.1" 200 -
201.245.192.253 - - [11/Jul/2022:11:52:57 -0500] "POST /sipse/faces/autenticacion.xhtml HTTP/1.1" 200 11230
201.245.192.253 - - [11/Jul/2022:11:52:57 -0500] "GET /sipse/css/custom_css_sg_prime.css HTTP/1.1" 304 -
201.245.192.253 - - [11/Jul/2022:11:52:57 -0500] "GET /sipse/faces/javax.faces.resource/theme.css?ln=primefaces-sipse HTTP/1.1" 304 -
201.245.192.253 - - [11/Jul/2022:11:52:57 -0500] "GET /sipse/faces/javax.faces.resource/primefaces.css?ln=primefaces&v=4.0 HTTP/1.1" 304 -
201.245.192.253 - - [11/Jul/2022:11:52:57 -0500] "GET /sipse/faces/javax.faces.resource/jquery/jquery.js?ln=primefaces&v=4.0 HTTP/1.1" 304 -
201.245.192.253 - - [11/Jul/2022:11:52:57 -0500] "GET /sipse/faces/javax.faces.resource/layout/layout.css?ln=primefaces&v=4.0 HTTP/1.1" 304 -
201.245.192.253 - - [11/Jul/2022:11:52:57 -0500] "GET /sipse/faces/javax.faces.resource/jquery/jquery-plugins.js?ln=primefaces&v=4.0 HTTP/1.1" 304 -
201.245.192.253 - - [11/Jul/2022:11:52:57 -0500] "GET /sipse/faces/javax.faces.resource/primefaces.js?ln=primefaces&v=4.0 HTTP/1.1" 304 -
201.245.192.253 - - [11/Jul/2022:11:52:57 -0500] "GET /sipse/faces/javax.faces.resource/layout/layout.js?ln=primefaces&v=4.0 HTTP/1.1" 304 -
201.245.192.253 - - [11/Jul/2022:11:52:57 -0500] "GET /sipse/faces/javax.faces.resource/messages/messages.png?ln=primefaces&v=4.0 HTTP/1.1" 304 -
201.245.192.253 - - [11/Jul/2022:11:53:02 -0500] "POST /sipse/faces/presentacion/sistema/seguridad/seleccionRol.xhtml HTTP/1.1" 200 5600
180.163.220.5 - - [11/Jul/2022:11:53:02 -0500] "GET / HTTP/1.1" 200 319
201.245.192.253 - - [11/Jul/2022:11:53:03 -0500] "POST /sipse/faces/presentacion/sistema/seguridad/seleccionRol.xhtml HTTP/1.1" 200 17575
201.245.192.253 - - [11/Jul/2022:11:53:03 -0500] "GET /sipse/faces/javax.faces.resource/primefaces.css?ln=primefaces&v=4.0 HTTP/1.1" 304 -
201.245.192.253 - - [11/Jul/2022:11:53:03 -0500] "GET /sipse/faces/javax.faces.resource/layout/layout.css?ln=primefaces&v=4.0 HTTP/1.1" 304 -
201.245.192.253 - - [11/Jul/2022:11:53:03 -0500] "GET /sipse/faces/javax.faces.resource/theme.css?ln=primefaces-sipse HTTP/1.1" 304 -
201.245.192.253 - - [11/Jul/2022:11:53:03 -0500] "GET /sipse/js/jquery.min.js HTTP/1.1" 304 -
201.245.192.253 - - [11/Jul/2022:11:53:03 -0500] "GET /sipse/faces/javax.faces.resource/jquery/jquery.js?ln=primefaces&v=4.0 HTTP/1.1" 304 -
201.245.192.253 - - [11/Jul/2022:11:53:03 -0500] "GET /sipse/faces/javax.faces.resource/jquery/jquery-plugins.js?ln=primefaces&v=4.0 HTTP/1.1" 304 -
201.245.192.253 - - [11/Jul/2022:11:53:03 -0500] "GET /sipse/faces/javax.faces.resource/primefaces.js?ln=primefaces&v=4.0 HTTP/1.1" 304 -
201.245.192.253 - - [11/Jul/2022:11:53:03 -0500] "GET /sipse/faces/javax.faces.resource/layout/layout.js?ln=primefaces&v=4.0 HTTP/1.1" 304 -
201.245.192.253 - - [11/Jul/2022:11:53:03 -0500] "GET /sipse/imagenes/logoAplicacion.jpg HTTP/1.1" 304 -
201.245.192.253 - - [11/Jul/2022:11:53:03 -0500] "GET /sipse/imagenes/cargando.gif HTTP/1.1" 304 -
201.245.192.253 - - [11/Jul/2022:11:53:03 -0500] "GET /sipse/css/imagen/contrasena.png HTTP/1.1" 404 383
201.245.192.253 - - [11/Jul/2022:11:53:07 -0500] "GET /sipse/faces/javax.faces.resource/images/ui-bg_flat_0_2d5972_40x100.png?ln=primefaces-aristo HTTP/1.1" 304 -
201.245.192.253 - - [11/Jul/2022:11:53:07 -0500] "POST /sipse/faces/bienvenido.xhtml HTTP/1.1" 200 3843
201.245.192.253 - - [11/Jul/2022:11:53:08 -0500] "POST /sipse/faces/bienvenido.xhtml HTTP/1.1" 200 35550
201.245.192.253 - - [11/Jul/2022:11:53:09 -0500] "GET /sipse/faces/javax.faces.resource/theme.css?ln=primefaces-sipse HTTP/1.1" 304 -
201.245.192.253 - - [11/Jul/2022:11:53:09 -0500] "GET /sipse/faces/javax.faces.resource/primefaces.css?ln=primefaces&v=4.0 HTTP/1.1" 304 -
201.245.192.253 - - [11/Jul/2022:11:53:09 -0500] "GET /sipse/faces/javax.faces.resource/layout/layout.css?ln=primefaces&v=4.0 HTTP/1.1" 304 -
201.245.192.253 - - [11/Jul/2022:11:53:09 -0500] "GET /sipse/faces/javax.faces.resource/jquery/jquery.js?ln=primefaces&v=4.0 HTTP/1.1" 304 -
201.245.192.253 - - [11/Jul/2022:11:53:09 -0500] "GET /sipse/faces/javax.faces.resource/jquery/jquery-plugins.js?ln=primefaces&v=4.0 HTTP/1.1" 304 -
201.245.192.253 - - [11/Jul/2022:11:53:09 -0500] "GET /sipse/faces/javax.faces.resource/primefaces.js?ln=primefaces&v=4.0 HTTP/1.1" 304 -
201.245.192.253 - - [11/Jul/2022:11:53:09 -0500] "GET /sipse/faces/javax.faces.resource/layout/layout.js?ln=primefaces&v=4.0 HTTP/1.1" 304 -
201.245.192.253 - - [11/Jul/2022:11:53:09 -0500] "POST /sipse/faces/presentacion/financiero/solicitudProceso/listarSolicitudProceso.xhtml HTTP/1.1" 200 1372
186.102.8.77 - - [11/Jul/2022:11:52:03 -0500] "POST /kwssiamovil/sm/setfile/f? HTTP/1.1" 200 381
201.245.192.253 - - [11/Jul/2022:11:53:12 -0500] "POST /sipse/faces/presentacion/financiero/solicitudProceso/listarSolicitudProceso.xhtml HTTP/1.1" 200 184
201.245.192.253 - - [11/Jul/2022:11:53:12 -0500] "POST /sipse/faces/presentacion/financiero/solicitudProceso/listarSolicitudProceso.xhtml HTTP/1.1" 200 184
201.245.192.253 - - [11/Jul/2022:11:53:12 -0500] "GET /sipse/faces/presentacion/financiero/solicitudAnulacion/solicitudAnulacion.xhtml HTTP/1.1" 200 17805
201.245.192.253 - - [11/Jul/2022:11:53:12 -0500] "GET /sipse/faces/presentacion/financiero/solicitudAnulacion/solicitudAnulacion.xhtml HTTP/1.1" 200 34167
201.245.192.253 - - [11/Jul/2022:11:53:12 -0500] "GET /sipse/faces/javax.faces.resource/theme.css?ln=primefaces-sipse HTTP/1.1" 304 -
201.245.192.253 - - [11/Jul/2022:11:53:12 -0500] "GET /sipse/faces/javax.faces.resource/jquery/jquery.js?ln=primefaces&v=4.0 HTTP/1.1" 304 -
201.245.192.253 - - [11/Jul/2022:11:53:12 -0500] "GET /sipse/faces/javax.faces.resource/layout/layout.css?ln=primefaces&v=4.0 HTTP/1.1" 304 -
201.245.192.253 - - [11/Jul/2022:11:53:12 -0500] "GET /sipse/faces/javax.faces.resource/jquery/jquery-plugins.js?ln=primefaces&v=4.0 HTTP/1.1" 304 -
201.245.192.253 - - [11/Jul/2022:11:53:12 -0500] "GET /sipse/faces/javax.faces.resource/primefaces.css?ln=primefaces&v=4.0 HTTP/1.1" 304 -
201.245.192.253 - - [11/Jul/2022:11:53:12 -0500] "GET /sipse/faces/javax.faces.resource/primefaces.js?ln=primefaces&v=4.0 HTTP/1.1" 304 -
201.245.192.253 - - [11/Jul/2022:11:53:12 -0500] "GET /sipse/faces/javax.faces.resource/layout/layout.js?ln=primefaces&v=4.0 HTTP/1.1" 304 -
201.245.192.253 - - [11/Jul/2022:11:53:12 -0500] "POST /sipse/faces/presentacion/financiero/solicitudAnulacion/solicitudAnulacion.xhtml HTTP/1.1" 200 10464
201.245.192.253 - - [11/Jul/2022:11:53:14 -0500] "POST /sipse/faces/presentacion/financiero/solicitudAnulacion/solicitudAnulacion.xhtml HTTP/1.1" 200 30357
201.245.192.253 - - [11/Jul/2022:11:53:14 -0500] "GET /sipse/faces/javax.faces.resource/theme.css?ln=primefaces-sipse HTTP/1.1" 304 -
201.245.192.253 - - [11/Jul/2022:11:53:14 -0500] "GET /sipse/faces/javax.faces.resource/primefaces.css?ln=primefaces&v=4.0 HTTP/1.1" 304 -
201.245.192.253 - - [11/Jul/2022:11:53:14 -0500] "GET /sipse/faces/javax.faces.resource/layout/layout.css?ln=primefaces&v=4.0 HTTP/1.1" 304 -
201.245.192.253 - - [11/Jul/2022:11:53:14 -0500] "GET /sipse/faces/javax.faces.resource/jquery/jquery.js?ln=primefaces&v=4.0 HTTP/1.1" 304 -
201.245.192.253 - - [11/Jul/2022:11:53:14 -0500] "GET /sipse/faces/javax.faces.resource/jquery/jquery-plugins.js?ln=primefaces&v=4.0 HTTP/1.1" 304 -
201.245.192.253 - - [11/Jul/2022:11:53:14 -0500] "GET /sipse/faces/javax.faces.resource/primefaces.js?ln=primefaces&v=4.0 HTTP/1.1" 304 -
201.245.192.253 - - [11/Jul/2022:11:53:14 -0500] "GET /sipse/faces/javax.faces.resource/layout/layout.js?ln=primefaces&v=4.0 HTTP/1.1" 304 -
186.102.8.77 - - [11/Jul/2022:11:53:23 -0500] "OPTIONS /kwssiamovil/sm/setfile/f? HTTP/1.1" 200 13
45.61.186.139 - - [11/Jul/2022:11:53:46 -0500] "GET /config/getuser?index=0 HTTP/1.1" 404 1018
186.102.8.77 - - [11/Jul/2022:11:53:24 -0500] "POST /kwssiamovil/sm/setfile/f? HTTP/1.1" 200 381
181.63.220.121 - - [11/Jul/2022:11:53:58 -0500] "GET /BLA/resoluciones/RESOLUCIONES%202009/1974.pdf HTTP/1.1" 200 585720
181.63.220.121 - - [11/Jul/2022:11:53:59 -0500] "GET /BLA/resoluciones/RESOLUCIONES%202009/1975.pdf HTTP/1.1" 200 602224
181.63.220.121 - - [11/Jul/2022:11:54:00 -0500] "GET /BLA/resoluciones/RESOLUCIONES%202009/1976.pdf HTTP/1.1" 200 636916
186.102.8.77 - - [11/Jul/2022:11:54:01 -0500] "OPTIONS /kwssiamovil/sm/setfile/f? HTTP/1.1" 200 13
181.63.220.121 - - [11/Jul/2022:11:54:02 -0500] "GET /BLA/resoluciones/RESOLUCIONES%202009/1977.pdf HTTP/1.1" 200 636117
181.63.220.121 - - [11/Jul/2022:11:54:03 -0500] "GET /BLA/resoluciones/RESOLUCIONES%202009/1978.pdf HTTP/1.1" 200 622674
181.63.220.121 - - [11/Jul/2022:11:54:04 -0500] "GET /BLA/resoluciones/RESOLUCIONES%202009/1979.pdf HTTP/1.1" 200 636579
181.63.220.121 - - [11/Jul/2022:11:54:06 -0500] "GET /BLA/resoluciones/RESOLUCIONES%202009/1980.pdf HTTP/1.1" 200 591191
181.63.220.121 - - [11/Jul/2022:11:54:08 -0500] "GET /BLA/resoluciones/RESOLUCIONES%202009/1981.pdf HTTP/1.1" 200 568079
181.63.220.121 - - [11/Jul/2022:11:54:09 -0500] "GET /BLA/resoluciones/RESOLUCIONES%202009/1982.pdf HTTP/1.1" 200 617507
181.63.220.121 - - [11/Jul/2022:11:54:10 -0500] "GET /BLA/resoluciones/RESOLUCIONES%202009/1983.pdf HTTP/1.1" 200 634978
181.63.220.121 - - [11/Jul/2022:11:54:11 -0500] "GET /BLA/resoluciones/RESOLUCIONES%202009/1984.pdf HTTP/1.1" 200 660593
181.63.220.121 - - [11/Jul/2022:11:54:13 -0500] "GET /BLA/resoluciones/RESOLUCIONES%202009/1985.pdf HTTP/1.1" 200 730138
181.63.220.121 - - [11/Jul/2022:11:54:14 -0500] "GET /BLA/resoluciones/RESOLUCIONES%202009/1986.pdf HTTP/1.1" 200 723243
181.63.220.121 - - [11/Jul/2022:11:54:15 -0500] "GET /BLA/resoluciones/RESOLUCIONES%202009/1987.pdf HTTP/1.1" 200 612689
181.63.220.121 - - [11/Jul/2022:11:54:16 -0500] "GET /BLA/resoluciones/RESOLUCIONES%202009/1988.pdf HTTP/1.1" 200 510287
186.102.8.77 - - [11/Jul/2022:11:54:01 -0500] "POST /kwssiamovil/sm/setfile/f? HTTP/1.1" 200 381
181.63.220.121 - - [11/Jul/2022:11:54:18 -0500] "GET /BLA/resoluciones/RESOLUCIONES%202009/1989.pdf HTTP/1.1" 200 680586
186.102.8.77 - - [11/Jul/2022:11:54:18 -0500] "OPTIONS /kwssiamovil/sm/setfile/f? HTTP/1.1" 200 13
181.63.220.121 - - [11/Jul/2022:11:54:19 -0500] "GET /BLA/resoluciones/RESOLUCIONES%202009/1990.pdf HTTP/1.1" 200 541132
181.63.220.121 - - [11/Jul/2022:11:54:21 -0500] "GET /BLA/resoluciones/RESOLUCIONES%202009/1991.pdf HTTP/1.1" 200 614653
181.63.220.121 - - [11/Jul/2022:11:54:22 -0500] "GET /BLA/resoluciones/RESOLUCIONES%202009/1992.pdf HTTP/1.1" 200 640746
181.63.220.121 - - [11/Jul/2022:11:54:23 -0500] "GET /BLA/resoluciones/RESOLUCIONES%202009/1993.pdf HTTP/1.1" 200 595255
181.63.220.121 - - [11/Jul/2022:11:54:25 -0500] "GET /BLA/resoluciones/RESOLUCIONES%202009/1994.pdf HTTP/1.1" 200 660855
181.63.220.121 - - [11/Jul/2022:11:54:26 -0500] "GET /BLA/resoluciones/RESOLUCIONES%202009/1995.pdf HTTP/1.1" 200 567367
181.63.220.121 - - [11/Jul/2022:11:54:28 -0500] "GET /BLA/resoluciones/RESOLUCIONES%202009/1996.pdf HTTP/1.1" 200 564941
181.63.220.121 - - [11/Jul/2022:11:54:30 -0500] "GET /BLA/resoluciones/RESOLUCIONES%202009/1997.pdf HTTP/1.1" 200 552503
181.63.220.121 - - [11/Jul/2022:11:54:32 -0500] "GET /BLA/resoluciones/RESOLUCIONES%202009/1998.pdf HTTP/1.1" 200 741940
181.63.220.121 - - [11/Jul/2022:11:54:33 -0500] "GET /BLA/resoluciones/RESOLUCIONES%202009/1999.pdf HTTP/1.1" 200 743612
181.63.220.121 - - [11/Jul/2022:11:54:35 -0500] "GET /BLA/resoluciones/RESOLUCIONES%202009/2000.pdf HTTP/1.1" 200 623555
186.102.8.77 - - [11/Jul/2022:11:54:22 -0500] "POST /kwssiamovil/sm/setfile/f? HTTP/1.1" 200 381
181.63.220.121 - - [11/Jul/2022:11:54:37 -0500] "GET /BLA/resoluciones/RESOLUCIONES%202009/2001.pdf HTTP/1.1" 200 620331
181.63.220.121 - - [11/Jul/2022:11:54:38 -0500] "GET /BLA/resoluciones/RESOLUCIONES%202009/2002.pdf HTTP/1.1" 200 626082
181.63.220.121 - - [11/Jul/2022:11:54:40 -0500] "GET /BLA/resoluciones/RESOLUCIONES%202009/2003.pdf HTTP/1.1" 200 615991
181.63.220.121 - - [11/Jul/2022:11:54:42 -0500] "GET /BLA/resoluciones/RESOLUCIONES%202009/2004.pdf HTTP/1.1" 200 616607
181.63.220.121 - - [11/Jul/2022:11:54:43 -0500] "GET /BLA/resoluciones/RESOLUCIONES%202009/2005.pdf HTTP/1.1" 200 736599
181.63.220.121 - - [11/Jul/2022:11:54:45 -0500] "GET /BLA/resoluciones/RESOLUCIONES%202009/2006.pdf HTTP/1.1" 200 738799
181.63.220.121 - - [11/Jul/2022:11:54:47 -0500] "GET /BLA/resoluciones/RESOLUCIONES%202009/2007.pdf HTTP/1.1" 200 729076
157.55.39.114 - - [11/Jul/2022:11:54:50 -0500] "GET /sipse/faces/faces/autenticacion.xhtml HTTP/1.1" 200 12499
186.102.8.77 - - [11/Jul/2022:11:54:52 -0500] "OPTIONS /kwssiamovil/sm/setfile/f? HTTP/1.1" 200 13
2.57.122.98 - - [11/Jul/2022:11:54:58 -0500] "GET / HTTP/1.1" 200 319
201.245.192.253 - - [11/Jul/2022:11:55:12 -0500] "POST /kwsrmcab/Wsrmcab  HTTP/1.1" 200 45708
181.55.247.16 - - [11/Jul/2022:11:55:22 -0500] "GET /BLA/boletinlegal/js/jquery.scrollShow.js HTTP/1.1" 200 4586
181.63.220.121 - - [11/Jul/2022:11:55:21 -0500] "GET /BLA/resoluciones/RESOLUCIONES%202009/2008.pdf HTTP/1.1" 200 715792
181.55.247.16 - - [11/Jul/2022:11:55:22 -0500] "GET /galeria/galeria/jquery.fancybox.css?v=2.1.5 HTTP/1.1" 200 4895
181.55.247.16 - - [11/Jul/2022:11:55:22 -0500] "GET /galeria/galeria/jquery.fancybox.js?v=2.1.5 HTTP/1.1" 200 48706
181.55.247.16 - - [11/Jul/2022:11:55:22 -0500] "GET /galeria/carrusel/Carrusel/jquery.thumbnailScroller.css HTTP/1.1" 200 2066
181.55.247.16 - - [11/Jul/2022:11:55:23 -0500] "GET /galeria/carrusel/Carrusel/jquery-ui-1.8.13.custom.min.js HTTP/1.1" 200 10800
181.55.247.16 - - [11/Jul/2022:11:55:23 -0500] "GET /galeria/carrusel/Carrusel/jquery.thumbnailScroller.js HTTP/1.1" 200 8157
181.55.247.16 - - [11/Jul/2022:11:55:23 -0500] "GET /galeria/nivo-slider/demo/banner.html HTTP/1.1" 200 5446
181.55.247.16 - - [11/Jul/2022:11:55:23 -0500] "GET /galeria/nivo-slider/themes/default/default.css HTTP/1.1" 200 1569
181.55.247.16 - - [11/Jul/2022:11:55:23 -0500] "GET /galeria/nivo-slider/demo/scripts/jquery-1.7.1.min.js HTTP/1.1" 200 93868
181.55.247.16 - - [11/Jul/2022:11:55:23 -0500] "GET /galeria/nivo-slider/jquery.nivo.slider.pack.js HTTP/1.1" 200 11561
181.55.247.16 - - [11/Jul/2022:11:55:23 -0500] "GET /galeria/nivo-slider/themes/pascal/pascal.css HTTP/1.1" 200 2258
181.55.247.16 - - [11/Jul/2022:11:55:23 -0500] "GET /galeria/nivo-slider/demo/images/Bannermujeresquereverdecen.jpg HTTP/1.1" 200 46558
181.55.247.16 - - [11/Jul/2022:11:55:23 -0500] "GET /galeria/nivo-slider/demo/images/bannertortuga_optimized.jpg HTTP/1.1" 200 39066
181.55.247.16 - - [11/Jul/2022:11:55:23 -0500] "GET /galeria/nivo-slider/nivo-slider.css HTTP/1.1" 200 1507
181.55.247.16 - - [11/Jul/2022:11:55:23 -0500] "GET /galeria/nivo-slider/themes/orman/orman.css HTTP/1.1" 200 2152
181.55.247.16 - - [11/Jul/2022:11:55:23 -0500] "GET /galeria/nivo-slider/demo/style.css HTTP/1.1" 200 2222
181.55.247.16 - - [11/Jul/2022:11:55:23 -0500] "GET /galeria/nivo-slider/demo/images/bannertrafico_optimized.jpg HTTP/1.1" 200 42578
181.55.247.16 - - [11/Jul/2022:11:55:23 -0500] "GET /galeria/nivo-slider/demo/images/Bannersedeelectronica.jpg HTTP/1.1" 200 40383
181.55.247.16 - - [11/Jul/2022:11:55:23 -0500] "GET /galeria/nivo-slider/demo/images/bannerrutaesperanza.jpg HTTP/1.1" 200 55560
181.55.247.16 - - [11/Jul/2022:11:55:23 -0500] "GET /galeria/nivo-slider/demo/images/banneraire2021.jpg HTTP/1.1" 200 265101
181.55.247.16 - - [11/Jul/2022:11:55:23 -0500] "GET /galeria/nivo-slider/demo/images/bannerresiduoshospitalariosagosto.jpg HTTP/1.1" 200 36499
181.55.247.16 - - [11/Jul/2022:11:55:23 -0500] "GET /galeria/nivo-slider/demo/images/banneraccionpopularcrr68.jpg HTTP/1.1" 200 51887
181.55.247.16 - - [11/Jul/2022:11:55:23 -0500] "GET /galeria/nivo-slider/demo/images/Bannerplasticosseptiembre.jpg HTTP/1.1" 200 45633
181.55.247.16 - - [11/Jul/2022:11:55:23 -0500] "GET /galeria/nivo-slider/themes/default/loading.gif HTTP/1.1" 200 1737
181.55.247.16 - - [11/Jul/2022:11:55:23 -0500] "GET /galeria/nivo-slider/demo/images/4Simple_Slider.png HTTP/1.1" 200 11722
181.55.247.16 - - [11/Jul/2022:11:55:23 -0500] "GET /galeria/nivo-slider/demo/images/banneraccionpopular.jpeg HTTP/1.1" 200 41707
181.55.247.16 - - [11/Jul/2022:11:55:23 -0500] "GET /galeria/nivo-slider/demo/images/bannerclases2021.jpg HTTP/1.1" 200 68230
181.55.247.16 - - [11/Jul/2022:11:55:23 -0500] "GET /galeria/nivo-slider/demo/images/bannercapacitacionesbogota.jpg HTTP/1.1" 200 42416
181.55.247.16 - - [11/Jul/2022:11:55:24 -0500] "GET /galeria/nivo-slider/demo/images/Bannerenvases.jpg HTTP/1.1" 200 37316
181.55.247.16 - - [11/Jul/2022:11:55:24 -0500] "GET /galeria/nivo-slider/demo/images/Bannervirtualescanales.jpg HTTP/1.1" 200 174544
181.55.247.16 - - [11/Jul/2022:11:55:24 -0500] "GET /galeria/nivo-slider/themes/default/arrows.png HTTP/1.1" 200 824
181.55.247.16 - - [11/Jul/2022:11:55:24 -0500] "GET /galeria/nivo-slider/themes/default/bullets.png HTTP/1.1" 200 1281
186.102.8.77 - - [11/Jul/2022:11:54:53 -0500] "POST /kwssiamovil/sm/setfile/f? HTTP/1.1" 200 381
186.102.8.77 - - [11/Jul/2022:11:55:47 -0500] "OPTIONS /kwssiamovil/sm/setfile/f? HTTP/1.1" 200 13
181.63.220.121 - - [11/Jul/2022:11:55:50 -0500] "GET /BLA/resoluciones/RESOLUCIONES%202009/2009.pdf HTTP/1.1" 200 809084
181.63.220.121 - - [11/Jul/2022:11:55:52 -0500] "GET /BLA/resoluciones/RESOLUCIONES%202009/2010.pdf HTTP/1.1" 200 461113
181.63.220.121 - - [11/Jul/2022:11:55:53 -0500] "GET /BLA/resoluciones/RESOLUCIONES%202009/2011.pdf HTTP/1.1" 200 616981
181.63.220.121 - - [11/Jul/2022:11:55:54 -0500] "GET /BLA/resoluciones/RESOLUCIONES%202009/2012.pdf HTTP/1.1" 200 425632
190.24.48.140 - - [11/Jul/2022:11:55:54 -0500] "GET /appsia/controlador HTTP/1.1" 200 4799
172.22.2.4 - - [11/Jul/2022:11:54:15 -0500] "HEAD /BLA/boletinlegal/ HTTP/1.1" 200 -
181.63.220.121 - - [11/Jul/2022:11:55:55 -0500] "GET /BLA/resoluciones/RESOLUCIONES%202009/2013.pdf HTTP/1.1" 200 684062
181.63.220.121 - - [11/Jul/2022:11:55:57 -0500] "GET /BLA/resoluciones/RESOLUCIONES%202009/2014.pdf HTTP/1.1" 200 484921
181.63.220.121 - - [11/Jul/2022:11:55:58 -0500] "GET /BLA/resoluciones/RESOLUCIONES%202009/2015.pdf HTTP/1.1" 200 1357574
190.24.48.140 - - [11/Jul/2022:11:55:59 -0500] "POST /appsia/controlador HTTP/1.1" 200 5437
181.63.220.121 - - [11/Jul/2022:11:55:59 -0500] "GET /BLA/resoluciones/RESOLUCIONES%202009/2016.pdf HTTP/1.1" 200 589509
181.63.220.121 - - [11/Jul/2022:11:56:01 -0500] "GET /BLA/resoluciones/RESOLUCIONES%202009/2017.pdf HTTP/1.1" 200 702468
181.63.220.121 - - [11/Jul/2022:11:56:02 -0500] "GET /BLA/resoluciones/RESOLUCIONES%202009/2018.pdf HTTP/1.1" 200 666487
190.24.48.140 - - [11/Jul/2022:11:56:02 -0500] "POST /appsia/controlador HTTP/1.1" 200 35335
181.63.220.121 - - [11/Jul/2022:11:56:03 -0500] "GET /BLA/resoluciones/RESOLUCIONES%202009/2019.pdf HTTP/1.1" 200 425664
181.63.220.121 - - [11/Jul/2022:11:56:04 -0500] "GET /BLA/resoluciones/RESOLUCIONES%202009/2020.pdf HTTP/1.1" 200 385684
181.63.220.121 - - [11/Jul/2022:11:56:05 -0500] "GET /BLA/resoluciones/RESOLUCIONES%202009/2021.pdf HTTP/1.1" 200 387596
181.63.220.121 - - [11/Jul/2022:11:56:07 -0500] "GET /BLA/resoluciones/RESOLUCIONES%202009/2022.pdf HTTP/1.1" 200 384560
181.63.220.121 - - [11/Jul/2022:11:56:08 -0500] "GET /BLA/resoluciones/RESOLUCIONES%202009/2023.pdf HTTP/1.1" 200 685926
181.63.220.121 - - [11/Jul/2022:11:56:09 -0500] "GET /BLA/resoluciones/RESOLUCIONES%202009/2024.pdf HTTP/1.1" 200 373294
181.63.220.121 - - [11/Jul/2022:11:56:10 -0500] "GET /BLA/resoluciones/RESOLUCIONES%202009/2025.pdf HTTP/1.1" 200 375160
181.63.220.121 - - [11/Jul/2022:11:56:11 -0500] "GET /BLA/resoluciones/RESOLUCIONES%202009/2026.pdf HTTP/1.1" 200 926613
181.63.220.121 - - [11/Jul/2022:11:56:13 -0500] "GET /BLA/resoluciones/RESOLUCIONES%202009/2027.pdf HTTP/1.1" 200 366880
181.63.220.121 - - [11/Jul/2022:11:56:14 -0500] "GET /BLA/resoluciones/RESOLUCIONES%202009/2028.pdf HTTP/1.1" 200 547069
186.102.8.77 - - [11/Jul/2022:11:55:47 -0500] "POST /kwssiamovil/sm/setfile/f? HTTP/1.1" 200 381
181.63.220.121 - - [11/Jul/2022:11:56:16 -0500] "GET /BLA/resoluciones/RESOLUCIONES%202009/2029.pdf HTTP/1.1" 200 312825
181.63.220.121 - - [11/Jul/2022:11:56:18 -0500] "GET /BLA/resoluciones/RESOLUCIONES%202009/2030.pdf HTTP/1.1" 200 1022589
181.63.220.121 - - [11/Jul/2022:11:56:19 -0500] "GET /BLA/resoluciones/RESOLUCIONES%202009/2031.pdf HTTP/1.1" 200 311177
181.63.220.121 - - [11/Jul/2022:11:56:21 -0500] "GET /BLA/resoluciones/RESOLUCIONES%202009/2032.pdf HTTP/1.1" 200 1082543
181.63.220.121 - - [11/Jul/2022:11:56:23 -0500] "GET /BLA/resoluciones/RESOLUCIONES%202009/2033.pdf HTTP/1.1" 200 311829
181.63.220.121 - - [11/Jul/2022:11:56:25 -0500] "GET /BLA/resoluciones/RESOLUCIONES%202009/2034.pdf HTTP/1.1" 200 1078459
186.102.8.77 - - [11/Jul/2022:11:56:26 -0500] "GET /kwssiamovil/sm/acme/a?s=U2FsdGVkX1/zB9fbNB1CaNDKoTtWxxpe1yiRoaH7wqvF6GnXhrlsoHiokBq0JQvS4BI6zapg6e0d6rXWUjUCr+DgNg7elB4OHQlruE/rlLsTwFK503rpepsRInc+lnauZCT/t9JV3ADHy19V3GuPXh1BTHmqQ/PjPiIAXLpMvzJtPbzoTyaYbZMngMZkxXug1fd9VPMhqo7T3OOxaJUX7r3ciRnPOY6QQvJoQyCW3epOS6kempwsUOAn5+6efr47pmjVzH4Vxg6ruWpYF5DMLQ==&u=U2FsdGVkX19LbjP2SJ29DIVr68I4mB9/RY9KHg0d8JSILVeOmaiV0xrxvUF6vN5I&y=U2FsdGVkX19cghxuqU+r8v+C/2qeztZV7u+tIKWausYENh5E7CyL+QADE3Slt6yX HTTP/1.1" 200 25
181.63.220.121 - - [11/Jul/2022:11:56:26 -0500] "GET /BLA/resoluciones/RESOLUCIONES%202009/2035.pdf HTTP/1.1" 200 309145
186.102.8.77 - - [11/Jul/2022:11:56:26 -0500] "GET /kwssiamovil/sm/acme/a?s=U2FsdGVkX19E8CyA3wgEhyqAs39vNiaeRv5UOPOGnI7s5x1SxLidgG+TIYiDYCdflP/ZaokFaneRSzSlzjXBkXOX/LJ1WIrM+vnGCmVsJDWmakDDXZz54Cw+Zfb4qRqV2X7d42jpXYI0fDYaj9pnnuBstLJJtwqG18rzoos6YHbRDSzBcAG7iuuOaAbKh1K7KiNIc4vxAQFenvuY/SUmGF25jGlHUnt7/FZd2RvJwH9WMWYkrLQ7IjsHuwc+PTgkjMXA1DlQviPOWmLBue5F45Z8F6FZhy7y5m+q6ItjkPFZoET5n5S6R5/X6JVK9M3L9VKNKITLAsdK7op1hu6tYfM2r27w3QZuGsKLZ0vx8PGi8Ah5WRI8S31Oeu0R8jqkINlf9OdfFYZNwizP6t5L/ySpY1ZBatUpQLP501dFet+G76GZmbGX9OZTUW5oej270WSxpLbyLjOVQWzWee64wvz39dz+poIxVHnFWI2I/D9eWjo4Fd3dkfuGlXjoR2JGrxwbKVvUW2zgf5WeapGeV3TDe+j4D4QXFeGpYHqGUTI9ABKZa9xg/DHg/xsBghA0KzkZSVObG4tyUfZhFdNmep4JftT6MHDcj3+5eeQZqagBrTFYqQVqt/LAnLNjmvD8/dTn1GU7Pffmi1o5TwH/Mhur7sgnICkaNr9nhBvcgrpAjsbF8mMpBva41m7ZXMlH6RtAeVrIB4lxjzgOu/NPgLmtx7LCOIeZrh0Cq9Zovjadpu7oLPuGlC7M3ttJT2V6vXw4RySRov5v0JrPOUk63l5cWBxtV89XXKZ+6kQ4Gcdw6dOgvLMRJcNjUF3HWvNaJ9VS25aVvGIQKU9dNgb891WNzqWWFigmC1FFV6kkTCgzFxV3nCNIzWdeDDGmalWkdeWjt/r/oA10DXfatOdDKnyySPsM59n5gSeNDHKZnY9iXpRErr8Lyi69Z4RZvk5GLY1cpa9iAJT2QxdCSEj42nL76wWPXyQsj4cOoxltRVvAFeRv/ps4FP1AzEuJ+3+uSKBe+4dQaskJnFCm6s1hw8SzSZF9Vqo44ALINs+X5c+tqkH1Xv6HKTW9+kM/IFiu4WCVZZ40GSFQkbXufc5IIq6XeOyiJA7WtuVE6Jfku2P/ZSPTvoZtitenAwD8B/DNOIrLheBVIcb3uRRKYyd88Vo88I7kiGb0+hvpOskt7EfetjXT4rYxraDy/FqGxGOrqVQMLv8WRCsT0tp3H8vnTSilviCvjI1VzGfOQv8h7ytcW56H3LuXO+7pPhQPRd+ASF2kzjwml70r04CdDf7o8hNM6GxG2ALyGymdftp8UhlIPRtu40at7Zpn2PlwwUFfzw4DtJwF82A/W0slTIj5OHDoV1lHNEwgmeSy0UpMceXwhS2qNUDhXhENlVpq5Hb5/MJQsMtfmTMJWiZ6IdnSA6CsJO5EiyIapaQJG2toJx/XEvQH5Cx37lE5zyYXLG1nt4zFtwKH6YosZrek6LDw7l6aMaaKm2H3d12oNqi1zzVX6pZCFuP/oT79eJUzOV0uITmhwjDCEnGrqiKAISEOmKBRDVVqyBG285PZNIulm+eFy2qbNfWyW883WLwP0IPbsrXzW/oFtGUSn+YFsEqaPUXicbbobHFTooFSEX3y5RZgKcsbYHoZ3n7ueFmyz83BpHBn6qa750suf0Nh1P8n3Q==&u=U2FsdGVkX19LbjP2SJ29DIVr68I4mB9/RY9KHg0d8JSILVeOmaiV0xrxvUF6vN5I&y=U2FsdGVkX19cghxuqU+r8v+C/2qeztZV7u+tIKWausYENh5E7CyL+QADE3Slt6yX HTTP/1.1" 200 25
186.102.8.77 - - [11/Jul/2022:11:56:27 -0500] "GET /kwssiamovil/sm/acme/a?s=U2FsdGVkX1829YVuCAcs813QKJyO8RNN3CfusoBFNgzuHKCXm0/YOJ2zoNIgFLgfA0i2QlF+LiyXXd7UsDH7Ym2iOFzndj5+dn9iztRmXniC328Cd6Nv9Q+BAvBgS0Sg16iHXvW4yYLD844zTxWx5Anx6+pVfX7eWPM/UypXo8s=&u=U2FsdGVkX19LbjP2SJ29DIVr68I4mB9/RY9KHg0d8JSILVeOmaiV0xrxvUF6vN5I&y=U2FsdGVkX19cghxuqU+r8v+C/2qeztZV7u+tIKWausYENh5E7CyL+QADE3Slt6yX HTTP/1.1" 200 25
186.102.8.77 - - [11/Jul/2022:11:56:27 -0500] "GET /kwssiamovil/sm/acme/a?s=U2FsdGVkX19hsv/sIfOKgb/YZ7gg5/ttqTI6BSwOR2CG8h6u/AWqZxYBBMme6CoUNmWh4siU+2VJ97cjXY1e0Z1qn38rKJQ+syDvbppEg24jf44fyRfbMkAUOo6AUbeo0MMNosSOqnFy5kDvlzly+DR21tbuSgMxF/VaQdbXUFA=&u=U2FsdGVkX19LbjP2SJ29DIVr68I4mB9/RY9KHg0d8JSILVeOmaiV0xrxvUF6vN5I&y=U2FsdGVkX19cghxuqU+r8v+C/2qeztZV7u+tIKWausYENh5E7CyL+QADE3Slt6yX HTTP/1.1" 200 25
186.102.8.77 - - [11/Jul/2022:11:56:27 -0500] "GET /kwssiamovil/sm/acme/a?s=U2FsdGVkX1/H6jGQUzbZ76loPlCymdShSL3GtqfmDwptn4RMGTSoI5OvkUnD9+CtTzZCh0Tqx7BKxDx2cIUzx1QVIIdqvLIitL28Z0SxISAFmKvEoUP4F/R5B0Eya3t6t1IPIRZJFvs3DrFr33Zh942YQBSjwOx49QylVHe8uPo=&u=U2FsdGVkX19LbjP2SJ29DIVr68I4mB9/RY9KHg0d8JSILVeOmaiV0xrxvUF6vN5I&y=U2FsdGVkX19cghxuqU+r8v+C/2qeztZV7u+tIKWausYENh5E7CyL+QADE3Slt6yX HTTP/1.1" 200 25
181.63.220.121 - - [11/Jul/2022:11:56:28 -0500] "GET /BLA/resoluciones/RESOLUCIONES%202009/2036.pdf HTTP/1.1" 200 843487
186.102.8.77 - - [11/Jul/2022:11:56:28 -0500] "GET /kwssiamovil/sm/acme/a?s=U2FsdGVkX1/+2JCn758hyRp/ITz1iLhDMtQOze2KgIxszJXiqypa4V6STpZK9wy78mvBRQKddBuZtpSsvHfodJrWZJeKaNkAMYw/whnklSLVTgayBuFvrNXZQAcn7O/AWAf/UfaKQDuzeq4GMuvgECPXiS1E89KU5AVO8TX9EcG+V03o4ZC/2nmArQXgVU3LwQV3IRTPi7JmMbDlgtuoTg==&u=U2FsdGVkX19LbjP2SJ29DIVr68I4mB9/RY9KHg0d8JSILVeOmaiV0xrxvUF6vN5I&y=U2FsdGVkX19cghxuqU+r8v+C/2qeztZV7u+tIKWausYENh5E7CyL+QADE3Slt6yX HTTP/1.1" 200 25
186.102.8.77 - - [11/Jul/2022:11:56:28 -0500] "GET /kwssiamovil/sm/acme/a?s=U2FsdGVkX19J+rSUlXh/8LnTMXFFJ/w+HpAqtqP8KGx0lcijdlhmeiucZrJGE5bSNAVrfmDBs/y4zK7HpQwvMlDVBlEfRJnVGfMYHI3CJWlIW0e7an+pCBW81Fxbj4ip0rJzgmifz0LST/aJBEh5mfrgyjmCwGCxE+qQ3eQhA4pO9dUATkJJ2FvkeymH4GyPKw6NbLKdAd1JAuHhKtG9mA==&u=U2FsdGVkX19LbjP2SJ29DIVr68I4mB9/RY9KHg0d8JSILVeOmaiV0xrxvUF6vN5I&y=U2FsdGVkX19cghxuqU+r8v+C/2qeztZV7u+tIKWausYENh5E7CyL+QADE3Slt6yX HTTP/1.1" 200 25
186.102.8.77 - - [11/Jul/2022:11:56:29 -0500] "GET /kwssiamovil/sm/acme/a?s=U2FsdGVkX18WoYu4wdhdfP1n8MDQBb9sv6AMjRi/j4BaA1i8LzG1F06VhsEDUBRjLqenKICcPQW8jb8yjwFnyXz8j2DN8wRsir4yhvcYFevzMTl2NWLOdzObxGZD2P0nGTLTp10xnB+Fc6vhMC2emNC56Rq3YVtBBkD8BxRLbivEbphtghRG60BgooYucveg&u=U2FsdGVkX19LbjP2SJ29DIVr68I4mB9/RY9KHg0d8JSILVeOmaiV0xrxvUF6vN5I&y=U2FsdGVkX19cghxuqU+r8v+C/2qeztZV7u+tIKWausYENh5E7CyL+QADE3Slt6yX HTTP/1.1" 200 25
186.102.8.77 - - [11/Jul/2022:11:56:29 -0500] "GET /kwssiamovil/sm/acme/a?s=U2FsdGVkX18s3Y3Edg0rH6M+ZRs3vEc6J4SwUiMIUKWc+5bp+1lAHwCtWI7igXoYvdtL6Edn/lv4FB8slIof3uUWcXC1gIfF6WnZQV36SKGSu7SNQGNsGsPUbjl7buLrAI2bAj3Tevj1mxI+yh3Z9eXA4dRU9cAqcpoATRNEzAGX4BB2xvZmyRER+caFv5JAkRghH7UISACYoBxZE06etg==&u=U2FsdGVkX19LbjP2SJ29DIVr68I4mB9/RY9KHg0d8JSILVeOmaiV0xrxvUF6vN5I&y=U2FsdGVkX19cghxuqU+r8v+C/2qeztZV7u+tIKWausYENh5E7CyL+QADE3Slt6yX HTTP/1.1" 200 25
181.63.220.121 - - [11/Jul/2022:11:56:29 -0500] "GET /BLA/resoluciones/RESOLUCIONES%202009/2037.pdf HTTP/1.1" 200 361808
186.102.8.77 - - [11/Jul/2022:11:56:29 -0500] "GET /kwssiamovil/sm/acme/a?s=U2FsdGVkX18NR5uzdk4yoh35Y2OgVBxlh1hvw65vzb/nL0v34D0Uaoc5Hj/Fg14CKncXWgGytuyy6r+P6DuRQnHmQeIA7KC9a8Um+GOHENQVSWWTWkM9XOiH0YUfLGookcPUKD2ljYZF/5GReZYyCZjc8vluwD3qQh/w+m6gRFeq+axIS3NkJMc4kIae+tny&u=U2FsdGVkX19LbjP2SJ29DIVr68I4mB9/RY9KHg0d8JSILVeOmaiV0xrxvUF6vN5I&y=U2FsdGVkX19cghxuqU+r8v+C/2qeztZV7u+tIKWausYENh5E7CyL+QADE3Slt6yX HTTP/1.1" 200 25
186.102.8.77 - - [11/Jul/2022:11:56:30 -0500] "GET /kwssiamovil/sm/acme/a?s=U2FsdGVkX18fwZFhWJuNdbR0Hjz6OhoudyFA7wIbxM/7CjLmgYiL4PIdcE1yoGzvZ4mc+YTLwmi2f/myWQuEq3+rlCXSncwS1Gu1XMQ3jj4cXcP27jbpI9fA9Gv93upgWnT+u4uvqEO+7mss/s3K2BlfUFZDIpm51dyatN0f40bx4A0edccHQ3vrwy/6njA4hy43FcVOdndnhbLZfOPFDw==&u=U2FsdGVkX19LbjP2SJ29DIVr68I4mB9/RY9KHg0d8JSILVeOmaiV0xrxvUF6vN5I&y=U2FsdGVkX19cghxuqU+r8v+C/2qeztZV7u+tIKWausYENh5E7CyL+QADE3Slt6yX HTTP/1.1" 200 25
