201.245.192.253 - - [11/Jul/2022:16:31:08 -0500] "POST /kwsrmcab/Wsrmcab HTTP/1.1" 200 45723
201.245.192.253 - - [11/Jul/2022:16:31:12 -0500] "POST /kwsrmcab/Wsrmcab HTTP/1.1" 200 46339
172.22.2.4 - - [11/Jul/2022:16:31:18 -0500] "GET /BLA/boletinlegal/actos.php HTTP/1.1" 200 9559
172.22.2.4 - - [11/Jul/2022:16:31:18 -0500] "GET /BLA/boletinlegal/favicon.ico HTTP/1.1" 404 1326
201.245.192.253 - - [11/Jul/2022:16:31:22 -0500] "POST /kwsrmcab/Wsrmcab  HTTP/1.1" 200 45708
186.155.49.169 - - [11/Jul/2022:16:31:31 -0500] "GET /BLA/resoluciones/RESOLUCIONES%202019/0578.pdf HTTP/1.1" 200 274729
186.30.129.206 - - [11/Jul/2022:16:31:35 -0500] "GET /BLA/resoluciones/index.php?dir=RESOLUCIONES+2015%2F HTTP/1.1" 200 130045
172.22.2.4 - - [11/Jul/2022:16:31:39 -0500] "GET /BLA/boletinlegal/consulta_actos.php?tipo=resoluciones&no=0368&usuario=&sector=&fecha=2019&resuelve= HTTP/1.1" 200 1108
186.86.34.6 - - [11/Jul/2022:16:31:42 -0500] "GET /BLA/resoluciones/RESOLUCIONES%202019/0368.pdf HTTP/1.1" 200 644671
186.155.49.169 - - [11/Jul/2022:16:31:45 -0500] "GET /BLA/resoluciones/RESOLUCIONES%202019/0565.pdf HTTP/1.1" 200 357633
172.22.2.4 - - [11/Jul/2022:16:31:48 -0500] "GET /BLA/boletinlegal/normativa.php HTTP/1.1" 200 8326
65.154.226.220 - - [11/Jul/2022:16:31:51 -0500] "GET /portaldeninos/wp-includes/js/wp-emoji-release.min.js?ver=4.9.8 HTTP/1.1" 200 12026
65.154.226.220 - - [11/Jul/2022:16:31:51 -0500] "GET /portaldeninos/wp-content/plugins/google-analytics-for-wordpress/assets/js/frontend-gtag.min.js?ver=8.5.0 HTTP/1.1" 200 11801
65.154.226.220 - - [11/Jul/2022:16:31:52 -0500] "GET /portaldeninos/wp-includes/js/jquery/jquery.js?ver=1.12.4 HTTP/1.1" 200 97184
65.154.226.220 - - [11/Jul/2022:16:31:53 -0500] "GET /portaldeninos/wp-includes/js/jquery/jquery-migrate.min.js?ver=1.4.1 HTTP/1.1" 200 10056
65.154.226.220 - - [11/Jul/2022:16:31:53 -0500] "GET /portaldeninos/wp-includes/js/jquery/ui/core.min.js?ver=1.11.4 HTTP/1.1" 200 4000
65.154.226.220 - - [11/Jul/2022:16:31:54 -0500] "GET /portaldeninos/wp-content/plugins/gallery-videos/JS/modernizr.custom.js?ver=4.9.8 HTTP/1.1" 200 9019
65.154.226.220 - - [11/Jul/2022:16:31:54 -0500] "GET /portaldeninos/wp-content/plugins/gallery-videos/JS/Total-Soft-Gallery-Video-Widget.js?ver=4.9.8 HTTP/1.1" 200 80264
172.22.2.4 - - [11/Jul/2022:16:31:54 -0500] "GET /BLA/boletinlegal/consulta_normativa.php?tipo=&sector=Aire&ano=2022&resuelve=gas HTTP/1.1" 200 454
65.154.226.220 - - [11/Jul/2022:16:31:54 -0500] "GET /portaldeninos/wp-includes/js/jquery/ui/widget.min.js?ver=1.11.4 HTTP/1.1" 200 6908
65.154.226.220 - - [11/Jul/2022:16:31:55 -0500] "GET /portaldeninos/wp-includes/js/jquery/ui/mouse.min.js?ver=1.11.4 HTTP/1.1" 200 3148
65.154.226.220 - - [11/Jul/2022:16:31:55 -0500] "GET /portaldeninos/wp-includes/js/jquery/ui/sortable.min.js?ver=1.11.4 HTTP/1.1" 200 24899
65.154.226.220 - - [11/Jul/2022:16:31:55 -0500] "GET /portaldeninos/wp-includes/js/jquery/ui/tabs.min.js?ver=1.11.4 HTTP/1.1" 200 12110
65.154.226.220 - - [11/Jul/2022:16:31:56 -0500] "GET /portaldeninos/wp-includes/js/jquery/ui/accordion.min.js?ver=1.11.4 HTTP/1.1" 200 8584
65.154.226.220 - - [11/Jul/2022:16:31:56 -0500] "GET /portaldeninos/wp-content/themes/betheme/js/plugins.js?ver=20.9.6 HTTP/1.1" 200 197151
65.154.226.220 - - [11/Jul/2022:16:32:00 -0500] "GET /portaldeninos/wp-content/themes/betheme/js/menu.js?ver=20.9.6 HTTP/1.1" 200 2449
65.154.226.220 - - [11/Jul/2022:16:32:00 -0500] "GET /portaldeninos/wp-content/themes/betheme/assets/animations/animations.min.js?ver=20.9.6 HTTP/1.1" 200 1896
65.154.226.220 - - [11/Jul/2022:16:32:00 -0500] "GET /portaldeninos/wp-content/themes/betheme/assets/jplayer/jplayer.min.js?ver=20.9.6 HTTP/1.1" 200 52702
65.154.226.220 - - [11/Jul/2022:16:32:01 -0500] "GET /portaldeninos/wp-content/themes/betheme/js/scripts.js?ver=20.9.6 HTTP/1.1" 200 77162
65.154.226.220 - - [11/Jul/2022:16:32:02 -0500] "GET /portaldeninos/wp-includes/js/wp-embed.min.js?ver=4.9.8 HTTP/1.1" 200 1398
186.155.49.169 - - [11/Jul/2022:16:32:07 -0500] "GET /BLA/resoluciones/RESOLUCIONES%202019/0549.pdf HTTP/1.1" 200 374984
201.245.192.253 - - [11/Jul/2022:16:32:27 -0500] "POST /sipse/faces/presentacion/financiero/solicitudProceso/consultarSolicitudProceso.xhtml HTTP/1.1" 302 -
201.245.192.253 - - [11/Jul/2022:16:32:27 -0500] "GET /sipse/faces/autenticacion.xhtml HTTP/1.1" 200 1099
201.245.192.253 - - [11/Jul/2022:16:32:27 -0500] "POST /sipse/faces/presentacion/financiero/solicitudProceso/consultarSolicitudProceso.xhtml HTTP/1.1" 302 -
201.245.192.253 - - [11/Jul/2022:16:32:27 -0500] "GET /sipse/faces/autenticacion.xhtml HTTP/1.1" 200 1099
201.245.192.253 - - [11/Jul/2022:16:32:27 -0500] "POST /sipse/faces/presentacion/financiero/solicitudProceso/consultarSolicitudProceso.xhtml HTTP/1.1" 302 -
201.245.192.253 - - [11/Jul/2022:16:32:27 -0500] "GET /sipse/faces/autenticacion.xhtml HTTP/1.1" 200 1099
201.245.192.253 - - [11/Jul/2022:16:32:41 -0500] "POST /sipse/faces/presentacion/financiero/solicitudProceso/consultarSolicitudProceso.xhtml HTTP/1.1" 302 -
201.245.192.253 - - [11/Jul/2022:16:32:41 -0500] "GET /sipse/faces/autenticacion.xhtml HTTP/1.1" 200 12177
201.245.192.253 - - [11/Jul/2022:16:32:41 -0500] "GET /sipse/faces/javax.faces.resource/theme.css?ln=primefaces-sipse HTTP/1.1" 304 -
201.245.192.253 - - [11/Jul/2022:16:32:41 -0500] "GET /sipse/faces/javax.faces.resource/primefaces.css?ln=primefaces&v=4.0 HTTP/1.1" 304 -
201.245.192.253 - - [11/Jul/2022:16:32:41 -0500] "GET /sipse/faces/javax.faces.resource/jquery/jquery-plugins.js?ln=primefaces&v=4.0 HTTP/1.1" 304 -
201.245.192.253 - - [11/Jul/2022:16:32:41 -0500] "GET /sipse/faces/javax.faces.resource/layout/layout.css?ln=primefaces&v=4.0 HTTP/1.1" 304 -
201.245.192.253 - - [11/Jul/2022:16:32:41 -0500] "GET /sipse/faces/javax.faces.resource/primefaces.js?ln=primefaces&v=4.0 HTTP/1.1" 304 -
201.245.192.253 - - [11/Jul/2022:16:32:41 -0500] "GET /sipse/faces/javax.faces.resource/jquery/jquery.js?ln=primefaces&v=4.0 HTTP/1.1" 304 -
201.245.192.253 - - [11/Jul/2022:16:32:41 -0500] "GET /sipse/faces/javax.faces.resource/layout/layout.js?ln=primefaces&v=4.0 HTTP/1.1" 304 -
201.245.192.253 - - [11/Jul/2022:16:32:41 -0500] "GET /sipse/faces/javax.faces.resource/images/ui-icons_898989_256x240.png?ln=primefaces-aristo HTTP/1.1" 304 -
201.245.192.253 - - [11/Jul/2022:16:32:43 -0500] "POST /sipse/faces/autenticacion.xhtml HTTP/1.1" 200 2223
201.245.192.253 - - [11/Jul/2022:16:32:43 -0500] "GET /sipse/faces/javax.faces.resource/messages/messages.png?ln=primefaces&v=4.0 HTTP/1.1" 304 -
201.245.192.253 - - [11/Jul/2022:16:32:44 -0500] "POST /sipse/faces/autenticacion.xhtml HTTP/1.1" 200 16360
201.245.192.253 - - [11/Jul/2022:16:32:45 -0500] "GET /sipse/faces/javax.faces.resource/jquery/jquery.js?ln=primefaces&v=4.0 HTTP/1.1" 304 -
201.245.192.253 - - [11/Jul/2022:16:32:45 -0500] "GET /sipse/faces/javax.faces.resource/jquery/jquery-plugins.js?ln=primefaces&v=4.0 HTTP/1.1" 304 -
201.245.192.253 - - [11/Jul/2022:16:32:45 -0500] "GET /sipse/faces/javax.faces.resource/primefaces.js?ln=primefaces&v=4.0 HTTP/1.1" 304 -
201.245.192.253 - - [11/Jul/2022:16:32:45 -0500] "GET /sipse/faces/javax.faces.resource/layout/layout.js?ln=primefaces&v=4.0 HTTP/1.1" 304 -
201.245.192.253 - - [11/Jul/2022:16:32:46 -0500] "GET /sipse/faces/javax.faces.resource/images/ui-bg_flat_0_2d5972_40x100.png?ln=primefaces-aristo HTTP/1.1" 304 -
201.245.192.253 - - [11/Jul/2022:16:32:46 -0500] "POST /sipse/faces/bienvenido.xhtml HTTP/1.1" 200 2658
201.245.192.253 - - [11/Jul/2022:16:32:44 -0500] "POST /kwsrmcab/Wsrmcab HTTP/1.1" 200 43529
201.245.192.253 - - [11/Jul/2022:16:32:47 -0500] "POST /sipse/faces/bienvenido.xhtml HTTP/1.1" 200 64902
201.245.192.253 - - [11/Jul/2022:16:32:48 -0500] "GET /sipse/faces/javax.faces.resource/jquery/jquery.js?ln=primefaces&v=4.0 HTTP/1.1" 304 -
201.245.192.253 - - [11/Jul/2022:16:32:48 -0500] "GET /sipse/faces/javax.faces.resource/jquery/jquery-plugins.js?ln=primefaces&v=4.0 HTTP/1.1" 304 -
201.245.192.253 - - [11/Jul/2022:16:32:48 -0500] "GET /sipse/faces/javax.faces.resource/primefaces.js?ln=primefaces&v=4.0 HTTP/1.1" 304 -
201.245.192.253 - - [11/Jul/2022:16:32:48 -0500] "GET /sipse/faces/javax.faces.resource/layout/layout.js?ln=primefaces&v=4.0 HTTP/1.1" 304 -
201.245.192.253 - - [11/Jul/2022:16:32:48 -0500] "POST /sipse/faces/presentacion/financiero/solicitudProceso/listarSolicitudProceso.xhtml HTTP/1.1" 200 1556
186.155.49.169 - - [11/Jul/2022:16:32:48 -0500] "GET /BLA/resoluciones/RESOLUCIONES%202019/0536.pdf HTTP/1.1" 200 381979
216.245.221.92 - - [11/Jul/2022:16:32:52 -0500] "HEAD / HTTP/1.1" 200 -
66.249.70.95 - - [11/Jul/2022:16:32:54 -0500] "-" 408 -
172.22.2.4 - - [11/Jul/2022:16:31:16 -0500] "GET /BLA/boletinlegal/ HTTP/1.1" 200 63238
201.245.192.253 - - [11/Jul/2022:16:33:00 -0500] "POST /sipse/faces/presentacion/financiero/solicitudProceso/listarSolicitudProceso.xhtml HTTP/1.1" 200 108509
201.245.192.253 - - [11/Jul/2022:16:33:01 -0500] "GET /sipse/faces/javax.faces.resource/jquery/jquery.js?ln=primefaces&v=4.0 HTTP/1.1" 304 -
201.245.192.253 - - [11/Jul/2022:16:33:01 -0500] "GET /sipse/faces/javax.faces.resource/jquery/jquery-plugins.js?ln=primefaces&v=4.0 HTTP/1.1" 304 -
201.245.192.253 - - [11/Jul/2022:16:33:01 -0500] "GET /sipse/faces/javax.faces.resource/primefaces.js?ln=primefaces&v=4.0 HTTP/1.1" 304 -
201.245.192.253 - - [11/Jul/2022:16:33:01 -0500] "GET /sipse/faces/javax.faces.resource/layout/layout.js?ln=primefaces&v=4.0 HTTP/1.1" 304 -
201.245.192.253 - - [11/Jul/2022:16:33:10 -0500] "POST /sipse/faces/presentacion/financiero/solicitudProceso/consultarSolicitudProceso.xhtml HTTP/1.1" 200 30860
201.245.192.253 - - [11/Jul/2022:16:33:10 -0500] "GET /sipse/faces/javax.faces.resource/theme.css?ln=primefaces-sipse HTTP/1.1" 304 -
201.245.192.253 - - [11/Jul/2022:16:33:10 -0500] "GET /sipse/faces/javax.faces.resource/primefaces.css?ln=primefaces&v=4.0 HTTP/1.1" 304 -
201.245.192.253 - - [11/Jul/2022:16:33:10 -0500] "GET /sipse/faces/javax.faces.resource/layout/layout.css?ln=primefaces&v=4.0 HTTP/1.1" 304 -
201.245.192.253 - - [11/Jul/2022:16:33:10 -0500] "GET /sipse/faces/javax.faces.resource/jquery/jquery.js?ln=primefaces&v=4.0 HTTP/1.1" 304 -
201.245.192.253 - - [11/Jul/2022:16:33:10 -0500] "GET /sipse/faces/javax.faces.resource/jquery/jquery-plugins.js?ln=primefaces&v=4.0 HTTP/1.1" 304 -
201.245.192.253 - - [11/Jul/2022:16:33:10 -0500] "GET /sipse/faces/javax.faces.resource/layout/layout.js?ln=primefaces&v=4.0 HTTP/1.1" 304 -
201.245.192.253 - - [11/Jul/2022:16:33:10 -0500] "GET /sipse/faces/javax.faces.resource/primefaces.js?ln=primefaces&v=4.0 HTTP/1.1" 304 -
201.245.192.253 - - [11/Jul/2022:16:33:10 -0500] "GET /sipse/faces/javax.faces.resource/images/ui-icons_898989_256x240.png?ln=primefaces-aristo HTTP/1.1" 304 -
172.22.2.4 - - [11/Jul/2022:16:33:17 -0500] "GET /BLA/boletinlegal/consulta_actos.php?tipo=resoluciones&no=&usuario=&sector=RUIDO&fecha=2018&resuelve= HTTP/1.1" 200 56112
186.155.49.169 - - [11/Jul/2022:16:33:22 -0500] "GET /BLA/resoluciones/RESOLUCIONES%202018/4286.pdf HTTP/1.1" 200 364234
186.155.49.169 - - [11/Jul/2022:16:33:38 -0500] "GET /BLA/resoluciones/RESOLUCIONES%202018/4154.pdf HTTP/1.1" 404 1120
172.22.2.4 - - [11/Jul/2022:16:33:41 -0500] "POST /BLA/boletinlegal/admin/actos/ingresar.php HTTP/1.1" 200 7236
186.155.49.169 - - [11/Jul/2022:16:33:42 -0500] "GET /BLA/resoluciones/RESOLUCIONES%202018/4154.pdf HTTP/1.1" 404 1120
186.155.49.169 - - [11/Jul/2022:16:33:49 -0500] "GET /BLA/resoluciones/RESOLUCIONES%202018/4091.pdf HTTP/1.1" 200 385904
172.22.2.4 - - [11/Jul/2022:16:33:12 -0500] "GET /BLA/boletinlegal/ HTTP/1.1" 200 36811
201.244.245.139 - - [11/Jul/2022:16:34:20 -0500] "POST /sipsepre/faces/presentacion/financiero/solicitudProceso/consultarSolicitudProceso.xhtml HTTP/1.1" 200 11198
201.244.245.139 - - [11/Jul/2022:16:34:22 -0500] "GET /sipsepre/faces/javax.faces.resource/jquery/jquery.js?ln=primefaces&v=4.0 HTTP/1.1" 304 -
201.244.245.139 - - [11/Jul/2022:16:34:22 -0500] "GET /sipsepre/faces/javax.faces.resource/jquery/jquery-plugins.js?ln=primefaces&v=4.0 HTTP/1.1" 304 -
201.244.245.139 - - [11/Jul/2022:16:34:22 -0500] "GET /sipsepre/faces/javax.faces.resource/primefaces.js?ln=primefaces&v=4.0 HTTP/1.1" 304 -
201.244.245.139 - - [11/Jul/2022:16:34:22 -0500] "GET /sipsepre/faces/javax.faces.resource/layout/layout.js?ln=primefaces&v=4.0 HTTP/1.1" 304 -
186.155.49.169 - - [11/Jul/2022:16:34:22 -0500] "GET /BLA/resoluciones/RESOLUCIONES%202018/4090.pdf HTTP/1.1" 200 367476
201.244.245.139 - - [11/Jul/2022:16:34:29 -0500] "POST /sipsepre/faces/presentacion/sistema/seguridad/seleccionRol.xhtml HTTP/1.1" 200 5751
201.244.245.139 - - [11/Jul/2022:16:34:30 -0500] "POST /sipsepre/faces/presentacion/sistema/seguridad/seleccionRol.xhtml HTTP/1.1" 200 19378
201.244.245.139 - - [11/Jul/2022:16:34:31 -0500] "GET /sipsepre/faces/javax.faces.resource/jquery/jquery.js?ln=primefaces&v=4.0 HTTP/1.1" 304 -
201.244.245.139 - - [11/Jul/2022:16:34:31 -0500] "GET /sipsepre/faces/javax.faces.resource/jquery/jquery-plugins.js?ln=primefaces&v=4.0 HTTP/1.1" 304 -
201.244.245.139 - - [11/Jul/2022:16:34:31 -0500] "GET /sipsepre/faces/javax.faces.resource/primefaces.js?ln=primefaces&v=4.0 HTTP/1.1" 304 -
201.244.245.139 - - [11/Jul/2022:16:34:31 -0500] "GET /sipsepre/faces/javax.faces.resource/layout/layout.js?ln=primefaces&v=4.0 HTTP/1.1" 304 -
201.244.245.139 - - [11/Jul/2022:16:34:32 -0500] "POST /sipsepre/faces/bienvenido.xhtml HTTP/1.1" 200 5040
186.155.49.169 - - [11/Jul/2022:16:34:35 -0500] "GET /BLA/resoluciones/RESOLUCIONES%202018/4086.pdf HTTP/1.1" 200 363540
201.244.245.139 - - [11/Jul/2022:16:34:43 -0500] "POST /sipsepre/faces/bienvenido.xhtml HTTP/1.1" 200 66917
201.244.245.139 - - [11/Jul/2022:16:34:43 -0500] "GET /sipsepre/faces/javax.faces.resource/jquery/jquery.js?ln=primefaces&v=4.0 HTTP/1.1" 304 -
201.244.245.139 - - [11/Jul/2022:16:34:43 -0500] "GET /sipsepre/faces/javax.faces.resource/jquery/jquery-plugins.js?ln=primefaces&v=4.0 HTTP/1.1" 304 -
201.244.245.139 - - [11/Jul/2022:16:34:44 -0500] "GET /sipsepre/faces/javax.faces.resource/primefaces.js?ln=primefaces&v=4.0 HTTP/1.1" 304 -
201.244.245.139 - - [11/Jul/2022:16:34:44 -0500] "GET /sipsepre/faces/javax.faces.resource/layout/layout.js?ln=primefaces&v=4.0 HTTP/1.1" 304 -
201.244.245.139 - - [11/Jul/2022:16:34:44 -0500] "POST /sipsepre/faces/presentacion/financiero/solicitudProceso/listarSolicitudProceso.xhtml HTTP/1.1" 200 60275
201.244.245.139 - - [11/Jul/2022:16:34:44 -0500] "POST /sipsepre/faces/presentacion/financiero/solicitudProceso/listarSolicitudProceso.xhtml HTTP/1.1" 200 60275
201.244.245.139 - - [11/Jul/2022:16:34:44 -0500] "POST /sipsepre/faces/presentacion/financiero/solicitudProceso/listarSolicitudProceso.xhtml HTTP/1.1" 200 60275
201.244.245.139 - - [11/Jul/2022:16:34:44 -0500] "POST /sipsepre/faces/presentacion/financiero/solicitudProceso/listarSolicitudProceso.xhtml HTTP/1.1" 200 60275
201.244.245.139 - - [11/Jul/2022:16:34:45 -0500] "POST /sipsepre/faces/presentacion/financiero/solicitudProceso/listarSolicitudProceso.xhtml HTTP/1.1" 200 60275
201.244.245.139 - - [11/Jul/2022:16:34:45 -0500] "POST /sipsepre/faces/presentacion/financiero/solicitudProceso/listarSolicitudProceso.xhtml HTTP/1.1" 200 1556
201.244.245.139 - - [11/Jul/2022:16:34:45 -0500] "POST /sipsepre/faces/presentacion/financiero/solicitudProceso/listarSolicitudProceso.xhtml HTTP/1.1" 200 1564
201.244.245.139 - - [11/Jul/2022:16:34:45 -0500] "POST /sipsepre/faces/presentacion/financiero/solicitudProceso/listarSolicitudProceso.xhtml HTTP/1.1" 200 1564
201.244.245.139 - - [11/Jul/2022:16:34:46 -0500] "POST /sipsepre/faces/presentacion/financiero/solicitudProceso/listarSolicitudProceso.xhtml HTTP/1.1" 200 1564
201.244.245.139 - - [11/Jul/2022:16:34:49 -0500] "POST /sipsepre/faces/presentacion/financiero/solicitudProceso/listarSolicitudProceso.xhtml HTTP/1.1" 200 1564
201.244.245.139 - - [11/Jul/2022:16:34:49 -0500] "POST /sipsepre/faces/presentacion/financiero/solicitudProceso/listarSolicitudProceso.xhtml HTTP/1.1" 200 1564
186.155.49.169 - - [11/Jul/2022:16:34:49 -0500] "GET /BLA/resoluciones/RESOLUCIONES%202018/4085.pdf HTTP/1.1" 200 365826
201.244.245.139 - - [11/Jul/2022:16:34:50 -0500] "POST /sipsepre/faces/presentacion/financiero/solicitudProceso/listarSolicitudProceso.xhtml HTTP/1.1" 200 126489
201.244.245.139 - - [11/Jul/2022:16:34:51 -0500] "GET /sipsepre/faces/javax.faces.resource/jquery/jquery.js?ln=primefaces&v=4.0 HTTP/1.1" 304 -
201.244.245.139 - - [11/Jul/2022:16:34:51 -0500] "GET /sipsepre/faces/javax.faces.resource/jquery/jquery-plugins.js?ln=primefaces&v=4.0 HTTP/1.1" 304 -
201.244.245.139 - - [11/Jul/2022:16:34:51 -0500] "GET /sipsepre/faces/javax.faces.resource/primefaces.js?ln=primefaces&v=4.0 HTTP/1.1" 304 -
201.244.245.139 - - [11/Jul/2022:16:34:51 -0500] "GET /sipsepre/faces/javax.faces.resource/layout/layout.js?ln=primefaces&v=4.0 HTTP/1.1" 304 -
172.22.2.4 - - [11/Jul/2022:16:35:01 -0500] "POST /BLA/boletinlegal/admin/actos/ingresar.php HTTP/1.1" 200 7236
186.155.49.169 - - [11/Jul/2022:16:35:21 -0500] "GET /BLA/resoluciones/RESOLUCIONES%202018/4084.pdf HTTP/1.1" 200 374153
186.155.66.249 - - [11/Jul/2022:16:35:47 -0500] "GET /kwssiamovil/sm/des/ldap/au?x=U2FsdGVkX1+7wr0lkc0PS8BCB76kiHWDbpghH1C2GBNZCfHHRnI43eWBIChpTEuF&y=U2FsdGVkX1+QxMc7+FOTl7mLYMk6N6xiWXCL5WAODbTdFEk2RIYFP9Q/54nnI4S7 HTTP/1.1" 200 30
186.155.66.249 - - [11/Jul/2022:16:35:47 -0500] "GET /kwssiamovil/sm/des/acme/s?s=U2FsdGVkX191ppOJTphtGr0PpwDu52jwLPECD5V9RGm3P82K4FTXHjO5baiVcmhnXFUS8QoToXTPmYsroRqBAgGk/AYxn8dIMYdzDT9nWRc=&u=U2FsdGVkX19b9LOzocOSrkcYw/31a/yCyaDFEct/lP4=&y=U2FsdGVkX1+QxMc7+FOTl7mLYMk6N6xiWXCL5WAODbTdFEk2RIYFP9Q/54nnI4S7 HTTP/1.1" 200 97
186.155.66.249 - - [11/Jul/2022:16:35:47 -0500] "GET /kwssiamovil/sm/des/acme/s?s=U2FsdGVkX1/1fAVNklhgkBX39FvbmTtXDPBcj86+kvxTMmd/UUIvlqu9EpLY9Q6PcajXSzJJTaIfFypQmORTQtostjCtBHm9A0IYA+vmIiFARpkM35yMyNnhbwtIQuBQfwyy56K+U37wS9onk/1A4XXBkPasTaZJ1/RZ4tDZg4eN9h9bU6qbasqNCge2RdUHC0wWmVNM7rZD//VXlGlvIfBkmopjvRb+x7VrU0S6pxslhdeKqhLnbjLXQuVKUxNKQQR2rAZc7YU49f4ooFZkN9xkqduWV6AC/d8WAAFMkrbkNi2IOVglZIVJMnxzT1E39gNIJgWMjzCL9549mAdG+j/fmVzHQIcshbPhaU54LE6USiXePmwsimHONZzuEeeKmltLxx6bNOj6WmehptU82yPhaIrpK6jkSZlrSNUI906yRkj3sZEKs+GlNjuupBxDta+TI6Nd3Gm2g3QEVFY+Nendhm+LtIR6WpFapCB4HOdJiIkYDOjaPCSb/4bvXDUqQprJEjqncz9G1g8MeHpWjrGdyGG8MQ3R+g8VErjEK4KL+KCblH6MiDE3189fpYEC4yBrmFWfzVW3BiGv41xYapXuJVXRMjWUU+xiEojVA5YQduoRGl4mnefYh11JeQ59OOCvuM5navKGnCvPkUuXrNwYAtJbfYCYdMXyDfhttHJ6tVgNESL9V3IPukXMBFtzl+ZLYgS2FteZWSVI87pxkDf1QYaeR/58ST90rjhWOIYJQX427rmEE4wmp01gGon3jY54PIT0vwL8FIaK7g2h/Vcgy3k0g+HZ83aanwy+EWrMfQOL1Gux1a2Sav/X5Nk/XcLfm09vIveg8HlCm/uTd0BYvQOLawqeEVrG8K45LbGNHvLglOC8olM+wyLSOuROG5pyB+avfBQ2CbTCXtJlw0+lE/DxK1gR5Sm20e/olrZ3R4jT/W7T1Rc51DO2BpaE98PpcrwVBT8wAykhROh6c9Vmr3+a6kapp8EKiof6pJBT42BD3259b5AgoJev6a8NmUn6Mr+EJJtSFxn+a1hwwpgtCxMICJe7DD3J1BSiv0C4Ff8vEOqIeFiqp8s//gzmWDBjS7L1Sx2jvzr7xczfcI/Ag6N8vUSnZ6BJB+NZ8ikSfkY3fb3A5ZYIvqV8jXoV91JII1KfZ+PNWLHeCqAPsIuwXqg8w5b56u7OjdAXpJvJG3q/YUktaRROFbQCsvadyElajvjfEdJolxuyl8qtKTvckyPkZJriv2b7P8KmGGxe0MCNJkBgGExWhFLqbrpkQnCmIAsgO3g55Rwsgs1XFnX0Lxcdu6ybSvh9lSN714h+KTqy1jGSL1x6lFmY9t9CfcTzV8CadthZ5S7gwmaShc0KqCbhPf9umJgMJ4RbQ/c=&u=U2FsdGVkX19b9LOzocOSrkcYw/31a/yCyaDFEct/lP4=&y=U2FsdGVkX1+QxMc7+FOTl7mLYMk6N6xiWXCL5WAODbTdFEk2RIYFP9Q/54nnI4S7 HTTP/1.1" 200 1394
186.155.66.249 - - [11/Jul/2022:16:35:47 -0500] "GET /kwssiamovil/sm/des/acme/s?s=U2FsdGVkX185RT5ZihNmddBQsgHLyG7dSoA78wyiyfRgY0QTET3l0Luo600UDVZlWFBVnmijmw3VNyL2qvDSkZUXhyudU707q/6kWPSFhWbsU3i/Np2IRedBgwIvxzltab1Ekczof10lMAqrG06mqwjdXEHmHbc6yWY1Yc3FkktvPXJMBuGaIHr/RHxXTD6tHDhGrmwwpDlBnr/YYdGj1/+4moge7qp1AhySvtCCOaYuMSTy+CZsYmNx9oNs4IMmyFzgCCPYo7hw64mEgb6SrxGFcWV22t/NvHoCrRHRAog=&u=U2FsdGVkX19b9LOzocOSrkcYw/31a/yCyaDFEct/lP4=&y=U2FsdGVkX1+QxMc7+FOTl7mLYMk6N6xiWXCL5WAODbTdFEk2RIYFP9Q/54nnI4S7 HTTP/1.1" 200 279
186.155.66.249 - - [11/Jul/2022:16:35:47 -0500] "GET /kwssiamovil/sm/des/cjson/pre?f=9&x=U2FsdGVkX1+7wr0lkc0PS8BCB76kiHWDbpghH1C2GBNZCfHHRnI43eWBIChpTEuF HTTP/1.1" 200 25128
186.155.66.249 - - [11/Jul/2022:16:35:47 -0500] "GET /kwssiamovil/sm/des/cjson/pre?f=1&x=U2FsdGVkX1+7wr0lkc0PS8BCB76kiHWDbpghH1C2GBNZCfHHRnI43eWBIChpTEuF HTTP/1.1" 200 30992
186.155.66.249 - - [11/Jul/2022:16:35:53 -0500] "GET /kwssiamovil/sm/des/ldap/au?x=U2FsdGVkX1/KLPgONh+QFZXufDqELqnUafV53cDEz3rGcialPFxCgYqUTTDhpj4o&y=U2FsdGVkX19NJDL2sz9sbS7XgZWnE8IDMSTA9pdgdDMcOTkopNsvC2qj8PDMT7Ne HTTP/1.1" 200 30
186.155.66.249 - - [11/Jul/2022:16:35:53 -0500] "GET /kwssiamovil/sm/des/acme/s?s=U2FsdGVkX18XHgDe0xrrJUYGahpyl/vpB8Mx1i9aCQ1IGOa986xKhcIXVDLB5wjHG2z0RKe4qOQaKqMns2DtpByT9uuEW2ldGdXTAjHlU4c=&u=U2FsdGVkX1//f9gestsVrQ4obKH1BzKOk7gYOU5s4As=&y=U2FsdGVkX19NJDL2sz9sbS7XgZWnE8IDMSTA9pdgdDMcOTkopNsvC2qj8PDMT7Ne HTTP/1.1" 200 97
186.155.66.249 - - [11/Jul/2022:16:35:53 -0500] "GET /kwssiamovil/sm/des/acme/s?s=U2FsdGVkX19OQ1kJOfxq1RogvEocdHMEsa3XK+KJsm4GU+iHShJl9/zMqPL+A5/XrpQiffkZtrWvvLQknsQMgajgnrK6anD+2wE2LuAYYyR5JhAwUu+/kskdqkMjePfm1i/grWCcIjp1Vc3ixnVewwRwr6yJWUTSB/EQw6xINT7BsM70i1wi+ss4PlpRr7RYjkk9M2kcKZS1JHVWJWptZcmf4J0rhMeiCbEiCU+x0+MKhm3k7MTKmgzsYB5oQBe46X0GEWCXtO7BwyW+8ZsB3x73eaf48H9GXLpeUBonof0ZY+nCh36OU1ozROr76vG/IT4wnwHKhS7lLk5lW2jxLvzDJY/WRxPRhdtnNHALXaN/b76AVzdKYpmGSdhjT8rWIXF15r066DXeKWoW20NaT7QReSmF+5FBX379bdDYLWA/hpN8TCZdrjvCroDadTrxYptwCvcKwdnigGPQ5dOgs93xOXQXy7xoOhaHMKCZrw8VAVRZ3yFjs6FRqB/nW9H5b+bfzNsBM3iRUZrXHL2+M7Kg7ALdKUcgWbYrSMshzhQaukAP5PFBBFP7bESviLCHh7VfKlRj286NFOuVN5rM9PaR2UviVyvgxlO2Aqo9lbYRAOIC3gKR1www8sJLlAt+rJE/Gp2MWLpObdfCWtpeJQQ5KTqVgxdYeCucx7N1TBaMOAlfnCBEpjUr26/DFcRN6JeA3TK9Xhceqnkw5qGERW73z2PcRRclFkMPbUvgHVJMuBq0q3qbQrVetbl7BW4cImZiO58fjPGVE0t/gXPsSApJ/sJYRONeLyAPtOHVGi0QggFkj8Tuiuoe9gBJrIUdFrYjoOwg25Yx/Io3lFdZZ6rmzLBuwIOVh9eTaD1WqtBf6fvoK/ZwMbmOWzcfBYVleGmbeMOx9C1DuyC+dukJ+uue109j3/ARMzhdYW3Uufvs+qxX9q3/6Jh26Ml7lNbNntGqoGe+ljabm7xlPJRfzC+76pPMXw+cWPYybCc21gYK/uBgGlIdDRpedQf8wZkl9GG0kA/oR707iZuuomZAYCtLYUmbM3cBLjzT/TSaNaVSne7SQ7MT7GgXNyYj1/NM9ohuIvsrg0AqTh8hOBKW9m5YuR2lXBJPnqGlone8xbshpjErzFA4thaujaJNPzzuSY2jjpbbIfIruedXZHxqCTNHYTuI/Ek7GZX7F3MPl8cd+5HuHO4wgfS7GIU7s+wxrSyABtcFj/dVs/kQErk8656nljSMK10fmd1FdHmtf1j6J9gDkVyp1Nkv5BD2qDlTVHuG5YDjh7bQ48YYyg4sUtYcWC4tdVKfBQSLxbinjyQ4NZZ/N6N2vswcA0z6FWdHswFtfEjvg59/q46mNM3gwGa5RjSjT/DjFmhySoRYXiE=&u=U2FsdGVkX1//f9gestsVrQ4obKH1BzKOk7gYOU5s4As=&y=U2FsdGVkX19NJDL2sz9sbS7XgZWnE8IDMSTA9pdgdDMcOTkopNsvC2qj8PDMT7Ne HTTP/1.1" 200 1394
186.155.66.249 - - [11/Jul/2022:16:35:53 -0500] "GET /kwssiamovil/sm/des/acme/s?s=U2FsdGVkX18ycT2ys3EFmj6IkYS5C+2G5cRp+4cxQ3WsiLICmVoaN/FzO6SyG55DZEm1nfbNl/aGAupk9r907VjoVO0zmifTb5jWaiJ4NTmr3ajvj5l84vm95RAPDBCwbrd7x5RIe2suWLr9619iIss6wlm6jSVaeUSWq+K5c22JvQwQ4BMriPRMjSn28lr2/RT7fIVsUbptwhk2MrVkuzQSg4l5lHHxQ4bv0tIQ4fmE+p+Z2LuPLZGfyp6zhjto9SNIvbrIDLUU41y8KmTelgT4ycfGPr3KblIGgL+pIKA=&u=U2FsdGVkX1//f9gestsVrQ4obKH1BzKOk7gYOU5s4As=&y=U2FsdGVkX19NJDL2sz9sbS7XgZWnE8IDMSTA9pdgdDMcOTkopNsvC2qj8PDMT7Ne HTTP/1.1" 200 279
172.22.2.4 - - [11/Jul/2022:16:34:14 -0500] "HEAD /BLA/boletinlegal/ HTTP/1.1" 200 -
186.155.66.249 - - [11/Jul/2022:16:35:53 -0500] "GET /kwssiamovil/sm/des/cjson/pre?f=9&x=U2FsdGVkX1/KLPgONh+QFZXufDqELqnUafV53cDEz3rGcialPFxCgYqUTTDhpj4o HTTP/1.1" 200 25128
186.155.66.249 - - [11/Jul/2022:16:35:53 -0500] "GET /kwssiamovil/sm/des/cjson/pre?f=1&x=U2FsdGVkX1/KLPgONh+QFZXufDqELqnUafV53cDEz3rGcialPFxCgYqUTTDhpj4o HTTP/1.1" 200 30992
186.155.49.169 - - [11/Jul/2022:16:35:59 -0500] "GET /BLA/resoluciones/RESOLUCIONES%202018/4083.pdf HTTP/1.1" 200 378883
186.155.49.169 - - [11/Jul/2022:16:36:15 -0500] "GET /BLA/resoluciones/RESOLUCIONES%202018/4079.pdf HTTP/1.1" 200 380831
172.22.2.4 - - [11/Jul/2022:16:36:23 -0500] "POST /BLA/boletinlegal/admin/actos/ingresar.php HTTP/1.1" 200 7236
201.245.192.253 - - [11/Jul/2022:16:36:22 -0500] "POST /kwsrmcab/Wsrmcab  HTTP/1.1" 200 45708
186.155.49.169 - - [11/Jul/2022:16:36:28 -0500] "GET /BLA/resoluciones/RESOLUCIONES%202018/4074.pdf HTTP/1.1" 404 1120
201.244.245.139 - - [11/Jul/2022:16:36:33 -0500] "-" 408 -
186.155.49.169 - - [11/Jul/2022:16:36:35 -0500] "GET /BLA/resoluciones/RESOLUCIONES%202018/4048.pdf HTTP/1.1" 200 373282
186.155.47.43 - - [11/Jul/2022:16:36:43 -0500] "-" 408 -
172.22.2.4 - - [11/Jul/2022:16:35:04 -0500] "GET /BLA/boletinlegal/ HTTP/1.1" 200 58122
186.155.49.169 - - [11/Jul/2022:16:36:50 -0500] "GET /BLA/resoluciones/RESOLUCIONES%202018/3849.pdf HTTP/1.1" 200 367148
186.155.49.169 - - [11/Jul/2022:16:37:06 -0500] "GET /BLA/resoluciones/RESOLUCIONES%202018/3819.pdf HTTP/1.1" 200 374637
186.155.49.169 - - [11/Jul/2022:16:37:17 -0500] "GET /BLA/resoluciones/RESOLUCIONES%202018/3817.pdf HTTP/1.1" 200 368432
186.155.49.169 - - [11/Jul/2022:16:37:35 -0500] "GET /BLA/resoluciones/RESOLUCIONES%202018/3801.pdf HTTP/1.1" 200 365389
172.22.2.4 - - [11/Jul/2022:16:37:38 -0500] "POST /BLA/boletinlegal/admin/actos/ingresar.php HTTP/1.1" 200 7236
186.155.49.169 - - [11/Jul/2022:16:37:47 -0500] "GET /BLA/resoluciones/RESOLUCIONES%202018/3795.pdf HTTP/1.1" 200 369671
216.245.221.92 - - [11/Jul/2022:16:37:52 -0500] "HEAD / HTTP/1.1" 200 -
186.155.49.169 - - [11/Jul/2022:16:38:02 -0500] "GET /BLA/resoluciones/RESOLUCIONES%202018/3793.pdf HTTP/1.1" 200 361249
186.155.49.169 - - [11/Jul/2022:16:38:32 -0500] "GET /BLA/resoluciones/RESOLUCIONES%202018/3791.pdf HTTP/1.1" 200 356584
186.155.47.43 - - [11/Jul/2022:16:38:33 -0500] "-" 408 -
186.155.49.169 - - [11/Jul/2022:16:38:47 -0500] "GET /BLA/resoluciones/RESOLUCIONES%202018/3790.pdf HTTP/1.1" 200 358506
172.22.2.4 - - [11/Jul/2022:16:39:06 -0500] "POST /BLA/boletinlegal/admin/actos/ingresar.php HTTP/1.1" 200 7236
186.155.49.169 - - [11/Jul/2022:16:39:11 -0500] "GET /BLA/resoluciones/RESOLUCIONES%202018/3787.pdf HTTP/1.1" 200 358061
172.22.2.4 - - [11/Jul/2022:16:39:18 -0500] "GET /BLA/boletinlegal/admin/admin.php HTTP/1.1" 302 -
201.244.245.139 - - [11/Jul/2022:16:39:21 -0500] "POST /sipsepre/faces/presentacion/financiero/solicitudProceso/consultarSolicitudProceso.xhtml HTTP/1.1" 200 4521
201.244.245.139 - - [11/Jul/2022:16:39:22 -0500] "POST /sipsepre/faces/presentacion/financiero/solicitudProceso/consultarSolicitudProceso.xhtml HTTP/1.1" 200 30446
201.244.245.139 - - [11/Jul/2022:16:39:25 -0500] "GET /sipsepre/faces/javax.faces.resource/theme.css?ln=primefaces-sipse HTTP/1.1" 304 -
201.244.245.139 - - [11/Jul/2022:16:39:25 -0500] "GET /sipsepre/faces/javax.faces.resource/primefaces.css?ln=primefaces&v=4.0 HTTP/1.1" 304 -
201.244.245.139 - - [11/Jul/2022:16:39:25 -0500] "GET /sipsepre/faces/javax.faces.resource/primefaces.js?ln=primefaces&v=4.0 HTTP/1.1" 304 -
201.244.245.139 - - [11/Jul/2022:16:39:25 -0500] "GET /sipsepre/faces/javax.faces.resource/layout/layout.css?ln=primefaces&v=4.0 HTTP/1.1" 304 -
201.244.245.139 - - [11/Jul/2022:16:39:25 -0500] "GET /sipsepre/faces/javax.faces.resource/jquery/jquery-plugins.js?ln=primefaces&v=4.0 HTTP/1.1" 304 -
201.244.245.139 - - [11/Jul/2022:16:39:25 -0500] "GET /sipsepre/faces/javax.faces.resource/jquery/jquery.js?ln=primefaces&v=4.0 HTTP/1.1" 304 -
201.244.245.139 - - [11/Jul/2022:16:39:25 -0500] "GET /sipsepre/faces/javax.faces.resource/layout/layout.js?ln=primefaces&v=4.0 HTTP/1.1" 304 -
201.244.245.139 - - [11/Jul/2022:16:39:25 -0500] "GET /sipsepre/faces/javax.faces.resource/images/ui-icons_898989_256x240.png?ln=primefaces-aristo HTTP/1.1" 304 -
172.22.2.4 - - [11/Jul/2022:16:39:27 -0500] "GET /BLA/boletinlegal/actos.php HTTP/1.1" 200 9559
186.30.129.206 - - [11/Jul/2022:16:39:30 -0500] "GET /BLA/resoluciones/index.php?dir=RESOLUCIONES+2009%2F HTTP/1.1" 200 1694101
201.244.245.139 - - [11/Jul/2022:16:39:32 -0500] "POST /sipsepre/faces/presentacion/financiero/solicitudProceso/consultarHistorialSolProceso.xhtml HTTP/1.1" 200 172379
201.244.245.139 - - [11/Jul/2022:16:39:32 -0500] "GET /sipsepre/faces/javax.faces.resource/jquery/jquery.js?ln=primefaces&v=4.0 HTTP/1.1" 304 -
201.244.245.139 - - [11/Jul/2022:16:39:32 -0500] "GET /sipsepre/faces/javax.faces.resource/primefaces.js?ln=primefaces&v=4.0 HTTP/1.1" 304 -
201.244.245.139 - - [11/Jul/2022:16:39:32 -0500] "GET /sipsepre/faces/javax.faces.resource/layout/layout.js?ln=primefaces&v=4.0 HTTP/1.1" 304 -
201.244.245.139 - - [11/Jul/2022:16:39:32 -0500] "GET /sipsepre/faces/javax.faces.resource/theme.css?ln=primefaces-sipse HTTP/1.1" 304 -
201.244.245.139 - - [11/Jul/2022:16:39:32 -0500] "GET /sipsepre/faces/javax.faces.resource/layout/layout.css?ln=primefaces&v=4.0 HTTP/1.1" 304 -
201.244.245.139 - - [11/Jul/2022:16:39:32 -0500] "GET /sipsepre/faces/javax.faces.resource/primefaces.css?ln=primefaces&v=4.0 HTTP/1.1" 304 -
201.244.245.139 - - [11/Jul/2022:16:39:32 -0500] "GET /sipsepre/faces/javax.faces.resource/jquery/jquery-plugins.js?ln=primefaces&v=4.0 HTTP/1.1" 304 -
201.244.245.139 - - [11/Jul/2022:16:39:32 -0500] "GET /sipsepre/faces/javax.faces.resource/images/ui-icons_898989_256x240.png?ln=primefaces-aristo HTTP/1.1" 304 -
172.22.2.4 - - [11/Jul/2022:16:39:33 -0500] "GET /BLA/boletinlegal/consulta_actos.php?tipo=resoluciones&no=&usuario=&sector=&fecha=2022&resuelve= HTTP/1.1" 200 284263
172.22.2.4 - - [11/Jul/2022:16:39:18 -0500] "GET /BLA/boletinlegal/admin/index.php HTTP/1.1" 200 7017
172.22.2.4 - - [11/Jul/2022:16:39:33 -0500] "GET /BLA/boletinlegal/admin/admin.php HTTP/1.1" 302 -
201.244.245.139 - - [11/Jul/2022:16:39:39 -0500] "GET /sipsepre/faces/javax.faces.resource/images/ui-bg_flat_0_2d5972_40x100.png?ln=primefaces-aristo HTTP/1.1" 304 -
201.244.245.139 - - [11/Jul/2022:16:39:39 -0500] "POST /sipsepre/faces/presentacion/financiero/solicitudProceso/consultarSolicitudProceso.xhtml HTTP/1.1" 200 4521
201.244.245.139 - - [11/Jul/2022:16:39:39 -0500] "GET /sipsepre/faces/javax.faces.resource/messages/messages.png?ln=primefaces&v=4.0 HTTP/1.1" 304 -
186.155.49.169 - - [11/Jul/2022:16:39:42 -0500] "GET /BLA/resoluciones/RESOLUCIONES%202018/3779.pdf HTTP/1.1" 200 360522
172.22.2.4 - - [11/Jul/2022:16:39:43 -0500] "GET /BLA/boletinlegal/images/pdf.gif HTTP/1.1" 200 567
201.244.245.139 - - [11/Jul/2022:16:39:51 -0500] "POST /sipsepre/faces/presentacion/financiero/solicitudProceso/consultarSolicitudProceso.xhtml HTTP/1.1" 200 30446
172.22.2.4 - - [11/Jul/2022:16:39:35 -0500] "GET /BLA/boletinlegal/admin/index.php HTTP/1.1" 200 7017
201.244.245.139 - - [11/Jul/2022:16:39:52 -0500] "GET /sipsepre/faces/javax.faces.resource/theme.css?ln=primefaces-sipse HTTP/1.1" 304 -
201.244.245.139 - - [11/Jul/2022:16:39:52 -0500] "GET /sipsepre/faces/javax.faces.resource/primefaces.css?ln=primefaces&v=4.0 HTTP/1.1" 304 -
201.244.245.139 - - [11/Jul/2022:16:39:52 -0500] "GET /sipsepre/faces/javax.faces.resource/layout/layout.css?ln=primefaces&v=4.0 HTTP/1.1" 304 -
201.244.245.139 - - [11/Jul/2022:16:39:52 -0500] "GET /sipsepre/faces/javax.faces.resource/jquery/jquery.js?ln=primefaces&v=4.0 HTTP/1.1" 304 -
201.244.245.139 - - [11/Jul/2022:16:39:52 -0500] "GET /sipsepre/faces/javax.faces.resource/jquery/jquery-plugins.js?ln=primefaces&v=4.0 HTTP/1.1" 304 -
201.244.245.139 - - [11/Jul/2022:16:39:52 -0500] "GET /sipsepre/faces/javax.faces.resource/layout/layout.js?ln=primefaces&v=4.0 HTTP/1.1" 304 -
201.244.245.139 - - [11/Jul/2022:16:39:52 -0500] "GET /sipsepre/faces/javax.faces.resource/primefaces.js?ln=primefaces&v=4.0 HTTP/1.1" 304 -
201.244.245.139 - - [11/Jul/2022:16:39:53 -0500] "GET /sipsepre/faces/javax.faces.resource/images/ui-icons_898989_256x240.png?ln=primefaces-aristo HTTP/1.1" 304 -
172.22.2.4 - - [11/Jul/2022:16:39:53 -0500] "GET /BLA/boletinlegal/admin/index_files/index_files/tback.gif HTTP/1.1" 404 1362
186.155.49.169 - - [11/Jul/2022:16:39:55 -0500] "GET /BLA/resoluciones/RESOLUCIONES%202018/3778.pdf HTTP/1.1" 200 363858
201.244.245.139 - - [11/Jul/2022:16:39:58 -0500] "POST /sipsepre/faces/presentacion/financiero/solicitudProceso/consultarHistorialSolProceso.xhtml HTTP/1.1" 200 172379
201.244.245.139 - - [11/Jul/2022:16:39:59 -0500] "GET /sipsepre/faces/javax.faces.resource/theme.css?ln=primefaces-sipse HTTP/1.1" 304 -
201.244.245.139 - - [11/Jul/2022:16:39:59 -0500] "GET /sipsepre/faces/javax.faces.resource/primefaces.css?ln=primefaces&v=4.0 HTTP/1.1" 304 -
201.244.245.139 - - [11/Jul/2022:16:39:59 -0500] "GET /sipsepre/faces/javax.faces.resource/jquery/jquery.js?ln=primefaces&v=4.0 HTTP/1.1" 304 -
201.244.245.139 - - [11/Jul/2022:16:39:59 -0500] "GET /sipsepre/faces/javax.faces.resource/layout/layout.css?ln=primefaces&v=4.0 HTTP/1.1" 304 -
201.244.245.139 - - [11/Jul/2022:16:39:59 -0500] "GET /sipsepre/faces/javax.faces.resource/jquery/jquery-plugins.js?ln=primefaces&v=4.0 HTTP/1.1" 304 -
201.244.245.139 - - [11/Jul/2022:16:39:59 -0500] "GET /sipsepre/faces/javax.faces.resource/primefaces.js?ln=primefaces&v=4.0 HTTP/1.1" 304 -
201.244.245.139 - - [11/Jul/2022:16:39:59 -0500] "GET /sipsepre/faces/javax.faces.resource/layout/layout.js?ln=primefaces&v=4.0 HTTP/1.1" 304 -
201.244.245.139 - - [11/Jul/2022:16:39:59 -0500] "GET /sipsepre/faces/javax.faces.resource/images/ui-icons_898989_256x240.png?ln=primefaces-aristo HTTP/1.1" 304 -
186.155.49.169 - - [11/Jul/2022:16:40:07 -0500] "GET /BLA/resoluciones/RESOLUCIONES%202018/3777.pdf HTTP/1.1" 200 360689
172.22.2.4 - - [11/Jul/2022:16:40:12 -0500] "GET /BLA/boletinlegal/admin/usuarios/process.php HTTP/1.1" 302 -
172.22.2.4 - - [11/Jul/2022:16:40:12 -0500] "GET /BLA/boletinlegal/admin/index.php HTTP/1.1" 200 2324
186.155.49.169 - - [11/Jul/2022:16:40:23 -0500] "GET /BLA/resoluciones/RESOLUCIONES%202018/3776.pdf HTTP/1.1" 200 371890
186.155.49.169 - - [11/Jul/2022:16:41:06 -0500] "GET /BLA/resoluciones/RESOLUCIONES%202018/3775.pdf HTTP/1.1" 200 381092
172.22.2.4 - - [11/Jul/2022:16:39:27 -0500] "GET /BLA/boletinlegal/ HTTP/1.1" 200 56911
172.22.2.4 - - [11/Jul/2022:16:41:08 -0500] "GET /BLA/boletinlegal/favicon.ico HTTP/1.1" 404 1308
201.245.192.253 - - [11/Jul/2022:16:41:08 -0500] "POST /kwsrmcab/Wsrmcab HTTP/1.1" 200 45723
201.245.192.253 - - [11/Jul/2022:16:41:12 -0500] "POST /kwsrmcab/Wsrmcab HTTP/1.1" 200 46339
186.155.49.169 - - [11/Jul/2022:16:41:23 -0500] "GET /BLA/resoluciones/RESOLUCIONES%202018/3770.pdf HTTP/1.1" 200 356602
201.245.192.253 - - [11/Jul/2022:16:41:21 -0500] "POST /kwsrmcab/Wsrmcab  HTTP/1.1" 200 45708
186.155.49.169 - - [11/Jul/2022:16:41:41 -0500] "GET /BLA/resoluciones/RESOLUCIONES%202018/3767.pdf HTTP/1.1" 200 361184
172.22.2.4 - - [11/Jul/2022:16:40:04 -0500] "HEAD /BLA/boletinlegal/ HTTP/1.1" 200 -
201.244.245.139 - - [11/Jul/2022:16:41:45 -0500] "GET /sipsepre/faces/javax.faces.resource/images/ui-bg_flat_0_2d5972_40x100.png?ln=primefaces-aristo HTTP/1.1" 304 -
201.244.245.139 - - [11/Jul/2022:16:41:45 -0500] "POST /sipsepre/faces/presentacion/financiero/solicitudProceso/consultarSolicitudProceso.xhtml HTTP/1.1" 200 4682
201.244.245.139 - - [11/Jul/2022:16:41:48 -0500] "POST /sipsepre/faces/presentacion/financiero/solicitudProceso/consultarSolicitudProceso.xhtml HTTP/1.1" 200 23890
201.244.245.139 - - [11/Jul/2022:16:41:48 -0500] "GET /sipsepre/faces/javax.faces.resource/jquery/jquery.js?ln=primefaces&v=4.0 HTTP/1.1" 304 -
201.244.245.139 - - [11/Jul/2022:16:41:48 -0500] "GET /sipsepre/faces/javax.faces.resource/jquery/jquery-plugins.js?ln=primefaces&v=4.0 HTTP/1.1" 304 -
201.244.245.139 - - [11/Jul/2022:16:41:48 -0500] "GET /sipsepre/faces/javax.faces.resource/primefaces.js?ln=primefaces&v=4.0 HTTP/1.1" 304 -
201.244.245.139 - - [11/Jul/2022:16:41:48 -0500] "GET /sipsepre/faces/javax.faces.resource/layout/layout.js?ln=primefaces&v=4.0 HTTP/1.1" 304 -
201.244.245.139 - - [11/Jul/2022:16:41:53 -0500] "POST /sipsepre/faces/presentacion/sistema/ayuda/manualModuloProyectos.xhtml HTTP/1.1" 200 3887
186.155.49.169 - - [11/Jul/2022:16:41:56 -0500] "GET /BLA/resoluciones/RESOLUCIONES%202018/3764.pdf HTTP/1.1" 200 356774
201.244.245.139 - - [11/Jul/2022:16:41:59 -0500] "POST /sipsepre/faces/presentacion/sistema/ayuda/manualModuloProyectos.xhtml HTTP/1.1" 200 12624
201.244.245.139 - - [11/Jul/2022:16:42:05 -0500] "POST /sipsepre/faces/presentacion/sistema/ayuda/manualModuloProyectos.xhtml HTTP/1.1" 200 12624
201.244.245.139 - - [11/Jul/2022:16:42:07 -0500] "POST /sipsepre/faces/presentacion/sistema/ayuda/manualModuloProyectos.xhtml HTTP/1.1" 200 1478
201.244.245.139 - - [11/Jul/2022:16:42:11 -0500] "POST /sipsepre/faces/presentacion/sistema/ayuda/manualModuloProyectos.xhtml HTTP/1.1" 200 7973
186.155.49.169 - - [11/Jul/2022:16:42:15 -0500] "GET /BLA/resoluciones/RESOLUCIONES%202018/3425.pdf HTTP/1.1" 200 286507
201.244.245.139 - - [11/Jul/2022:16:42:18 -0500] "POST /sipsepre/faces/presentacion/sistema/ayuda/manualModuloProyectos.xhtml HTTP/1.1" 200 5040
201.244.245.139 - - [11/Jul/2022:16:42:19 -0500] "POST /sipsepre/faces/presentacion/sistema/ayuda/manualModuloProyectos.xhtml HTTP/1.1" 200 74568
201.244.245.139 - - [11/Jul/2022:16:42:20 -0500] "GET /sipsepre/faces/javax.faces.resource/jquery/jquery.js?ln=primefaces&v=4.0 HTTP/1.1" 304 -
201.244.245.139 - - [11/Jul/2022:16:42:20 -0500] "GET /sipsepre/faces/javax.faces.resource/jquery/jquery-plugins.js?ln=primefaces&v=4.0 HTTP/1.1" 304 -
201.244.245.139 - - [11/Jul/2022:16:42:20 -0500] "GET /sipsepre/faces/javax.faces.resource/primefaces.js?ln=primefaces&v=4.0 HTTP/1.1" 304 -
201.244.245.139 - - [11/Jul/2022:16:42:20 -0500] "GET /sipsepre/faces/javax.faces.resource/layout/layout.js?ln=primefaces&v=4.0 HTTP/1.1" 304 -
201.244.245.139 - - [11/Jul/2022:16:42:20 -0500] "POST /sipsepre/faces/presentacion/financiero/solicitudProceso/listarSolicitudProceso.xhtml HTTP/1.1" 200 67926
201.244.245.139 - - [11/Jul/2022:16:42:20 -0500] "POST /sipsepre/faces/presentacion/financiero/solicitudProceso/listarSolicitudProceso.xhtml HTTP/1.1" 200 1556
201.244.245.139 - - [11/Jul/2022:16:42:20 -0500] "POST /sipsepre/faces/presentacion/financiero/solicitudProceso/listarSolicitudProceso.xhtml HTTP/1.1" 200 1564
201.244.245.139 - - [11/Jul/2022:16:42:25 -0500] "POST /sipsepre/faces/presentacion/financiero/solicitudProceso/listarSolicitudProceso.xhtml HTTP/1.1" 200 139972
201.244.245.139 - - [11/Jul/2022:16:42:26 -0500] "GET /sipsepre/faces/javax.faces.resource/jquery/jquery.js?ln=primefaces&v=4.0 HTTP/1.1" 304 -
201.244.245.139 - - [11/Jul/2022:16:42:26 -0500] "GET /sipsepre/faces/javax.faces.resource/jquery/jquery-plugins.js?ln=primefaces&v=4.0 HTTP/1.1" 304 -
201.244.245.139 - - [11/Jul/2022:16:42:26 -0500] "GET /sipsepre/faces/javax.faces.resource/primefaces.js?ln=primefaces&v=4.0 HTTP/1.1" 304 -
201.244.245.139 - - [11/Jul/2022:16:42:26 -0500] "GET /sipsepre/faces/javax.faces.resource/layout/layout.js?ln=primefaces&v=4.0 HTTP/1.1" 304 -
172.22.2.4 - - [11/Jul/2022:16:40:54 -0500] "GET /BLA/boletinlegal/ HTTP/1.1" 200 53187
186.155.49.169 - - [11/Jul/2022:16:42:38 -0500] "GET /BLA/resoluciones/RESOLUCIONES%202018/3423.pdf HTTP/1.1" 200 370190
201.244.245.139 - - [11/Jul/2022:16:42:39 -0500] "POST /sipsepre/faces/presentacion/financiero/solicitudProceso/consultarSolicitudProceso.xhtml HTTP/1.1" 200 44533
201.244.245.139 - - [11/Jul/2022:16:42:39 -0500] "GET /sipsepre/faces/javax.faces.resource/theme.css?ln=primefaces-sipse HTTP/1.1" 304 -
201.244.245.139 - - [11/Jul/2022:16:42:39 -0500] "GET /sipsepre/faces/javax.faces.resource/primefaces.css?ln=primefaces&v=4.0 HTTP/1.1" 304 -
201.244.245.139 - - [11/Jul/2022:16:42:39 -0500] "GET /sipsepre/faces/javax.faces.resource/jquery/jquery-plugins.js?ln=primefaces&v=4.0 HTTP/1.1" 304 -
201.244.245.139 - - [11/Jul/2022:16:42:39 -0500] "GET /sipsepre/faces/javax.faces.resource/layout/layout.js?ln=primefaces&v=4.0 HTTP/1.1" 304 -
201.244.245.139 - - [11/Jul/2022:16:42:39 -0500] "GET /sipsepre/faces/javax.faces.resource/jquery/jquery.js?ln=primefaces&v=4.0 HTTP/1.1" 304 -
201.244.245.139 - - [11/Jul/2022:16:42:39 -0500] "GET /sipsepre/faces/javax.faces.resource/layout/layout.css?ln=primefaces&v=4.0 HTTP/1.1" 304 -
201.244.245.139 - - [11/Jul/2022:16:42:39 -0500] "GET /sipsepre/faces/javax.faces.resource/primefaces.js?ln=primefaces&v=4.0 HTTP/1.1" 304 -
201.244.245.139 - - [11/Jul/2022:16:42:39 -0500] "GET /sipsepre/faces/javax.faces.resource/images/ui-icons_898989_256x240.png?ln=primefaces-aristo HTTP/1.1" 304 -
201.244.245.139 - - [11/Jul/2022:16:42:42 -0500] "POST /sipsepre/faces/presentacion/financiero/solicitudProceso/consultarHistorialSolProceso.xhtml HTTP/1.1" 200 185862
201.244.245.139 - - [11/Jul/2022:16:42:43 -0500] "GET /sipsepre/faces/javax.faces.resource/theme.css?ln=primefaces-sipse HTTP/1.1" 304 -
201.244.245.139 - - [11/Jul/2022:16:42:43 -0500] "GET /sipsepre/faces/javax.faces.resource/primefaces.css?ln=primefaces&v=4.0 HTTP/1.1" 304 -
201.244.245.139 - - [11/Jul/2022:16:42:43 -0500] "GET /sipsepre/faces/javax.faces.resource/layout/layout.css?ln=primefaces&v=4.0 HTTP/1.1" 304 -
201.244.245.139 - - [11/Jul/2022:16:42:43 -0500] "GET /sipsepre/faces/javax.faces.resource/jquery/jquery.js?ln=primefaces&v=4.0 HTTP/1.1" 304 -
201.244.245.139 - - [11/Jul/2022:16:42:43 -0500] "GET /sipsepre/faces/javax.faces.resource/jquery/jquery-plugins.js?ln=primefaces&v=4.0 HTTP/1.1" 304 -
201.244.245.139 - - [11/Jul/2022:16:42:43 -0500] "GET /sipsepre/faces/javax.faces.resource/primefaces.js?ln=primefaces&v=4.0 HTTP/1.1" 304 -
201.244.245.139 - - [11/Jul/2022:16:42:43 -0500] "GET /sipsepre/faces/javax.faces.resource/layout/layout.js?ln=primefaces&v=4.0 HTTP/1.1" 304 -
201.244.245.139 - - [11/Jul/2022:16:42:43 -0500] "GET /sipsepre/faces/javax.faces.resource/images/ui-icons_898989_256x240.png?ln=primefaces-aristo HTTP/1.1" 304 -
216.245.221.92 - - [11/Jul/2022:16:42:52 -0500] "HEAD / HTTP/1.1" 200 -
186.155.49.169 - - [11/Jul/2022:16:43:00 -0500] "GET /BLA/resoluciones/RESOLUCIONES%202018/3421.pdf HTTP/1.1" 200 368867
172.22.2.4 - - [11/Jul/2022:16:41:36 -0500] "GET /BLA/boletinlegal/ HTTP/1.1" 200 57272
186.155.49.169 - - [11/Jul/2022:16:43:22 -0500] "GET /BLA/resoluciones/RESOLUCIONES%202018/3072.pdf HTTP/1.1" 200 368284
201.244.245.139 - - [11/Jul/2022:16:43:23 -0500] "POST /sipsepre/faces/presentacion/financiero/solicitudProceso/consultarSolicitudProceso.xhtml HTTP/1.1" 200 647821
201.244.245.139 - - [11/Jul/2022:16:43:32 -0500] "POST /sipsepre/faces/presentacion/financiero/solicitudProceso/consultarSolicitudProceso.xhtml HTTP/1.1" 200 647821
201.244.245.139 - - [11/Jul/2022:16:43:33 -0500] "POST /sipsepre/faces/presentacion/financiero/solicitudProceso/consultarSolicitudProceso.xhtml HTTP/1.1" 200 647821
201.244.245.139 - - [11/Jul/2022:16:43:39 -0500] "GET /sipsepre/faces/javax.faces.resource/images/ui-bg_flat_0_2d5972_40x100.png?ln=primefaces-aristo HTTP/1.1" 304 -
186.155.49.169 - - [11/Jul/2022:16:43:39 -0500] "GET /BLA/resoluciones/RESOLUCIONES%202018/3071.pdf HTTP/1.1" 200 365779
201.244.245.139 - - [11/Jul/2022:16:43:39 -0500] "POST /sipsepre/faces/presentacion/financiero/solicitudProceso/consultarSolicitudProceso.xhtml HTTP/1.1" 200 74568
201.244.245.139 - - [11/Jul/2022:16:43:40 -0500] "GET /sipsepre/faces/javax.faces.resource/jquery/jquery.js?ln=primefaces&v=4.0 HTTP/1.1" 304 -
201.244.245.139 - - [11/Jul/2022:16:43:40 -0500] "GET /sipsepre/faces/javax.faces.resource/jquery/jquery-plugins.js?ln=primefaces&v=4.0 HTTP/1.1" 304 -
201.244.245.139 - - [11/Jul/2022:16:43:40 -0500] "GET /sipsepre/faces/javax.faces.resource/primefaces.js?ln=primefaces&v=4.0 HTTP/1.1" 304 -
201.244.245.139 - - [11/Jul/2022:16:43:40 -0500] "GET /sipsepre/faces/javax.faces.resource/layout/layout.js?ln=primefaces&v=4.0 HTTP/1.1" 304 -
201.244.245.139 - - [11/Jul/2022:16:43:40 -0500] "POST /sipsepre/faces/presentacion/financiero/solicitudProceso/listarSolicitudProceso.xhtml HTTP/1.1" 200 1556
201.244.245.139 - - [11/Jul/2022:16:43:45 -0500] "POST /sipsepre/faces/presentacion/financiero/solicitudProceso/listarSolicitudProceso.xhtml HTTP/1.1" 200 134140
201.244.245.139 - - [11/Jul/2022:16:43:48 -0500] "GET /sipsepre/faces/javax.faces.resource/jquery/jquery.js?ln=primefaces&v=4.0 HTTP/1.1" 304 -
201.244.245.139 - - [11/Jul/2022:16:43:48 -0500] "GET /sipsepre/faces/javax.faces.resource/jquery/jquery-plugins.js?ln=primefaces&v=4.0 HTTP/1.1" 304 -
201.244.245.139 - - [11/Jul/2022:16:43:48 -0500] "GET /sipsepre/faces/javax.faces.resource/primefaces.js?ln=primefaces&v=4.0 HTTP/1.1" 304 -
201.244.245.139 - - [11/Jul/2022:16:43:48 -0500] "GET /sipsepre/faces/javax.faces.resource/layout/layout.js?ln=primefaces&v=4.0 HTTP/1.1" 304 -
201.244.245.139 - - [11/Jul/2022:16:43:51 -0500] "POST /sipsepre/faces/presentacion/financiero/solicitudProceso/consultarSolicitudProceso.xhtml HTTP/1.1" 200 34258
201.244.245.139 - - [11/Jul/2022:16:43:52 -0500] "GET /sipsepre/faces/javax.faces.resource/theme.css?ln=primefaces-sipse HTTP/1.1" 304 -
201.244.245.139 - - [11/Jul/2022:16:43:52 -0500] "GET /sipsepre/faces/javax.faces.resource/primefaces.css?ln=primefaces&v=4.0 HTTP/1.1" 304 -
201.244.245.139 - - [11/Jul/2022:16:43:52 -0500] "GET /sipsepre/faces/javax.faces.resource/layout/layout.css?ln=primefaces&v=4.0 HTTP/1.1" 304 -
201.244.245.139 - - [11/Jul/2022:16:43:52 -0500] "GET /sipsepre/faces/javax.faces.resource/layout/layout.js?ln=primefaces&v=4.0 HTTP/1.1" 304 -
201.244.245.139 - - [11/Jul/2022:16:43:52 -0500] "GET /sipsepre/faces/javax.faces.resource/fileupload/fileupload.js?ln=primefaces&v=4.0 HTTP/1.1" 304 -
201.244.245.139 - - [11/Jul/2022:16:43:52 -0500] "GET /sipsepre/faces/javax.faces.resource/jquery/jquery-plugins.js?ln=primefaces&v=4.0 HTTP/1.1" 304 -
201.244.245.139 - - [11/Jul/2022:16:43:52 -0500] "GET /sipsepre/faces/javax.faces.resource/primefaces.js?ln=primefaces&v=4.0 HTTP/1.1" 304 -
201.244.245.139 - - [11/Jul/2022:16:43:52 -0500] "GET /sipsepre/faces/javax.faces.resource/jquery/jquery.js?ln=primefaces&v=4.0 HTTP/1.1" 304 -
201.244.245.139 - - [11/Jul/2022:16:43:52 -0500] "GET /sipsepre/faces/javax.faces.resource/fileupload/fileupload.css?ln=primefaces&v=4.0 HTTP/1.1" 200 1333
201.244.245.139 - - [11/Jul/2022:16:43:52 -0500] "GET /sipsepre/faces/javax.faces.resource/images/ui-icons_898989_256x240.png?ln=primefaces-aristo HTTP/1.1" 304 -
201.244.245.139 - - [11/Jul/2022:16:43:56 -0500] "POST /sipsepre/faces/presentacion/sistema/anexos/cargarAnexoSolicitudProceso.xhtml HTTP/1.1" 200 181808
201.244.245.139 - - [11/Jul/2022:16:43:57 -0500] "GET /sipsepre/faces/javax.faces.resource/layout/layout.css?ln=primefaces&v=4.0 HTTP/1.1" 304 -
201.244.245.139 - - [11/Jul/2022:16:43:57 -0500] "GET /sipsepre/faces/javax.faces.resource/layout/layout.js?ln=primefaces&v=4.0 HTTP/1.1" 304 -
201.244.245.139 - - [11/Jul/2022:16:43:57 -0500] "GET /sipsepre/faces/javax.faces.resource/theme.css?ln=primefaces-sipse HTTP/1.1" 304 -
201.244.245.139 - - [11/Jul/2022:16:43:57 -0500] "GET /sipsepre/faces/javax.faces.resource/jquery/jquery-plugins.js?ln=primefaces&v=4.0 HTTP/1.1" 304 -
201.244.245.139 - - [11/Jul/2022:16:43:57 -0500] "GET /sipsepre/faces/javax.faces.resource/primefaces.css?ln=primefaces&v=4.0 HTTP/1.1" 304 -
201.244.245.139 - - [11/Jul/2022:16:43:57 -0500] "GET /sipsepre/faces/javax.faces.resource/primefaces.js?ln=primefaces&v=4.0 HTTP/1.1" 304 -
201.244.245.139 - - [11/Jul/2022:16:43:57 -0500] "GET /sipsepre/faces/javax.faces.resource/jquery/jquery.js?ln=primefaces&v=4.0 HTTP/1.1" 304 -
201.244.245.139 - - [11/Jul/2022:16:43:57 -0500] "GET /sipsepre/faces/javax.faces.resource/images/ui-icons_898989_256x240.png?ln=primefaces-aristo HTTP/1.1" 304 -
186.155.49.169 - - [11/Jul/2022:16:43:58 -0500] "GET /BLA/resoluciones/RESOLUCIONES%202018/2960.pdf HTTP/1.1" 200 292838
186.30.152.120 - - [11/Jul/2022:16:44:00 -0500] "GET /BLA/boletinlegal/js/jquery.scrollShow.js HTTP/1.1" 200 4586
186.30.152.120 - - [11/Jul/2022:16:44:00 -0500] "GET /galeria/galeria/jquery.fancybox.js?v=2.1.5 HTTP/1.1" 200 48706
186.30.152.120 - - [11/Jul/2022:16:44:00 -0500] "GET /galeria/galeria/jquery.fancybox.css?v=2.1.5 HTTP/1.1" 200 4895
201.244.245.139 - - [11/Jul/2022:16:44:04 -0500] "GET /sipsepre/faces/javax.faces.resource/images/ui-bg_flat_0_2d5972_40x100.png?ln=primefaces-aristo HTTP/1.1" 304 -
201.244.245.139 - - [11/Jul/2022:16:44:04 -0500] "POST /sipsepre/faces/presentacion/financiero/solicitudProceso/consultarSolicitudProceso.xhtml HTTP/1.1" 200 4521
201.244.245.139 - - [11/Jul/2022:16:44:05 -0500] "GET /sipsepre/faces/javax.faces.resource/messages/messages.png?ln=primefaces&v=4.0 HTTP/1.1" 304 -
201.244.245.139 - - [11/Jul/2022:16:44:09 -0500] "POST /sipsepre/faces/presentacion/financiero/solicitudProceso/consultarSolicitudProceso.xhtml HTTP/1.1" 200 38097
201.244.245.139 - - [11/Jul/2022:16:44:09 -0500] "GET /sipsepre/faces/javax.faces.resource/primefaces.css?ln=primefaces&v=4.0 HTTP/1.1" 304 -
201.244.245.139 - - [11/Jul/2022:16:44:09 -0500] "GET /sipsepre/faces/javax.faces.resource/theme.css?ln=primefaces-sipse HTTP/1.1" 304 -
201.244.245.139 - - [11/Jul/2022:16:44:09 -0500] "GET /sipsepre/faces/javax.faces.resource/layout/layout.css?ln=primefaces&v=4.0 HTTP/1.1" 304 -
201.244.245.139 - - [11/Jul/2022:16:44:09 -0500] "GET /sipsepre/faces/javax.faces.resource/jquery/jquery.js?ln=primefaces&v=4.0 HTTP/1.1" 304 -
201.244.245.139 - - [11/Jul/2022:16:44:09 -0500] "GET /sipsepre/faces/javax.faces.resource/jquery/jquery-plugins.js?ln=primefaces&v=4.0 HTTP/1.1" 304 -
201.244.245.139 - - [11/Jul/2022:16:44:09 -0500] "GET /sipsepre/faces/javax.faces.resource/primefaces.js?ln=primefaces&v=4.0 HTTP/1.1" 304 -
201.244.245.139 - - [11/Jul/2022:16:44:09 -0500] "GET /sipsepre/faces/javax.faces.resource/layout/layout.js?ln=primefaces&v=4.0 HTTP/1.1" 304 -
201.244.245.139 - - [11/Jul/2022:16:44:09 -0500] "GET /sipsepre/faces/javax.faces.resource/images/ui-icons_898989_256x240.png?ln=primefaces-aristo HTTP/1.1" 304 -
201.244.245.139 - - [11/Jul/2022:16:44:13 -0500] "POST /sipsepre/faces/presentacion/financiero/solicitudProceso/consultarHistorialSolProceso.xhtml HTTP/1.1" 200 181808
201.244.245.139 - - [11/Jul/2022:16:44:14 -0500] "GET /sipsepre/faces/javax.faces.resource/theme.css?ln=primefaces-sipse HTTP/1.1" 304 -
201.244.245.139 - - [11/Jul/2022:16:44:14 -0500] "GET /sipsepre/faces/javax.faces.resource/layout/layout.css?ln=primefaces&v=4.0 HTTP/1.1" 304 -
201.244.245.139 - - [11/Jul/2022:16:44:14 -0500] "GET /sipsepre/faces/javax.faces.resource/primefaces.css?ln=primefaces&v=4.0 HTTP/1.1" 304 -
