103.153.79.114 - - [12/Jul/2022:05:57:54 -0500] "POST /portaldeninos//xmlrpc.php HTTP/1.1" 200 413
103.153.79.114 - - [12/Jul/2022:05:57:55 -0500] "POST /portaldeninos//xmlrpc.php HTTP/1.1" 200 413
103.153.79.114 - - [12/Jul/2022:05:57:55 -0500] "POST /portaldeninos//xmlrpc.php HTTP/1.1" 200 413
103.153.79.114 - - [12/Jul/2022:05:57:56 -0500] "POST /portaldeninos//xmlrpc.php HTTP/1.1" 200 413
103.153.79.114 - - [12/Jul/2022:05:57:56 -0500] "POST /portaldeninos//xmlrpc.php HTTP/1.1" 200 413
103.153.79.114 - - [12/Jul/2022:05:57:57 -0500] "POST /portaldeninos//xmlrpc.php HTTP/1.1" 200 413
103.153.79.114 - - [12/Jul/2022:05:57:58 -0500] "POST /portaldeninos//xmlrpc.php HTTP/1.1" 200 413
103.153.79.114 - - [12/Jul/2022:05:57:58 -0500] "POST /portaldeninos//xmlrpc.php HTTP/1.1" 200 413
103.153.79.114 - - [12/Jul/2022:05:57:59 -0500] "POST /portaldeninos//xmlrpc.php HTTP/1.1" 200 413
103.153.79.114 - - [12/Jul/2022:05:57:59 -0500] "POST /portaldeninos//xmlrpc.php HTTP/1.1" 200 413
103.153.79.114 - - [12/Jul/2022:05:58:00 -0500] "POST /portaldeninos//xmlrpc.php HTTP/1.1" 200 413
103.153.79.114 - - [12/Jul/2022:05:58:01 -0500] "POST /portaldeninos//xmlrpc.php HTTP/1.1" 200 413
103.153.79.114 - - [12/Jul/2022:05:58:01 -0500] "POST /portaldeninos//xmlrpc.php HTTP/1.1" 200 413
103.153.79.114 - - [12/Jul/2022:05:58:02 -0500] "POST /portaldeninos//xmlrpc.php HTTP/1.1" 200 413
103.153.79.114 - - [12/Jul/2022:05:58:03 -0500] "POST /portaldeninos//xmlrpc.php HTTP/1.1" 200 413
103.153.79.114 - - [12/Jul/2022:05:58:03 -0500] "POST /portaldeninos//xmlrpc.php HTTP/1.1" 200 413
103.153.79.114 - - [12/Jul/2022:05:58:04 -0500] "POST /portaldeninos//xmlrpc.php HTTP/1.1" 200 413
103.153.79.114 - - [12/Jul/2022:05:58:04 -0500] "POST /portaldeninos//xmlrpc.php HTTP/1.1" 200 413
103.153.79.114 - - [12/Jul/2022:05:58:05 -0500] "POST /portaldeninos//xmlrpc.php HTTP/1.1" 200 413
103.153.79.114 - - [12/Jul/2022:05:58:06 -0500] "POST /portaldeninos//xmlrpc.php HTTP/1.1" 200 413
103.153.79.114 - - [12/Jul/2022:05:58:06 -0500] "POST /portaldeninos//xmlrpc.php HTTP/1.1" 200 413
103.153.79.114 - - [12/Jul/2022:05:58:07 -0500] "POST /portaldeninos//xmlrpc.php HTTP/1.1" 200 413
103.153.79.114 - - [12/Jul/2022:05:58:07 -0500] "POST /portaldeninos//xmlrpc.php HTTP/1.1" 200 413
103.153.79.114 - - [12/Jul/2022:05:58:08 -0500] "POST /portaldeninos//xmlrpc.php HTTP/1.1" 200 413
103.153.79.114 - - [12/Jul/2022:05:58:09 -0500] "POST /portaldeninos//xmlrpc.php HTTP/1.1" 200 413
103.153.79.114 - - [12/Jul/2022:05:58:09 -0500] "POST /portaldeninos//xmlrpc.php HTTP/1.1" 200 413
103.153.79.114 - - [12/Jul/2022:05:58:10 -0500] "POST /portaldeninos//xmlrpc.php HTTP/1.1" 200 413
103.153.79.114 - - [12/Jul/2022:05:58:11 -0500] "POST /portaldeninos//xmlrpc.php HTTP/1.1" 200 413
103.153.79.114 - - [12/Jul/2022:05:58:11 -0500] "POST /portaldeninos//xmlrpc.php HTTP/1.1" 200 413
103.153.79.114 - - [12/Jul/2022:05:58:12 -0500] "POST /portaldeninos//xmlrpc.php HTTP/1.1" 200 413
103.153.79.114 - - [12/Jul/2022:05:58:13 -0500] "POST /portaldeninos//xmlrpc.php HTTP/1.1" 200 413
103.153.79.114 - - [12/Jul/2022:05:58:13 -0500] "POST /portaldeninos//xmlrpc.php HTTP/1.1" 200 413
66.249.64.88 - - [12/Jul/2022:05:58:14 -0500] "-" 408 -
103.153.79.114 - - [12/Jul/2022:05:58:14 -0500] "POST /portaldeninos//xmlrpc.php HTTP/1.1" 200 413
103.153.79.114 - - [12/Jul/2022:05:58:14 -0500] "POST /portaldeninos//xmlrpc.php HTTP/1.1" 200 413
103.153.79.114 - - [12/Jul/2022:05:58:15 -0500] "POST /portaldeninos//xmlrpc.php HTTP/1.1" 200 413
103.153.79.114 - - [12/Jul/2022:05:58:16 -0500] "POST /portaldeninos//xmlrpc.php HTTP/1.1" 200 413
103.153.79.114 - - [12/Jul/2022:05:58:16 -0500] "POST /portaldeninos//xmlrpc.php HTTP/1.1" 200 413
103.153.79.114 - - [12/Jul/2022:05:58:17 -0500] "POST /portaldeninos//xmlrpc.php HTTP/1.1" 200 413
103.153.79.114 - - [12/Jul/2022:05:58:17 -0500] "POST /portaldeninos//xmlrpc.php HTTP/1.1" 200 413
103.153.79.114 - - [12/Jul/2022:05:58:18 -0500] "POST /portaldeninos//xmlrpc.php HTTP/1.1" 200 413
103.153.79.114 - - [12/Jul/2022:05:58:19 -0500] "POST /portaldeninos//xmlrpc.php HTTP/1.1" 200 413
103.153.79.114 - - [12/Jul/2022:05:58:19 -0500] "POST /portaldeninos//xmlrpc.php HTTP/1.1" 200 413
103.153.79.114 - - [12/Jul/2022:05:58:20 -0500] "POST /portaldeninos//xmlrpc.php HTTP/1.1" 200 413
103.153.79.114 - - [12/Jul/2022:05:58:20 -0500] "POST /portaldeninos//xmlrpc.php HTTP/1.1" 200 413
103.153.79.114 - - [12/Jul/2022:05:58:21 -0500] "POST /portaldeninos//xmlrpc.php HTTP/1.1" 200 413
103.153.79.114 - - [12/Jul/2022:05:58:22 -0500] "POST /portaldeninos//xmlrpc.php HTTP/1.1" 200 413
103.153.79.114 - - [12/Jul/2022:05:58:22 -0500] "POST /portaldeninos//xmlrpc.php HTTP/1.1" 200 413
103.153.79.114 - - [12/Jul/2022:05:58:23 -0500] "POST /portaldeninos//xmlrpc.php HTTP/1.1" 200 413
103.153.79.114 - - [12/Jul/2022:05:58:23 -0500] "POST /portaldeninos//xmlrpc.php HTTP/1.1" 200 413
103.153.79.114 - - [12/Jul/2022:05:58:24 -0500] "POST /portaldeninos//xmlrpc.php HTTP/1.1" 200 413
103.153.79.114 - - [12/Jul/2022:05:58:25 -0500] "POST /portaldeninos//xmlrpc.php HTTP/1.1" 200 413
103.153.79.114 - - [12/Jul/2022:05:58:25 -0500] "POST /portaldeninos//xmlrpc.php HTTP/1.1" 200 413
103.153.79.114 - - [12/Jul/2022:05:58:26 -0500] "POST /portaldeninos//xmlrpc.php HTTP/1.1" 200 413
103.153.79.114 - - [12/Jul/2022:05:58:27 -0500] "POST /portaldeninos//xmlrpc.php HTTP/1.1" 200 413
103.153.79.114 - - [12/Jul/2022:05:58:27 -0500] "POST /portaldeninos//xmlrpc.php HTTP/1.1" 200 413
103.153.79.114 - - [12/Jul/2022:05:58:28 -0500] "POST /portaldeninos//xmlrpc.php HTTP/1.1" 200 413
103.153.79.114 - - [12/Jul/2022:05:58:28 -0500] "POST /portaldeninos//xmlrpc.php HTTP/1.1" 200 413
103.153.79.114 - - [12/Jul/2022:05:58:29 -0500] "POST /portaldeninos//xmlrpc.php HTTP/1.1" 200 413
103.153.79.114 - - [12/Jul/2022:05:58:30 -0500] "POST /portaldeninos//xmlrpc.php HTTP/1.1" 200 413
103.153.79.114 - - [12/Jul/2022:05:58:31 -0500] "POST /portaldeninos//xmlrpc.php HTTP/1.1" 200 413
103.153.79.114 - - [12/Jul/2022:05:58:31 -0500] "POST /portaldeninos//xmlrpc.php HTTP/1.1" 200 413
103.153.79.114 - - [12/Jul/2022:05:58:32 -0500] "POST /portaldeninos//xmlrpc.php HTTP/1.1" 200 413
103.153.79.114 - - [12/Jul/2022:05:58:33 -0500] "POST /portaldeninos//xmlrpc.php HTTP/1.1" 200 413
103.153.79.114 - - [12/Jul/2022:05:58:33 -0500] "POST /portaldeninos//xmlrpc.php HTTP/1.1" 200 413
103.153.79.114 - - [12/Jul/2022:05:58:34 -0500] "POST /portaldeninos//xmlrpc.php HTTP/1.1" 200 413
103.153.79.114 - - [12/Jul/2022:05:58:35 -0500] "POST /portaldeninos//xmlrpc.php HTTP/1.1" 200 413
103.153.79.114 - - [12/Jul/2022:05:58:35 -0500] "POST /portaldeninos//xmlrpc.php HTTP/1.1" 200 413
103.153.79.114 - - [12/Jul/2022:05:58:36 -0500] "POST /portaldeninos//xmlrpc.php HTTP/1.1" 200 413
103.153.79.114 - - [12/Jul/2022:05:58:36 -0500] "POST /portaldeninos//xmlrpc.php HTTP/1.1" 200 413
103.153.79.114 - - [12/Jul/2022:05:58:37 -0500] "POST /portaldeninos//xmlrpc.php HTTP/1.1" 200 413
103.153.79.114 - - [12/Jul/2022:05:58:38 -0500] "POST /portaldeninos//xmlrpc.php HTTP/1.1" 200 413
103.153.79.114 - - [12/Jul/2022:05:58:38 -0500] "POST /portaldeninos//xmlrpc.php HTTP/1.1" 200 413
103.153.79.114 - - [12/Jul/2022:05:58:39 -0500] "POST /portaldeninos//xmlrpc.php HTTP/1.1" 200 413
103.153.79.114 - - [12/Jul/2022:05:58:39 -0500] "POST /portaldeninos//xmlrpc.php HTTP/1.1" 200 413
103.153.79.114 - - [12/Jul/2022:05:58:40 -0500] "POST /portaldeninos//xmlrpc.php HTTP/1.1" 200 413
103.153.79.114 - - [12/Jul/2022:05:58:41 -0500] "POST /portaldeninos//xmlrpc.php HTTP/1.1" 200 413
103.153.79.114 - - [12/Jul/2022:05:58:41 -0500] "POST /portaldeninos//xmlrpc.php HTTP/1.1" 200 413
103.153.79.114 - - [12/Jul/2022:05:58:42 -0500] "POST /portaldeninos//xmlrpc.php HTTP/1.1" 200 413
103.153.79.114 - - [12/Jul/2022:05:58:42 -0500] "POST /portaldeninos//xmlrpc.php HTTP/1.1" 200 413
103.153.79.114 - - [12/Jul/2022:05:58:43 -0500] "POST /portaldeninos//xmlrpc.php HTTP/1.1" 200 413
103.153.79.114 - - [12/Jul/2022:05:58:44 -0500] "POST /portaldeninos//xmlrpc.php HTTP/1.1" 200 413
103.153.79.114 - - [12/Jul/2022:05:58:44 -0500] "POST /portaldeninos//xmlrpc.php HTTP/1.1" 200 413
103.153.79.114 - - [12/Jul/2022:05:58:45 -0500] "POST /portaldeninos//xmlrpc.php HTTP/1.1" 200 413
103.153.79.114 - - [12/Jul/2022:05:58:45 -0500] "POST /portaldeninos//xmlrpc.php HTTP/1.1" 200 413
103.153.79.114 - - [12/Jul/2022:05:58:46 -0500] "POST /portaldeninos//xmlrpc.php HTTP/1.1" 200 413
103.153.79.114 - - [12/Jul/2022:05:58:47 -0500] "POST /portaldeninos//xmlrpc.php HTTP/1.1" 200 413
103.153.79.114 - - [12/Jul/2022:05:58:47 -0500] "POST /portaldeninos//xmlrpc.php HTTP/1.1" 200 413
103.153.79.114 - - [12/Jul/2022:05:58:48 -0500] "POST /portaldeninos//xmlrpc.php HTTP/1.1" 200 413
103.153.79.114 - - [12/Jul/2022:05:58:48 -0500] "POST /portaldeninos//xmlrpc.php HTTP/1.1" 200 413
103.153.79.114 - - [12/Jul/2022:05:58:49 -0500] "POST /portaldeninos//xmlrpc.php HTTP/1.1" 200 413
103.153.79.114 - - [12/Jul/2022:05:58:50 -0500] "POST /portaldeninos//xmlrpc.php HTTP/1.1" 200 413
103.153.79.114 - - [12/Jul/2022:05:58:50 -0500] "POST /portaldeninos//xmlrpc.php HTTP/1.1" 200 413
103.153.79.114 - - [12/Jul/2022:05:58:51 -0500] "POST /portaldeninos//xmlrpc.php HTTP/1.1" 200 413
103.153.79.114 - - [12/Jul/2022:05:58:52 -0500] "POST /portaldeninos//xmlrpc.php HTTP/1.1" 200 413
103.153.79.114 - - [12/Jul/2022:05:58:52 -0500] "POST /portaldeninos//xmlrpc.php HTTP/1.1" 200 413
103.153.79.114 - - [12/Jul/2022:05:58:53 -0500] "POST /portaldeninos//xmlrpc.php HTTP/1.1" 200 413
103.153.79.114 - - [12/Jul/2022:05:58:53 -0500] "POST /portaldeninos//xmlrpc.php HTTP/1.1" 200 413
103.153.79.114 - - [12/Jul/2022:05:58:54 -0500] "POST /portaldeninos//xmlrpc.php HTTP/1.1" 200 413
103.153.79.114 - - [12/Jul/2022:05:58:55 -0500] "POST /portaldeninos//xmlrpc.php HTTP/1.1" 200 413
103.153.79.114 - - [12/Jul/2022:05:58:55 -0500] "POST /portaldeninos//xmlrpc.php HTTP/1.1" 200 413
103.153.79.114 - - [12/Jul/2022:05:58:56 -0500] "POST /portaldeninos//xmlrpc.php HTTP/1.1" 200 413
103.153.79.114 - - [12/Jul/2022:05:58:56 -0500] "POST /portaldeninos//xmlrpc.php HTTP/1.1" 200 413
103.153.79.114 - - [12/Jul/2022:05:58:57 -0500] "POST /portaldeninos//xmlrpc.php HTTP/1.1" 200 413
103.153.79.114 - - [12/Jul/2022:05:58:58 -0500] "POST /portaldeninos//xmlrpc.php HTTP/1.1" 200 413
103.153.79.114 - - [12/Jul/2022:05:58:58 -0500] "POST /portaldeninos//xmlrpc.php HTTP/1.1" 200 413
103.153.79.114 - - [12/Jul/2022:05:58:59 -0500] "POST /portaldeninos//xmlrpc.php HTTP/1.1" 200 413
103.153.79.114 - - [12/Jul/2022:05:58:59 -0500] "POST /portaldeninos//xmlrpc.php HTTP/1.1" 200 413
103.153.79.114 - - [12/Jul/2022:05:59:00 -0500] "POST /portaldeninos//xmlrpc.php HTTP/1.1" 200 413
103.153.79.114 - - [12/Jul/2022:05:59:01 -0500] "POST /portaldeninos//xmlrpc.php HTTP/1.1" 200 413
172.22.2.4 - - [12/Jul/2022:05:57:21 -0500] "HEAD /BLA/boletinlegal/ HTTP/1.1" 200 -
103.153.79.114 - - [12/Jul/2022:05:59:01 -0500] "POST /portaldeninos//xmlrpc.php HTTP/1.1" 200 413
103.153.79.114 - - [12/Jul/2022:05:59:02 -0500] "POST /portaldeninos//xmlrpc.php HTTP/1.1" 200 413
103.153.79.114 - - [12/Jul/2022:05:59:03 -0500] "POST /portaldeninos//xmlrpc.php HTTP/1.1" 200 413
103.153.79.114 - - [12/Jul/2022:05:59:03 -0500] "POST /portaldeninos//xmlrpc.php HTTP/1.1" 200 413
103.153.79.114 - - [12/Jul/2022:05:59:04 -0500] "POST /portaldeninos//xmlrpc.php HTTP/1.1" 200 413
103.153.79.114 - - [12/Jul/2022:05:59:04 -0500] "POST /portaldeninos//xmlrpc.php HTTP/1.1" 200 413
103.153.79.114 - - [12/Jul/2022:05:59:05 -0500] "POST /portaldeninos//xmlrpc.php HTTP/1.1" 200 413
103.153.79.114 - - [12/Jul/2022:05:59:06 -0500] "POST /portaldeninos//xmlrpc.php HTTP/1.1" 200 413
103.153.79.114 - - [12/Jul/2022:05:59:06 -0500] "POST /portaldeninos//xmlrpc.php HTTP/1.1" 200 413
103.153.79.114 - - [12/Jul/2022:05:59:07 -0500] "POST /portaldeninos//xmlrpc.php HTTP/1.1" 200 413
103.153.79.114 - - [12/Jul/2022:05:59:07 -0500] "POST /portaldeninos//xmlrpc.php HTTP/1.1" 200 413
103.153.79.114 - - [12/Jul/2022:05:59:08 -0500] "POST /portaldeninos//xmlrpc.php HTTP/1.1" 200 413
103.153.79.114 - - [12/Jul/2022:05:59:09 -0500] "POST /portaldeninos//xmlrpc.php HTTP/1.1" 200 413
103.153.79.114 - - [12/Jul/2022:05:59:09 -0500] "POST /portaldeninos//xmlrpc.php HTTP/1.1" 200 413
103.153.79.114 - - [12/Jul/2022:05:59:10 -0500] "POST /portaldeninos//xmlrpc.php HTTP/1.1" 200 413
103.153.79.114 - - [12/Jul/2022:05:59:10 -0500] "POST /portaldeninos//xmlrpc.php HTTP/1.1" 200 413
103.153.79.114 - - [12/Jul/2022:05:59:11 -0500] "POST /portaldeninos//xmlrpc.php HTTP/1.1" 200 413
103.153.79.114 - - [12/Jul/2022:05:59:12 -0500] "POST /portaldeninos//xmlrpc.php HTTP/1.1" 200 413
103.153.79.114 - - [12/Jul/2022:05:59:12 -0500] "POST /portaldeninos//xmlrpc.php HTTP/1.1" 200 413
103.153.79.114 - - [12/Jul/2022:05:59:13 -0500] "POST /portaldeninos//xmlrpc.php HTTP/1.1" 200 413
103.153.79.114 - - [12/Jul/2022:05:59:14 -0500] "POST /portaldeninos//xmlrpc.php HTTP/1.1" 200 413
103.153.79.114 - - [12/Jul/2022:05:59:14 -0500] "POST /portaldeninos//xmlrpc.php HTTP/1.1" 200 413
103.153.79.114 - - [12/Jul/2022:05:59:15 -0500] "POST /portaldeninos//xmlrpc.php HTTP/1.1" 200 413
103.153.79.114 - - [12/Jul/2022:05:59:15 -0500] "POST /portaldeninos//xmlrpc.php HTTP/1.1" 200 413
103.153.79.114 - - [12/Jul/2022:05:59:16 -0500] "POST /portaldeninos//xmlrpc.php HTTP/1.1" 200 413
103.153.79.114 - - [12/Jul/2022:05:59:17 -0500] "POST /portaldeninos//xmlrpc.php HTTP/1.1" 200 413
103.153.79.114 - - [12/Jul/2022:05:59:17 -0500] "POST /portaldeninos//xmlrpc.php HTTP/1.1" 200 413
103.153.79.114 - - [12/Jul/2022:05:59:18 -0500] "POST /portaldeninos//xmlrpc.php HTTP/1.1" 200 413
103.153.79.114 - - [12/Jul/2022:05:59:18 -0500] "POST /portaldeninos//xmlrpc.php HTTP/1.1" 200 413
103.153.79.114 - - [12/Jul/2022:05:59:19 -0500] "POST /portaldeninos//xmlrpc.php HTTP/1.1" 200 413
103.153.79.114 - - [12/Jul/2022:05:59:20 -0500] "POST /portaldeninos//xmlrpc.php HTTP/1.1" 200 413
103.153.79.114 - - [12/Jul/2022:05:59:20 -0500] "POST /portaldeninos//xmlrpc.php HTTP/1.1" 200 413
103.153.79.114 - - [12/Jul/2022:05:59:21 -0500] "POST /portaldeninos//xmlrpc.php HTTP/1.1" 200 413
103.153.79.114 - - [12/Jul/2022:05:59:21 -0500] "POST /portaldeninos//xmlrpc.php HTTP/1.1" 200 413
103.153.79.114 - - [12/Jul/2022:05:59:22 -0500] "POST /portaldeninos//xmlrpc.php HTTP/1.1" 200 413
103.153.79.114 - - [12/Jul/2022:05:59:23 -0500] "POST /portaldeninos//xmlrpc.php HTTP/1.1" 200 413
103.153.79.114 - - [12/Jul/2022:05:59:23 -0500] "POST /portaldeninos//xmlrpc.php HTTP/1.1" 200 413
103.153.79.114 - - [12/Jul/2022:05:59:24 -0500] "POST /portaldeninos//xmlrpc.php HTTP/1.1" 200 413
103.153.79.114 - - [12/Jul/2022:05:59:25 -0500] "POST /portaldeninos//xmlrpc.php HTTP/1.1" 200 413
103.153.79.114 - - [12/Jul/2022:05:59:25 -0500] "POST /portaldeninos//xmlrpc.php HTTP/1.1" 200 413
103.153.79.114 - - [12/Jul/2022:05:59:26 -0500] "POST /portaldeninos//xmlrpc.php HTTP/1.1" 200 413
103.153.79.114 - - [12/Jul/2022:05:59:26 -0500] "POST /portaldeninos//xmlrpc.php HTTP/1.1" 200 413
103.153.79.114 - - [12/Jul/2022:05:59:27 -0500] "POST /portaldeninos//xmlrpc.php HTTP/1.1" 200 413
103.153.79.114 - - [12/Jul/2022:05:59:28 -0500] "POST /portaldeninos//xmlrpc.php HTTP/1.1" 200 413
103.153.79.114 - - [12/Jul/2022:05:59:28 -0500] "POST /portaldeninos//xmlrpc.php HTTP/1.1" 200 413
103.153.79.114 - - [12/Jul/2022:05:59:29 -0500] "POST /portaldeninos//xmlrpc.php HTTP/1.1" 200 413
103.153.79.114 - - [12/Jul/2022:05:59:29 -0500] "POST /portaldeninos//xmlrpc.php HTTP/1.1" 200 413
103.153.79.114 - - [12/Jul/2022:05:59:30 -0500] "POST /portaldeninos//xmlrpc.php HTTP/1.1" 200 413
103.153.79.114 - - [12/Jul/2022:05:59:31 -0500] "POST /portaldeninos//xmlrpc.php HTTP/1.1" 200 413
103.153.79.114 - - [12/Jul/2022:05:59:31 -0500] "POST /portaldeninos//xmlrpc.php HTTP/1.1" 200 413
103.153.79.114 - - [12/Jul/2022:05:59:32 -0500] "POST /portaldeninos//xmlrpc.php HTTP/1.1" 200 413
103.153.79.114 - - [12/Jul/2022:05:59:32 -0500] "POST /portaldeninos//xmlrpc.php HTTP/1.1" 200 413
103.153.79.114 - - [12/Jul/2022:05:59:33 -0500] "POST /portaldeninos//xmlrpc.php HTTP/1.1" 200 413
103.153.79.114 - - [12/Jul/2022:05:59:34 -0500] "POST /portaldeninos//xmlrpc.php HTTP/1.1" 200 413
103.153.79.114 - - [12/Jul/2022:05:59:34 -0500] "POST /portaldeninos//xmlrpc.php HTTP/1.1" 200 413
103.153.79.114 - - [12/Jul/2022:05:59:35 -0500] "POST /portaldeninos//xmlrpc.php HTTP/1.1" 200 413
103.153.79.114 - - [12/Jul/2022:05:59:35 -0500] "POST /portaldeninos//xmlrpc.php HTTP/1.1" 200 413
103.153.79.114 - - [12/Jul/2022:05:59:36 -0500] "POST /portaldeninos//xmlrpc.php HTTP/1.1" 200 413
103.153.79.114 - - [12/Jul/2022:05:59:37 -0500] "POST /portaldeninos//xmlrpc.php HTTP/1.1" 200 413
103.153.79.114 - - [12/Jul/2022:05:59:37 -0500] "POST /portaldeninos//xmlrpc.php HTTP/1.1" 200 413
103.153.79.114 - - [12/Jul/2022:05:59:38 -0500] "POST /portaldeninos//xmlrpc.php HTTP/1.1" 200 413
103.153.79.114 - - [12/Jul/2022:05:59:39 -0500] "POST /portaldeninos//xmlrpc.php HTTP/1.1" 200 413
103.153.79.114 - - [12/Jul/2022:05:59:39 -0500] "POST /portaldeninos//xmlrpc.php HTTP/1.1" 200 413
103.153.79.114 - - [12/Jul/2022:05:59:40 -0500] "POST /portaldeninos//xmlrpc.php HTTP/1.1" 200 413
103.153.79.114 - - [12/Jul/2022:05:59:41 -0500] "POST /portaldeninos//xmlrpc.php HTTP/1.1" 200 413
103.153.79.114 - - [12/Jul/2022:05:59:41 -0500] "POST /portaldeninos//xmlrpc.php HTTP/1.1" 200 413
103.153.79.114 - - [12/Jul/2022:05:59:42 -0500] "POST /portaldeninos//xmlrpc.php HTTP/1.1" 200 413
103.153.79.114 - - [12/Jul/2022:05:59:42 -0500] "POST /portaldeninos//xmlrpc.php HTTP/1.1" 200 413
103.153.79.114 - - [12/Jul/2022:05:59:43 -0500] "POST /portaldeninos//xmlrpc.php HTTP/1.1" 200 413
103.153.79.114 - - [12/Jul/2022:05:59:44 -0500] "POST /portaldeninos//xmlrpc.php HTTP/1.1" 200 413
201.245.192.253 - - [12/Jul/2022:05:59:42 -0500] "POST /kwsrmcab/Wsrmcab  HTTP/1.1" 200 45708
103.153.79.114 - - [12/Jul/2022:05:59:44 -0500] "POST /portaldeninos//xmlrpc.php HTTP/1.1" 200 413
103.153.79.114 - - [12/Jul/2022:05:59:45 -0500] "POST /portaldeninos//xmlrpc.php HTTP/1.1" 200 413
103.153.79.114 - - [12/Jul/2022:05:59:45 -0500] "POST /portaldeninos//xmlrpc.php HTTP/1.1" 200 413
103.153.79.114 - - [12/Jul/2022:05:59:46 -0500] "POST /portaldeninos//xmlrpc.php HTTP/1.1" 200 413
103.153.79.114 - - [12/Jul/2022:05:59:47 -0500] "POST /portaldeninos//xmlrpc.php HTTP/1.1" 200 413
103.153.79.114 - - [12/Jul/2022:05:59:47 -0500] "POST /portaldeninos//xmlrpc.php HTTP/1.1" 200 413
103.153.79.114 - - [12/Jul/2022:05:59:48 -0500] "POST /portaldeninos//xmlrpc.php HTTP/1.1" 200 413
103.153.79.114 - - [12/Jul/2022:05:59:48 -0500] "POST /portaldeninos//xmlrpc.php HTTP/1.1" 200 413
103.153.79.114 - - [12/Jul/2022:05:59:49 -0500] "POST /portaldeninos//xmlrpc.php HTTP/1.1" 200 413
103.153.79.114 - - [12/Jul/2022:05:59:50 -0500] "POST /portaldeninos//xmlrpc.php HTTP/1.1" 200 413
103.153.79.114 - - [12/Jul/2022:05:59:50 -0500] "POST /portaldeninos//xmlrpc.php HTTP/1.1" 200 413
103.153.79.114 - - [12/Jul/2022:05:59:51 -0500] "POST /portaldeninos//xmlrpc.php HTTP/1.1" 200 413
172.22.2.4 - - [12/Jul/2022:05:58:11 -0500] "GET /BLA/boletinlegal/ HTTP/1.1" 200 60410
185.119.81.101 - - [12/Jul/2022:06:00:11 -0500] "GET /portaldeninos/wp-login.php HTTP/1.1" 200 2592
185.119.81.101 - - [12/Jul/2022:06:00:12 -0500] "POST /portaldeninos/wp-login.php HTTP/1.1" 200 3605
207.46.13.8 - - [12/Jul/2022:06:00:23 -0500] "GET /BLA/resoluciones/RESOLUCIONES%202013/0715.pdf HTTP/1.1" 304 -
216.245.221.92 - - [12/Jul/2022:06:02:33 -0500] "HEAD / HTTP/1.1" 200 -
201.245.192.253 - - [12/Jul/2022:06:04:41 -0500] "POST /kwsrmcab/Wsrmcab  HTTP/1.1" 200 45708
172.22.2.4 - - [12/Jul/2022:06:03:11 -0500] "HEAD /BLA/boletinlegal/ HTTP/1.1" 200 -
185.119.81.101 - - [12/Jul/2022:06:04:55 -0500] "GET /portaldeninos/wp-login.php HTTP/1.1" 200 2592
185.119.81.101 - - [12/Jul/2022:06:04:56 -0500] "POST /portaldeninos/wp-login.php HTTP/1.1" 200 3650
172.22.2.4 - - [12/Jul/2022:06:04:01 -0500] "GET /BLA/boletinlegal/ HTTP/1.1" 200 60410
216.245.221.92 - - [12/Jul/2022:06:07:33 -0500] "HEAD / HTTP/1.1" 200 -
40.77.167.66 - - [12/Jul/2022:06:09:39 -0500] "GET /catalogoisis/ HTTP/1.1" 200 8575
201.245.192.253 - - [12/Jul/2022:06:09:40 -0500] "POST /kwsrmcab/Wsrmcab  HTTP/1.1" 200 45708
40.77.167.66 - - [12/Jul/2022:06:09:49 -0500] "GET /catalogoisis/Css/Busqueda.css HTTP/1.1" 200 1995
40.77.167.66 - - [12/Jul/2022:06:09:52 -0500] "GET /catalogoisis/Js/Cookies.js HTTP/1.1" 200 1369
207.46.13.39 - - [12/Jul/2022:06:09:55 -0500] "GET /catalogoisis/Js/Go.js HTTP/1.1" 200 364
207.46.13.214 - - [12/Jul/2022:06:09:57 -0500] "GET /catalogoisis/Js/AceptarLimpiar.js HTTP/1.1" 200 331
157.55.39.168 - - [12/Jul/2022:06:09:59 -0500] "GET /catalogoisis/Js/CriterioCombinada.js HTTP/1.1" 200 1843
207.46.13.214 - - [12/Jul/2022:06:10:00 -0500] "GET /catalogoisis/Js/LimpiarCombinada.js HTTP/1.1" 200 207
207.46.13.8 - - [12/Jul/2022:06:10:01 -0500] "GET /catalogoisis/Js/Enter.js HTTP/1.1" 200 1208
157.55.39.168 - - [12/Jul/2022:06:10:02 -0500] "GET /catalogoisis/Js/Numero.js HTTP/1.1" 200 398
207.46.13.31 - - [12/Jul/2022:06:10:05 -0500] "GET /catalogoisis/Js/Remote.js HTTP/1.1" 200 436
172.22.2.4 - - [12/Jul/2022:06:09:01 -0500] "HEAD /BLA/boletinlegal/ HTTP/1.1" 200 -
172.22.2.4 - - [12/Jul/2022:06:09:51 -0500] "GET /BLA/boletinlegal/ HTTP/1.1" 200 60410
216.245.221.92 - - [12/Jul/2022:06:12:33 -0500] "HEAD / HTTP/1.1" 200 -
201.245.192.253 - - [12/Jul/2022:06:14:39 -0500] "POST /kwsrmcab/Wsrmcab  HTTP/1.1" 200 45708
172.22.2.4 - - [12/Jul/2022:06:14:51 -0500] "HEAD /BLA/boletinlegal/ HTTP/1.1" 200 -
172.22.2.4 - - [12/Jul/2022:06:15:41 -0500] "GET /BLA/boletinlegal/ HTTP/1.1" 200 58122
216.245.221.92 - - [12/Jul/2022:06:17:33 -0500] "HEAD / HTTP/1.1" 200 -
201.245.192.253 - - [12/Jul/2022:06:19:37 -0500] "POST /kwsrmcab/Wsrmcab  HTTP/1.1" 200 45708
201.245.192.253 - - [12/Jul/2022:06:21:05 -0500] "POST /kwsrmcab/Wsrmcab HTTP/1.1" 200 44607
201.245.192.253 - - [12/Jul/2022:06:21:09 -0500] "POST /kwsrmcab/Wsrmcab HTTP/1.1" 200 45723
172.22.2.4 - - [12/Jul/2022:06:20:41 -0500] "HEAD /BLA/boletinlegal/ HTTP/1.1" 200 -
216.245.221.92 - - [12/Jul/2022:06:22:33 -0500] "HEAD / HTTP/1.1" 200 -
172.22.2.4 - - [12/Jul/2022:06:22:57 -0500] "GET /BLA/boletinlegal/sugerencias.php HTTP/1.1" 200 8615
172.22.2.4 - - [12/Jul/2022:06:21:31 -0500] "GET /BLA/boletinlegal/ HTTP/1.1" 200 52826
201.245.192.253 - - [12/Jul/2022:06:24:37 -0500] "POST /kwsrmcab/Wsrmcab  HTTP/1.1" 200 45708
216.245.221.92 - - [12/Jul/2022:06:27:33 -0500] "HEAD / HTTP/1.1" 200 -
172.22.2.4 - - [12/Jul/2022:06:26:31 -0500] "HEAD /BLA/boletinlegal/ HTTP/1.1" 200 -
172.22.2.4 - - [12/Jul/2022:06:27:21 -0500] "GET /BLA/boletinlegal/ HTTP/1.1" 200 60410
207.46.13.85 - - [12/Jul/2022:06:29:19 -0500] "GET / HTTP/1.1" 200 319
201.245.192.253 - - [12/Jul/2022:06:29:36 -0500] "POST /kwsrmcab/Wsrmcab  HTTP/1.1" 200 45708
40.77.167.66 - - [12/Jul/2022:06:29:50 -0500] "GET /BLA/resoluciones/RESOLUCIONES%202014/3414.pdf HTTP/1.1" 304 -
201.245.192.253 - - [12/Jul/2022:06:31:05 -0500] "POST /kwsrmcab/Wsrmcab HTTP/1.1" 200 44607
201.245.192.253 - - [12/Jul/2022:06:31:09 -0500] "POST /kwsrmcab/Wsrmcab HTTP/1.1" 200 45723
190.157.70.36 - - [12/Jul/2022:06:32:25 -0500] "GET /kwssiamovil/sm/ldap/au?x=U2FsdGVkX18i0il5YvLr/KS/YSKX8k996y209kSdTWmUzleOd+UrtphRAaHorZns&y=U2FsdGVkX1/ZITIEd9y+cPPcoaHyUg5eTlqRDqDiMBIwXqB3ebsnZzwAnnPYYS6z HTTP/1.1" 200 30
190.157.70.36 - - [12/Jul/2022:06:32:25 -0500] "GET /kwssiamovil/sm/acme/s?s=U2FsdGVkX19xjsYtAjhNrUKz3zkEBYdilc/vd7zwWvvaeD0yyaYvmIAZGm6mVPyv4rVi+r3lA+YJ5LouVqU3i32H6Ym4T47o7+cHr4Vhvf4=&u=U2FsdGVkX18xXUgc35tPiSs5e/UprVybXyvd58j+Uzg=&y=U2FsdGVkX1/ZITIEd9y+cPPcoaHyUg5eTlqRDqDiMBIwXqB3ebsnZzwAnnPYYS6z HTTP/1.1" 200 97
190.157.70.36 - - [12/Jul/2022:06:32:25 -0500] "GET /kwssiamovil/sm/acme/s?s=U2FsdGVkX19MhyLwezcXud6YDglY6E+82zxbx9b5GQisg6G4ZDeFVHEb65C4u/rTgDSQ/NhzJ1LejEDPG5QEiWDZwc6CW2ho6tjSFudzTAWEY79hgTxQOe8bcCOCCFOp8ryy1/77AKxJ0LB6y2SMMrWfroEPEx2am15x2o51a4xdJ0iK4dIU2+hBa79shik9B2qzm8Ha87jb/ky3iSM6T7GE93FX/HRWkrF55OLuipGg9l+qOFac2G1+pzVwPh2WOtDIi0/iWEQfctoR06lT7YrYALjTwT8Wa9shEdI/LhFQOuQkuY/PjdUXPp1qsGuissoO0sW1cGSZUzIdTgjCmw5hAKPTCm5fVVLjXW3GianGnsyLhh3/KfibEGkhgIZ0/mA258b4eTkoWFP8d+hB6zs7JkqtTzrmlyeVhUUtsxs18ABRys90i8ryQTCvfZ1CeOHUIBTxlkiFf3rLQcJ4vOVatmtA0majLZ7P1OIc12MCJNPNZ0QRYiDw3JnCZHey9f3lJyGYT5oUC1wvM7pWMTbiIaWIu/P9unyMUIsJeWpIamnGSbt7lwA0RFSE/auDiBmdf5n/3ZvPniOOVBF0PT869wtabcr99V+SDp91MhAtjKdJ/FqvPISzobSNu2x15/CDj25GwGVRMJiS7G7rNtyMbCFbNqwDRUvbhYR5niA7kq7Te0w+OssBSn10Q6vRna//suTcaIlg74n7Ro02YNS8ptoBGPnjvMJdF1EpynYsZiAVz2XxfmLKyQc03DGPugu47DFFlK2kog5IgnIVXYhwpyRQcIATu/DsgfuzqORG7/r/tERMsB+Kf/FxK+71E/iquc9MVV306SLg8DU85IaknUDuaPJy3fC9Rko8fbu+d0vgHOZ65UtbCPmVH2anhZaPuMtyslbJPk4GlOu9FQIi9OSrQa8qPQvDabauFQSdQTQQgI3CP1bmy30fj7Nf+aIEYj0uI0Pu17/XoKEVJDAXvMEfocSRD21J+yEi6tq1XGy7NKCKA6t+Szqgx2tJ8jRriodSFcs+HGSrlbBexMkbjURmhNArg5NqPycnyKW+UIZ/LTnfFL7owamJrTmj3Zjgb1pnMEwlB2Ktrcs9QI0mudL+SO4fFXe6Hxa9+wB+cWChlxUnZNAUoA9nY8iCkPB1hymPynQSQ+4UHQtI2GIQXqH918GzwGNyIokjHG49Zr2frZ8V5DzSfyG6A9PwTStHM9KV+lBLg4HKwVBD1MAdLB9zE2ny1dJkHNypSOg1hKaKpINR3/fdOhYE6wG9fHdtI1ApdZBpNXqRqdPBCnnMQK7hVfo/heazC0H/P1gp0NPxlD0rxYeRU9CSmuHnkJxXcz/MWo1f3RvX5C1DK81/RfwWosDkbyK1PvMg3sE=&u=U2FsdGVkX18xXUgc35tPiSs5e/UprVybXyvd58j+Uzg=&y=U2FsdGVkX1/ZITIEd9y+cPPcoaHyUg5eTlqRDqDiMBIwXqB3ebsnZzwAnnPYYS6z HTTP/1.1" 200 377
190.157.70.36 - - [12/Jul/2022:06:32:25 -0500] "GET /kwssiamovil/sm/acme/s?s=U2FsdGVkX1+htaK6HH9ek3huBQ27cmBDYWZuGAkTmuuuHLp9cLadFWOX4plQAcqrDpDyQPJwXvOXIPhAGg+jYUlVng9uGLNyOL6Sbfom41oH4MLL0p2Yp86iLaFgHierGECtlYsDMekw0oYXc3kj0zFv4/RKkEAPgJH1Po9MpcZW9I/ABDMKXNBdksgcPl7UAWRt8IBQ/Ka/sepe+qjaRIes4SNcQXFyFjrN8OnYHl7jvypO+0qtLHVNGfG6vTWuhlcie7j587UYkoTaf/HTzrf/yBli3liyEnJU5OIfXPo=&u=U2FsdGVkX18xXUgc35tPiSs5e/UprVybXyvd58j+Uzg=&y=U2FsdGVkX1/ZITIEd9y+cPPcoaHyUg5eTlqRDqDiMBIwXqB3ebsnZzwAnnPYYS6z HTTP/1.1" 200 176
190.157.70.36 - - [12/Jul/2022:06:32:26 -0500] "GET /kwssiamovil/sm/cjson/pre?f=1&x=U2FsdGVkX18i0il5YvLr/KS/YSKX8k996y209kSdTWmUzleOd+UrtphRAaHorZns HTTP/1.1" 200 30992
216.245.221.92 - - [12/Jul/2022:06:32:33 -0500] "HEAD / HTTP/1.1" 200 -
192.241.221.130 - - [12/Jul/2022:06:32:46 -0500] "GET /portal/redlion HTTP/1.1" 404 1018
172.22.2.4 - - [12/Jul/2022:06:33:12 -0500] "GET /BLA/boletinlegal/robots.txt HTTP/1.1" 404 1038
172.22.2.4 - - [12/Jul/2022:06:33:13 -0500] "GET /BLA/boletinlegal/ads.txt HTTP/1.1" 404 1038
172.22.2.4 - - [12/Jul/2022:06:32:10 -0500] "GET /BLA/boletinlegal/ HTTP/1.1" 200 49099
172.22.2.4 - - [12/Jul/2022:06:32:21 -0500] "HEAD /BLA/boletinlegal/ HTTP/1.1" 200 -
201.245.192.253 - - [12/Jul/2022:06:34:35 -0500] "POST /kwsrmcab/Wsrmcab  HTTP/1.1" 200 45708
172.22.2.4 - - [12/Jul/2022:06:33:11 -0500] "GET /BLA/boletinlegal/ HTTP/1.1" 200 54359
172.22.2.4 - - [12/Jul/2022:06:35:04 -0500] "GET /BLA/boletinlegal/ HTTP/1.1" 200 40907
216.245.221.92 - - [12/Jul/2022:06:37:33 -0500] "HEAD / HTTP/1.1" 200 -
45.90.161.148 - - [12/Jul/2022:06:37:37 -0500] "POST /boaform/admin/formLogin HTTP/1.1" 404 1186
185.119.81.107 - - [12/Jul/2022:06:37:55 -0500] "GET /portaldeninos/wp-login.php HTTP/1.1" 200 2592
185.119.81.107 - - [12/Jul/2022:06:37:56 -0500] "POST /portaldeninos/wp-login.php HTTP/1.1" 200 3605
172.22.2.4 - - [12/Jul/2022:06:38:53 -0500] "GET /BLA/boletinlegal/Circulares/2011/Circular%20No.%209%20del%2003%20de%20Noviembre%20de%202011.pdf HTTP/1.1" 304 -
201.245.192.253 - - [12/Jul/2022:06:39:34 -0500] "POST /kwsrmcab/Wsrmcab  HTTP/1.1" 200 45708
172.22.2.4 - - [12/Jul/2022:06:38:11 -0500] "HEAD /BLA/boletinlegal/ HTTP/1.1" 200 -
172.22.2.4 - - [12/Jul/2022:06:39:01 -0500] "GET /BLA/boletinlegal/ HTTP/1.1" 200 56911
201.245.192.253 - - [12/Jul/2022:06:41:05 -0500] "POST /kwsrmcab/Wsrmcab HTTP/1.1" 200 44607
94.62.254.84 - - [12/Jul/2022:06:41:09 -0500] "GET / HTTP/1.1" 200 319
94.62.254.84 - - [12/Jul/2022:06:41:09 -0500] "GET /favicon.ico HTTP/1.1" 200 7782
94.62.254.84 - - [12/Jul/2022:06:41:09 -0500] "GET /apple-touch-icon-precomposed.png HTTP/1.1" 404 1120
94.62.254.84 - - [12/Jul/2022:06:41:09 -0500] "GET /apple-touch-icon.png HTTP/1.1" 404 1120
201.245.192.253 - - [12/Jul/2022:06:41:08 -0500] "POST /kwsrmcab/Wsrmcab HTTP/1.1" 200 45723
216.245.221.92 - - [12/Jul/2022:06:42:33 -0500] "HEAD / HTTP/1.1" 200 -
201.245.192.253 - - [12/Jul/2022:06:44:33 -0500] "POST /kwsrmcab/Wsrmcab  HTTP/1.1" 200 45708
172.22.2.4 - - [12/Jul/2022:06:44:01 -0500] "HEAD /BLA/boletinlegal/ HTTP/1.1" 200 -
172.22.2.4 - - [12/Jul/2022:06:44:51 -0500] "GET /BLA/boletinlegal/ HTTP/1.1" 200 58491
216.245.221.92 - - [12/Jul/2022:06:47:33 -0500] "HEAD / HTTP/1.1" 200 -
201.245.192.253 - - [12/Jul/2022:06:49:32 -0500] "POST /kwsrmcab/Wsrmcab  HTTP/1.1" 200 45708
172.22.2.4 - - [12/Jul/2022:06:49:51 -0500] "HEAD /BLA/boletinlegal/ HTTP/1.1" 200 -
172.22.2.4 - - [12/Jul/2022:06:50:41 -0500] "GET /BLA/boletinlegal/ HTTP/1.1" 200 58122
216.245.221.92 - - [12/Jul/2022:06:52:33 -0500] "HEAD / HTTP/1.1" 200 -
186.102.34.138 - - [12/Jul/2022:06:54:02 -0500] "GET /kwssiamovil/sm/acme/u?s=U2FsdGVkX1+sC4f5rWEAs4tZVlM+03RgD9dWyL/vdEwn2Et/EjYlVh1zRDYNQ0PZjkawYKEa2/G4uCMmb6abnAe6tF2Nh7W+aaAcHpJ3h80kP/FlIRltm412KmX/tzzKKPj8D9G1kCqdtqazKGIlVA==&u=U2FsdGVkX19anmGX1peKrEuWtLm175VFl40TLpIMnsA=&y=U2FsdGVkX1/zzgTQE2/eO3QzMbrPS/Mn5iLt6e9GqLrlI7xqZASj/KVzhUbfsp2x HTTP/1.1" 200 60
201.245.192.253 - - [12/Jul/2022:06:54:32 -0500] "POST /kwsrmcab/Wsrmcab  HTTP/1.1" 200 45708
172.22.2.4 - - [12/Jul/2022:06:55:41 -0500] "HEAD /BLA/boletinlegal/ HTTP/1.1" 200 -
216.245.221.92 - - [12/Jul/2022:06:57:33 -0500] "HEAD / HTTP/1.1" 200 -
172.22.2.4 - - [12/Jul/2022:06:56:31 -0500] "GET /BLA/boletinlegal/ HTTP/1.1" 200 55166
201.245.192.253 - - [12/Jul/2022:06:59:31 -0500] "POST /kwsrmcab/Wsrmcab  HTTP/1.1" 200 45708
207.46.13.39 - - [12/Jul/2022:07:02:23 -0500] "GET /BLA/resoluciones/index.php?dir=AUTOS+2022%2F HTTP/1.1" 200 126583
216.245.221.92 - - [12/Jul/2022:07:02:33 -0500] "HEAD / HTTP/1.1" 200 -
172.22.2.4 - - [12/Jul/2022:07:01:31 -0500] "HEAD /BLA/boletinlegal/ HTTP/1.1" 200 -
172.22.2.4 - - [12/Jul/2022:07:03:24 -0500] "GET /BLA/boletinlegal/images/cabezote%20BLEGAL.jpg HTTP/1.1" 200 118164
172.22.2.4 - - [12/Jul/2022:07:03:24 -0500] "GET /BLA/boletinlegal/images/screen_1.png HTTP/1.1" 200 202547
172.22.2.4 - - [12/Jul/2022:07:03:25 -0500] "GET /BLA/boletinlegal/actos.php HTTP/1.1" 200 9559
172.22.2.4 - - [12/Jul/2022:07:03:26 -0500] "GET /BLA/boletinlegal/images/abajo.png HTTP/1.1" 200 96676
172.22.2.4 - - [12/Jul/2022:07:03:26 -0500] "GET /BLA/boletinlegal/favicon.ico HTTP/1.1" 404 1326
186.144.234.173 - - [12/Jul/2022:07:03:27 -0500] "GET /BLA/resoluciones/ HTTP/1.1" 200 13093
186.144.234.173 - - [12/Jul/2022:07:03:29 -0500] "GET /BLA/resoluciones/index.php?dir=AUTOS+2021%2F HTTP/1.1" 200 389902
186.144.234.173 - - [12/Jul/2022:07:03:33 -0500] "GET /BLA/resoluciones/index.php?dir=AUTOS+2020%2F HTTP/1.1" 200 325351
185.119.81.107 - - [12/Jul/2022:07:03:53 -0500] "GET /portaldeninos/wp-login.php HTTP/1.1" 200 2592
185.119.81.107 - - [12/Jul/2022:07:03:54 -0500] "POST /portaldeninos/wp-login.php HTTP/1.1" 200 3670
172.22.2.4 - - [12/Jul/2022:07:02:21 -0500] "GET /BLA/boletinlegal/ HTTP/1.1" 200 54767
172.22.2.4 - - [12/Jul/2022:07:03:24 -0500] "GET /BLA/boletinlegal/ HTTP/1.1" 200 24523
201.245.192.253 - - [12/Jul/2022:07:04:30 -0500] "POST /kwsrmcab/Wsrmcab  HTTP/1.1" 200 45708
216.245.221.92 - - [12/Jul/2022:07:07:33 -0500] "HEAD / HTTP/1.1" 200 -
66.102.8.248 - - [12/Jul/2022:07:07:52 -0500] "GET /galeria/galeria/fotos/Soratama1G.jpg HTTP/1.1" 200 127762
172.22.2.4 - - [12/Jul/2022:07:08:27 -0500] "GET /BLA/boletinlegal/Directivas/2017/Directiva%20No.%2002%20del%2017%20de%20Enero%20de%202017.pdf HTTP/1.1" 304 -
185.119.81.107 - - [12/Jul/2022:07:08:59 -0500] "GET /portaldeninos/wp-login.php HTTP/1.1" 200 2592
185.119.81.107 - - [12/Jul/2022:07:09:00 -0500] "POST /portaldeninos/wp-login.php HTTP/1.1" 200 3605
172.22.2.4 - - [12/Jul/2022:07:07:21 -0500] "HEAD /BLA/boletinlegal/ HTTP/1.1" 200 -
201.245.192.253 - - [12/Jul/2022:07:09:29 -0500] "POST /kwsrmcab/Wsrmcab  HTTP/1.1" 200 45708
172.22.2.4 - - [12/Jul/2022:07:08:11 -0500] "GET /BLA/boletinlegal/ HTTP/1.1" 200 54767
216.245.221.92 - - [12/Jul/2022:07:12:33 -0500] "HEAD / HTTP/1.1" 200 -
172.22.2.4 - - [12/Jul/2022:07:12:02 -0500] "GET /BLA/boletinlegal/index.php?s=/Index/\\think\\app/invokefunction&function=call_user_func_array&vars[0]=md5&vars[1][]=HelloThinkPHP21 HTTP/1.1" 200 36811
201.245.192.253 - - [12/Jul/2022:07:14:28 -0500] "POST /kwsrmcab/Wsrmcab  HTTP/1.1" 200 45708
172.22.2.4 - - [12/Jul/2022:07:13:11 -0500] "HEAD /BLA/boletinlegal/ HTTP/1.1" 200 -
165.225.222.168 - - [12/Jul/2022:07:15:14 -0500] "GET /BLA/boletinlegal/js/jquery.scrollShow.js HTTP/1.1" 200 4586
165.225.222.168 - - [12/Jul/2022:07:15:15 -0500] "GET /galeria/galeria/jquery.fancybox.js?v=2.1.5 HTTP/1.1" 200 48706
172.22.2.4 - - [12/Jul/2022:07:14:01 -0500] "GET /BLA/boletinlegal/ HTTP/1.1" 200 58122
216.245.221.92 - - [12/Jul/2022:07:17:33 -0500] "HEAD / HTTP/1.1" 200 -
207.46.13.39 - - [12/Jul/2022:07:17:43 -0500] "GET /galeria/galeria/fotos/Capellania1G.jpg HTTP/1.1" 200 373859
201.245.192.253 - - [12/Jul/2022:07:18:18 -0500] "GET /appsia/controlador HTTP/1.1" 200 4799
201.245.192.253 - - [12/Jul/2022:07:18:20 -0500] "GET /appsia/css/estilos.css HTTP/1.1" 200 4804
201.245.192.253 - - [12/Jul/2022:07:18:20 -0500] "GET /appsia/scripts/validarIngreso.js HTTP/1.1" 200 851
201.245.192.253 - - [12/Jul/2022:07:18:20 -0500] "GET /appsia/images/logo_bogota_p.png HTTP/1.1" 200 14951
201.245.192.253 - - [12/Jul/2022:07:18:20 -0500] "GET /appsia/images/cabezoteHojaVida.png HTTP/1.1" 200 32493
201.245.192.253 - - [12/Jul/2022:07:18:20 -0500] "GET /favicon.ico HTTP/1.1" 200 7782
201.245.192.253 - - [12/Jul/2022:07:18:28 -0500] "POST /appsia/controlador HTTP/1.1" 200 4621
201.245.192.253 - - [12/Jul/2022:07:18:30 -0500] "POST /appsia/controlador HTTP/1.1" 200 4621
181.48.255.68 - - [12/Jul/2022:07:18:32 -0500] "GET /appsia/controlador HTTP/1.1" 200 4799
181.48.255.68 - - [12/Jul/2022:07:18:32 -0500] "GET /appsia/css/estilos.css HTTP/1.1" 200 4804
181.48.255.68 - - [12/Jul/2022:07:18:32 -0500] "GET /appsia/scripts/validarIngreso.js HTTP/1.1" 200 851
181.48.255.68 - - [12/Jul/2022:07:18:33 -0500] "GET /appsia/images/logo_bogota_p.png HTTP/1.1" 200 14951
181.48.255.68 - - [12/Jul/2022:07:18:33 -0500] "GET /appsia/images/cabezoteHojaVida.png HTTP/1.1" 200 32493
201.245.192.253 - - [12/Jul/2022:07:18:34 -0500] "POST /appsia/controlador HTTP/1.1" 200 9163
201.245.192.253 - - [12/Jul/2022:07:18:35 -0500] "GET /appsia/images/logo_escudo.png HTTP/1.1" 200 36965
172.22.2.4 - - [12/Jul/2022:07:19:25 -0500] "GET /BLA/boletinlegal/robots.txt HTTP/1.1" 404 1140
201.245.192.253 - - [12/Jul/2022:07:19:28 -0500] "POST /kwsrmcab/Wsrmcab  HTTP/1.1" 200 45708
172.22.2.4 - - [12/Jul/2022:07:20:23 -0500] "GET /BLA/boletinlegal/style.css HTTP/1.1" 200 9406
172.22.2.4 - - [12/Jul/2022:07:20:23 -0500] "GET /BLA/boletinlegal/styles2.css HTTP/1.1" 200 1838
172.22.2.4 - - [12/Jul/2022:07:20:23 -0500] "GET /BLA/boletinlegal/js/jquery.js HTTP/1.1" 200 57254
172.22.2.4 - - [12/Jul/2022:07:20:23 -0500] "GET /BLA/boletinlegal/js/jquery.scrollTo-min.js HTTP/1.1" 200 1150
172.22.2.4 - - [12/Jul/2022:07:20:23 -0500] "GET /BLA/boletinlegal/js/jquery.scrollShow.js HTTP/1.1" 200 4586
172.22.2.4 - - [12/Jul/2022:07:20:23 -0500] "GET /BLA/boletinlegal/images/cabezote%20BLEGAL.jpg HTTP/1.1" 200 118164
172.22.2.4 - - [12/Jul/2022:07:20:24 -0500] "GET /BLA/boletinlegal/images/subscribe-icon-big.png HTTP/1.1" 200 47702
172.22.2.4 - - [12/Jul/2022:07:20:24 -0500] "GET /BLA/boletinlegal/images/registro-usuarios.png HTTP/1.1" 200 8106
172.22.2.4 - - [12/Jul/2022:07:20:24 -0500] "GET /BLA/boletinlegal/images/arr_l.jpg HTTP/1.1" 200 1979
172.22.2.4 - - [12/Jul/2022:07:20:24 -0500] "GET /BLA/boletinlegal/images/historia.png HTTP/1.1" 200 52775
172.22.2.4 - - [12/Jul/2022:07:20:24 -0500] "GET /BLA/boletinlegal/images/body_bg.jpg HTTP/1.1" 200 1601
172.22.2.4 - - [12/Jul/2022:07:20:24 -0500] "GET /BLA/boletinlegal/images/launch.jpg HTTP/1.1" 200 14577
172.22.2.4 - - [12/Jul/2022:07:20:24 -0500] "GET /BLA/boletinlegal/images/screen_1.png HTTP/1.1" 200 202547
172.22.2.4 - - [12/Jul/2022:07:20:24 -0500] "GET /BLA/boletinlegal/images/menu_lft.gif HTTP/1.1" 200 1713
172.22.2.4 - - [12/Jul/2022:07:20:24 -0500] "GET /BLA/boletinlegal/images/bg_top.jpg HTTP/1.1" 200 522
172.22.2.4 - - [12/Jul/2022:07:20:24 -0500] "GET /BLA/boletinlegal/images/menu_rght.gif HTTP/1.1" 200 1627
172.22.2.4 - - [12/Jul/2022:07:20:24 -0500] "GET /BLA/boletinlegal/images/menu_bg.jpg HTTP/1.1" 200 620
172.22.2.4 - - [12/Jul/2022:07:20:24 -0500] "GET /BLA/boletinlegal/images/hover.jpg HTTP/1.1" 200 640
172.22.2.4 - - [12/Jul/2022:07:20:24 -0500] "GET /BLA/boletinlegal/images/text.jpg HTTP/1.1" 200 568
172.22.2.4 - - [12/Jul/2022:07:20:31 -0500] "GET /BLA/boletinlegal/actos.php HTTP/1.1" 200 9559
172.22.2.4 - - [12/Jul/2022:07:20:31 -0500] "GET /BLA/boletinlegal/js/ajax_actos.js HTTP/1.1" 200 1322
172.22.2.4 - - [12/Jul/2022:07:20:31 -0500] "GET /BLA/boletinlegal/niceforms-default.css HTTP/1.1" 200 6694
172.22.2.4 - - [12/Jul/2022:07:20:31 -0500] "GET /BLA/boletinlegal/niceforms.js HTTP/1.1" 200 22876
172.22.2.4 - - [12/Jul/2022:07:20:31 -0500] "GET /BLA/boletinlegal/js/lib.js HTTP/1.1" 200 6474
172.22.2.4 - - [12/Jul/2022:07:20:31 -0500] "GET /BLA/boletinlegal/js/popup.js HTTP/1.1" 200 1270
172.22.2.4 - - [12/Jul/2022:07:20:31 -0500] "GET /BLA/boletinlegal/js/jquery1.js HTTP/1.1" 200 29846
172.22.2.4 - - [12/Jul/2022:07:20:31 -0500] "GET /BLA/boletinlegal/images/green-yellow-blue-pink-th.png HTTP/1.1" 200 7394
172.22.2.4 - - [12/Jul/2022:07:20:31 -0500] "GET /BLA/boletinlegal/images/abajo.png HTTP/1.1" 200 96676
172.22.2.4 - - [12/Jul/2022:07:20:31 -0500] "GET /BLA/boletinlegal/images/tel.png HTTP/1.1" 200 14477
172.22.2.4 - - [12/Jul/2022:07:20:31 -0500] "GET /BLA/boletinlegal/images/footer_bg.jpg HTTP/1.1" 200 586
172.22.2.4 - - [12/Jul/2022:07:20:31 -0500] "GET /BLA/boletinlegal/images/icono-email.png HTTP/1.1" 200 5544
172.22.2.4 - - [12/Jul/2022:07:20:31 -0500] "GET /BLA/boletinlegal/images/footer_bg_l.jpg HTTP/1.1" 200 776
172.22.2.4 - - [12/Jul/2022:07:20:31 -0500] "GET /BLA/boletinlegal/img/select-left.png HTTP/1.1" 200 263
172.22.2.4 - - [12/Jul/2022:07:20:31 -0500] "GET /BLA/boletinlegal/img/button-left.png HTTP/1.1" 200 57071
172.22.2.4 - - [12/Jul/2022:07:20:31 -0500] "GET /BLA/boletinlegal/img/0.png HTTP/1.1" 200 110
172.22.2.4 - - [12/Jul/2022:07:20:31 -0500] "GET /BLA/boletinlegal/img/select-right.png HTTP/1.1" 200 44019
172.22.2.4 - - [12/Jul/2022:07:20:31 -0500] "GET /BLA/boletinlegal/img/button.png HTTP/1.1" 200 43241
172.22.2.4 - - [12/Jul/2022:07:20:31 -0500] "GET /BLA/boletinlegal/img/button-right.png HTTP/1.1" 200 57878
172.22.2.4 - - [12/Jul/2022:07:20:32 -0500] "GET /BLA/boletinlegal/favicon.ico HTTP/1.1" 404 1326
172.22.2.4 - - [12/Jul/2022:07:20:40 -0500] "GET /BLA/boletinlegal/consulta_actos.php?tipo=resoluciones&no=0965&usuario=&sector=&fecha=2022&resuelve= HTTP/1.1" 200 1103
172.22.2.4 - - [12/Jul/2022:07:20:40 -0500] "GET /BLA/boletinlegal/images/pdf.gif HTTP/1.1" 200 567
172.22.2.4 - - [12/Jul/2022:07:19:01 -0500] "HEAD /BLA/boletinlegal/ HTTP/1.1" 200 -
207.46.13.214 - - [12/Jul/2022:07:20:54 -0500] "GET /forest/ HTTP/1.1" 200 12041
172.22.2.4 - - [12/Jul/2022:07:20:23 -0500] "GET /BLA/boletinlegal/ HTTP/1.1" 200 24523
201.245.192.253 - - [12/Jul/2022:07:21:05 -0500] "POST /kwsrmcab/Wsrmcab HTTP/1.1" 200 45564
201.245.192.253 - - [12/Jul/2022:07:21:09 -0500] "POST /kwsrmcab/Wsrmcab HTTP/1.1" 200 45733
172.22.2.4 - - [12/Jul/2022:07:19:51 -0500] "GET /BLA/boletinlegal/ HTTP/1.1" 200 56279
186.84.88.183 - - [12/Jul/2022:07:22:14 -0500] "GET /BLA/resoluciones/RESOLUCIONES%202022/0965.pdf HTTP/1.1" 200 562171
216.245.221.92 - - [12/Jul/2022:07:22:33 -0500] "HEAD / HTTP/1.1" 200 -
114.119.145.52 - - [12/Jul/2022:07:22:33 -0500] "-" 408 -
185.119.81.104 - - [12/Jul/2022:07:22:43 -0500] "GET /portaldeninos/wp-login.php HTTP/1.1" 200 2592
185.119.81.104 - - [12/Jul/2022:07:22:44 -0500] "POST /portaldeninos/wp-login.php HTTP/1.1" 200 3605
201.245.192.253 - - [12/Jul/2022:07:24:27 -0500] "POST /kwsrmcab/Wsrmcab  HTTP/1.1" 200 45708
45.61.186.139 - - [12/Jul/2022:07:26:08 -0500] "GET /config/getuser?index=0 HTTP/1.1" 404 1018
172.22.2.4 - - [12/Jul/2022:07:24:51 -0500] "HEAD /BLA/boletinlegal/ HTTP/1.1" 200 -
181.237.34.40 - - [12/Jul/2022:07:26:39 -0500] "GET /galeria/galeria/jquery.fancybox.css?v=2.1.5 HTTP/1.1" 200 4895
181.237.34.40 - - [12/Jul/2022:07:26:39 -0500] "GET /BLA/boletinlegal/js/jquery.scrollShow.js HTTP/1.1" 200 4586
181.237.34.40 - - [12/Jul/2022:07:26:39 -0500] "GET /galeria/galeria/jquery.fancybox.js?v=2.1.5 HTTP/1.1" 200 48706
172.22.2.4 - - [12/Jul/2022:07:25:41 -0500] "GET /BLA/boletinlegal/ HTTP/1.1" 200 58491
216.245.221.92 - - [12/Jul/2022:07:27:33 -0500] "HEAD / HTTP/1.1" 200 -
201.245.192.253 - - [12/Jul/2022:07:29:26 -0500] "POST /kwsrmcab/Wsrmcab  HTTP/1.1" 200 45708
201.245.192.253 - - [12/Jul/2022:07:31:04 -0500] "POST /kwsrmcab/Wsrmcab HTTP/1.1" 200 45564
201.245.192.253 - - [12/Jul/2022:07:31:08 -0500] "POST /kwsrmcab/Wsrmcab HTTP/1.1" 200 45733
157.55.39.114 - - [12/Jul/2022:07:31:11 -0500] "GET /sipse/faces/javax.faces.resource/primefaces.js;jsessionid=4rjbg2mu+j57jtqphojpoy-x.undefined?ln=primefaces&v=4.0 HTTP/1.1" 200 276924
157.55.39.114 - - [12/Jul/2022:07:31:21 -0500] "GET /BLA/boletinlegal/Circulares/2020/Circular%2000010%20del%2027%20de%20julio%20de%202020.pdf HTTP/1.1" 304 -
172.22.2.4 - - [12/Jul/2022:07:30:41 -0500] "HEAD /BLA/boletinlegal/ HTTP/1.1" 200 -
216.245.221.92 - - [12/Jul/2022:07:32:33 -0500] "HEAD / HTTP/1.1" 200 -
172.22.2.4 - - [12/Jul/2022:07:31:31 -0500] "GET /BLA/boletinlegal/ HTTP/1.1" 200 52826
201.245.192.253 - - [12/Jul/2022:07:34:25 -0500] "POST /kwsrmcab/Wsrmcab  HTTP/1.1" 200 45708
172.22.2.4 - - [12/Jul/2022:07:35:07 -0500] "GET /BLA/boletinlegal/consulta_actos.php?tipo=resoluciones&no=2199&usuario=&sector=&fecha=2022&resuelve= HTTP/1.1" 200 626
186.116.212.82 - - [12/Jul/2022:07:35:23 -0500] "GET /forest/ HTTP/1.1" 200 12041
172.22.2.4 - - [12/Jul/2022:07:35:29 -0500] "GET /BLA/boletinlegal/consulta_actos.php?tipo=resoluciones&no=2199&usuario=&sector=&fecha=2022&resuelve= HTTP/1.1" 200 626
186.116.212.82 - - [12/Jul/2022:07:35:30 -0500] "POST /forest/index.php HTTP/1.1" 200 12268
46.249.32.102 - - [12/Jul/2022:07:37:03 -0500] "GET / HTTP/1.1" 400 946
216.245.221.92 - - [12/Jul/2022:07:37:33 -0500] "HEAD / HTTP/1.1" 200 -
186.102.49.246 - - [12/Jul/2022:07:37:40 -0500] "GET /kwssiamovil/sm/ldap/au?x=U2FsdGVkX18P3M8xWSMVg5PfNA9/C8ExtIoJ4cGhuEYRa2+/pfCcPtVIB8fhpubu&y=U2FsdGVkX19YQrYtIgYZV4xfgcy7wxVpT5kXaDkqYbdIk0Ij/Y66UfaCM35IDk+Z HTTP/1.1" 200 30
186.102.49.246 - - [12/Jul/2022:07:37:40 -0500] "GET /kwssiamovil/sm/acme/s?s=U2FsdGVkX18yja+ZCIfHdRJr/XP6lmrIUYZ9MpgZVZUM6R5Tb1vTgL+Qrvzg+bd+KbOPJu+tmfUpZAm4SEr8aekVk8nO4wWqsid5dF0FW9g=&u=U2FsdGVkX19lpxdYSjvP4fryH25mbh7fAYIsLPxURx8GrqYqLM8PQGi+J5M00nRo&y=U2FsdGVkX19YQrYtIgYZV4xfgcy7wxVpT5kXaDkqYbdIk0Ij/Y66UfaCM35IDk+Z HTTP/1.1" 200 97
186.102.49.246 - - [12/Jul/2022:07:37:40 -0500] "GET /kwssiamovil/sm/acme/s?s=U2FsdGVkX18+JD8Kruy3ksFn+HU+05EU2wpoYsGyTTCBltV7owFo6xOvNVlLRl+UYe5kIY4pUnj3IY6uiFA3yvvuM/SoFZALteyarv8KPKWo474AU4wnUk1nZsCuq8qjyzE1kBsixwTJV7XdSUHYDS3IKHRb9Tj9zVXvvGcZ7HUzPmx+Pp7UCcDlqf2bgr1utiyPOzkdaSFLGmE5MEoKsnQ8zI1Ha3gPPpL4jPZ7IwLqsoJlDHZAf/hZW8WK4Hq6Ffdi+pE9+57peIUQhCKS3x5VnovCnSASAbcMUXJStiXBGpkLw8jQEydSzu689r2JPh7HNuCeqrtAbvEfLBssw/TH/97or40RUltDgjF6bCM3Vi+X3VTpNpMXvvfIBeaOMc5F8ASvnZQKBPZLh3bivAHlEl+zztIQZQcu5IH0FUHZVr12EZWMPuCPwayfZFOpxDklEyS2gwr8AC8ViTVIq5lS6YHqk4dGivGJBw4wwJWc1Nf2SxQLTG6yDp+2WrvLw9btIbTCUqgbt42VzRIXPHBMsGHRcAKJu7O7vQhhRHc418A+lCQ2hZJovRKA+KGu5xNOTOJ2G8D3ELm6zV4cOQFtf4v+qupvgDVapTcrOi00ItRmNMLVlA791SWhD7ZMcj9mi7csWTIYRZ9c2tZ63mBSre2nMddlnwiQPZ0ip1LVSpo9TRXg0/r6OznsiP3sTVkMH+0lqwIFqORjcysAAytx+N+1kEpIbwrD4TzuG/SKC+i6KMcndIjlM7CJaK6saL7MWWr5fNBIBhm6BnblktWMu1yGT3QmocgJeSUEmSXRcDWmkC0RJoepCa8OlWg4FNhOmHzkymbNUDgiK1zRCDPNxZOWKq9t6U0NTx1/kMD7bUGXmhy2BIu6WotuHvF9iIOoEcUdoCo0vhEDjHcAe2l8VJhx7+HJm1TsHO5Sh2MmAT/4d+/LqfChrCAAYHd3XiRVoNPNWNvXsloxrzYJrTq0pXl3rCgD6G7TSdNsQKWnLyNKi9ThIL5ltpMh9Fw+UmfXn43la5WNCYDmW9cglS+7F6MxIr0Wfr+DbIz4by90vLuxP8AOt1wFBwJVIqg2LSbCNTwJb9zvKNhDb/yqvLOrMjZvddm96aCI0/XmEB//qtYAeSAtJ7xzdAvtKw2cEKyyaF58COWFtayFQ4rayWePHimW9XbnoGi/4pQ7L8viOALvLNufNCPHPSIq7y9+4U1sXEbMM6P434x+hb79fUqEY7juEJ0ooBoEXQ3/eif1sHK/nUgM/3VV8Epw+8BGRa5wK1tfIMg9l7QpPvmDAiOaR2LcUKNIcH/CtDcYQB0u0KH/HHTZgpLwZoHnBjcSWg0krEd739lTbgaXkVvtK8OOWASwrPr5NBr3+rLOLi0=&u=U2FsdGVkX19lpxdYSjvP4fryH25mbh7fAYIsLPxURx8GrqYqLM8PQGi+J5M00nRo&y=U2FsdGVkX19YQrYtIgYZV4xfgcy7wxVpT5kXaDkqYbdIk0Ij/Y66UfaCM35IDk+Z HTTP/1.1" 200 420
186.102.49.246 - - [12/Jul/2022:07:37:40 -0500] "GET /kwssiamovil/sm/acme/s?s=U2FsdGVkX19zrMqbOjN/YaGohyu95LEioFHGqWfJF6NKk7O9qpj1abAwsWqMLQhXqy0I9AvC43k+eidJTRqLg5EsSRXMHAX+C73HNrD4d0ZLs0N67+XT4qXlog8W/fQJLOPhG711WOtsMHkOSM6BJg2EX5R8FgbdsDLBB9M9cma2A5CYHjjW1DwPL09C4zQFVXSux4ULL7y5gQ6TEtHbrRX8GBNi7A9YjlTfaJo451b0BY0IPllbOufG31S1zx+Q1whCruEGh4RbcUooBRIwfKCEl+hOMm0JSQZe7SzTWZ8=&u=U2FsdGVkX19lpxdYSjvP4fryH25mbh7fAYIsLPxURx8GrqYqLM8PQGi+J5M00nRo&y=U2FsdGVkX19YQrYtIgYZV4xfgcy7wxVpT5kXaDkqYbdIk0Ij/Y66UfaCM35IDk+Z HTTP/1.1" 200 176
186.102.49.246 - - [12/Jul/2022:07:37:41 -0500] "GET /kwssiamovil/sm/cjson/pre?f=1&x=U2FsdGVkX18P3M8xWSMVg5PfNA9/C8ExtIoJ4cGhuEYRa2+/pfCcPtVIB8fhpubu HTTP/1.1" 200 30992
172.22.2.4 - - [12/Jul/2022:07:36:31 -0500] "HEAD /BLA/boletinlegal/ HTTP/1.1" 200 -
207.46.13.45 - - [12/Jul/2022:07:38:46 -0500] "GET /portaldeninos/ HTTP/1.1" 200 109662
207.46.13.184 - - [12/Jul/2022:07:38:59 -0500] "GET /portaldeninos/wp-content/plugins/gallery-videos/CSS/Total-Soft-Gallery-Video-Widget.css?ver=4.9.8 HTTP/1.1" 200 51554
172.22.2.4 - - [12/Jul/2022:07:37:21 -0500] "GET /BLA/boletinlegal/ HTTP/1.1" 200 55166
207.46.13.184 - - [12/Jul/2022:07:39:01 -0500] "GET /portaldeninos/wp-content/plugins/gallery-videos/JS/modernizr.custom.js?ver=4.9.8 HTTP/1.1" 200 9019
157.55.39.51 - - [12/Jul/2022:07:39:02 -0500] "GET /portaldeninos/wp-content/themes/betheme/assets/animations/animations.min.css?ver=20.9.6 HTTP/1.1" 200 58508
40.77.167.39 - - [12/Jul/2022:07:39:03 -0500] "GET /portaldeninos/wp-content/themes/betheme/assets/animations/animations.min.js?ver=20.9.6 HTTP/1.1" 200 1896
207.46.13.184 - - [12/Jul/2022:07:39:04 -0500] "GET /portaldeninos/wp-content/plugins/popup-maker/assets/css/site.min.css?ver=1.8.14 HTTP/1.1" 200 8260
157.55.39.51 - - [12/Jul/2022:07:39:05 -0500] "GET /portaldeninos/wp-includes/js/jquery/ui/accordion.min.js?ver=1.11.4 HTTP/1.1" 200 8584
157.55.39.133 - - [12/Jul/2022:07:39:05 -0500] "GET /portaldeninos/wp-content/plugins/popup-maker/assets/js/site.min.js?defer&ver=1.8.14 HTTP/1.1" 200 48457
40.77.167.39 - - [12/Jul/2022:07:39:06 -0500] "GET /portaldeninos/wp-content/themes/betheme/css/shortcodes.css?ver=20.9.6 HTTP/1.1" 200 138889
207.46.13.184 - - [12/Jul/2022:07:39:07 -0500] "GET /portaldeninos/wp-content/themes/betheme/assets/jplayer/css/jplayer.blue.monday.css?ver=20.9.6 HTTP/1.1" 200 9834
157.55.39.133 - - [12/Jul/2022:07:39:08 -0500] "GET /portaldeninos/wp-content/themes/betheme/js/menu.js?ver=20.9.6 HTTP/1.1" 200 2449
157.55.39.51 - - [12/Jul/2022:07:39:08 -0500] "GET /portaldeninos/wp-includes/js/wp-embed.min.js?ver=4.9.8 HTTP/1.1" 200 1398
40.77.167.39 - - [12/Jul/2022:07:39:09 -0500] "GET /portaldeninos/wp-content/themes/betheme/style.css?ver=20.9.6 HTTP/1.1" 200 287
172.22.2.4 - - [12/Jul/2022:07:38:05 -0500] "GET /BLA/boletinlegal/?XDEBUG_SESSION_START=phpstorm HTTP/1.1" 200 40907
157.55.39.72 - - [12/Jul/2022:07:39:11 -0500] "GET /portaldeninos/wp-content/themes/betheme/assets/jplayer/jplayer.min.js?ver=20.9.6 HTTP/1.1" 200 52702
207.46.13.184 - - [12/Jul/2022:07:39:11 -0500] "GET /portaldeninos/wp-content/themes/betheme/css/base.css?ver=20.9.6 HTTP/1.1" 200 57283
207.46.13.184 - - [12/Jul/2022:07:39:13 -0500] "GET /portaldeninos/wp-content/themes/betheme/css/responsive.css?ver=20.9.6 HTTP/1.1" 200 55740
157.55.39.72 - - [12/Jul/2022:07:39:14 -0500] "GET /portaldeninos/wp-content/themes/betheme/js/plugins.js?ver=20.9.6 HTTP/1.1" 200 197151
207.46.13.184 - - [12/Jul/2022:07:39:16 -0500] "GET /portaldeninos/wp-includes/js/jquery/jquery-migrate.min.js?ver=1.4.1 HTTP/1.1" 200 10056
157.55.39.72 - - [12/Jul/2022:07:39:17 -0500] "GET /portaldeninos/wp-includes/js/jquery/ui/sortable.min.js?ver=1.11.4 HTTP/1.1" 200 24899
40.77.167.22 - - [12/Jul/2022:07:39:17 -0500] "GET /portaldeninos/wp-content/plugins/gallery-videos/CSS/totalsoft.css?ver=4.9.8 HTTP/1.1" 200 40622
207.46.13.184 - - [12/Jul/2022:07:39:19 -0500] "GET /portaldeninos/wp-includes/js/jquery/ui/position.min.js?ver=1.11.4 HTTP/1.1" 200 6527
157.55.39.72 - - [12/Jul/2022:07:39:20 -0500] "GET /portaldeninos/wp-includes/js/wp-emoji-release.min.js?ver=4.9.8 HTTP/1.1" 200 12026
40.77.167.22 - - [12/Jul/2022:07:39:20 -0500] "GET /portaldeninos/wp-content/themes/betheme/assets/ui/jquery.ui.all.css?ver=20.9.6 HTTP/1.1" 200 18765
40.77.167.22 - - [12/Jul/2022:07:39:23 -0500] "GET /portaldeninos/wp-content/themes/betheme/css/layout.css?ver=20.9.6 HTTP/1.1" 200 116639
40.77.167.22 - - [12/Jul/2022:07:39:26 -0500] "GET /portaldeninos/wp-content/themes/betheme/js/scripts.js?ver=20.9.6 HTTP/1.1" 200 77162
201.245.192.253 - - [12/Jul/2022:07:39:24 -0500] "POST /kwsrmcab/Wsrmcab  HTTP/1.1" 200 45708
40.77.167.22 - - [12/Jul/2022:07:39:29 -0500] "GET /portaldeninos/wp-content/uploads/useanyfont/uaf.css?ver=1589905315 HTTP/1.1" 200 408
40.77.167.22 - - [12/Jul/2022:07:39:32 -0500] "GET /portaldeninos/wp-includes/js/jquery/jquery.js?ver=1.12.4 HTTP/1.1" 200 97184
40.77.167.39 - - [12/Jul/2022:07:39:33 -0500] "GET /portaldeninos/wp-includes/js/jquery/ui/core.min.js?ver=1.11.4 HTTP/1.1" 200 4000
40.77.167.39 - - [12/Jul/2022:07:39:12 -0500] "GET /portaldeninos/wp-content/uploads/2019/06/CabezoteAMBIENTIC.mp4 HTTP/1.1" 200 10811133
