201.244.245.139 - - [13/Jul/2022:11:55:35 -0500] "POST /sipsepre/faces/presentacion/financiero/solicitudProyectoActividad/asociarProyectoSolicitud.xhtml HTTP/1.1" 200 1696
172.22.2.4 - - [13/Jul/2022:11:53:58 -0500] "HEAD /BLA/boletinlegal/ HTTP/1.1" 200 -
181.58.186.188 - - [13/Jul/2022:11:55:39 -0500] "GET /kwssiamovil/sm/des/ldap/au?x=U2FsdGVkX1/mKChtzWFYkwPCO8M1hiOSvqsjKMtjZagJlM9S5W42Fr9Mm60F+ImP&y=U2FsdGVkX195y3CTOLpnvI3BlqTTRSV0juWH7Qmxc99rC7VOsLhefdorXDen0yls HTTP/1.1" 200 30
181.58.186.188 - - [13/Jul/2022:11:55:39 -0500] "GET /kwssiamovil/sm/des/acme/s?s=U2FsdGVkX19L2MXZjqbZzAlPLcfgCDtIlPNFOreVXyi+rtmxce00/QPl+cQUJY5a3cKFMVi2cANONMihFF/PCcTr7KP/mswq4SEYpSLAHao=&u=U2FsdGVkX1+DIKvmVJWHZD2qnt9Y/TQOUjmAM3hZP2g=&y=U2FsdGVkX195y3CTOLpnvI3BlqTTRSV0juWH7Qmxc99rC7VOsLhefdorXDen0yls HTTP/1.1" 200 97
181.58.186.188 - - [13/Jul/2022:11:55:39 -0500] "GET /kwssiamovil/sm/des/acme/s?s=U2FsdGVkX18ejPUM4vqEzqispotkGaEXyyY9P8MYcp3zS08/TjRxTYMbfeUDIXEtxlO5pyT9Qgh+pW5fO/Z7oNXjtzqSQsK9pkJay9/5xxdu9o2PfxUFqVwX0q/JS2braVnNF7VR1oNk3ivzKqcanWvtKueZBs8/u7P2iz26yj/9G8E74Tto5X7TLbuwSdLNS1z9iv7p6LWYFfcRRvt1WczgyFONWCqaEyMhePCUc0jBPr2CjaatFxPWGDrKagSoqycQiaIld6+1HX8xshN4mliqpr2/Xc4fZipKkPeSovV1B1stwz3pFgeamwbVIzuslied1Hi2cyIMLSsxh8zKF6u7KFvKfvZo5izBQCPxt73U8Zc5GmoSe33Der8jUnXxMJ9SYTTWw9ZilfEtOxCDPF/Ngzh45dFCocBhRaanbAqtJT8iMQy7OoUU/0yTbGl7rFQd+5Xt+49peZvdLR6kCpfCGJlF70mPaPJi+LsYSi6bzx94szOyXSw/LYGgN8ldAqfobvx6N0D/N3WaUC5DX3YPOFMAru7b1q6ZG0G4tGVYJk0Z7pBHcAzsA5yl9IySac9cWe0kVyR/xsWpLofN4sBX2IuvYznsMrbpf4af1JBSJOFnU445kWbEIkjDrUu4eRE7keIcDcgBNw1eyeh6PLlSano7XTPWYpD/T0pPcFsPmZnYfsBANnbzrGpS5r9yYoG+Aso2KWORZqpw6Wh0kUJNrr62wHlifGwUY4YbLNdFh3mUs+8IKlrOBcYDL5II3CPzIgMruJ3wHHT/GXpfldJT44sdTZgsAvpBt1StCObdWT9w4VVqeBNriWbTKDPx4nkBffnNzM41HHcD98L9wj8t0qG7MT9Ick6P+E7y7oiLA68A0cRAQpzdHyzShXm9rWCtk+l52rQWAMXLiozjOLUO/Iv8KtFrAGMxPJgBuYginPAoWzyy9VeEi6cErd5CpwkcoeZnWVi2p43PURLlm3YiCqbbz1/i3X0s3THVhmZ0yReRexim4x85zwskAlumUYxjNgiH6NOYqmxwapiULy8I8i94aSC7iU1PP3OzQfR4aaOyC0aF1y61WZgmuq3Aqk+HoNLF7Y73huELyFcq5KEuiEM9gK26eMPh4kXGnbre3qHD6RhKeWKjv4TDdAwcbev0Mb8kApwec4j2sarsanJA2Upp8Eg0rnChiJoKjcWppytAsQTYA4n/Jcmzpj5sJLzDVAusp0jjzpg4gj2MpFWXlWP0N3uh8gN4hu0at2pcoIgRKiRuRJ+Ww7mWhbJEElmnzqIAb3o5+T+0aMaXlk8oHlxiKzSW3w+TnvqEiMnrqesAAyBRzmHXSpHJWffMeEtK4XA8lVJ1vcktyPtUbXXTDRj103bjxtDZH4uasHk=&u=U2FsdGVkX1+DIKvmVJWHZD2qnt9Y/TQOUjmAM3hZP2g=&y=U2FsdGVkX195y3CTOLpnvI3BlqTTRSV0juWH7Qmxc99rC7VOsLhefdorXDen0yls HTTP/1.1" 200 2711
181.58.186.188 - - [13/Jul/2022:11:55:39 -0500] "GET /kwssiamovil/sm/des/acme/s?s=U2FsdGVkX1+iigZO1V8SZyYo0KzQY/jaSkxQKzrCvkXGvws1+PatqDZupfKtGbiS11mXU2u4cHDSEXiWEn+Gf5sE0t/nFCg4cd4bqAcAFlay5NxqiMY4Epz9pysPKE5um/zV7v2pJdG0SXvaFBjGAw==&u=U2FsdGVkX1+DIKvmVJWHZD2qnt9Y/TQOUjmAM3hZP2g=&y=U2FsdGVkX195y3CTOLpnvI3BlqTTRSV0juWH7Qmxc99rC7VOsLhefdorXDen0yls HTTP/1.1" 200 92
181.58.186.188 - - [13/Jul/2022:11:55:39 -0500] "GET /kwssiamovil/sm/des/acme/s?s=U2FsdGVkX19FjI86iJx36VFAi+sMXk08rXvImMbMs/xM7Z7EULyCfrmO5oJ7p3uZIrDaGH1xDIACsxdjsP1lMGgufbtS/NPLUN3TmFxYKk4iL0j3+q/tZEuKhiTNdEt4u73eP8/sdirRzRCVbXJobg==&u=U2FsdGVkX1+DIKvmVJWHZD2qnt9Y/TQOUjmAM3hZP2g=&y=U2FsdGVkX195y3CTOLpnvI3BlqTTRSV0juWH7Qmxc99rC7VOsLhefdorXDen0yls HTTP/1.1" 200 92
181.58.186.188 - - [13/Jul/2022:11:55:39 -0500] "GET /kwssiamovil/sm/des/acme/s?s=U2FsdGVkX18bGJigdgIZ4V4F6m7NOIiQMQMniTZDwXl8pj/8uhpTKOmI5Z/k/BufOGhUxnt5nee7UgUP4wWdGpHmLL34N3zmG0+8cg9FUGG2M6wDw3RBPLm2HbgBDVRda7Zd6+iHhfbd0omkMtBTRw==&u=U2FsdGVkX1+DIKvmVJWHZD2qnt9Y/TQOUjmAM3hZP2g=&y=U2FsdGVkX195y3CTOLpnvI3BlqTTRSV0juWH7Qmxc99rC7VOsLhefdorXDen0yls HTTP/1.1" 200 92
181.58.186.188 - - [13/Jul/2022:11:55:39 -0500] "GET /kwssiamovil/sm/des/acme/s?s=U2FsdGVkX1/9tp1zNTbr+XIu203jImo2EiC7zFJjDgtOA/sjY14DSazeWLr7aTLyFydhcNhrwRdpZXbrJcK4byGYx1L+cYJC6gCuA4BOkIdl+1CmZc0Mk+bOXdhhKlqcbK0rbXNyUqS23IbRTasa1BjUX9m5G8nZneULFpDwdmvs4Xw3RPCrTrF8FI/1nwHQU75lZInvBX7lurhM0M9oz2/BlKXGyy7RsINDmx6ARj0eiB3H7WalpKOvEFKj71VGgNwORolsUxQRykERATr8hozyoFQTqtHTw/c3annW+io=&u=U2FsdGVkX1+DIKvmVJWHZD2qnt9Y/TQOUjmAM3hZP2g=&y=U2FsdGVkX195y3CTOLpnvI3BlqTTRSV0juWH7Qmxc99rC7VOsLhefdorXDen0yls HTTP/1.1" 200 393
181.58.186.188 - - [13/Jul/2022:11:55:39 -0500] "GET /kwssiamovil/sm/des/cjson/pre?f=17&x=U2FsdGVkX1/mKChtzWFYkwPCO8M1hiOSvqsjKMtjZagJlM9S5W42Fr9Mm60F+ImP HTTP/1.1" 200 9591
181.58.186.188 - - [13/Jul/2022:11:55:39 -0500] "GET /kwssiamovil/sm/des/cjson/pre?f=9&x=U2FsdGVkX1/mKChtzWFYkwPCO8M1hiOSvqsjKMtjZagJlM9S5W42Fr9Mm60F+ImP HTTP/1.1" 200 25128
201.244.245.139 - - [13/Jul/2022:11:55:42 -0500] "POST /sipsepre/faces/presentacion/financiero/solicitudProyectoActividad/asociarProyectoSolicitud.xhtml HTTP/1.1" 200 7044
181.58.186.188 - - [13/Jul/2022:11:55:39 -0500] "GET /kwssiamovil/sm/des/cjson/pre?f=3&x=U2FsdGVkX1/mKChtzWFYkwPCO8M1hiOSvqsjKMtjZagJlM9S5W42Fr9Mm60F+ImP HTTP/1.1" 200 94838
181.63.220.121 - - [13/Jul/2022:11:56:05 -0500] "GET /BLA/resoluciones/RESOLUCIONES%202009/5776.pdf HTTP/1.1" 200 1006847
181.63.220.121 - - [13/Jul/2022:11:56:06 -0500] "GET /BLA/resoluciones/RESOLUCIONES%202009/5777.pdf HTTP/1.1" 200 1098067
181.63.220.121 - - [13/Jul/2022:11:56:07 -0500] "GET /BLA/resoluciones/RESOLUCIONES%202009/5778.pdf HTTP/1.1" 200 1199528
181.63.220.121 - - [13/Jul/2022:11:56:10 -0500] "GET /BLA/resoluciones/RESOLUCIONES%202009/5779.pdf HTTP/1.1" 200 1202308
181.63.220.121 - - [13/Jul/2022:11:56:11 -0500] "GET /BLA/resoluciones/RESOLUCIONES%202009/5780.pdf HTTP/1.1" 200 1180980
181.63.220.121 - - [13/Jul/2022:11:56:12 -0500] "GET /BLA/resoluciones/RESOLUCIONES%202009/5781.pdf HTTP/1.1" 200 898369
181.63.220.121 - - [13/Jul/2022:11:56:13 -0500] "GET /BLA/resoluciones/RESOLUCIONES%202009/5782.pdf HTTP/1.1" 200 640955
181.63.220.121 - - [13/Jul/2022:11:56:14 -0500] "GET /BLA/resoluciones/RESOLUCIONES%202009/5783.pdf HTTP/1.1" 200 644111
181.63.220.121 - - [13/Jul/2022:11:56:15 -0500] "GET /BLA/resoluciones/RESOLUCIONES%202009/5784.pdf HTTP/1.1" 200 1026645
181.63.220.121 - - [13/Jul/2022:11:56:16 -0500] "GET /BLA/resoluciones/RESOLUCIONES%202009/5785.pdf HTTP/1.1" 200 998341
181.63.220.121 - - [13/Jul/2022:11:56:17 -0500] "GET /BLA/resoluciones/RESOLUCIONES%202009/5786.pdf HTTP/1.1" 200 926041
201.244.245.139 - - [13/Jul/2022:11:56:17 -0500] "POST /sipsepre/faces/presentacion/financiero/solicitudProyectoActividad/asociarProyectoSolicitud.xhtml HTTP/1.1" 200 7036
181.63.220.121 - - [13/Jul/2022:11:56:19 -0500] "GET /BLA/resoluciones/RESOLUCIONES%202009/5787.pdf HTTP/1.1" 200 1105651
181.63.220.121 - - [13/Jul/2022:11:56:20 -0500] "GET /BLA/resoluciones/RESOLUCIONES%202009/5788.pdf HTTP/1.1" 200 1026205
201.244.245.139 - - [13/Jul/2022:11:56:18 -0500] "POST /sipsepre/faces/presentacion/financiero/solicitudProyectoActividad/asociarProyectoSolicitud.xhtml HTTP/1.1" 200 7044
181.63.220.121 - - [13/Jul/2022:11:56:21 -0500] "GET /BLA/resoluciones/RESOLUCIONES%202009/5789.pdf HTTP/1.1" 200 1207604
181.63.220.121 - - [13/Jul/2022:11:56:22 -0500] "GET /BLA/resoluciones/RESOLUCIONES%202009/5790.pdf HTTP/1.1" 200 1136050
181.63.220.121 - - [13/Jul/2022:11:56:23 -0500] "GET /BLA/resoluciones/RESOLUCIONES%202009/5791.pdf HTTP/1.1" 200 1129284
201.244.245.139 - - [13/Jul/2022:11:56:23 -0500] "POST /sipsepre/faces/presentacion/financiero/solicitudProyectoActividad/asociarProyectoSolicitud.xhtml HTTP/1.1" 200 15405
201.244.245.139 - - [13/Jul/2022:11:56:24 -0500] "POST /sipsepre/faces/presentacion/financiero/solicitudProyectoActividad/asociarProyectoSolicitud.xhtml HTTP/1.1" 200 1704
172.22.2.4 - - [13/Jul/2022:11:56:24 -0500] "GET /BLA/boletinlegal/ab2g HTTP/1.1" 404 1018
172.22.2.4 - - [13/Jul/2022:11:56:24 -0500] "GET /BLA/boletinlegal/ab2h HTTP/1.1" 404 1018
181.63.220.121 - - [13/Jul/2022:11:56:25 -0500] "GET /BLA/resoluciones/RESOLUCIONES%202009/5792.pdf HTTP/1.1" 200 1123084
181.63.220.121 - - [13/Jul/2022:11:56:26 -0500] "GET /BLA/resoluciones/RESOLUCIONES%202009/5793.pdf HTTP/1.1" 200 1062593
181.63.220.121 - - [13/Jul/2022:11:56:27 -0500] "GET /BLA/resoluciones/RESOLUCIONES%202009/5794.pdf HTTP/1.1" 200 1061373
172.22.2.4 - - [13/Jul/2022:11:54:48 -0500] "GET /BLA/boletinlegal/ HTTP/1.1" 200 60410
181.63.220.121 - - [13/Jul/2022:11:56:28 -0500] "GET /BLA/resoluciones/RESOLUCIONES%202009/5795.pdf HTTP/1.1" 200 1192926
181.63.220.121 - - [13/Jul/2022:11:56:29 -0500] "GET /BLA/resoluciones/RESOLUCIONES%202009/5796.pdf HTTP/1.1" 200 1189764
181.63.220.121 - - [13/Jul/2022:11:56:31 -0500] "GET /BLA/resoluciones/RESOLUCIONES%202009/5797.pdf HTTP/1.1" 200 1056131
181.63.220.121 - - [13/Jul/2022:11:56:33 -0500] "GET /BLA/resoluciones/RESOLUCIONES%202009/5798.pdf HTTP/1.1" 200 1046015
181.63.220.121 - - [13/Jul/2022:11:56:35 -0500] "GET /BLA/resoluciones/RESOLUCIONES%202009/5799.pdf HTTP/1.1" 200 1054391
181.63.220.121 - - [13/Jul/2022:11:56:37 -0500] "GET /BLA/resoluciones/RESOLUCIONES%202009/5800.pdf HTTP/1.1" 200 427241
181.63.220.121 - - [13/Jul/2022:11:56:39 -0500] "GET /BLA/resoluciones/RESOLUCIONES%202009/5801.pdf HTTP/1.1" 200 495545
181.63.220.121 - - [13/Jul/2022:11:56:41 -0500] "GET /BLA/resoluciones/RESOLUCIONES%202009/5802.pdf HTTP/1.1" 200 534683
181.63.220.121 - - [13/Jul/2022:11:56:42 -0500] "GET /BLA/resoluciones/RESOLUCIONES%202009/5803.pdf HTTP/1.1" 200 397860
181.63.220.121 - - [13/Jul/2022:11:56:44 -0500] "GET /BLA/resoluciones/RESOLUCIONES%202009/5804.pdf HTTP/1.1" 200 682013
181.63.220.121 - - [13/Jul/2022:11:56:45 -0500] "GET /BLA/resoluciones/RESOLUCIONES%202009/5805.pdf HTTP/1.1" 200 171107
181.63.220.121 - - [13/Jul/2022:11:56:47 -0500] "GET /BLA/resoluciones/RESOLUCIONES%202009/5806.pdf HTTP/1.1" 200 333972
181.63.220.121 - - [13/Jul/2022:11:56:48 -0500] "GET /BLA/resoluciones/RESOLUCIONES%202009/5807.pdf HTTP/1.1" 200 102284
181.63.220.121 - - [13/Jul/2022:11:56:50 -0500] "GET /BLA/resoluciones/RESOLUCIONES%202009/5808.pdf HTTP/1.1" 200 104510
172.22.2.4 - - [13/Jul/2022:11:56:31 -0500] "GET /BLA/boletinlegal/ HTTP/1.1" 200 32715
216.245.221.92 - - [13/Jul/2022:11:57:28 -0500] "HEAD / HTTP/1.1" 200 -
201.245.192.253 - - [13/Jul/2022:11:57:33 -0500] "POST /kwsrmcab/Wsrmcab  HTTP/1.1" 200 45708
201.244.245.139 - - [13/Jul/2022:11:57:37 -0500] "GET /sipse/faces/autenticacion.xhtml HTTP/1.1" 200 12504
201.244.245.139 - - [13/Jul/2022:11:57:37 -0500] "GET /sipse/css/custom_css_sg.css HTTP/1.1" 200 9694
201.244.245.139 - - [13/Jul/2022:11:57:37 -0500] "GET /sipse/css/custom_css_sg_prime_login.css HTTP/1.1" 200 443
201.244.245.139 - - [13/Jul/2022:11:57:37 -0500] "GET /sipse/faces/javax.faces.resource/layout/layout.css;jsessionid=NozreZ7UDy99qnSP1syh10Tz.undefined?ln=primefaces&v=4.0 HTTP/1.1" 200 542
201.244.245.139 - - [13/Jul/2022:11:57:37 -0500] "GET /sipse/faces/javax.faces.resource/layout/layout.js;jsessionid=NozreZ7UDy99qnSP1syh10Tz.undefined?ln=primefaces&v=4.0 HTTP/1.1" 200 87560
201.244.245.139 - - [13/Jul/2022:11:57:37 -0500] "GET /sipse/faces/javax.faces.resource/jquery/jquery-plugins.js;jsessionid=NozreZ7UDy99qnSP1syh10Tz.undefined?ln=primefaces&v=4.0 HTTP/1.1" 200 220526
201.244.245.139 - - [13/Jul/2022:11:57:37 -0500] "GET /sipse/js/disable_browser_buttons.js HTTP/1.1" 304 -
201.244.245.139 - - [13/Jul/2022:11:57:37 -0500] "GET /sipse/faces/javax.faces.resource/jquery/jquery.js;jsessionid=NozreZ7UDy99qnSP1syh10Tz.undefined?ln=primefaces&v=4.0 HTTP/1.1" 200 105384
201.244.245.139 - - [13/Jul/2022:11:57:37 -0500] "GET /sipse/faces/javax.faces.resource/primefaces.css;jsessionid=NozreZ7UDy99qnSP1syh10Tz.undefined?ln=primefaces&v=4.0 HTTP/1.1" 200 53295
201.244.245.139 - - [13/Jul/2022:11:57:37 -0500] "GET /sipse/faces/javax.faces.resource/theme.css?ln=primefaces-sipse HTTP/1.1" 200 50058
201.244.245.139 - - [13/Jul/2022:11:57:37 -0500] "GET /sipse/faces/javax.faces.resource/primefaces.js;jsessionid=NozreZ7UDy99qnSP1syh10Tz.undefined?ln=primefaces&v=4.0 HTTP/1.1" 200 276924
201.244.245.139 - - [13/Jul/2022:11:57:37 -0500] "GET /sipse/js/funciones.js HTTP/1.1" 304 -
201.244.245.139 - - [13/Jul/2022:11:57:37 -0500] "GET /sipse/faces/javax.faces.resource/images/ui-icons_898989_256x240.png?ln=primefaces-aristo HTTP/1.1" 200 5355
201.244.245.139 - - [13/Jul/2022:11:57:37 -0500] "GET /sipse/css/imagen/logoSDG.png HTTP/1.1" 200 53064
201.244.245.139 - - [13/Jul/2022:11:57:37 -0500] "GET /sipse/css/imagen/loginimg.png HTTP/1.1" 200 71635
201.244.245.139 - - [13/Jul/2022:11:57:37 -0500] "GET /sipse/faces/index.xhtml HTTP/1.1" 200 677
201.244.245.139 - - [13/Jul/2022:11:57:37 -0500] "GET /sipse/faces/javax.faces.resource/theme.css?ln=primefaces-sipse HTTP/1.1" 304 -
201.244.245.139 - - [13/Jul/2022:11:57:37 -0500] "GET /sipse/faces/faces/autenticacion.xhtml HTTP/1.1" 200 12182
201.244.245.139 - - [13/Jul/2022:11:57:37 -0500] "GET /sipse/faces/javax.faces.resource/theme.css?ln=primefaces-sipse HTTP/1.1" 304 -
201.244.245.139 - - [13/Jul/2022:11:57:37 -0500] "GET /sipse/faces/javax.faces.resource/layout/layout.css?ln=primefaces&v=4.0 HTTP/1.1" 200 542
201.244.245.139 - - [13/Jul/2022:11:57:37 -0500] "GET /sipse/faces/javax.faces.resource/primefaces.css?ln=primefaces&v=4.0 HTTP/1.1" 200 53295
201.244.245.139 - - [13/Jul/2022:11:57:37 -0500] "GET /sipse/faces/javax.faces.resource/jquery/jquery.js?ln=primefaces&v=4.0 HTTP/1.1" 304 -
201.244.245.139 - - [13/Jul/2022:11:57:37 -0500] "GET /sipse/faces/javax.faces.resource/jquery/jquery-plugins.js?ln=primefaces&v=4.0 HTTP/1.1" 304 -
201.244.245.139 - - [13/Jul/2022:11:57:37 -0500] "GET /sipse/faces/javax.faces.resource/primefaces.js?ln=primefaces&v=4.0 HTTP/1.1" 304 -
201.244.245.139 - - [13/Jul/2022:11:57:37 -0500] "GET /sipse/faces/javax.faces.resource/layout/layout.js?ln=primefaces&v=4.0 HTTP/1.1" 304 -
201.244.245.139 - - [13/Jul/2022:11:57:37 -0500] "GET /sipse/faces/javax.faces.resource/images/ui-icons_898989_256x240.png?ln=primefaces-aristo HTTP/1.1" 304 -
201.244.245.139 - - [13/Jul/2022:11:57:39 -0500] "POST /sipse/faces/autenticacion.xhtml HTTP/1.1" 200 11724
201.244.245.139 - - [13/Jul/2022:11:57:39 -0500] "GET /sipse/css/custom_css_sg_prime.css HTTP/1.1" 200 5201
201.244.245.139 - - [13/Jul/2022:11:57:39 -0500] "GET /sipse/faces/javax.faces.resource/jquery/jquery.js?ln=primefaces&v=4.0 HTTP/1.1" 304 -
201.244.245.139 - - [13/Jul/2022:11:57:39 -0500] "GET /sipse/faces/javax.faces.resource/jquery/jquery-plugins.js?ln=primefaces&v=4.0 HTTP/1.1" 304 -
201.244.245.139 - - [13/Jul/2022:11:57:39 -0500] "GET /sipse/faces/javax.faces.resource/primefaces.js?ln=primefaces&v=4.0 HTTP/1.1" 304 -
201.244.245.139 - - [13/Jul/2022:11:57:39 -0500] "GET /sipse/faces/javax.faces.resource/layout/layout.js?ln=primefaces&v=4.0 HTTP/1.1" 304 -
201.244.245.139 - - [13/Jul/2022:11:57:39 -0500] "GET /sipse/faces/javax.faces.resource/messages/messages.png?ln=primefaces&v=4.0 HTTP/1.1" 200 27209
201.244.245.139 - - [13/Jul/2022:11:57:41 -0500] "POST /sipse/faces/presentacion/sistema/seguridad/seleccionRol.xhtml HTTP/1.1" 200 6088
201.244.245.139 - - [13/Jul/2022:11:57:42 -0500] "POST /sipse/faces/presentacion/sistema/seguridad/seleccionRol.xhtml HTTP/1.1" 200 18797
201.244.245.139 - - [13/Jul/2022:11:57:42 -0500] "GET /sipse/js/jquery.min.js HTTP/1.1" 304 -
201.244.245.139 - - [13/Jul/2022:11:57:42 -0500] "GET /sipse/faces/javax.faces.resource/jquery/jquery.js?ln=primefaces&v=4.0 HTTP/1.1" 304 -
201.244.245.139 - - [13/Jul/2022:11:57:42 -0500] "GET /sipse/faces/javax.faces.resource/jquery/jquery-plugins.js?ln=primefaces&v=4.0 HTTP/1.1" 304 -
201.244.245.139 - - [13/Jul/2022:11:57:42 -0500] "GET /sipse/faces/javax.faces.resource/primefaces.js?ln=primefaces&v=4.0 HTTP/1.1" 304 -
201.244.245.139 - - [13/Jul/2022:11:57:42 -0500] "GET /sipse/faces/javax.faces.resource/layout/layout.js?ln=primefaces&v=4.0 HTTP/1.1" 304 -
201.244.245.139 - - [13/Jul/2022:11:57:42 -0500] "GET /sipse/imagenes/cargando.gif HTTP/1.1" 200 36959
201.244.245.139 - - [13/Jul/2022:11:57:42 -0500] "GET /sipse/css/imagen/contrasena.png HTTP/1.1" 404 383
201.244.245.139 - - [13/Jul/2022:11:57:42 -0500] "GET /sipse/imagenes/logoAplicacion.jpg HTTP/1.1" 200 155084
201.244.245.139 - - [13/Jul/2022:11:57:43 -0500] "GET /sipse/faces/javax.faces.resource/images/ui-bg_flat_0_2d5972_40x100.png?ln=primefaces-aristo HTTP/1.1" 200 183
201.244.245.139 - - [13/Jul/2022:11:57:43 -0500] "POST /sipse/faces/bienvenido.xhtml HTTP/1.1" 200 4442
201.244.245.139 - - [13/Jul/2022:11:57:47 -0500] "POST /sipse/faces/bienvenido.xhtml HTTP/1.1" 200 3887
201.244.245.139 - - [13/Jul/2022:11:57:48 -0500] "POST /sipse/faces/bienvenido.xhtml HTTP/1.1" 200 46890
201.244.245.139 - - [13/Jul/2022:11:57:48 -0500] "GET /sipse/faces/javax.faces.resource/jquery/jquery.js?ln=primefaces&v=4.0 HTTP/1.1" 304 -
201.244.245.139 - - [13/Jul/2022:11:57:48 -0500] "GET /sipse/faces/javax.faces.resource/jquery/jquery-plugins.js?ln=primefaces&v=4.0 HTTP/1.1" 304 -
201.244.245.139 - - [13/Jul/2022:11:57:48 -0500] "GET /sipse/faces/javax.faces.resource/primefaces.js?ln=primefaces&v=4.0 HTTP/1.1" 304 -
201.244.245.139 - - [13/Jul/2022:11:57:48 -0500] "GET /sipse/faces/javax.faces.resource/layout/layout.js?ln=primefaces&v=4.0 HTTP/1.1" 304 -
201.244.245.139 - - [13/Jul/2022:11:57:57 -0500] "POST /sipse/faces/presentacion/financiero/solicitudProceso/consultar.xhtml HTTP/1.1" 200 12756
181.63.220.121 - - [13/Jul/2022:11:58:08 -0500] "GET /BLA/resoluciones/RESOLUCIONES%202009/5809.pdf HTTP/1.1" 200 138230
201.244.245.139 - - [13/Jul/2022:11:58:06 -0500] "POST /sipse/faces/presentacion/financiero/solicitudProceso/consultar.xhtml HTTP/1.1" 200 175366
201.244.245.139 - - [13/Jul/2022:11:58:09 -0500] "GET /sipse/faces/javax.faces.resource/jquery/jquery.js?ln=primefaces&v=4.0 HTTP/1.1" 304 -
201.244.245.139 - - [13/Jul/2022:11:58:09 -0500] "GET /sipse/faces/javax.faces.resource/jquery/jquery-plugins.js?ln=primefaces&v=4.0 HTTP/1.1" 304 -
201.244.245.139 - - [13/Jul/2022:11:58:09 -0500] "GET /sipse/faces/javax.faces.resource/primefaces.js?ln=primefaces&v=4.0 HTTP/1.1" 304 -
201.244.245.139 - - [13/Jul/2022:11:58:09 -0500] "GET /sipse/faces/javax.faces.resource/layout/layout.js?ln=primefaces&v=4.0 HTTP/1.1" 304 -
181.63.220.121 - - [13/Jul/2022:11:58:10 -0500] "GET /BLA/resoluciones/RESOLUCIONES%202009/5810.pdf HTTP/1.1" 200 100682
181.63.220.121 - - [13/Jul/2022:11:58:11 -0500] "GET /BLA/resoluciones/RESOLUCIONES%202009/5811.pdf HTTP/1.1" 200 94211
181.63.220.121 - - [13/Jul/2022:11:58:14 -0500] "GET /BLA/resoluciones/RESOLUCIONES%202009/5812.pdf HTTP/1.1" 200 495423
181.63.220.121 - - [13/Jul/2022:11:58:15 -0500] "GET /BLA/resoluciones/RESOLUCIONES%202009/5813.pdf HTTP/1.1" 200 493645
181.63.220.121 - - [13/Jul/2022:11:58:16 -0500] "GET /BLA/resoluciones/RESOLUCIONES%202009/5814.pdf HTTP/1.1" 200 494515
181.63.220.121 - - [13/Jul/2022:11:58:18 -0500] "GET /BLA/resoluciones/RESOLUCIONES%202009/5815.pdf HTTP/1.1" 200 517384
181.63.220.121 - - [13/Jul/2022:11:58:19 -0500] "GET /BLA/resoluciones/RESOLUCIONES%202009/5816.pdf HTTP/1.1" 200 523719
181.63.220.121 - - [13/Jul/2022:11:58:20 -0500] "GET /BLA/resoluciones/RESOLUCIONES%202009/5817.pdf HTTP/1.1" 200 522727
181.63.220.121 - - [13/Jul/2022:11:58:21 -0500] "GET /BLA/resoluciones/RESOLUCIONES%202009/5818.pdf HTTP/1.1" 200 516494
181.63.220.121 - - [13/Jul/2022:11:58:22 -0500] "GET /BLA/resoluciones/RESOLUCIONES%202009/5819.pdf HTTP/1.1" 200 521159
181.63.220.121 - - [13/Jul/2022:11:58:23 -0500] "GET /BLA/resoluciones/RESOLUCIONES%202009/5820.pdf HTTP/1.1" 200 105028
181.63.220.121 - - [13/Jul/2022:11:58:25 -0500] "GET /BLA/resoluciones/RESOLUCIONES%202009/5821.pdf HTTP/1.1" 200 114938
181.63.220.121 - - [13/Jul/2022:11:58:26 -0500] "GET /BLA/resoluciones/RESOLUCIONES%202009/5822.pdf HTTP/1.1" 200 118170
181.63.220.121 - - [13/Jul/2022:11:58:27 -0500] "GET /BLA/resoluciones/RESOLUCIONES%202009/5823.pdf HTTP/1.1" 200 119528
181.63.220.121 - - [13/Jul/2022:11:58:28 -0500] "GET /BLA/resoluciones/RESOLUCIONES%202009/5824.pdf HTTP/1.1" 200 106970
181.63.220.121 - - [13/Jul/2022:11:58:29 -0500] "GET /BLA/resoluciones/RESOLUCIONES%202009/5825.pdf HTTP/1.1" 200 97347
181.63.220.121 - - [13/Jul/2022:11:58:30 -0500] "GET /BLA/resoluciones/RESOLUCIONES%202009/5826.pdf HTTP/1.1" 200 106760
181.63.220.121 - - [13/Jul/2022:11:58:32 -0500] "GET /BLA/resoluciones/RESOLUCIONES%202009/5827.pdf HTTP/1.1" 200 105822
181.63.220.121 - - [13/Jul/2022:11:58:34 -0500] "GET /BLA/resoluciones/RESOLUCIONES%202009/5828.pdf HTTP/1.1" 200 140500
201.244.245.139 - - [13/Jul/2022:11:58:35 -0500] "GET /sipsepre/faces/index.xhtml HTTP/1.1" 200 680
201.244.245.139 - - [13/Jul/2022:11:58:35 -0500] "GET /sipsepre/faces/javax.faces.resource/theme.css?ln=primefaces-sipse HTTP/1.1" 304 -
181.63.220.121 - - [13/Jul/2022:11:58:36 -0500] "GET /BLA/resoluciones/RESOLUCIONES%202009/5829.pdf HTTP/1.1" 200 517274
201.244.245.139 - - [13/Jul/2022:11:58:36 -0500] "GET /sipsepre/faces/faces/autenticacion.xhtml HTTP/1.1" 200 12225
201.244.245.139 - - [13/Jul/2022:11:58:36 -0500] "GET /sipsepre/faces/javax.faces.resource/theme.css?ln=primefaces-sipse HTTP/1.1" 304 -
201.244.245.139 - - [13/Jul/2022:11:58:36 -0500] "GET /sipsepre/faces/javax.faces.resource/primefaces.js?ln=primefaces&v=4.0 HTTP/1.1" 304 -
201.244.245.139 - - [13/Jul/2022:11:58:36 -0500] "GET /sipsepre/faces/javax.faces.resource/jquery/jquery-plugins.js?ln=primefaces&v=4.0 HTTP/1.1" 304 -
201.244.245.139 - - [13/Jul/2022:11:58:36 -0500] "GET /sipsepre/faces/javax.faces.resource/layout/layout.css?ln=primefaces&v=4.0 HTTP/1.1" 304 -
201.244.245.139 - - [13/Jul/2022:11:58:36 -0500] "GET /sipsepre/faces/javax.faces.resource/jquery/jquery.js?ln=primefaces&v=4.0 HTTP/1.1" 304 -
201.244.245.139 - - [13/Jul/2022:11:58:36 -0500] "GET /sipsepre/faces/javax.faces.resource/primefaces.css?ln=primefaces&v=4.0 HTTP/1.1" 304 -
201.244.245.139 - - [13/Jul/2022:11:58:36 -0500] "GET /sipsepre/faces/javax.faces.resource/layout/layout.js?ln=primefaces&v=4.0 HTTP/1.1" 304 -
201.244.245.139 - - [13/Jul/2022:11:58:36 -0500] "GET /sipsepre/faces/javax.faces.resource/images/ui-icons_898989_256x240.png?ln=primefaces-aristo HTTP/1.1" 304 -
181.63.220.121 - - [13/Jul/2022:11:58:37 -0500] "GET /BLA/resoluciones/RESOLUCIONES%202009/5830.pdf HTTP/1.1" 200 518723
181.63.220.121 - - [13/Jul/2022:11:58:38 -0500] "GET /BLA/resoluciones/RESOLUCIONES%202009/5831.pdf HTTP/1.1" 200 506043
201.244.245.139 - - [13/Jul/2022:11:58:38 -0500] "POST /sipsepre/faces/autenticacion.xhtml HTTP/1.1" 200 11350
201.244.245.139 - - [13/Jul/2022:11:58:39 -0500] "GET /sipsepre/faces/javax.faces.resource/jquery/jquery.js?ln=primefaces&v=4.0 HTTP/1.1" 304 -
201.244.245.139 - - [13/Jul/2022:11:58:39 -0500] "GET /sipsepre/faces/javax.faces.resource/jquery/jquery-plugins.js?ln=primefaces&v=4.0 HTTP/1.1" 304 -
201.244.245.139 - - [13/Jul/2022:11:58:39 -0500] "GET /sipsepre/faces/javax.faces.resource/primefaces.js?ln=primefaces&v=4.0 HTTP/1.1" 304 -
201.244.245.139 - - [13/Jul/2022:11:58:39 -0500] "GET /sipsepre/faces/javax.faces.resource/layout/layout.js?ln=primefaces&v=4.0 HTTP/1.1" 304 -
201.244.245.139 - - [13/Jul/2022:11:58:39 -0500] "GET /sipsepre/faces/javax.faces.resource/messages/messages.png?ln=primefaces&v=4.0 HTTP/1.1" 304 -
181.63.220.121 - - [13/Jul/2022:11:58:40 -0500] "GET /BLA/resoluciones/RESOLUCIONES%202009/5832.pdf HTTP/1.1" 200 509619
181.63.220.121 - - [13/Jul/2022:11:58:42 -0500] "GET /BLA/resoluciones/RESOLUCIONES%202009/5833.pdf HTTP/1.1" 200 552807
201.244.245.139 - - [13/Jul/2022:11:58:42 -0500] "POST /sipsepre/faces/presentacion/sistema/seguridad/seleccionRol.xhtml HTTP/1.1" 200 5731
201.244.245.139 - - [13/Jul/2022:11:58:43 -0500] "POST /sipsepre/faces/presentacion/sistema/seguridad/seleccionRol.xhtml HTTP/1.1" 200 6026
181.63.220.121 - - [13/Jul/2022:11:58:43 -0500] "GET /BLA/resoluciones/RESOLUCIONES%202009/5834.pdf HTTP/1.1" 200 490921
201.244.245.139 - - [13/Jul/2022:11:58:44 -0500] "GET /sipsepre/faces/javax.faces.resource/images/ui-bg_flat_0_2d5972_40x100.png?ln=primefaces-aristo HTTP/1.1" 304 -
181.63.220.121 - - [13/Jul/2022:11:58:45 -0500] "GET /BLA/resoluciones/RESOLUCIONES%202009/5835.pdf HTTP/1.1" 200 519817
181.63.220.121 - - [13/Jul/2022:11:58:47 -0500] "GET /BLA/resoluciones/RESOLUCIONES%202009/5836.pdf HTTP/1.1" 200 516351
201.244.245.139 - - [13/Jul/2022:11:58:45 -0500] "POST /sipsepre/faces/presentacion/sistema/seguridad/seleccionRol.xhtml HTTP/1.1" 200 16324
201.244.245.139 - - [13/Jul/2022:11:58:49 -0500] "GET /sipsepre/faces/javax.faces.resource/jquery/jquery.js?ln=primefaces&v=4.0 HTTP/1.1" 304 -
201.244.245.139 - - [13/Jul/2022:11:58:49 -0500] "GET /sipsepre/faces/javax.faces.resource/jquery/jquery-plugins.js?ln=primefaces&v=4.0 HTTP/1.1" 304 -
201.244.245.139 - - [13/Jul/2022:11:58:49 -0500] "GET /sipsepre/faces/javax.faces.resource/primefaces.js?ln=primefaces&v=4.0 HTTP/1.1" 304 -
201.244.245.139 - - [13/Jul/2022:11:58:49 -0500] "GET /sipsepre/faces/javax.faces.resource/layout/layout.js?ln=primefaces&v=4.0 HTTP/1.1" 304 -
201.244.245.139 - - [13/Jul/2022:11:58:49 -0500] "GET /sipsepre/css/imagen/contrasena.png HTTP/1.1" 404 383
181.63.220.121 - - [13/Jul/2022:11:58:49 -0500] "GET /BLA/resoluciones/RESOLUCIONES%202009/5837.pdf HTTP/1.1" 200 518945
181.63.220.121 - - [13/Jul/2022:11:58:50 -0500] "GET /BLA/resoluciones/RESOLUCIONES%202009/5838.pdf HTTP/1.1" 200 519823
201.244.245.139 - - [13/Jul/2022:11:58:51 -0500] "POST /sipsepre/faces/bienvenido.xhtml HTTP/1.1" 200 2658
181.63.220.121 - - [13/Jul/2022:11:58:52 -0500] "GET /BLA/resoluciones/RESOLUCIONES%202009/5839.pdf HTTP/1.1" 200 518791
201.244.245.139 - - [13/Jul/2022:11:58:52 -0500] "POST /sipsepre/faces/bienvenido.xhtml HTTP/1.1" 200 61706
201.244.245.139 - - [13/Jul/2022:11:58:52 -0500] "GET /sipsepre/faces/javax.faces.resource/jquery/jquery.js?ln=primefaces&v=4.0 HTTP/1.1" 304 -
201.244.245.139 - - [13/Jul/2022:11:58:52 -0500] "GET /sipsepre/faces/javax.faces.resource/jquery/jquery-plugins.js?ln=primefaces&v=4.0 HTTP/1.1" 304 -
201.244.245.139 - - [13/Jul/2022:11:58:52 -0500] "GET /sipsepre/faces/javax.faces.resource/primefaces.js?ln=primefaces&v=4.0 HTTP/1.1" 304 -
201.244.245.139 - - [13/Jul/2022:11:58:52 -0500] "GET /sipsepre/faces/javax.faces.resource/layout/layout.js?ln=primefaces&v=4.0 HTTP/1.1" 304 -
201.244.245.139 - - [13/Jul/2022:11:58:52 -0500] "POST /sipsepre/faces/presentacion/financiero/solicitudProceso/listarSolicitudProceso.xhtml HTTP/1.1" 200 1556
27.115.124.101 - - [13/Jul/2022:11:58:53 -0500] "GET / HTTP/1.1" 200 319
181.63.220.121 - - [13/Jul/2022:11:58:54 -0500] "GET /BLA/resoluciones/RESOLUCIONES%202009/5840.pdf HTTP/1.1" 200 506357
181.63.220.121 - - [13/Jul/2022:11:58:56 -0500] "GET /BLA/resoluciones/RESOLUCIONES%202009/5841.pdf HTTP/1.1" 200 574576
181.63.220.121 - - [13/Jul/2022:11:58:58 -0500] "GET /BLA/resoluciones/RESOLUCIONES%202009/5842.pdf HTTP/1.1" 200 485713
201.244.245.139 - - [13/Jul/2022:11:58:58 -0500] "POST /sipsepre/faces/presentacion/financiero/solicitudProceso/listarSolicitudProceso.xhtml HTTP/1.1" 200 59069
201.244.245.139 - - [13/Jul/2022:11:58:59 -0500] "GET /sipsepre/faces/javax.faces.resource/jquery/jquery.js?ln=primefaces&v=4.0 HTTP/1.1" 304 -
201.244.245.139 - - [13/Jul/2022:11:58:59 -0500] "GET /sipsepre/faces/javax.faces.resource/jquery/jquery-plugins.js?ln=primefaces&v=4.0 HTTP/1.1" 304 -
201.244.245.139 - - [13/Jul/2022:11:58:59 -0500] "GET /sipsepre/faces/javax.faces.resource/primefaces.js?ln=primefaces&v=4.0 HTTP/1.1" 304 -
201.244.245.139 - - [13/Jul/2022:11:58:59 -0500] "GET /sipsepre/faces/javax.faces.resource/layout/layout.js?ln=primefaces&v=4.0 HTTP/1.1" 304 -
201.244.245.139 - - [13/Jul/2022:11:59:03 -0500] "POST /sipsepre/faces/presentacion/financiero/solicitudProceso/crearModificarSolicitudProceso.xhtml HTTP/1.1" 200 51772
201.244.245.139 - - [13/Jul/2022:11:59:27 -0500] "POST /sipsepre/faces/presentacion/financiero/solicitudProceso/crearModificarSolicitudProceso.xhtml HTTP/1.1" 200 25129
201.244.245.139 - - [13/Jul/2022:11:59:45 -0500] "POST /sipsepre/faces/presentacion/financiero/solicitudProceso/crearModificarSolicitudProceso.xhtml HTTP/1.1" 200 6299
200.119.126.132 - - [13/Jul/2022:11:59:48 -0500] "GET /portaldeninos/wp-content/uploads/useanyfont/uaf.css?ver=1589905315 HTTP/1.1" 200 408
200.119.126.132 - - [13/Jul/2022:11:59:48 -0500] "GET /portaldeninos/wp-content/themes/betheme/style.css?ver=20.9.6 HTTP/1.1" 200 287
200.119.126.132 - - [13/Jul/2022:11:59:48 -0500] "GET /portaldeninos/wp-content/plugins/gallery-videos/CSS/Total-Soft-Gallery-Video-Widget.css?ver=4.9.8 HTTP/1.1" 200 51554
200.119.126.132 - - [13/Jul/2022:11:59:48 -0500] "GET /portaldeninos/wp-content/themes/betheme/assets/animations/animations.min.css?ver=20.9.6 HTTP/1.1" 200 58508
200.119.126.132 - - [13/Jul/2022:11:59:48 -0500] "GET /portaldeninos/wp-content/plugins/gallery-videos/CSS/totalsoft.css?ver=4.9.8 HTTP/1.1" 200 40622
200.119.126.132 - - [13/Jul/2022:11:59:49 -0500] "GET /portaldeninos/wp-content/themes/betheme/assets/jplayer/css/jplayer.blue.monday.css?ver=20.9.6 HTTP/1.1" 200 9834
200.119.126.132 - - [13/Jul/2022:11:59:49 -0500] "GET /portaldeninos/wp-content/themes/betheme/assets/ui/jquery.ui.all.css?ver=20.9.6 HTTP/1.1" 200 18765
200.119.126.132 - - [13/Jul/2022:11:59:49 -0500] "GET /portaldeninos/wp-content/plugins/google-analytics-for-wordpress/assets/js/frontend-gtag.min.js?ver=8.5.0 HTTP/1.1" 200 11801
200.119.126.132 - - [13/Jul/2022:11:59:49 -0500] "GET /portaldeninos/wp-content/themes/betheme/css/responsive.css?ver=20.9.6 HTTP/1.1" 200 55740
200.119.126.132 - - [13/Jul/2022:11:59:49 -0500] "GET /portaldeninos/wp-includes/js/jquery/jquery-migrate.min.js?ver=1.4.1 HTTP/1.1" 200 10056
200.119.126.132 - - [13/Jul/2022:11:59:49 -0500] "GET /portaldeninos/wp-includes/js/jquery/ui/core.min.js?ver=1.11.4 HTTP/1.1" 200 4000
200.119.126.132 - - [13/Jul/2022:11:59:48 -0500] "GET /portaldeninos/wp-content/themes/betheme/css/base.css?ver=20.9.6 HTTP/1.1" 200 57283
200.119.126.132 - - [13/Jul/2022:11:59:49 -0500] "GET /portaldeninos/wp-content/plugins/gallery-videos/JS/modernizr.custom.js?ver=4.9.8 HTTP/1.1" 200 9019
200.119.126.132 - - [13/Jul/2022:11:59:49 -0500] "GET /portaldeninos/wp-includes/js/jquery/ui/widget.min.js?ver=1.11.4 HTTP/1.1" 200 6908
200.119.126.132 - - [13/Jul/2022:11:59:49 -0500] "GET /portaldeninos/wp-includes/js/jquery/ui/mouse.min.js?ver=1.11.4 HTTP/1.1" 200 3148
200.119.126.132 - - [13/Jul/2022:11:59:49 -0500] "GET /portaldeninos/wp-content/plugins/gallery-videos/JS/Total-Soft-Gallery-Video-Widget.js?ver=4.9.8 HTTP/1.1" 200 80264
200.119.126.132 - - [13/Jul/2022:11:59:49 -0500] "GET /portaldeninos/wp-includes/js/jquery/jquery.js?ver=1.12.4 HTTP/1.1" 200 97184
200.119.126.132 - - [13/Jul/2022:11:59:49 -0500] "GET /portaldeninos/wp-includes/js/jquery/ui/accordion.min.js?ver=1.11.4 HTTP/1.1" 200 8584
200.119.126.132 - - [13/Jul/2022:11:59:49 -0500] "GET /portaldeninos/wp-includes/js/jquery/ui/tabs.min.js?ver=1.11.4 HTTP/1.1" 200 12110
200.119.126.132 - - [13/Jul/2022:11:59:49 -0500] "GET /portaldeninos/wp-content/themes/betheme/js/menu.js?ver=20.9.6 HTTP/1.1" 200 2449
200.119.126.132 - - [13/Jul/2022:11:59:49 -0500] "GET /portaldeninos/wp-includes/js/jquery/ui/sortable.min.js?ver=1.11.4 HTTP/1.1" 200 24899
200.119.126.132 - - [13/Jul/2022:11:59:48 -0500] "GET /portaldeninos/wp-content/themes/betheme/css/shortcodes.css?ver=20.9.6 HTTP/1.1" 200 138889
200.119.126.132 - - [13/Jul/2022:11:59:49 -0500] "GET /portaldeninos/wp-content/themes/betheme/assets/animations/animations.min.js?ver=20.9.6 HTTP/1.1" 200 1896
200.119.126.132 - - [13/Jul/2022:11:59:49 -0500] "GET /portaldeninos/wp-includes/js/wp-embed.min.js?ver=4.9.8 HTTP/1.1" 200 1398
200.119.126.132 - - [13/Jul/2022:11:59:49 -0500] "GET /portaldeninos/wp-content/themes/betheme/assets/jplayer/jplayer.min.js?ver=20.9.6 HTTP/1.1" 200 52702
200.119.126.132 - - [13/Jul/2022:11:59:49 -0500] "GET /portaldeninos/wp-content/themes/betheme/js/scripts.js?ver=20.9.6 HTTP/1.1" 200 77162
200.119.126.132 - - [13/Jul/2022:11:59:48 -0500] "GET /portaldeninos/wp-content/themes/betheme/css/layout.css?ver=20.9.6 HTTP/1.1" 200 116639
200.119.126.132 - - [13/Jul/2022:11:59:49 -0500] "GET /portaldeninos/wp-content/themes/betheme/js/plugins.js?ver=20.9.6 HTTP/1.1" 200 197151
200.119.126.132 - - [13/Jul/2022:11:59:50 -0500] "GET /portaldeninos/wp-includes/js/wp-emoji-release.min.js?ver=4.9.8 HTTP/1.1" 200 12026
200.119.126.132 - - [13/Jul/2022:11:59:50 -0500] "GET /portaldeninos/wp-content/themes/betheme/images/box_shadow.png HTTP/1.1" 200 108
200.119.126.132 - - [13/Jul/2022:11:59:50 -0500] "GET /portaldeninos/wp-content/themes/betheme/fonts/mfn-icons.woff?93978679 HTTP/1.1" 200 80932
201.244.245.139 - - [13/Jul/2022:11:59:50 -0500] "POST /sipsepre/faces/presentacion/financiero/solicitudProceso/crearModificarSolicitudProceso.xhtml HTTP/1.1" 200 9522
200.119.126.132 - - [13/Jul/2022:11:59:50 -0500] "GET /portaldeninos/wp-content/themes/betheme/fonts/mfn-icons.ttf?93978679 HTTP/1.1" 200 102241
172.22.2.4 - - [13/Jul/2022:11:59:52 -0500] "GET /BLA/boletinlegal/jurisprudencia/analisis/AnalisisT-606-15.docx HTTP/1.1" 200 26698
172.22.2.4 - - [13/Jul/2022:11:59:53 -0500] "GET /BLA/boletinlegal/apple-touch-icon-120x120-precomposed.png HTTP/1.1" 404 1140
172.22.2.4 - - [13/Jul/2022:11:59:53 -0500] "GET /BLA/boletinlegal/apple-touch-icon-120x120.png HTTP/1.1" 404 1140
172.22.2.4 - - [13/Jul/2022:11:59:53 -0500] "GET /BLA/boletinlegal/apple-touch-icon-precomposed.png HTTP/1.1" 404 1140
172.22.2.4 - - [13/Jul/2022:11:59:53 -0500] "GET /BLA/boletinlegal/apple-touch-icon.png HTTP/1.1" 404 1140
172.22.2.4 - - [13/Jul/2022:11:59:53 -0500] "GET /BLA/boletinlegal/favicon.ico HTTP/1.1" 404 1140
172.22.2.4 - - [13/Jul/2022:11:59:53 -0500] "GET /BLA/boletinlegal/apple-touch-icon-120x120-precomposed.png HTTP/1.1" 404 1140
172.22.2.4 - - [13/Jul/2022:11:59:53 -0500] "GET /BLA/boletinlegal/apple-touch-icon-120x120.png HTTP/1.1" 404 1140
172.22.2.4 - - [13/Jul/2022:11:59:53 -0500] "GET /BLA/boletinlegal/apple-touch-icon-precomposed.png HTTP/1.1" 404 1140
172.22.2.4 - - [13/Jul/2022:11:59:53 -0500] "GET /BLA/boletinlegal/apple-touch-icon.png HTTP/1.1" 404 1140
172.22.2.4 - - [13/Jul/2022:11:59:53 -0500] "GET /BLA/boletinlegal/favicon.ico HTTP/1.1" 404 1140
201.244.245.139 - - [13/Jul/2022:12:00:02 -0500] "POST /sipsepre/faces/presentacion/financiero/solicitudProceso/crearModificarSolicitudProceso.xhtml HTTP/1.1" 200 6664
181.63.220.121 - - [13/Jul/2022:12:00:24 -0500] "GET /BLA/resoluciones/RESOLUCIONES%202009/5843.pdf HTTP/1.1" 200 507191
181.63.220.121 - - [13/Jul/2022:12:00:25 -0500] "GET /BLA/resoluciones/RESOLUCIONES%202009/5844.pdf HTTP/1.1" 200 511611
181.63.220.121 - - [13/Jul/2022:12:00:27 -0500] "GET /BLA/resoluciones/RESOLUCIONES%202009/5845.pdf HTTP/1.1" 200 493957
181.63.220.121 - - [13/Jul/2022:12:00:28 -0500] "GET /BLA/resoluciones/RESOLUCIONES%202009/5846.pdf HTTP/1.1" 200 489537
181.63.220.121 - - [13/Jul/2022:12:00:29 -0500] "GET /BLA/resoluciones/RESOLUCIONES%202009/5847.pdf HTTP/1.1" 200 99191
181.63.220.121 - - [13/Jul/2022:12:00:31 -0500] "GET /BLA/resoluciones/RESOLUCIONES%202009/5848.pdf HTTP/1.1" 200 305282
181.63.220.121 - - [13/Jul/2022:12:00:32 -0500] "GET /BLA/resoluciones/RESOLUCIONES%202009/5849.pdf HTTP/1.1" 200 102084
181.63.220.121 - - [13/Jul/2022:12:00:33 -0500] "GET /BLA/resoluciones/RESOLUCIONES%202009/5850.pdf HTTP/1.1" 200 104118
181.63.220.121 - - [13/Jul/2022:12:00:34 -0500] "GET /BLA/resoluciones/RESOLUCIONES%202009/5851.pdf HTTP/1.1" 200 106884
181.63.220.121 - - [13/Jul/2022:12:00:35 -0500] "GET /BLA/resoluciones/RESOLUCIONES%202009/5852.pdf HTTP/1.1" 200 107062
181.63.220.121 - - [13/Jul/2022:12:00:36 -0500] "GET /BLA/resoluciones/RESOLUCIONES%202009/5853.pdf HTTP/1.1" 200 108172
181.63.220.121 - - [13/Jul/2022:12:00:37 -0500] "GET /BLA/resoluciones/RESOLUCIONES%202009/5854.pdf HTTP/1.1" 200 50134
181.63.220.121 - - [13/Jul/2022:12:00:38 -0500] "GET /BLA/resoluciones/RESOLUCIONES%202009/5855.pdf HTTP/1.1" 200 50134
181.63.220.121 - - [13/Jul/2022:12:00:39 -0500] "GET /BLA/resoluciones/RESOLUCIONES%202009/5856.pdf HTTP/1.1" 200 49970
181.63.220.121 - - [13/Jul/2022:12:00:41 -0500] "GET /BLA/resoluciones/RESOLUCIONES%202009/5857.pdf HTTP/1.1" 200 48906
181.63.220.121 - - [13/Jul/2022:12:00:42 -0500] "GET /BLA/resoluciones/RESOLUCIONES%202009/5858.pdf HTTP/1.1" 200 49868
181.63.220.121 - - [13/Jul/2022:12:00:43 -0500] "GET /BLA/resoluciones/RESOLUCIONES%202009/5859.pdf HTTP/1.1" 200 883218
181.63.220.121 - - [13/Jul/2022:12:00:44 -0500] "GET /BLA/resoluciones/RESOLUCIONES%202009/5860.pdf HTTP/1.1" 200 520585
181.63.220.121 - - [13/Jul/2022:12:00:45 -0500] "GET /BLA/resoluciones/RESOLUCIONES%202009/5861.pdf HTTP/1.1" 200 424518
181.63.220.121 - - [13/Jul/2022:12:00:46 -0500] "GET /BLA/resoluciones/RESOLUCIONES%202009/5862.pdf HTTP/1.1" 200 585450
181.63.220.121 - - [13/Jul/2022:12:00:48 -0500] "GET /BLA/resoluciones/RESOLUCIONES%202009/5863.pdf HTTP/1.1" 200 442839
181.63.220.121 - - [13/Jul/2022:12:00:49 -0500] "GET /BLA/resoluciones/RESOLUCIONES%202009/5864.pdf HTTP/1.1" 200 270443
181.63.220.121 - - [13/Jul/2022:12:00:51 -0500] "GET /BLA/resoluciones/RESOLUCIONES%202009/5865.pdf HTTP/1.1" 200 742186
181.63.220.121 - - [13/Jul/2022:12:00:53 -0500] "GET /BLA/resoluciones/RESOLUCIONES%202009/5866.pdf HTTP/1.1" 200 909191
181.63.220.121 - - [13/Jul/2022:12:00:54 -0500] "GET /BLA/resoluciones/RESOLUCIONES%202009/5867.pdf HTTP/1.1" 200 230271
181.63.220.121 - - [13/Jul/2022:12:00:56 -0500] "GET /BLA/resoluciones/RESOLUCIONES%202009/5868.pdf HTTP/1.1" 200 599497
181.63.220.121 - - [13/Jul/2022:12:00:58 -0500] "GET /BLA/resoluciones/RESOLUCIONES%202009/5869.pdf HTTP/1.1" 200 525825
201.244.245.139 - - [13/Jul/2022:12:00:57 -0500] "POST /sipsepre/faces/presentacion/financiero/solicitudProceso/crearModificarSolicitudProceso.xhtml HTTP/1.1" 200 24644
201.244.245.139 - - [13/Jul/2022:12:00:58 -0500] "GET /sipsepre/faces/javax.faces.resource/theme.css?ln=primefaces-sipse HTTP/1.1" 304 -
201.244.245.139 - - [13/Jul/2022:12:00:58 -0500] "GET /sipsepre/faces/javax.faces.resource/primefaces.css?ln=primefaces&v=4.0 HTTP/1.1" 304 -
201.244.245.139 - - [13/Jul/2022:12:00:58 -0500] "GET /sipsepre/faces/javax.faces.resource/jquery/jquery.js?ln=primefaces&v=4.0 HTTP/1.1" 304 -
201.244.245.139 - - [13/Jul/2022:12:00:58 -0500] "GET /sipsepre/faces/javax.faces.resource/layout/layout.css?ln=primefaces&v=4.0 HTTP/1.1" 304 -
201.244.245.139 - - [13/Jul/2022:12:00:58 -0500] "GET /sipsepre/faces/javax.faces.resource/jquery/jquery-plugins.js?ln=primefaces&v=4.0 HTTP/1.1" 304 -
201.244.245.139 - - [13/Jul/2022:12:00:58 -0500] "GET /sipsepre/faces/javax.faces.resource/layout/layout.js?ln=primefaces&v=4.0 HTTP/1.1" 304 -
201.244.245.139 - - [13/Jul/2022:12:00:58 -0500] "GET /sipsepre/faces/javax.faces.resource/primefaces.js?ln=primefaces&v=4.0 HTTP/1.1" 304 -
201.244.245.139 - - [13/Jul/2022:12:00:58 -0500] "GET /sipsepre/faces/javax.faces.resource/images/ui-icons_898989_256x240.png?ln=primefaces-aristo HTTP/1.1" 304 -
181.63.220.121 - - [13/Jul/2022:12:00:59 -0500] "GET /BLA/resoluciones/RESOLUCIONES%202009/5870.pdf HTTP/1.1" 200 526129
201.244.245.139 - - [13/Jul/2022:12:00:59 -0500] "GET /sipsepre/faces/javax.faces.resource/images/ui-bg_flat_0_2d5972_40x100.png?ln=primefaces-aristo HTTP/1.1" 304 -
181.63.220.121 - - [13/Jul/2022:12:01:00 -0500] "GET /BLA/resoluciones/RESOLUCIONES%202009/5871.pdf HTTP/1.1" 200 368710
201.244.245.139 - - [13/Jul/2022:12:00:59 -0500] "POST /sipsepre/faces/presentacion/financiero/solicitudProyectoActividad/asociarProyectoSolicitud.xhtml HTTP/1.1" 200 6677
181.63.220.121 - - [13/Jul/2022:12:01:02 -0500] "GET /BLA/resoluciones/RESOLUCIONES%202009/5872.pdf HTTP/1.1" 200 566471
181.63.220.121 - - [13/Jul/2022:12:01:04 -0500] "GET /BLA/resoluciones/RESOLUCIONES%202009/5873.pdf HTTP/1.1" 200 319893
181.63.220.121 - - [13/Jul/2022:12:01:05 -0500] "GET /BLA/resoluciones/RESOLUCIONES%202009/5874.pdf HTTP/1.1" 200 813776
181.63.220.121 - - [13/Jul/2022:12:01:07 -0500] "GET /BLA/resoluciones/RESOLUCIONES%202009/5875.pdf HTTP/1.1" 200 492153
181.63.220.121 - - [13/Jul/2022:12:01:09 -0500] "GET /BLA/resoluciones/RESOLUCIONES%202009/5876.pdf HTTP/1.1" 200 496021
172.22.2.4 - - [13/Jul/2022:11:59:48 -0500] "HEAD /BLA/boletinlegal/ HTTP/1.1" 200 -
181.58.186.188 - - [13/Jul/2022:12:01:42 -0500] "GET /kwssiamovil/sm/des/ldap/au?x=U2FsdGVkX18aZAou0vq0wUKba5YpInt0WpplByyv1CaXZQj5Os0Oxws6oFsgbZVh&y=U2FsdGVkX1/6OoB/iZVySBwNa2FlVaOFcgZGE7lucu+zNavMWoTUaDICTQP4cDKf HTTP/1.1" 200 30
181.58.186.188 - - [13/Jul/2022:12:01:43 -0500] "GET /kwssiamovil/sm/des/acme/s?s=U2FsdGVkX1/qBge+49hSAsl/18/uktSsr+pDjOnatLMgnzB0pIKDbkqWc3DgJZmOuOch5CpQ+U2JZ63M749lbTqRc7opnpJ1SJPtqisANeQ=&u=U2FsdGVkX18bdTGcpuh5I8+Z2sEo+wWqWyfxKdx1yT8=&y=U2FsdGVkX1/6OoB/iZVySBwNa2FlVaOFcgZGE7lucu+zNavMWoTUaDICTQP4cDKf HTTP/1.1" 200 97
181.58.186.188 - - [13/Jul/2022:12:01:43 -0500] "GET /kwssiamovil/sm/des/acme/s?s=U2FsdGVkX1+D+0uPwJMk1fGzQOIlqsthDpiQQRRfQFlg8wXatzRvSxGM+LhQnIORChE4Eur7YH+uL/nYhnEh44da9wrA0jFwohs9vYSl8shO6KmUez8sKR/X2zJuAU43PRGk83MbqDTMaQCAn09RILqPVdtD5pjUc3izsHXtTog3C7b3rm0P3ZHmmEWTV2CHIt3i6foIKtHZd0wNfdTzRrz6uRdkud6IYgPzNhFZMujByt5LSwZ0q95TcXTXXGf58cQXsi6KD38O5lVYyFVUu/UslYd7Swutf3Jsd7BhZ/AehRTq4gPO56bxqpNKwS3WDbUan+KX7iPI/kGY3JimJtPauPe0nI9tP4xyYnCS46ROEw3jhNQxwy8ECf1GciPJs3rfvWqku0xdkl/RWcYiLVAL6Vs3oDjFq8PfdmIsU34RvdAnnsHOKKaji8VjZ8S7K2WmRA1pugVmmju5r4PHSGkWc9TlfMsTa55N5Cf7u02piWXJpvWbjVl1PWu4u2kfld3hidUzaoJ0Unk6BNtY+DhsKSJH2hg/S9ODFvwfwyvn9ss9zxC/Uu4GFKYS7vUdLn1S9Y2rYpxL5gbeNeupm1284Aa1sM5INGJ/GmSbIvGQFq51aanTy6R6MqOY/FeFPj1bACfSSHVPztvGkbaNnE3ZiPqRnPDfVqy/9K4uZ2jJssYvQzJC6UYLeBfqPIkoFgxJ+2e7r9aGKgjHlTbQwwh3UEtI8BRUi9GJ3CP5V71Rr02Yf92ea9JFYs1XoPOr4MQvXJNIWE2JBWgEiFnOkL/CpyQBq52YqdJsti4MDgOlNUy9UQAa0PiHnQgoaoLYcf8HclUpoSSrq22TfaV9OZkjLpvI49fHLt75e2wwuW2GTMHb7qon6SqVhcI0UgjnKPo+t0KpFtWkhwcSFsKy10sCw+UoTHvcnoeJUd5jhXVvFa/wtL89pAnTwoAYzj4MAbJ37YBSDalIF75vbe5kcKANvhuzF1q3dCbVZlp6El8Fik4ieuwlTslYmok02Mjaiq8gGx0gQtjGJTbrfV1dNeN46qxsI4gNEDNMT+/zxl+RwLHmDgY7tmfwtMgOtycB4W83ohYgZpH3MbRlr2UZ2Dt9aknLft2qnBGhLKeiTqKwdWfKlugDSyzzfbbH3yTHBP6tpHILNuQtviKDRqicZ+AIhOtYqPUHjZCxXZpoFV6d1w4HG8dOye63IRe4jTJGq6RB8fpsHVgRT2sxlLEJ2hYtZcFOTcgBb3W2fnNa56ZwybebFD8leEVU+v1KugJgTfl92OkGtFQxU7MdVIz2+U2tK7HZraS7TLd3E6/YBcyEY8KjudhxooBVC/iwFyc/uJNFcMOLg4+zzhG63cwMB6Eg/8laZ/ZR+eUoF9DkJmg=&u=U2FsdGVkX18bdTGcpuh5I8+Z2sEo+wWqWyfxKdx1yT8=&y=U2FsdGVkX1/6OoB/iZVySBwNa2FlVaOFcgZGE7lucu+zNavMWoTUaDICTQP4cDKf HTTP/1.1" 200 2711
181.58.186.188 - - [13/Jul/2022:12:01:43 -0500] "GET /kwssiamovil/sm/des/acme/s?s=U2FsdGVkX1+yjLJI8uGU3ZCV2VFMcWtpaw8yFzQl7qiOOUYuGEoo7XhgGkxG329fWlVCt7rzS0by8YC/k2QVA5r24gp4abQBTElWh/f7emcbaWq+CwIltmIScHkEqLSdMavu14xCQyu0jUb0H72F9Q==&u=U2FsdGVkX18bdTGcpuh5I8+Z2sEo+wWqWyfxKdx1yT8=&y=U2FsdGVkX1/6OoB/iZVySBwNa2FlVaOFcgZGE7lucu+zNavMWoTUaDICTQP4cDKf HTTP/1.1" 200 92
181.58.186.188 - - [13/Jul/2022:12:01:43 -0500] "GET /kwssiamovil/sm/des/acme/s?s=U2FsdGVkX1+cFZna4XIGcYZlNHVmPOp6lG81RfJ+7u8ZOKoLDo0ailHtDOKsw9yBfNLWOYOclE0KU94qR7sBDtpAhQ+yaBhQDtsEhz7PHHIHUyWZnquk7JqjojzkaggOhmr8cOu/kv9KlD6JIlBISQ==&u=U2FsdGVkX18bdTGcpuh5I8+Z2sEo+wWqWyfxKdx1yT8=&y=U2FsdGVkX1/6OoB/iZVySBwNa2FlVaOFcgZGE7lucu+zNavMWoTUaDICTQP4cDKf HTTP/1.1" 200 92
201.244.245.139 - - [13/Jul/2022:12:01:42 -0500] "POST /sipsepre/faces/presentacion/financiero/solicitudProyectoActividad/asociarProyectoSolicitud.xhtml HTTP/1.1" 200 6640
181.58.186.188 - - [13/Jul/2022:12:01:43 -0500] "GET /kwssiamovil/sm/des/acme/s?s=U2FsdGVkX19fRvNXJsP1Kkq32BhfySELb8SNtBieEzKP9AoIYMtuxgtgQfqjgYl0PlB+U4FbrMgrcOO79buTsJmkUKXP2Bp30NyWAfsGFptI0f+pUmxmqFDHEBGz+xX8/TuOGTVQKxc5MjZMnR/GVw==&u=U2FsdGVkX18bdTGcpuh5I8+Z2sEo+wWqWyfxKdx1yT8=&y=U2FsdGVkX1/6OoB/iZVySBwNa2FlVaOFcgZGE7lucu+zNavMWoTUaDICTQP4cDKf HTTP/1.1" 200 92
201.244.245.139 - - [13/Jul/2022:12:01:43 -0500] "GET /sipsepre/faces/javax.faces.resource/messages/messages.png?ln=primefaces&v=4.0 HTTP/1.1" 304 -
181.58.186.188 - - [13/Jul/2022:12:01:43 -0500] "GET /kwssiamovil/sm/des/acme/s?s=U2FsdGVkX192Dj6wNYTyT0ebGb0mAHGzGon8DJB3DkZkgcVVgySb0wBuRyhtbBzw7Ha2THH1caTU8jiluWtSwh6ntq+6I5zEPozxOyDNJNEVch2U13aeHXmXe2a1DQ2i1NXiPHuuoKFWL5RaEdpgJgQNvJHTSBzTH+0RlRKIWkBVzjhTjsspo3F6Q/az/0C4AoiS6aEH/8/YgNoSgbLaN4SDlwAQ98TpSaZf8iNJfEwEpVxvs/TPeUMZsJ1veJ2TITjO9fJoI0tOtIM6TsXUzpwrgEtOptfYnl3i6yqS+NI=&u=U2FsdGVkX18bdTGcpuh5I8+Z2sEo+wWqWyfxKdx1yT8=&y=U2FsdGVkX1/6OoB/iZVySBwNa2FlVaOFcgZGE7lucu+zNavMWoTUaDICTQP4cDKf HTTP/1.1" 200 393
181.58.186.188 - - [13/Jul/2022:12:01:43 -0500] "GET /kwssiamovil/sm/des/cjson/pre?f=17&x=U2FsdGVkX18aZAou0vq0wUKba5YpInt0WpplByyv1CaXZQj5Os0Oxws6oFsgbZVh HTTP/1.1" 200 9591
181.58.186.188 - - [13/Jul/2022:12:01:43 -0500] "GET /kwssiamovil/sm/des/cjson/pre?f=9&x=U2FsdGVkX18aZAou0vq0wUKba5YpInt0WpplByyv1CaXZQj5Os0Oxws6oFsgbZVh HTTP/1.1" 200 25128
181.58.186.188 - - [13/Jul/2022:12:01:43 -0500] "GET /kwssiamovil/sm/des/cjson/pre?f=3&x=U2FsdGVkX18aZAou0vq0wUKba5YpInt0WpplByyv1CaXZQj5Os0Oxws6oFsgbZVh HTTP/1.1" 200 94838
172.22.2.4 - - [13/Jul/2022:12:00:38 -0500] "GET /BLA/boletinlegal/ HTTP/1.1" 200 58122
216.245.221.92 - - [13/Jul/2022:12:02:28 -0500] "HEAD / HTTP/1.1" 200 -
201.245.192.253 - - [13/Jul/2022:12:02:32 -0500] "POST /kwsrmcab/Wsrmcab  HTTP/1.1" 200 45708
181.58.186.188 - - [13/Jul/2022:12:02:43 -0500] "GET /kwssiamovil/sm/des/ldap/au?x=U2FsdGVkX1/LU2N8JT+sSZEnp1yvfL0SRd5QBHC3ZU+wPWHmJ9oRwGglmh28zlQT&y=U2FsdGVkX18wn8g/VCfkWoMn9ERPuEYpfGTn7eICfwOx/QerKevcGbRKaGj5vGzP HTTP/1.1" 200 30
181.58.186.188 - - [13/Jul/2022:12:02:43 -0500] "GET /kwssiamovil/sm/des/acme/s?s=U2FsdGVkX1/Xm/i4/BIqWwXfCgJz7Lw5zggk8ihMuzwsuSkkoyFRIc0VlChPR4s0DCb43klkU8LMybtUyaQ3U+TJ69fRA9qbT4W+RuAJUWY=&u=U2FsdGVkX1/tZdyt4W4SrIAi9Umrxs5efV0ks+LQQzQ=&y=U2FsdGVkX18wn8g/VCfkWoMn9ERPuEYpfGTn7eICfwOx/QerKevcGbRKaGj5vGzP HTTP/1.1" 200 97
181.58.186.188 - - [13/Jul/2022:12:02:43 -0500] "GET /kwssiamovil/sm/des/acme/s?s=U2FsdGVkX1/0Le+QZ8Okf2pVwvxEe0/dO1EoJhXkMkOATFu7HUsDZnbG+GHkG7qxdJvMTZVcQWYyxARoYe7yRkYs4tvWf4S4IQDe+CX6bE1qeow0W4j7ZV8Dzr0s1hsQWoa8Qz45uoDhPP6/xSK8btANxPuBGC92fao5W3O5Ub5BuheCmS6uwut1WAcHND3YA7hmN4vXWK/fwz8xlj/A4qhXibep1b59vx8ORhvsa2rZxo0PJ2D7VBJBuIkIT+MFq6lYssGG0XTyD2z/GthUwACxe/MXbyVEMPWwUi1PYaj/DXFQafsVpty9+1Q6Qr5/JNRKKsUPLPS40GCEnhCXEVr8rEvTbsWSk3zWrjrq4HNQkC6OGqoR1QB9/c+KwmBQHv2OmDl8HgROyO544D6VXh2MQVQYEAa15zix/zPKcEVBJPWkS58+wm7BwXE00QIl5dXbRjHrOqWig5IvchpYOtm2EeiWr2rLdoiQUOX7AMmtx15r4Uito/3GSsQzdwDTH44m+ouPGBRBrJpG3qER/8WogBUYpD3T8yR8zI1U5AUkMzeKPmOUZ3RCA3X1i/fRTjYD5APqwZ7fyZ8kjJTHxm+i4EW2AdBwVBsa81+Np7SeFxh9+94PXfbBpV4faoaVAuWHGjJkrrwGtIiqIhz/qo/2WbvUCcCejhnjQyhM5HfbAJr0VSPx4sMICmY3uJO0ErHt6+v1WXoeoJdodw0iHgtM0+zZ8meJIJPz7OeHOB2EZyZVycb3kHc9nsqqiOWcoSV3wFRTqODm2SdHeblwGwrNAPTzcP2zyofOc+IBNv+B8lx/1qaRLqjendbJEVUM7Qbumb1FeqBptomOTjWuNw9vmTz46v2N0j0pqmz10yzeDeLSvq3sfSf6avuWdhGVfQUyarkAY3NgNnnuaL3mlrwDBCAGZoMve0kTg7Bxa4S7kyA5bdTH05tpHGY/hX6qvS+AcHdQj9kUc/fNkoJcdL5J7nsYI6ojzoP6+7BPfD9Hr6lS0izzzc8Fx+Varg1o6vmiNJj9kcBUZi5nDM1yYTnT52gLsP6dCUYFXx0jpQWCvmcWb1oHFA/8PiNEfQ4r0ATtu6GT+DBqQMGverq2hrOeV42PtdM3Mn4TY4nXR9/jFE0AeTtUiiI8J0snuk+q8iEx9rRePfJSNWHUHWDGSn0UjANQW/L0Qwm0Ej3OZb1cN4CTWLcZhRjvquQCj1kQaK4282MQa7E8L+0mAXzyr9nmrUIZrky4TQs0kUXJNiEQ57ERhHv9tkyAPZtL/C6qfoTxunvga/f5X7SlYjb0ebf/lbNE0Zw5AaYURmq+6r+YQNu6++zR4wQm1OxX3jLGu0qjE8jNaiwKW8rR2kUk4oxVpEC0rwvQ0jQB1soCmcY=&u=U2FsdGVkX1/tZdyt4W4SrIAi9Umrxs5efV0ks+LQQzQ=&y=U2FsdGVkX18wn8g/VCfkWoMn9ERPuEYpfGTn7eICfwOx/QerKevcGbRKaGj5vGzP HTTP/1.1" 200 2711
181.58.186.188 - - [13/Jul/2022:12:02:43 -0500] "GET /kwssiamovil/sm/des/acme/s?s=U2FsdGVkX1832UjUiQfzQrppYYxrtVbf9TU6dD7kkzyKyuD/nU9JjuhNpXGSLcBhkve/HW7iVOope1hurm/Em9BJzcH2oFNI61+tdIaQ8+AnjeuuNgiRj6uNhd/ysB2ktPrfcyFEChbtnDBYYGmmIw==&u=U2FsdGVkX1/tZdyt4W4SrIAi9Umrxs5efV0ks+LQQzQ=&y=U2FsdGVkX18wn8g/VCfkWoMn9ERPuEYpfGTn7eICfwOx/QerKevcGbRKaGj5vGzP HTTP/1.1" 200 92
181.58.186.188 - - [13/Jul/2022:12:02:43 -0500] "GET /kwssiamovil/sm/des/acme/s?s=U2FsdGVkX1+tiYiNPLiU/pY7SR9IZiwc2MACcGd0TCkdimbhf7fk5BjNll87Z0iAUoZJTyqNQx3eriQWxsSFr7nJs3p2IDeBzPuFdjblHgYQYsYzJ8FrdhhxL3ajTekHFrAUVYXwlPJGawjqSgljWQ==&u=U2FsdGVkX1/tZdyt4W4SrIAi9Umrxs5efV0ks+LQQzQ=&y=U2FsdGVkX18wn8g/VCfkWoMn9ERPuEYpfGTn7eICfwOx/QerKevcGbRKaGj5vGzP HTTP/1.1" 200 92
181.58.186.188 - - [13/Jul/2022:12:02:43 -0500] "GET /kwssiamovil/sm/des/acme/s?s=U2FsdGVkX19pfvF36BK5jnQC3RRx408fj2uxg4IQ32zK1jLCfVv54b292xwev1P7Us8gFSmA+sJRznj3IkTssdlCeDiRqDubjRrs7qduKUYpIGyWp6RpCC/BgIIrLfJEuEMmJfR7o/vzXMCVIaCbTw==&u=U2FsdGVkX1/tZdyt4W4SrIAi9Umrxs5efV0ks+LQQzQ=&y=U2FsdGVkX18wn8g/VCfkWoMn9ERPuEYpfGTn7eICfwOx/QerKevcGbRKaGj5vGzP HTTP/1.1" 200 92
181.58.186.188 - - [13/Jul/2022:12:02:43 -0500] "GET /kwssiamovil/sm/des/acme/s?s=U2FsdGVkX1/YCV+hvv3eIBKEZqugVeeDrdHhHJFZnV16Qi7gnd8LiafX0lyKEqeiVJ+MVrrv0KRxLzSJwMTnSe5vL8H8dMeI7LnuoXrAylVF9GwScIKS784m/XKCOsl4rM3k0ZokO8t/qawZSroLoS634Lh+P/o4U+VdW43kSGIOfl9yGEQIgCgWLcE80WbYDiPpccqwQoD6VIVuhPq2LU5+wyGeXvneRg9mK4u7EYYK5DCX72LEAqqoIxUkyB8/kuBhcgktZ20nxHTKhjPUO/6dH+lc56lOWczSYGgZd1c=&u=U2FsdGVkX1/tZdyt4W4SrIAi9Umrxs5efV0ks+LQQzQ=&y=U2FsdGVkX18wn8g/VCfkWoMn9ERPuEYpfGTn7eICfwOx/QerKevcGbRKaGj5vGzP HTTP/1.1" 200 393
181.58.186.188 - - [13/Jul/2022:12:02:43 -0500] "GET /kwssiamovil/sm/des/cjson/pre?f=17&x=U2FsdGVkX1/LU2N8JT+sSZEnp1yvfL0SRd5QBHC3ZU+wPWHmJ9oRwGglmh28zlQT HTTP/1.1" 200 9591
181.58.186.188 - - [13/Jul/2022:12:02:43 -0500] "GET /kwssiamovil/sm/des/cjson/pre?f=9&x=U2FsdGVkX1/LU2N8JT+sSZEnp1yvfL0SRd5QBHC3ZU+wPWHmJ9oRwGglmh28zlQT HTTP/1.1" 200 25128
181.63.220.121 - - [13/Jul/2022:12:02:46 -0500] "GET /BLA/resoluciones/RESOLUCIONES%202009/5877.pdf HTTP/1.1" 200 519843
181.63.220.121 - - [13/Jul/2022:12:02:47 -0500] "GET /BLA/resoluciones/RESOLUCIONES%202009/5878.pdf HTTP/1.1" 200 481699
181.63.220.121 - - [13/Jul/2022:12:02:48 -0500] "GET /BLA/resoluciones/RESOLUCIONES%202009/5879.pdf HTTP/1.1" 200 493565
201.244.245.139 - - [13/Jul/2022:12:02:47 -0500] "POST /sipsepre/faces/presentacion/financiero/solicitudProyectoActividad/asociarProyectoSolicitud.xhtml HTTP/1.1" 200 6632
181.63.220.121 - - [13/Jul/2022:12:02:49 -0500] "GET /BLA/resoluciones/RESOLUCIONES%202009/5880.pdf HTTP/1.1" 200 496207
181.63.220.121 - - [13/Jul/2022:12:02:50 -0500] "GET /BLA/resoluciones/RESOLUCIONES%202009/5881.pdf HTTP/1.1" 200 478819
181.63.220.121 - - [13/Jul/2022:12:02:51 -0500] "GET /BLA/resoluciones/RESOLUCIONES%202009/5882.pdf HTTP/1.1" 200 492527
181.58.186.188 - - [13/Jul/2022:12:02:43 -0500] "GET /kwssiamovil/sm/des/cjson/pre?f=3&x=U2FsdGVkX1/LU2N8JT+sSZEnp1yvfL0SRd5QBHC3ZU+wPWHmJ9oRwGglmh28zlQT HTTP/1.1" 200 94838
