216.245.221.92 - - [13/Jul/2022:11:47:28 -0500] "HEAD / HTTP/1.1" 200 -
201.245.192.253 - - [13/Jul/2022:11:47:36 -0500] "POST /kwsrmcab/Wsrmcab  HTTP/1.1" 200 45708
172.22.2.4 - - [13/Jul/2022:11:48:20 -0500] "GET /BLA/boletinlegal/actos.php HTTP/1.1" 200 9559
186.102.38.166 - - [13/Jul/2022:11:48:28 -0500] "OPTIONS /kwssiamovil/sm/setfile/f? HTTP/1.1" 200 13
186.102.38.166 - - [13/Jul/2022:11:48:28 -0500] "POST /kwssiamovil/sm/setfile/f? HTTP/1.1" 200 381
186.102.38.166 - - [13/Jul/2022:11:48:33 -0500] "OPTIONS /kwssiamovil/sm/setfile/f? HTTP/1.1" 200 13
186.102.38.166 - - [13/Jul/2022:11:48:34 -0500] "POST /kwssiamovil/sm/setfile/f? HTTP/1.1" 200 381
186.102.38.166 - - [13/Jul/2022:11:48:40 -0500] "OPTIONS /kwssiamovil/sm/setfile/f? HTTP/1.1" 200 13
186.102.38.166 - - [13/Jul/2022:11:48:40 -0500] "POST /kwssiamovil/sm/setfile/f? HTTP/1.1" 200 381
186.102.38.166 - - [13/Jul/2022:11:48:45 -0500] "OPTIONS /kwssiamovil/sm/setfile/f? HTTP/1.1" 200 13
186.102.38.166 - - [13/Jul/2022:11:48:45 -0500] "POST /kwssiamovil/sm/setfile/f? HTTP/1.1" 200 381
172.22.2.4 - - [13/Jul/2022:11:48:52 -0500] "GET /BLA/boletinlegal/consulta_actos.php?tipo=autos&no=0390&usuario=&sector=&fecha=2016&resuelve= HTTP/1.1" 200 1359
172.22.2.4 - - [13/Jul/2022:11:47:40 -0500] "GET /BLA/boletinlegal/ HTTP/1.1" 200 45003
186.30.153.236 - - [13/Jul/2022:11:48:54 -0500] "GET /BLA/resoluciones/AUTOS%202016/0390.pdf HTTP/1.1" 200 775503
181.58.186.188 - - [13/Jul/2022:11:49:04 -0500] "GET /kwssiamovil/sm/des/ldap/au?x=U2FsdGVkX19sg8LPu+EpZf1H+b+ahz398vnTVo3NVIvJA5StfGUC7ao9DWr8Lxxg&y=U2FsdGVkX1/Yg5HNiDc502NsMNnhWyanB1bCKWRpBoFaJQ1cfaN/pDePBVOpelmZ HTTP/1.1" 200 30
181.58.186.188 - - [13/Jul/2022:11:49:04 -0500] "GET /kwssiamovil/sm/des/acme/s?s=U2FsdGVkX18TNfpWbC2abQnT31zIH0OSTBFTkrDRns3zxnep6bK30ID6BhUVlZIIRivxiojG8vVJabEx143yfnFndm5w1R4j/RKw7bmXYQM=&u=U2FsdGVkX1+3VYon3fEXKIZKlNmDE0y5RPes584mB1E=&y=U2FsdGVkX1/Yg5HNiDc502NsMNnhWyanB1bCKWRpBoFaJQ1cfaN/pDePBVOpelmZ HTTP/1.1" 200 97
181.58.186.188 - - [13/Jul/2022:11:49:04 -0500] "GET /kwssiamovil/sm/des/acme/s?s=U2FsdGVkX1/Ed/g/IQ0EcGRsBSNvseMQgice2D56ONd2idFHvdMkJTLjZUNTo7STY3LTXAZPL0A5SUBbFJp61w1cLWXw1yheQrMdJoV67HBjwioE+jbrf6UCxSlZaFH+kkLHagh+9BgCDs6plGgBBAb1G8hSvlxtgCeBXWs0OEp9glZ+lNNHbd1yGCT0ugcMlnZ/MrfwwouG8/dzbO0tHtGFsIUH23dSVVdYgFpKKjEIKX1QmsDHha2D0m/cmRr+d7vHi76VdS4N2NgrS+AY5vlpt6Blh0OJ5rXCZ/ZuqygOUiDpwWL5X+9G2so6A0vhGFsi4dmXyrCQ0xtlbFccQ3jJ6woaTHo1maZriQRkLHFqifkypfdg7KQF2BUzRF1ptY4CKCgpMqadF8q1LhmPORcXs5nYYom5ue4IRyp/rBy/vyWWCapmTYum8B//q+T7hZX9QsSNkciPwMPVqK30ub+PKHZ34sCF0DqHRXmRB/HgP4NlzeAEglPDS8XVlKsAak6RHywN90NjcFhE7t4GcKIQg0jsyI1IyOLzDP0MQ70brFnzewNQOmpG4eFJtX+1o0PLaUYmgslY9FIZfWZmnlnl+teLg/4ZZteW7kaqrCudoPIQfqsPtdky1y7btaNWFR9ZVuysQ6ZPXfQJRf77OVWQmey5vW0EadOX2SGYhGpltpPwuDCRSPdprA4u6Ts5blr01HZYo7U4MNtH10Losdg6ShCH1rlJDnCtFOWX1gQX9wk9s09tq7zwv15Frt3TxxjZM3P05PXRbtEx0/4qvh9BnENjzHsmvxWA/aJaBns9NBqZjwpfLYfE022T+yiJxPKbPpqd0isWrmPiy4ppJrUvkRt8LXd006nO0OCvCvlvVPGHdw/ThtqYInxx5hRg+SOP/GyVyMHDFlrk4Qz9kJBN0kyZ67Lqou3P6qSOWF0+K35GIEanFOMa+C0ySsr3bDhfYD0SByipvbnfyu2E9cwTBMgyad5oHSowf30pWDFFk+dtGvX2HWPFfmfyxsDApTluwemF+nvR2L51Tuw7/n5h0ok2RqcPIZ+Wqj5FTweCJtdJkBA88x3C+O+OP6KqoLkv5W+3rKQdW04BLEcDhehfe/BPNMpXsmTFbrb4sa1ZdrDzoOuaxxWhGeTwy1WD3Ak7QaxHDMuCJA5kkrGidPsNq5IqxS9fnyBWfP+GI0DRB33t9ZoirYF/maX+AaRG86up26e4RQ5Jelz/KeLxS95lVqAvjtNcRM+lGwr5eDLFKHjQvtV1/NKt3BCUO/DYaacemTRm5CSBQ6nYHnBSdGkk6fHfYXnrDlioGUg2WQX2A1apcmlZ+ukVkzmBNFXSawyzo6Kt/ad2wQaZ97gtd4/ZVgDN5VjPMkmnV7jhLGI=&u=U2FsdGVkX1+3VYon3fEXKIZKlNmDE0y5RPes584mB1E=&y=U2FsdGVkX1/Yg5HNiDc502NsMNnhWyanB1bCKWRpBoFaJQ1cfaN/pDePBVOpelmZ HTTP/1.1" 200 2569
181.58.186.188 - - [13/Jul/2022:11:49:04 -0500] "GET /kwssiamovil/sm/des/acme/s?s=U2FsdGVkX19cBE/01mobbVszC1ns8IOwKjtOzo3h1CSXaYcspPRHjWreiOP6Z9mSoz9JXYKb28/cZsHWMBjzsT+rlAEfo01CHX1XKvyHyjJtJb+evbUvoC1QXvgOJ0PuLL66FLI/ZtTe94AiXQYZ/Q==&u=U2FsdGVkX1+3VYon3fEXKIZKlNmDE0y5RPes584mB1E=&y=U2FsdGVkX1/Yg5HNiDc502NsMNnhWyanB1bCKWRpBoFaJQ1cfaN/pDePBVOpelmZ HTTP/1.1" 200 92
181.58.186.188 - - [13/Jul/2022:11:49:04 -0500] "GET /kwssiamovil/sm/des/acme/s?s=U2FsdGVkX19KL2Sed0X2dnUbmCRCs5csLbnr4yLAAQLOJSZ9xYyT4hj+8pzjRcjVl/wMVNY7VdvTGbmOI64oxOlFfNQXSuffTnbg1ZUjKSH3nzEgtIL3b7l1/L5KC4l/Cb/vjvFIt73MoWnHOQbkKA==&u=U2FsdGVkX1+3VYon3fEXKIZKlNmDE0y5RPes584mB1E=&y=U2FsdGVkX1/Yg5HNiDc502NsMNnhWyanB1bCKWRpBoFaJQ1cfaN/pDePBVOpelmZ HTTP/1.1" 200 92
181.58.186.188 - - [13/Jul/2022:11:49:04 -0500] "GET /kwssiamovil/sm/des/acme/s?s=U2FsdGVkX182BusvkTklIftHc6feZO0Y+3TkKncpIbGMIBbE8TJ3T2BP1CWPMJSZZIew9IaIEjYdvh9WadSVGMtK+AabfGiuA9PoEux0+/0hpIEZSklwuI+asWZjc6euGYJ2hxS3PNHVZmp+jRaTBB7FbvNcvqMBcMiFkM/ZbCNEgG7k8zm/qF0d4FFBjFw4DNPQWp4a8gXdbEkS1q8YUg==&u=U2FsdGVkX1+3VYon3fEXKIZKlNmDE0y5RPes584mB1E=&y=U2FsdGVkX1/Yg5HNiDc502NsMNnhWyanB1bCKWRpBoFaJQ1cfaN/pDePBVOpelmZ HTTP/1.1" 200 96060
181.58.186.188 - - [13/Jul/2022:11:49:04 -0500] "GET /kwssiamovil/sm/des/acme/s?s=U2FsdGVkX197O369rHkRu0uO4O9rFG9Slj7S6G70agp7IOuNz46qHHkcewu6ueCqG4ifEUoy6r24oxTPboJX/mQKIOTcpYxEE3DnQZeoRxd+cJiRGvW+fM7nvCoL57oMAiY1kiW2kRlK8Sh82TyQpaojZSgnbNVc8yC372WXszX2A4osAw7I5uGDmFWcYpFn+QcqVtov2lw2ERENQlOr2A==&u=U2FsdGVkX1+3VYon3fEXKIZKlNmDE0y5RPes584mB1E=&y=U2FsdGVkX1/Yg5HNiDc502NsMNnhWyanB1bCKWRpBoFaJQ1cfaN/pDePBVOpelmZ HTTP/1.1" 200 96060
181.58.186.188 - - [13/Jul/2022:11:49:04 -0500] "GET /kwssiamovil/sm/des/acme/s?s=U2FsdGVkX1+sB7ElIpj2RCBPmZencfB6KeN+B+h4Kysje1LGNDA3VQ4gcw6jYHpqmsUt28MKZM2k/YcjlkjcGwm1WV3dkT0gzIftEuGEclMH7nVKgGEjOjJnLC4WKCy4EWiv1OYos0zWfIytABiqX3vhnwltj6YO9dTNpNSsPwe2ZXqVb3JA0nRx5uAbFo1G7BvLjwn1hKQfj6HJEuqVkA==&u=U2FsdGVkX1+3VYon3fEXKIZKlNmDE0y5RPes584mB1E=&y=U2FsdGVkX1/Yg5HNiDc502NsMNnhWyanB1bCKWRpBoFaJQ1cfaN/pDePBVOpelmZ HTTP/1.1" 200 96060
181.58.186.188 - - [13/Jul/2022:11:49:05 -0500] "GET /kwssiamovil/sm/des/acme/s?s=U2FsdGVkX18da/0DYALbV8M6bl4ph4HpwWIDhDZQTyBc6zlEK6t7MDTb7Br+X/xwKVlv/8nHuDwLmulxkeYfrm9pcQqaalp0Rz1Pzml6gOiRH2ErM7YHmcwzVQj/DkMK29aX56dwGelyczQmfLGALROwIwUAxKOEkjCPYbjmgAg3LVb5C/9ggJYFbF+rucMLFfKTIxp+aTvDHEpl0O1HBg==&u=U2FsdGVkX1+3VYon3fEXKIZKlNmDE0y5RPes584mB1E=&y=U2FsdGVkX1/Yg5HNiDc502NsMNnhWyanB1bCKWRpBoFaJQ1cfaN/pDePBVOpelmZ HTTP/1.1" 200 96060
181.58.186.188 - - [13/Jul/2022:11:49:05 -0500] "GET /kwssiamovil/sm/des/acme/s?s=U2FsdGVkX1/P/X8n2Wxupm3zRyTMaPwlSwNlVM4rl/q1s7QF0AdXsRxDa9NNX58YpUfBKyNVj2vB/humJx73NlWLKqcSQ8WY4WaDL/6jZdLXBbqcHtXyTzArvgXjqfYrj+faAuQY/ipjMbZWHQZCJFnHM3caK5olCACPgfgaATYdUNqE+yJH3goZo8UwJB1iKEwgntlSwAbVn4kq3AORww==&u=U2FsdGVkX1+3VYon3fEXKIZKlNmDE0y5RPes584mB1E=&y=U2FsdGVkX1/Yg5HNiDc502NsMNnhWyanB1bCKWRpBoFaJQ1cfaN/pDePBVOpelmZ HTTP/1.1" 200 96060
186.102.38.166 - - [13/Jul/2022:11:49:05 -0500] "GET /kwssiamovil/sm/acme/a?s=U2FsdGVkX18sCM+qYzSqA9Q52EMqKzklH5oEELixnxpC+ase0XKvbRuqSY9I8VcecD4vw0ZHYGt3OEtWjv6RVdkpA6t0v8G5lva1QDS/Qf3tmXWX0FvILYsK1alsmsAz2Hhu3jd/CdiMrHKClIRY2SXDKJRVZUFIXKXR8Dq1mr7DL0s2e3l1m/42JSk2F/5wDf4Koez+1q4Pqlo0g9x6JjKAz03GEdvKbYy6SYtJAASoJIqYKkCWdLK6IIXkwFp8zi/+I1kY62RifKH/rcWbEg==&u=U2FsdGVkX1+K/1SzsJodcpdibUu8k1b4AKcK6008raY=&y=U2FsdGVkX1+lRW+K2QCxC1iyrRNtLmikeKjdSA6LxVw= HTTP/1.1" 200 25
181.58.186.188 - - [13/Jul/2022:11:49:05 -0500] "GET /kwssiamovil/sm/des/acme/s?s=U2FsdGVkX18tcaboebZoLqdZgRo6IMXWCtnnKk1bXnAd+/fm6HluqMccOF91IJ+bojwjQW7XYvnNTjGDyqZjRThZaPZmhI/ht96eH9KIKYTctNRS1/IshqXOrQJ08CeDGsqLUvJVr8sCkTqkR/U9O4ElBaa28R+xRBG7Og/wXRHr1/55AmQfu8QPf1uDe1VMRhjs0IZb111C5vfd7RJnsuHIkBJy6nTvnmlatXEaVtardNduBBP4n4hXCqc72qtWEeXjM3F28oTmiNdR+N6UyEfDJGB4aPoNSr/8XZW3ECY=&u=U2FsdGVkX1+3VYon3fEXKIZKlNmDE0y5RPes584mB1E=&y=U2FsdGVkX1/Yg5HNiDc502NsMNnhWyanB1bCKWRpBoFaJQ1cfaN/pDePBVOpelmZ HTTP/1.1" 200 498
186.102.38.166 - - [13/Jul/2022:11:49:05 -0500] "GET /kwssiamovil/sm/acme/a?s=U2FsdGVkX19fyq4JGnRCBiCR7YBzlozy2uqMzGPfzDpcViggV1gfFK/svBY46S0PfYEvD+AeqNer6SIQy8LvRbRxM0EIK2P+mHCn2DQsyyAAgBy4b/FFbscnf/vhuuzZmRvkcdx7xNKBtsWcm6N8Vw3ayC3YqzYy6JDtULofM+UOC2E4oTj+9sGJp3nIaf2Pyxv/VILCPWGRGcd6fwaUeu585AS9xHNnsroGUJicBI/CUpFu0YHkXdwVX+3CGBx6nlKPPB8KSbKvY5vtGJFWKZJTDT3pHEv5PnWEaXhsu3lpMeStLlEOBULv3oWbxBq5qIx8SzGqt6AUf6ZXEWqIVZoFDxZAL8WqpvhvnykOC20aKbN4v2zIz6CANSL+eI1mt32SlmeA7EI00dOINzugcyzVXTx5q6i26p36UZqGifqI2ha7Us9yKZ9K5k/jdJ2e90KGVekYdKWnYB9Igm2nw9OEcaOx/Dt5V6sgWrbd2ehBc5DCs9VFuQJbe6Mh1FkWPDXzuwKvpWSPdrj57kb7n2xLTl/9wxS5wRaxjqU4Xy69OAvcN7TkLSn1gZX+f+PjsbIuWjIvUobsHXFwNNSmiginwJT2hMkUpMn6ZrlO5N4ZTLVer+4SblmpKSUTqWbRiUDzXWoSSJSdkI59r2Ak7W0IZ+9F8adKUrfJEtAhp21xw+FKAQMk9S+0SLTTD4g1BvmHntIRV66JqYRP2Y5ZK7zDk9rrBMpwVjuGu81UTfUQ0eQkwTAgcWBOFB9k0ThAnm1AlJJTXNo41dTmyMY16CdNWWvBnQ7aVwBtBbjLF1xOh85/C5OryPhRgjExlycCsMzXEdOES1eEBHmXJ9EHGiaxLAGMYze8JuSu2IHJ9j6cgFGZJHf+CkCzZEqthOfH4CnfKXrQfDPb6qW0gh3MPuFT550rPTdvVnKIPsOkUBQdzhKwZLmsbY6rkCEnqjFa2erqrMm/314nyQDX+mwFGa1Ba7+lYSV+6TeZzXbHbKrlFBJ9aWDG+JAeYdgMe9bAW1Z8ezJFq8KkAJYnkuaLMnKZN6st0J00bPdGO3GgXjGgQDlweUWMtPoxHuiDj0mToybDkWv0OwuxOHv7OPDl83KsYyUExNxcFkKp3z0UOUEnJB9gkMD7SqTM03Uq6ljDujhT1J7PAPOu4u89joE/H6U5r6TEzPHjOBaAlW56pWjmjjws+Q1e2ieBK/GFN0jmTUFBjZULaE4ZCSyBoWkYKZ+9g2SZJ4mhCwiFXBM5eJVH0RVo1LPJ0XXv2NinwbeoQkHInQ0qEII8lhG1MLggDh2gLAam+3RO/+Pw02eEb7kFP2XvylrE4Jdg0Bg7Q/xX3+waK0IjA4GnPtb6EWWW/XExaso1FX1c7uW+nDzcPDiv415AOncmHzpXWff2s4h7mrlVgs3PIF5ZvcJzJpLHyeexT0Qk7bKMVXIv84vZnFON7eeGb8UChdZ1jOfYXAhyTj+O8zjhn5ekzY/oDKQmCVC4WBKi6HWIPoeGmsi8VpnWawRaxU9rf3c6Gfq81UJiU65OsVbBtk00ObMrN1op6qFG+2EZECT/Xb0EjqGKOUtE/3DWw4RuhLJl8x1Oz7ox7FGd9veVRznmJIqXSLcGfV7kjRIAUjNtzKcTuV27mxPqjOBCJu5yOSaq/6Es7z8Ro+xji4iTsc04LzrJ7H0lyJ5Zb6USpEFEzZSNwOCQZw7waPRATIxCZgKiXuRRKl++9DWegGkvBAHRBoG6JWQwrVATC3ftKJN0C/G2rKSu6FMWwbAe25mufgD0V2Qkku6wXvRbh44Sf9AZtDP5gS/TMp9E8LwXB8Rk95+UVlo4hr5j9S85FVzdMAH2ny93WYpufhrvTkq9rfUWsXKKvixfxkynwPFmRYjEoGPjtsa+U4f0aExkkCXpK+qJNvuH1UZGR81DqwRLMFe6UClnecGGo8IkTcBdGSQX0c3BTw6y47um73ek67i0CSHN6sCroc7T&u=U2FsdGVkX1+K/1SzsJodcpdibUu8k1b4AKcK6008raY=&y=U2FsdGVkX1+lRW+K2QCxC1iyrRNtLmikeKjdSA6LxVw= HTTP/1.1" 200 25
186.102.38.166 - - [13/Jul/2022:11:49:06 -0500] "GET /kwssiamovil/sm/acme/a?s=U2FsdGVkX1+buGrlImgILKjWS6t1Spe9oETawTDiS8uf6/hWFZx4Nx0hqJu6/QJKAlpRnWyjXkrbHBzuwZFBW3Fi91QH4yDnKnCJFkB1obZy2lSxKwyVyYYC71BMl+Zs8VL2oDc8n71W5BIQDa8M81HW0vZnE8iiG6x4gqwNfPA=&u=U2FsdGVkX1+K/1SzsJodcpdibUu8k1b4AKcK6008raY=&y=U2FsdGVkX1+lRW+K2QCxC1iyrRNtLmikeKjdSA6LxVw= HTTP/1.1" 200 25
186.102.38.166 - - [13/Jul/2022:11:49:06 -0500] "GET /kwssiamovil/sm/acme/a?s=U2FsdGVkX1/R51+9lLq6nW9tV59WiT0tZOYxCn6d9jyePFZjCJxZQ+JHgvM5xNKi/dEp6WqSuqFoWJB+0b5neosFAS5NGJwX1smKPTGM3KeEQyiW0sMO/XwPHxGeC13ZjS1j7w8XuziReIhkOsxnbfDUgsJ2wkrm2cey/LXUMek=&u=U2FsdGVkX1+K/1SzsJodcpdibUu8k1b4AKcK6008raY=&y=U2FsdGVkX1+lRW+K2QCxC1iyrRNtLmikeKjdSA6LxVw= HTTP/1.1" 200 25
181.58.186.188 - - [13/Jul/2022:11:49:05 -0500] "GET /kwssiamovil/sm/des/cjson/pre?f=17&x=U2FsdGVkX19sg8LPu+EpZf1H+b+ahz398vnTVo3NVIvJA5StfGUC7ao9DWr8Lxxg HTTP/1.1" 200 9591
186.102.38.166 - - [13/Jul/2022:11:49:06 -0500] "GET /kwssiamovil/sm/acme/a?s=U2FsdGVkX18kStGaax2OrIBxJW9fYbEj+vwHCpzvhKjG4UxkCSK1OlD4psvhDQJjS5c0LRdkBKaBZZJvSxSF0L9dNQqKtnwa82P9H54U4RP3yxoCdy07+sBgCnl8OrU8zAyK5/5Aaf8cwy7w0tGHVuVb4sLTObJWI5jZUWR4k4U=&u=U2FsdGVkX1+K/1SzsJodcpdibUu8k1b4AKcK6008raY=&y=U2FsdGVkX1+lRW+K2QCxC1iyrRNtLmikeKjdSA6LxVw= HTTP/1.1" 200 25
186.102.38.166 - - [13/Jul/2022:11:49:06 -0500] "GET /kwssiamovil/sm/acme/a?s=U2FsdGVkX19IHwB9Ix3VJmPe4smjKgi7UvI/4makzjMbS9qu4YkbrmG5++ZRmCucnnOAJI2sKDbVVO5evgWKs3m5K49Da0E+gAQyMd8Dvv03A6Z3ASJKcr6ZxPjswKIQWL2jme5aRqCbLDqoedIm/siaKJ5fWRkEZGjhPAOeB6/OehfcT8m/sVE8P0z1TXcu&u=U2FsdGVkX1+K/1SzsJodcpdibUu8k1b4AKcK6008raY=&y=U2FsdGVkX1+lRW+K2QCxC1iyrRNtLmikeKjdSA6LxVw= HTTP/1.1" 200 25
186.102.38.166 - - [13/Jul/2022:11:49:07 -0500] "GET /kwssiamovil/sm/acme/a?s=U2FsdGVkX19cayzDqxxx80zaObh5Ti40ioky8rBQGe58iTxyDhzvwbQ5zgKFlQkYILjh+NEPfQFoQhoW/6VMY0jiHho+hkRtIJLCz6FNUAfH5H+/7l2jmJrDk8gMaNGQqaw8HoALv8knlHGgWNWvAKxgtUwgx4djV8coOgzfDov8s6FQSBHTBIN4b/ZrqM4N3di74ofTv0ZIlUyhI+U0W/ETSsTzcrJ6Nx3AOxIAunY=&u=U2FsdGVkX1+K/1SzsJodcpdibUu8k1b4AKcK6008raY=&y=U2FsdGVkX1+lRW+K2QCxC1iyrRNtLmikeKjdSA6LxVw= HTTP/1.1" 200 25
186.102.38.166 - - [13/Jul/2022:11:49:07 -0500] "GET /kwssiamovil/sm/acme/a?s=U2FsdGVkX18xEmkZ+YelB/2Hi/vzq5cX/N5IU0smw5HyZGAA3tCbRMgAQNxa3RXAN6xnM5pF1SaMHImkEZNpvuXEdP6yjwBkthk8XAFDgunMaWep7IuKfHgYFJHUekoBL+KlqtfoH9IZ6lZA90j75xpgP2cjwWGp6aYtCth0P3Nqw8DzLg5fEBhvcL5h8/886eeyybd8ypTGFS0QY9i3SIma2iaf0s70LEr6Xj9rEGzn/mOOiJgSdDg5RQoNk0fKE94ZvotgPnz27TDhaGNmuYgrSzXQdp7G+glrd0y/gyevoISg3Ua5XBvqU1FXj0yMjFC6vMiuIQNGTQIo3foAw+KG7e9/ieyKK/CkgRfCBKuYbxLwRLxTEnvCzYHrkgt7zYM13ipgBpKU7+QOtTN1l0cP2lwMW126WwNDI9/eTmXx2i3tkHMgLst2iJLcJPs3dVPsyIGO5ld77XCASXb1W/qoeTjoX/NLqTy7tKEdNEDJ2VuYhV1iVtIpcP01vnoO0i1O1bXQs+YJQWvUNFp+7YjtrVZrGFiRhDIzQKAxkMCTbo2zP0bD15KBeYtDo2yEQuyfHb0jJbJWqA+YtSASZQ==&u=U2FsdGVkX1+K/1SzsJodcpdibUu8k1b4AKcK6008raY=&y=U2FsdGVkX1+lRW+K2QCxC1iyrRNtLmikeKjdSA6LxVw= HTTP/1.1" 200 25
186.102.38.166 - - [13/Jul/2022:11:49:07 -0500] "GET /kwssiamovil/sm/acme/a?s=U2FsdGVkX19ayCNMBIPwuZP9l0vtZHImdfAxuEJfn1w5LS2Wj//bbV18plv3Mc/N5nu41Or5PdfNv3j9UcOLFgTJW9Djg4XmuM8E8ukIpRt6JxCjw8qJV6r3tPHnWZCqes16m13fcKblMMpWoWyB/siVTqRgHv/Yks7Yl7iua0MaMAfxrqWUUXnEIMSVr0MbwspapyqHN5vfFdCYOrl6Vw==&u=U2FsdGVkX1+K/1SzsJodcpdibUu8k1b4AKcK6008raY=&y=U2FsdGVkX1+lRW+K2QCxC1iyrRNtLmikeKjdSA6LxVw= HTTP/1.1" 200 25
181.58.186.188 - - [13/Jul/2022:11:49:05 -0500] "GET /kwssiamovil/sm/des/cjson/pre?f=9&x=U2FsdGVkX19sg8LPu+EpZf1H+b+ahz398vnTVo3NVIvJA5StfGUC7ao9DWr8Lxxg HTTP/1.1" 200 25128
186.102.38.166 - - [13/Jul/2022:11:49:08 -0500] "GET /kwssiamovil/sm/acme/a?s=U2FsdGVkX189uXcXY5MUuGwmExcqF4Vr5Pis+KcZZiMkB+xvJvsYQL3oydM8VKHGzV5s0+nTF1ivWsMK701Ab/HAI+c3Hjzq+L2cxh4/v/3wbGw1wVPkCHWPdAT73ao1IOWsyu/epj2iY83N6CV8gdijRwT9CU2pzWT3Gyon7Z4jZa4ZCwT0KamqjmB7ZrdYT44Ilu+2Ua1RA9MxBv0nkG5NgrGntvdMXl0kOHei4A8VjKEsElwXXRYpiTbZnF/bvcGWSfDfaZiXRzYzrBeGym3w36JxNw5gVwxoqNl+5X0OT0EPW1SCMYgIeKuaEhDEj6H4vDoT6z9OcBbIroCWmhM4gWqai0jEyegxT4WfiY3TaCyKliDs80ZCWaX/VTixPYiHDAQm5nuy6CV6YEC0YE1+IFSId9nHeFzekaDW1r9msaLaoX8JngaeJJSWgFx6L9QRP8AEwXCdVN3eaNJl/qIt3Yo9gCuaaRb56lcGGazkcbv1Hn+2jB0/8kSNLtqWRKXFLRRphUTiOg8V6pNbyUV2W1tFAKE9vfMnYt3tFGc=&u=U2FsdGVkX1+K/1SzsJodcpdibUu8k1b4AKcK6008raY=&y=U2FsdGVkX1+lRW+K2QCxC1iyrRNtLmikeKjdSA6LxVw= HTTP/1.1" 200 25
186.102.38.166 - - [13/Jul/2022:11:49:08 -0500] "GET /kwssiamovil/sm/acme/a?s=U2FsdGVkX1+oTFw/6L/I1nAvkyMzlFpdgyb637LCwXkk3rbsd58VTWEDK08WAJvaKYt3l5flBAKMU6tecAgQeT3/9PN0R5eWGNWMgl243cqplw80K2wGdpKOm+VXnvyzWwb5mgqumiASitYO0FHstAic6b7HEKqNd+waTZxY3axHT/A5x2zpr4mTM4DTvFot1q4TLFHwxRavVG4OHpiX/T/IpYAUb7dkHF+NYvAK5yo=&u=U2FsdGVkX1+K/1SzsJodcpdibUu8k1b4AKcK6008raY=&y=U2FsdGVkX1+lRW+K2QCxC1iyrRNtLmikeKjdSA6LxVw= HTTP/1.1" 200 25
186.102.38.166 - - [13/Jul/2022:11:49:08 -0500] "GET /kwssiamovil/sm/acme/a?s=U2FsdGVkX188SSC4zDH7YBsmwh+1DKVZ54DS8x1b/Uqz9BaWcT0FjxvdOHWLdoZuvKarOPCPi9sJK35YeurOj5hD0Sie2gLrcFT3mw0VVl/ch85EubrFkGYXseX9BxwOeFN81ZSAg7q1AFzmbWq+WFIdm1fyGaudrFkmfMIMU5mFbmsgLeAk0VFEVMLB5/W4ZVbP7YsQmINsjG4obfA7jg==&u=U2FsdGVkX1+K/1SzsJodcpdibUu8k1b4AKcK6008raY=&y=U2FsdGVkX1+lRW+K2QCxC1iyrRNtLmikeKjdSA6LxVw= HTTP/1.1" 200 25
186.102.38.166 - - [13/Jul/2022:11:49:08 -0500] "GET /kwssiamovil/sm/acme/a?s=U2FsdGVkX1/LV6sOLxOqHJWPQSICHi3enzaj3+TYCrwO3zj+RK+nLzU4+Sq9+y1E9VVuLPR7X78BUPiOYzSJoCnVF30GEm3Q9iuE36S/yjwE6HUkXRAfSy2KPqgapcWfgLEOB1By4QFCRioiNXddIj0cDnb6rG9zHhlbITQGGEJZs5/USK8s+GXrtzA1kx3X9KambiWuXPQUIH7G8ujV1UHTs/L0q1wNyCv9MNHjuNI=&u=U2FsdGVkX1+K/1SzsJodcpdibUu8k1b4AKcK6008raY=&y=U2FsdGVkX1+lRW+K2QCxC1iyrRNtLmikeKjdSA6LxVw= HTTP/1.1" 200 25
186.102.38.166 - - [13/Jul/2022:11:49:08 -0500] "GET /kwssiamovil/sm/acme/a?s=U2FsdGVkX190CxZKb+PZ7rLDBLTF8UK4/FK8hVet4ZsNDVCM7Zu7RPGIN34JII3uGFKSnUkwYNvFkiXDEN9c082QVJxcZPI4xyKlRwdeoLrFABMQLwTE14jXgBHrv3rb5w0VaUq0QLpTl0q4c2FeZ+3WzEGS4sYIXPRtOObTFx4fM44BdujQDaIeuS3QGIT1NGUFykkHZxahd3ZoKFC6CA==&u=U2FsdGVkX1+K/1SzsJodcpdibUu8k1b4AKcK6008raY=&y=U2FsdGVkX1+lRW+K2QCxC1iyrRNtLmikeKjdSA6LxVw= HTTP/1.1" 200 25
181.58.186.188 - - [13/Jul/2022:11:49:05 -0500] "GET /kwssiamovil/sm/des/cjson/pre?f=1&x=U2FsdGVkX19sg8LPu+EpZf1H+b+ahz398vnTVo3NVIvJA5StfGUC7ao9DWr8Lxxg HTTP/1.1" 200 30992
181.58.186.188 - - [13/Jul/2022:11:49:05 -0500] "GET /kwssiamovil/sm/des/cjson/pre?f=3&x=U2FsdGVkX19sg8LPu+EpZf1H+b+ahz398vnTVo3NVIvJA5StfGUC7ao9DWr8Lxxg HTTP/1.1" 200 94838
172.22.2.4 - - [13/Jul/2022:11:48:08 -0500] "HEAD /BLA/boletinlegal/ HTTP/1.1" 200 -
181.58.186.188 - - [13/Jul/2022:11:49:59 -0500] "GET /kwssiamovil/sm/des/acme/a?s=U2FsdGVkX19QuvZ98pyET4NiUzrE2mSl7cczH9PPq4xN+c6DU4xscmvJcwc2GggBQfeO5ppNDX1nVr1qIoH0QO0r8XuVWKHaqfVWIxiy8qjmEoZ2Mc8eySoyyMwmLfRZO2T3CRLZcMRJGohvlg5ui7CceTyCDuSGOZ9FDwzRsxRWnN7gLHS2lv+DsIUNSJgUicKHZEyEXwcG5aOn9uGSslvPNsuEiBiaaMCm5S/U7+ft4cudJgZ0KODnai0DiQcXaK9cy/I6S15kI1u2j3i/5Q==&u=U2FsdGVkX1+3VYon3fEXKIZKlNmDE0y5RPes584mB1E=&y=U2FsdGVkX1/Yg5HNiDc502NsMNnhWyanB1bCKWRpBoFaJQ1cfaN/pDePBVOpelmZ HTTP/1.1" 200 25
181.58.186.188 - - [13/Jul/2022:11:49:59 -0500] "GET /kwssiamovil/sm/des/acme/a?s=U2FsdGVkX1+z/Fm8RvdKG0HAaP5o1F+LPazvj+Q01PbHKCqjVKInuL5C0izGrYmheInUOQGwDcW+LH69fvJ0AqpqcwBssJvgXh9MIBN2Wh6KNmPDfLg4iwCR5n9VMkS9&u=U2FsdGVkX1+3VYon3fEXKIZKlNmDE0y5RPes584mB1E=&y=U2FsdGVkX1/Yg5HNiDc502NsMNnhWyanB1bCKWRpBoFaJQ1cfaN/pDePBVOpelmZ HTTP/1.1" 200 24
181.58.186.188 - - [13/Jul/2022:11:49:59 -0500] "GET /kwssiamovil/sm/des/acme/a?s=U2FsdGVkX18dKAD16Ivudn7Y1jijddAYYbF15zVtJiDnuQM3pHes7uLVd0v2ruTrxrxJDxjrlLg0d/X6/lLjfuQKDwfM3siaCec/xnbSBwwEPfEAuBWVLKZq+NSS1+uQNtfWBAGkDRoBHY84C0X8/dSmUe6pBE6Sfo3qY6hqTEQmtJPeqkRKx+2O7cdchiweedwAsd5uIZsEycobX52nuEdNgWW5T0Y8of7Uc5YBR4tmpMq/ehtYZN+PZLeT/WW0iK6ExjHWsYGp12gMeCdeG/zTFkDTyfKJ2uu5ERKZ+tNKVZ+d1qJv3xr2XdcdxBl5BCluREyoN0AW+CpUmvEDi1XB2AmQFDXlGCC+I7KlRn4=&u=U2FsdGVkX1+3VYon3fEXKIZKlNmDE0y5RPes584mB1E=&y=U2FsdGVkX1/Yg5HNiDc502NsMNnhWyanB1bCKWRpBoFaJQ1cfaN/pDePBVOpelmZ HTTP/1.1" 200 24
186.102.59.66 - - [13/Jul/2022:11:50:16 -0500] "GET /kwssiamovil/sm/ldap/au?x=U2FsdGVkX1/1ooMo/A8dmON4n5Pv5jNqL5RtAiVnHdfkQLn/6qHJoLTrVFj5f3UG&y=U2FsdGVkX18GmbEv8zsw1IynPUOEWdZ0VZDoV4qXtLrDNZdc7Zu2h9WlYL9OIvzI HTTP/1.1" 200 30
186.102.59.66 - - [13/Jul/2022:11:50:16 -0500] "GET /kwssiamovil/sm/acme/s?s=U2FsdGVkX1/AEf7vUt5U4F+Ln7s33Yw8RGIISJOmCU7m9KHaI2a46PPtostXKBLTdZ0nIvyQU9Qiv0l0Ucst5gzGgf1XY4GoJzRltRdNlSc=&u=U2FsdGVkX197T4Gn7DvfvBuRYCBzTxjqys6K9ZqkHhRabVtEgYldzHVV9/qoQ+EC&y=U2FsdGVkX18GmbEv8zsw1IynPUOEWdZ0VZDoV4qXtLrDNZdc7Zu2h9WlYL9OIvzI HTTP/1.1" 200 97
186.102.59.66 - - [13/Jul/2022:11:50:17 -0500] "GET /kwssiamovil/sm/acme/s?s=U2FsdGVkX1+3blufOIP9/qMkVJCqzjeiyuqMVWEV0EYVy6vbJon7jRlV5Zlu2Hp7M81v1Y38uOWLRwBnPZSb++9EH3tddBtIfVT4uyVOQfw62cJxmv/QIh8Cd/QhUGon9VVH9eZAo8vvocANfSN2lT1/FCQR6y2+n5D40OzeUegf+xwHpDw7TyZCqvUfYaVUzpT2cx+TSmBo25VIIHAelv2LixVOAHlzLqSbk74TiOfa413AuWSE0vCG7fV9CMGp2HQPTrUAiN5k6wOmdTY/1XEFvIE9OJ/fUsv102Uii/zX5qZgi+xGHeKc3mw+WNPswOrcKAgbJZr+6sYLvfDPVGSwxjiY7PlRtfXuE5w61Mqk6bCuU2ZV9uRbGxYljB2v7MXhdUgxKWDaG7hapw8debSVcDA0HrXRZdtjGtpUojjefIuqJxGLxW6kmZrhan6O910vLvB00k72LtGHrSR3yi/NuaOyYvuzgb9cKBlyknuGBEgMVe+tnWsCBe3Exu8uts4qde58xOtPLSWQ7R7nZp/GZKalvKwPKcjxOlD0IxE5tH5FDkHN21Ye0Yopz9iVxeEBJYCO+f9J2YloqXvh/juQ4rS1I0L9KxLO6v5A8mAOJtZNv3aotaUIM41f07j3TXdD6SvZsaS3lDFcfvbzRfXdx2gcnOwpicWtnfQqpURiHvLTtyx9N2Gjl4jH227MjafsR+SYGU0hZpqn/kLwLjgSmJtaxNfej5zU3I9MPLBhhN7Hri5fE+Vnm9QJaqVBMxdOZBMqpdyXVWc6ci3N2o4BsdnENUAFTT3okX3gYKHX0lIejQk/MciGmrPg83es3yePovjvmwkoIzvkRWQyoKBnZOyypAnwFepQb3PAeKSWGfP9K5kCGloWnUOwt0mIaDZZHpsxCsoW8QmlWhtbkSnq6i9fcQgnS5pggfmnEHQL7oQr0nAJQAuEiyeos1605pJ6QlQAgj2PxEh1f0Un5HhXDfmT81T1J3Zs2xAh+cLQlLsdenCnbANSQ7ZxeiARW+5u3mpU9la+v6wuearv7aYxRoO+FMr4oA15d7t58MFKk6GMoZlpTD+m8/TKLQ4U6N2y827MnYIWic2QhxfIJua2DV73z8wuOBSWBXL+ypE2VDMNuW3qG2UG4EKXXveVEnHJcjD5NBA9w/fnJD5ZNixaBECgWfr8oy5OSVi2I3yKnQNTsHo7cL4nMY66fl7F6inu2RJLCDXu1gYsgUUGQbfUs80uc2nwQAIjzZA2YYwUtQDq6WxqMXYN4y6hz1XLKt28ZcSIXU9HYynv4ccG+cys+isTajY1T3UF6EzJWB6A/7f8I0UhHUyQsd7eDj8P1IvLOfHj9cqiX/jlPhbYXOdpAe3mGIeY3kKCEyceOLM=&u=U2FsdGVkX197T4Gn7DvfvBuRYCBzTxjqys6K9ZqkHhRabVtEgYldzHVV9/qoQ+EC&y=U2FsdGVkX18GmbEv8zsw1IynPUOEWdZ0VZDoV4qXtLrDNZdc7Zu2h9WlYL9OIvzI HTTP/1.1" 200 9166
186.102.59.66 - - [13/Jul/2022:11:50:17 -0500] "GET /kwssiamovil/sm/acme/s?s=U2FsdGVkX1+7+srN/8AxstHlpLQ7zXkhxqDZVfIiVlw1/bd7Ea1DyMdSKWhW5uzwo6lpp0D+zxnInBAQ0gUb70c1MDIvzLw2/F2YFiEfK/lFWVr7t08idvThyNlj4E72IQxy3w8gq/ODAQ6sYv7lw3s2K3hrLCqNwuMA2wXuQWkc8PikfXJwxCz3sa0V696Jx+7YcoeEl6/mQLje7FaLXztEpkhL6xkeAck3nmyLLNu92rQSKZRuDWfyhz+VHFTEvgkTbnY0UroJ3UD39b4zDwWM/mJCJcISh1Rkp1gTvxI=&u=U2FsdGVkX197T4Gn7DvfvBuRYCBzTxjqys6K9ZqkHhRabVtEgYldzHVV9/qoQ+EC&y=U2FsdGVkX18GmbEv8zsw1IynPUOEWdZ0VZDoV4qXtLrDNZdc7Zu2h9WlYL9OIvzI HTTP/1.1" 200 176
186.102.59.66 - - [13/Jul/2022:11:50:17 -0500] "GET /kwssiamovil/sm/cjson/pre?f=1&x=U2FsdGVkX1/1ooMo/A8dmON4n5Pv5jNqL5RtAiVnHdfkQLn/6qHJoLTrVFj5f3UG HTTP/1.1" 200 30992
201.244.245.139 - - [13/Jul/2022:11:50:20 -0500] "POST /sipsepre/faces/presentacion/financiero/solicitudProceso/listarSolicitudProceso.xhtml HTTP/1.1" 200 57471
201.244.245.139 - - [13/Jul/2022:11:50:20 -0500] "POST /sipsepre/faces/presentacion/financiero/solicitudProceso/listarSolicitudProceso.xhtml HTTP/1.1" 200 57471
201.244.245.139 - - [13/Jul/2022:11:50:23 -0500] "POST /sipsepre/faces/presentacion/financiero/solicitudProceso/listarSolicitudProceso.xhtml HTTP/1.1" 200 57471
201.244.245.139 - - [13/Jul/2022:11:50:24 -0500] "POST /sipsepre/faces/presentacion/financiero/solicitudProceso/listarSolicitudProceso.xhtml HTTP/1.1" 200 57471
201.244.245.139 - - [13/Jul/2022:11:50:24 -0500] "POST /sipsepre/faces/presentacion/financiero/solicitudProceso/listarSolicitudProceso.xhtml HTTP/1.1" 200 57471
201.244.245.139 - - [13/Jul/2022:11:50:24 -0500] "POST /sipsepre/faces/presentacion/financiero/solicitudProceso/listarSolicitudProceso.xhtml HTTP/1.1" 200 57471
201.244.245.139 - - [13/Jul/2022:11:50:25 -0500] "POST /sipsepre/faces/presentacion/financiero/solicitudProceso/listarSolicitudProceso.xhtml HTTP/1.1" 200 1556
201.244.245.139 - - [13/Jul/2022:11:50:25 -0500] "POST /sipsepre/faces/presentacion/financiero/solicitudProceso/listarSolicitudProceso.xhtml HTTP/1.1" 200 1564
201.244.245.139 - - [13/Jul/2022:11:50:25 -0500] "POST /sipsepre/faces/presentacion/financiero/solicitudProceso/listarSolicitudProceso.xhtml HTTP/1.1" 200 1564
201.244.245.139 - - [13/Jul/2022:11:50:25 -0500] "POST /sipsepre/faces/presentacion/financiero/solicitudProceso/listarSolicitudProceso.xhtml HTTP/1.1" 200 1564
201.244.245.139 - - [13/Jul/2022:11:50:25 -0500] "POST /sipsepre/faces/presentacion/financiero/solicitudProceso/listarSolicitudProceso.xhtml HTTP/1.1" 200 1564
201.244.245.139 - - [13/Jul/2022:11:50:25 -0500] "POST /sipsepre/faces/presentacion/financiero/solicitudProceso/listarSolicitudProceso.xhtml HTTP/1.1" 200 1564
172.22.2.4 - - [13/Jul/2022:11:48:58 -0500] "GET /BLA/boletinlegal/ HTTP/1.1" 200 58866
201.244.245.139 - - [13/Jul/2022:11:50:51 -0500] "POST /sipsepre/faces/presentacion/financiero/solicitudProceso/listarSolicitudProceso.xhtml HTTP/1.1" 200 57473
201.244.245.139 - - [13/Jul/2022:11:50:53 -0500] "POST /sipsepre/faces/presentacion/financiero/solicitudProceso/listarSolicitudProceso.xhtml HTTP/1.1" 200 57473
201.244.245.139 - - [13/Jul/2022:11:50:54 -0500] "POST /sipsepre/faces/presentacion/financiero/solicitudProceso/listarSolicitudProceso.xhtml HTTP/1.1" 200 57473
201.244.245.139 - - [13/Jul/2022:11:50:54 -0500] "POST /sipsepre/faces/presentacion/financiero/solicitudProceso/listarSolicitudProceso.xhtml HTTP/1.1" 200 57473
201.244.245.139 - - [13/Jul/2022:11:50:54 -0500] "POST /sipsepre/faces/presentacion/financiero/solicitudProceso/listarSolicitudProceso.xhtml HTTP/1.1" 200 57473
201.244.245.139 - - [13/Jul/2022:11:50:55 -0500] "POST /sipsepre/faces/presentacion/financiero/solicitudProceso/listarSolicitudProceso.xhtml HTTP/1.1" 200 57473
201.244.245.139 - - [13/Jul/2022:11:50:55 -0500] "POST /sipsepre/faces/presentacion/financiero/solicitudProceso/listarSolicitudProceso.xhtml HTTP/1.1" 200 1556
201.244.245.139 - - [13/Jul/2022:11:50:55 -0500] "POST /sipsepre/faces/presentacion/financiero/solicitudProceso/listarSolicitudProceso.xhtml HTTP/1.1" 200 1564
201.244.245.139 - - [13/Jul/2022:11:50:55 -0500] "POST /sipsepre/faces/presentacion/financiero/solicitudProceso/listarSolicitudProceso.xhtml HTTP/1.1" 200 1564
201.244.245.139 - - [13/Jul/2022:11:50:55 -0500] "POST /sipsepre/faces/presentacion/financiero/solicitudProceso/listarSolicitudProceso.xhtml HTTP/1.1" 200 1564
201.244.245.139 - - [13/Jul/2022:11:50:56 -0500] "POST /sipsepre/faces/presentacion/financiero/solicitudProceso/listarSolicitudProceso.xhtml HTTP/1.1" 200 1564
201.244.245.139 - - [13/Jul/2022:11:50:56 -0500] "POST /sipsepre/faces/presentacion/financiero/solicitudProceso/listarSolicitudProceso.xhtml HTTP/1.1" 200 1564
181.58.186.188 - - [13/Jul/2022:11:51:05 -0500] "GET /kwssiamovil/sm/des/acme/a?s=U2FsdGVkX19LGEDuxvWjHfKI80GLiRaflEDmklfyJSA4MEvcS50HVpQYa4cCRGM3ABjKtAgermjA4feEln5bd7oR31jV8qYqnrZSVdUJQVWCAbD6zgJltNhSVLIZmmKD684GC/fqNspEzl8U/jwfV/yK9KupjROzYF36KTOF23tZ4l0dH2EbyfyeQQCYvXae/sF3kXByJ3yyZKX/Bj+DGsDm+L6VF/IMuhq5hr9UCTq/ArusLhIwF0Ub/enwHPfJJD5no1SDDP/yzONYuG3rog==&u=U2FsdGVkX1+3VYon3fEXKIZKlNmDE0y5RPes584mB1E=&y=U2FsdGVkX1/Yg5HNiDc502NsMNnhWyanB1bCKWRpBoFaJQ1cfaN/pDePBVOpelmZ HTTP/1.1" 200 25
201.244.245.139 - - [13/Jul/2022:11:51:05 -0500] "POST /sipsepre/faces/presentacion/financiero/solicitudProceso/listarSolicitudProceso.xhtml HTTP/1.1" 200 61477
201.244.245.139 - - [13/Jul/2022:11:51:05 -0500] "GET /sipsepre/faces/javax.faces.resource/jquery/jquery.js?ln=primefaces&v=4.0 HTTP/1.1" 304 -
201.244.245.139 - - [13/Jul/2022:11:51:05 -0500] "GET /sipsepre/faces/javax.faces.resource/jquery/jquery-plugins.js?ln=primefaces&v=4.0 HTTP/1.1" 304 -
201.244.245.139 - - [13/Jul/2022:11:51:05 -0500] "GET /sipsepre/faces/javax.faces.resource/primefaces.js?ln=primefaces&v=4.0 HTTP/1.1" 304 -
201.244.245.139 - - [13/Jul/2022:11:51:05 -0500] "GET /sipsepre/faces/javax.faces.resource/layout/layout.js?ln=primefaces&v=4.0 HTTP/1.1" 304 -
181.58.186.188 - - [13/Jul/2022:11:51:06 -0500] "GET /kwssiamovil/sm/des/acme/a?s=U2FsdGVkX18I+5vhltGui+AdHaymrJDHejbeJhVlpTTlYlu3cbik9c8Ezu5u+XD21LRsnFgtIkZBhOZ9sWHGQJIkSwER1Mpq5s02RBW1NAduqLfmEgbx0NM2qk/LwVptFN0Bw8iwnLLGgoYDDcma7lZ9xdLY+formJGT0adhWyQ=&u=U2FsdGVkX1+3VYon3fEXKIZKlNmDE0y5RPes584mB1E=&y=U2FsdGVkX1/Yg5HNiDc502NsMNnhWyanB1bCKWRpBoFaJQ1cfaN/pDePBVOpelmZ HTTP/1.1" 200 25
181.58.186.188 - - [13/Jul/2022:11:51:06 -0500] "GET /kwssiamovil/sm/des/acme/a?s=U2FsdGVkX1/E4DusP5T3UTzocH9INpA6fDNmXXYkwqmd/jLZgQfYQenmETksq387l3wQaXQRQ9aovrzcv2hLuPcJ++/S0Z1XY5BZFwu2g0FX4vvX/kDSqsxZGwBfk0g56lz7bBezJflds+w+nvBfynfnF8MLc7Vhau4NbkuGI58h9r4k6eK5vHmC6CNIoJgWLyQEzhAkbrMFsH8OZ87xAERDbmnpnwuzSSB0ye4+BrKhtrgvFq8HhBBJ3OF+TfBj4xtyaBc9DgJdU8Kq4zmHGIok4bocXaB4aHBLDRz7DuCuUlVePOhsflDZv5qw+wWxYl1JM5HnoMEWMftJz+3OCtLMAQnqBqHqZ4vl4YU/ZlzRb94vabC/tEPtQe0/owHaPzAnUy26lbDTTpHnZEt0bS3hjv7mW5OFwk/JaI4jo2piu9+YrYH1TnWMEjtHQmlBeip9prUdcJ2r+QG3XYmoGFWZayGT00MYZW34Wa98IhLnM90cfWHjl79LQqsSHEyDz0qjdcyWd8F3YxsbEzPXsQ==&u=U2FsdGVkX1+3VYon3fEXKIZKlNmDE0y5RPes584mB1E=&y=U2FsdGVkX1/Yg5HNiDc502NsMNnhWyanB1bCKWRpBoFaJQ1cfaN/pDePBVOpelmZ HTTP/1.1" 200 24
181.58.186.188 - - [13/Jul/2022:11:51:06 -0500] "GET /kwssiamovil/sm/des/acme/a?s=U2FsdGVkX1/rqnienv5ozEeur63vMerj0DV7vHCEZXWy9y9+rh5sBK1Qztt+fiSOK3xA28b41iyB3UdNJGGCi6bJQtMnYzOS8pD9bOzUOQuRig17oZjZQoZ0r8a9HlKqpuBoR7L5CmYEzBxsL//yju0b/JQ19BTDwjxUWMpluwM=&u=U2FsdGVkX1+3VYon3fEXKIZKlNmDE0y5RPes584mB1E=&y=U2FsdGVkX1/Yg5HNiDc502NsMNnhWyanB1bCKWRpBoFaJQ1cfaN/pDePBVOpelmZ HTTP/1.1" 200 25
181.58.186.188 - - [13/Jul/2022:11:51:06 -0500] "GET /kwssiamovil/sm/des/acme/a?s=U2FsdGVkX1/0cI36N8IQSF09C62LtpUMYrprbWrhijq69JVngqhWb4trdO9hNdrsSQ5nhrhUo4RgBL+Uavem5SdiVvrW5cJ/YU58BPt1BqvlRD2uY8unOoAdEPbcsQi/+lAJcWe8eb4O/gOR7HW0RA==&u=U2FsdGVkX1+3VYon3fEXKIZKlNmDE0y5RPes584mB1E=&y=U2FsdGVkX1/Yg5HNiDc502NsMNnhWyanB1bCKWRpBoFaJQ1cfaN/pDePBVOpelmZ HTTP/1.1" 200 24
181.58.186.188 - - [13/Jul/2022:11:51:06 -0500] "GET /kwssiamovil/sm/des/acme/a?s=U2FsdGVkX1+MIBsr+HHXdy8awBmVUQKm/DdDQrDidH+eLP3xX6c60pImAbiLJ+Ai4Iw0wwsBtCJ5ZiOqtVqxwTxi1YI29uccZFprolMHxd5jbKJt92qc4qH7Y/TUdrA45Oj8bRrAhTjlrdALt+gLXQ==&u=U2FsdGVkX1+3VYon3fEXKIZKlNmDE0y5RPes584mB1E=&y=U2FsdGVkX1/Yg5HNiDc502NsMNnhWyanB1bCKWRpBoFaJQ1cfaN/pDePBVOpelmZ HTTP/1.1" 200 24
181.58.186.188 - - [13/Jul/2022:11:51:06 -0500] "GET /kwssiamovil/sm/des/acme/a?s=U2FsdGVkX1+QkoT/teklZz1nQJ798heUkJju0uKtcJ3y1nYrQdGMlsACPtUyzyqAz3ibW8C6h/xLSW3wBDdR7oaThnk0hWdzSup0iJkE40s0kYuENBgcNRpy9qG609zNftQLWPz+34pgT2qj+yqJeHeShGkceDyHz8R5o3AuWhvelOQJtO8xM2FUeCPR58y/&u=U2FsdGVkX1+3VYon3fEXKIZKlNmDE0y5RPes584mB1E=&y=U2FsdGVkX1/Yg5HNiDc502NsMNnhWyanB1bCKWRpBoFaJQ1cfaN/pDePBVOpelmZ HTTP/1.1" 200 24
201.244.245.139 - - [13/Jul/2022:11:51:09 -0500] "POST /sipsepre/faces/presentacion/financiero/solicitudProceso/crearModificarSolicitudProceso.xhtml HTTP/1.1" 200 51772
181.63.220.121 - - [13/Jul/2022:11:51:15 -0500] "GET /BLA/resoluciones/RESOLUCIONES%202009/5708.pdf HTTP/1.1" 200 448710
181.63.220.121 - - [13/Jul/2022:11:51:17 -0500] "GET /BLA/resoluciones/RESOLUCIONES%202009/5709.pdf HTTP/1.1" 200 587219
181.63.220.121 - - [13/Jul/2022:11:51:18 -0500] "GET /BLA/resoluciones/RESOLUCIONES%202009/5710.pdf HTTP/1.1" 200 470109
181.63.220.121 - - [13/Jul/2022:11:51:19 -0500] "GET /BLA/resoluciones/RESOLUCIONES%202009/5711.pdf HTTP/1.1" 200 200025
181.63.220.121 - - [13/Jul/2022:11:51:20 -0500] "GET /BLA/resoluciones/RESOLUCIONES%202009/5712.pdf HTTP/1.1" 200 466925
181.63.220.121 - - [13/Jul/2022:11:51:22 -0500] "GET /BLA/resoluciones/RESOLUCIONES%202009/5713.pdf HTTP/1.1" 200 472290
201.244.245.139 - - [13/Jul/2022:11:51:22 -0500] "POST /sipsepre/faces/presentacion/financiero/solicitudProceso/crearModificarSolicitudProceso.xhtml HTTP/1.1" 200 25129
181.63.220.121 - - [13/Jul/2022:11:51:23 -0500] "GET /BLA/resoluciones/RESOLUCIONES%202009/5714.pdf HTTP/1.1" 200 443692
181.63.220.121 - - [13/Jul/2022:11:51:24 -0500] "GET /BLA/resoluciones/RESOLUCIONES%202009/5715.pdf HTTP/1.1" 200 475406
181.63.220.121 - - [13/Jul/2022:11:51:25 -0500] "GET /BLA/resoluciones/RESOLUCIONES%202009/5716.pdf HTTP/1.1" 200 473710
181.63.220.121 - - [13/Jul/2022:11:51:26 -0500] "GET /BLA/resoluciones/RESOLUCIONES%202009/5717.pdf HTTP/1.1" 200 460728
181.63.220.121 - - [13/Jul/2022:11:51:27 -0500] "GET /BLA/resoluciones/RESOLUCIONES%202009/5718.pdf HTTP/1.1" 200 403758
181.63.220.121 - - [13/Jul/2022:11:51:27 -0500] "GET /BLA/resoluciones/RESOLUCIONES%202009/5719.pdf HTTP/1.1" 200 483304
201.244.245.139 - - [13/Jul/2022:11:51:28 -0500] "POST /sipsepre/faces/presentacion/financiero/solicitudProceso/crearModificarSolicitudProceso.xhtml HTTP/1.1" 200 25133
181.63.220.121 - - [13/Jul/2022:11:51:29 -0500] "GET /BLA/resoluciones/RESOLUCIONES%202009/5720.pdf HTTP/1.1" 200 415604
181.63.220.121 - - [13/Jul/2022:11:51:30 -0500] "GET /BLA/resoluciones/RESOLUCIONES%202009/5721.pdf HTTP/1.1" 200 484985
181.63.220.121 - - [13/Jul/2022:11:51:31 -0500] "GET /BLA/resoluciones/RESOLUCIONES%202009/5722.pdf HTTP/1.1" 200 397732
181.63.220.121 - - [13/Jul/2022:11:51:32 -0500] "GET /BLA/resoluciones/RESOLUCIONES%202009/5723.pdf HTTP/1.1" 200 400148
181.63.220.121 - - [13/Jul/2022:11:51:33 -0500] "GET /BLA/resoluciones/RESOLUCIONES%202009/5724.pdf HTTP/1.1" 200 526155
181.63.220.121 - - [13/Jul/2022:11:51:34 -0500] "GET /BLA/resoluciones/RESOLUCIONES%202009/5725.pdf HTTP/1.1" 200 530989
181.63.220.121 - - [13/Jul/2022:11:51:36 -0500] "GET /BLA/resoluciones/RESOLUCIONES%202009/5726.pdf HTTP/1.1" 200 471743
181.63.220.121 - - [13/Jul/2022:11:51:37 -0500] "GET /BLA/resoluciones/RESOLUCIONES%202009/5727.pdf HTTP/1.1" 200 529493
181.63.220.121 - - [13/Jul/2022:11:51:38 -0500] "GET /BLA/resoluciones/RESOLUCIONES%202009/5728.pdf HTTP/1.1" 200 530977
181.63.220.121 - - [13/Jul/2022:11:51:39 -0500] "GET /BLA/resoluciones/RESOLUCIONES%202009/5729.pdf HTTP/1.1" 200 530893
201.244.245.139 - - [13/Jul/2022:11:51:41 -0500] "POST /sipsepre/faces/presentacion/financiero/solicitudProceso/crearModificarSolicitudProceso.xhtml HTTP/1.1" 200 6291
181.63.220.121 - - [13/Jul/2022:11:51:41 -0500] "GET /BLA/resoluciones/RESOLUCIONES%202009/5730.pdf HTTP/1.1" 200 529531
181.63.220.121 - - [13/Jul/2022:11:51:43 -0500] "GET /BLA/resoluciones/RESOLUCIONES%202009/5731.pdf HTTP/1.1" 200 531455
181.63.220.121 - - [13/Jul/2022:11:51:44 -0500] "GET /BLA/resoluciones/RESOLUCIONES%202009/5732.pdf HTTP/1.1" 200 488569
181.63.220.121 - - [13/Jul/2022:11:51:46 -0500] "GET /BLA/resoluciones/RESOLUCIONES%202009/5733.pdf HTTP/1.1" 200 487667
181.63.220.121 - - [13/Jul/2022:11:51:47 -0500] "GET /BLA/resoluciones/RESOLUCIONES%202009/5734.pdf HTTP/1.1" 200 137196
181.63.220.121 - - [13/Jul/2022:11:51:49 -0500] "GET /BLA/resoluciones/RESOLUCIONES%202009/5735.pdf HTTP/1.1" 200 126010
181.63.220.121 - - [13/Jul/2022:11:51:51 -0500] "GET /BLA/resoluciones/RESOLUCIONES%202009/5736.pdf HTTP/1.1" 200 127926
201.244.245.139 - - [13/Jul/2022:11:51:52 -0500] "POST /sipsepre/faces/presentacion/financiero/solicitudProceso/crearModificarSolicitudProceso.xhtml HTTP/1.1" 200 10209
181.63.220.121 - - [13/Jul/2022:11:51:54 -0500] "GET /BLA/resoluciones/RESOLUCIONES%202009/5738.pdf HTTP/1.1" 200 497724
181.63.220.121 - - [13/Jul/2022:11:51:53 -0500] "GET /BLA/resoluciones/RESOLUCIONES%202009/5737.pdf HTTP/1.1" 200 25854993
186.148.168.245 - - [13/Jul/2022:11:51:55 -0500] "GET /reportes_sipse/jsp/inicio.jsp HTTP/1.1" 200 2935
181.63.220.121 - - [13/Jul/2022:11:51:56 -0500] "GET /BLA/resoluciones/RESOLUCIONES%202009/5739.pdf HTTP/1.1" 200 336735
181.63.220.121 - - [13/Jul/2022:11:51:57 -0500] "GET /BLA/resoluciones/RESOLUCIONES%202009/5740.pdf HTTP/1.1" 200 101838
181.63.220.121 - - [13/Jul/2022:11:51:59 -0500] "GET /BLA/resoluciones/RESOLUCIONES%202009/5741.pdf HTTP/1.1" 200 492883
201.244.245.139 - - [13/Jul/2022:11:51:59 -0500] "POST /sipsepre/faces/presentacion/financiero/solicitudProceso/crearModificarSolicitudProceso.xhtml HTTP/1.1" 200 9542
186.148.168.245 - - [13/Jul/2022:11:52:01 -0500] "POST /reportes_sipse/sdg/ServletReporte?saldo_actividades_contratacion_columnas& HTTP/1.1" 200 5986
201.244.245.139 - - [13/Jul/2022:11:52:04 -0500] "POST /sipsepre/faces/presentacion/financiero/solicitudProceso/crearModificarSolicitudProceso.xhtml HTTP/1.1" 200 7370
201.244.245.139 - - [13/Jul/2022:11:52:10 -0500] "POST /sipsepre/faces/presentacion/financiero/solicitudProceso/crearModificarSolicitudProceso.xhtml HTTP/1.1" 200 6684
186.148.168.245 - - [13/Jul/2022:11:52:08 -0500] "POST /reportes_sipse/sdg/ServletControlador HTTP/1.1" 200 63098
216.245.221.92 - - [13/Jul/2022:11:52:28 -0500] "HEAD / HTTP/1.1" 200 -
201.245.192.253 - - [13/Jul/2022:11:52:34 -0500] "POST /kwsrmcab/Wsrmcab  HTTP/1.1" 200 45708
181.143.11.42 - - [13/Jul/2022:11:53:36 -0500] "GET /portaldeninos/wp-content/uploads/useanyfont/uaf.css?ver=1589905315 HTTP/1.1" 200 408
181.143.11.42 - - [13/Jul/2022:11:53:36 -0500] "GET /portaldeninos/wp-content/themes/betheme/style.css?ver=20.9.6 HTTP/1.1" 200 287
181.143.11.42 - - [13/Jul/2022:11:53:36 -0500] "GET /portaldeninos/wp-content/plugins/gallery-videos/CSS/totalsoft.css?ver=4.9.8 HTTP/1.1" 200 40622
181.143.11.42 - - [13/Jul/2022:11:53:36 -0500] "GET /portaldeninos/wp-content/themes/betheme/assets/ui/jquery.ui.all.css?ver=20.9.6 HTTP/1.1" 200 18765
181.143.11.42 - - [13/Jul/2022:11:53:36 -0500] "GET /portaldeninos/wp-content/themes/betheme/assets/animations/animations.min.css?ver=20.9.6 HTTP/1.1" 200 58508
181.143.11.42 - - [13/Jul/2022:11:53:36 -0500] "GET /portaldeninos/wp-content/themes/betheme/assets/jplayer/css/jplayer.blue.monday.css?ver=20.9.6 HTTP/1.1" 200 9834
181.143.11.42 - - [13/Jul/2022:11:53:36 -0500] "GET /portaldeninos/wp-content/plugins/google-analytics-for-wordpress/assets/js/frontend-gtag.min.js?ver=8.5.0 HTTP/1.1" 200 11801
181.143.11.42 - - [13/Jul/2022:11:53:36 -0500] "GET /portaldeninos/wp-content/themes/betheme/css/responsive.css?ver=20.9.6 HTTP/1.1" 200 55740
181.143.11.42 - - [13/Jul/2022:11:53:36 -0500] "GET /portaldeninos/wp-content/themes/betheme/css/shortcodes.css?ver=20.9.6 HTTP/1.1" 200 138889
181.143.11.42 - - [13/Jul/2022:11:53:36 -0500] "GET /portaldeninos/wp-includes/js/jquery/jquery-migrate.min.js?ver=1.4.1 HTTP/1.1" 200 10056
181.143.11.42 - - [13/Jul/2022:11:53:36 -0500] "GET /portaldeninos/wp-includes/js/jquery/ui/core.min.js?ver=1.11.4 HTTP/1.1" 200 4000
181.143.11.42 - - [13/Jul/2022:11:53:36 -0500] "GET /portaldeninos/wp-content/plugins/gallery-videos/CSS/Total-Soft-Gallery-Video-Widget.css?ver=4.9.8 HTTP/1.1" 200 51554
181.143.11.42 - - [13/Jul/2022:11:53:36 -0500] "GET /portaldeninos/wp-content/themes/betheme/css/base.css?ver=20.9.6 HTTP/1.1" 200 57283
181.143.11.42 - - [13/Jul/2022:11:53:36 -0500] "GET /portaldeninos/wp-includes/js/jquery/jquery.js?ver=1.12.4 HTTP/1.1" 200 97184
181.143.11.42 - - [13/Jul/2022:11:53:36 -0500] "GET /portaldeninos/wp-content/plugins/gallery-videos/JS/modernizr.custom.js?ver=4.9.8 HTTP/1.1" 200 9019
181.143.11.42 - - [13/Jul/2022:11:53:36 -0500] "GET /portaldeninos/wp-content/themes/betheme/css/layout.css?ver=20.9.6 HTTP/1.1" 200 116639
181.143.11.42 - - [13/Jul/2022:11:53:36 -0500] "GET /portaldeninos/wp-content/plugins/gallery-videos/JS/Total-Soft-Gallery-Video-Widget.js?ver=4.9.8 HTTP/1.1" 200 80264
181.143.11.42 - - [13/Jul/2022:11:53:37 -0500] "GET /portaldeninos/wp-includes/js/jquery/ui/mouse.min.js?ver=1.11.4 HTTP/1.1" 200 3148
181.143.11.42 - - [13/Jul/2022:11:53:37 -0500] "GET /portaldeninos/wp-includes/js/jquery/ui/widget.min.js?ver=1.11.4 HTTP/1.1" 200 6908
181.143.11.42 - - [13/Jul/2022:11:53:37 -0500] "GET /portaldeninos/wp-includes/js/jquery/ui/accordion.min.js?ver=1.11.4 HTTP/1.1" 200 8584
181.143.11.42 - - [13/Jul/2022:11:53:37 -0500] "GET /portaldeninos/wp-includes/js/jquery/ui/tabs.min.js?ver=1.11.4 HTTP/1.1" 200 12110
181.143.11.42 - - [13/Jul/2022:11:53:37 -0500] "GET /portaldeninos/wp-includes/js/jquery/ui/sortable.min.js?ver=1.11.4 HTTP/1.1" 200 24899
181.143.11.42 - - [13/Jul/2022:11:53:37 -0500] "GET /portaldeninos/wp-content/themes/betheme/js/menu.js?ver=20.9.6 HTTP/1.1" 200 2449
181.143.11.42 - - [13/Jul/2022:11:53:37 -0500] "GET /portaldeninos/wp-content/themes/betheme/assets/animations/animations.min.js?ver=20.9.6 HTTP/1.1" 200 1896
181.143.11.42 - - [13/Jul/2022:11:53:37 -0500] "GET /portaldeninos/wp-content/themes/betheme/assets/jplayer/jplayer.min.js?ver=20.9.6 HTTP/1.1" 200 52702
181.143.11.42 - - [13/Jul/2022:11:53:37 -0500] "GET /portaldeninos/wp-includes/js/wp-embed.min.js?ver=4.9.8 HTTP/1.1" 200 1398
181.143.11.42 - - [13/Jul/2022:11:53:37 -0500] "GET /portaldeninos/wp-content/themes/betheme/images/box_shadow.png HTTP/1.1" 200 108
181.143.11.42 - - [13/Jul/2022:11:53:37 -0500] "GET /portaldeninos/wp-includes/js/wp-emoji-release.min.js?ver=4.9.8 HTTP/1.1" 200 12026
181.143.11.42 - - [13/Jul/2022:11:53:37 -0500] "GET /portaldeninos/wp-content/themes/betheme/fonts/mfn-icons.woff?93978679 HTTP/1.1" 200 80932
181.143.11.42 - - [13/Jul/2022:11:53:37 -0500] "GET /portaldeninos/wp-content/themes/betheme/fonts/mfn-icons.ttf?93978679 HTTP/1.1" 200 95297
181.143.11.42 - - [13/Jul/2022:11:53:37 -0500] "GET /portaldeninos/wp-content/themes/betheme/js/scripts.js?ver=20.9.6 HTTP/1.1" 200 77162
181.143.11.42 - - [13/Jul/2022:11:53:37 -0500] "GET /portaldeninos/wp-content/themes/betheme/js/plugins.js?ver=20.9.6 HTTP/1.1" 200 197151
181.63.220.121 - - [13/Jul/2022:11:53:58 -0500] "GET /BLA/resoluciones/RESOLUCIONES%202009/5742.pdf HTTP/1.1" 200 490483
181.63.220.121 - - [13/Jul/2022:11:53:59 -0500] "GET /BLA/resoluciones/RESOLUCIONES%202009/5743.pdf HTTP/1.1" 200 498545
181.63.220.121 - - [13/Jul/2022:11:54:00 -0500] "GET /BLA/resoluciones/RESOLUCIONES%202009/5744.pdf HTTP/1.1" 200 499323
181.63.220.121 - - [13/Jul/2022:11:54:01 -0500] "GET /BLA/resoluciones/RESOLUCIONES%202009/5745.pdf HTTP/1.1" 200 574595
181.63.220.121 - - [13/Jul/2022:11:54:02 -0500] "GET /BLA/resoluciones/RESOLUCIONES%202009/5746.pdf HTTP/1.1" 200 518289
181.63.220.121 - - [13/Jul/2022:11:54:03 -0500] "GET /BLA/resoluciones/RESOLUCIONES%202009/5747.pdf HTTP/1.1" 200 501585
181.63.220.121 - - [13/Jul/2022:11:54:04 -0500] "GET /BLA/resoluciones/RESOLUCIONES%202009/5748.pdf HTTP/1.1" 200 509847
181.63.220.121 - - [13/Jul/2022:11:54:06 -0500] "GET /BLA/resoluciones/RESOLUCIONES%202009/5749.pdf HTTP/1.1" 200 508729
181.63.220.121 - - [13/Jul/2022:11:54:07 -0500] "GET /BLA/resoluciones/RESOLUCIONES%202009/5750.pdf HTTP/1.1" 200 483695
181.63.220.121 - - [13/Jul/2022:11:54:09 -0500] "GET /BLA/resoluciones/RESOLUCIONES%202009/5751.pdf HTTP/1.1" 200 490331
181.63.220.121 - - [13/Jul/2022:11:54:10 -0500] "GET /BLA/resoluciones/RESOLUCIONES%202009/5752.pdf HTTP/1.1" 200 488717
181.63.220.121 - - [13/Jul/2022:11:54:11 -0500] "GET /BLA/resoluciones/RESOLUCIONES%202009/5753.pdf HTTP/1.1" 200 495793
181.63.220.121 - - [13/Jul/2022:11:54:12 -0500] "GET /BLA/resoluciones/RESOLUCIONES%202009/5754.pdf HTTP/1.1" 200 489505
181.63.220.121 - - [13/Jul/2022:11:54:17 -0500] "GET /BLA/resoluciones/RESOLUCIONES%202009/5755.pdf HTTP/1.1" 200 489671
181.63.220.121 - - [13/Jul/2022:11:54:18 -0500] "GET /BLA/resoluciones/RESOLUCIONES%202009/5756.pdf HTTP/1.1" 200 494493
181.63.220.121 - - [13/Jul/2022:11:54:19 -0500] "GET /BLA/resoluciones/RESOLUCIONES%202009/5757.pdf HTTP/1.1" 200 540669
181.63.220.121 - - [13/Jul/2022:11:54:20 -0500] "GET /BLA/resoluciones/RESOLUCIONES%202009/5758.pdf HTTP/1.1" 200 488833
181.63.220.121 - - [13/Jul/2022:11:54:22 -0500] "GET /BLA/resoluciones/RESOLUCIONES%202009/5759.pdf HTTP/1.1" 200 495433
181.63.220.121 - - [13/Jul/2022:11:54:23 -0500] "GET /BLA/resoluciones/RESOLUCIONES%202009/5760.pdf HTTP/1.1" 200 495397
181.63.220.121 - - [13/Jul/2022:11:54:24 -0500] "GET /BLA/resoluciones/RESOLUCIONES%202009/5761.pdf HTTP/1.1" 200 491037
172.22.2.4 - - [13/Jul/2022:11:54:24 -0500] "GET /BLA/boletinlegal/actas/463597.pdf HTTP/1.1" 304 -
186.84.20.15 - - [13/Jul/2022:11:54:24 -0500] "GET /kwssiamovil/sm/acme/a?s=U2FsdGVkX18/Tl94PXFNsi33I6GLAsEc7TKppTMscSHaXh1LAcrW62J6zgVybU1JDS45YMZZSaaEN0TwGuAiAhfb2mpEnN5z//F/C7oFNb4u/Q+mDveVEFD024OTgkO2RQ+EWSoiYq6VPGD9kakjC/Qyvi9Y9UdoQ684ALlbCIF88qRn8vjADbWB/TONi1qvAr+bRirz2Y87eqxffblm7JJzX/8ST6DxcgGWjulADpZaQkq12mmoScQVLgXDonT2fAp5fjXMtX08hET8KcMjJA==&u=U2FsdGVkX18O0IfqiAPiOacFzZ2i9ILX/240GXCMcslx+VckQtr6kUangnPeQwyr&y=U2FsdGVkX1/FmZUYVGROteud7wvixRY4hj7oVIcBdLH1nBWvoBYbHiWD+sYJ/rNq HTTP/1.1" 200 25
186.84.20.15 - - [13/Jul/2022:11:54:25 -0500] "GET /kwssiamovil/sm/acme/a?s=U2FsdGVkX18edFypIC3TGajrZ/FEIw6LpUR2O1rDOCjJGsSKdb3w35b9MCk6gfOseizjbtmxUZe1AkCuCN3eABiO+z0qYjzCcNBifrJPBNLwpmn69yEkN9OvmfLQj/08v1L5UvGSAPDMHZH6nfErjz1pyO7gtRB15xTSSdCNNz3b0emhgCXkb+YHnps1PqfCjDGYOu8XYJSFee0GQx18IaklWUfAWyyVzjO1M+4IXe15ribbVwTTi+MlXi154cD4brWefyk3X5CZ5qkw/VFb9YAFzx88iw6hl5447IakCSgzy/fGy52BV/VrmdXdNf1DnJCLsRAmu8hc9t40ATC0zt31Uk08tpIW/FGAiZFh07zGQ04R0T6wow2uQ2CZktCHh36q2zgA7WrrNFjb6TSpbIXRtzB19YEugY6VcetVKAbZQb5Zo4VczTBMEFcpi8if5FziVNae/Jqmer2h6tYFrzQcRh3JOHAkbdfY0S4QyHIOvHubhbzCyzwZrRZdGF7mnU0uQBiK7ooxqIl7MUTv5uNxk23TMe36IuQMH7AaYoasTLgXibaHg67PJrhljl7kHdZGwXtr/gZnOHVtALJwGyStN0nJ5VEIQKR/pKVKY8q2kb8uOx69XQByPdHG7nFNVkkJpX5R9RCiHWpf/aCumrsoNRAHi/PL+7Uzp/tOTYkq0q40G68z7iYYc7YcUoI5bdI0cGiimttGPNCN7/H/TTDv9pcTdJsREnWHJ7X1T+wrCQxkiqALSd4acGDD1qT7QYcBQKcObZp7Dwu6CHmy6jI5xGIqqsZKHg4ffqDOwB+hIjn0BJhoeXo23PSorIUIBambvUc/iyXO5Rta1mjvSI41+Uqw7FMOHvprJftc+1EBft8ZgT3LrdNVDOVoWh+ip204dA0jsbM6JE849fNk/tTMvpq1JSBweolAHTk+FpwfCKTJ15eK2vz1I3E0aTv32ccOTZwoT/anbou5+AcO5LzfcD4UyX0WHTZnCHhB7lJgY1V3n2TMEahEjdmhKqydJtWl2/6+sk48l9J5ThnBVd9LeWA78RxptQdsrT1pqWABNWhKt8GR0i0xatR3w/5602zjT///siAzuF+cuWrimYkq350cWZIomW64eEg/LZxiRi+VaKux0MmtuXY+8XROBiQ0UkudkxIRk99MdChag/YVBynD1yzEyQiAQBJjI8M+jz4EPBVKVPlcQ9mPzIGej5MkDl8A8ug7qhRzGrHNWgfaZ3aQkpLtSzUabJO0QFxl6JNHQ146LcBGMeRMhSqmfIWOlMa49xUnNkxI2dok908GSgksKiwuVQ6U5rDZ19rhOalvx71wv+hhph6OfJgZ8OxPFf+RRycEqkYMXFJHjp/d/RILKvrJ0gWt2nfRfY6icKWrlauSgqErr5I31veUw+6lf90jCy6Jiq+gPUljnJAQky8ZpxpOzYhBqXxoYalD8u6cauXgi5byZT6xE0hAvyLcqPDjlSYQNyOIX8Vx+eRoql9jFwLSl6xpeIXRnrtF3p1pUahiKWZpMrUnv70fkseqA9FBZ2bkqY8pAYa8v45BcN9xRd40Eb/hYsCE0KY5feQk9u5VBXkfFxI4Jck11r8qhCf6LkQpqb4J3N28AFDgOfqmOB4yVi2WkLxOgBLC4Jbxmpx7KzjQbiIKUnrsnoQ5vBDqWGdTIHIrWS8cIKdQSBGtTj97s2ae3La/021kysy9Yz6FeB2lZIDYr4JStDRQUYlBI3+Ne++9r/is8tL+EXZIDsbEBbsmWOfo7BIJeU+LYw7KI751I6kxrwu2woG4K0yde+4TZNbopHjRlQhDuYsYFhO5XPH+NIZ/KjzPLiDmnpzRfeck9jRVTfkBlSqAAsJdq3pft3preagrPOEjqdmNbomzjECOLpoSnCPU405G2a1YaVZkWfkTk8rT2UH+HHi3Nk2k6AzX2oL7h5G0UudCJPaJ2J4tNLgVqL+Jtqz+zmNxbyTI4Q4NFRhM&u=U2FsdGVkX18O0IfqiAPiOacFzZ2i9ILX/240GXCMcslx+VckQtr6kUangnPeQwyr&y=U2FsdGVkX1/FmZUYVGROteud7wvixRY4hj7oVIcBdLH1nBWvoBYbHiWD+sYJ/rNq HTTP/1.1" 200 25
186.84.20.15 - - [13/Jul/2022:11:54:25 -0500] "GET /kwssiamovil/sm/acme/a?s=U2FsdGVkX19dwCSYL6Sa86vGKhYvxUtB8iyal9eWYUssKitavRVZfqHb92A55u8o4U79Lj6ctmFXWELXh+P56YMCdD6pBEyKVSV8t7YtIevpOYGovZSVaslNGsa0J9OL7MeWWwk75IeHjV53565P6bxARtX1D/sKwM/cN5GEnyc=&u=U2FsdGVkX18O0IfqiAPiOacFzZ2i9ILX/240GXCMcslx+VckQtr6kUangnPeQwyr&y=U2FsdGVkX1/FmZUYVGROteud7wvixRY4hj7oVIcBdLH1nBWvoBYbHiWD+sYJ/rNq HTTP/1.1" 200 25
186.84.20.15 - - [13/Jul/2022:11:54:25 -0500] "GET /kwssiamovil/sm/acme/a?s=U2FsdGVkX18Gm49dwbY3Y2vDXs4wB3Z1yo4nNqulcacR3DLT1POiCe7q1gGVtYFbgNYIIQg70Mwl7cjBr58NqDTV9y25QDCa757Fljc1w5AJ5lWKRjYgbKdiXKeobdDvDPY6clD1uosx/TeuiWAAOHrv0CaG9vWGLQ5SV+y+fVg=&u=U2FsdGVkX18O0IfqiAPiOacFzZ2i9ILX/240GXCMcslx+VckQtr6kUangnPeQwyr&y=U2FsdGVkX1/FmZUYVGROteud7wvixRY4hj7oVIcBdLH1nBWvoBYbHiWD+sYJ/rNq HTTP/1.1" 200 25
186.84.20.15 - - [13/Jul/2022:11:54:25 -0500] "GET /kwssiamovil/sm/acme/a?s=U2FsdGVkX18OSBzROyufXryWMYnRfsqqDD5c3igI24O6xTsfXKxksFkSeor+dAvo1LgTbfpbFEhc+gugD2JYJIqlgaPGUB9wOWZlWw2NY/bXyLLWvCk3ihRhn8CW5tCnKePgQayut7//Uqkq8JzXYxmjK7PGQrGxCs2tL70KuPk=&u=U2FsdGVkX18O0IfqiAPiOacFzZ2i9ILX/240GXCMcslx+VckQtr6kUangnPeQwyr&y=U2FsdGVkX1/FmZUYVGROteud7wvixRY4hj7oVIcBdLH1nBWvoBYbHiWD+sYJ/rNq HTTP/1.1" 200 25
186.84.20.15 - - [13/Jul/2022:11:54:25 -0500] "GET /kwssiamovil/sm/acme/a?s=U2FsdGVkX1+whReYxMRtFxC5HIh5FVCXNconeFVQPtywTe1bL1eN5L6+2a0Kzu1rKYR2rAnjBbgat5Allz0Nz8NBqztQ2gEF3npXVSa4viRiGFENwzdxaHM2UY4b/9qvJazCPEV2plStjWcCZEZsWTHHhTezsms5L/jb2f6SEc0E3tXD4IGlElk0aajQQY3XgQA8b7rgum7EYjRgo733SQ==&u=U2FsdGVkX18O0IfqiAPiOacFzZ2i9ILX/240GXCMcslx+VckQtr6kUangnPeQwyr&y=U2FsdGVkX1/FmZUYVGROteud7wvixRY4hj7oVIcBdLH1nBWvoBYbHiWD+sYJ/rNq HTTP/1.1" 200 25
181.63.220.121 - - [13/Jul/2022:11:54:26 -0500] "GET /BLA/resoluciones/RESOLUCIONES%202009/5762.pdf HTTP/1.1" 200 310914
181.63.220.121 - - [13/Jul/2022:11:54:27 -0500] "GET /BLA/resoluciones/RESOLUCIONES%202009/5763.pdf HTTP/1.1" 200 1081710
181.63.220.121 - - [13/Jul/2022:11:54:30 -0500] "GET /BLA/resoluciones/RESOLUCIONES%202009/5764.pdf HTTP/1.1" 200 525859
181.63.220.121 - - [13/Jul/2022:11:54:32 -0500] "GET /BLA/resoluciones/RESOLUCIONES%202009/5765.pdf HTTP/1.1" 200 166998
181.63.220.121 - - [13/Jul/2022:11:54:34 -0500] "GET /BLA/resoluciones/RESOLUCIONES%202009/5766.pdf HTTP/1.1" 200 485283
181.63.220.121 - - [13/Jul/2022:11:54:40 -0500] "GET /BLA/resoluciones/RESOLUCIONES%202009/5767.pdf HTTP/1.1" 200 715997
181.63.220.121 - - [13/Jul/2022:11:54:42 -0500] "GET /BLA/resoluciones/RESOLUCIONES%202009/5768.pdf HTTP/1.1" 200 901419
181.63.220.121 - - [13/Jul/2022:11:54:44 -0500] "GET /BLA/resoluciones/RESOLUCIONES%202009/5769.pdf HTTP/1.1" 200 901265
181.63.220.121 - - [13/Jul/2022:11:54:46 -0500] "GET /BLA/resoluciones/RESOLUCIONES%202009/5770.pdf HTTP/1.1" 200 893527
181.63.220.121 - - [13/Jul/2022:11:54:47 -0500] "GET /BLA/resoluciones/RESOLUCIONES%202009/5771.pdf HTTP/1.1" 200 985417
181.63.220.121 - - [13/Jul/2022:11:54:49 -0500] "GET /BLA/resoluciones/RESOLUCIONES%202009/5772.pdf HTTP/1.1" 200 957249
181.63.220.121 - - [13/Jul/2022:11:54:51 -0500] "GET /BLA/resoluciones/RESOLUCIONES%202009/5773.pdf HTTP/1.1" 200 1011341
181.63.220.121 - - [13/Jul/2022:11:54:53 -0500] "GET /BLA/resoluciones/RESOLUCIONES%202009/5774.pdf HTTP/1.1" 200 1008563
181.63.220.121 - - [13/Jul/2022:11:54:55 -0500] "GET /BLA/resoluciones/RESOLUCIONES%202009/5775.pdf HTTP/1.1" 200 1005411
201.245.192.253 - - [13/Jul/2022:11:55:01 -0500] "GET /galeria/galeria/jquery.fancybox.css?v=2.1.5 HTTP/1.1" 200 4895
201.245.192.253 - - [13/Jul/2022:11:55:01 -0500] "GET /galeria/galeria/jquery.fancybox.js?v=2.1.5 HTTP/1.1" 200 48706
201.244.245.139 - - [13/Jul/2022:11:55:08 -0500] "POST /sipsepre/faces/presentacion/financiero/solicitudProceso/crearModificarSolicitudProceso.xhtml HTTP/1.1" 200 24636
201.244.245.139 - - [13/Jul/2022:11:55:09 -0500] "GET /sipsepre/faces/javax.faces.resource/theme.css?ln=primefaces-sipse HTTP/1.1" 304 -
201.244.245.139 - - [13/Jul/2022:11:55:09 -0500] "GET /sipsepre/faces/javax.faces.resource/primefaces.css?ln=primefaces&v=4.0 HTTP/1.1" 304 -
201.244.245.139 - - [13/Jul/2022:11:55:09 -0500] "GET /sipsepre/faces/javax.faces.resource/jquery/jquery.js?ln=primefaces&v=4.0 HTTP/1.1" 304 -
201.244.245.139 - - [13/Jul/2022:11:55:09 -0500] "GET /sipsepre/faces/javax.faces.resource/layout/layout.css?ln=primefaces&v=4.0 HTTP/1.1" 304 -
201.244.245.139 - - [13/Jul/2022:11:55:09 -0500] "GET /sipsepre/faces/javax.faces.resource/jquery/jquery-plugins.js?ln=primefaces&v=4.0 HTTP/1.1" 304 -
201.244.245.139 - - [13/Jul/2022:11:55:09 -0500] "GET /sipsepre/faces/javax.faces.resource/primefaces.js?ln=primefaces&v=4.0 HTTP/1.1" 304 -
201.244.245.139 - - [13/Jul/2022:11:55:09 -0500] "GET /sipsepre/faces/javax.faces.resource/layout/layout.js?ln=primefaces&v=4.0 HTTP/1.1" 304 -
201.244.245.139 - - [13/Jul/2022:11:55:09 -0500] "GET /sipsepre/faces/javax.faces.resource/images/ui-icons_898989_256x240.png?ln=primefaces-aristo HTTP/1.1" 304 -
201.244.245.139 - - [13/Jul/2022:11:55:12 -0500] "GET /sipsepre/faces/javax.faces.resource/images/ui-bg_flat_0_2d5972_40x100.png?ln=primefaces-aristo HTTP/1.1" 304 -
201.244.245.139 - - [13/Jul/2022:11:55:12 -0500] "POST /sipsepre/faces/presentacion/financiero/solicitudProyectoActividad/asociarProyectoSolicitud.xhtml HTTP/1.1" 200 6677
201.244.245.139 - - [13/Jul/2022:11:55:20 -0500] "POST /sipsepre/faces/presentacion/financiero/solicitudProyectoActividad/asociarProyectoSolicitud.xhtml HTTP/1.1" 200 1700
201.244.245.139 - - [13/Jul/2022:11:55:24 -0500] "POST /sipsepre/faces/presentacion/financiero/solicitudProyectoActividad/asociarProyectoSolicitud.xhtml HTTP/1.1" 200 6912
201.244.245.139 - - [13/Jul/2022:11:55:27 -0500] "GET /sipsepre/faces/javax.faces.resource/messages/messages.png?ln=primefaces&v=4.0 HTTP/1.1" 304 -
201.244.245.139 - - [13/Jul/2022:11:55:31 -0500] "POST /sipsepre/faces/presentacion/financiero/solicitudProyectoActividad/asociarProyectoSolicitud.xhtml HTTP/1.1" 200 6713
