190.0.241.186 - - [14/Jul/2022:20:55:07 -0500] "GET /BLA/resoluciones/RESOLUCIONES%202018/0801.pdf HTTP/1.1" 200 400031
190.0.241.186 - - [14/Jul/2022:20:55:07 -0500] "GET /BLA/resoluciones/RESOLUCIONES%202018/0801.pdf HTTP/1.1" 200 400031
190.0.241.186 - - [14/Jul/2022:20:55:07 -0500] "GET /BLA/resoluciones/RESOLUCIONES%202018/0801.pdf HTTP/1.1" 206 1025
190.0.241.186 - - [14/Jul/2022:20:55:08 -0500] "GET /BLA/resoluciones/RESOLUCIONES%202018/0801.pdf HTTP/1.1" 206 3072
190.0.241.186 - - [14/Jul/2022:20:55:08 -0500] "GET /BLA/resoluciones/RESOLUCIONES%202018/0801.pdf HTTP/1.1" 206 395934
173.252.79.2 - - [14/Jul/2022:20:55:17 -0500] "GET /images/negocios-verdes-mayo-2022.jpg HTTP/1.1" 200 48000
190.0.241.186 - - [14/Jul/2022:20:56:17 -0500] "GET /BLA/resoluciones/index.php?dir=RESOLUCIONES+2013%2F HTTP/1.1" 200 237428
201.245.192.253 - - [14/Jul/2022:20:57:54 -0500] "POST /kwsrmcab/Wsrmcab  HTTP/1.1" 200 45562
190.0.241.186 - - [14/Jul/2022:20:57:59 -0500] "GET /BLA/resoluciones/index.php?dir=RESOLUCIONES+2018%2F HTTP/1.1" 200 268546
190.0.241.186 - - [14/Jul/2022:20:58:02 -0500] "GET /BLA/resoluciones/RESOLUCIONES%202018/0076.pdf HTTP/1.1" 200 382043
190.0.241.186 - - [14/Jul/2022:20:58:02 -0500] "GET /BLA/resoluciones/RESOLUCIONES%202018/0076.pdf HTTP/1.1" 200 382043
190.0.241.186 - - [14/Jul/2022:20:58:02 -0500] "GET /BLA/resoluciones/RESOLUCIONES%202018/0076.pdf HTTP/1.1" 206 1025
190.0.241.186 - - [14/Jul/2022:20:58:03 -0500] "GET /BLA/resoluciones/RESOLUCIONES%202018/0076.pdf HTTP/1.1" 206 3072
190.0.241.186 - - [14/Jul/2022:20:58:03 -0500] "GET /BLA/resoluciones/RESOLUCIONES%202018/0076.pdf HTTP/1.1" 206 377946
216.245.221.92 - - [14/Jul/2022:20:58:14 -0500] "HEAD / HTTP/1.1" 200 -
172.22.2.4 - - [14/Jul/2022:20:57:14 -0500] "HEAD /BLA/boletinlegal/ HTTP/1.1" 200 -
190.0.241.186 - - [14/Jul/2022:20:59:24 -0500] "GET /BLA/resoluciones/RESOLUCIONES%202018/0711.pdf HTTP/1.1" 200 419049
190.0.241.186 - - [14/Jul/2022:20:59:24 -0500] "GET /BLA/resoluciones/RESOLUCIONES%202018/0711.pdf HTTP/1.1" 200 419049
190.0.241.186 - - [14/Jul/2022:20:59:24 -0500] "GET /BLA/resoluciones/RESOLUCIONES%202018/0711.pdf HTTP/1.1" 206 1025
190.0.241.186 - - [14/Jul/2022:20:59:25 -0500] "GET /BLA/resoluciones/RESOLUCIONES%202018/0711.pdf HTTP/1.1" 206 3072
190.0.241.186 - - [14/Jul/2022:20:59:25 -0500] "GET /BLA/resoluciones/RESOLUCIONES%202018/0711.pdf HTTP/1.1" 206 414952
172.22.2.4 - - [14/Jul/2022:20:58:04 -0500] "GET /BLA/boletinlegal/ HTTP/1.1" 200 60992
190.0.241.186 - - [14/Jul/2022:21:00:33 -0500] "GET /BLA/resoluciones/RESOLUCIONES%202018/0711.pdf HTTP/1.1" 206 1
190.0.241.186 - - [14/Jul/2022:21:00:33 -0500] "GET /BLA/resoluciones/RESOLUCIONES%202018/0711.pdf HTTP/1.1" 206 416401
190.0.241.186 - - [14/Jul/2022:21:00:33 -0500] "GET /BLA/resoluciones/RESOLUCIONES%202018/0711.pdf HTTP/1.1" 200 419049
65.154.226.167 - - [14/Jul/2022:21:00:43 -0500] "GET /portaldeninos/wp-content/uploads/useanyfont/uaf.css?ver=1589905315 HTTP/1.1" 200 408
65.154.226.167 - - [14/Jul/2022:21:00:43 -0500] "GET /portaldeninos/wp-content/themes/betheme/style.css?ver=20.9.6 HTTP/1.1" 200 287
65.154.226.167 - - [14/Jul/2022:21:00:43 -0500] "GET /portaldeninos/wp-content/themes/betheme/css/base.css?ver=20.9.6 HTTP/1.1" 200 57283
65.154.226.167 - - [14/Jul/2022:21:00:43 -0500] "GET /portaldeninos/wp-content/plugins/gallery-videos/CSS/Total-Soft-Gallery-Video-Widget.css?ver=4.9.8 HTTP/1.1" 200 51554
65.154.226.167 - - [14/Jul/2022:21:00:43 -0500] "GET /portaldeninos/wp-content/plugins/gallery-videos/CSS/totalsoft.css?ver=4.9.8 HTTP/1.1" 200 40622
65.154.226.167 - - [14/Jul/2022:21:00:48 -0500] "GET /portaldeninos/wp-content/themes/betheme/assets/jplayer/css/jplayer.blue.monday.css?ver=20.9.6 HTTP/1.1" 200 9834
65.154.226.167 - - [14/Jul/2022:21:00:48 -0500] "GET /portaldeninos/wp-content/themes/betheme/assets/ui/jquery.ui.all.css?ver=20.9.6 HTTP/1.1" 200 18765
65.154.226.167 - - [14/Jul/2022:21:00:47 -0500] "GET /portaldeninos/wp-content/themes/betheme/assets/animations/animations.min.css?ver=20.9.6 HTTP/1.1" 200 58508
65.154.226.167 - - [14/Jul/2022:21:00:49 -0500] "GET /portaldeninos/wp-content/plugins/google-analytics-for-wordpress/assets/js/frontend-gtag.min.js?ver=8.5.0 HTTP/1.1" 200 11801
65.154.226.167 - - [14/Jul/2022:21:00:48 -0500] "GET /portaldeninos/wp-content/themes/betheme/css/responsive.css?ver=20.9.6 HTTP/1.1" 200 55740
65.154.226.167 - - [14/Jul/2022:21:00:43 -0500] "GET /portaldeninos/wp-content/themes/betheme/css/layout.css?ver=20.9.6 HTTP/1.1" 200 116639
65.154.226.167 - - [14/Jul/2022:21:00:49 -0500] "GET /portaldeninos/wp-includes/js/jquery/jquery-migrate.min.js?ver=1.4.1 HTTP/1.1" 200 10056
65.154.226.167 - - [14/Jul/2022:21:00:50 -0500] "GET /portaldeninos/wp-includes/js/jquery/ui/core.min.js?ver=1.11.4 HTTP/1.1" 200 4000
65.154.226.167 - - [14/Jul/2022:21:00:46 -0500] "GET /portaldeninos/wp-content/themes/betheme/css/shortcodes.css?ver=20.9.6 HTTP/1.1" 200 138889
65.154.226.167 - - [14/Jul/2022:21:00:50 -0500] "GET /portaldeninos/wp-content/plugins/gallery-videos/JS/modernizr.custom.js?ver=4.9.8 HTTP/1.1" 200 9019
65.154.226.167 - - [14/Jul/2022:21:00:50 -0500] "GET /portaldeninos/wp-includes/js/jquery/ui/mouse.min.js?ver=1.11.4 HTTP/1.1" 200 3148
65.154.226.167 - - [14/Jul/2022:21:00:50 -0500] "GET /portaldeninos/wp-includes/js/jquery/ui/widget.min.js?ver=1.11.4 HTTP/1.1" 200 6908
65.154.226.167 - - [14/Jul/2022:21:00:50 -0500] "GET /portaldeninos/wp-includes/js/jquery/ui/accordion.min.js?ver=1.11.4 HTTP/1.1" 200 8584
65.154.226.167 - - [14/Jul/2022:21:00:50 -0500] "GET /portaldeninos/wp-includes/js/jquery/ui/tabs.min.js?ver=1.11.4 HTTP/1.1" 200 12110
65.154.226.167 - - [14/Jul/2022:21:00:50 -0500] "GET /portaldeninos/wp-content/plugins/gallery-videos/JS/Total-Soft-Gallery-Video-Widget.js?ver=4.9.8 HTTP/1.1" 200 80264
65.154.226.167 - - [14/Jul/2022:21:00:51 -0500] "GET /portaldeninos/wp-content/themes/betheme/js/menu.js?ver=20.9.6 HTTP/1.1" 200 2449
65.154.226.167 - - [14/Jul/2022:21:00:50 -0500] "GET /portaldeninos/wp-includes/js/jquery/ui/sortable.min.js?ver=1.11.4 HTTP/1.1" 200 24899
65.154.226.167 - - [14/Jul/2022:21:00:49 -0500] "GET /portaldeninos/wp-includes/js/jquery/jquery.js?ver=1.12.4 HTTP/1.1" 200 97184
65.154.226.167 - - [14/Jul/2022:21:00:51 -0500] "GET /portaldeninos/wp-content/themes/betheme/assets/jplayer/jplayer.min.js?ver=20.9.6 HTTP/1.1" 200 52702
65.154.226.167 - - [14/Jul/2022:21:00:52 -0500] "GET /portaldeninos/wp-includes/js/wp-embed.min.js?ver=4.9.8 HTTP/1.1" 200 1398
65.154.226.167 - - [14/Jul/2022:21:00:52 -0500] "GET /portaldeninos/wp-content/themes/betheme/assets/animations/animations.min.js?ver=20.9.6 HTTP/1.1" 200 1896
65.154.226.167 - - [14/Jul/2022:21:00:52 -0500] "GET /portaldeninos/wp-content/themes/betheme/fonts/mfn-icons.woff?93978679 HTTP/1.1" 200 80932
65.154.226.167 - - [14/Jul/2022:21:00:51 -0500] "GET /portaldeninos/wp-content/themes/betheme/js/scripts.js?ver=20.9.6 HTTP/1.1" 200 77162
65.154.226.167 - - [14/Jul/2022:21:00:52 -0500] "GET /portaldeninos/wp-content/themes/betheme/images/box_shadow.png HTTP/1.1" 200 108
65.154.226.167 - - [14/Jul/2022:21:00:52 -0500] "GET /portaldeninos/wp-includes/js/wp-emoji-release.min.js?ver=4.9.8 HTTP/1.1" 200 12026
65.154.226.167 - - [14/Jul/2022:21:00:52 -0500] "GET /portaldeninos/wp-content/themes/betheme/fonts/mfn-icons.ttf?93978679 HTTP/1.1" 200 87105
65.154.226.167 - - [14/Jul/2022:21:00:51 -0500] "GET /portaldeninos/wp-content/themes/betheme/js/plugins.js?ver=20.9.6 HTTP/1.1" 200 197151
172.22.2.4 - - [14/Jul/2022:21:01:21 -0500] "GET /BLA/boletinlegal/robots.txt HTTP/1.1" 404 1038
172.22.2.4 - - [14/Jul/2022:21:01:21 -0500] "GET /BLA/boletinlegal/jurisprudencia/analisis/AnalisisT-146-16.docx HTTP/1.1" 304 -
172.22.2.4 - - [14/Jul/2022:21:01:09 -0500] "GET /BLA/boletinlegal/ HTTP/1.1" 200 20427
66.249.79.115 - - [14/Jul/2022:21:01:35 -0500] "-" 408 -
190.0.241.186 - - [14/Jul/2022:21:01:43 -0500] "GET /BLA/resoluciones/RESOLUCIONES%202018/0040.pdf HTTP/1.1" 200 355991
190.0.241.186 - - [14/Jul/2022:21:01:43 -0500] "GET /BLA/resoluciones/RESOLUCIONES%202018/0040.pdf HTTP/1.1" 200 355991
190.0.241.186 - - [14/Jul/2022:21:01:43 -0500] "GET /BLA/resoluciones/RESOLUCIONES%202018/0040.pdf HTTP/1.1" 206 1025
190.0.241.186 - - [14/Jul/2022:21:01:44 -0500] "GET /BLA/resoluciones/RESOLUCIONES%202018/0040.pdf HTTP/1.1" 206 3072
190.0.241.186 - - [14/Jul/2022:21:01:44 -0500] "GET /BLA/resoluciones/RESOLUCIONES%202018/0040.pdf HTTP/1.1" 206 351894
186.144.105.118 - - [14/Jul/2022:21:02:26 -0500] "GET /galeria/galeria/jquery.fancybox.js?v=2.1.5 HTTP/1.1" 200 48706
186.144.105.118 - - [14/Jul/2022:21:02:26 -0500] "GET /BLA/boletinlegal/js/jquery.scrollShow.js HTTP/1.1" 200 4586
186.144.105.118 - - [14/Jul/2022:21:02:26 -0500] "GET /galeria/galeria/jquery.fancybox.css?v=2.1.5 HTTP/1.1" 200 4895
201.245.192.253 - - [14/Jul/2022:21:02:53 -0500] "POST /kwsrmcab/Wsrmcab  HTTP/1.1" 200 45562
181.54.147.88 - - [14/Jul/2022:21:03:12 -0500] "GET /BLA/resoluciones/AUTOS%202014/2903.pdf HTTP/1.1" 200 2374819
216.245.221.92 - - [14/Jul/2022:21:03:14 -0500] "HEAD / HTTP/1.1" 200 -
195.246.120.111 - - [14/Jul/2022:21:04:29 -0500] "GET / HTTP/1.1" 200 319
172.22.2.4 - - [14/Jul/2022:21:03:04 -0500] "HEAD /BLA/boletinlegal/ HTTP/1.1" 200 -
190.0.241.186 - - [14/Jul/2022:21:05:22 -0500] "GET /BLA/resoluciones/RESOLUCIONES%202018/0342.pdf HTTP/1.1" 200 408644
190.0.241.186 - - [14/Jul/2022:21:05:22 -0500] "GET /BLA/resoluciones/RESOLUCIONES%202018/0342.pdf HTTP/1.1" 200 408644
190.0.241.186 - - [14/Jul/2022:21:05:22 -0500] "GET /BLA/resoluciones/RESOLUCIONES%202018/0342.pdf HTTP/1.1" 206 1025
190.0.241.186 - - [14/Jul/2022:21:05:22 -0500] "GET /BLA/resoluciones/RESOLUCIONES%202018/0342.pdf HTTP/1.1" 206 3072
190.0.241.186 - - [14/Jul/2022:21:05:23 -0500] "GET /BLA/resoluciones/RESOLUCIONES%202018/0342.pdf HTTP/1.1" 206 404547
172.22.2.4 - - [14/Jul/2022:21:04:09 -0500] "GET /BLA/boletinlegal/ HTTP/1.1" 200 55561
172.22.2.4 - - [14/Jul/2022:21:05:18 -0500] "GET /BLA/boletinlegal/ HTTP/1.1" 200 51166
172.22.2.4 - - [14/Jul/2022:21:05:19 -0500] "GET /BLA/boletinlegal/ HTTP/1.1" 200 51166
201.245.192.253 - - [14/Jul/2022:21:07:52 -0500] "POST /kwsrmcab/Wsrmcab  HTTP/1.1" 200 45562
216.245.221.92 - - [14/Jul/2022:21:08:13 -0500] "HEAD / HTTP/1.1" 200 -
201.245.192.253 - - [14/Jul/2022:21:12:51 -0500] "POST /kwsrmcab/Wsrmcab  HTTP/1.1" 200 45562
198.74.59.35 - - [14/Jul/2022:21:13:03 -0500] "GET /BLA/boletinlegal/js/jquery.scrollShow.js HTTP/1.1" 200 4586
198.74.59.35 - - [14/Jul/2022:21:13:03 -0500] "GET /galeria/galeria/jquery.fancybox.js?v=2.1.5 HTTP/1.1" 200 48706
198.74.59.35 - - [14/Jul/2022:21:13:03 -0500] "GET /galeria/galeria/jquery.fancybox.css?v=2.1.5 HTTP/1.1" 200 4895
172.22.2.4 - - [14/Jul/2022:21:13:08 -0500] "GET /BLA/boletinlegal/favicon.ico HTTP/1.1" 404 1018
216.245.221.92 - - [14/Jul/2022:21:13:13 -0500] "HEAD / HTTP/1.1" 200 -
172.22.2.4 - - [14/Jul/2022:21:12:04 -0500] "GET /BLA/boletinlegal/ HTTP/1.1" 200 63618
172.22.2.4 - - [14/Jul/2022:21:15:19 -0500] "GET /BLA/boletinlegal/owa/auth/logon.aspx?url=https%3a%2f%2f1%2fecp%2f HTTP/1.1" 404 1018
165.227.179.201 - - [14/Jul/2022:21:16:11 -0500] "GET /_profiler/phpinfo HTTP/1.1" 404 1018
165.227.179.201 - - [14/Jul/2022:21:16:11 -0500] "GET /phpinfo.php HTTP/1.1" 404 1018
165.227.179.201 - - [14/Jul/2022:21:16:11 -0500] "GET /phpinfo HTTP/1.1" 404 1018
165.227.179.201 - - [14/Jul/2022:21:16:11 -0500] "GET /aws.yml HTTP/1.1" 404 1018
165.227.179.201 - - [14/Jul/2022:21:16:11 -0500] "GET /.env.bak HTTP/1.1" 404 1018
165.227.179.201 - - [14/Jul/2022:21:16:12 -0500] "GET /info.php HTTP/1.1" 404 1018
165.227.179.201 - - [14/Jul/2022:21:16:12 -0500] "GET /.aws/credentials HTTP/1.1" 404 1018
165.227.179.201 - - [14/Jul/2022:21:16:12 -0500] "GET / HTTP/1.1" 200 319
165.227.179.201 - - [14/Jul/2022:21:16:12 -0500] "GET /config/aws.yml HTTP/1.1" 404 1018
165.227.179.201 - - [14/Jul/2022:21:16:12 -0500] "GET / HTTP/1.1" 200 319
165.227.179.201 - - [14/Jul/2022:21:16:13 -0500] "GET /config.js HTTP/1.1" 404 1018
40.77.167.66 - - [14/Jul/2022:21:17:27 -0500] "GET /BLA/resoluciones/AUTOS%202021/2545.pdf HTTP/1.1" 200 524402
207.46.13.39 - - [14/Jul/2022:21:17:36 -0500] "GET /siipev/Diseno%20de%20Elementos%20de%20Mobiliario%20Urbano/Diseno%20pertenecientes%20al%20mobiliario%20urbano%20M10-M160/PARTE%20A/Dise%C3%B1o%20de%20Elementos%20M-131.pdf HTTP/1.1" 200 1348523
172.22.2.4 - - [14/Jul/2022:21:17:45 -0500] "GET /BLA/boletinlegal/jurisprudencia/analisis/AnalisisT-606-15.docx HTTP/1.1" 200 26698
172.22.2.4 - - [14/Jul/2022:21:17:45 -0500] "GET /BLA/boletinlegal/apple-touch-icon-120x120-precomposed.png HTTP/1.1" 404 1140
172.22.2.4 - - [14/Jul/2022:21:17:45 -0500] "GET /BLA/boletinlegal/apple-touch-icon-120x120.png HTTP/1.1" 404 1140
172.22.2.4 - - [14/Jul/2022:21:17:45 -0500] "GET /BLA/boletinlegal/apple-touch-icon-precomposed.png HTTP/1.1" 404 1140
172.22.2.4 - - [14/Jul/2022:21:17:45 -0500] "GET /BLA/boletinlegal/apple-touch-icon.png HTTP/1.1" 404 1140
172.22.2.4 - - [14/Jul/2022:21:17:46 -0500] "GET /BLA/boletinlegal/favicon.ico HTTP/1.1" 404 1140
172.22.2.4 - - [14/Jul/2022:21:17:46 -0500] "GET /BLA/boletinlegal/apple-touch-icon-120x120-precomposed.png HTTP/1.1" 404 1140
172.22.2.4 - - [14/Jul/2022:21:17:46 -0500] "GET /BLA/boletinlegal/apple-touch-icon-120x120.png HTTP/1.1" 404 1140
172.22.2.4 - - [14/Jul/2022:21:17:46 -0500] "GET /BLA/boletinlegal/apple-touch-icon-precomposed.png HTTP/1.1" 404 1140
172.22.2.4 - - [14/Jul/2022:21:17:46 -0500] "GET /BLA/boletinlegal/apple-touch-icon.png HTTP/1.1" 404 1140
172.22.2.4 - - [14/Jul/2022:21:17:46 -0500] "GET /BLA/boletinlegal/favicon.ico HTTP/1.1" 404 1140
201.245.192.253 - - [14/Jul/2022:21:17:50 -0500] "POST /kwsrmcab/Wsrmcab  HTTP/1.1" 200 45562
216.245.221.92 - - [14/Jul/2022:21:18:13 -0500] "HEAD / HTTP/1.1" 200 -
172.22.2.4 - - [14/Jul/2022:21:17:04 -0500] "HEAD /BLA/boletinlegal/ HTTP/1.1" 200 -
172.22.2.4 - - [14/Jul/2022:21:17:54 -0500] "GET /BLA/boletinlegal/ HTTP/1.1" 200 56911
186.30.75.38 - - [14/Jul/2022:21:19:50 -0500] "GET /BLA/resoluciones/index.php?dir=AUTOS+2014%2F HTTP/1.1" 200 12235
186.30.75.38 - - [14/Jul/2022:21:19:50 -0500] "GET /BLA/resoluciones/index.php?dir=AUTOS+2014%2F HTTP/1.1" 200 875367
201.245.192.253 - - [14/Jul/2022:21:20:53 -0500] "POST /kwsrmcab/Wsrmcab HTTP/1.1" 200 44921
201.245.192.253 - - [14/Jul/2022:21:20:56 -0500] "POST /kwsrmcab/Wsrmcab HTTP/1.1" 200 47560
207.46.13.39 - - [14/Jul/2022:21:21:28 -0500] "GET /BLA/resoluciones/RESOLUCIONES%202021/1179.pdf HTTP/1.1" 304 -
201.245.192.253 - - [14/Jul/2022:21:22:49 -0500] "POST /kwsrmcab/Wsrmcab  HTTP/1.1" 200 45562
216.245.221.92 - - [14/Jul/2022:21:23:13 -0500] "HEAD / HTTP/1.1" 200 -
172.22.2.4 - - [14/Jul/2022:21:22:54 -0500] "HEAD /BLA/boletinlegal/ HTTP/1.1" 200 -
172.22.2.4 - - [14/Jul/2022:21:23:44 -0500] "GET /BLA/boletinlegal/ HTTP/1.1" 200 56911
201.245.192.253 - - [14/Jul/2022:21:27:48 -0500] "POST /kwsrmcab/Wsrmcab  HTTP/1.1" 200 45562
216.245.221.92 - - [14/Jul/2022:21:28:13 -0500] "HEAD / HTTP/1.1" 200 -
172.22.2.4 - - [14/Jul/2022:21:28:44 -0500] "HEAD /BLA/boletinlegal/ HTTP/1.1" 200 -
186.80.52.47 - - [14/Jul/2022:21:30:27 -0500] "GET /kwssiamovil/sm/acme/u?s=U2FsdGVkX1+cefuXMOcRn+GyOijDfHjOoQZhfKz+m8nQ2dIK3kCT6mNxejG4z0JxKeKfVMCWipp/2K9FZByiQBg3TkipFr4/md/1ZrhzAtrPDuHkQYb49ljwIJjvmg6MF5+8JwtOYqMFu044inXcWQ==&u=U2FsdGVkX1/u5ZaaWIJTSHMgcnvaoMzZJ4naxvqe9J8=&y=U2FsdGVkX1/xBLSWWAn100BQe9hHL+jq3RFuM59XF0U= HTTP/1.1" 200 60
185.119.81.107 - - [14/Jul/2022:21:30:50 -0500] "GET /portaldeninos/wp-login.php HTTP/1.1" 200 2592
185.119.81.107 - - [14/Jul/2022:21:30:51 -0500] "POST /portaldeninos/wp-login.php HTTP/1.1" 200 3605
201.245.192.253 - - [14/Jul/2022:21:30:52 -0500] "POST /kwsrmcab/Wsrmcab HTTP/1.1" 200 44921
201.245.192.253 - - [14/Jul/2022:21:30:56 -0500] "POST /kwsrmcab/Wsrmcab HTTP/1.1" 200 47560
172.22.2.4 - - [14/Jul/2022:21:29:34 -0500] "GET /BLA/boletinlegal/ HTTP/1.1" 200 58866
207.46.13.3 - - [14/Jul/2022:21:32:41 -0500] "GET /images/SDQS.jpg HTTP/1.1" 200 47976
201.245.192.253 - - [14/Jul/2022:21:32:46 -0500] "POST /kwsrmcab/Wsrmcab  HTTP/1.1" 200 45562
216.245.221.92 - - [14/Jul/2022:21:33:13 -0500] "HEAD / HTTP/1.1" 200 -
186.112.25.236 - - [14/Jul/2022:21:33:19 -0500] "GET /BLA/resoluciones/index.php?dir= HTTP/1.1" 200 13093
186.112.25.236 - - [14/Jul/2022:21:33:22 -0500] "GET /BLA/resoluciones/index.php?dir=AUTOS+2018%2F HTTP/1.1" 200 435948
185.119.81.104 - - [14/Jul/2022:21:34:23 -0500] "GET /portaldeninos/wp-login.php HTTP/1.1" 200 2592
185.119.81.104 - - [14/Jul/2022:21:34:24 -0500] "POST /portaldeninos/wp-login.php HTTP/1.1" 200 3605
172.22.2.4 - - [14/Jul/2022:21:34:30 -0500] "GET /BLA/boletinlegal/ HTTP/1.1" 200 49942
172.22.2.4 - - [14/Jul/2022:21:34:34 -0500] "HEAD /BLA/boletinlegal/ HTTP/1.1" 200 -
192.241.207.129 - - [14/Jul/2022:21:36:22 -0500] "GET / HTTP/1.1" 200 319
3.135.247.70 - - [14/Jul/2022:21:36:23 -0500] "GET /galeria/galeria/fotos/GuaymaralTorca4G.jpg HTTP/1.1" 200 373786
3.135.247.70 - - [14/Jul/2022:21:36:40 -0500] "GET /galeria/galeria/fotos/Humedal-la-conejera2P.jpg HTTP/1.1" 200 31007
172.22.2.4 - - [14/Jul/2022:21:35:24 -0500] "GET /BLA/boletinlegal/ HTTP/1.1" 200 54767
185.119.81.107 - - [14/Jul/2022:21:37:30 -0500] "GET /portaldeninos/wp-login.php HTTP/1.1" 200 2592
185.119.81.107 - - [14/Jul/2022:21:37:31 -0500] "POST /portaldeninos/wp-login.php HTTP/1.1" 200 3605
201.245.192.253 - - [14/Jul/2022:21:37:45 -0500] "POST /kwsrmcab/Wsrmcab  HTTP/1.1" 200 45562
216.245.221.92 - - [14/Jul/2022:21:38:13 -0500] "HEAD / HTTP/1.1" 200 -
172.22.2.4 - - [14/Jul/2022:21:38:16 -0500] "GET /BLA/boletinlegal/Circulares/2019/.pdf HTTP/1.1" 404 1218
74.201.28.77 - - [14/Jul/2022:21:38:57 -0500] "POST /boaform/admin/formLogin HTTP/1.1" 404 1186
31.13.127.19 - - [14/Jul/2022:21:39:19 -0500] "GET /dos-animales-silvestres-carne-y-huevos-de-tortuga-fueron-recuperados-en-semana-santa.html HTTP/1.1" 206 1092
201.245.192.253 - - [14/Jul/2022:21:40:52 -0500] "POST /kwsrmcab/Wsrmcab HTTP/1.1" 200 44921
201.245.192.253 - - [14/Jul/2022:21:40:55 -0500] "POST /kwsrmcab/Wsrmcab HTTP/1.1" 200 47560
173.252.111.21 - - [14/Jul/2022:21:41:17 -0500] "GET /images/jardines-verticales-4-marzo.jpg HTTP/1.1" 200 54804
172.22.2.4 - - [14/Jul/2022:21:40:24 -0500] "HEAD /BLA/boletinlegal/ HTTP/1.1" 200 -
201.245.192.253 - - [14/Jul/2022:21:42:44 -0500] "POST /kwsrmcab/Wsrmcab  HTTP/1.1" 200 45562
172.22.2.4 - - [14/Jul/2022:21:41:14 -0500] "GET /BLA/boletinlegal/ HTTP/1.1" 200 55166
216.245.221.92 - - [14/Jul/2022:21:43:13 -0500] "HEAD / HTTP/1.1" 200 -
191.156.186.153 - - [14/Jul/2022:21:43:39 -0500] "GET /BLA/resoluciones/RESOLUCIONES%202021/5262.pdf HTTP/1.1" 200 370932
191.156.183.67 - - [14/Jul/2022:21:43:40 -0500] "GET /favicon.ico HTTP/1.1" 200 7782
185.119.81.107 - - [14/Jul/2022:21:44:52 -0500] "GET /portaldeninos/wp-login.php HTTP/1.1" 200 2592
185.119.81.107 - - [14/Jul/2022:21:44:53 -0500] "POST /portaldeninos/wp-login.php HTTP/1.1" 200 3670
185.119.81.107 - - [14/Jul/2022:21:45:03 -0500] "GET /portaldeninos/wp-login.php HTTP/1.1" 200 2592
185.119.81.107 - - [14/Jul/2022:21:45:04 -0500] "POST /portaldeninos/wp-login.php HTTP/1.1" 200 3605
172.22.2.4 - - [14/Jul/2022:21:46:37 -0500] "GET /BLA/boletinlegal/style.css HTTP/1.1" 200 9406
172.22.2.4 - - [14/Jul/2022:21:46:37 -0500] "GET /BLA/boletinlegal/js/jquery.js HTTP/1.1" 200 57254
172.22.2.4 - - [14/Jul/2022:21:46:37 -0500] "GET /BLA/boletinlegal/styles2.css HTTP/1.1" 200 1838
172.22.2.4 - - [14/Jul/2022:21:46:37 -0500] "GET /BLA/boletinlegal/js/jquery.scrollTo-min.js HTTP/1.1" 200 1150
172.22.2.4 - - [14/Jul/2022:21:46:37 -0500] "GET /BLA/boletinlegal/js/jquery.scrollShow.js HTTP/1.1" 200 4586
172.22.2.4 - - [14/Jul/2022:21:46:37 -0500] "GET /BLA/boletinlegal/images/cabezote%20BLEGAL.jpg HTTP/1.1" 200 118164
172.22.2.4 - - [14/Jul/2022:21:46:37 -0500] "GET /BLA/boletinlegal/images/subscribe-icon-big.png HTTP/1.1" 200 47702
172.22.2.4 - - [14/Jul/2022:21:46:37 -0500] "GET /BLA/boletinlegal/images/historia.png HTTP/1.1" 200 52775
172.22.2.4 - - [14/Jul/2022:21:46:37 -0500] "GET /BLA/boletinlegal/images/registro-usuarios.png HTTP/1.1" 200 8106
172.22.2.4 - - [14/Jul/2022:21:46:37 -0500] "GET /BLA/boletinlegal/images/arr_l.jpg HTTP/1.1" 200 1979
172.22.2.4 - - [14/Jul/2022:21:46:37 -0500] "GET /BLA/boletinlegal/images/body_bg.jpg HTTP/1.1" 200 1601
172.22.2.4 - - [14/Jul/2022:21:46:37 -0500] "GET /BLA/boletinlegal/images/screen_1.png HTTP/1.1" 200 202547
172.22.2.4 - - [14/Jul/2022:21:46:37 -0500] "GET /BLA/boletinlegal/images/launch.jpg HTTP/1.1" 200 14577
172.22.2.4 - - [14/Jul/2022:21:46:37 -0500] "GET /BLA/boletinlegal/images/hover.jpg HTTP/1.1" 200 640
172.22.2.4 - - [14/Jul/2022:21:46:37 -0500] "GET /BLA/boletinlegal/images/menu_rght.gif HTTP/1.1" 200 1627
172.22.2.4 - - [14/Jul/2022:21:46:37 -0500] "GET /BLA/boletinlegal/images/bg_top.jpg HTTP/1.1" 200 522
172.22.2.4 - - [14/Jul/2022:21:46:37 -0500] "GET /BLA/boletinlegal/images/menu_bg.jpg HTTP/1.1" 200 620
172.22.2.4 - - [14/Jul/2022:21:46:37 -0500] "GET /BLA/boletinlegal/images/text.jpg HTTP/1.1" 200 568
172.22.2.4 - - [14/Jul/2022:21:46:37 -0500] "GET /BLA/boletinlegal/images/menu_lft.gif HTTP/1.1" 200 1713
172.22.2.4 - - [14/Jul/2022:21:46:39 -0500] "GET /BLA/boletinlegal/normativa.php HTTP/1.1" 200 8326
172.22.2.4 - - [14/Jul/2022:21:46:39 -0500] "GET /BLA/boletinlegal/js/ajax_normativa.js HTTP/1.1" 200 1154
172.22.2.4 - - [14/Jul/2022:21:46:39 -0500] "GET /BLA/boletinlegal/niceforms.js HTTP/1.1" 200 22876
172.22.2.4 - - [14/Jul/2022:21:46:39 -0500] "GET /BLA/boletinlegal/niceforms-default.css HTTP/1.1" 200 6694
172.22.2.4 - - [14/Jul/2022:21:46:39 -0500] "GET /BLA/boletinlegal/images/abajo.png HTTP/1.1" 200 96676
172.22.2.4 - - [14/Jul/2022:21:46:39 -0500] "GET /BLA/boletinlegal/images/tel.png HTTP/1.1" 200 14477
172.22.2.4 - - [14/Jul/2022:21:46:39 -0500] "GET /BLA/boletinlegal/images/icono-email.png HTTP/1.1" 200 5544
172.22.2.4 - - [14/Jul/2022:21:46:39 -0500] "GET /BLA/boletinlegal/images/footer_bg.jpg HTTP/1.1" 200 586
172.22.2.4 - - [14/Jul/2022:21:46:39 -0500] "GET /BLA/boletinlegal/images/footer_bg_l.jpg HTTP/1.1" 200 776
172.22.2.4 - - [14/Jul/2022:21:46:39 -0500] "GET /BLA/boletinlegal/img/0.png HTTP/1.1" 200 110
172.22.2.4 - - [14/Jul/2022:21:46:39 -0500] "GET /BLA/boletinlegal/img/select-left.png HTTP/1.1" 200 263
172.22.2.4 - - [14/Jul/2022:21:46:39 -0500] "GET /BLA/boletinlegal/img/button-left.png HTTP/1.1" 200 57071
172.22.2.4 - - [14/Jul/2022:21:46:39 -0500] "GET /BLA/boletinlegal/img/select-right.png HTTP/1.1" 200 44019
172.22.2.4 - - [14/Jul/2022:21:46:39 -0500] "GET /BLA/boletinlegal/img/button.png HTTP/1.1" 200 43241
172.22.2.4 - - [14/Jul/2022:21:46:39 -0500] "GET /BLA/boletinlegal/img/button-right.png HTTP/1.1" 200 57878
172.22.2.4 - - [14/Jul/2022:21:46:39 -0500] "GET /BLA/boletinlegal/favicon.ico HTTP/1.1" 404 1334
172.22.2.4 - - [14/Jul/2022:21:46:55 -0500] "GET /BLA/boletinlegal/norma_menu.php HTTP/1.1" 200 6318
172.22.2.4 - - [14/Jul/2022:21:46:55 -0500] "GET /BLA/boletinlegal/js/ajax.js HTTP/1.1" 200 772
172.22.2.4 - - [14/Jul/2022:21:46:55 -0500] "GET /BLA/boletinlegal/swfobject.js HTTP/1.1" 200 9763
172.22.2.4 - - [14/Jul/2022:21:46:55 -0500] "GET /BLA/boletinlegal/js/popup.js HTTP/1.1" 200 1270
172.22.2.4 - - [14/Jul/2022:21:46:55 -0500] "GET /BLA/boletinlegal/js/lib.js HTTP/1.1" 200 6474
172.22.2.4 - - [14/Jul/2022:21:46:55 -0500] "GET /BLA/boletinlegal/js/jquery1.js HTTP/1.1" 200 29846
172.22.2.4 - - [14/Jul/2022:21:46:55 -0500] "GET /BLA/boletinlegal/images/signo-mas.gif HTTP/1.1" 200 13689
172.22.2.4 - - [14/Jul/2022:21:46:56 -0500] "GET /BLA/boletinlegal/images/signo-menos.gif HTTP/1.1" 200 13454
172.22.2.4 - - [14/Jul/2022:21:46:56 -0500] "GET /BLA/boletinlegal/images/nuevo.gif HTTP/1.1" 200 26475
172.22.2.4 - - [14/Jul/2022:21:46:56 -0500] "GET /BLA/boletinlegal/images/img_3.jpg HTTP/1.1" 200 1841
172.22.2.4 - - [14/Jul/2022:21:47:05 -0500] "GET /BLA/boletinlegal/actos.php HTTP/1.1" 200 9559
172.22.2.4 - - [14/Jul/2022:21:47:05 -0500] "GET /BLA/boletinlegal/js/ajax_actos.js HTTP/1.1" 200 1322
172.22.2.4 - - [14/Jul/2022:21:47:05 -0500] "GET /BLA/boletinlegal/images/green-yellow-blue-pink-th.png HTTP/1.1" 200 7394
172.22.2.4 - - [14/Jul/2022:21:46:37 -0500] "GET /BLA/boletinlegal/ HTTP/1.1" 200 24523
201.245.192.253 - - [14/Jul/2022:21:47:43 -0500] "POST /kwsrmcab/Wsrmcab  HTTP/1.1" 200 45562
172.22.2.4 - - [14/Jul/2022:21:46:13 -0500] "HEAD /BLA/boletinlegal/ HTTP/1.1" 200 -
172.22.2.4 - - [14/Jul/2022:21:47:04 -0500] "GET /BLA/boletinlegal/index.php HTTP/1.1" 200 24523
172.22.2.4 - - [14/Jul/2022:21:48:08 -0500] "GET /BLA/boletinlegal/images/green-yellow-blue-pink-th.png HTTP/1.1" 200 7394
216.245.221.92 - - [14/Jul/2022:21:48:13 -0500] "HEAD / HTTP/1.1" 200 -
172.22.2.4 - - [14/Jul/2022:21:47:04 -0500] "GET /BLA/boletinlegal/ HTTP/1.1" 200 52424
201.245.192.253 - - [14/Jul/2022:21:52:41 -0500] "POST /kwsrmcab/Wsrmcab  HTTP/1.1" 200 45562
216.245.221.92 - - [14/Jul/2022:21:53:13 -0500] "HEAD / HTTP/1.1" 200 -
172.22.2.4 - - [14/Jul/2022:21:52:03 -0500] "HEAD /BLA/boletinlegal/ HTTP/1.1" 200 -
172.22.2.4 - - [14/Jul/2022:21:52:54 -0500] "GET /BLA/boletinlegal/ HTTP/1.1" 200 60992
186.102.25.135 - - [14/Jul/2022:21:55:09 -0500] "GET /kwssiamovil/sm/acme/u?s=U2FsdGVkX183XZIK5keBMbqbYX4tT0HxdN9nhChW1CJ0Z9F4LPUWxXP9i8sWXL/meElZAwrtk4J0bjWSaS5Jew0UMg/qr2i/SnARE6i0Pu7uX4nrScMyXSWOAAM5IWLoihxtZ94ihshXxiOAhDgrgg==&u=U2FsdGVkX18b7O7fi9CPtTihzY9p0vO69Nb7/C4SBAWUZ3TgJ2+YDvc1NHsbPsnQ&y=U2FsdGVkX198rLlZzBpe99buVnGba0BvmcVtJ8YuLhuSjs9XB4IAip/oqETjcyTp HTTP/1.1" 200 60
186.102.25.135 - - [14/Jul/2022:21:55:43 -0500] "GET /kwssiamovil/sm/acme/u?s=U2FsdGVkX18AMrWo7ISaZZ5k7IVJqgvH92R2MJODYTrzZXWqwnhhyZXcaFzWD1fxj65IMSYST9JHu4Tu1gHB/DUP/9zeEg142y4mzRee5PcKMog2hAngHk4Vrm12lYh5aW5p2FQv2rq2bMZ9QKESog==&u=U2FsdGVkX18b7O7fi9CPtTihzY9p0vO69Nb7/C4SBAWUZ3TgJ2+YDvc1NHsbPsnQ&y=U2FsdGVkX198rLlZzBpe99buVnGba0BvmcVtJ8YuLhuSjs9XB4IAip/oqETjcyTp HTTP/1.1" 200 60
186.102.25.135 - - [14/Jul/2022:21:56:03 -0500] "GET /kwssiamovil/sm/acme/u?s=U2FsdGVkX1/KBxW0r2CQZ+DpuUjKi7/EQa1wDvRhV7Fm763fG1S1uQDy2ygiSmmDNQXM8nm0rCrr6l/CYjd9Cf6h4E8nrNF386Sw6BV0bAFbmp8nV6xOtniABnXiYARAy4GtY3fo5eOduICB70iLxg==&u=U2FsdGVkX18b7O7fi9CPtTihzY9p0vO69Nb7/C4SBAWUZ3TgJ2+YDvc1NHsbPsnQ&y=U2FsdGVkX198rLlZzBpe99buVnGba0BvmcVtJ8YuLhuSjs9XB4IAip/oqETjcyTp HTTP/1.1" 200 60
186.102.25.135 - - [14/Jul/2022:21:56:19 -0500] "GET /kwssiamovil/sm/acme/u?s=U2FsdGVkX18U1F9rU1pvvQ0zOphtk9PaaZjZ3Rk3zcZ3msQ4GmNpKyNpFL54sYpZz9/FaJ0qbEnAskvPH0zh6NwtM/ZoVGjfZ80CCGOzlgGE+Q6cvpUUdgejyklt8yUvWere47rv5LARH67RkdFoGg==&u=U2FsdGVkX18b7O7fi9CPtTihzY9p0vO69Nb7/C4SBAWUZ3TgJ2+YDvc1NHsbPsnQ&y=U2FsdGVkX198rLlZzBpe99buVnGba0BvmcVtJ8YuLhuSjs9XB4IAip/oqETjcyTp HTTP/1.1" 200 60
201.245.192.253 - - [14/Jul/2022:21:56:51 -0500] "GET /kwsrmcab/Wsrmcab?wsdl HTTP/1.1" 200 6948
186.102.25.135 - - [14/Jul/2022:21:56:54 -0500] "GET /kwssiamovil/sm/acme/u?s=U2FsdGVkX18UBwEjMZipOtaROCT3Veiko39xz2wOyA1DGoCREeyxZDVUQObyfn0t/aYvpTs0FvE+sipEJ3Vw5VJXFeIxHfceEohTTK0FjHtBv8lSYrMmaO1BAjBN58nfTwvOe8KwrSkCTGHHnp1/5A==&u=U2FsdGVkX18b7O7fi9CPtTihzY9p0vO69Nb7/C4SBAWUZ3TgJ2+YDvc1NHsbPsnQ&y=U2FsdGVkX198rLlZzBpe99buVnGba0BvmcVtJ8YuLhuSjs9XB4IAip/oqETjcyTp HTTP/1.1" 200 60
172.22.2.4 - - [14/Jul/2022:21:56:29 -0500] "GET /BLA/boletinlegal/ HTTP/1.1" 200 24523
186.102.25.135 - - [14/Jul/2022:21:57:25 -0500] "GET /kwssiamovil/sm/acme/u?s=U2FsdGVkX1/KmKsfKKaFhauK/Wmt8pC++w6f7Nh5vV6Yw7QllKk+NFuQRiVbfVpZfaVsxTVTBc7Yd9YagBcwwsDTcRLqakwmUyaaKawbIXsG5B5eiFii9JDI3AJ4FlmbrVfR92yeCykz7ohekzZQYA==&u=U2FsdGVkX18b7O7fi9CPtTihzY9p0vO69Nb7/C4SBAWUZ3TgJ2+YDvc1NHsbPsnQ&y=U2FsdGVkX198rLlZzBpe99buVnGba0BvmcVtJ8YuLhuSjs9XB4IAip/oqETjcyTp HTTP/1.1" 200 60
186.102.25.135 - - [14/Jul/2022:21:57:41 -0500] "GET /kwssiamovil/sm/acme/u?s=U2FsdGVkX1/O/c4ezHUlaCik4b2w/symmHhwgQCMfrGCZKxBhbiZzbt2/Tagj58lOOzN9jbZuoZlQsrzmms4tQeXUlu6hOVAXs7nk71SzID2KrmJ9krFRPUUHyUn7C0GqISCxKcJyjhTZgxfvgP7ZQ==&u=U2FsdGVkX18b7O7fi9CPtTihzY9p0vO69Nb7/C4SBAWUZ3TgJ2+YDvc1NHsbPsnQ&y=U2FsdGVkX198rLlZzBpe99buVnGba0BvmcVtJ8YuLhuSjs9XB4IAip/oqETjcyTp HTTP/1.1" 200 60
201.245.192.253 - - [14/Jul/2022:21:57:40 -0500] "POST /kwsrmcab/Wsrmcab  HTTP/1.1" 200 45562
201.245.192.253 - - [14/Jul/2022:21:57:46 -0500] "POST /kwsrmcab/Wsrmcab HTTP/1.1" 200 213
186.102.25.135 - - [14/Jul/2022:21:58:10 -0500] "GET /kwssiamovil/sm/acme/u?s=U2FsdGVkX1+9k7Q6Xq9ROncvGXIzteg2/SYNMLLCgpC3/5LuxEBX1WPQJk5n6NbivGSlS1C6VGI6Xgkj0gRlMKwQikQWnhOwVdsgKq7wz2lgeezKSpRPdQEFnSJcbfiSwOw0zh1naBrVBCVt1JKs9w==&u=U2FsdGVkX18b7O7fi9CPtTihzY9p0vO69Nb7/C4SBAWUZ3TgJ2+YDvc1NHsbPsnQ&y=U2FsdGVkX198rLlZzBpe99buVnGba0BvmcVtJ8YuLhuSjs9XB4IAip/oqETjcyTp HTTP/1.1" 200 60
216.245.221.92 - - [14/Jul/2022:21:58:13 -0500] "HEAD / HTTP/1.1" 200 -
201.245.192.253 - - [14/Jul/2022:21:58:14 -0500] "POST /kwsrmcab/Wsrmcab HTTP/1.1" 200 213
186.102.25.135 - - [14/Jul/2022:21:58:33 -0500] "GET /kwssiamovil/sm/acme/u?s=U2FsdGVkX18ymgo8wSMlBsYNjuobC/IB+NFu0BZmkVz0UP+LqLDKWy/upPym+okSBFpK0dhOUJEnQhViyKRkREOdUbT0Mns9frvXKWJDCjR/p76ss3d6kalz5mDnw3GbNQZatpBWdtq+yhyof/AeIg==&u=U2FsdGVkX18b7O7fi9CPtTihzY9p0vO69Nb7/C4SBAWUZ3TgJ2+YDvc1NHsbPsnQ&y=U2FsdGVkX198rLlZzBpe99buVnGba0BvmcVtJ8YuLhuSjs9XB4IAip/oqETjcyTp HTTP/1.1" 200 60
201.245.192.253 - - [14/Jul/2022:21:58:42 -0500] "POST /kwsrmcab/Wsrmcab HTTP/1.1" 200 46937
186.102.25.135 - - [14/Jul/2022:21:59:02 -0500] "GET /kwssiamovil/sm/acme/u?s=U2FsdGVkX19aZz2Yq7HH1KEdgZXi334MjOvPD+KQKoTWmMBx+QJoED2HcbtJ6aDPKYB5dzc05SzPZmHaEAKZvabJZhl9yBa7vvaiukHaVtZeDMNdOftJlL9Tf/93P/683XGTH5x6vQJQKlOWAdiTfw==&u=U2FsdGVkX18b7O7fi9CPtTihzY9p0vO69Nb7/C4SBAWUZ3TgJ2+YDvc1NHsbPsnQ&y=U2FsdGVkX198rLlZzBpe99buVnGba0BvmcVtJ8YuLhuSjs9XB4IAip/oqETjcyTp HTTP/1.1" 200 60
185.119.81.104 - - [14/Jul/2022:21:59:26 -0500] "GET /portaldeninos/wp-login.php HTTP/1.1" 200 2592
185.119.81.104 - - [14/Jul/2022:21:59:27 -0500] "POST /portaldeninos/wp-login.php HTTP/1.1" 200 3670
172.22.2.4 - - [14/Jul/2022:21:57:53 -0500] "HEAD /BLA/boletinlegal/ HTTP/1.1" 200 -
172.22.2.4 - - [14/Jul/2022:21:58:44 -0500] "GET /BLA/boletinlegal/ HTTP/1.1" 200 58491
186.80.52.47 - - [14/Jul/2022:22:00:56 -0500] "OPTIONS /kwssiamovil/sm/setfile/f? HTTP/1.1" 200 13
186.80.52.47 - - [14/Jul/2022:22:00:56 -0500] "POST /kwssiamovil/sm/setfile/f? HTTP/1.1" 200 381
186.80.52.47 - - [14/Jul/2022:22:01:00 -0500] "OPTIONS /kwssiamovil/sm/setfile/f? HTTP/1.1" 200 13
186.80.52.47 - - [14/Jul/2022:22:01:00 -0500] "POST /kwssiamovil/sm/setfile/f? HTTP/1.1" 200 381
186.80.52.47 - - [14/Jul/2022:22:01:10 -0500] "GET /kwssiamovil/sm/acme/a?s=U2FsdGVkX1/6948gUohCV+WQY93d8bZjsX4v3UisDU0xVtyyzI5usxJm8wbqi2WFyaHIQjIXRJpbn72RwQkJqLtX4g+8mFEUrsB8Yi5gq67WGw3fAEe4b6KjTxC45Elu9oDZhbaBet12guppHRBtbI4RFVmgpXbMObLwVMO42nUd+cwSJzynV9+9NLaqpgLJHth/jWEYygtNtGB3wlbk+KYCrMq/O/Iu8Pa2AHzmyuLX7w5/VhM6Ul1GP4DJwkDrpmVKmzbDNeREvXll7Ts5QQ==&u=U2FsdGVkX1/u5ZaaWIJTSHMgcnvaoMzZJ4naxvqe9J8=&y=U2FsdGVkX1/xBLSWWAn100BQe9hHL+jq3RFuM59XF0U= HTTP/1.1" 200 25
186.80.52.47 - - [14/Jul/2022:22:01:11 -0500] "GET /kwssiamovil/sm/acme/a?s=U2FsdGVkX1/rC3cYZKmiXH9mPSyI80CnAoAkoupEGfpu0nDm+qiW3pGDEDK355wqiryd4InNIow1Lkq8Id48FwOabSgiN9sPZOGWs/39Vl/U71fPnqoO3JII5uFjvq5iTEG5n/76IM0k6M9y5zTSBXbT0lFLeYnuLlqUsVggipRWWF0bIbC5TY/FyOb6yCKdg/smaTPzyosXkcoeCJ63X+Jpc2oTBviW4iW5X8WNa9tJh3k8YlgoYZDTG3204Vyqamd3Ebpc+SII5ArL5mbKnpY2JMc+x78qRgQrOF1JD+f/5sKe8v5+4I/gm0DFWhRV3MlCnFHjcB35ZixZveRbyl1G663P9TibwJCJBUDUuL8qwZRcS0q8vKFYF3nGCpsSL17/q9i2flppIapEbKoJOp3vDwM7FoTmvpRPgyYV2ug1VkKiQJqDTYBGN9ySpixhL7/c1OnVRQWrkjZk05xD80+2zFU6XTK0Vnpbm3se8N19tGvSVyA9DLY527bfLSNv/ONxyG0IkbJ/PCkEZP+j45Zi6T8o7YUTFLaJ2ynzQqN+9Uy1V51u4FzW3wao+4rRUf6deL+Zbu+HlGxpr23C7KP/sGc7IDc4Hj8lFYlh+hjGLjCXMFgkuCFbhjwc5t1bgPS3YGDc8aGF7TxCqtWU0W/KIvrZy1ztdchHepJzF6xlIkT8CjI13Nf/8F6zFti+tRivfctIRHdmBB5JQXvHC1S/mikvy+syNVq9a9iviQXGFQO5n4/dGVBslC+vHs9SshXcnxgGJiIe+xoDL2n7pAwBFE7XZohLegO0gHFSoe8E1f9Kk2BNDCpGgJcipyRABjvF8BbwtZTDt+3NuhegCyuIux9QVeVbPQF1M7mRFVFsMPTtGUT/+nVneGsKARUFqEZf931WiYoCRidL2M1eSPS2fFSFJZpLcPCL8xF63u16GNlANoNrD85GHn7VKSEsLm/GS0TSdKAwbUahCfw+kKj3zcHO/f7CmQ9zve99UjaeJ16lVgM+J8zKD8F/0WJZATnYuH+5da7KzjSs0X9FegVOVQXFrNJ6gdtED7FkBQR9SBdRJQ5sT/iZ95/vW+TMW4z9vs8Ng0cK82Projb8QSsLhO/cRI5qg14VI7wrIBkYmDor8oqVvAreYZFv3ol+nDUqYq3oIcSeoCJr3DFO/82iCgieZjnTWDdOdYWubKoZnNG9DjsdJnRba2JDIot4Lb6xUtmuRH2v0oSl81Frlvaam5nQvzaYNVJjyeoVzpgbycemIaIjME6Fs5W/BMK9tNLMPjuakEwjjL4+bcjLYPFT45s1FaqeLX6lYYWJXRvPdViZPQuefkY7x634OjTW5mihRFC8JK9MdEz9mYspUD/COKHhL83NfY/ZUADu4fMGpQzGB0/xIxj6YE1TdxAg5Pt6txd5ALWqr9Pxp/l6ZjB1NInvz39k7bqrtHM7ZXt3q3HQXbZq2dNsKW0wq2QP5O558hBOANHoGJc9irwQIL2pEJxh7Bp4hNOchv5NlGZMP1F1212JSitCSH5RDHEuAwqHlPknY3aEfTAofVvBTnfLf4as0tkCT3pvQFm1sXydkeBl8bxCpQZuo1y+iEQchS0KX2nb2wC9uAyBH7z9m/23bjSJNsnWjpjfQriyFulKMLWN9CuHULA4eVoiO7b7/M4mhRjDMArDFW9h7vmTkVczJAiUv0yRoR07VHrzLYdPBaSqBeKhd1hJ+Jh+yZnhDZJHIaYtm/MLfHUiOJeoZg==&u=U2FsdGVkX1/u5ZaaWIJTSHMgcnvaoMzZJ4naxvqe9J8=&y=U2FsdGVkX1/xBLSWWAn100BQe9hHL+jq3RFuM59XF0U= HTTP/1.1" 200 25
186.80.52.47 - - [14/Jul/2022:22:01:11 -0500] "GET /kwssiamovil/sm/acme/a?s=U2FsdGVkX18Yuir4x91USor3/ZIeWRmMzCxMUKfof8PMXFL7AHJ6ip8PtGDAXINXj3owdo0Y+NrXdV4P0/iKsSZQ2Dw53v6Xkd882WqQHoMraW2EHtzR0D6THWm3X+dy1ETRy+0yThfB+deLvKLe39Fu5B5gjfUKPt7P2DsufaI=&u=U2FsdGVkX1/u5ZaaWIJTSHMgcnvaoMzZJ4naxvqe9J8=&y=U2FsdGVkX1/xBLSWWAn100BQe9hHL+jq3RFuM59XF0U= HTTP/1.1" 200 25
186.80.52.47 - - [14/Jul/2022:22:01:11 -0500] "GET /kwssiamovil/sm/acme/a?s=U2FsdGVkX1/z1D5Q0VZkL1ZnojEw6y6Lw+5LwMpH1CHmMv3ywghe6mIi3Z1Z8HewXWM7hAsEmYm/QfwTbQlHu/V7nyfC2LAV0e56hEG/as20jxLdQDva5Aw2iWVmalgC81PJwgnCSiDP6g7gbF8ymvHZoORKwdJ7JCdKXYtP/7I=&u=U2FsdGVkX1/u5ZaaWIJTSHMgcnvaoMzZJ4naxvqe9J8=&y=U2FsdGVkX1/xBLSWWAn100BQe9hHL+jq3RFuM59XF0U= HTTP/1.1" 200 25
186.80.52.47 - - [14/Jul/2022:22:01:12 -0500] "GET /kwssiamovil/sm/acme/a?s=U2FsdGVkX19kp/Y/8T8EKlrPxePQU0QSzabskIO4FdqRV3ixm5eJyiJO953tr/xKGqalBV+Q7BXyXiIrTVAvQ+d8ds1iZafNmeEaYg/s3snjG6vlstCP1YnCrs7d1VOyvOkQrgKebuIUSGftXmjtRxybjLsqYJZRp1wNyaurRNQ=&u=U2FsdGVkX1/u5ZaaWIJTSHMgcnvaoMzZJ4naxvqe9J8=&y=U2FsdGVkX1/xBLSWWAn100BQe9hHL+jq3RFuM59XF0U= HTTP/1.1" 200 25
186.80.52.47 - - [14/Jul/2022:22:01:12 -0500] "GET /kwssiamovil/sm/acme/a?s=U2FsdGVkX1/pkPHwhPNI2NHnn3HSPfpXUdd3Ytp4a1MwerdIMHrf+pzIxE79II568fKtigt5HYjsqmSvUv9cu6Zx8YfFeZbFDz6rMRTibfAf8m0yimAmevEqBtUfFszm/SnY4JxhtpjAmaOKw/VZcw54LOGMQcqGTJGsUGuFnyo/fY0LDRNJBilMNrSPTVHy&u=U2FsdGVkX1/u5ZaaWIJTSHMgcnvaoMzZJ4naxvqe9J8=&y=U2FsdGVkX1/xBLSWWAn100BQe9hHL+jq3RFuM59XF0U= HTTP/1.1" 200 25
186.80.52.47 - - [14/Jul/2022:22:01:13 -0500] "GET /kwssiamovil/sm/acme/a?s=U2FsdGVkX194JflU8NMytCpItZIKM5yaCETkydgX+kHqd+HW0p62ApRI22hyMMk4es4rRLDzbyjdv1Na5gcWzsTrc0vONOY/rB+0IUIB8V3Pliigb/4YLWZAbCShG1j1XQ3Nwi+vhBjLR8XNgSx8msT9m764AgS/my8B5hnzQV2jKKT9bvBF1QT6/+InBSz5mL9q+N5YR9C8oqw7ErIJfA==&u=U2FsdGVkX1/u5ZaaWIJTSHMgcnvaoMzZJ4naxvqe9J8=&y=U2FsdGVkX1/xBLSWWAn100BQe9hHL+jq3RFuM59XF0U= HTTP/1.1" 200 25
186.80.52.47 - - [14/Jul/2022:22:01:13 -0500] "GET /kwssiamovil/sm/acme/a?s=U2FsdGVkX1+XIPTggn8iBvPJ3zH0AZj69SR2yQQ/yxK3+2HgR8HJhxH76mjEs8AcYGF9cfKZqWLALOI5x13uxM6ziDOtSJ8GCjjAyrKz4ZFU+84L4yvsQblyoYy7appBtJuapeh081s5DAfDSIELO629Pc7FaFbi7oGQ5L5pDbw9KPg5mnWheYUWNoUEL/fV&u=U2FsdGVkX1/u5ZaaWIJTSHMgcnvaoMzZJ4naxvqe9J8=&y=U2FsdGVkX1/xBLSWWAn100BQe9hHL+jq3RFuM59XF0U= HTTP/1.1" 200 25
186.80.52.47 - - [14/Jul/2022:22:01:13 -0500] "GET /kwssiamovil/sm/acme/a?s=U2FsdGVkX1+PeSzhYw86kKZzTp5c3KObRb+4I8aBZjiAgAeeypjWmuNRCDrrgBm91N+Z0kxPYncKFX73beWESh+B29yrLtAEaEqLIHAEocLddExeSUgL994OF1mNSCopEm97KfmjMM06RItks+Vr1tSEOLe/pOMhGFK869OHm3GPOduZlrTe4R4GudB90MAYqG6UHJHwY+jaziIBPsL84g==&u=U2FsdGVkX1/u5ZaaWIJTSHMgcnvaoMzZJ4naxvqe9J8=&y=U2FsdGVkX1/xBLSWWAn100BQe9hHL+jq3RFuM59XF0U= HTTP/1.1" 200 25
207.46.13.214 - - [14/Jul/2022:22:01:13 -0500] "GET /BLA/resoluciones/AUTOS%202011/4342.pdf HTTP/1.1" 304 -
186.80.52.47 - - [14/Jul/2022:22:01:13 -0500] "GET /kwssiamovil/sm/acme/a?s=U2FsdGVkX1/vsH4AbSnBiR5jFS02dVAGnH/oJiByHv0nlx28X6e7Kpl+0d+lReMchRV4k6PPZQlmV5b4nDioeqD2deiQmVYMvrIBASMkAOmztCTFh3zAroNICTArz9fpwbr0mUdvouCnDckXMYbMMCXf486PGjN3MfyD/MHBlzM5eiac4geOyBXGOS5T9920&u=U2FsdGVkX1/u5ZaaWIJTSHMgcnvaoMzZJ4naxvqe9J8=&y=U2FsdGVkX1/xBLSWWAn100BQe9hHL+jq3RFuM59XF0U= HTTP/1.1" 200 25
186.102.25.135 - - [14/Jul/2022:22:01:28 -0500] "GET /kwssiamovil/sm/acme/u?s=U2FsdGVkX1+i7Oj4D38zcN4ibCJ/LYcI/JWXWyBUdrGQRTnMlUP8KMOMKrdAhY7LZU3RqOlC2WtaZ4rdglMPH/NoNJMyLCBOUXHqc0jY0oTPdPLal7k6FBaxUuF83/y6O3mOuS4DCpAMUGO7p5xktA==&u=U2FsdGVkX18b7O7fi9CPtTihzY9p0vO69Nb7/C4SBAWUZ3TgJ2+YDvc1NHsbPsnQ&y=U2FsdGVkX198rLlZzBpe99buVnGba0BvmcVtJ8YuLhuSjs9XB4IAip/oqETjcyTp HTTP/1.1" 200 60
172.22.2.4 - - [14/Jul/2022:22:01:33 -0500] "GET /BLA/boletinlegal/robots.txt HTTP/1.1" 404 1038
172.22.2.4 - - [14/Jul/2022:22:01:33 -0500] "GET /BLA/boletinlegal/images/screen_5.png HTTP/1.1" 304 -
172.22.2.4 - - [14/Jul/2022:22:02:03 -0500] "GET /BLA/boletinlegal/images/tel.png HTTP/1.1" 304 -
201.245.192.253 - - [14/Jul/2022:22:02:38 -0500] "POST /kwsrmcab/Wsrmcab  HTTP/1.1" 200 45562
172.22.2.4 - - [14/Jul/2022:22:02:43 -0500] "GET /BLA/boletinlegal/images/cabezote%20BLEGAL.jpg HTTP/1.1" 304 -
186.102.25.135 - - [14/Jul/2022:22:02:47 -0500] "GET /kwssiamovil/sm/acme/u?s=U2FsdGVkX1+qmkAlS0XKlJYe/lUuKa1EDWyiVso+yhEweCGUw60gDU/60onH44Tt/kCQpNJmVOkWxkvtN5vfam9d/SgJ5z2/k5M6QaHM9tC9cN6IZrfSfPz/NsMjrR21KulJ3OvrnuPDmPBrmP6fPg==&u=U2FsdGVkX18b7O7fi9CPtTihzY9p0vO69Nb7/C4SBAWUZ3TgJ2+YDvc1NHsbPsnQ&y=U2FsdGVkX198rLlZzBpe99buVnGba0BvmcVtJ8YuLhuSjs9XB4IAip/oqETjcyTp HTTP/1.1" 200 60
216.245.221.92 - - [14/Jul/2022:22:03:13 -0500] "HEAD / HTTP/1.1" 200 -
172.22.2.4 - - [14/Jul/2022:22:03:43 -0500] "HEAD /BLA/boletinlegal/ HTTP/1.1" 200 -
40.77.167.66 - - [14/Jul/2022:22:06:01 -0500] "GET /Publicaciones/2022EE139805.pdf HTTP/1.1" 404 228
172.22.2.4 - - [14/Jul/2022:22:04:34 -0500] "GET /BLA/boletinlegal/ HTTP/1.1" 200 60992
172.22.2.4 - - [14/Jul/2022:22:07:19 -0500] "GET /BLA/boletinlegal/images/icono-email.png HTTP/1.1" 304 -
172.22.2.4 - - [14/Jul/2022:22:07:38 -0500] "GET /BLA/boletinlegal/images/abajo.png HTTP/1.1" 304 -
201.245.192.253 - - [14/Jul/2022:22:07:37 -0500] "POST /kwsrmcab/Wsrmcab  HTTP/1.1" 200 45562
216.245.221.92 - - [14/Jul/2022:22:08:13 -0500] "HEAD / HTTP/1.1" 200 -
172.22.2.4 - - [14/Jul/2022:22:08:27 -0500] "GET /BLA/boletinlegal/images/launch.jpg HTTP/1.1" 304 -
104.140.188.54 - - [14/Jul/2022:22:09:06 -0500] "GET / HTTP/1.1" 200 319
64.124.8.28 - - [14/Jul/2022:22:09:30 -0500] "GET /BLA/boletinlegal/images/pdf.gif HTTP/1.1" 304 -
66.220.149.8 - - [14/Jul/2022:22:09:53 -0500] "GET /images/jardines-verticales-plantas-24-mayo.jpg HTTP/1.1" 200 148288
66.220.149.4 - - [14/Jul/2022:22:09:54 -0500] "GET /images/eficiencia-energetica-11-marzo.jpg HTTP/1.1" 200 46478
34.90.75.3 - - [14/Jul/2022:22:10:02 -0500] "GET / HTTP/1.1" 200 319
65.154.226.220 - - [14/Jul/2022:22:10:48 -0500] "GET /portaldeninos/wp-includes/js/wp-emoji-release.min.js?ver=4.9.8 HTTP/1.1" 200 12026
65.154.226.220 - - [14/Jul/2022:22:10:52 -0500] "GET /portaldeninos/wp-content/plugins/google-analytics-for-wordpress/assets/js/frontend-gtag.min.js?ver=8.5.0 HTTP/1.1" 200 11801
65.154.226.220 - - [14/Jul/2022:22:10:53 -0500] "GET /portaldeninos/wp-includes/js/jquery/jquery.js?ver=1.12.4 HTTP/1.1" 200 97184
65.154.226.220 - - [14/Jul/2022:22:10:55 -0500] "GET /portaldeninos/wp-includes/js/jquery/jquery-migrate.min.js?ver=1.4.1 HTTP/1.1" 200 10056
65.154.226.220 - - [14/Jul/2022:22:10:56 -0500] "GET /portaldeninos/wp-includes/js/jquery/ui/core.min.js?ver=1.11.4 HTTP/1.1" 200 4000
65.154.226.220 - - [14/Jul/2022:22:10:56 -0500] "GET /portaldeninos/wp-content/plugins/gallery-videos/JS/modernizr.custom.js?ver=4.9.8 HTTP/1.1" 200 9019
65.154.226.220 - - [14/Jul/2022:22:10:56 -0500] "GET /portaldeninos/wp-content/plugins/gallery-videos/JS/Total-Soft-Gallery-Video-Widget.js?ver=4.9.8 HTTP/1.1" 200 80264
65.154.226.220 - - [14/Jul/2022:22:10:58 -0500] "GET /portaldeninos/wp-includes/js/jquery/ui/widget.min.js?ver=1.11.4 HTTP/1.1" 200 6908
65.154.226.220 - - [14/Jul/2022:22:10:58 -0500] "GET /portaldeninos/wp-includes/js/jquery/ui/mouse.min.js?ver=1.11.4 HTTP/1.1" 200 3148
65.154.226.220 - - [14/Jul/2022:22:10:58 -0500] "GET /portaldeninos/wp-includes/js/jquery/ui/sortable.min.js?ver=1.11.4 HTTP/1.1" 200 24899
65.154.226.220 - - [14/Jul/2022:22:10:59 -0500] "GET /portaldeninos/wp-includes/js/jquery/ui/tabs.min.js?ver=1.11.4 HTTP/1.1" 200 12110
65.154.226.220 - - [14/Jul/2022:22:10:59 -0500] "GET /portaldeninos/wp-includes/js/jquery/ui/accordion.min.js?ver=1.11.4 HTTP/1.1" 200 8584
65.154.226.220 - - [14/Jul/2022:22:10:59 -0500] "GET /portaldeninos/wp-content/themes/betheme/js/plugins.js?ver=20.9.6 HTTP/1.1" 200 197151
65.154.226.220 - - [14/Jul/2022:22:11:01 -0500] "GET /portaldeninos/wp-content/themes/betheme/js/menu.js?ver=20.9.6 HTTP/1.1" 200 2449
65.154.226.220 - - [14/Jul/2022:22:11:02 -0500] "GET /portaldeninos/wp-content/themes/betheme/assets/animations/animations.min.js?ver=20.9.6 HTTP/1.1" 200 1896
65.154.226.220 - - [14/Jul/2022:22:11:02 -0500] "GET /portaldeninos/wp-content/themes/betheme/assets/jplayer/jplayer.min.js?ver=20.9.6 HTTP/1.1" 200 52702
65.154.226.220 - - [14/Jul/2022:22:11:03 -0500] "GET /portaldeninos/wp-content/themes/betheme/js/scripts.js?ver=20.9.6 HTTP/1.1" 200 77162
65.154.226.220 - - [14/Jul/2022:22:11:03 -0500] "GET /portaldeninos/wp-includes/js/wp-embed.min.js?ver=4.9.8 HTTP/1.1" 200 1398
172.22.2.4 - - [14/Jul/2022:22:09:33 -0500] "HEAD /BLA/boletinlegal/ HTTP/1.1" 200 -
172.22.2.4 - - [14/Jul/2022:22:10:24 -0500] "GET /BLA/boletinlegal/ HTTP/1.1" 200 58491
172.22.2.4 - - [14/Jul/2022:22:12:10 -0500] "GET /BLA/boletinlegal/images/registro-usuarios.png HTTP/1.1" 304 -
201.245.192.253 - - [14/Jul/2022:22:12:36 -0500] "POST /kwsrmcab/Wsrmcab  HTTP/1.1" 200 45562
216.245.221.92 - - [14/Jul/2022:22:13:13 -0500] "HEAD / HTTP/1.1" 200 -
172.22.2.4 - - [14/Jul/2022:22:13:16 -0500] "GET /BLA/boletinlegal/images/screen_1.png HTTP/1.1" 304 -
40.77.167.66 - - [14/Jul/2022:22:15:02 -0500] "GET /BLA/resoluciones/RESOLUCIONES%202020/1145.pdf HTTP/1.1" 304 -
172.22.2.4 - - [14/Jul/2022:22:15:23 -0500] "HEAD /BLA/boletinlegal/ HTTP/1.1" 200 -
201.245.192.253 - - [14/Jul/2022:22:17:35 -0500] "POST /kwsrmcab/Wsrmcab  HTTP/1.1" 200 45562
172.22.2.4 - - [14/Jul/2022:22:16:14 -0500] "GET /BLA/boletinlegal/ HTTP/1.1" 200 58866
216.245.221.92 - - [14/Jul/2022:22:18:13 -0500] "HEAD / HTTP/1.1" 200 -
172.22.2.4 - - [14/Jul/2022:22:18:06 -0500] "GET /BLA/boletinlegal/index.php?s=/Index/\\think\\app/invokefunction&function=call_user_func_array&vars[0]=md5&vars[1][]=HelloThinkPHP21 HTTP/1.1" 200 36811
201.245.192.253 - - [14/Jul/2022:22:20:52 -0500] "POST /kwsrmcab/Wsrmcab HTTP/1.1" 200 44894
201.245.192.253 - - [14/Jul/2022:22:20:56 -0500] "POST /kwsrmcab/Wsrmcab HTTP/1.1" 200 47546
201.245.192.253 - - [14/Jul/2022:22:22:34 -0500] "POST /kwsrmcab/Wsrmcab  HTTP/1.1" 200 45562
172.22.2.4 - - [14/Jul/2022:22:21:13 -0500] "HEAD /BLA/boletinlegal/ HTTP/1.1" 200 -
216.245.221.92 - - [14/Jul/2022:22:23:13 -0500] "HEAD / HTTP/1.1" 200 -
172.22.2.4 - - [14/Jul/2022:22:22:04 -0500] "GET /BLA/boletinlegal/ HTTP/1.1" 200 60992
207.46.13.31 - - [14/Jul/2022:22:26:27 -0500] "GET /BLA/resoluciones/ HTTP/1.1" 200 13093
207.46.13.3 - - [14/Jul/2022:22:26:39 -0500] "GET /BLA/resoluciones/dlf/styles.css HTTP/1.1" 200 3049
157.55.39.168 - - [14/Jul/2022:22:26:48 -0500] "GET /Residuos/textiles/files/guia_textiles.pdf HTTP/1.1" 304 -
201.245.192.253 - - [14/Jul/2022:22:27:33 -0500] "POST /kwsrmcab/Wsrmcab  HTTP/1.1" 200 45562
216.245.221.92 - - [14/Jul/2022:22:28:13 -0500] "HEAD / HTTP/1.1" 200 -
172.22.2.4 - - [14/Jul/2022:22:27:03 -0500] "HEAD /BLA/boletinlegal/ HTTP/1.1" 200 -
40.77.167.22 - - [14/Jul/2022:22:28:56 -0500] "GET /semana-ambiental-2022-del-31-de-mayo-al-5-de-junio-se-celebrara-en-bogota.html HTTP/1.1" 304 -
172.22.2.4 - - [14/Jul/2022:22:27:54 -0500] "GET /BLA/boletinlegal/ HTTP/1.1" 200 53903
181.62.53.60 - - [14/Jul/2022:22:30:01 -0500] "GET /portaldeninos/wp-content/plugins/gallery-videos/CSS/Total-Soft-Gallery-Video-Widget.css?ver=4.9.8 HTTP/1.1" 200 51554
181.62.53.60 - - [14/Jul/2022:22:30:01 -0500] "GET /portaldeninos/wp-content/plugins/gallery-videos/CSS/totalsoft.css?ver=4.9.8 HTTP/1.1" 200 40622
181.62.53.60 - - [14/Jul/2022:22:30:02 -0500] "GET /portaldeninos/wp-content/uploads/useanyfont/uaf.css?ver=1589905315 HTTP/1.1" 200 408
181.62.53.60 - - [14/Jul/2022:22:30:02 -0500] "GET /portaldeninos/wp-content/themes/betheme/style.css?ver=20.9.6 HTTP/1.1" 200 287
181.62.53.60 - - [14/Jul/2022:22:30:03 -0500] "GET /portaldeninos/wp-content/themes/betheme/css/base.css?ver=20.9.6 HTTP/1.1" 200 57283
181.62.53.60 - - [14/Jul/2022:22:30:03 -0500] "GET /portaldeninos/wp-content/themes/betheme/css/layout.css?ver=20.9.6 HTTP/1.1" 200 116639
181.62.53.60 - - [14/Jul/2022:22:30:03 -0500] "GET /portaldeninos/wp-content/themes/betheme/css/shortcodes.css?ver=20.9.6 HTTP/1.1" 200 138889
181.62.53.60 - - [14/Jul/2022:22:30:03 -0500] "GET /portaldeninos/wp-content/themes/betheme/assets/ui/jquery.ui.all.css?ver=20.9.6 HTTP/1.1" 200 18765
181.62.53.60 - - [14/Jul/2022:22:30:03 -0500] "GET /portaldeninos/wp-content/themes/betheme/assets/jplayer/css/jplayer.blue.monday.css?ver=20.9.6 HTTP/1.1" 200 9834
181.62.53.60 - - [14/Jul/2022:22:30:03 -0500] "GET /portaldeninos/wp-content/themes/betheme/assets/animations/animations.min.css?ver=20.9.6 HTTP/1.1" 200 58508
181.62.53.60 - - [14/Jul/2022:22:30:03 -0500] "GET /portaldeninos/wp-content/plugins/google-analytics-for-wordpress/assets/js/frontend-gtag.min.js?ver=8.5.0 HTTP/1.1" 200 11801
181.62.53.60 - - [14/Jul/2022:22:30:03 -0500] "GET /portaldeninos/wp-content/themes/betheme/css/responsive.css?ver=20.9.6 HTTP/1.1" 200 55740
181.62.53.60 - - [14/Jul/2022:22:30:04 -0500] "GET /portaldeninos/wp-includes/js/jquery/jquery-migrate.min.js?ver=1.4.1 HTTP/1.1" 200 10056
181.62.53.60 - - [14/Jul/2022:22:30:04 -0500] "GET /portaldeninos/wp-includes/js/jquery/ui/core.min.js?ver=1.11.4 HTTP/1.1" 200 4000
181.62.53.60 - - [14/Jul/2022:22:30:04 -0500] "GET /portaldeninos/wp-includes/js/jquery/jquery.js?ver=1.12.4 HTTP/1.1" 200 97184
181.62.53.60 - - [14/Jul/2022:22:30:04 -0500] "GET /portaldeninos/wp-includes/js/jquery/ui/widget.min.js?ver=1.11.4 HTTP/1.1" 200 6908
181.62.53.60 - - [14/Jul/2022:22:30:04 -0500] "GET /portaldeninos/wp-content/plugins/gallery-videos/JS/modernizr.custom.js?ver=4.9.8 HTTP/1.1" 200 9019
181.62.53.60 - - [14/Jul/2022:22:30:04 -0500] "GET /portaldeninos/wp-includes/js/jquery/ui/mouse.min.js?ver=1.11.4 HTTP/1.1" 200 3148
181.62.53.60 - - [14/Jul/2022:22:30:04 -0500] "GET /portaldeninos/wp-content/plugins/gallery-videos/JS/Total-Soft-Gallery-Video-Widget.js?ver=4.9.8 HTTP/1.1" 200 80264
181.62.53.60 - - [14/Jul/2022:22:30:04 -0500] "GET /portaldeninos/wp-includes/js/jquery/ui/sortable.min.js?ver=1.11.4 HTTP/1.1" 200 24899
181.62.53.60 - - [14/Jul/2022:22:30:04 -0500] "GET /portaldeninos/wp-includes/js/jquery/ui/tabs.min.js?ver=1.11.4 HTTP/1.1" 200 12110
181.62.53.60 - - [14/Jul/2022:22:30:04 -0500] "GET /portaldeninos/wp-includes/js/jquery/ui/accordion.min.js?ver=1.11.4 HTTP/1.1" 200 8584
181.62.53.60 - - [14/Jul/2022:22:30:04 -0500] "GET /portaldeninos/wp-content/themes/betheme/js/menu.js?ver=20.9.6 HTTP/1.1" 200 2449
181.62.53.60 - - [14/Jul/2022:22:30:04 -0500] "GET /portaldeninos/wp-content/themes/betheme/assets/animations/animations.min.js?ver=20.9.6 HTTP/1.1" 200 1896
181.62.53.60 - - [14/Jul/2022:22:30:04 -0500] "GET /portaldeninos/wp-content/themes/betheme/js/plugins.js?ver=20.9.6 HTTP/1.1" 200 197151
181.62.53.60 - - [14/Jul/2022:22:30:05 -0500] "GET /portaldeninos/wp-content/themes/betheme/assets/jplayer/jplayer.min.js?ver=20.9.6 HTTP/1.1" 200 52702
181.62.53.60 - - [14/Jul/2022:22:30:05 -0500] "GET /portaldeninos/wp-includes/js/wp-embed.min.js?ver=4.9.8 HTTP/1.1" 200 1398
181.62.53.60 - - [14/Jul/2022:22:30:05 -0500] "GET /portaldeninos/wp-content/themes/betheme/js/scripts.js?ver=20.9.6 HTTP/1.1" 200 77162
181.62.53.60 - - [14/Jul/2022:22:30:05 -0500] "GET /portaldeninos/wp-includes/js/wp-emoji-release.min.js?ver=4.9.8 HTTP/1.1" 200 12026
181.62.53.60 - - [14/Jul/2022:22:30:05 -0500] "GET /portaldeninos/wp-content/themes/betheme/images/box_shadow.png HTTP/1.1" 200 108
181.62.53.60 - - [14/Jul/2022:22:30:06 -0500] "GET /portaldeninos/wp-content/themes/betheme/fonts/mfn-icons.woff?93978679 HTTP/1.1" 200 80932
181.62.53.60 - - [14/Jul/2022:22:30:06 -0500] "GET /portaldeninos/wp-content/themes/betheme/fonts/mfn-icons.ttf?93978679 HTTP/1.1" 200 124684
201.245.192.253 - - [14/Jul/2022:22:30:52 -0500] "POST /kwsrmcab/Wsrmcab HTTP/1.1" 200 44894
201.245.192.253 - - [14/Jul/2022:22:30:56 -0500] "POST /kwsrmcab/Wsrmcab HTTP/1.1" 200 47546
201.245.192.253 - - [14/Jul/2022:22:32:31 -0500] "POST /kwsrmcab/Wsrmcab  HTTP/1.1" 200 45562
216.245.221.92 - - [14/Jul/2022:22:33:13 -0500] "HEAD / HTTP/1.1" 200 -
66.102.8.248 - - [14/Jul/2022:22:33:17 -0500] "GET /galeria/galeria/fotos/Soratama1G.jpg HTTP/1.1" 200 127762
172.22.2.4 - - [14/Jul/2022:22:32:53 -0500] "HEAD /BLA/boletinlegal/ HTTP/1.1" 200 -
172.22.2.4 - - [14/Jul/2022:22:33:44 -0500] "GET /BLA/boletinlegal/ HTTP/1.1" 200 56279
172.22.2.4 - - [14/Jul/2022:22:35:41 -0500] "GET /BLA/boletinlegal/ HTTP/1.1" 200 63618
201.245.192.253 - - [14/Jul/2022:22:37:30 -0500] "POST /kwsrmcab/Wsrmcab  HTTP/1.1" 200 45562
216.245.221.92 - - [14/Jul/2022:22:38:13 -0500] "HEAD / HTTP/1.1" 200 -
172.22.2.4 - - [14/Jul/2022:22:39:31 -0500] "GET /BLA/boletinlegal/Circulares/2019/.pdf HTTP/1.1" 404 1218
172.22.2.4 - - [14/Jul/2022:22:39:40 -0500] "GET /BLA/boletinlegal/Circulares/2012/Circular%20No.%2010%20del%2026%20de%20Enero%20de%202012.pdf HTTP/1.1" 404 1218
65.154.226.167 - - [14/Jul/2022:22:39:40 -0500] "GET /portaldeninos/wp-content/uploads/useanyfont/uaf.css?ver=1589905315 HTTP/1.1" 200 408
65.154.226.167 - - [14/Jul/2022:22:39:40 -0500] "GET /portaldeninos/wp-content/themes/betheme/style.css?ver=20.9.6 HTTP/1.1" 200 287
65.154.226.167 - - [14/Jul/2022:22:39:40 -0500] "GET /portaldeninos/wp-content/plugins/gallery-videos/CSS/totalsoft.css?ver=4.9.8 HTTP/1.1" 200 40622
65.154.226.167 - - [14/Jul/2022:22:39:40 -0500] "GET /portaldeninos/wp-content/themes/betheme/css/base.css?ver=20.9.6 HTTP/1.1" 200 57283
