200.118.64.109 - - [14/Jul/2022:20:11:58 -0500] "POST /forms/lservlet;jsessionid=ac16012b30d61730dc635fd04518afd5f3fa8327348b.e3iSbxaKaheRe3qTa3yPb30Rbi1ynknvrkLOlQzNp65In0 HTTP/1.1" 200 14
200.118.64.109 - - [14/Jul/2022:20:11:59 -0500] "POST /forms/lservlet;jsessionid=ac16012b30d61730dc635fd04518afd5f3fa8327348b.e3iSbxaKaheRe3qTa3yPb30Rbi1ynknvrkLOlQzNp65In0 HTTP/1.1" 200 110
200.118.64.109 - - [14/Jul/2022:20:12:00 -0500] "POST /forms/lservlet;jsessionid=ac16012b30d61730dc635fd04518afd5f3fa8327348b.e3iSbxaKaheRe3qTa3yPb30Rbi1ynknvrkLOlQzNp65In0 HTTP/1.1" 200 2
200.118.64.109 - - [14/Jul/2022:20:12:00 -0500] "GET /reports/rwservlet/getjobid78314?server=repnomi HTTP/1.1" 200 48037
172.22.2.4 - - [14/Jul/2022:20:10:34 -0500] "HEAD /BLA/boletinlegal/ HTTP/1.1" 200 -
181.61.248.19 - - [14/Jul/2022:20:12:40 -0500] "GET /galeria/galeria/jquery.fancybox.css?v=2.1.5 HTTP/1.1" 200 4895
181.61.248.19 - - [14/Jul/2022:20:12:40 -0500] "GET /BLA/boletinlegal/js/jquery.scrollShow.js HTTP/1.1" 200 4586
181.61.248.19 - - [14/Jul/2022:20:12:40 -0500] "GET /galeria/galeria/jquery.fancybox.js?v=2.1.5 HTTP/1.1" 200 48706
181.61.248.19 - - [14/Jul/2022:20:12:41 -0500] "GET /galeria/carrusel/Carrusel/jquery.thumbnailScroller.css HTTP/1.1" 200 2066
181.61.248.19 - - [14/Jul/2022:20:12:41 -0500] "GET /galeria/carrusel/Carrusel/jquery-ui-1.8.13.custom.min.js HTTP/1.1" 200 10800
181.61.248.19 - - [14/Jul/2022:20:12:41 -0500] "GET /galeria/carrusel/Carrusel/jquery.thumbnailScroller.js HTTP/1.1" 200 8157
181.61.248.19 - - [14/Jul/2022:20:12:41 -0500] "GET /galeria/nivo-slider/demo/banner.html HTTP/1.1" 200 5446
181.61.248.19 - - [14/Jul/2022:20:12:43 -0500] "GET /galeria/nivo-slider/themes/default/default.css HTTP/1.1" 200 1569
181.61.248.19 - - [14/Jul/2022:20:12:43 -0500] "GET /galeria/nivo-slider/themes/pascal/pascal.css HTTP/1.1" 200 2258
181.61.248.19 - - [14/Jul/2022:20:12:43 -0500] "GET /galeria/nivo-slider/themes/orman/orman.css HTTP/1.1" 200 2152
181.61.248.19 - - [14/Jul/2022:20:12:43 -0500] "GET /galeria/nivo-slider/demo/style.css HTTP/1.1" 200 2222
181.61.248.19 - - [14/Jul/2022:20:12:43 -0500] "GET /galeria/nivo-slider/nivo-slider.css HTTP/1.1" 200 1507
181.61.248.19 - - [14/Jul/2022:20:12:43 -0500] "GET /galeria/nivo-slider/demo/scripts/jquery-1.7.1.min.js HTTP/1.1" 200 93868
181.61.248.19 - - [14/Jul/2022:20:12:43 -0500] "GET /galeria/nivo-slider/jquery.nivo.slider.pack.js HTTP/1.1" 200 11561
181.61.248.19 - - [14/Jul/2022:20:12:43 -0500] "GET /galeria/nivo-slider/demo/images/bannertortuga_optimized.jpg HTTP/1.1" 200 39066
181.61.248.19 - - [14/Jul/2022:20:12:43 -0500] "GET /galeria/nivo-slider/demo/images/Bannermujeresquereverdecen.jpg HTTP/1.1" 200 46558
181.61.248.19 - - [14/Jul/2022:20:12:43 -0500] "GET /galeria/nivo-slider/demo/images/bannertrafico_optimized.jpg HTTP/1.1" 200 42578
181.61.248.19 - - [14/Jul/2022:20:12:43 -0500] "GET /galeria/nivo-slider/demo/images/Bannersedeelectronica.jpg HTTP/1.1" 200 40383
181.61.248.19 - - [14/Jul/2022:20:12:44 -0500] "GET /galeria/nivo-slider/demo/images/bannerrutaesperanza.jpg HTTP/1.1" 200 55560
181.61.248.19 - - [14/Jul/2022:20:12:45 -0500] "GET /galeria/nivo-slider/demo/images/banneraire2021.jpg HTTP/1.1" 200 265101
181.61.248.19 - - [14/Jul/2022:20:12:45 -0500] "GET /galeria/nivo-slider/demo/images/Bannerplasticosseptiembre.jpg HTTP/1.1" 200 45633
181.61.248.19 - - [14/Jul/2022:20:12:45 -0500] "GET /galeria/nivo-slider/demo/images/bannerresiduoshospitalariosagosto.jpg HTTP/1.1" 200 36499
181.61.248.19 - - [14/Jul/2022:20:12:46 -0500] "GET /galeria/nivo-slider/demo/images/banneraccionpopularcrr68.jpg HTTP/1.1" 200 51887
181.61.248.19 - - [14/Jul/2022:20:12:46 -0500] "GET /galeria/nivo-slider/demo/images/Bannerenvases.jpg HTTP/1.1" 200 37316
181.61.248.19 - - [14/Jul/2022:20:12:46 -0500] "GET /galeria/nivo-slider/demo/images/Bannervirtualescanales.jpg HTTP/1.1" 200 174544
181.61.248.19 - - [14/Jul/2022:20:12:46 -0500] "GET /galeria/nivo-slider/demo/images/bannercapacitacionesbogota.jpg HTTP/1.1" 200 42416
181.61.248.19 - - [14/Jul/2022:20:12:46 -0500] "GET /galeria/nivo-slider/demo/images/bannerclases2021.jpg HTTP/1.1" 200 68230
181.61.248.19 - - [14/Jul/2022:20:12:46 -0500] "GET /galeria/nivo-slider/demo/images/banneraccionpopular.jpeg HTTP/1.1" 200 41707
181.61.248.19 - - [14/Jul/2022:20:12:46 -0500] "GET /galeria/nivo-slider/demo/images/4Simple_Slider.png HTTP/1.1" 200 11722
181.61.248.19 - - [14/Jul/2022:20:12:46 -0500] "GET /galeria/nivo-slider/themes/default/loading.gif HTTP/1.1" 200 1737
181.61.248.19 - - [14/Jul/2022:20:12:47 -0500] "GET /galeria/nivo-slider/themes/default/arrows.png HTTP/1.1" 200 824
181.61.248.19 - - [14/Jul/2022:20:12:47 -0500] "GET /galeria/nivo-slider/themes/default/bullets.png HTTP/1.1" 200 1281
200.118.64.109 - - [14/Jul/2022:20:12:57 -0500] "POST /forms/lservlet;jsessionid=ac16012b30d61730dc635fd04518afd5f3fa8327348b.e3iSbxaKaheRe3qTa3yPb30Rbi1ynknvrkLOlQzNp65In0 HTTP/1.1" 200 2
201.245.192.253 - - [14/Jul/2022:20:13:02 -0500] "POST /sipse/faces/presentacion/proyectos/proyecto/presupuesto/presupuestoEntreActividades/resumen.xhtml HTTP/1.1" 200 2743
201.245.192.253 - - [14/Jul/2022:20:13:02 -0500] "POST /sipse/faces/presentacion/proyectos/proyecto/presupuesto/presupuestoEntreActividades/resumen.xhtml HTTP/1.1" 200 3170
172.22.2.4 - - [14/Jul/2022:20:11:24 -0500] "GET /BLA/boletinlegal/ HTTP/1.1" 200 54359
201.245.192.253 - - [14/Jul/2022:20:13:06 -0500] "POST /sipse/faces/presentacion/proyectos/proyecto/presupuesto/presupuestoEntreActividades/resumen.xhtml HTTP/1.1" 200 2743
201.245.192.253 - - [14/Jul/2022:20:13:05 -0500] "POST /kwsrmcab/Wsrmcab  HTTP/1.1" 200 45562
216.245.221.92 - - [14/Jul/2022:20:13:14 -0500] "HEAD / HTTP/1.1" 200 -
200.118.64.109 - - [14/Jul/2022:20:13:35 -0500] "POST /forms/lservlet;jsessionid=ac16012b30d61730dc635fd04518afd5f3fa8327348b.e3iSbxaKaheRe3qTa3yPb30Rbi1ynknvrkLOlQzNp65In0 HTTP/1.1" 200 2
200.118.64.109 - - [14/Jul/2022:20:13:35 -0500] "POST /forms/lservlet;jsessionid=ac16012b30d61730dc635fd04518afd5f3fa8327348b.e3iSbxaKaheRe3qTa3yPb30Rbi1ynknvrkLOlQzNp65In0 HTTP/1.1" 200 14
200.118.64.109 - - [14/Jul/2022:20:13:37 -0500] "POST /forms/lservlet;jsessionid=ac16012b30d61730dc635fd04518afd5f3fa8327348b.e3iSbxaKaheRe3qTa3yPb30Rbi1ynknvrkLOlQzNp65In0 HTTP/1.1" 200 14
200.118.64.109 - - [14/Jul/2022:20:13:38 -0500] "POST /forms/lservlet;jsessionid=ac16012b30d61730dc635fd04518afd5f3fa8327348b.e3iSbxaKaheRe3qTa3yPb30Rbi1ynknvrkLOlQzNp65In0 HTTP/1.1" 200 107
200.118.64.109 - - [14/Jul/2022:20:13:38 -0500] "POST /forms/lservlet;jsessionid=ac16012b30d61730dc635fd04518afd5f3fa8327348b.e3iSbxaKaheRe3qTa3yPb30Rbi1ynknvrkLOlQzNp65In0 HTTP/1.1" 200 2
200.118.64.109 - - [14/Jul/2022:20:13:38 -0500] "GET /reports/rwservlet/getjobid78315?server=repnomi HTTP/1.1" 200 48037
201.245.192.253 - - [14/Jul/2022:20:13:46 -0500] "POST /sipse/faces/presentacion/proyectos/proyecto/presupuesto/presupuestoEntreActividades/resumen.xhtml HTTP/1.1" 200 2727
200.118.64.109 - - [14/Jul/2022:20:13:46 -0500] "POST /forms/lservlet;jsessionid=ac16012b30d61730dc635fd04518afd5f3fa8327348b.e3iSbxaKaheRe3qTa3yPb30Rbi1ynknvrkLOlQzNp65In0 HTTP/1.1" 200 2
201.245.192.253 - - [14/Jul/2022:20:13:46 -0500] "POST /sipse/faces/presentacion/proyectos/proyecto/presupuesto/presupuestoEntreActividades/resumen.xhtml HTTP/1.1" 200 3166
200.118.64.109 - - [14/Jul/2022:20:13:46 -0500] "POST /forms/lservlet;jsessionid=ac16012b30d61730dc635fd04518afd5f3fa8327348b.e3iSbxaKaheRe3qTa3yPb30Rbi1ynknvrkLOlQzNp65In0 HTTP/1.1" 200 14
200.118.64.109 - - [14/Jul/2022:20:13:48 -0500] "POST /forms/lservlet;jsessionid=ac16012b30d61730dc635fd04518afd5f3fa8327348b.e3iSbxaKaheRe3qTa3yPb30Rbi1ynknvrkLOlQzNp65In0 HTTP/1.1" 200 14
200.118.64.109 - - [14/Jul/2022:20:13:49 -0500] "POST /forms/lservlet;jsessionid=ac16012b30d61730dc635fd04518afd5f3fa8327348b.e3iSbxaKaheRe3qTa3yPb30Rbi1ynknvrkLOlQzNp65In0 HTTP/1.1" 200 107
200.118.64.109 - - [14/Jul/2022:20:13:49 -0500] "POST /forms/lservlet;jsessionid=ac16012b30d61730dc635fd04518afd5f3fa8327348b.e3iSbxaKaheRe3qTa3yPb30Rbi1ynknvrkLOlQzNp65In0 HTTP/1.1" 200 2
200.118.64.109 - - [14/Jul/2022:20:13:49 -0500] "GET /reports/rwservlet/getjobid78316?server=repnomi HTTP/1.1" 200 219678
201.245.192.253 - - [14/Jul/2022:20:14:12 -0500] "POST /sipse/faces/presentacion/proyectos/proyecto/presupuesto/presupuestoEntreActividades/resumen.xhtml HTTP/1.1" 200 3246
201.245.192.253 - - [14/Jul/2022:20:14:15 -0500] "POST /sipse/faces/presentacion/proyectos/proyecto/presupuesto/presupuestoEntreActividades/resumen.xhtml HTTP/1.1" 200 2799
201.245.192.253 - - [14/Jul/2022:20:14:15 -0500] "POST /sipse/faces/presentacion/proyectos/proyecto/presupuesto/presupuestoEntreActividades/resumen.xhtml HTTP/1.1" 200 3313
201.245.192.253 - - [14/Jul/2022:20:14:36 -0500] "POST /sipse/faces/presentacion/proyectos/proyecto/presupuesto/presupuestoEntreActividades/resumen.xhtml HTTP/1.1" 200 3309
200.118.64.109 - - [14/Jul/2022:20:14:57 -0500] "POST /forms/lservlet;jsessionid=ac16012b30d61730dc635fd04518afd5f3fa8327348b.e3iSbxaKaheRe3qTa3yPb30Rbi1ynknvrkLOlQzNp65In0 HTTP/1.1" 200 2
201.245.192.253 - - [14/Jul/2022:20:16:04 -0500] "POST /sipse/faces/presentacion/proyectos/proyecto/presupuesto/presupuestoEntreActividades/resumen.xhtml HTTP/1.1" 200 2787
201.245.192.253 - - [14/Jul/2022:20:16:04 -0500] "POST /sipse/faces/presentacion/proyectos/proyecto/presupuesto/presupuestoEntreActividades/resumen.xhtml HTTP/1.1" 200 3166
154.16.192.176 - - [14/Jul/2022:20:16:05 -0500] "GET / HTTP/1.1" 200 319
200.118.64.109 - - [14/Jul/2022:20:16:57 -0500] "POST /forms/lservlet;jsessionid=ac16012b30d61730dc635fd04518afd5f3fa8327348b.e3iSbxaKaheRe3qTa3yPb30Rbi1ynknvrkLOlQzNp65In0 HTTP/1.1" 200 2
201.245.192.253 - - [14/Jul/2022:20:17:45 -0500] "POST /sipse/faces/presentacion/proyectos/proyecto/presupuesto/presupuestoEntreActividades/resumen.xhtml HTTP/1.1" 200 3664
201.245.192.253 - - [14/Jul/2022:20:17:53 -0500] "POST /sipse/faces/presentacion/proyectos/proyecto/presupuesto/presupuestoEntreActividades/resumen.xhtml HTTP/1.1" 200 71639
201.245.192.253 - - [14/Jul/2022:20:17:59 -0500] "GET /sipse/faces/javax.faces.resource/theme.css?ln=primefaces-sipse HTTP/1.1" 304 -
201.245.192.253 - - [14/Jul/2022:20:17:59 -0500] "GET /sipse/faces/javax.faces.resource/jquery/jquery.js?ln=primefaces&v=4.0 HTTP/1.1" 304 -
201.245.192.253 - - [14/Jul/2022:20:17:59 -0500] "GET /sipse/faces/javax.faces.resource/jquery/jquery-plugins.js?ln=primefaces&v=4.0 HTTP/1.1" 304 -
201.245.192.253 - - [14/Jul/2022:20:17:59 -0500] "GET /sipse/faces/javax.faces.resource/primefaces.js?ln=primefaces&v=4.0 HTTP/1.1" 304 -
201.245.192.253 - - [14/Jul/2022:20:17:59 -0500] "GET /sipse/faces/javax.faces.resource/layout/layout.js?ln=primefaces&v=4.0 HTTP/1.1" 304 -
201.245.192.253 - - [14/Jul/2022:20:17:59 -0500] "GET /sipse/faces/javax.faces.resource/primefaces.css?ln=primefaces&v=4.0 HTTP/1.1" 304 -
201.245.192.253 - - [14/Jul/2022:20:18:00 -0500] "GET /sipse/faces/javax.faces.resource/layout/layout.css?ln=primefaces&v=4.0 HTTP/1.1" 304 -
201.245.192.253 - - [14/Jul/2022:20:18:00 -0500] "POST /sipse/faces/presentacion/proyectos/proyecto/proyecto.xhtml HTTP/1.1" 200 3413
172.22.2.4 - - [14/Jul/2022:20:16:24 -0500] "HEAD /BLA/boletinlegal/ HTTP/1.1" 200 -
201.245.192.253 - - [14/Jul/2022:20:18:04 -0500] "POST /kwsrmcab/Wsrmcab  HTTP/1.1" 200 45562
216.245.221.92 - - [14/Jul/2022:20:18:14 -0500] "HEAD / HTTP/1.1" 200 -
201.245.192.253 - - [14/Jul/2022:20:18:16 -0500] "POST /sipse/faces/presentacion/proyectos/proyecto/proyecto.xhtml HTTP/1.1" 200 43613
201.245.192.253 - - [14/Jul/2022:20:18:19 -0500] "POST /sipse/faces/presentacion/proyectos/proyecto/proyecto.xhtml HTTP/1.1" 200 3990
200.118.64.109 - - [14/Jul/2022:20:18:29 -0500] "POST /forms/lservlet;jsessionid=ac16012b30d61730dc635fd04518afd5f3fa8327348b.e3iSbxaKaheRe3qTa3yPb30Rbi1ynknvrkLOlQzNp65In0 HTTP/1.1" 200 95
200.118.64.109 - - [14/Jul/2022:20:18:29 -0500] "POST /forms/lservlet;jsessionid=ac16012b30d61730dc635fd04518afd5f3fa8327348b.e3iSbxaKaheRe3qTa3yPb30Rbi1ynknvrkLOlQzNp65In0 HTTP/1.1" 200 -
172.22.2.4 - - [14/Jul/2022:20:17:14 -0500] "GET /BLA/boletinlegal/ HTTP/1.1" 200 58491
186.155.13.7 - - [14/Jul/2022:20:20:02 -0500] "GET /se-abre-convocatoria-a-organizaciones-ambientales-para-generar-1-070-empleos-verdes-dirigidos-a-mujeres.html HTTP/1.1" 200 1128
201.245.192.253 - - [14/Jul/2022:20:20:52 -0500] "POST /kwsrmcab/Wsrmcab HTTP/1.1" 200 45211
201.245.192.253 - - [14/Jul/2022:20:20:56 -0500] "POST /kwsrmcab/Wsrmcab HTTP/1.1" 200 47205
201.245.192.253 - - [14/Jul/2022:20:23:02 -0500] "POST /kwsrmcab/Wsrmcab  HTTP/1.1" 200 45562
216.245.221.92 - - [14/Jul/2022:20:23:14 -0500] "HEAD / HTTP/1.1" 200 -
173.252.95.17 - - [14/Jul/2022:20:23:16 -0500] "GET /images/negocios-verdes-mayo-2022.jpg HTTP/1.1" 200 48000
172.22.2.4 - - [14/Jul/2022:20:22:14 -0500] "HEAD /BLA/boletinlegal/ HTTP/1.1" 200 -
172.22.2.4 - - [14/Jul/2022:20:23:04 -0500] "GET /BLA/boletinlegal/ HTTP/1.1" 200 60992
172.22.2.4 - - [14/Jul/2022:20:25:36 -0500] "POST /BLA/boletinlegal/vendor/phpunit/phpunit/src/Util/PHP/eval-stdin.php HTTP/1.1" 404 1018
172.22.2.4 - - [14/Jul/2022:20:25:08 -0500] "GET /BLA/boletinlegal/index.php HTTP/1.1" 200 63618
186.102.35.127 - - [14/Jul/2022:20:26:59 -0500] "GET /kwssiamovil/sm/acme/u?s=U2FsdGVkX1+sy2UlemMI757SoEK06LSHKWkl2EeYWeKycaHyS/Dn98/fPRgZQuwnLn/lH/828D+0M7gNpezHUWZjF47ANjkOWuL+0tiN5375RCF5Tjt7yNKw9GlU3dedTBncIKAHNho5tmb5MKagqw==&u=U2FsdGVkX19h8Mm7P257ci/WSyL73sTfxYO/iycInEfFbsJf3rDHctHt7IlQMmur&y=U2FsdGVkX1+Tk3fXRLKZQrZJ2+REkuCctOhRy+FGNwDndatOOXm61BOhloOrM9OA HTTP/1.1" 200 60
186.102.35.127 - - [14/Jul/2022:20:27:17 -0500] "GET /kwssiamovil/sm/acme/u?s=U2FsdGVkX19Q+mrov5kAYbRDeVzEAoTw3bDNIBxeaWjqjbjrpyHiq6tHT94fPeDt865E3+B/gLxEEWOHNjoUwx8X4UPLD+vNPTQGoy/am8yBiWYf5L6gjiYP8vvTJO2TjjCNpy7212i/AlH4Fy35vA==&u=U2FsdGVkX19h8Mm7P257ci/WSyL73sTfxYO/iycInEfFbsJf3rDHctHt7IlQMmur&y=U2FsdGVkX1+Tk3fXRLKZQrZJ2+REkuCctOhRy+FGNwDndatOOXm61BOhloOrM9OA HTTP/1.1" 200 60
186.102.35.127 - - [14/Jul/2022:20:27:33 -0500] "GET /kwssiamovil/sm/acme/u?s=U2FsdGVkX1+R41r6IAgLUXbROYV5WUS4buV9UeSxYZ/BKPmz45HXniYnR1TCYNikED843jhEEPnuZHg+T6VB+RZcbzghEK3l4tL4X6AnzgKmYdObePDqxwwU1cIncEJ/2B8K191kktlo+VxpZIbmGA==&u=U2FsdGVkX19h8Mm7P257ci/WSyL73sTfxYO/iycInEfFbsJf3rDHctHt7IlQMmur&y=U2FsdGVkX1+Tk3fXRLKZQrZJ2+REkuCctOhRy+FGNwDndatOOXm61BOhloOrM9OA HTTP/1.1" 200 60
186.102.35.127 - - [14/Jul/2022:20:27:59 -0500] "GET /kwssiamovil/sm/acme/u?s=U2FsdGVkX1/AIg/Ru7uNuytih8rh1UEW/ohgGv4zAqK9EX0Ki1siUqlybvU2gjnNp+/ZLZqwTxFEbWPxgWvwE/CH0eqliTn7SekgygRNjDmhfivmeQjDnSgg1nlVgqshV5OiyD5jZ3UL5W+YTA4ANw==&u=U2FsdGVkX19h8Mm7P257ci/WSyL73sTfxYO/iycInEfFbsJf3rDHctHt7IlQMmur&y=U2FsdGVkX1+Tk3fXRLKZQrZJ2+REkuCctOhRy+FGNwDndatOOXm61BOhloOrM9OA HTTP/1.1" 200 60
201.245.192.253 - - [14/Jul/2022:20:28:01 -0500] "POST /kwsrmcab/Wsrmcab  HTTP/1.1" 200 45562
216.245.221.92 - - [14/Jul/2022:20:28:14 -0500] "HEAD / HTTP/1.1" 200 -
186.102.35.127 - - [14/Jul/2022:20:28:14 -0500] "GET /kwssiamovil/sm/acme/u?s=U2FsdGVkX1/GM6rtB/Lgq5tgdPctYRTkJpJJe3uwrHUvlYx7UsmtBGlXQJe+ge9skZ2jfEo2TPEXOEwI6n482JhH8ocyRPhLu+5ZM/ckyiTCvcFMHWfixRFOJhDRgFSWRX0Y5K4IXDeENMOAuy5umw==&u=U2FsdGVkX19h8Mm7P257ci/WSyL73sTfxYO/iycInEfFbsJf3rDHctHt7IlQMmur&y=U2FsdGVkX1+Tk3fXRLKZQrZJ2+REkuCctOhRy+FGNwDndatOOXm61BOhloOrM9OA HTTP/1.1" 200 60
186.102.35.127 - - [14/Jul/2022:20:28:31 -0500] "GET /kwssiamovil/sm/acme/u?s=U2FsdGVkX1/ydltQWQtEU/QFb6E5yqhYIj7zJOOoW0UwP6Mbc82WwmM1n34Uu0UGHK+mbDfK7Uqc/DDBWQ2Oe3ABb5qiCiniX9wwDDvKw/o8NLypC1tt400k/tCoNFB7qAU3sQdnUezZV3L0shQTlg==&u=U2FsdGVkX19h8Mm7P257ci/WSyL73sTfxYO/iycInEfFbsJf3rDHctHt7IlQMmur&y=U2FsdGVkX1+Tk3fXRLKZQrZJ2+REkuCctOhRy+FGNwDndatOOXm61BOhloOrM9OA HTTP/1.1" 200 60
186.102.35.127 - - [14/Jul/2022:20:28:43 -0500] "GET /kwssiamovil/sm/acme/u?s=U2FsdGVkX1/UjgaiWdNcYijHhdHEwNaCGQt367G52EO0s6ot+f1tCFeE7iNd4iZGIFbkjFM2vntDyiUFnDPEfMWg7mzo+Lbaevij08cl1KhKGfSsAdis6j3m9pNaz6pxBvU2J4/B244tMzssdSZzIQ==&u=U2FsdGVkX19h8Mm7P257ci/WSyL73sTfxYO/iycInEfFbsJf3rDHctHt7IlQMmur&y=U2FsdGVkX1+Tk3fXRLKZQrZJ2+REkuCctOhRy+FGNwDndatOOXm61BOhloOrM9OA HTTP/1.1" 200 60
186.102.35.127 - - [14/Jul/2022:20:28:55 -0500] "GET /kwssiamovil/sm/acme/u?s=U2FsdGVkX19iUQ06qfUomgS00gqSxoCnTlyakQX9ubYCvSWLPsn/MdjqOTNP9euO8sBRZg2zDTu3jUv8KfISoe5I1rP2RWy6bM5UJ6jjkwMeuuGCGAXAd8dc/6JH2sOM96WvTHIj6OaTV2GRmuI+eA==&u=U2FsdGVkX19h8Mm7P257ci/WSyL73sTfxYO/iycInEfFbsJf3rDHctHt7IlQMmur&y=U2FsdGVkX1+Tk3fXRLKZQrZJ2+REkuCctOhRy+FGNwDndatOOXm61BOhloOrM9OA HTTP/1.1" 200 60
186.102.35.127 - - [14/Jul/2022:20:29:06 -0500] "GET /kwssiamovil/sm/acme/u?s=U2FsdGVkX1+mIld/qu4JCOAPqWOXVJn6nVI9837IbjcKPDfbrZLHOF5fa+SedlDWEXbLUM9VSw9Ug5ErzYfQXYnUtL2IGf7OO1l7Fj3CouYnuvPGgBiVej5XrDQBPe79K6wcaGkt3L21Xwj0zFQwbQ==&u=U2FsdGVkX19h8Mm7P257ci/WSyL73sTfxYO/iycInEfFbsJf3rDHctHt7IlQMmur&y=U2FsdGVkX1+Tk3fXRLKZQrZJ2+REkuCctOhRy+FGNwDndatOOXm61BOhloOrM9OA HTTP/1.1" 200 60
186.102.35.127 - - [14/Jul/2022:20:29:18 -0500] "GET /kwssiamovil/sm/acme/u?s=U2FsdGVkX181HejCVT20l1U/cyGE1+SHjkS4NMKBKKvo7kbUvXfVCQRWz7q3264vpNiDdmlIsuc/bSTB29pl4sQf6IQkaNAcvaQeK2YHbtSQ8d82EavSl9xZQD2puezYsxHM8o7Qe1I6amjeqxlKjg==&u=U2FsdGVkX19h8Mm7P257ci/WSyL73sTfxYO/iycInEfFbsJf3rDHctHt7IlQMmur&y=U2FsdGVkX1+Tk3fXRLKZQrZJ2+REkuCctOhRy+FGNwDndatOOXm61BOhloOrM9OA HTTP/1.1" 200 60
186.102.35.127 - - [14/Jul/2022:20:29:33 -0500] "GET /kwssiamovil/sm/acme/u?s=U2FsdGVkX1+EJYuOFpSL0nE8liIhBf1C5VaV7ieleVlZIkNgRyk5/oyvBGhBINqgoYJUa4rrQDTvYa4y2d+bU0RODfyigk98PPSrC/Ql/1RzZtwlObgvCMUNKUQdHTaPRS7vLC2iHz6ylPCR99Rbrw==&u=U2FsdGVkX19h8Mm7P257ci/WSyL73sTfxYO/iycInEfFbsJf3rDHctHt7IlQMmur&y=U2FsdGVkX1+Tk3fXRLKZQrZJ2+REkuCctOhRy+FGNwDndatOOXm61BOhloOrM9OA HTTP/1.1" 200 60
172.22.2.4 - - [14/Jul/2022:20:28:04 -0500] "HEAD /BLA/boletinlegal/ HTTP/1.1" 200 -
186.102.35.127 - - [14/Jul/2022:20:29:49 -0500] "GET /kwssiamovil/sm/acme/u?s=U2FsdGVkX188IW6e4v9kMSRsFjlmFXLiDmpQ4iylTTxVX/W0tWjsG3kkneHoGw50P54iAh5SXNdP2WrVYJ8ZdcIRO0CENhpMgpxJOhX5bQVR41DMA+IqFS0j5BS+0kFxefTFazj8zX1rymSmAuZXdA==&u=U2FsdGVkX19h8Mm7P257ci/WSyL73sTfxYO/iycInEfFbsJf3rDHctHt7IlQMmur&y=U2FsdGVkX1+Tk3fXRLKZQrZJ2+REkuCctOhRy+FGNwDndatOOXm61BOhloOrM9OA HTTP/1.1" 200 60
172.22.2.4 - - [14/Jul/2022:20:28:54 -0500] "GET /BLA/boletinlegal/ HTTP/1.1" 200 60992
201.245.192.253 - - [14/Jul/2022:20:30:53 -0500] "POST /kwsrmcab/Wsrmcab HTTP/1.1" 200 45211
201.245.192.253 - - [14/Jul/2022:20:30:56 -0500] "POST /kwsrmcab/Wsrmcab HTTP/1.1" 200 47205
186.102.5.159 - - [14/Jul/2022:20:31:00 -0500] "GET /kwssiamovil/sm/acme/a?s=U2FsdGVkX1/qgzExrSQD0QwPa2rAZ/BjTSNayTxmL8BF+dd9PfqfaYaiZInahusXg9pd7vNLEwmDObDU5sbWSxOFgNpV4zMBVnisbrPlyYXM++nSYJ7oMMBF5ep8ykEekNOGzEOBZGnKD/QcuD6rej0WDEOwoHVekNyJ/3WgKHKm8+f7y+vutv6GPraIq795heWNyLNNsihdfh6qWNEPySx/J1S7GtRHd71lnd0kxa0+tEBCzL0ePmIam+/ztQa35Yd0wAMj/eeFueudKPllBQ==&u=U2FsdGVkX1/Su2GTrrlvm8EABSDgfTtIicBaaOfDid5mMSkibgU2t1O8nfCMbaam&y=U2FsdGVkX18etMWMKZwiY42msERRDmQWdtTRiTByygeziSWJ2T003waJk6sTSMBs HTTP/1.1" 200 25
186.102.5.159 - - [14/Jul/2022:20:31:01 -0500] "GET /kwssiamovil/sm/acme/a?s=U2FsdGVkX18WFsEU+Id66NOIBNyMQMPxVGFTzXowKLJL8F3MFkmJ0e2tJ23siI6xK5dzmrQEqe2x2JifnNZxicI8z14fAIX1ytKFxxKvmMlo1LYcknQ2S/tYoAVS3XowgfytggE0XAZypRKz7OPBv/rhZ4SUlIxPLacANeoz23lQ02Hn9hMEG6xG1135fI6CqT0z9GruK7A1eW6P+GMuC30tZP82qYuXYw731FnYNyIZYJmv1RRcbjBju0/hINclOH+MAhkzz+qZbuR40+eBDu1FfolQCLOaKA5mBcXT+UmwKcvAjYjPNYSb+8FcXgGf9h8TXZLBK+c6EXKRT6OGjoW65XYSV6WGWeK2u1/br06yybq/Phfy2AyjRCpwV2HOoaT0J3brSPC2la8u1QQDJi8BcMP8U0k/h7/yJZkeQRg0RAhcSaJVUjpWgx9ZyBHE6R8UUlYdjZmsSFKdOaI52qNt4bGOfAtxiZqabEQzkzMHF4B+9PGbjGunIFucGkYfDeXYG53mfVUKkp2AUv3PnFkMuIuNLSDzuVawa9tQaRfchH7vTD7NwYAfrPjv8/Go18vucGcW1Lgva479g8muoouYXQM8Kh1jAcrjyripUnDj+UZc4kQYeUIf5a+dfw22EgOjNVxOr5JQv7SxZv0juFNWhiS9rfYhJ5+J3+rZ3AjVtsh7JL/2jb0BgE8qocBQT3vau1narCPySuWzhuWjcKhc3KBE/BhIKMeGKxmwEGo1UoDX0YuNUWfBrXoMeg8S3UYIMFg+QAclQukuoDVcweXxIB6lckY+EJXUH5iJ490gC41kAONgKPQNZulN/PzXkbb11bZqiAPjE/ZXZbvJ5IyZClXiIrSd0DZtD+RXgtkp7vl+XFE7/cd++rOKME1C73U5MaSsVRLJQocsrzZ4RsO0ge7+g5BWBbULTaZU/Uj+E6/wwJriUZqg5/zNksINvse7WXBdmSZMctvS/SZh5A70JChZFIUP3LqdXi4WENGxz//81x4ro0hruJPMwNH3qHfrwqoRLshBugF23oeSGHTp3GlYnvDKv0cximIenue03X2mBHDDM7wQgwNcRMUwC3AmiStF7alrzLIm6GTLVZpwc/aD5woeckauQwCpdgjAz+0Ffr8DmUAfZ4lGge+PZavjUOHb9j+K5wuCLP3Cz7VxMbzm4mC3yPasin773YlImYfCMuwx5hBRV5yVOWlbUrzMvRgR2OjYjpmsRkyuMY4WBQr1y2XNtVvzRHxDCTKk8Di36S7nlSsoXmHDuwC5Kn0SUEcfLLhduZdbubh4c7Di48JmjaEPDv8RctdNCLOTYEhhbDqDAIlsF7RmGd1ksSHYeqfLfUZx7jGKVhcLZTRF7R5qa5H5dAkkYRcXU14GYDqeEj6vajbz97LPeejyCDfB4p4yZ5HaWftxg/JuJvKMupXPbiYGo88mMaPHXyu5pt3iyslDobe8s0BIt7KCz70KhCse8N5ayRyk7OkeFDaZT6jfjIlUuRdVM2ERaCjr+u/n0hCnWTFUpwSyEmCcXHEnpB6v5dtqgQHHmhfObPdYUPO8eHre06jcBXCoQZy77RNl8wmNotWibdetyA47CFQ7cbSsvO5USx2eEju3ykcXdwe/DNXvPMiBLOwBcUujiYp12h5cOA6rcSjtww5CYKr+p1dmWhYJMhuT6k/9Z1V7QAJD4ufUJaH0v1JpgzX9AfQoE89c7SJiwlIf75v3E4yto5oI0nnYRDBkFdM5NGGIpnE0EAF4jbFEJ9iGPm6eDF0yzsAkWDYc+7gtCNhsAp+QrfGSJj6brlRFjw3tPg==&u=U2FsdGVkX1/Su2GTrrlvm8EABSDgfTtIicBaaOfDid5mMSkibgU2t1O8nfCMbaam&y=U2FsdGVkX18etMWMKZwiY42msERRDmQWdtTRiTByygeziSWJ2T003waJk6sTSMBs HTTP/1.1" 200 25
186.102.5.159 - - [14/Jul/2022:20:31:01 -0500] "GET /kwssiamovil/sm/acme/a?s=U2FsdGVkX1+/RBtTIF+YAnTFyPZFQDE3yAQU09hCmp28LOHON9SExYhVKCkvhDvQpnZKwbrNhdyo+68PjtcrEqYswcxli/jBm70sN9D04C5cywAV/8ah4IKqWZtUvyvm3v61hH7J3buumVNQEcEJubkTvCG4xkkFb0k9Z4vq070=&u=U2FsdGVkX1/Su2GTrrlvm8EABSDgfTtIicBaaOfDid5mMSkibgU2t1O8nfCMbaam&y=U2FsdGVkX18etMWMKZwiY42msERRDmQWdtTRiTByygeziSWJ2T003waJk6sTSMBs HTTP/1.1" 200 25
186.102.5.159 - - [14/Jul/2022:20:31:01 -0500] "GET /kwssiamovil/sm/acme/a?s=U2FsdGVkX18SOWugPjxgglcpPr/eI7f0S+8p/zysx5DnyVXKlcEEv/kXHze0ehoqRW7ohAVKuQChYgpuVlWtf677xmB6p9fRKU0LG5vBZhJX8W3L/bshBsynb2/ZdQQf0L5dULuXkxfQVoipGKfrSr/puNBDFZaDcfkpTxwPww0=&u=U2FsdGVkX1/Su2GTrrlvm8EABSDgfTtIicBaaOfDid5mMSkibgU2t1O8nfCMbaam&y=U2FsdGVkX18etMWMKZwiY42msERRDmQWdtTRiTByygeziSWJ2T003waJk6sTSMBs HTTP/1.1" 200 25
186.102.5.159 - - [14/Jul/2022:20:31:01 -0500] "GET /kwssiamovil/sm/acme/a?s=U2FsdGVkX18GgLOmKF1Git6rxxx2Fd+H8C9I+1ryVEzGfmg8/OPzvB9sIhvkcDs5iirYtL8aM80KIFPSTe6tLgWVuQ4dNYsZJ2Zibjd1v95FgqfGABEWrkzwGQjqrifENMZ7zcKBk4AHy/KPGbCGxtbODR/AhF0w8pzJy1YCq2Q=&u=U2FsdGVkX1/Su2GTrrlvm8EABSDgfTtIicBaaOfDid5mMSkibgU2t1O8nfCMbaam&y=U2FsdGVkX18etMWMKZwiY42msERRDmQWdtTRiTByygeziSWJ2T003waJk6sTSMBs HTTP/1.1" 200 25
186.102.5.159 - - [14/Jul/2022:20:31:02 -0500] "GET /kwssiamovil/sm/acme/a?s=U2FsdGVkX188g04fq6sTza0rJekB/toKHklRvUx0Q1vOU+n74Si15zxCqXoWDob6E0O8SqKlzw52gucK/x8ky5WbCC2VchiSoLsedB7ynxCoYIBuaFIWbnU7DGIlx0yQIxE/qDiHfDIWLacNVc61VpAz32YHYYc2nuLQuL82gi417ixv7HoKrYv86xZyKtZa&u=U2FsdGVkX1/Su2GTrrlvm8EABSDgfTtIicBaaOfDid5mMSkibgU2t1O8nfCMbaam&y=U2FsdGVkX18etMWMKZwiY42msERRDmQWdtTRiTByygeziSWJ2T003waJk6sTSMBs HTTP/1.1" 200 25
201.245.192.253 - - [14/Jul/2022:20:33:00 -0500] "POST /kwsrmcab/Wsrmcab  HTTP/1.1" 200 45562
216.245.221.92 - - [14/Jul/2022:20:33:14 -0500] "HEAD / HTTP/1.1" 200 -
172.22.2.4 - - [14/Jul/2022:20:33:54 -0500] "HEAD /BLA/boletinlegal/ HTTP/1.1" 200 -
172.22.2.4 - - [14/Jul/2022:20:34:44 -0500] "GET /BLA/boletinlegal/ HTTP/1.1" 200 57272
18.117.159.84 - - [14/Jul/2022:20:37:12 -0500] "GET /galeria/galeria/fotos/Humedal-la-conejera3P.jpg HTTP/1.1" 200 31355
173.252.107.15 - - [14/Jul/2022:20:37:22 -0500] "GET /si-estas-buscando-productos-y-servicios-sostenibles-participa-en-la-feria-de-negocios-verdes-en-bogota.html HTTP/1.1" 206 996
173.252.95.20 - - [14/Jul/2022:20:37:25 -0500] "GET /images/negocios-verdes-3-marzo.jpg HTTP/1.1" 200 33179
173.252.87.24 - - [14/Jul/2022:20:37:43 -0500] "GET /images/empresas-industrias-forestales-1-junio.jpg HTTP/1.1" 200 44019
173.252.87.24 - - [14/Jul/2022:20:37:44 -0500] "GET /images/energia-eficiencia-26-mayo.jpg HTTP/1.1" 200 46417
173.252.87.24 - - [14/Jul/2022:20:37:44 -0500] "GET /images/facebook-live-ivc-MAYO27.png HTTP/1.1" 200 480404
173.252.87.6 - - [14/Jul/2022:20:37:46 -0500] "GET /images/jardines-verticales-plantas-24-mayo.jpg HTTP/1.1" 200 148288
173.252.87.11 - - [14/Jul/2022:20:37:46 -0500] "GET /images/la-vieja-mayo-24.jpg HTTP/1.1" 200 58217
69.171.249.7 - - [14/Jul/2022:20:37:46 -0500] "GET /images/jornadas-llantas-usadas-23-mayo.jpg HTTP/1.1" 200 148376
173.252.87.6 - - [14/Jul/2022:20:37:48 -0500] "GET /images/bogota-polvo-sahara-23-mayo.jpg HTTP/1.1" 200 35039
173.252.87.2 - - [14/Jul/2022:20:37:48 -0500] "GET /images/control-madera-ilegal-24-mayo.jpg HTTP/1.1" 200 48269
173.252.87.6 - - [14/Jul/2022:20:37:48 -0500] "GET /images/Naturalista1.jpeg HTTP/1.1" 200 202073
173.252.87.6 - - [14/Jul/2022:20:37:49 -0500] "GET /images/reciclaton-mayo-3-mayo.jpg HTTP/1.1" 200 278453
173.252.87.16 - - [14/Jul/2022:20:37:50 -0500] "GET /images/arbolado-bogota-mayo-13.jpg HTTP/1.1" 200 62568
173.252.87.23 - - [14/Jul/2022:20:37:50 -0500] "GET /images/actividades-dia-aves-16-mayo.jpg HTTP/1.1" 200 147089
173.252.87.19 - - [14/Jul/2022:20:37:50 -0500] "GET /images/negocios-verdes-mayo-2022.jpg HTTP/1.1" 200 48000
173.252.87.16 - - [14/Jul/2022:20:37:51 -0500] "GET /images/parque-nal-secretaria.jpg HTTP/1.1" 200 168060
173.252.87.23 - - [14/Jul/2022:20:37:51 -0500] "GET /images/feria-servicios-12-mayo-principal.jpg HTTP/1.1" 200 44744
173.252.87.19 - - [14/Jul/2022:20:37:52 -0500] "GET /images/secretaria-rio-bogota-avances-12-mayo.jpg HTTP/1.1" 200 37281
173.252.87.5 - - [14/Jul/2022:20:37:52 -0500] "GET /images/dia-rio-bogota-12-mayo.jpg HTTP/1.1" 200 44387
173.252.87.10 - - [14/Jul/2022:20:37:52 -0500] "GET /images/ptar-alcaldesa-rio-bogota-12-mato.jpg HTTP/1.1" 200 40205
181.58.187.29 - - [14/Jul/2022:20:37:57 -0500] "GET /descubren-nueva-orquidea-en-inmediaciones-del-nevado-del-ruiz.html HTTP/1.1" 200 768
201.245.192.253 - - [14/Jul/2022:20:37:59 -0500] "POST /kwsrmcab/Wsrmcab  HTTP/1.1" 200 45562
216.245.221.92 - - [14/Jul/2022:20:38:14 -0500] "HEAD / HTTP/1.1" 200 -
45.33.80.237 - - [14/Jul/2022:20:39:47 -0500] "GET /galeria/galeria/jquery.fancybox.css?v=2.1.5 HTTP/1.1" 200 4895
45.33.80.237 - - [14/Jul/2022:20:39:47 -0500] "GET /BLA/boletinlegal/js/jquery.scrollShow.js HTTP/1.1" 200 4586
45.33.80.237 - - [14/Jul/2022:20:39:47 -0500] "GET /galeria/galeria/jquery.fancybox.js?v=2.1.5 HTTP/1.1" 200 48706
201.245.192.253 - - [14/Jul/2022:20:40:52 -0500] "POST /kwsrmcab/Wsrmcab HTTP/1.1" 200 45211
201.245.192.253 - - [14/Jul/2022:20:40:56 -0500] "POST /kwsrmcab/Wsrmcab HTTP/1.1" 200 47205
172.22.2.4 - - [14/Jul/2022:20:39:44 -0500] "HEAD /BLA/boletinlegal/ HTTP/1.1" 200 -
172.22.2.4 - - [14/Jul/2022:20:40:30 -0500] "GET /BLA/boletinlegal/ HTTP/1.1" 200 51166
172.22.2.4 - - [14/Jul/2022:20:42:11 -0500] "GET /BLA/boletinlegal/style.css HTTP/1.1" 200 9406
172.22.2.4 - - [14/Jul/2022:20:42:11 -0500] "GET /BLA/boletinlegal/styles2.css HTTP/1.1" 200 1838
172.22.2.4 - - [14/Jul/2022:20:42:11 -0500] "GET /BLA/boletinlegal/js/jquery.scrollTo-min.js HTTP/1.1" 200 1150
172.22.2.4 - - [14/Jul/2022:20:42:11 -0500] "GET /BLA/boletinlegal/js/jquery.js HTTP/1.1" 200 57254
172.22.2.4 - - [14/Jul/2022:20:42:11 -0500] "GET /BLA/boletinlegal/js/jquery.scrollShow.js HTTP/1.1" 200 4586
172.22.2.4 - - [14/Jul/2022:20:42:12 -0500] "GET /BLA/boletinlegal/images/subscribe-icon-big.png HTTP/1.1" 200 47702
172.22.2.4 - - [14/Jul/2022:20:42:12 -0500] "GET /BLA/boletinlegal/images/cabezote%20BLEGAL.jpg HTTP/1.1" 200 118164
172.22.2.4 - - [14/Jul/2022:20:42:12 -0500] "GET /BLA/boletinlegal/images/historia.png HTTP/1.1" 200 52775
172.22.2.4 - - [14/Jul/2022:20:42:12 -0500] "GET /BLA/boletinlegal/images/registro-usuarios.png HTTP/1.1" 200 8106
172.22.2.4 - - [14/Jul/2022:20:42:12 -0500] "GET /BLA/boletinlegal/images/arr_l.jpg HTTP/1.1" 200 1979
172.22.2.4 - - [14/Jul/2022:20:42:12 -0500] "GET /BLA/boletinlegal/images/screen_1.png HTTP/1.1" 200 202547
172.22.2.4 - - [14/Jul/2022:20:42:12 -0500] "GET /BLA/boletinlegal/images/launch.jpg HTTP/1.1" 200 14577
172.22.2.4 - - [14/Jul/2022:20:42:12 -0500] "GET /BLA/boletinlegal/images/body_bg.jpg HTTP/1.1" 200 1601
172.22.2.4 - - [14/Jul/2022:20:42:12 -0500] "GET /BLA/boletinlegal/images/menu_lft.gif HTTP/1.1" 200 1713
172.22.2.4 - - [14/Jul/2022:20:42:12 -0500] "GET /BLA/boletinlegal/images/menu_rght.gif HTTP/1.1" 200 1627
172.22.2.4 - - [14/Jul/2022:20:42:12 -0500] "GET /BLA/boletinlegal/images/bg_top.jpg HTTP/1.1" 200 522
172.22.2.4 - - [14/Jul/2022:20:42:12 -0500] "GET /BLA/boletinlegal/images/menu_bg.jpg HTTP/1.1" 200 620
172.22.2.4 - - [14/Jul/2022:20:42:12 -0500] "GET /BLA/boletinlegal/images/hover.jpg HTTP/1.1" 200 640
172.22.2.4 - - [14/Jul/2022:20:42:12 -0500] "GET /BLA/boletinlegal/images/text.jpg HTTP/1.1" 200 568
172.22.2.4 - - [14/Jul/2022:20:40:34 -0500] "GET /BLA/boletinlegal/ HTTP/1.1" 200 52826
172.22.2.4 - - [14/Jul/2022:20:42:15 -0500] "GET /BLA/boletinlegal/actos.php HTTP/1.1" 200 9559
172.22.2.4 - - [14/Jul/2022:20:42:17 -0500] "GET /BLA/boletinlegal/js/ajax_actos.js HTTP/1.1" 200 1322
172.22.2.4 - - [14/Jul/2022:20:42:17 -0500] "GET /BLA/boletinlegal/niceforms.js HTTP/1.1" 200 22876
172.22.2.4 - - [14/Jul/2022:20:42:17 -0500] "GET /BLA/boletinlegal/niceforms-default.css HTTP/1.1" 200 6694
172.22.2.4 - - [14/Jul/2022:20:42:17 -0500] "GET /BLA/boletinlegal/js/lib.js HTTP/1.1" 200 6474
172.22.2.4 - - [14/Jul/2022:20:42:17 -0500] "GET /BLA/boletinlegal/js/popup.js HTTP/1.1" 200 1270
172.22.2.4 - - [14/Jul/2022:20:42:17 -0500] "GET /BLA/boletinlegal/js/jquery1.js HTTP/1.1" 200 29846
172.22.2.4 - - [14/Jul/2022:20:42:17 -0500] "GET /BLA/boletinlegal/images/green-yellow-blue-pink-th.png HTTP/1.1" 200 7394
172.22.2.4 - - [14/Jul/2022:20:42:17 -0500] "GET /BLA/boletinlegal/images/abajo.png HTTP/1.1" 200 96676
172.22.2.4 - - [14/Jul/2022:20:42:17 -0500] "GET /BLA/boletinlegal/images/tel.png HTTP/1.1" 200 14477
172.22.2.4 - - [14/Jul/2022:20:42:17 -0500] "GET /BLA/boletinlegal/images/icono-email.png HTTP/1.1" 200 5544
172.22.2.4 - - [14/Jul/2022:20:42:17 -0500] "GET /BLA/boletinlegal/images/footer_bg.jpg HTTP/1.1" 200 586
172.22.2.4 - - [14/Jul/2022:20:42:18 -0500] "GET /BLA/boletinlegal/images/footer_bg_l.jpg HTTP/1.1" 200 776
172.22.2.4 - - [14/Jul/2022:20:42:19 -0500] "GET /BLA/boletinlegal/img/0.png HTTP/1.1" 200 110
172.22.2.4 - - [14/Jul/2022:20:42:19 -0500] "GET /BLA/boletinlegal/img/select-left.png HTTP/1.1" 200 263
172.22.2.4 - - [14/Jul/2022:20:42:19 -0500] "GET /BLA/boletinlegal/img/select-right.png HTTP/1.1" 200 44019
172.22.2.4 - - [14/Jul/2022:20:42:19 -0500] "GET /BLA/boletinlegal/img/button-left.png HTTP/1.1" 200 57071
172.22.2.4 - - [14/Jul/2022:20:42:19 -0500] "GET /BLA/boletinlegal/img/button.png HTTP/1.1" 200 43241
172.22.2.4 - - [14/Jul/2022:20:42:19 -0500] "GET /BLA/boletinlegal/img/button-right.png HTTP/1.1" 200 57878
172.22.2.4 - - [14/Jul/2022:20:42:19 -0500] "GET /BLA/boletinlegal/favicon.ico HTTP/1.1" 404 1326
172.22.2.4 - - [14/Jul/2022:20:42:11 -0500] "GET /BLA/boletinlegal/ HTTP/1.1" 200 24523
186.82.245.179 - - [14/Jul/2022:20:42:50 -0500] "GET /mesa/contrasena.pdf HTTP/1.1" 200 443199
186.82.245.179 - - [14/Jul/2022:20:42:51 -0500] "GET /mesa/contrasena.pdf HTTP/1.1" 206 1
186.82.245.179 - - [14/Jul/2022:20:42:51 -0500] "GET /mesa/contrasena.pdf HTTP/1.1" 206 434711
173.252.95.23 - - [14/Jul/2022:20:42:51 -0500] "GET /images/pieza-calidad-aire-noche-4-febrero.jpg HTTP/1.1" 200 37476
201.245.192.253 - - [14/Jul/2022:20:42:57 -0500] "POST /kwsrmcab/Wsrmcab  HTTP/1.1" 200 45562
216.245.221.92 - - [14/Jul/2022:20:43:14 -0500] "HEAD / HTTP/1.1" 200 -
172.22.2.4 - - [14/Jul/2022:20:44:18 -0500] "GET /BLA/boletinlegal/Circulares/2019/.pdf HTTP/1.1" 404 1218
186.102.35.127 - - [14/Jul/2022:20:44:38 -0500] "GET /kwssiamovil/sm/ldap/au?x=U2FsdGVkX1/5FPdwoFJSSSBIZMTt/Fe9kD5a+0KFrdGveb/bpyYLZQ2iEEofxfScfIRhRbt2dXphBeITekTJ7Q==&y=U2FsdGVkX18KHyqrZhTnDi+rM4GCTh+e1sC+ErQfhhh0hV8dDLtLhOlhF5WJ1GzC HTTP/1.1" 200 30
186.102.35.127 - - [14/Jul/2022:20:44:39 -0500] "GET /kwssiamovil/sm/acme/s?s=U2FsdGVkX1/v31+l84bf2jT3L7nE64xL2a6zb3W2WxMTgMjLvXaopwXmTuLvCFF7DvrkcAvRptPo9/mnst2TT7KcRs1g5HQPzrcdXKEAYdI=&u=U2FsdGVkX19ttc72YtGlPq8y3XllbxbqXtQ0skgNq5WWLQk211JjSAcYO6k2olLx&y=U2FsdGVkX18KHyqrZhTnDi+rM4GCTh+e1sC+ErQfhhh0hV8dDLtLhOlhF5WJ1GzC HTTP/1.1" 200 97
186.102.35.127 - - [14/Jul/2022:20:44:39 -0500] "GET /kwssiamovil/sm/acme/s?s=U2FsdGVkX18w8XbwiwHcLn940a5xaJxzy7g+KimTHUPRp1dBrpyhZGuxStnSKRyX+pFW7MM/lassqoG23XHUf7GwRrEUxNqudxNz2uP1ifgs5rHhWyz+ctt+YUhSxVBV5nGGDhwlUIHBLvTrAPqim+uMhISqxPYYZ9dCIPjYdKXTJACfLMYowtso1fLGaN7P0QymIJmYmk1jw4WNhYarI8eg4rEYO9BjJYCUN/NDgRTWofbExAusZe0ydYEYdlhoSijt6SwengLucMcGiieec97ufftx44qQ6t5NQFLXTZKzEnF03hfCMErY/GFbLe8YNDijNxjnoPIZ0QYilef9hneqERmYXqrw03iEfmqJ0TepORzJVYpTthcqbCOGqNYnUv5/v6IG3q2XM6DGQZI/4H/JdbJGUiA5R80Y1TFV3VFBCi61kYlEaEM2SE1ZnKtrggfkBHg8s9G7tztUDIY4Souh3eUZmQ+krjgfXMjngxTs+Rr8n41hCdx+u9aGethLr3IQDkcep4tCHzEMq8cJarpJ0A7GwFkVF5aSEYkKwbm79vvCQot6DoknCGnDo3aAc5ojZ4tCA0zuxIU6R+OVVTXsMNr3en1zgbOZJ7lfi2El7gspJanZdv5gKnCAQ5clOmfumppPjtUqTeyuV02DNXhKTWzRt0+4gvRtx7f4FZzqGMQMvtK2tTZv9zQaArESWQRRitnem8wrYUFW7sDnihq0rKL84sy/465PwS4bZiea1WkivJufMaNWTBaBTnbmUTIPRz2tEUuhVFCg3jiEX+QafNR+5YAAOlD5wWGbZa1XG15YLM1V6GsQpGIwwnitQNwk0dmcZ/6/8KOTv+7NipSSJImrbuzyqVj1ZodCEPI7zzY5UWMK2i6eWxsNlKbRbk8cJaiF7OXc5j+oiYfdX71P2qGKXvY4bT/tBQVAQ16yrCUr2AXcM7geII0WEezL2oV//5Yb1LFHOMmcv8dVjq0CraO3f7nNCb1PH29BR1N1Ptz6/0HFl+LIO23B6w3B82uUy0hJJQfDWOP74mzERDsb6CRngdRg+C3h9YmIOR3oXtmeS+eIYmI2y8ieHmHK45pApK04MpX9GJrkARW2xm0RAVXDy4tQBYArTWXVMwIMknAg1xvGZI3+iG5HYaGqVP0lUPZtwXB96iAOMxwgicqqYUnqG+h//aaJWbNW3c3gqJSyuRNzSgA6eUijAfzkyNVus6YpMUn6/bSX+/dqd1L2qtLTOpnzM0ecXy6B8WbAUfzLQGj463LtJTb/Qwp3wQNzE7miYtMDdpZrk7USXm7W2pyxzPlmDxwrBAEXY11i3q5t6jr4LMPu6AtMXsnCE8gB0sKbtiZ7sYv0CPvQSoEqt1M0p8YLTd51vG5Y2AM=&u=U2FsdGVkX19ttc72YtGlPq8y3XllbxbqXtQ0skgNq5WWLQk211JjSAcYO6k2olLx&y=U2FsdGVkX18KHyqrZhTnDi+rM4GCTh+e1sC+ErQfhhh0hV8dDLtLhOlhF5WJ1GzC HTTP/1.1" 200 2668
186.102.35.127 - - [14/Jul/2022:20:44:39 -0500] "GET /kwssiamovil/sm/acme/s?s=U2FsdGVkX18u72YL9KPuN1xSSkvSKknh4Lc5iI3aXuEei+27g0qTMBOzjatJz/uHSqEVkk5KrCJScZ3g7HOptdFGqk4EFjlkp2z7YdLUIQxfBVhN2exa/ONbqojNbwHYsNjTHJYctfDkm0TmAOFEaDjTMWlVbIjf9LRjfz09SV/MXGu7+tR67Po8vrvcRTsaXpWTD9I1jq2Rvnso/idZnxOdnFoeyF0Tjh9kE5P+nTx0GBEDsC6TOJlHrbnW7fsAN2C3P7IJVLlY14IZ6lVy7kcw3hyhadkHcp/irhrWpJQ=&u=U2FsdGVkX19ttc72YtGlPq8y3XllbxbqXtQ0skgNq5WWLQk211JjSAcYO6k2olLx&y=U2FsdGVkX18KHyqrZhTnDi+rM4GCTh+e1sC+ErQfhhh0hV8dDLtLhOlhF5WJ1GzC HTTP/1.1" 200 176
186.102.35.127 - - [14/Jul/2022:20:44:39 -0500] "GET /kwssiamovil/sm/cjson/pre?f=1&x=U2FsdGVkX1/5FPdwoFJSSSBIZMTt/Fe9kD5a+0KFrdGveb/bpyYLZQ2iEEofxfScfIRhRbt2dXphBeITekTJ7Q== HTTP/1.1" 200 30992
190.0.241.186 - - [14/Jul/2022:20:46:25 -0500] "GET /forest/ HTTP/1.1" 200 12041
190.0.241.186 - - [14/Jul/2022:20:46:27 -0500] "POST /forest/index.php HTTP/1.1" 200 12268
172.22.2.4 - - [14/Jul/2022:20:45:59 -0500] "GET /BLA/boletinlegal/ HTTP/1.1" 200 24523
172.22.2.4 - - [14/Jul/2022:20:45:34 -0500] "HEAD /BLA/boletinlegal/ HTTP/1.1" 200 -
186.84.88.155 - - [14/Jul/2022:20:47:27 -0500] "GET /catalogoisis/ HTTP/1.1" 200 8575
186.84.88.155 - - [14/Jul/2022:20:47:28 -0500] "GET /catalogoisis/Js/Remote.js HTTP/1.1" 200 436
186.84.88.155 - - [14/Jul/2022:20:47:28 -0500] "GET /catalogoisis/Js/CriterioCombinada.js HTTP/1.1" 200 1843
186.84.88.155 - - [14/Jul/2022:20:47:28 -0500] "GET /catalogoisis/Css/Busqueda.css HTTP/1.1" 200 1995
186.84.88.155 - - [14/Jul/2022:20:47:28 -0500] "GET /catalogoisis/Js/LimpiarCombinada.js HTTP/1.1" 200 207
186.84.88.155 - - [14/Jul/2022:20:47:28 -0500] "GET /catalogoisis/Js/AceptarLimpiar.js HTTP/1.1" 200 331
186.84.88.155 - - [14/Jul/2022:20:47:28 -0500] "GET /catalogoisis/Js/Cookies.js HTTP/1.1" 200 1369
186.84.88.155 - - [14/Jul/2022:20:47:28 -0500] "GET /catalogoisis/Js/Go.js HTTP/1.1" 200 364
186.84.88.155 - - [14/Jul/2022:20:47:28 -0500] "GET /catalogoisis/Js/Numero.js HTTP/1.1" 200 398
186.84.88.155 - - [14/Jul/2022:20:47:28 -0500] "GET /catalogoisis/Js/Enter.js HTTP/1.1" 200 1208
186.84.88.155 - - [14/Jul/2022:20:47:28 -0500] "GET /catalogoisis/imagenes/br1c1.gif HTTP/1.1" 200 172
186.84.88.155 - - [14/Jul/2022:20:47:28 -0500] "GET /catalogoisis/imagenes/br2c1.gif HTTP/1.1" 200 297
186.84.88.155 - - [14/Jul/2022:20:47:28 -0500] "GET /catalogoisis/imagenes/br3c2.gif HTTP/1.1" 200 285
186.84.88.155 - - [14/Jul/2022:20:47:28 -0500] "GET /catalogoisis/imagenes/br2c2.gif HTTP/1.1" 200 302
186.84.88.155 - - [14/Jul/2022:20:47:28 -0500] "GET /catalogoisis/imagenes/Header.gif HTTP/1.1" 200 30313
186.84.88.155 - - [14/Jul/2022:20:47:28 -0500] "GET /catalogoisis/imagenes/br3c3.gif HTTP/1.1" 200 186
186.84.88.155 - - [14/Jul/2022:20:47:28 -0500] "GET /catalogoisis/imagenes/br1c2.gif HTTP/1.1" 200 297
186.84.88.155 - - [14/Jul/2022:20:47:28 -0500] "GET /catalogoisis/imagenes/br2c3.gif HTTP/1.1" 200 416
186.84.88.155 - - [14/Jul/2022:20:47:28 -0500] "GET /catalogoisis/imagenes/Turnbo1.gif HTTP/1.1" 200 227
186.84.88.155 - - [14/Jul/2022:20:47:28 -0500] "GET /catalogoisis/imagenes/aceptar1.gif HTTP/1.1" 200 604
186.84.88.155 - - [14/Jul/2022:20:47:28 -0500] "GET /catalogoisis/imagenes/br3c1.gif HTTP/1.1" 200 177
186.84.88.155 - - [14/Jul/2022:20:47:28 -0500] "GET /catalogoisis/imagenes/br1c3.gif HTTP/1.1" 200 302
186.84.88.155 - - [14/Jul/2022:20:47:28 -0500] "GET /catalogoisis/imagenes/limpiar1.gif HTTP/1.1" 200 606
186.84.88.155 - - [14/Jul/2022:20:47:28 -0500] "GET /favicon.ico HTTP/1.1" 200 7782
186.84.88.155 - - [14/Jul/2022:20:47:50 -0500] "GET /catalogoisis/imagenes/aceptar2.gif HTTP/1.1" 200 586
186.84.88.155 - - [14/Jul/2022:20:47:50 -0500] "GET /catalogoisis/imagenes/click.gif HTTP/1.1" 200 398
186.84.88.155 - - [14/Jul/2022:20:47:55 -0500] "POST /catalogoisis/comb.php HTTP/1.1" 200 4327
186.84.88.155 - - [14/Jul/2022:20:47:56 -0500] "GET /catalogoisis/Css/Pft.css HTTP/1.1" 200 3933
186.84.88.155 - - [14/Jul/2022:20:47:56 -0500] "GET /catalogoisis/Js/Marcados.js HTTP/1.1" 200 1327
186.84.88.155 - - [14/Jul/2022:20:47:56 -0500] "GET /catalogoisis/imagenes/back.gif HTTP/1.1" 200 666
186.84.88.155 - - [14/Jul/2022:20:47:56 -0500] "GET /catalogoisis/imagenes/up.gif HTTP/1.1" 200 669
186.84.88.155 - - [14/Jul/2022:20:47:56 -0500] "GET /catalogoisis/imagenes/selecc.gif HTTP/1.1" 200 784
186.84.88.155 - - [14/Jul/2022:20:47:56 -0500] "GET /catalogoisis/imagenes/fonest4.gif HTTP/1.1" 404 1396
186.84.88.155 - - [14/Jul/2022:20:47:56 -0500] "GET /catalogoisis/imagenes/correo.gif HTTP/1.1" 200 525
186.84.88.155 - - [14/Jul/2022:20:47:56 -0500] "GET /catalogoisis/imagenes/home.gif HTTP/1.1" 200 923
186.84.88.155 - - [14/Jul/2022:20:47:56 -0500] "GET /catalogoisis/imagenes/print.gif HTTP/1.1" 200 916
201.245.192.253 - - [14/Jul/2022:20:47:56 -0500] "POST /kwsrmcab/Wsrmcab  HTTP/1.1" 200 45562
172.22.2.4 - - [14/Jul/2022:20:46:24 -0500] "GET /BLA/boletinlegal/ HTTP/1.1" 200 53539
216.245.221.92 - - [14/Jul/2022:20:48:14 -0500] "HEAD / HTTP/1.1" 200 -
172.22.2.4 - - [14/Jul/2022:20:48:20 -0500] "GET /BLA/boletinlegal/actos.php HTTP/1.1" 200 9559
172.22.2.4 - - [14/Jul/2022:20:48:20 -0500] "GET /BLA/boletinlegal/favicon.ico HTTP/1.1" 404 1326
190.0.241.186 - - [14/Jul/2022:20:48:23 -0500] "GET /BLA/resoluciones/ HTTP/1.1" 200 13093
190.0.241.186 - - [14/Jul/2022:20:48:28 -0500] "GET /BLA/resoluciones/index.php?dir=RESOLUCIONES+2018%2F HTTP/1.1" 200 268546
190.0.241.186 - - [14/Jul/2022:20:48:36 -0500] "GET /BLA/resoluciones/RESOLUCIONES%202018/0929.pdf HTTP/1.1" 200 366291
190.0.241.186 - - [14/Jul/2022:20:48:36 -0500] "GET /BLA/resoluciones/RESOLUCIONES%202018/0929.pdf HTTP/1.1" 200 366291
190.0.241.186 - - [14/Jul/2022:20:48:36 -0500] "GET /BLA/resoluciones/RESOLUCIONES%202018/0929.pdf HTTP/1.1" 206 1025
172.22.2.4 - - [14/Jul/2022:20:48:15 -0500] "GET /BLA/boletinlegal/ HTTP/1.1" 200 24523
186.102.54.225 - - [14/Jul/2022:20:49:27 -0500] "OPTIONS /kwssiamovil/sm/setfile/f? HTTP/1.1" 200 13
186.102.54.225 - - [14/Jul/2022:20:49:28 -0500] "POST /kwssiamovil/sm/setfile/f? HTTP/1.1" 200 381
186.102.54.225 - - [14/Jul/2022:20:49:39 -0500] "GET /kwssiamovil/sm/acme/a?s=U2FsdGVkX1+ReVrolpsw4Eza7ZiXVKkk0Fr1PGsblAM+GXV/yktAsRUlZ9uoS+t7vURIYyYnXo4cqVwmk807PUK5F74UdlUmp7gSbYnP25VQpGseTkRatveoHw7oTOx90N8M6yyKg9E7t46Ez1AqF/jQjSBlca+5cTRngb6FBilUBpGe4myh+z00QtV4Ke3QBGb07ILWEPFh/H2kPQnO/lAsvpEj5q42nSrlF6dbrxglIjg90wgF1ODBvGo0rygulHV4AOUC5BhVEuE0Xhnp+g==&u=U2FsdGVkX190+B7/uPLzXr8udlKFPsav8Q0jDc1Jnnx/XviBBYyQiS/dOhqgFG3z&y=U2FsdGVkX19lYmnXy49kSzNgqTeGy11j0eZ7dcRf3SQfTpUnQbYeohXfFo+BldKF HTTP/1.1" 200 25
186.102.54.225 - - [14/Jul/2022:20:49:40 -0500] "GET /kwssiamovil/sm/acme/a?s=U2FsdGVkX18K43izdre5fLv7BmaJUgpgi+BMl4Yy6NX9TGOrfQb27p/79ngR3OEg+dLwcsyZCtG5qdnuEY2fQYzljytdiO35nBUWegpxf70/clc02+D0Du37kDGa4uZ8OJQKoNYxmZnCQ4JWqcqDCtGgR+ZYzWfjMbffJhzNlG6dwYaHqybreBBhrds16n/gFYvXYquPelBYoe7ETmUjTDqV7VqnD2erHIYx0cMvt8KgumOcrStXI/njHLQ84uB+tgtG0MpRH1qxN/IA4HmEGDrEYC09fJnUsbkermvrCq4/UPA0hRJxIDTHRSDGDJSovI3kdyWCJhb4j18Zn5MbMj4cGBqbow1yH47G6eBV2qRpN7VOfn9Y9TLjXSmlllOjT5vxoh3bHXTunqWZ3WoeZsg770OYjELG54xmbFEsS9lZ/1zw7Ap2VO1HbNStononlU/jADei0FlLt7Yt6SnzxcTucdL2oTqGg2GlISnRicHTpOL3UBVJKlXY/cdyVEHeQ17W72+4Y5iC5tuO269IxO3zLgIRi26ZvyMXyG3JbkZETdxd1l/f3lbpgzjO/U1yXQP8SQfkSKVOTz12sfQa3sn/fwtOZQi9xcPGqLaQpS8KeHNOYMXNI7mCIM0PyT5JSqc/17qkQfYFsOOaJy5XWFhsI/u7UvySAOi7MbK2ZLI5SYmU64GyvL+6cL4hHuUZNz5qIJJd491sswANXXhRipynpL5BNusH8WAx/GNEbcMlLA0GeXt+pk9SKlduzJTsERtUPaxFjw9+KnkS23ycLmtPQmO+jrBC5UiNQym3WroCPw5LkEgEcQjc0hfoiriAGpstecmopEi+ERabocySoRGnnT9QgRYc4OpVQm7sK5qCmvEAeuDOoIMevpt2SLMGrASHQLGTKtSz4g43PjfM47hnj1W01O0BKt8G9RrGAT7zUePoAjZvv+9bdmWzylJ8WuPkvtdWbe8iPh/sm7Ly0ZxtFHzTFFBcFj4gAPlrTt01ahfMOFDS+J8YUR3bR3MJmCkmwITnRpXcjuNkpMcAO0aWUGIMC1QMv7u9dHq3HqdBJJsQ/Q83Is3se2VWmSXtRUnHojRmpKgyyV/QRPqXNOABBf8WctIwZFAb0xws4azV194kjem9g/Se6tVY1W2JUfwwwleBOC3Yprops3gQjWSVCfb6iyekmA02TdtUBHnvv3y3EqR9Mfl1C7+f2EADXN77V90BvfBsEgKjYXtxATzZDkeJSrvvK+YH3gtk4plWp/3DBKePGNZhaCyVvOmywsyEyUqv/Pd49lp69QPwddxUg6GT7TD9idmqim1Sdq/+nlJlUi1u2I/uoFXMi3Vk+H0XeLCimqZk1RbMKzJKuUSGk4sUBsNsPIjEHl+185fjDfOUSZ2naAmOO/tee6QXPwLg6b7MUOAfcePZ08gpOYU3E3blauyMNxpsJWmVQUyMPK1WnxOLzhPT9PNQJTQoupkDqwHaAmX9uZOjnQn1Wlj7SGwIXzp5cZ/IvgkGYm3g2m3MxNbtFuqeV2IFnVWu/FMQqFbvzPgK3BnS/KEp8qwHLw8jSymfYC8jJrDJbIWgW1bjy9prHAIhBk9/2ehAoV2EQa+ra6x+S/oEN+B0NhrJbC/YikAZcvCYG1DouwkE6P3QTfkTZ4xBvjmkAIYod+q7tO9M4YBwOwIRzZZiaylZXxIFyoCC9OiW5yOb+4i8dFC1M9ZIXl3/3Jp7T6LFEp8XuXePtmIT9ClMpTljzq4FDEoGW+aQno3ixf6qPiSdBqTs6XO9azcxzenFF3JELbb0iyqiZguXRq5mWySS7EAOuj1jstHGRi2GbqyLonfoj57YBf79OavJY2tq/dD7qUUGC2nLUZrFudins/8PdtnxezPMeroOxOQSftNq+3SMm0Xh6A/YSsNhXaEWQZtopKsTYiu2qNkvmtt9jVJxOwjXoD3eBtR3MZYNLvcn7sVdJed2fE5rvT6VtT4agH6iRe0FTIGYCssKrqhlsacsGxtzR9uvdW12w4a41hP50aoDqfGztVD8C9MrEcJ1tW6giSeHo3Dvkg4QJPUn94FXKNKYIUpD929XOmgZDMpRgiO7t0awDGnQTN7oIgO6ESvpe9AaihyN5aJyQizsCQroh0AESeI3SXc59iii1nX/daNhsRbqVUUvZGy7H7/mvyttwrxmdrJCu8Kk9FVlfAHrtmMI5EVQfwtwmyb28c4zVFahJ4ccmyIqGFE/UphaouQW+guaq13553WD5YDzb5o48HDQ3A25BjFsq/y09chmbxb/Y4FDjBd0SFeCWxr32lDKQTJGk4/rq3rYfB8wNCR/LPpuanLabwzRnUzvBLBA/v36EoHEEUJc3/FfApjpxZg19g2E1sXfj2wHjFRZNAzB5nucSkSw1XYrT6w5VDq0Rv9JYxigw9xVOgePqCn0r7YljpV7jg7w7y+q/n9wmoXa5rTpold/yvc0zVQ5lafxJzR9yhuKNFXVZXVy+aZTllqdVDBg3GkfOA5FBmpFYSAWMjpBJsPR86BQ2mGQtnSWrgP2lwE5GLlvdXcbTXbfVMWs6BMpv4isR2nvBiDwGWjGdSPFeqc+GJLmCvfyN9oSxjmU9f0jC1bVcyD5hGMOo9Av7yNmafkGF1MhN5/SW485FDi3XbL3W+Zn5uaEuhR0Y688/Tyn1qP+q74X5NNj0C4hPJFmLF7JW1zFZuA3U2VXUQJSAgeMhPset79TDqBjeDUGo96wT70+czZ3q1g+fvzs5f/oABBp8PnkT9FMlZo+0x8hK2YRhScnOyutbcsCzXFuursPZnxMbb8Y3LE6YPUXOegBdz+59QB2aLj/AkcowIHuPNTKt19n65a+tbnrZR8XShI5xcnlV8wh04m+AFIUxAHZeJagVG7NbDcz9DLGKPxBgIkcdEkkC4ClUyEJ+UIe1d+CLQ6iXwkTxjeg4KgeC69ADDP+f5Bs7EbvhqndA+Hq9O2+kaAzZ5ZEhRyXEhyvTDJp1EXSBOTM/go1GPBV3Y0Y9TpZ/BJi1HSz9fdvtftVUmAsvGkKMU4nTzosgPYhAf5i4yd3PCBxydxTzDklqKAUsETLxd6kCkRIQeGvwelFzWX+dqfj7dsbVx0pGuO8Yuk+zOuoqdt3S2CKWwx1HfK0eT17zSS/d9RRDNFrTh1KFpgvJTqZ4uMixqkg/SIjYXq6mpU5ntg7xllZ6LS++F8LrSopvQIYaMUZwXHw3EgMqdjeoTvO7Kfzr41iqn5mGeBY1OWS51QpU4+fzvRf0H6EOJFmT9hikcSu+vvsWtWC4eVedxaw7pRPJuAXdttUQkL4vYqoRPCxu/e1YwQUAszWck8PYw3EFRt+kLJFQUxNgCoo1xlWQOD4t4qr8i58+s/bo7ahz3Qf2FinO/aDsTjX7ZL19PdexOJJBFpnbLW8JJvlVH3oJ3fUnhpW5YCXPfU2ofSOxq4Z0URga/bXSJ9KrFgbMvqnj7H3+PiFNVsQ9dxp4PfwkW3dhB3zkp/61z6yfCHJWlZbtJ7l8MO17xJl8qWybCJYQ/lN+NFtAZWXFtQm9BCZ5hy8t1ORiCVRop7qWUQJfARW4Hw6tW6uyYN4DWWgH+boq2jHELthiAPfTw9Rl/YCJ9oJPvbyWznBHmfn8As4uJ/Ed6IDZuJaQsc598WIDqNMrxKuQ6M81seDg5+huBxl1AVavVW3OrrCLVhOTmUaD3egqWf9IFXGBFB9IpuP1RRE9uwsJkFm+Y5Kxx7jjXhzu6wBwTtNtYuzU8BJibcqEGabDKvqMZv17DH9rAwb957tzYbY2FIeeQ==&u=U2FsdGVkX190+B7/uPLzXr8udlKFPsav8Q0jDc1Jnnx/XviBBYyQiS/dOhqgFG3z&y=U2FsdGVkX19lYmnXy49kSzNgqTeGy11j0eZ7dcRf3SQfTpUnQbYeohXfFo+BldKF HTTP/1.1" 200 25
186.102.54.225 - - [14/Jul/2022:20:49:40 -0500] "GET /kwssiamovil/sm/acme/a?s=U2FsdGVkX1+JYgewC8bqU75/sR0wsj43elGRBCuKbIdcQpxQvLUSOAYHmfy5FEXO0hTG/fHD2QDm82+gx7Ky7GOg3TTSnMGI/WaQmVKkRzZun9f4e9Hk9XCDgC0H77UKZ+as8gtGfyfCFkMoXJbWSh3s6kEU1/x+gSvi7weQ/BI=&u=U2FsdGVkX190+B7/uPLzXr8udlKFPsav8Q0jDc1Jnnx/XviBBYyQiS/dOhqgFG3z&y=U2FsdGVkX19lYmnXy49kSzNgqTeGy11j0eZ7dcRf3SQfTpUnQbYeohXfFo+BldKF HTTP/1.1" 200 25
186.102.54.225 - - [14/Jul/2022:20:49:40 -0500] "GET /kwssiamovil/sm/acme/a?s=U2FsdGVkX1/qCQ6vN+RF3wjQMxpYa5dGNo66dU7pAnpPrjqtJjromwEK1CFZk8PUksxzQD7XCAuQsK5+fePBMxF7MVxreGNhPC/pd7XnZviRBbhb2rFZLhbqATLBJvoVXMt+TBHeqXGAPbTxzUl6bAzxeZJT+Lm+4CCQXwURRHg=&u=U2FsdGVkX190+B7/uPLzXr8udlKFPsav8Q0jDc1Jnnx/XviBBYyQiS/dOhqgFG3z&y=U2FsdGVkX19lYmnXy49kSzNgqTeGy11j0eZ7dcRf3SQfTpUnQbYeohXfFo+BldKF HTTP/1.1" 200 25
186.102.54.225 - - [14/Jul/2022:20:49:40 -0500] "GET /kwssiamovil/sm/acme/a?s=U2FsdGVkX1+absCUvWGSZfX0WClFaL4/Y4xUCxGwcRRU2uygWyJ4CzEzNebAJFydhynD6IAzrGo8yI8KQoUiIXzx4vL6cEqeW6QLkahU0zYLA4xGinqN1j8rmVT0/JOX14ZPaB8IO0S77avqB/DMuxX0h0kzerc6zcH6IxafuVA=&u=U2FsdGVkX190+B7/uPLzXr8udlKFPsav8Q0jDc1Jnnx/XviBBYyQiS/dOhqgFG3z&y=U2FsdGVkX19lYmnXy49kSzNgqTeGy11j0eZ7dcRf3SQfTpUnQbYeohXfFo+BldKF HTTP/1.1" 200 25
186.102.54.225 - - [14/Jul/2022:20:49:41 -0500] "GET /kwssiamovil/sm/acme/a?s=U2FsdGVkX1/MROa4Wfyy/2XHy80DwzTCnTSq6SSE3bKUjgDwRWMzprYzAkUtZmMkKCnyVKF0vYGk0MNAYki5vHiRpzMuiwTLHJEf8nomq4GjgcsNpXmID1UvIM8xFXyKs/UxRbMXalQx7B7elGqvLe09QWk/+33Ppj2Rl4lM88mg9YXEo/7VqEtjrXk6YmH7&u=U2FsdGVkX190+B7/uPLzXr8udlKFPsav8Q0jDc1Jnnx/XviBBYyQiS/dOhqgFG3z&y=U2FsdGVkX19lYmnXy49kSzNgqTeGy11j0eZ7dcRf3SQfTpUnQbYeohXfFo+BldKF HTTP/1.1" 200 25
186.102.54.225 - - [14/Jul/2022:20:49:41 -0500] "GET /kwssiamovil/sm/acme/a?s=U2FsdGVkX1/9KjsT53PiqwSQDc6gwvUm2rXXi7IYUD2NVYt47g5vWF5teqLYYoICISGuRESGq7jD0G3LvKeq5aN7mUBaeBgeY0POvoOCjLNn7EmLU1cinn3CTz4lY7NC3uk7jaOsDRba2w9Of035a9tm+M1r79MMmHhUVyLCa9HEU9XkpEkefElj121S1iLcOqNyGC9FO3BMNJFb5qh4xflNEgQOiUm7FlJPmT+C6QxJ/VIqtyYP6+K7s7xGQdZ4OJGrvmS3DZGi9Nc4UIU7Er26PuDovwn477Zvtxoy/ZijUQNE7+uJhX7f/syJP8srBsAOFAyUIb9/Fa6AV3DozEBnmsToIM2OobZvx+5BTFdC8uXdSJ6IxDOb5SWCqKgY8d7bHTaLnqgBn6Xw15pmdg==&u=U2FsdGVkX190+B7/uPLzXr8udlKFPsav8Q0jDc1Jnnx/XviBBYyQiS/dOhqgFG3z&y=U2FsdGVkX19lYmnXy49kSzNgqTeGy11j0eZ7dcRf3SQfTpUnQbYeohXfFo+BldKF HTTP/1.1" 200 25
186.102.54.225 - - [14/Jul/2022:20:49:41 -0500] "GET /kwssiamovil/sm/acme/a?s=U2FsdGVkX1/xysLpMfrmbU4AgiwPTFfzXs7gxJRa005lrDGqG0zvFJ3RoS2cNgmEdosE6gFACo0tK8mTj199an+bh2w0M8OD2XDzpyCxCrNrvDBHNwhrTd0OYMDVnle+mMAvSXUSqbKcLFj8ROuoqXx8JXV1dkMr9XKtceIfZgb/X58xg8KoWxUBeZWOZOpCaCdqFQDXNFz8Iv/X2sfODNz2/O0g6yvwz93069iWzJoFvVpMfEKSkYI6aIOvHiW6/ZMhOrFYJ0kOzJz9bXn+VxOaS29KFRiJsy/hXX6BkhlDPuHQ58rzuFZ+MyL1XMirgoMcwsNY0XQUs9OpjA2YNrhNcbb6l+S+y4pv1EeogVJxL0V4plkZH1+hxFSlXM7G&u=U2FsdGVkX190+B7/uPLzXr8udlKFPsav8Q0jDc1Jnnx/XviBBYyQiS/dOhqgFG3z&y=U2FsdGVkX19lYmnXy49kSzNgqTeGy11j0eZ7dcRf3SQfTpUnQbYeohXfFo+BldKF HTTP/1.1" 200 25
190.0.241.186 - - [14/Jul/2022:20:50:10 -0500] "GET /BLA/resoluciones/index.php?dir=RESOLUCIONES+2017%2F HTTP/1.1" 200 281046
190.0.241.186 - - [14/Jul/2022:20:50:14 -0500] "GET /BLA/resoluciones/RESOLUCIONES%202017/0087.pdf HTTP/1.1" 200 397993
190.0.241.186 - - [14/Jul/2022:20:50:14 -0500] "GET /BLA/resoluciones/RESOLUCIONES%202017/0087.pdf HTTP/1.1" 200 397993
190.0.241.186 - - [14/Jul/2022:20:50:14 -0500] "GET /BLA/resoluciones/RESOLUCIONES%202017/0087.pdf HTTP/1.1" 206 1025
190.0.241.186 - - [14/Jul/2022:20:50:15 -0500] "GET /BLA/resoluciones/RESOLUCIONES%202017/0087.pdf HTTP/1.1" 206 3072
190.0.241.186 - - [14/Jul/2022:20:50:15 -0500] "GET /BLA/resoluciones/RESOLUCIONES%202017/0087.pdf HTTP/1.1" 206 393896
190.0.241.186 - - [14/Jul/2022:20:51:34 -0500] "GET /BLA/resoluciones/index.php?dir=RESOLUCIONES+2018%2F HTTP/1.1" 200 268546
172.22.2.4 - - [14/Jul/2022:20:52:00 -0500] "GET /BLA/boletinlegal/jurisprudencia/analisis/analisis%20C-595-2010.doc HTTP/1.1" 200 39424
37.0.8.116 - - [14/Jul/2022:20:51:58 -0500] "POST /boaform/admin/formLogin HTTP/1.1" 404 1186
190.0.241.186 - - [14/Jul/2022:20:52:22 -0500] "GET /BLA/resoluciones/index.php?dir=RESOLUCIONES+2018%2F HTTP/1.1" 200 268546
190.0.241.186 - - [14/Jul/2022:20:52:31 -0500] "GET /BLA/resoluciones/RESOLUCIONES%202018/0834.pdf HTTP/1.1" 200 395581
190.0.241.186 - - [14/Jul/2022:20:52:31 -0500] "GET /BLA/resoluciones/RESOLUCIONES%202018/0834.pdf HTTP/1.1" 200 395581
190.0.241.186 - - [14/Jul/2022:20:52:31 -0500] "GET /BLA/resoluciones/RESOLUCIONES%202018/0834.pdf HTTP/1.1" 206 1025
190.0.241.186 - - [14/Jul/2022:20:52:31 -0500] "GET /BLA/resoluciones/RESOLUCIONES%202018/0834.pdf HTTP/1.1" 206 3072
190.0.241.186 - - [14/Jul/2022:20:52:31 -0500] "GET /BLA/resoluciones/RESOLUCIONES%202018/0834.pdf HTTP/1.1" 206 391484
185.119.81.104 - - [14/Jul/2022:20:52:45 -0500] "GET /portaldeninos/wp-login.php HTTP/1.1" 200 2592
185.119.81.104 - - [14/Jul/2022:20:52:45 -0500] "POST /portaldeninos/wp-login.php HTTP/1.1" 200 3650
201.245.192.253 - - [14/Jul/2022:20:52:55 -0500] "POST /kwsrmcab/Wsrmcab  HTTP/1.1" 200 45562
172.22.2.4 - - [14/Jul/2022:20:51:24 -0500] "HEAD /BLA/boletinlegal/ HTTP/1.1" 200 -
216.245.221.92 - - [14/Jul/2022:20:53:14 -0500] "HEAD / HTTP/1.1" 200 -
190.0.241.186 - - [14/Jul/2022:20:53:44 -0500] "GET /BLA/resoluciones/RESOLUCIONES%202018/0819.pdf HTTP/1.1" 200 399245
190.0.241.186 - - [14/Jul/2022:20:53:44 -0500] "GET /BLA/resoluciones/RESOLUCIONES%202018/0819.pdf HTTP/1.1" 200 399245
190.0.241.186 - - [14/Jul/2022:20:53:44 -0500] "GET /BLA/resoluciones/RESOLUCIONES%202018/0819.pdf HTTP/1.1" 206 1025
190.0.241.186 - - [14/Jul/2022:20:53:44 -0500] "GET /BLA/resoluciones/RESOLUCIONES%202018/0819.pdf HTTP/1.1" 206 3072
190.0.241.186 - - [14/Jul/2022:20:53:44 -0500] "GET /BLA/resoluciones/RESOLUCIONES%202018/0819.pdf HTTP/1.1" 206 395148
190.0.241.186 - - [14/Jul/2022:20:53:46 -0500] "GET /forest/ HTTP/1.1" 200 12041
190.0.241.186 - - [14/Jul/2022:20:53:53 -0500] "POST /forest/index.php HTTP/1.1" 200 12268
172.22.2.4 - - [14/Jul/2022:20:52:14 -0500] "GET /BLA/boletinlegal/ HTTP/1.1" 200 58491
