201.184.72.50 - - [15/Jul/2022:17:59:04 -0500] "POST /sipse/faces/presentacion/financiero/solicitudAnulacion/solicitudAnulacion.xhtml HTTP/1.1" 200 3013
201.184.72.50 - - [15/Jul/2022:17:59:05 -0500] "POST /sipse/faces/presentacion/financiero/solicitudAnulacion/solicitudAnulacion.xhtml HTTP/1.1" 200 40850
201.184.72.50 - - [15/Jul/2022:17:59:06 -0500] "GET /sipse/faces/javax.faces.resource/jquery/jquery.js?ln=primefaces&v=4.0 HTTP/1.1" 304 -
201.184.72.50 - - [15/Jul/2022:17:59:06 -0500] "GET /sipse/faces/javax.faces.resource/jquery/jquery-plugins.js?ln=primefaces&v=4.0 HTTP/1.1" 304 -
201.184.72.50 - - [15/Jul/2022:17:59:06 -0500] "GET /sipse/faces/javax.faces.resource/primefaces.js?ln=primefaces&v=4.0 HTTP/1.1" 304 -
201.184.72.50 - - [15/Jul/2022:17:59:06 -0500] "GET /sipse/faces/javax.faces.resource/layout/layout.js?ln=primefaces&v=4.0 HTTP/1.1" 304 -
201.184.72.50 - - [15/Jul/2022:17:59:10 -0500] "POST /sipse/faces/presentacion/financiero/solicitudProceso/consultar.xhtml HTTP/1.1" 200 12895
201.184.72.50 - - [15/Jul/2022:17:59:13 -0500] "POST /sipse/faces/presentacion/financiero/solicitudProceso/consultar.xhtml HTTP/1.1" 200 152758
201.184.72.50 - - [15/Jul/2022:17:59:14 -0500] "GET /sipse/faces/javax.faces.resource/jquery/jquery.js?ln=primefaces&v=4.0 HTTP/1.1" 304 -
201.184.72.50 - - [15/Jul/2022:17:59:14 -0500] "GET /sipse/faces/javax.faces.resource/jquery/jquery-plugins.js?ln=primefaces&v=4.0 HTTP/1.1" 304 -
201.184.72.50 - - [15/Jul/2022:17:59:14 -0500] "GET /sipse/faces/javax.faces.resource/primefaces.js?ln=primefaces&v=4.0 HTTP/1.1" 304 -
201.184.72.50 - - [15/Jul/2022:17:59:14 -0500] "GET /sipse/faces/javax.faces.resource/layout/layout.js?ln=primefaces&v=4.0 HTTP/1.1" 304 -
201.184.72.50 - - [15/Jul/2022:17:59:20 -0500] "POST /sipse/faces/presentacion/financiero/solicitudProceso/consultarSolicitudProceso.xhtml HTTP/1.1" 200 239677
172.22.2.4 - - [15/Jul/2022:17:57:50 -0500] "HEAD /BLA/boletinlegal/ HTTP/1.1" 200 -
40.77.190.20 - - [15/Jul/2022:17:59:31 -0500] "GET /BLA/boletinlegal/js/ajax.js HTTP/1.1" 200 772
172.22.2.4 - - [15/Jul/2022:17:58:41 -0500] "GET /BLA/boletinlegal/ HTTP/1.1" 200 50335
185.119.81.108 - - [15/Jul/2022:18:01:12 -0500] "GET /portaldeninos/wp-login.php HTTP/1.1" 200 2592
185.119.81.108 - - [15/Jul/2022:18:01:13 -0500] "POST /portaldeninos/wp-login.php HTTP/1.1" 200 3650
172.22.2.4 - - [15/Jul/2022:18:01:31 -0500] "GET /BLA/boletinlegal/jurisprudencia/analisis/CUADRO%20ANALISIS%20SENTENCIA%20T-411%20DE%201992.doc HTTP/1.1" 200 41984
201.245.192.253 - - [15/Jul/2022:18:02:15 -0500] "POST /kwsrmcab/Wsrmcab  HTTP/1.1" 200 45399
77.88.5.215 - - [15/Jul/2022:18:02:21 -0500] "-" 408 -
185.119.81.106 - - [15/Jul/2022:18:02:52 -0500] "GET /portaldeninos/wp-login.php HTTP/1.1" 200 2592
185.119.81.106 - - [15/Jul/2022:18:02:53 -0500] "POST /portaldeninos/wp-login.php HTTP/1.1" 200 3650
216.245.221.92 - - [15/Jul/2022:18:03:10 -0500] "HEAD / HTTP/1.1" 200 -
172.22.2.4 - - [15/Jul/2022:18:03:15 -0500] "GET /BLA/boletinlegal/Circulares/2019/Circular%20No.%200003%20del%2031%20de%20Enero%20de%202019.pdf HTTP/1.1" 304 -
181.54.149.217 - - [15/Jul/2022:18:03:40 -0500] "GET /forest/ HTTP/1.1" 200 12041
181.54.149.217 - - [15/Jul/2022:18:03:46 -0500] "POST /forest/index.php HTTP/1.1" 200 12268
173.252.95.1 - - [15/Jul/2022:18:05:14 -0500] "GET /avistamiento-de-aves-en-santa-maria-del-lago.html HTTP/1.1" 206 845
172.22.2.4 - - [15/Jul/2022:18:03:40 -0500] "HEAD /BLA/boletinlegal/ HTTP/1.1" 200 -
172.22.2.4 - - [15/Jul/2022:18:04:08 -0500] "GET /BLA/boletinlegal/index.php/js/jquery.js HTTP/1.1" 200 46746
179.19.40.59 - - [15/Jul/2022:18:05:49 -0500] "GET /sipse/faces/faces/faces/index.xhtml HTTP/1.1" 200 677
179.19.40.59 - - [15/Jul/2022:18:05:49 -0500] "GET /sipse/faces/javax.faces.resource/theme.css?ln=primefaces-sipse HTTP/1.1" 200 50058
179.19.40.59 - - [15/Jul/2022:18:05:50 -0500] "GET /favicon.ico HTTP/1.1" 200 7782
179.19.40.59 - - [15/Jul/2022:18:05:50 -0500] "GET /sipse/faces/faces/faces/faces/autenticacion.xhtml HTTP/1.1" 200 12179
179.19.40.59 - - [15/Jul/2022:18:05:50 -0500] "GET /sipse/css/custom_css_sg_prime_login.css HTTP/1.1" 200 443
179.19.40.59 - - [15/Jul/2022:18:05:50 -0500] "GET /sipse/js/disable_browser_buttons.js HTTP/1.1" 200 3230
179.19.40.59 - - [15/Jul/2022:18:05:50 -0500] "GET /sipse/faces/javax.faces.resource/layout/layout.css?ln=primefaces&v=4.0 HTTP/1.1" 200 542
179.19.40.59 - - [15/Jul/2022:18:05:50 -0500] "GET /sipse/js/funciones.js HTTP/1.1" 200 12592
179.19.40.59 - - [15/Jul/2022:18:05:50 -0500] "GET /sipse/css/custom_css_sg.css HTTP/1.1" 200 9694
179.19.40.59 - - [15/Jul/2022:18:05:50 -0500] "GET /sipse/faces/javax.faces.resource/theme.css?ln=primefaces-sipse HTTP/1.1" 304 -
179.19.40.59 - - [15/Jul/2022:18:05:50 -0500] "GET /sipse/faces/javax.faces.resource/primefaces.css?ln=primefaces&v=4.0 HTTP/1.1" 200 53295
179.19.40.59 - - [15/Jul/2022:18:05:50 -0500] "GET /sipse/faces/javax.faces.resource/layout/layout.js?ln=primefaces&v=4.0 HTTP/1.1" 200 87560
179.19.40.59 - - [15/Jul/2022:18:05:50 -0500] "GET /sipse/faces/javax.faces.resource/jquery/jquery.js?ln=primefaces&v=4.0 HTTP/1.1" 200 105384
179.19.40.59 - - [15/Jul/2022:18:05:50 -0500] "GET /sipse/faces/javax.faces.resource/jquery/jquery-plugins.js?ln=primefaces&v=4.0 HTTP/1.1" 200 220526
179.19.40.59 - - [15/Jul/2022:18:05:50 -0500] "GET /sipse/faces/javax.faces.resource/primefaces.js?ln=primefaces&v=4.0 HTTP/1.1" 200 276924
172.22.2.4 - - [15/Jul/2022:18:05:51 -0500] "GET /BLA/boletinlegal/consulta_actos.php?tipo=resoluciones&no=1000&usuario=&sector=&fecha=2021&resuelve= HTTP/1.1" 200 1178
179.19.40.59 - - [15/Jul/2022:18:05:51 -0500] "GET /sipse/css/imagen/loginimg.png HTTP/1.1" 200 71635
179.19.40.59 - - [15/Jul/2022:18:05:51 -0500] "GET /sipse/faces/javax.faces.resource/images/ui-icons_898989_256x240.png?ln=primefaces-aristo HTTP/1.1" 200 5355
179.19.40.59 - - [15/Jul/2022:18:05:51 -0500] "GET /sipse/css/imagen/logoSDG.png HTTP/1.1" 200 53064
172.22.2.4 - - [15/Jul/2022:18:04:31 -0500] "GET /BLA/boletinlegal/ HTTP/1.1" 200 52424
179.19.40.59 - - [15/Jul/2022:18:06:15 -0500] "POST /sipse/faces/autenticacion.xhtml HTTP/1.1" 200 11245
179.19.40.59 - - [15/Jul/2022:18:06:15 -0500] "GET /sipse/css/custom_css_sg_prime.css HTTP/1.1" 200 5201
179.19.40.59 - - [15/Jul/2022:18:06:15 -0500] "GET /sipse/faces/javax.faces.resource/theme.css?ln=primefaces-sipse HTTP/1.1" 304 -
179.19.40.59 - - [15/Jul/2022:18:06:15 -0500] "GET /sipse/faces/javax.faces.resource/primefaces.css?ln=primefaces&v=4.0 HTTP/1.1" 304 -
179.19.40.59 - - [15/Jul/2022:18:06:15 -0500] "GET /sipse/faces/javax.faces.resource/jquery/jquery.js?ln=primefaces&v=4.0 HTTP/1.1" 304 -
179.19.40.59 - - [15/Jul/2022:18:06:15 -0500] "GET /sipse/faces/javax.faces.resource/jquery/jquery-plugins.js?ln=primefaces&v=4.0 HTTP/1.1" 304 -
179.19.40.59 - - [15/Jul/2022:18:06:15 -0500] "GET /sipse/faces/javax.faces.resource/layout/layout.css?ln=primefaces&v=4.0 HTTP/1.1" 304 -
179.19.40.59 - - [15/Jul/2022:18:06:15 -0500] "GET /sipse/faces/javax.faces.resource/primefaces.js?ln=primefaces&v=4.0 HTTP/1.1" 304 -
179.19.40.59 - - [15/Jul/2022:18:06:15 -0500] "GET /sipse/faces/javax.faces.resource/layout/layout.js?ln=primefaces&v=4.0 HTTP/1.1" 304 -
179.19.40.59 - - [15/Jul/2022:18:06:15 -0500] "GET /sipse/faces/javax.faces.resource/messages/messages.png?ln=primefaces&v=4.0 HTTP/1.1" 200 27209
179.19.40.59 - - [15/Jul/2022:18:06:20 -0500] "POST /sipse/faces/presentacion/sistema/seguridad/seleccionRol.xhtml HTTP/1.1" 200 5610
179.19.40.59 - - [15/Jul/2022:18:06:21 -0500] "POST /sipse/faces/presentacion/sistema/seguridad/seleccionRol.xhtml HTTP/1.1" 200 15753
179.19.40.59 - - [15/Jul/2022:18:06:22 -0500] "GET /sipse/faces/javax.faces.resource/theme.css?ln=primefaces-sipse HTTP/1.1" 304 -
179.19.40.59 - - [15/Jul/2022:18:06:22 -0500] "GET /sipse/faces/javax.faces.resource/primefaces.css?ln=primefaces&v=4.0 HTTP/1.1" 304 -
179.19.40.59 - - [15/Jul/2022:18:06:22 -0500] "GET /sipse/faces/javax.faces.resource/layout/layout.css?ln=primefaces&v=4.0 HTTP/1.1" 304 -
179.19.40.59 - - [15/Jul/2022:18:06:22 -0500] "GET /sipse/js/jquery.min.js HTTP/1.1" 200 85582
179.19.40.59 - - [15/Jul/2022:18:06:22 -0500] "GET /sipse/faces/javax.faces.resource/jquery/jquery.js?ln=primefaces&v=4.0 HTTP/1.1" 304 -
179.19.40.59 - - [15/Jul/2022:18:06:22 -0500] "GET /sipse/faces/javax.faces.resource/jquery/jquery-plugins.js?ln=primefaces&v=4.0 HTTP/1.1" 304 -
179.19.40.59 - - [15/Jul/2022:18:06:22 -0500] "GET /sipse/faces/javax.faces.resource/primefaces.js?ln=primefaces&v=4.0 HTTP/1.1" 304 -
179.19.40.59 - - [15/Jul/2022:18:06:22 -0500] "GET /sipse/faces/javax.faces.resource/layout/layout.js?ln=primefaces&v=4.0 HTTP/1.1" 304 -
179.19.40.59 - - [15/Jul/2022:18:06:22 -0500] "GET /sipse/css/imagen/contrasena.png HTTP/1.1" 404 383
179.19.40.59 - - [15/Jul/2022:18:06:22 -0500] "GET /sipse/imagenes/cargando.gif HTTP/1.1" 200 36959
179.19.40.59 - - [15/Jul/2022:18:06:22 -0500] "GET /sipse/imagenes/logoAplicacion.jpg HTTP/1.1" 200 155084
179.19.40.59 - - [15/Jul/2022:18:06:24 -0500] "GET /sipse/faces/javax.faces.resource/images/ui-bg_flat_0_2d5972_40x100.png?ln=primefaces-aristo HTTP/1.1" 200 183
179.19.40.59 - - [15/Jul/2022:18:06:24 -0500] "POST /sipse/faces/bienvenido.xhtml HTTP/1.1" 200 1471
179.19.40.59 - - [15/Jul/2022:18:06:24 -0500] "POST /sipse/faces/bienvenido.xhtml HTTP/1.1" 200 37440
179.19.40.59 - - [15/Jul/2022:18:06:25 -0500] "GET /sipse/faces/javax.faces.resource/theme.css?ln=primefaces-sipse HTTP/1.1" 304 -
179.19.40.59 - - [15/Jul/2022:18:06:25 -0500] "GET /sipse/faces/javax.faces.resource/primefaces.css?ln=primefaces&v=4.0 HTTP/1.1" 304 -
179.19.40.59 - - [15/Jul/2022:18:06:25 -0500] "GET /sipse/faces/javax.faces.resource/layout/layout.css?ln=primefaces&v=4.0 HTTP/1.1" 304 -
179.19.40.59 - - [15/Jul/2022:18:06:25 -0500] "GET /sipse/faces/javax.faces.resource/jquery/jquery.js?ln=primefaces&v=4.0 HTTP/1.1" 304 -
179.19.40.59 - - [15/Jul/2022:18:06:25 -0500] "GET /sipse/faces/javax.faces.resource/jquery/jquery-plugins.js?ln=primefaces&v=4.0 HTTP/1.1" 304 -
179.19.40.59 - - [15/Jul/2022:18:06:25 -0500] "GET /sipse/faces/javax.faces.resource/primefaces.js?ln=primefaces&v=4.0 HTTP/1.1" 304 -
179.19.40.59 - - [15/Jul/2022:18:06:25 -0500] "GET /sipse/faces/javax.faces.resource/layout/layout.js?ln=primefaces&v=4.0 HTTP/1.1" 304 -
179.19.40.59 - - [15/Jul/2022:18:06:26 -0500] "POST /sipse/faces/presentacion/financiero/solicitudProceso/listarSolicitudProceso.xhtml HTTP/1.1" 200 1420
179.19.40.59 - - [15/Jul/2022:18:06:33 -0500] "POST /sipse/faces/presentacion/financiero/solicitudProceso/listarSolicitudProceso.xhtml HTTP/1.1" 200 154020
179.19.40.59 - - [15/Jul/2022:18:06:35 -0500] "GET /sipse/faces/javax.faces.resource/primefaces.css?ln=primefaces&v=4.0 HTTP/1.1" 304 -
179.19.40.59 - - [15/Jul/2022:18:06:35 -0500] "GET /sipse/faces/javax.faces.resource/layout/layout.css?ln=primefaces&v=4.0 HTTP/1.1" 304 -
179.19.40.59 - - [15/Jul/2022:18:06:35 -0500] "GET /sipse/faces/javax.faces.resource/jquery/jquery.js?ln=primefaces&v=4.0 HTTP/1.1" 304 -
179.19.40.59 - - [15/Jul/2022:18:06:35 -0500] "GET /sipse/faces/javax.faces.resource/theme.css?ln=primefaces-sipse HTTP/1.1" 304 -
179.19.40.59 - - [15/Jul/2022:18:06:35 -0500] "GET /sipse/faces/javax.faces.resource/jquery/jquery-plugins.js?ln=primefaces&v=4.0 HTTP/1.1" 304 -
179.19.40.59 - - [15/Jul/2022:18:06:35 -0500] "GET /sipse/faces/javax.faces.resource/primefaces.js?ln=primefaces&v=4.0 HTTP/1.1" 304 -
179.19.40.59 - - [15/Jul/2022:18:06:35 -0500] "GET /sipse/faces/javax.faces.resource/layout/layout.js?ln=primefaces&v=4.0 HTTP/1.1" 304 -
179.19.40.59 - - [15/Jul/2022:18:06:47 -0500] "POST /sipse/faces/presentacion/financiero/solicitudProceso/consultarSolicitudProceso.xhtml HTTP/1.1" 200 34869
179.19.40.59 - - [15/Jul/2022:18:06:49 -0500] "GET /sipse/faces/javax.faces.resource/theme.css?ln=primefaces-sipse HTTP/1.1" 304 -
179.19.40.59 - - [15/Jul/2022:18:06:49 -0500] "GET /sipse/faces/javax.faces.resource/layout/layout.css?ln=primefaces&v=4.0 HTTP/1.1" 304 -
179.19.40.59 - - [15/Jul/2022:18:06:49 -0500] "GET /sipse/faces/javax.faces.resource/jquery/jquery.js?ln=primefaces&v=4.0 HTTP/1.1" 304 -
179.19.40.59 - - [15/Jul/2022:18:06:49 -0500] "GET /sipse/faces/javax.faces.resource/primefaces.css?ln=primefaces&v=4.0 HTTP/1.1" 304 -
179.19.40.59 - - [15/Jul/2022:18:06:49 -0500] "GET /sipse/faces/javax.faces.resource/jquery/jquery-plugins.js?ln=primefaces&v=4.0 HTTP/1.1" 304 -
179.19.40.59 - - [15/Jul/2022:18:06:50 -0500] "GET /sipse/faces/javax.faces.resource/primefaces.js?ln=primefaces&v=4.0 HTTP/1.1" 304 -
179.19.40.59 - - [15/Jul/2022:18:06:50 -0500] "GET /sipse/faces/javax.faces.resource/layout/layout.js?ln=primefaces&v=4.0 HTTP/1.1" 304 -
179.19.40.59 - - [15/Jul/2022:18:06:50 -0500] "POST /sipse/faces/presentacion/financiero/solicitudProceso/listarSolicitudProceso.xhtml HTTP/1.1" 200 1396
201.245.192.253 - - [15/Jul/2022:18:07:14 -0500] "POST /kwsrmcab/Wsrmcab  HTTP/1.1" 200 45399
216.245.221.92 - - [15/Jul/2022:18:08:10 -0500] "HEAD / HTTP/1.1" 200 -
172.22.2.4 - - [15/Jul/2022:18:09:30 -0500] "HEAD /BLA/boletinlegal/ HTTP/1.1" 200 -
172.22.2.4 - - [15/Jul/2022:18:10:21 -0500] "GET /BLA/boletinlegal/ HTTP/1.1" 200 58491
185.119.81.106 - - [15/Jul/2022:18:12:03 -0500] "GET /portaldeninos/wp-login.php HTTP/1.1" 200 2592
185.119.81.106 - - [15/Jul/2022:18:12:03 -0500] "POST /portaldeninos/wp-login.php HTTP/1.1" 200 3605
201.245.192.253 - - [15/Jul/2022:18:12:12 -0500] "POST /kwsrmcab/Wsrmcab  HTTP/1.1" 200 45399
77.88.5.164 - - [15/Jul/2022:18:12:32 -0500] "-" 408 -
172.22.2.4 - - [15/Jul/2022:18:12:40 -0500] "GET /BLA/boletinlegal/actos.php HTTP/1.1" 200 9559
172.22.2.4 - - [15/Jul/2022:18:12:40 -0500] "GET /BLA/boletinlegal/favicon.ico HTTP/1.1" 404 1326
186.29.133.139 - - [15/Jul/2022:18:12:43 -0500] "GET /BLA/resoluciones/ HTTP/1.1" 200 13093
186.29.133.139 - - [15/Jul/2022:18:12:53 -0500] "GET /BLA/resoluciones/index.php?dir=RESOLUCIONES+2014%2F HTTP/1.1" 200 333508
186.29.133.139 - - [15/Jul/2022:18:12:54 -0500] "GET /BLA/resoluciones/RESOLUCIONES%202014/0032.pdf HTTP/1.1" 200 1076422
172.22.2.4 - - [15/Jul/2022:18:13:04 -0500] "GET /BLA/boletinlegal/robots.txt HTTP/1.1" 404 1038
172.22.2.4 - - [15/Jul/2022:18:13:08 -0500] "GET /BLA/boletinlegal/Circulares/2011/Circular%20No.%201%20del%2012%20de%20Abril%20de%202011.pdf HTTP/1.1" 200 366269
216.245.221.92 - - [15/Jul/2022:18:13:11 -0500] "HEAD / HTTP/1.1" 200 -
172.22.2.4 - - [15/Jul/2022:18:12:38 -0500] "GET /BLA/boletinlegal/ HTTP/1.1" 200 36811
186.29.133.139 - - [15/Jul/2022:18:13:42 -0500] "GET /BLA/resoluciones/RESOLUCIONES%202014/2715.pdf HTTP/1.1" 200 1127486
173.252.83.9 - - [15/Jul/2022:18:14:19 -0500] "GET /images/pieza-residuos-31-enero.jpg HTTP/1.1" 200 47280
64.124.8.58 - - [15/Jul/2022:18:15:54 -0500] "-" 408 -
172.22.2.4 - - [15/Jul/2022:18:16:20 -0500] "GET /BLA/boletinlegal/consulta_actos.php?tipo=resoluciones&no=0291&usuario=&sector=&fecha=2021&resuelve= HTTP/1.1" 200 1148
172.22.2.4 - - [15/Jul/2022:18:15:20 -0500] "HEAD /BLA/boletinlegal/ HTTP/1.1" 200 -
185.119.81.108 - - [15/Jul/2022:18:17:06 -0500] "GET /portaldeninos/wp-login.php HTTP/1.1" 200 2592
185.119.81.108 - - [15/Jul/2022:18:17:07 -0500] "POST /portaldeninos/wp-login.php HTTP/1.1" 200 3650
201.245.192.253 - - [15/Jul/2022:18:17:11 -0500] "POST /kwsrmcab/Wsrmcab  HTTP/1.1" 200 45399
207.46.13.39 - - [15/Jul/2022:18:17:34 -0500] "GET /siipev/Diseno%20de%20Elementos%20de%20Mobiliario%20Urbano/Diseno%20pertenecientes%20al%20mobiliario%20urbano%20M10-M160/PARTE%20A/Dise%C3%B1o%20de%20Elementos%20M-144.pdf HTTP/1.1" 200 3438987
64.124.8.58 - - [15/Jul/2022:18:17:47 -0500] "-" 408 -
172.22.2.4 - - [15/Jul/2022:18:16:11 -0500] "GET /BLA/boletinlegal/ HTTP/1.1" 200 58122
216.245.221.92 - - [15/Jul/2022:18:18:10 -0500] "HEAD / HTTP/1.1" 200 -
31.13.103.8 - - [15/Jul/2022:18:20:34 -0500] "GET /images/empresas-industrias-forestales-1-junio.jpg HTTP/1.1" 200 44019
31.13.127.7 - - [15/Jul/2022:18:20:34 -0500] "GET /images/Junio%2002-experiencias-jardines-verticales-sda.jpeg HTTP/1.1" 200 31171
185.119.81.98 - - [15/Jul/2022:18:20:36 -0500] "GET /portaldeninos/wp-login.php HTTP/1.1" 200 2592
31.13.103.8 - - [15/Jul/2022:18:20:37 -0500] "GET /images/energia-eficiencia-26-mayo.jpg HTTP/1.1" 200 46417
31.13.103.1 - - [15/Jul/2022:18:20:37 -0500] "GET /images/facebook-live-ivc-MAYO27.png HTTP/1.1" 200 480404
185.119.81.98 - - [15/Jul/2022:18:20:37 -0500] "POST /portaldeninos/wp-login.php HTTP/1.1" 200 3605
31.13.103.8 - - [15/Jul/2022:18:20:39 -0500] "GET /images/la-vieja-mayo-24.jpg HTTP/1.1" 200 58217
31.13.103.116 - - [15/Jul/2022:18:20:39 -0500] "GET /images/jardines-verticales-plantas-24-mayo.jpg HTTP/1.1" 200 148288
31.13.103.1 - - [15/Jul/2022:18:20:40 -0500] "GET /images/bogota-polvo-sahara-23-mayo.jpg HTTP/1.1" 200 35039
31.13.103.8 - - [15/Jul/2022:18:20:41 -0500] "GET /images/control-madera-ilegal-24-mayo.jpg HTTP/1.1" 200 48269
31.13.103.1 - - [15/Jul/2022:18:20:41 -0500] "GET /images/Naturalista1.jpeg HTTP/1.1" 200 202073
31.13.103.8 - - [15/Jul/2022:18:20:42 -0500] "GET /images/reciclaton-mayo-3-mayo.jpg HTTP/1.1" 200 278453
31.13.103.1 - - [15/Jul/2022:18:20:43 -0500] "GET /images/arbolado-bogota-mayo-13.jpg HTTP/1.1" 200 62568
31.13.103.8 - - [15/Jul/2022:18:20:43 -0500] "GET /images/negocios-verdes-mayo-2022.jpg HTTP/1.1" 200 48000
31.13.103.11 - - [15/Jul/2022:18:20:43 -0500] "GET /images/actividades-dia-aves-16-mayo.jpg HTTP/1.1" 200 147089
31.13.103.8 - - [15/Jul/2022:18:20:45 -0500] "GET /images/feria-servicios-12-mayo-principal.jpg HTTP/1.1" 200 44744
31.13.103.11 - - [15/Jul/2022:18:20:45 -0500] "GET /images/parque-nal-secretaria.jpg HTTP/1.1" 200 168060
31.13.103.1 - - [15/Jul/2022:18:20:46 -0500] "GET /images/dia-rio-bogota-12-mayo.jpg HTTP/1.1" 200 44387
31.13.103.8 - - [15/Jul/2022:18:20:46 -0500] "GET /images/ptar-alcaldesa-rio-bogota-12-mato.jpg HTTP/1.1" 200 40205
31.13.103.11 - - [15/Jul/2022:18:20:46 -0500] "GET /images/secretaria-rio-bogota-avances-12-mayo.jpg HTTP/1.1" 200 37281
201.245.192.253 - - [15/Jul/2022:18:20:48 -0500] "POST /kwsrmcab/Wsrmcab HTTP/1.1" 200 46021
201.245.192.253 - - [15/Jul/2022:18:20:52 -0500] "POST /kwsrmcab/Wsrmcab HTTP/1.1" 200 47076
201.245.192.253 - - [15/Jul/2022:18:22:10 -0500] "POST /kwsrmcab/Wsrmcab  HTTP/1.1" 200 45399
186.102.42.96 - - [15/Jul/2022:18:22:30 -0500] "OPTIONS /kwssiamovil/sm/setfile/f? HTTP/1.1" 200 13
186.102.42.96 - - [15/Jul/2022:18:22:30 -0500] "POST /kwssiamovil/sm/setfile/f? HTTP/1.1" 200 381
186.102.42.96 - - [15/Jul/2022:18:22:38 -0500] "GET /kwssiamovil/sm/acme/a?s=U2FsdGVkX18O0ymVXS9OYEr7uaUGlMsUS4blocSfg0FDtlOOKOH4I6JF3OswjaYutyf3BZgTmZDkuICuILucNzSUV3AKdbiX+smlOI/TOXa6CLkjfE7zFtLSUCtNWdMLCtMtCDBIfxfbTbEVScpWIm6DEpHjnWE8Md+uT+ZHAaMKGvPNbH70CuhzHpWVm3wK/dAtTl18vR3Fs6Igru7vS7BJJZEdS/SPcKrgfIGKxh1GJs9nbdrLY1Kvia4f6X1/RW+0q5VloGoB07Ss+ema8A==&u=U2FsdGVkX18QvraZ0EDeeH8M6ZZpTP5H0M4pp5AGOSNXetZ74EucqlLe0e9iA1pa&y=U2FsdGVkX1/CLNE2ZeUZSB5dyNIrCA+zcV0kDIwC+cOucAgKFmMGHmG5odnSGaJj HTTP/1.1" 200 25
186.102.42.96 - - [15/Jul/2022:18:22:38 -0500] "GET /kwssiamovil/sm/acme/a?s=U2FsdGVkX19a9yl/KovF4Sv0bkOKqLh4foPt3BLJFhiu/0V9367pEtmdFXhINIEmYTLEfiGd7wpOYzQPicJR0X2WeIupkUzjqRypnOr9+oH2CNGUdPQtjMdP46yc7U+1KlZuyO0wQICKFQuq+nLkHGrZhczasS518RD2IeJmSVQrUSh2QeKVu1LnF7ygrgKKvLbrGbGtZKqiZce5dfFWA23N7DyMvKE16gC/jB09Z7zrfIBrE2t8T4lxU0yE4tLyk9ccISVPBu8lPtqMqHucL0KqLsEX1x2efcDgizXj5ddtoXB1QZChhjP/9/Lv6kY5ou9ho0cSV/AR00W3br4YaHZvSYIRX5QaqNWYDcUCWwm46sRSMSuU2H1EFAeYssvPyXO5SD86nGdWjWJKhJyy9exzPkhCeZ3rE7x3cPAfmdvTKgkuzsTM3EIS/JBMk2bo+m4Vnrg+EErcF7ggYxhRydrZ0maZZaEbyA7ElMiaqRAdr6jGmG0/fIZm+Kot0ps5t+ujqlXJ4q3MW7sL7HwRK27dtZRXbHenC7DZ7GiLxvqj5isOLgFTryChCFiVZ5Fju4V1lg3zGxKN4hpCciufviOdyaxTouIVv6piWeyeF096S+bzaINvMCMCtJrg2xPJiTidxpxWUUYg1DC4tvcDkRI5O+TMcNhEUEKqZxGEb7oa71k6xONu3yYmfLM50zDYWZMuWc0LJj08Cq/V+v9y3MSGZagHV5UCMULx6TEbpEQq7sIw34KJN7LaPaIonU+KrtTaLg6dKHuVJ05ySoEzuXHoDfMANfQ5uEmq2M4sI+KzstA/jNdb1Veq6gw+tPWf3VHA7HZtrE6JEsgaYXPKROwEncUb778eDsQSmu8E5hq2P68w//qCzTzK9sBJ25P3T7W5EUCLYuNDaLg6pbGiajOHMV6hPNEz0K9Ogyc88lTSaxJ3IOiP/7bk/PLT3uz4tDKT1H9WjUYmCPAWnEjSkoRJt7Z5nC/rv4WxdcCPXsmN6ZNdW8a4uUwzS4XgRA/bGARXPdufWuBv2D0/YFx2eyCIDsfOB2NWAxw2R+F47/OYrLcshkLuTSa5yBtmYnOL2o+8bEl7JwDWIdpVLD1w6Eo22/842EzxYXMzFw4fqT3AMUmQvtuhlZVg2WOsXXs7G2aG3/oVo9UG/8jWMKAI5WDFAKg74OqR3KMJOGY6ZmWhzbn0xcPyWsO9oLr6pPRQ9Jga76frWT1NbBo1E7HtrpKYqY30jyYB6q6ysQiYPK7F/ZrKpsLoMAFqo6pTm/lndrFerLNaiL/laI+3bEdTtgYjeArAK7r7zfvP3WuTsGhH0erKdrgnZIRD0j+Q5i811Bz3jvuZdmN2uvrmnMcg0s/qZKA/8DgDmW6Pycj+opsPwmVB9JxqDQwMWmBv7uQdm1p/d1HUS9r+EIvg/GTXofnT+IihzRo4KAbUvy0mJY/5/08JBn4cp16xCjhFzpWc0kaDenoy4SirMZv0DTQIilCEZ6g70TdpWhBBMaHWdJjigOYLsRyM1Y7bfcfli19w1MsuWwAQPBpmURzzRc3ByyV4Mw8FuMqp20dio3uPWUgD/otr0eegv4xT7Hv+HmOnbsvZoQNkIQOzCyteDuoZRh59esEsBbmbyzOyV1N1lAm7ggQxcu2lTC3XERC9amDLMGGR/i+1jFigpIqC1UP1AHXICU10ij3rPuGzc90hoP1Ha8aLStdVz2sZs0YzipbexMgM2aC35mlug3mvqeWcE3/YHOFlAyYg8OPx3lCmrqcdu3+vVzYZ5LTSEMhL/uSTgMhd895UEXgGHsCn4AAZE3ZpMILMxR96xg6KTWMwqU+JWyRGb4HKsyV1Osp/li/VUyRVcJH/to33WhWRMHlDdtYrxTA85osFZBN6DH7COMhY6NoScAIm67NDlhXa80VbRVXgRu0mqO88mPLUkBiaQ8cy7bT0e8/YO5d12N68hyarLhjYdQbrvzyGsky+Q6ynFIKr31CmvcDkW+RJVgae99M2BW6SkbZtMo3ZuU5bUq1eT/V4wG4vzgZ9Qu0DbSynEmuqsU38g9DGEYX+05Qcwea65CoGtIh458iMvCs9GrGYQyJn/et/+RKSdzq4QAdYqr7z/8FY1Vg42eXCqlcRt7vvNxeVYjE8FH0S3mFxFZWXpoYipqo2OL+XetTWliF8J4R1V8+j8SwWQYk4m/zhtQK5yjvnT+jINYP4+90yz74M2iXU8UInWisCgYnh36PduNjJt5g7XJy1ywHb6TNwdNZ70JdFzPanUGEuqcTdJT3V4Phpl/xtsowK2dezDWZYsWQI5OTmU6/a7FKdw2otIw==&u=U2FsdGVkX18QvraZ0EDeeH8M6ZZpTP5H0M4pp5AGOSNXetZ74EucqlLe0e9iA1pa&y=U2FsdGVkX1/CLNE2ZeUZSB5dyNIrCA+zcV0kDIwC+cOucAgKFmMGHmG5odnSGaJj HTTP/1.1" 200 25
186.102.42.96 - - [15/Jul/2022:18:22:39 -0500] "GET /kwssiamovil/sm/acme/a?s=U2FsdGVkX19sJZ3qo4EeJf7I23DNulvY1roaJnMnZARYYpiUEMEGn3d7VhcVKXAJLX3wjFBdyO8GR14Q3DS6r5LRZF3aHxbFyELO2so3JHhBInvq1kE62gT4X4pxpTiQE533UMHdkQu3r5aUxIFc1Wlmu5TOvY0mC1prG5hH8dY=&u=U2FsdGVkX18QvraZ0EDeeH8M6ZZpTP5H0M4pp5AGOSNXetZ74EucqlLe0e9iA1pa&y=U2FsdGVkX1/CLNE2ZeUZSB5dyNIrCA+zcV0kDIwC+cOucAgKFmMGHmG5odnSGaJj HTTP/1.1" 200 25
186.102.42.96 - - [15/Jul/2022:18:22:39 -0500] "GET /kwssiamovil/sm/acme/a?s=U2FsdGVkX1+R0F/nXmyd7lcxn/pmkefkdTclXrVczxlgCvq1AjSV9WRy8lmJHhjksfNcd5VtXDWzyvyAxXZcZ21rj9oXtTDZCzKzsKY/kpmWXHq2nIxt/LrgSqP5Mupx7LTA5tw0uZ7UFaVaq7hVXqpcowKbTt4COCPmlrMGPqg=&u=U2FsdGVkX18QvraZ0EDeeH8M6ZZpTP5H0M4pp5AGOSNXetZ74EucqlLe0e9iA1pa&y=U2FsdGVkX1/CLNE2ZeUZSB5dyNIrCA+zcV0kDIwC+cOucAgKFmMGHmG5odnSGaJj HTTP/1.1" 200 25
186.102.42.96 - - [15/Jul/2022:18:22:39 -0500] "GET /kwssiamovil/sm/acme/a?s=U2FsdGVkX1/hCmvmOhBxa7Q/3dPPo83UnP5cgzcalW9dDUGEHxamWfNtUJHSTPzy7DrLG4SqmBgBE/Frp4zh5q1yGXJwZteA0s7gLVGNM5l2rlU9q8+ePt+lOWoFh2T9qT7uIsvTMcXGD/1V2bOZnciH4qW6YnBwZGQ2SvEza9Q=&u=U2FsdGVkX18QvraZ0EDeeH8M6ZZpTP5H0M4pp5AGOSNXetZ74EucqlLe0e9iA1pa&y=U2FsdGVkX1/CLNE2ZeUZSB5dyNIrCA+zcV0kDIwC+cOucAgKFmMGHmG5odnSGaJj HTTP/1.1" 200 25
186.102.42.96 - - [15/Jul/2022:18:22:39 -0500] "GET /kwssiamovil/sm/acme/a?s=U2FsdGVkX18hfp21pJgeEvCNablIqHrTmuNy3bo74o6vOhsvm3t62G2pexWd5rvdW5d81aNrR0ROPlhPmrMx5YRe4349PLqahteGDls0uTrZhNxz1ty2CiGiy3B9gtfORNVbYxVCp2KCJwXLYyte9ndR/rkOTAuCwo3VuSEDQZJHRZhGsjCMDEiB7RkU94p/wdwcKNc7GHenaAYw0d7/0w==&u=U2FsdGVkX18QvraZ0EDeeH8M6ZZpTP5H0M4pp5AGOSNXetZ74EucqlLe0e9iA1pa&y=U2FsdGVkX1/CLNE2ZeUZSB5dyNIrCA+zcV0kDIwC+cOucAgKFmMGHmG5odnSGaJj HTTP/1.1" 200 25
186.102.42.96 - - [15/Jul/2022:18:22:40 -0500] "GET /kwssiamovil/sm/acme/a?s=U2FsdGVkX1/J8c3oUJn2YzEeMj5E3/pnrCCUBNrBHJd/GJXGEyklF7OKr9xzp7+sYkcPsubKIyL07YMlR4qjcW/yjAOc3bARrbpJWHMmoHrS7x6OUKVNT0A8iOtUvC/vaxUFSXK6rbtgfBdW2+2yXlNlCl272TVCv8Plhkt7CWZQeYbTLfDJZzVcvcWBfmSOQCfrdyKISZoMcJ7QYPIDBsP44Ax8ym8OeD8qCtWaZ9cm1YDSwl9neweNob8LlXI09Z/SqfMLBAvnk+0iTQ05XHmXD+lPps3WouUCV5jE+DKRbLdSuoPUu5vnXfw696cxR6nEURPeMGdaQuAt7nEDIqlJ1ft3LCsupQC/nrkTYDDpgxNVo5uwz7BQpBAkNkoB8fnWCvARgVE42HWS1Vjp0PH78eqTe5uNPx7U1P5x68LI/wETPyeurqCd1L7t2Eh72sLAbVsTwgFeg+gJpm0w6rE/v3kusuR1P3QE3J73FK36qAbYRw/9+PZUllZBgb2D/xoQRVLiLqrn8wzGgSpYAavQCM0d60TGANAnlz0fMcAFIScQ8iEcHyEWomdS1lxs&u=U2FsdGVkX18QvraZ0EDeeH8M6ZZpTP5H0M4pp5AGOSNXetZ74EucqlLe0e9iA1pa&y=U2FsdGVkX1/CLNE2ZeUZSB5dyNIrCA+zcV0kDIwC+cOucAgKFmMGHmG5odnSGaJj HTTP/1.1" 200 25
186.102.42.96 - - [15/Jul/2022:18:22:40 -0500] "GET /kwssiamovil/sm/acme/a?s=U2FsdGVkX18CFFMC+5MZZxldoDpy4hGwXTwmb57HjhOsTdCOigyVRPllovkEJ+BUOv4OhnBmvkSo6CvPq1T1JU5/ufh6/LR5WphiOl6DLwETm9HxmFvJ1a91ARO2UVFOJOaBHqP+MDiMdwo0OxlmB8neY/9Q4gGi25OdBnpczu36oMZ3i/+BerSg7S/pFOklP+cnkMQQb9yo44Vqo0hKrT5z4OhmkGd3ShN69I/ZA3pxI3qkIqMobx/q+kyPChVxyseoeFkKR0ac6yGe5QmSY1cQ1x8a5NVRSPMWMVkyMuQlXxGvh/5Nysd8MmJfusRVHm8AcSFf7NMXm+7QJUG6xtGUpzQs3Pi4NnwhJh1WO88sCDkoUYAxnjZ5TjfObCTd+bxuA7nMxnSu1ZoqPa/B8VbF0uEItb0YdVd9VnArr9NGarp5MqjXMucLKqUme1TkQfNNVVihetHOZiZyerMzRA8OO5Kq80D99yyV/UEI4X227vZ4+LfS+u141KiYO5y+qcBm6ptiVcbgHLPKiNFSQA==&u=U2FsdGVkX18QvraZ0EDeeH8M6ZZpTP5H0M4pp5AGOSNXetZ74EucqlLe0e9iA1pa&y=U2FsdGVkX1/CLNE2ZeUZSB5dyNIrCA+zcV0kDIwC+cOucAgKFmMGHmG5odnSGaJj HTTP/1.1" 200 25
172.22.2.4 - - [15/Jul/2022:18:21:10 -0500] "HEAD /BLA/boletinlegal/ HTTP/1.1" 200 -
216.245.221.92 - - [15/Jul/2022:18:23:10 -0500] "HEAD / HTTP/1.1" 200 -
172.22.2.4 - - [15/Jul/2022:18:22:01 -0500] "GET /BLA/boletinlegal/ HTTP/1.1" 200 58491
207.46.13.188 - - [15/Jul/2022:18:23:55 -0500] "GET /galeria/galeria/fotos/Huemdal-Cordoba2G.jpg HTTP/1.1" 200 471832
186.80.52.96 - - [15/Jul/2022:18:24:40 -0500] "OPTIONS /kwssiamovil/sm/setfile/f? HTTP/1.1" 200 13
186.80.52.96 - - [15/Jul/2022:18:24:40 -0500] "POST /kwssiamovil/sm/setfile/f? HTTP/1.1" 200 381
186.80.52.96 - - [15/Jul/2022:18:24:42 -0500] "OPTIONS /kwssiamovil/sm/setfile/f? HTTP/1.1" 200 13
186.80.52.96 - - [15/Jul/2022:18:24:42 -0500] "POST /kwssiamovil/sm/setfile/f? HTTP/1.1" 200 381
186.80.52.96 - - [15/Jul/2022:18:24:45 -0500] "OPTIONS /kwssiamovil/sm/setfile/f? HTTP/1.1" 200 13
186.80.52.96 - - [15/Jul/2022:18:24:45 -0500] "POST /kwssiamovil/sm/setfile/f? HTTP/1.1" 200 381
186.80.52.96 - - [15/Jul/2022:18:24:55 -0500] "GET /kwssiamovil/sm/acme/a?s=U2FsdGVkX1+49kikNvf3Z03QUqka2iqbmjE8EohNGn3RZk3OW/0CFfs2FiGeNV4B1l3hMWlJjE/F+rRDPFAKKn0NkJmeRFXjFmcM1dn+Ab/FipvKSecGYU65p4Qa/wisnRueNOxRCtlAVW9Jqj5HZ+QXble/cfZHn3n/wRTgl+i7u04/TuoulmQrMV7TEyvZ3eSqmvi7QClq7k4YBKswntyc0a88ryy6uUsa/Ayp5dcvhdwULIj5WwWAX+vegZTcTWd12r4Ozo70C0q41Q+ceg==&u=U2FsdGVkX18URJXuhN7UBoLzZezVI/CWevwE7QQDJsg=&y=U2FsdGVkX18+Mcjs7AFO91ee2GrBYKzJdtOSEK45uKQ= HTTP/1.1" 200 25
186.80.52.96 - - [15/Jul/2022:18:24:55 -0500] "GET /kwssiamovil/sm/acme/a?s=U2FsdGVkX1+yzxLKsEQwxH6VBMRYTx6/arDhZp+cCoj+J7eM9LvOhqIGczQq3SnUohpQfL5zCm3doaeFfguzd8by/uOqJQcLoj5bzpwH4SiapdWE474ZPIRfwgkHUmJBbOw4YTCc4Bs+RpDIIolVrO6KrZOXHnapOEUygHnVYZnViobzK8KfHbCYXuvFsR2IcWD4uoaM7ZR63ypJp564wuQSP5s5jLygPpnFpA/OOEhGqb0PxHlvvzo6BOIxdRi/cJbYsYHEIXWhfZgMjGv/OWxHyo+ind8NrIS/1/6fHhE9t0z1r5lPYj3Gojx+MuWhoIGMoh2hw344a3nZJh8BD2GJHv18zLNj/RIxelg+P/Dja760Mv0I7nXiZSD11kXSADVVBwL/TLD9OawoYkyPtVh0YJyl6pjGr29WWSOxerXtuW9FvJiLNlkQKcMsHTb8ZlfuespXxacP7Qu7nCOXG7FCWYqBIbs4ccuj01FMVTVgOlZMtf3UFJeA5rK76iCP4q4NXUF1xIcoI1CmnJi/6CL03rZ6TtrmrJAVScVHGnc2SGLp+YqkI1JKQsuBU0trTCjO4wP0xVVq7kz8m9hP5Inglkfqsl+mSRfZXumXJSSOq6qA56PDup3dCSUJbWR3zHb0TPyTLOb9srR2frYvBXXopQqZTZ4XygpT1zkEj9/bPlwAjeCgNLETfXTNXJU9ysz69SIZn0V+CUJLyECemL80Efp0Xlubp9MKPFE69LYGY848rh4pLPZo/9XffStXVvxRFs8xfHFaCBMhFM7uNVvWWKU6MMctz8vxC666JLLBh+rRZ3+O3U9sfH+8pQsLTu/Yjp49K44M8sj8H6zaYhKvABFAeKLbuXoh82w+nis7xnm5hbxVKagZs1sXqaY7a6OF/OrvVkVsQuhYSwMsC4q9ughYuU4c9LTH2hOhCPV5CtW20lW4LOGF6cEy1xCYkdTtVK8HC8Pai2lxFjDozbvoNX7DoGiVZJOC1aohUMVY9g6E8SOE0fBBQpsB8dHxvDkiW5Nlq9gewTLD+p2SjEjYfGtYWLJRS0WiIDo16VGuge92zJNw5e5scz8F25uuOL6is+hW8rJe2VY/pwEQ57/BShMWfG5VvEshAfRB5YSUel5lpZOcId9d58C+aCaw+0YE/QoL9KhhPegE8NFdvNcNNBx3g2/KYbK3oTYMwWKEsmGBnA9bGJtkuks93NmA5SEwgb09Jki/AbHhbn0HolsJoh27mEwZUrfycM70nkkVJ6XxMBFYPxOgazDZAd7krQQdRNDEqpM48WO/wUTT8mAj1VUSXCFxY1H5Z+nYi6znvjDVvTOGFc4YBaBowTGwpjdoaULUcR5yBLkfmkER1z1rFPHlv9vxFRMJ04HtcehUedgYo9BTAPMAjYAVbIjfAzrjo0WsLL8y0BVro7d9gNKjE9y3WMXJdFksdFTrZgG60hPKlliACU9ZdxuBDZA8iwTzdq04Ba7TTaW09o+Hil+BfMZZywsyr87Tap8bycve/wcwbZ0XqrdsLoD75UoqH5E+5OqvPgujI0mmq6zzdqxAWdbaU+muZ+RgNzXASJmGQAJWjOvjxiM0Ps764OZy+FK8UDEfCre0udHeCkKW+L+cFAAyJTNzfVDFjhvKPTL5Ttd09u9HC7PNM1JRl7roXB1V4piMy1KEs2O5xYvkJw==&u=U2FsdGVkX18URJXuhN7UBoLzZezVI/CWevwE7QQDJsg=&y=U2FsdGVkX18+Mcjs7AFO91ee2GrBYKzJdtOSEK45uKQ= HTTP/1.1" 200 25
186.80.52.96 - - [15/Jul/2022:18:24:55 -0500] "GET /kwssiamovil/sm/acme/a?s=U2FsdGVkX195B2FR1yKiYyc6LWIo5Q5Jde5RVYA0kyD7tdVUiBqNSAIEolcZMqZ68o/3/z4bHlJCanzBfFF4satN6gZAirczOro05YFVvnLPCFQ0NcHRDYvVUnF/b3sKysVO3bN9isnuw2OztAPZJ1FFnoNSt4XdNJr0uIuQdRI=&u=U2FsdGVkX18URJXuhN7UBoLzZezVI/CWevwE7QQDJsg=&y=U2FsdGVkX18+Mcjs7AFO91ee2GrBYKzJdtOSEK45uKQ= HTTP/1.1" 200 25
186.80.52.96 - - [15/Jul/2022:18:24:55 -0500] "GET /kwssiamovil/sm/acme/a?s=U2FsdGVkX19WZe5OvZXpjf6mxnVQhPOrYxgnUCwaPFf88b117In6Z8lUa5z7qZzk/4EJucbjTI6DxC5mMC/xvbdZ5CKHQizl5fSf4dtLixitIVQ78fbvkuv8c78dXeANojgymVUdGYxSWibvKTXokYVsqN9jeMtXFUjF/M6dbKc=&u=U2FsdGVkX18URJXuhN7UBoLzZezVI/CWevwE7QQDJsg=&y=U2FsdGVkX18+Mcjs7AFO91ee2GrBYKzJdtOSEK45uKQ= HTTP/1.1" 200 25
186.80.52.96 - - [15/Jul/2022:18:24:55 -0500] "GET /kwssiamovil/sm/acme/a?s=U2FsdGVkX1/NVr7ETYRtSD+TJ8+sH/N9LbUdEOXCoPL5tBaQVeCjk9vW9kSVI/bHJvQT8Dk87xQnNYF6R3pq36on+SjMvJzP+tfeVDEFovb1YmbQi7jpRPH6Sf27zwz8Uzdxsu09sdZ/N8Krd0C7y2LQ62Q9xYQJ6C52W59k2Sw=&u=U2FsdGVkX18URJXuhN7UBoLzZezVI/CWevwE7QQDJsg=&y=U2FsdGVkX18+Mcjs7AFO91ee2GrBYKzJdtOSEK45uKQ= HTTP/1.1" 200 25
186.80.52.96 - - [15/Jul/2022:18:24:56 -0500] "GET /kwssiamovil/sm/acme/a?s=U2FsdGVkX19jM+kR/ACfxyQ6iKLyl6WgW+8G+E1Lx+VXVhzkeqPblprY0XZVUGLAz3Hc4yPNTWlA1U4O2cCNmPlJB7bzcdY0So+je7PqrSv+dPRXV7m5OmbdsFL0eJvSroiyezFco3A71/pMmFTKZ3qeBaUKaJIqf7RokcO5T9/HBDQIGBkn9+UXAq2gre9w&u=U2FsdGVkX18URJXuhN7UBoLzZezVI/CWevwE7QQDJsg=&y=U2FsdGVkX18+Mcjs7AFO91ee2GrBYKzJdtOSEK45uKQ= HTTP/1.1" 200 25
186.80.52.96 - - [15/Jul/2022:18:24:56 -0500] "GET /kwssiamovil/sm/acme/a?s=U2FsdGVkX1/Hbo3+iNoTMjGMdQTvvyJRhazC2bqK/P3qFocpPtLQ/LW6iWptmP2NIWknt8lN1jywXKtoDRsEXav57qoRToPww7vqfDR3H5l0CkCE+FmTM5O59YIhAMrudhlpBTS+bdS+CMdSL5rQlZ0BXqb47DQn/UFwZ/UotVHlRXWQnTUNNO+D6SXPYnZIihrmg9BgoVvP4UA7nWO87Q==&u=U2FsdGVkX18URJXuhN7UBoLzZezVI/CWevwE7QQDJsg=&y=U2FsdGVkX18+Mcjs7AFO91ee2GrBYKzJdtOSEK45uKQ= HTTP/1.1" 200 25
186.80.52.96 - - [15/Jul/2022:18:24:56 -0500] "GET /kwssiamovil/sm/acme/a?s=U2FsdGVkX1+D4JW8mU9UCo3Kufd240VM4KA/6SePE5P3t3lKRa+2DK0EUoJAy7Y9SPHXBGAdLwUXYNzxJUpZC//5yfDN5/ORfbglFE6c4Wuxas6ewHX/2CS+hcHktCrZX5lWc20/MODr62TuNJ/Jgz2H8q+Pv1j1ORCeL3n89Z4vM44d6Fj2a/lHfoFenMqk&u=U2FsdGVkX18URJXuhN7UBoLzZezVI/CWevwE7QQDJsg=&y=U2FsdGVkX18+Mcjs7AFO91ee2GrBYKzJdtOSEK45uKQ= HTTP/1.1" 200 25
186.80.52.96 - - [15/Jul/2022:18:24:56 -0500] "GET /kwssiamovil/sm/acme/a?s=U2FsdGVkX1+roAdFO9dfCfNdlp0Wr2hkRyjEe72dFicsjSwM9YI24nfATcYxrVaNGhRc76hZy8XfEAwC8enJNXysmeg0sldB7AYVMmaogwD1gb/mwmosyyPbJBLMmZrslnPhcEx9CP7YfqdgHc0UxfIr34uE+q68REcEYvTEziPXHCJzrmkNikf/0CBfrRq8Ko14+ZcsL7WR2/P/z5momw==&u=U2FsdGVkX18URJXuhN7UBoLzZezVI/CWevwE7QQDJsg=&y=U2FsdGVkX18+Mcjs7AFO91ee2GrBYKzJdtOSEK45uKQ= HTTP/1.1" 200 25
186.80.52.96 - - [15/Jul/2022:18:24:56 -0500] "GET /kwssiamovil/sm/acme/a?s=U2FsdGVkX1/Diuqz1HQvj/xE8oPife+PkECbS3XT/JXpY4D58wXVkPweFYwUREposHtnSyD/aGAKqUvctk34trgRSN03x5lH1USXRKEssx4sLuPwLylfRnDcO+vMJwHSCHY9s5Q/XiPF9Hc/81LVOi2ZkLk5tmOO/iMIixVC9ugzhhcMXnxvxrb3LlKZAwZC&u=U2FsdGVkX18URJXuhN7UBoLzZezVI/CWevwE7QQDJsg=&y=U2FsdGVkX18+Mcjs7AFO91ee2GrBYKzJdtOSEK45uKQ= HTTP/1.1" 200 25
186.80.52.96 - - [15/Jul/2022:18:24:56 -0500] "GET /kwssiamovil/sm/acme/a?s=U2FsdGVkX19KUEIjOQyXktIJAglYuWVQRGIQDzDpdpCloODonscgciWwIC5zjXKZTTVZkEGvNVvE2F3983SGUUn/OM1hs0F+2vGk8qaQpSOGrV7o2IVqtYTPzq8Xt9XCuIkszrMtaquQLIpJ8qqGHWY2lR++lyj7M4yhv+lZGsJlGhOYABRPvECtX4JBSgqKBTPgAtdRouo+g21AgzOVBg==&u=U2FsdGVkX18URJXuhN7UBoLzZezVI/CWevwE7QQDJsg=&y=U2FsdGVkX18+Mcjs7AFO91ee2GrBYKzJdtOSEK45uKQ= HTTP/1.1" 200 25
186.80.52.96 - - [15/Jul/2022:18:24:57 -0500] "GET /kwssiamovil/sm/acme/a?s=U2FsdGVkX18uD77EW5PZ1rFnaHUsQKsli4/QPV3zZHfK45ZUdclDG10CyO2TFni2D67vdHAzhe4GPOU3cHCOWPNcGY1EjTAmzS/rKT4RINJs0fhfQMgvF3k0OPsK84/EhfVpOcuu+hBEQTrblG3XIj2izEASGn0zmFF+bSfr61IE0JYw07l8WEshr09SmDLg&u=U2FsdGVkX18URJXuhN7UBoLzZezVI/CWevwE7QQDJsg=&y=U2FsdGVkX18+Mcjs7AFO91ee2GrBYKzJdtOSEK45uKQ= HTTP/1.1" 200 25
157.55.39.133 - - [15/Jul/2022:18:26:17 -0500] "GET / HTTP/1.1" 200 4720
201.245.192.253 - - [15/Jul/2022:18:27:10 -0500] "POST /kwsrmcab/Wsrmcab  HTTP/1.1" 200 45399
216.245.221.92 - - [15/Jul/2022:18:28:10 -0500] "HEAD / HTTP/1.1" 200 -
172.22.2.4 - - [15/Jul/2022:18:28:35 -0500] "GET /BLA/boletinlegal/robots.txt HTTP/1.1" 404 1038
172.22.2.4 - - [15/Jul/2022:18:28:35 -0500] "GET /BLA/boletinlegal/images/green-yellow-blue-pink-th.png HTTP/1.1" 304 -
172.22.2.4 - - [15/Jul/2022:18:27:00 -0500] "HEAD /BLA/boletinlegal/ HTTP/1.1" 200 -
172.22.2.4 - - [15/Jul/2022:18:27:51 -0500] "GET /BLA/boletinlegal/ HTTP/1.1" 200 58491
157.55.39.161 - - [15/Jul/2022:18:30:47 -0500] "GET /portaldeninos/2021/06/29/jasbleady-castaneda-una-mujer-que-le-pone-el-alma-a-la-proteccion-de-las-tinguas-azules/ HTTP/1.1" 200 108589
201.245.192.253 - - [15/Jul/2022:18:30:48 -0500] "POST /kwsrmcab/Wsrmcab HTTP/1.1" 200 46021
201.245.192.253 - - [15/Jul/2022:18:30:52 -0500] "POST /kwsrmcab/Wsrmcab HTTP/1.1" 200 47076
207.46.13.92 - - [15/Jul/2022:18:30:59 -0500] "GET /portaldeninos/wp-content/themes/betheme/assets/animations/animations.min.js?ver=20.9.6 HTTP/1.1" 200 1896
207.46.13.45 - - [15/Jul/2022:18:30:59 -0500] "GET /portaldeninos/wp-content/themes/betheme/assets/jplayer/jplayer.min.js?ver=20.9.6 HTTP/1.1" 200 52702
157.55.39.50 - - [15/Jul/2022:18:30:59 -0500] "GET /portaldeninos/wp-content/plugins/gallery-videos/JS/Total-Soft-Gallery-Video-Widget.js?ver=4.9.8 HTTP/1.1" 200 80264
157.55.39.50 - - [15/Jul/2022:18:31:02 -0500] "GET /portaldeninos/wp-content/themes/betheme/assets/animations/animations.min.css?ver=20.9.6 HTTP/1.1" 200 58508
207.46.13.92 - - [15/Jul/2022:18:31:02 -0500] "GET /portaldeninos/wp-content/themes/betheme/css/shortcodes.css?ver=20.9.6 HTTP/1.1" 200 138889
207.46.13.45 - - [15/Jul/2022:18:31:01 -0500] "GET /portaldeninos/wp-content/themes/betheme/js/plugins.js?ver=20.9.6 HTTP/1.1" 200 197151
157.55.39.50 - - [15/Jul/2022:18:31:04 -0500] "GET /portaldeninos/wp-includes/js/jquery/ui/accordion.min.js?ver=1.11.4 HTTP/1.1" 200 8584
157.55.39.72 - - [15/Jul/2022:18:31:04 -0500] "GET /portaldeninos/wp-includes/js/jquery/ui/sortable.min.js?ver=1.11.4 HTTP/1.1" 200 24899
207.46.13.92 - - [15/Jul/2022:18:31:05 -0500] "GET /portaldeninos/wp-content/themes/betheme/style.css?ver=20.9.6 HTTP/1.1" 200 287
157.55.39.161 - - [15/Jul/2022:18:31:05 -0500] "GET /portaldeninos/wp-content/plugins/gallery-videos/CSS/Total-Soft-Gallery-Video-Widget.css?ver=4.9.8 HTTP/1.1" 200 51554
157.55.39.72 - - [15/Jul/2022:18:31:07 -0500] "GET /portaldeninos/wp-includes/js/wp-emoji-release.min.js?ver=4.9.8 HTTP/1.1" 200 12026
157.55.39.50 - - [15/Jul/2022:18:31:07 -0500] "GET /portaldeninos/wp-includes/js/wp-embed.min.js?ver=4.9.8 HTTP/1.1" 200 1398
157.55.39.161 - - [15/Jul/2022:18:31:08 -0500] "GET /portaldeninos/wp-content/plugins/gallery-videos/JS/modernizr.custom.js?ver=4.9.8 HTTP/1.1" 200 9019
207.46.13.92 - - [15/Jul/2022:18:31:08 -0500] "GET /portaldeninos/wp-includes/js/jquery/ui/core.min.js?ver=1.11.4 HTTP/1.1" 200 4000
157.55.39.161 - - [15/Jul/2022:18:31:11 -0500] "GET /portaldeninos/wp-content/themes/betheme/assets/jplayer/css/jplayer.blue.monday.css?ver=20.9.6 HTTP/1.1" 200 9834
157.55.39.133 - - [15/Jul/2022:18:31:11 -0500] "GET /portaldeninos/wp-content/themes/betheme/js/menu.js?ver=20.9.6 HTTP/1.1" 200 2449
157.55.39.133 - - [15/Jul/2022:18:31:14 -0500] "GET /portaldeninos/wp-includes/js/jquery/ui/mouse.min.js?ver=1.11.4 HTTP/1.1" 200 3148
157.55.39.161 - - [15/Jul/2022:18:31:14 -0500] "GET /portaldeninos/wp-content/themes/betheme/css/base.css?ver=20.9.6 HTTP/1.1" 200 57283
157.55.39.133 - - [15/Jul/2022:18:31:16 -0500] "GET /portaldeninos/wp-includes/js/jquery/ui/tabs.min.js?ver=1.11.4 HTTP/1.1" 200 12110
40.77.167.22 - - [15/Jul/2022:18:31:17 -0500] "GET /portaldeninos/wp-content/plugins/gallery-videos/CSS/totalsoft.css?ver=4.9.8 HTTP/1.1" 200 40622
157.55.39.161 - - [15/Jul/2022:18:31:17 -0500] "GET /portaldeninos/wp-content/themes/betheme/css/responsive.css?ver=20.9.6 HTTP/1.1" 200 55740
157.55.39.133 - - [15/Jul/2022:18:31:19 -0500] "GET /portaldeninos/wp-includes/js/jquery/ui/widget.min.js?ver=1.11.4 HTTP/1.1" 200 6908
40.77.167.22 - - [15/Jul/2022:18:31:19 -0500] "GET /portaldeninos/wp-content/themes/betheme/assets/ui/jquery.ui.all.css?ver=20.9.6 HTTP/1.1" 200 18765
157.55.39.161 - - [15/Jul/2022:18:31:20 -0500] "GET /portaldeninos/wp-includes/js/comment-reply.min.js?ver=4.9.8 HTTP/1.1" 200 1078
157.55.39.161 - - [15/Jul/2022:18:31:23 -0500] "GET /portaldeninos/wp-includes/js/jquery/jquery-migrate.min.js?ver=1.4.1 HTTP/1.1" 200 10056
40.77.167.22 - - [15/Jul/2022:18:31:22 -0500] "GET /portaldeninos/wp-content/themes/betheme/css/layout.css?ver=20.9.6 HTTP/1.1" 200 116639
40.77.167.22 - - [15/Jul/2022:18:31:25 -0500] "GET /portaldeninos/wp-content/themes/betheme/js/scripts.js?ver=20.9.6 HTTP/1.1" 200 77162
40.77.167.22 - - [15/Jul/2022:18:31:29 -0500] "GET /portaldeninos/wp-content/uploads/useanyfont/uaf.css?ver=1589905315 HTTP/1.1" 200 408
40.77.167.22 - - [15/Jul/2022:18:31:31 -0500] "GET /portaldeninos/wp-includes/js/jquery/jquery.js?ver=1.12.4 HTTP/1.1" 200 97184
201.245.192.253 - - [15/Jul/2022:18:32:09 -0500] "POST /kwsrmcab/Wsrmcab  HTTP/1.1" 200 45399
185.119.81.106 - - [15/Jul/2022:18:32:52 -0500] "GET /portaldeninos/wp-login.php HTTP/1.1" 200 2592
185.119.81.106 - - [15/Jul/2022:18:32:53 -0500] "POST /portaldeninos/wp-login.php HTTP/1.1" 200 3650
216.245.221.92 - - [15/Jul/2022:18:33:10 -0500] "HEAD / HTTP/1.1" 200 -
172.22.2.4 - - [15/Jul/2022:18:32:50 -0500] "HEAD /BLA/boletinlegal/ HTTP/1.1" 200 -
172.22.2.4 - - [15/Jul/2022:18:33:41 -0500] "GET /BLA/boletinlegal/ HTTP/1.1" 200 60992
40.77.167.66 - - [15/Jul/2022:18:35:26 -0500] "GET /BLA/resoluciones/AUTOS%202020/1452.pdf HTTP/1.1" 304 -
201.245.192.253 - - [15/Jul/2022:18:37:07 -0500] "POST /kwsrmcab/Wsrmcab  HTTP/1.1" 200 45399
216.245.221.92 - - [15/Jul/2022:18:38:10 -0500] "HEAD / HTTP/1.1" 200 -
172.22.2.4 - - [15/Jul/2022:18:39:20 -0500] "GET /BLA/boletinlegal/robots.txt HTTP/1.1" 404 1038
172.22.2.4 - - [15/Jul/2022:18:39:21 -0500] "GET /BLA/boletinlegal/normativa.php HTTP/1.1" 200 8326
190.26.39.100 - - [15/Jul/2022:18:39:40 -0500] "GET / HTTP/1.1" 200 4720
190.26.39.100 - - [15/Jul/2022:18:39:40 -0500] "GET /js/url.js HTTP/1.1" 404 1294
172.22.2.4 - - [15/Jul/2022:18:38:40 -0500] "HEAD /BLA/boletinlegal/ HTTP/1.1" 200 -
172.22.2.4 - - [15/Jul/2022:18:38:58 -0500] "GET /BLA/boletinlegal/ HTTP/1.1" 200 46275
201.245.192.253 - - [15/Jul/2022:18:40:48 -0500] "POST /kwsrmcab/Wsrmcab HTTP/1.1" 200 46021
201.245.192.253 - - [15/Jul/2022:18:40:52 -0500] "POST /kwsrmcab/Wsrmcab HTTP/1.1" 200 47076
172.22.2.4 - - [15/Jul/2022:18:39:31 -0500] "GET /BLA/boletinlegal/ HTTP/1.1" 200 50730
18.116.13.254 - - [15/Jul/2022:18:41:24 -0500] "GET /galeria/galeria/fotos/Entrenube4P.jpg HTTP/1.1" 200 10881
201.245.192.253 - - [15/Jul/2022:18:42:07 -0500] "POST /kwsrmcab/Wsrmcab  HTTP/1.1" 200 45399
172.22.2.4 - - [15/Jul/2022:18:42:44 -0500] "GET /BLA/boletinlegal/Circulares/2019/.pdf HTTP/1.1" 404 1218
216.245.221.92 - - [15/Jul/2022:18:43:10 -0500] "HEAD / HTTP/1.1" 200 -
34.147.123.159 - - [15/Jul/2022:18:44:43 -0500] "GET / HTTP/1.1" 200 319
181.237.74.216 - - [15/Jul/2022:18:45:33 -0500] "GET /sipsesda/ HTTP/1.1" 200 1477
181.237.74.216 - - [15/Jul/2022:18:45:33 -0500] "GET /css/segobdis.css HTTP/1.1" 404 1264
181.237.74.216 - - [15/Jul/2022:18:45:33 -0500] "GET /sipsesda/faces/login.jspx HTTP/1.1" 200 7848
181.237.74.216 - - [15/Jul/2022:18:45:33 -0500] "GET /sipsesda/js/disable_browser_buttons.js;jsessionid=ac16012b22b8643e3b4b6ce94158893595df13750175.e34Lc3uRbN4Oc40MbO0 HTTP/1.1" 200 2767
181.237.74.216 - - [15/Jul/2022:18:45:33 -0500] "GET /sipsesda/js/funciones.js;jsessionid=ac16012b22b8643e3b4b6ce94158893595df13750175.e34Lc3uRbN4Oc40MbO0 HTTP/1.1" 200 36377
181.237.74.216 - - [15/Jul/2022:18:45:33 -0500] "GET /sipsesda/adf/styles/cache/segobdis16-desktop-10_1_3_4_0-gecko.css;jsessionid=ac16012b22b8643e3b4b6ce94158893595df13750175.e34Lc3uRbN4Oc40MbO0 HTTP/1.1" 200 57778
181.237.74.216 - - [15/Jul/2022:18:45:33 -0500] "GET /sipsesda/adf/jsLibs/Common10_1_3_4_0.js;jsessionid=ac16012b22b8643e3b4b6ce94158893595df13750175.e34Lc3uRbN4Oc40MbO0 HTTP/1.1" 200 132959
181.237.74.216 - - [15/Jul/2022:18:45:33 -0500] "GET /sipsesda/adf/images/t.gif;jsessionid=ac16012b22b8643e3b4b6ce94158893595df13750175.e34Lc3uRbN4Oc40MbO0 HTTP/1.1" 200 86
181.237.74.216 - - [15/Jul/2022:18:45:33 -0500] "GET /sipsesda/imagenes/encabezado.jpg;jsessionid=ac16012b22b8643e3b4b6ce94158893595df13750175.e34Lc3uRbN4Oc40MbO0 HTTP/1.1" 200 18018
181.237.74.216 - - [15/Jul/2022:18:45:35 -0500] "POST /sipsesda/faces/login.jspx;jsessionid=ac16012b22b8643e3b4b6ce94158893595df13750175.e34Lc3uRbN4Oc40MbO0 HTTP/1.1" 200 5777
181.237.74.216 - - [15/Jul/2022:18:45:35 -0500] "GET /sipsesda/js/funciones.js HTTP/1.1" 304 -
181.237.74.216 - - [15/Jul/2022:18:45:35 -0500] "GET /sipsesda/js/disable_browser_buttons.js HTTP/1.1" 304 -
181.237.74.216 - - [15/Jul/2022:18:45:35 -0500] "GET /sipsesda/adf/styles/cache/segobdis16-desktop-10_1_3_4_0-gecko.css HTTP/1.1" 200 18432
181.237.74.216 - - [15/Jul/2022:18:45:35 -0500] "GET /sipsesda/imagenes/encabezado.jpg HTTP/1.1" 304 -
181.237.74.216 - - [15/Jul/2022:18:45:35 -0500] "GET /favicon.ico HTTP/1.1" 200 7782
181.237.74.216 - - [15/Jul/2022:18:45:38 -0500] "POST /sipsesda/faces/vista/sistema/seleccionRol.jspx HTTP/1.1" 200 32813
181.237.74.216 - - [15/Jul/2022:18:45:38 -0500] "GET /sipsesda/js/jquery-latest.js HTTP/1.1" 304 -
181.237.74.216 - - [15/Jul/2022:18:45:38 -0500] "GET /sipsesda/js/menu.js HTTP/1.1" 304 -
181.237.74.216 - - [15/Jul/2022:18:45:38 -0500] "GET /sipsesda/js/menu13_compact.js HTTP/1.1" 304 -
181.237.74.216 - - [15/Jul/2022:18:45:38 -0500] "GET /sipsesda/imagenes/logoAplicacion.jpg HTTP/1.1" 200 155084
181.237.74.216 - - [15/Jul/2022:18:45:38 -0500] "GET /sipsesda/faces/imagenes/vinetaAbajo.gif HTTP/1.1" 200 72
181.237.74.216 - - [15/Jul/2022:18:45:38 -0500] "GET /sipsesda/faces/imagenes/vinetaDerecha.gif HTTP/1.1" 200 107
181.237.74.216 - - [15/Jul/2022:18:45:41 -0500] "GET /sipsesda/faces/vista/sistema/cargarMenu.jspx?accionMenu=listadoFuncionario&menuID=18 HTTP/1.1" 200 33020
181.237.74.216 - - [15/Jul/2022:18:45:41 -0500] "GET /sipsesda/imagenes/cargando.gif HTTP/1.1" 200 1287
181.237.74.216 - - [15/Jul/2022:18:45:41 -0500] "POST /sipsesda/faces/vista/sistema/cargarMenu.jspx HTTP/1.1" 200 36915
181.237.74.216 - - [15/Jul/2022:18:45:41 -0500] "GET /favicon.ico HTTP/1.1" 200 7782
181.237.74.216 - - [15/Jul/2022:18:45:46 -0500] "POST /sipsesda/faces/vista/administracion/funcionario/listadoFuncionario.jspx HTTP/1.1" 200 39638
181.237.74.216 - - [15/Jul/2022:18:45:53 -0500] "POST /sipsesda/faces/vista/administracion/funcionario/listadoFuncionario.jspx HTTP/1.1" 200 36915
181.237.74.216 - - [15/Jul/2022:18:46:02 -0500] "POST /sipsesda/faces/vista/administracion/funcionario/listadoFuncionario.jspx HTTP/1.1" 200 37685
207.46.13.92 - - [15/Jul/2022:18:46:01 -0500] "GET /portaldeninos/2021/06/06/ciudadanos-disfrutaron-del-tunel-ambiental-en-el-parque-de-los-novios/ HTTP/1.1" 200 105319
181.237.74.216 - - [15/Jul/2022:18:46:05 -0500] "POST /sipsesda/faces/vista/administracion/funcionario/listadoFuncionario.jspx HTTP/1.1" 200 19223
181.237.74.216 - - [15/Jul/2022:18:46:06 -0500] "GET /sipsesda/adf/jsLibs/resources/LocaleElements_es_CO10_1_3_4_0.js HTTP/1.1" 200 824
181.237.74.216 - - [15/Jul/2022:18:46:10 -0500] "POST /sipsesda/faces/vista/administracion/funcionario/registrarFuncionario.jspx?_afPfm=1 HTTP/1.1" 200 37743
172.22.2.4 - - [15/Jul/2022:18:44:30 -0500] "HEAD /BLA/boletinlegal/ HTTP/1.1" 200 -
181.237.74.216 - - [15/Jul/2022:18:46:11 -0500] "POST /sipsesda/faces/vista/administracion/funcionario/listadoFuncionario.jspx HTTP/1.1" 200 36915
181.237.74.216 - - [15/Jul/2022:18:46:21 -0500] "POST /sipsesda/faces/vista/administracion/funcionario/listadoFuncionario.jspx HTTP/1.1" 200 37352
181.237.74.216 - - [15/Jul/2022:18:46:23 -0500] "POST /sipsesda/faces/vista/administracion/funcionario/listadoFuncionario.jspx HTTP/1.1" 200 19411
40.77.188.129 - - [15/Jul/2022:18:46:58 -0500] "GET /portaldeninos/wp-content/themes/betheme/fonts/mfn-icons.woff?93978679 HTTP/1.1" 200 80932
172.22.2.4 - - [15/Jul/2022:18:45:21 -0500] "GET /BLA/boletinlegal/ HTTP/1.1" 200 53539
201.245.192.253 - - [15/Jul/2022:18:47:08 -0500] "POST /kwsrmcab/Wsrmcab  HTTP/1.1" 200 45399
216.245.221.92 - - [15/Jul/2022:18:48:10 -0500] "HEAD / HTTP/1.1" 200 -
172.22.2.4 - - [15/Jul/2022:18:49:10 -0500] "GET /BLA/boletinlegal/robots.txt HTTP/1.1" 404 1038
172.22.2.4 - - [15/Jul/2022:18:49:10 -0500] "GET /BLA/boletinlegal/images/img_3.jpg HTTP/1.1" 304 -
186.29.133.139 - - [15/Jul/2022:18:49:26 -0500] "GET /BLA/resoluciones/ HTTP/1.1" 200 13093
186.29.133.139 - - [15/Jul/2022:18:49:38 -0500] "GET /BLA/resoluciones/index.php?dir=RESOLUCIONES+2015%2F HTTP/1.1" 200 130215
172.22.2.4 - - [15/Jul/2022:18:50:15 -0500] "GET /BLA/boletinlegal/images/signo-mas.gif HTTP/1.1" 304 -
172.22.2.4 - - [15/Jul/2022:18:50:20 -0500] "HEAD /BLA/boletinlegal/ HTTP/1.1" 200 -
201.245.192.253 - - [15/Jul/2022:18:52:07 -0500] "POST /kwsrmcab/Wsrmcab  HTTP/1.1" 200 45399
172.22.2.4 - - [15/Jul/2022:18:51:11 -0500] "GET /BLA/boletinlegal/ HTTP/1.1" 200 60410
216.245.221.92 - - [15/Jul/2022:18:53:10 -0500] "HEAD / HTTP/1.1" 200 -
173.252.107.117 - - [15/Jul/2022:18:54:36 -0500] "GET /images/eficiencia-energetica-11-marzo.jpg HTTP/1.1" 200 46478
93.158.161.46 - - [15/Jul/2022:18:55:32 -0500] "-" 408 -
207.46.13.188 - - [15/Jul/2022:18:55:40 -0500] "GET /sipse/faces/javax.faces.resource/jquery/jquery.js;jsessionid=6nwd4pkjqbgwk7-jr6pcdmxg.undefined?ln=primefaces&amp;v=4.0 HTTP/1.1" 200 105384
201.245.192.253 - - [15/Jul/2022:18:57:07 -0500] "POST /kwsrmcab/Wsrmcab  HTTP/1.1" 200 45399
185.119.81.107 - - [15/Jul/2022:18:57:19 -0500] "GET /portaldeninos/wp-login.php HTTP/1.1" 200 2592
185.119.81.107 - - [15/Jul/2022:18:57:20 -0500] "POST /portaldeninos/wp-login.php HTTP/1.1" 200 3605
185.196.220.70 - - [15/Jul/2022:18:57:24 -0500] "GET / HTTP/1.1" 200 319
172.22.2.4 - - [15/Jul/2022:18:56:10 -0500] "HEAD /BLA/boletinlegal/ HTTP/1.1" 200 -
216.245.221.92 - - [15/Jul/2022:18:58:10 -0500] "HEAD / HTTP/1.1" 200 -
172.22.2.4 - - [15/Jul/2022:18:57:01 -0500] "GET /BLA/boletinlegal/ HTTP/1.1" 200 58491
207.46.13.188 - - [15/Jul/2022:19:00:11 -0500] "GET /catalogoisis/js/enter.js HTTP/1.1" 200 1208
201.245.192.253 - - [15/Jul/2022:19:02:06 -0500] "POST /kwsrmcab/Wsrmcab  HTTP/1.1" 200 45399
216.245.221.92 - - [15/Jul/2022:19:03:10 -0500] "HEAD / HTTP/1.1" 200 -
173.252.107.13 - - [15/Jul/2022:19:03:35 -0500] "GET /mas-de-450-kilogramos-de-laurel-de-cera-fueron-recuperados-en-el-dia-de-la-santa-cruz.html HTTP/1.1" 206 976
172.22.2.4 - - [15/Jul/2022:19:02:00 -0500] "HEAD /BLA/boletinlegal/ HTTP/1.1" 200 -
103.153.79.114 - - [15/Jul/2022:19:04:05 -0500] "-" 408 -
185.119.81.97 - - [15/Jul/2022:19:04:21 -0500] "GET /portaldeninos/wp-login.php HTTP/1.1" 200 2592
185.119.81.97 - - [15/Jul/2022:19:04:21 -0500] "POST /portaldeninos/wp-login.php HTTP/1.1" 200 3650
172.22.2.4 - - [15/Jul/2022:19:02:51 -0500] "GET /BLA/boletinlegal/ HTTP/1.1" 200 60992
186.84.90.91 - - [15/Jul/2022:19:04:37 -0500] "GET /kwssiamovil/sm/acme/a?s=U2FsdGVkX19BNEaM+3JJKtz/+Qmyli2ns8r8PPr5NIwuZLReX8HFQNY3p79YjypVkVveT0OwypBqf73BH2Pf/M7bL79UrQNTB3KcY54+gopzXh1eRlqz9OOYRfRyGrOY/bR0L0ZDYYbGkptvglCimmnUnV5UBxg4DO/LY5PQrS1t/B84jUYAKaF2MrbE3IcUBF/XAeAiSdrW/ZB/g/p2wsiDlG2zHTW+PlecYRmeG4gDW+beqaGn9emZYClJBrHA6ZKq4suTrdGrgcYcpAjFIQ==&u=U2FsdGVkX1/3bn/egS+2t54NrlYWbGw5figJLYK1qDs=&y=U2FsdGVkX18je96Cur21RKwC2ho9vxJ3lv49G/Ta5fKtPtI6sHPRZ66ssnr/15b9 HTTP/1.1" 200 25
