181.63.220.121 - - [15/Jul/2022:11:19:19 -0500] "GET /BLA/resoluciones/RESOLUCIONES%202009/7492.pdf HTTP/1.1" 200 486947
181.63.220.121 - - [15/Jul/2022:11:19:20 -0500] "GET /BLA/resoluciones/RESOLUCIONES%202009/7493.pdf HTTP/1.1" 200 484171
181.63.220.121 - - [15/Jul/2022:11:19:21 -0500] "GET /BLA/resoluciones/RESOLUCIONES%202009/7494.pdf HTTP/1.1" 200 509332
181.63.220.121 - - [15/Jul/2022:11:19:25 -0500] "GET /BLA/resoluciones/RESOLUCIONES%202009/7495.pdf HTTP/1.1" 200 523542
181.63.220.121 - - [15/Jul/2022:11:19:26 -0500] "GET /BLA/resoluciones/RESOLUCIONES%202009/7496.pdf HTTP/1.1" 200 487539
181.63.220.121 - - [15/Jul/2022:11:19:27 -0500] "GET /BLA/resoluciones/RESOLUCIONES%202009/7497.pdf HTTP/1.1" 200 482587
181.63.220.121 - - [15/Jul/2022:11:19:30 -0500] "GET /BLA/resoluciones/RESOLUCIONES%202009/7498.pdf HTTP/1.1" 200 489575
172.22.2.4 - - [15/Jul/2022:11:17:52 -0500] "GET /BLA/boletinlegal/ HTTP/1.1" 200 58491
181.63.220.121 - - [15/Jul/2022:11:19:33 -0500] "GET /BLA/resoluciones/RESOLUCIONES%202009/7499.pdf HTTP/1.1" 200 491163
181.63.220.121 - - [15/Jul/2022:11:19:36 -0500] "GET /BLA/resoluciones/RESOLUCIONES%202009/7500.pdf HTTP/1.1" 200 482717
181.63.220.121 - - [15/Jul/2022:11:19:38 -0500] "GET /BLA/resoluciones/RESOLUCIONES%202009/7501.pdf HTTP/1.1" 200 527774
201.244.245.139 - - [15/Jul/2022:11:19:39 -0500] "POST /sipse/faces/presentacion/financiero/solicitudAnulacion/registrarSolicitudAnulacion.xhtml HTTP/1.1" 200 49163
201.244.245.139 - - [15/Jul/2022:11:19:39 -0500] "GET /sipse/faces/javax.faces.resource/jquery/jquery.js?ln=primefaces&v=4.0 HTTP/1.1" 304 -
201.244.245.139 - - [15/Jul/2022:11:19:39 -0500] "GET /sipse/faces/javax.faces.resource/jquery/jquery-plugins.js?ln=primefaces&v=4.0 HTTP/1.1" 304 -
201.244.245.139 - - [15/Jul/2022:11:19:39 -0500] "GET /sipse/faces/javax.faces.resource/primefaces.js?ln=primefaces&v=4.0 HTTP/1.1" 304 -
201.244.245.139 - - [15/Jul/2022:11:19:39 -0500] "GET /sipse/faces/javax.faces.resource/layout/layout.js?ln=primefaces&v=4.0 HTTP/1.1" 304 -
201.244.245.139 - - [15/Jul/2022:11:19:39 -0500] "POST /sipse/faces/presentacion/financiero/solicitudProceso/consultar.xhtml HTTP/1.1" 200 42467
181.63.220.121 - - [15/Jul/2022:11:19:40 -0500] "GET /BLA/resoluciones/RESOLUCIONES%202009/7502.pdf HTTP/1.1" 200 489611
181.63.220.121 - - [15/Jul/2022:11:19:42 -0500] "GET /BLA/resoluciones/RESOLUCIONES%202009/7503.pdf HTTP/1.1" 200 483939
181.63.220.121 - - [15/Jul/2022:11:19:44 -0500] "GET /BLA/resoluciones/RESOLUCIONES%202009/7504.pdf HTTP/1.1" 200 506145
181.63.220.121 - - [15/Jul/2022:11:19:45 -0500] "GET /BLA/resoluciones/RESOLUCIONES%202009/7505.pdf HTTP/1.1" 200 482307
181.63.220.121 - - [15/Jul/2022:11:19:47 -0500] "GET /BLA/resoluciones/RESOLUCIONES%202009/7506.pdf HTTP/1.1" 200 489487
181.63.220.121 - - [15/Jul/2022:11:19:53 -0500] "GET /BLA/resoluciones/RESOLUCIONES%202009/7507.pdf HTTP/1.1" 200 486399
201.244.245.139 - - [15/Jul/2022:11:19:53 -0500] "POST /sipse/faces/presentacion/financiero/solicitudProceso/consultar.xhtml HTTP/1.1" 200 12677
201.244.245.139 - - [15/Jul/2022:11:19:54 -0500] "POST /sipse/faces/presentacion/financiero/solicitudProceso/consultar.xhtml HTTP/1.1" 200 23089
181.63.220.121 - - [15/Jul/2022:11:19:55 -0500] "GET /BLA/resoluciones/RESOLUCIONES%202009/7508.pdf HTTP/1.1" 200 485543
66.220.149.18 - - [15/Jul/2022:11:19:57 -0500] "GET /images/negocios-verdes-mayo-2022.jpg HTTP/1.1" 200 48000
181.63.220.121 - - [15/Jul/2022:11:19:57 -0500] "GET /BLA/resoluciones/RESOLUCIONES%202009/7509.pdf HTTP/1.1" 200 518092
201.244.245.139 - - [15/Jul/2022:11:19:58 -0500] "POST /sipse/faces/presentacion/financiero/solicitudProceso/consultar.xhtml HTTP/1.1" 200 12685
201.244.245.139 - - [15/Jul/2022:11:20:01 -0500] "POST /sipse/faces/presentacion/financiero/solicitudProceso/consultar.xhtml HTTP/1.1" 200 126441
201.244.245.139 - - [15/Jul/2022:11:20:02 -0500] "GET /sipse/faces/javax.faces.resource/jquery/jquery.js?ln=primefaces&v=4.0 HTTP/1.1" 304 -
201.244.245.139 - - [15/Jul/2022:11:20:02 -0500] "GET /sipse/faces/javax.faces.resource/jquery/jquery-plugins.js?ln=primefaces&v=4.0 HTTP/1.1" 304 -
201.244.245.139 - - [15/Jul/2022:11:20:02 -0500] "GET /sipse/faces/javax.faces.resource/primefaces.js?ln=primefaces&v=4.0 HTTP/1.1" 304 -
201.244.245.139 - - [15/Jul/2022:11:20:02 -0500] "GET /sipse/faces/javax.faces.resource/layout/layout.js?ln=primefaces&v=4.0 HTTP/1.1" 304 -
201.245.192.253 - - [15/Jul/2022:11:20:50 -0500] "POST /kwsrmcab/Wsrmcab HTTP/1.1" 200 44908
181.63.220.121 - - [15/Jul/2022:11:20:53 -0500] "GET /BLA/resoluciones/RESOLUCIONES%202009/7510.pdf HTTP/1.1" 200 517712
181.63.220.121 - - [15/Jul/2022:11:20:55 -0500] "GET /BLA/resoluciones/RESOLUCIONES%202009/7511.pdf HTTP/1.1" 200 489545
201.245.192.253 - - [15/Jul/2022:11:20:54 -0500] "POST /kwsrmcab/Wsrmcab HTTP/1.1" 200 44526
181.63.220.121 - - [15/Jul/2022:11:20:56 -0500] "GET /BLA/resoluciones/RESOLUCIONES%202009/7512.pdf HTTP/1.1" 200 491339
181.63.220.121 - - [15/Jul/2022:11:20:57 -0500] "GET /BLA/resoluciones/RESOLUCIONES%202009/7513.pdf HTTP/1.1" 200 486251
181.63.220.121 - - [15/Jul/2022:11:20:58 -0500] "GET /BLA/resoluciones/RESOLUCIONES%202009/7514.pdf HTTP/1.1" 200 489161
181.63.220.121 - - [15/Jul/2022:11:20:59 -0500] "GET /BLA/resoluciones/RESOLUCIONES%202009/7515.pdf HTTP/1.1" 200 530343
181.63.220.121 - - [15/Jul/2022:11:21:00 -0500] "GET /BLA/resoluciones/RESOLUCIONES%202009/7516.pdf HTTP/1.1" 200 532453
181.63.220.121 - - [15/Jul/2022:11:21:01 -0500] "GET /BLA/resoluciones/RESOLUCIONES%202009/7517.pdf HTTP/1.1" 200 491303
181.63.220.121 - - [15/Jul/2022:11:21:02 -0500] "GET /BLA/resoluciones/RESOLUCIONES%202009/7518.pdf HTTP/1.1" 200 536743
181.63.220.121 - - [15/Jul/2022:11:21:03 -0500] "GET /BLA/resoluciones/RESOLUCIONES%202009/7519.pdf HTTP/1.1" 200 538214
181.63.220.121 - - [15/Jul/2022:11:21:04 -0500] "GET /BLA/resoluciones/RESOLUCIONES%202009/7520.pdf HTTP/1.1" 200 518960
181.63.220.121 - - [15/Jul/2022:11:21:05 -0500] "GET /BLA/resoluciones/RESOLUCIONES%202009/7521.pdf HTTP/1.1" 200 497015
181.63.220.121 - - [15/Jul/2022:11:21:06 -0500] "GET /BLA/resoluciones/RESOLUCIONES%202009/7522.pdf HTTP/1.1" 200 528357
181.63.220.121 - - [15/Jul/2022:11:21:08 -0500] "GET /BLA/resoluciones/RESOLUCIONES%202009/7523.pdf HTTP/1.1" 200 538408
181.63.220.121 - - [15/Jul/2022:11:21:09 -0500] "GET /BLA/resoluciones/RESOLUCIONES%202009/7524.pdf HTTP/1.1" 200 528346
181.63.220.121 - - [15/Jul/2022:11:21:10 -0500] "GET /BLA/resoluciones/RESOLUCIONES%202009/7525.pdf HTTP/1.1" 200 537590
181.63.220.121 - - [15/Jul/2022:11:21:11 -0500] "GET /BLA/resoluciones/RESOLUCIONES%202009/7526.pdf HTTP/1.1" 200 535276
181.63.220.121 - - [15/Jul/2022:11:21:13 -0500] "GET /BLA/resoluciones/RESOLUCIONES%202009/7527.pdf HTTP/1.1" 200 497489
181.63.220.121 - - [15/Jul/2022:11:21:14 -0500] "GET /BLA/resoluciones/RESOLUCIONES%202009/7528.pdf HTTP/1.1" 200 499755
181.63.220.121 - - [15/Jul/2022:11:21:15 -0500] "GET /BLA/resoluciones/RESOLUCIONES%202009/7529.pdf HTTP/1.1" 200 495445
181.63.220.121 - - [15/Jul/2022:11:21:16 -0500] "GET /BLA/resoluciones/RESOLUCIONES%202009/7530.pdf HTTP/1.1" 200 503635
181.63.220.121 - - [15/Jul/2022:11:21:18 -0500] "GET /BLA/resoluciones/RESOLUCIONES%202009/7531.pdf HTTP/1.1" 200 502217
181.63.220.121 - - [15/Jul/2022:11:21:19 -0500] "GET /BLA/resoluciones/RESOLUCIONES%202009/7532.pdf HTTP/1.1" 200 496847
181.63.220.121 - - [15/Jul/2022:11:21:21 -0500] "GET /BLA/resoluciones/RESOLUCIONES%202009/7533.pdf HTTP/1.1" 200 536658
181.63.220.121 - - [15/Jul/2022:11:21:25 -0500] "GET /BLA/resoluciones/RESOLUCIONES%202009/7534.pdf HTTP/1.1" 200 538588
181.63.220.121 - - [15/Jul/2022:11:21:29 -0500] "GET /BLA/resoluciones/RESOLUCIONES%202009/7535.pdf HTTP/1.1" 200 544412
181.63.220.121 - - [15/Jul/2022:11:21:31 -0500] "GET /BLA/resoluciones/RESOLUCIONES%202009/7536.pdf HTTP/1.1" 200 537468
181.63.220.121 - - [15/Jul/2022:11:21:35 -0500] "GET /BLA/resoluciones/RESOLUCIONES%202009/7537.pdf HTTP/1.1" 200 537694
181.63.220.121 - - [15/Jul/2022:11:21:37 -0500] "GET /BLA/resoluciones/RESOLUCIONES%202009/7538.pdf HTTP/1.1" 200 541944
181.63.220.121 - - [15/Jul/2022:11:21:42 -0500] "GET /BLA/resoluciones/RESOLUCIONES%202009/7539.pdf HTTP/1.1" 200 515210
181.63.220.121 - - [15/Jul/2022:11:21:46 -0500] "GET /BLA/resoluciones/RESOLUCIONES%202009/7540.pdf HTTP/1.1" 200 517598
34.228.222.4 - - [15/Jul/2022:11:21:49 -0500] "GET /portaldeninos/ HTTP/1.1" 200 109662
181.63.220.121 - - [15/Jul/2022:11:21:55 -0500] "GET /BLA/resoluciones/RESOLUCIONES%202009/7541.pdf HTTP/1.1" 200 497465
181.63.220.121 - - [15/Jul/2022:11:21:57 -0500] "GET /BLA/resoluciones/RESOLUCIONES%202009/7542.pdf HTTP/1.1" 200 518232
181.63.220.121 - - [15/Jul/2022:11:22:01 -0500] "GET /BLA/resoluciones/RESOLUCIONES%202009/7543.pdf HTTP/1.1" 200 498453
201.245.192.253 - - [15/Jul/2022:11:22:39 -0500] "GET /sipse/faces/index.xhtml HTTP/1.1" 200 677
201.245.192.253 - - [15/Jul/2022:11:22:39 -0500] "GET /sipse/faces/javax.faces.resource/theme.css?ln=primefaces-sipse HTTP/1.1" 304 -
201.245.192.253 - - [15/Jul/2022:11:22:39 -0500] "GET /sipse/faces/faces/autenticacion.xhtml HTTP/1.1" 200 12179
201.245.192.253 - - [15/Jul/2022:11:22:40 -0500] "GET /sipse/js/disable_browser_buttons.js HTTP/1.1" 304 -
201.245.192.253 - - [15/Jul/2022:11:22:40 -0500] "GET /sipse/css/custom_css_sg_prime_login.css HTTP/1.1" 304 -
201.245.192.253 - - [15/Jul/2022:11:22:40 -0500] "GET /sipse/js/funciones.js HTTP/1.1" 304 -
201.245.192.253 - - [15/Jul/2022:11:22:40 -0500] "GET /sipse/css/custom_css_sg.css HTTP/1.1" 304 -
201.245.192.253 - - [15/Jul/2022:11:22:40 -0500] "GET /sipse/faces/javax.faces.resource/theme.css?ln=primefaces-sipse HTTP/1.1" 304 -
201.245.192.253 - - [15/Jul/2022:11:22:40 -0500] "GET /sipse/faces/javax.faces.resource/primefaces.css?ln=primefaces&v=4.0 HTTP/1.1" 304 -
201.245.192.253 - - [15/Jul/2022:11:22:40 -0500] "GET /sipse/faces/javax.faces.resource/layout/layout.css?ln=primefaces&v=4.0 HTTP/1.1" 304 -
201.245.192.253 - - [15/Jul/2022:11:22:40 -0500] "GET /sipse/faces/javax.faces.resource/jquery/jquery.js?ln=primefaces&v=4.0 HTTP/1.1" 304 -
201.245.192.253 - - [15/Jul/2022:11:22:40 -0500] "GET /sipse/faces/javax.faces.resource/jquery/jquery-plugins.js?ln=primefaces&v=4.0 HTTP/1.1" 304 -
201.245.192.253 - - [15/Jul/2022:11:22:40 -0500] "GET /sipse/faces/javax.faces.resource/primefaces.js?ln=primefaces&v=4.0 HTTP/1.1" 304 -
201.245.192.253 - - [15/Jul/2022:11:22:40 -0500] "GET /sipse/faces/javax.faces.resource/layout/layout.js?ln=primefaces&v=4.0 HTTP/1.1" 304 -
201.245.192.253 - - [15/Jul/2022:11:22:40 -0500] "GET /sipse/css/imagen/logoSDG.png HTTP/1.1" 304 -
201.245.192.253 - - [15/Jul/2022:11:22:40 -0500] "GET /sipse/css/imagen/loginimg.png HTTP/1.1" 304 -
201.245.192.253 - - [15/Jul/2022:11:22:40 -0500] "GET /sipse/faces/javax.faces.resource/images/ui-icons_898989_256x240.png?ln=primefaces-aristo HTTP/1.1" 304 -
201.245.192.253 - - [15/Jul/2022:11:22:50 -0500] "POST /sipse/faces/autenticacion.xhtml HTTP/1.1" 200 2224
201.245.192.253 - - [15/Jul/2022:11:22:50 -0500] "GET /sipse/faces/javax.faces.resource/messages/messages.png?ln=primefaces&v=4.0 HTTP/1.1" 304 -
201.245.192.253 - - [15/Jul/2022:11:22:51 -0500] "POST /sipse/faces/autenticacion.xhtml HTTP/1.1" 200 16349
201.245.192.253 - - [15/Jul/2022:11:22:51 -0500] "GET /sipse/css/custom_css_sg_prime.css HTTP/1.1" 304 -
201.245.192.253 - - [15/Jul/2022:11:22:51 -0500] "GET /sipse/faces/javax.faces.resource/primefaces.css?ln=primefaces&v=4.0 HTTP/1.1" 304 -
201.245.192.253 - - [15/Jul/2022:11:22:51 -0500] "GET /sipse/faces/javax.faces.resource/theme.css?ln=primefaces-sipse HTTP/1.1" 304 -
201.245.192.253 - - [15/Jul/2022:11:22:51 -0500] "GET /sipse/faces/javax.faces.resource/layout/layout.css?ln=primefaces&v=4.0 HTTP/1.1" 304 -
201.245.192.253 - - [15/Jul/2022:11:22:51 -0500] "GET /sipse/js/jquery.min.js HTTP/1.1" 304 -
201.245.192.253 - - [15/Jul/2022:11:22:51 -0500] "GET /sipse/faces/javax.faces.resource/jquery/jquery.js?ln=primefaces&v=4.0 HTTP/1.1" 304 -
201.245.192.253 - - [15/Jul/2022:11:22:51 -0500] "GET /sipse/faces/javax.faces.resource/jquery/jquery-plugins.js?ln=primefaces&v=4.0 HTTP/1.1" 304 -
201.245.192.253 - - [15/Jul/2022:11:22:51 -0500] "GET /sipse/faces/javax.faces.resource/primefaces.js?ln=primefaces&v=4.0 HTTP/1.1" 304 -
201.245.192.253 - - [15/Jul/2022:11:22:51 -0500] "GET /sipse/faces/javax.faces.resource/layout/layout.js?ln=primefaces&v=4.0 HTTP/1.1" 304 -
201.245.192.253 - - [15/Jul/2022:11:22:51 -0500] "GET /sipse/imagenes/cargando.gif HTTP/1.1" 304 -
201.245.192.253 - - [15/Jul/2022:11:22:51 -0500] "GET /sipse/imagenes/logoAplicacion.jpg HTTP/1.1" 304 -
201.245.192.253 - - [15/Jul/2022:11:22:51 -0500] "GET /sipse/css/imagen/contrasena.png HTTP/1.1" 404 383
201.245.192.253 - - [15/Jul/2022:11:22:53 -0500] "GET /sipse/faces/javax.faces.resource/images/ui-bg_flat_0_2d5972_40x100.png?ln=primefaces-aristo HTTP/1.1" 304 -
201.245.192.253 - - [15/Jul/2022:11:22:53 -0500] "POST /sipse/faces/bienvenido.xhtml HTTP/1.1" 200 2658
201.245.192.253 - - [15/Jul/2022:11:22:54 -0500] "POST /sipse/faces/bienvenido.xhtml HTTP/1.1" 200 64746
201.245.192.253 - - [15/Jul/2022:11:22:55 -0500] "GET /sipse/faces/javax.faces.resource/primefaces.css?ln=primefaces&v=4.0 HTTP/1.1" 304 -
201.245.192.253 - - [15/Jul/2022:11:22:55 -0500] "GET /sipse/faces/javax.faces.resource/theme.css?ln=primefaces-sipse HTTP/1.1" 304 -
201.245.192.253 - - [15/Jul/2022:11:22:55 -0500] "GET /sipse/faces/javax.faces.resource/layout/layout.css?ln=primefaces&v=4.0 HTTP/1.1" 304 -
201.245.192.253 - - [15/Jul/2022:11:22:55 -0500] "GET /sipse/faces/javax.faces.resource/jquery/jquery.js?ln=primefaces&v=4.0 HTTP/1.1" 304 -
201.245.192.253 - - [15/Jul/2022:11:22:55 -0500] "GET /sipse/faces/javax.faces.resource/jquery/jquery-plugins.js?ln=primefaces&v=4.0 HTTP/1.1" 304 -
201.245.192.253 - - [15/Jul/2022:11:22:55 -0500] "GET /sipse/faces/javax.faces.resource/primefaces.js?ln=primefaces&v=4.0 HTTP/1.1" 304 -
201.245.192.253 - - [15/Jul/2022:11:22:55 -0500] "GET /sipse/faces/javax.faces.resource/layout/layout.js?ln=primefaces&v=4.0 HTTP/1.1" 304 -
201.245.192.253 - - [15/Jul/2022:11:22:55 -0500] "POST /sipse/faces/presentacion/financiero/solicitudProceso/listarSolicitudProceso.xhtml HTTP/1.1" 200 1556
181.63.220.121 - - [15/Jul/2022:11:22:56 -0500] "GET /BLA/resoluciones/RESOLUCIONES%202009/7544.pdf HTTP/1.1" 200 515226
181.63.220.121 - - [15/Jul/2022:11:22:58 -0500] "GET /BLA/resoluciones/RESOLUCIONES%202009/7545.pdf HTTP/1.1" 200 514484
181.63.220.121 - - [15/Jul/2022:11:22:59 -0500] "GET /BLA/resoluciones/RESOLUCIONES%202009/7546.pdf HTTP/1.1" 200 515096
181.63.220.121 - - [15/Jul/2022:11:23:00 -0500] "GET /BLA/resoluciones/RESOLUCIONES%202009/7547.pdf HTTP/1.1" 200 512432
181.63.220.121 - - [15/Jul/2022:11:23:01 -0500] "GET /BLA/resoluciones/RESOLUCIONES%202009/7548.pdf HTTP/1.1" 200 515716
181.63.220.121 - - [15/Jul/2022:11:23:02 -0500] "GET /BLA/resoluciones/RESOLUCIONES%202009/7549.pdf HTTP/1.1" 200 514728
181.63.220.121 - - [15/Jul/2022:11:23:03 -0500] "GET /BLA/resoluciones/RESOLUCIONES%202009/7550.pdf HTTP/1.1" 200 481282
181.63.220.121 - - [15/Jul/2022:11:23:04 -0500] "GET /BLA/resoluciones/RESOLUCIONES%202009/7551.pdf HTTP/1.1" 200 519036
181.63.220.121 - - [15/Jul/2022:11:23:06 -0500] "GET /BLA/resoluciones/RESOLUCIONES%202009/7552.pdf HTTP/1.1" 200 538262
181.63.220.121 - - [15/Jul/2022:11:23:08 -0500] "GET /BLA/resoluciones/RESOLUCIONES%202009/7553.pdf HTTP/1.1" 200 518366
181.63.220.121 - - [15/Jul/2022:11:23:09 -0500] "GET /BLA/resoluciones/RESOLUCIONES%202009/7554.pdf HTTP/1.1" 200 511796
181.63.220.121 - - [15/Jul/2022:11:23:10 -0500] "GET /BLA/resoluciones/RESOLUCIONES%202009/7555.pdf HTTP/1.1" 200 536800
201.184.96.250 - - [15/Jul/2022:11:23:10 -0500] "POST /sipse/faces/presentacion/financiero/solicitudProceso/consultarSolicitudProceso.xhtml HTTP/1.1" 200 36444
201.184.96.250 - - [15/Jul/2022:11:23:11 -0500] "GET /sipse/faces/javax.faces.resource/jquery/jquery.js?ln=primefaces&v=4.0 HTTP/1.1" 304 -
201.184.96.250 - - [15/Jul/2022:11:23:11 -0500] "GET /sipse/faces/javax.faces.resource/jquery/jquery-plugins.js?ln=primefaces&v=4.0 HTTP/1.1" 304 -
201.184.96.250 - - [15/Jul/2022:11:23:11 -0500] "GET /sipse/faces/javax.faces.resource/primefaces.js?ln=primefaces&v=4.0 HTTP/1.1" 304 -
201.184.96.250 - - [15/Jul/2022:11:23:11 -0500] "GET /sipse/faces/javax.faces.resource/layout/layout.js?ln=primefaces&v=4.0 HTTP/1.1" 304 -
216.245.221.92 - - [15/Jul/2022:11:23:11 -0500] "HEAD / HTTP/1.1" 200 -
201.184.96.250 - - [15/Jul/2022:11:23:11 -0500] "POST /sipse/faces/presentacion/financiero/solicitudProceso/listarSolicitudProceso.xhtml HTTP/1.1" 200 29717
201.184.96.250 - - [15/Jul/2022:11:23:11 -0500] "POST /sipse/faces/presentacion/financiero/solicitudProceso/listarSolicitudProceso.xhtml HTTP/1.1" 200 29717
181.63.220.121 - - [15/Jul/2022:11:23:12 -0500] "GET /BLA/resoluciones/RESOLUCIONES%202009/7556.pdf HTTP/1.1" 200 505423
201.184.96.250 - - [15/Jul/2022:11:23:12 -0500] "POST /sipse/faces/presentacion/financiero/solicitudProceso/listarSolicitudProceso.xhtml HTTP/1.1" 200 29717
201.184.96.250 - - [15/Jul/2022:11:23:12 -0500] "POST /sipse/faces/presentacion/financiero/solicitudProceso/listarSolicitudProceso.xhtml HTTP/1.1" 200 29717
201.184.96.250 - - [15/Jul/2022:11:23:12 -0500] "POST /sipse/faces/presentacion/financiero/solicitudProceso/listarSolicitudProceso.xhtml HTTP/1.1" 200 1396
201.184.96.250 - - [15/Jul/2022:11:23:13 -0500] "POST /sipse/faces/presentacion/financiero/solicitudProceso/listarSolicitudProceso.xhtml HTTP/1.1" 200 1392
201.184.96.250 - - [15/Jul/2022:11:23:13 -0500] "POST /sipse/faces/presentacion/financiero/solicitudProceso/listarSolicitudProceso.xhtml HTTP/1.1" 200 1400
201.184.96.250 - - [15/Jul/2022:11:23:13 -0500] "POST /sipse/faces/presentacion/financiero/solicitudProceso/listarSolicitudProceso.xhtml HTTP/1.1" 200 1392
181.63.220.121 - - [15/Jul/2022:11:23:13 -0500] "GET /BLA/resoluciones/RESOLUCIONES%202009/7557.pdf HTTP/1.1" 200 535811
201.184.96.250 - - [15/Jul/2022:11:23:13 -0500] "POST /sipse/faces/presentacion/financiero/solicitudProceso/listarSolicitudProceso.xhtml HTTP/1.1" 200 1400
181.63.220.121 - - [15/Jul/2022:11:23:15 -0500] "GET /BLA/resoluciones/RESOLUCIONES%202009/7558.pdf HTTP/1.1" 200 495665
201.184.96.250 - - [15/Jul/2022:11:23:16 -0500] "POST /sipse/faces/presentacion/financiero/solicitudProceso/listarSolicitudProceso.xhtml HTTP/1.1" 200 2417
181.63.220.121 - - [15/Jul/2022:11:23:16 -0500] "GET /BLA/resoluciones/RESOLUCIONES%202009/7559.pdf HTTP/1.1" 200 492441
181.63.220.121 - - [15/Jul/2022:11:23:18 -0500] "GET /BLA/resoluciones/RESOLUCIONES%202009/7560.pdf HTTP/1.1" 200 516834
201.184.96.250 - - [15/Jul/2022:11:23:18 -0500] "POST /sipse/faces/presentacion/financiero/solicitudProceso/listarSolicitudProceso.xhtml HTTP/1.1" 200 3465
181.63.220.121 - - [15/Jul/2022:11:23:19 -0500] "GET /BLA/resoluciones/RESOLUCIONES%202009/7561.pdf HTTP/1.1" 200 495423
201.184.96.250 - - [15/Jul/2022:11:23:20 -0500] "POST /sipse/faces/presentacion/financiero/solicitudProceso/listarSolicitudProceso.xhtml HTTP/1.1" 200 40850
201.184.96.250 - - [15/Jul/2022:11:23:20 -0500] "GET /sipse/faces/javax.faces.resource/jquery/jquery.js?ln=primefaces&v=4.0 HTTP/1.1" 304 -
201.184.96.250 - - [15/Jul/2022:11:23:20 -0500] "GET /sipse/faces/javax.faces.resource/jquery/jquery-plugins.js?ln=primefaces&v=4.0 HTTP/1.1" 304 -
201.184.96.250 - - [15/Jul/2022:11:23:20 -0500] "GET /sipse/faces/javax.faces.resource/primefaces.js?ln=primefaces&v=4.0 HTTP/1.1" 304 -
201.184.96.250 - - [15/Jul/2022:11:23:20 -0500] "GET /sipse/faces/javax.faces.resource/layout/layout.js?ln=primefaces&v=4.0 HTTP/1.1" 304 -
201.184.96.250 - - [15/Jul/2022:11:23:20 -0500] "POST /sipse/faces/presentacion/financiero/solicitudProceso/consultar.xhtml HTTP/1.1" 200 34149
181.63.220.121 - - [15/Jul/2022:11:23:20 -0500] "GET /BLA/resoluciones/RESOLUCIONES%202009/7562.pdf HTTP/1.1" 200 562089
201.184.96.250 - - [15/Jul/2022:11:23:20 -0500] "POST /sipse/faces/presentacion/financiero/solicitudProceso/consultar.xhtml HTTP/1.1" 200 34149
201.184.96.250 - - [15/Jul/2022:11:23:21 -0500] "POST /sipse/faces/presentacion/financiero/solicitudProceso/consultar.xhtml HTTP/1.1" 200 34149
201.184.96.250 - - [15/Jul/2022:11:23:21 -0500] "POST /sipse/faces/presentacion/financiero/solicitudProceso/consultar.xhtml HTTP/1.1" 200 34149
201.184.96.250 - - [15/Jul/2022:11:23:21 -0500] "POST /sipse/faces/presentacion/financiero/solicitudProceso/consultar.xhtml HTTP/1.1" 200 34149
181.63.220.121 - - [15/Jul/2022:11:23:23 -0500] "GET /BLA/resoluciones/RESOLUCIONES%202009/7563.pdf HTTP/1.1" 200 494195
201.245.192.253 - - [15/Jul/2022:11:23:24 -0500] "GET /reportes_sipse/jsp/inicio.jsp HTTP/1.1" 200 2935
201.245.192.253 - - [15/Jul/2022:11:23:24 -0500] "GET /reportes_sipse/css/estilos.css HTTP/1.1" 304 -
201.245.192.253 - - [15/Jul/2022:11:23:24 -0500] "GET /reportes_sipse/imagenes/logoAplicacion.jpg HTTP/1.1" 304 -
201.245.192.253 - - [15/Jul/2022:11:23:24 -0500] "GET /reportes_sipse/imagenes/fondo.jpg HTTP/1.1" 304 -
181.63.220.121 - - [15/Jul/2022:11:23:25 -0500] "GET /BLA/resoluciones/RESOLUCIONES%202009/7564.pdf HTTP/1.1" 200 493923
181.63.220.121 - - [15/Jul/2022:11:23:27 -0500] "GET /BLA/resoluciones/RESOLUCIONES%202009/7565.pdf HTTP/1.1" 200 489511
181.63.220.121 - - [15/Jul/2022:11:23:29 -0500] "GET /BLA/resoluciones/RESOLUCIONES%202009/7566.pdf HTTP/1.1" 200 492453
181.63.220.121 - - [15/Jul/2022:11:23:31 -0500] "GET /BLA/resoluciones/RESOLUCIONES%202009/7567.pdf HTTP/1.1" 200 487433
181.63.220.121 - - [15/Jul/2022:11:23:32 -0500] "GET /BLA/resoluciones/RESOLUCIONES%202009/7568.pdf HTTP/1.1" 200 494579
181.63.220.121 - - [15/Jul/2022:11:23:35 -0500] "GET /BLA/resoluciones/RESOLUCIONES%202009/7569.pdf HTTP/1.1" 200 488495
201.184.96.250 - - [15/Jul/2022:11:23:35 -0500] "POST /sipse/faces/presentacion/financiero/solicitudProceso/consultar.xhtml HTTP/1.1" 200 12951
181.63.220.121 - - [15/Jul/2022:11:23:38 -0500] "GET /BLA/resoluciones/RESOLUCIONES%202009/7570.pdf HTTP/1.1" 200 496259
181.63.220.121 - - [15/Jul/2022:11:23:39 -0500] "GET /BLA/resoluciones/RESOLUCIONES%202009/7571.pdf HTTP/1.1" 200 492505
181.63.220.121 - - [15/Jul/2022:11:23:41 -0500] "GET /BLA/resoluciones/RESOLUCIONES%202009/7572.pdf HTTP/1.1" 200 495877
181.63.220.121 - - [15/Jul/2022:11:23:43 -0500] "GET /BLA/resoluciones/RESOLUCIONES%202009/7573.pdf HTTP/1.1" 200 494701
201.184.96.250 - - [15/Jul/2022:11:23:43 -0500] "POST /sipse/faces/presentacion/financiero/solicitudProceso/consultar.xhtml HTTP/1.1" 200 123717
201.184.96.250 - - [15/Jul/2022:11:23:44 -0500] "GET /sipse/faces/javax.faces.resource/jquery/jquery.js?ln=primefaces&v=4.0 HTTP/1.1" 304 -
201.184.96.250 - - [15/Jul/2022:11:23:44 -0500] "GET /sipse/faces/javax.faces.resource/jquery/jquery-plugins.js?ln=primefaces&v=4.0 HTTP/1.1" 304 -
201.184.96.250 - - [15/Jul/2022:11:23:44 -0500] "GET /sipse/faces/javax.faces.resource/primefaces.js?ln=primefaces&v=4.0 HTTP/1.1" 304 -
201.184.96.250 - - [15/Jul/2022:11:23:44 -0500] "GET /sipse/faces/javax.faces.resource/layout/layout.js?ln=primefaces&v=4.0 HTTP/1.1" 304 -
181.63.220.121 - - [15/Jul/2022:11:23:44 -0500] "GET /BLA/resoluciones/RESOLUCIONES%202009/7574.pdf HTTP/1.1" 200 493481
181.63.220.121 - - [15/Jul/2022:11:23:47 -0500] "GET /BLA/resoluciones/RESOLUCIONES%202009/7575.pdf HTTP/1.1" 200 491017
201.245.192.253 - - [15/Jul/2022:11:23:44 -0500] "POST /kwsrmcab/Wsrmcab  HTTP/1.1" 200 45562
181.63.220.121 - - [15/Jul/2022:11:23:48 -0500] "GET /BLA/resoluciones/RESOLUCIONES%202009/7576.pdf HTTP/1.1" 200 510713
181.63.220.121 - - [15/Jul/2022:11:23:51 -0500] "GET /BLA/resoluciones/RESOLUCIONES%202009/7577.pdf HTTP/1.1" 200 450392
201.245.192.253 - - [15/Jul/2022:11:24:13 -0500] "GET /sipsesda/ HTTP/1.1" 200 1477
201.245.192.253 - - [15/Jul/2022:11:24:13 -0500] "GET /css/segobdis.css HTTP/1.1" 404 1264
201.245.192.253 - - [15/Jul/2022:11:24:13 -0500] "GET /sipsesda/faces/login.jspx HTTP/1.1" 200 6587
201.245.192.253 - - [15/Jul/2022:11:24:24 -0500] "GET /sipsesda/ HTTP/1.1" 200 1477
201.245.192.253 - - [15/Jul/2022:11:24:24 -0500] "GET /css/segobdis.css HTTP/1.1" 404 1264
201.245.192.253 - - [15/Jul/2022:11:24:24 -0500] "GET /sipsesda/faces/login.jspx HTTP/1.1" 200 6587
201.245.192.253 - - [15/Jul/2022:11:24:27 -0500] "POST /sipsesda/faces/login.jspx HTTP/1.1" 200 5571
201.245.192.253 - - [15/Jul/2022:11:24:26 -0500] "POST /sipse/faces/presentacion/financiero/solicitudProceso/listarSolicitudProceso.xhtml HTTP/1.1" 200 141376
201.245.192.253 - - [15/Jul/2022:11:24:28 -0500] "GET /sipse/faces/javax.faces.resource/theme.css?ln=primefaces-sipse HTTP/1.1" 304 -
201.245.192.253 - - [15/Jul/2022:11:24:28 -0500] "GET /sipse/faces/javax.faces.resource/layout/layout.css?ln=primefaces&v=4.0 HTTP/1.1" 304 -
201.245.192.253 - - [15/Jul/2022:11:24:28 -0500] "GET /sipse/faces/javax.faces.resource/primefaces.css?ln=primefaces&v=4.0 HTTP/1.1" 304 -
201.245.192.253 - - [15/Jul/2022:11:24:28 -0500] "GET /sipse/faces/javax.faces.resource/jquery/jquery.js?ln=primefaces&v=4.0 HTTP/1.1" 304 -
201.245.192.253 - - [15/Jul/2022:11:24:28 -0500] "GET /sipse/faces/javax.faces.resource/jquery/jquery-plugins.js?ln=primefaces&v=4.0 HTTP/1.1" 304 -
201.245.192.253 - - [15/Jul/2022:11:24:28 -0500] "GET /sipse/faces/javax.faces.resource/primefaces.js?ln=primefaces&v=4.0 HTTP/1.1" 304 -
201.245.192.253 - - [15/Jul/2022:11:24:28 -0500] "GET /sipse/faces/javax.faces.resource/layout/layout.js?ln=primefaces&v=4.0 HTTP/1.1" 304 -
201.245.192.253 - - [15/Jul/2022:11:24:28 -0500] "POST /sipsesda/faces/vista/sistema/seleccionRol.jspx HTTP/1.1" 200 28064
172.22.2.4 - - [15/Jul/2022:11:22:51 -0500] "HEAD /BLA/boletinlegal/ HTTP/1.1" 200 -
201.245.192.253 - - [15/Jul/2022:11:24:32 -0500] "GET /sipsesda/faces/vista/sistema/cargarMenu.jspx?accionMenu=listadoFuncionario&menuID=18 HTTP/1.1" 200 28309
201.245.192.253 - - [15/Jul/2022:11:24:32 -0500] "POST /sipsesda/faces/vista/sistema/cargarMenu.jspx HTTP/1.1" 200 32095
201.245.192.253 - - [15/Jul/2022:11:24:52 -0500] "POST /sipse/faces/presentacion/financiero/solicitudProceso/consultarSolicitudProceso.xhtml HTTP/1.1" 200 43887
201.245.192.253 - - [15/Jul/2022:11:24:52 -0500] "GET /sipse/faces/javax.faces.resource/theme.css?ln=primefaces-sipse HTTP/1.1" 304 -
201.245.192.253 - - [15/Jul/2022:11:24:52 -0500] "GET /sipse/faces/javax.faces.resource/primefaces.css?ln=primefaces&v=4.0 HTTP/1.1" 304 -
201.245.192.253 - - [15/Jul/2022:11:24:52 -0500] "GET /sipse/faces/javax.faces.resource/layout/layout.css?ln=primefaces&v=4.0 HTTP/1.1" 304 -
201.245.192.253 - - [15/Jul/2022:11:24:53 -0500] "GET /sipse/faces/javax.faces.resource/jquery/jquery.js?ln=primefaces&v=4.0 HTTP/1.1" 304 -
201.245.192.253 - - [15/Jul/2022:11:24:53 -0500] "GET /sipse/faces/javax.faces.resource/jquery/jquery-plugins.js?ln=primefaces&v=4.0 HTTP/1.1" 304 -
201.245.192.253 - - [15/Jul/2022:11:24:53 -0500] "GET /sipse/faces/javax.faces.resource/primefaces.js?ln=primefaces&v=4.0 HTTP/1.1" 304 -
201.245.192.253 - - [15/Jul/2022:11:24:53 -0500] "GET /sipse/faces/javax.faces.resource/layout/layout.js?ln=primefaces&v=4.0 HTTP/1.1" 304 -
201.245.192.253 - - [15/Jul/2022:11:24:53 -0500] "POST /sipse/faces/presentacion/financiero/solicitudProceso/consultar.xhtml HTTP/1.1" 200 37170
201.245.192.253 - - [15/Jul/2022:11:24:53 -0500] "POST /sipse/faces/presentacion/financiero/solicitudProceso/consultar.xhtml HTTP/1.1" 200 37170
201.245.192.253 - - [15/Jul/2022:11:24:53 -0500] "POST /sipse/faces/presentacion/financiero/solicitudProceso/consultar.xhtml HTTP/1.1" 200 37170
201.245.192.253 - - [15/Jul/2022:11:24:53 -0500] "POST /sipse/faces/presentacion/financiero/solicitudProceso/consultar.xhtml HTTP/1.1" 200 37170
201.245.192.253 - - [15/Jul/2022:11:24:53 -0500] "POST /sipse/faces/presentacion/financiero/solicitudProceso/consultar.xhtml HTTP/1.1" 200 37170
201.245.192.253 - - [15/Jul/2022:11:24:54 -0500] "POST /sipse/faces/presentacion/financiero/solicitudProceso/consultar.xhtml HTTP/1.1" 200 37170
201.245.192.253 - - [15/Jul/2022:11:24:54 -0500] "POST /sipse/faces/presentacion/financiero/solicitudProceso/consultar.xhtml HTTP/1.1" 200 37170
201.245.192.253 - - [15/Jul/2022:11:24:54 -0500] "POST /sipse/faces/presentacion/financiero/solicitudProceso/consultar.xhtml HTTP/1.1" 200 37170
201.245.192.253 - - [15/Jul/2022:11:24:54 -0500] "POST /sipse/faces/presentacion/financiero/solicitudProceso/consultar.xhtml HTTP/1.1" 200 37170
201.245.192.253 - - [15/Jul/2022:11:24:54 -0500] "POST /sipse/faces/presentacion/financiero/solicitudProceso/consultar.xhtml HTTP/1.1" 200 37170
201.245.192.253 - - [15/Jul/2022:11:24:55 -0500] "POST /sipse/faces/presentacion/financiero/solicitudProceso/consultar.xhtml HTTP/1.1" 200 37170
201.245.192.253 - - [15/Jul/2022:11:24:58 -0500] "POST /sipse/faces/presentacion/financiero/solicitudProceso/consultar.xhtml HTTP/1.1" 200 12826
181.63.220.121 - - [15/Jul/2022:11:25:02 -0500] "GET /BLA/resoluciones/RESOLUCIONES%202009/7578.pdf HTTP/1.1" 200 513224
201.245.192.253 - - [15/Jul/2022:11:25:01 -0500] "POST /sipse/faces/presentacion/financiero/solicitudProceso/consultar.xhtml HTTP/1.1" 200 148972
201.245.192.253 - - [15/Jul/2022:11:25:03 -0500] "GET /sipse/faces/javax.faces.resource/layout/layout.css?ln=primefaces&v=4.0 HTTP/1.1" 304 -
201.245.192.253 - - [15/Jul/2022:11:25:03 -0500] "GET /sipse/faces/javax.faces.resource/primefaces.css?ln=primefaces&v=4.0 HTTP/1.1" 304 -
201.245.192.253 - - [15/Jul/2022:11:25:03 -0500] "GET /sipse/faces/javax.faces.resource/theme.css?ln=primefaces-sipse HTTP/1.1" 304 -
201.245.192.253 - - [15/Jul/2022:11:25:03 -0500] "GET /sipse/faces/javax.faces.resource/jquery/jquery.js?ln=primefaces&v=4.0 HTTP/1.1" 304 -
201.245.192.253 - - [15/Jul/2022:11:25:03 -0500] "GET /sipse/faces/javax.faces.resource/jquery/jquery-plugins.js?ln=primefaces&v=4.0 HTTP/1.1" 304 -
201.245.192.253 - - [15/Jul/2022:11:25:03 -0500] "GET /sipse/faces/javax.faces.resource/primefaces.js?ln=primefaces&v=4.0 HTTP/1.1" 304 -
201.245.192.253 - - [15/Jul/2022:11:25:03 -0500] "GET /sipse/faces/javax.faces.resource/layout/layout.js?ln=primefaces&v=4.0 HTTP/1.1" 304 -
181.63.220.121 - - [15/Jul/2022:11:25:03 -0500] "GET /BLA/resoluciones/RESOLUCIONES%202009/7579.pdf HTTP/1.1" 200 502767
181.63.220.121 - - [15/Jul/2022:11:25:04 -0500] "GET /BLA/resoluciones/RESOLUCIONES%202009/7580.pdf HTTP/1.1" 200 496075
181.63.220.121 - - [15/Jul/2022:11:25:05 -0500] "GET /BLA/resoluciones/RESOLUCIONES%202009/7581.pdf HTTP/1.1" 200 490681
181.63.220.121 - - [15/Jul/2022:11:25:06 -0500] "GET /BLA/resoluciones/RESOLUCIONES%202009/7582.pdf HTTP/1.1" 200 496697
201.245.192.253 - - [15/Jul/2022:11:25:06 -0500] "POST /sipsesda/faces/vista/administracion/funcionario/listadoFuncionario.jspx HTTP/1.1" 200 32865
181.63.220.121 - - [15/Jul/2022:11:25:07 -0500] "GET /BLA/resoluciones/RESOLUCIONES%202009/7583.pdf HTTP/1.1" 200 496879
201.245.192.253 - - [15/Jul/2022:11:25:08 -0500] "POST /sipse/faces/presentacion/financiero/solicitudProceso/consultarSolicitudProceso.xhtml HTTP/1.1" 200 147125
181.63.220.121 - - [15/Jul/2022:11:25:08 -0500] "GET /BLA/resoluciones/RESOLUCIONES%202009/7584.pdf HTTP/1.1" 200 499961
201.245.192.253 - - [15/Jul/2022:11:25:09 -0500] "POST /sipsesda/faces/vista/administracion/funcionario/listadoFuncionario.jspx HTTP/1.1" 200 18208
181.63.220.121 - - [15/Jul/2022:11:25:09 -0500] "GET /BLA/resoluciones/RESOLUCIONES%202009/7585.pdf HTTP/1.1" 200 498721
181.63.220.121 - - [15/Jul/2022:11:25:10 -0500] "GET /BLA/resoluciones/RESOLUCIONES%202009/7586.pdf HTTP/1.1" 200 495815
181.63.220.121 - - [15/Jul/2022:11:25:12 -0500] "GET /BLA/resoluciones/RESOLUCIONES%202009/7587.pdf HTTP/1.1" 200 500187
181.63.220.121 - - [15/Jul/2022:11:25:13 -0500] "GET /BLA/resoluciones/RESOLUCIONES%202009/7588.pdf HTTP/1.1" 200 496223
201.245.192.253 - - [15/Jul/2022:11:25:13 -0500] "POST /sipsesda/faces/vista/administracion/funcionario/registrarFuncionario.jspx?_afPfm=1 HTTP/1.1" 200 7328
181.63.220.121 - - [15/Jul/2022:11:25:14 -0500] "GET /BLA/resoluciones/RESOLUCIONES%202009/7589.pdf HTTP/1.1" 200 498839
181.63.220.121 - - [15/Jul/2022:11:25:15 -0500] "GET /BLA/resoluciones/RESOLUCIONES%202009/7590.pdf HTTP/1.1" 200 494483
181.63.220.121 - - [15/Jul/2022:11:25:17 -0500] "GET /BLA/resoluciones/RESOLUCIONES%202009/7591.pdf HTTP/1.1" 200 494207
201.245.192.253 - - [15/Jul/2022:11:25:17 -0500] "POST /sipsesda/faces/vista/administracion/rolFuncionario/registrarRolFuncionario.jspx?_afPfm=1.1 HTTP/1.1" 200 18218
181.63.220.121 - - [15/Jul/2022:11:25:18 -0500] "GET /BLA/resoluciones/RESOLUCIONES%202009/7592.pdf HTTP/1.1" 200 496085
201.245.192.253 - - [15/Jul/2022:11:25:19 -0500] "POST /sipsesda/faces/vista/administracion/funcionario/registrarFuncionario.jspx?_afPfm=1 HTTP/1.1" 200 8634
181.63.220.121 - - [15/Jul/2022:11:25:19 -0500] "GET /BLA/resoluciones/RESOLUCIONES%202009/7593.pdf HTTP/1.1" 200 495851
181.63.220.121 - - [15/Jul/2022:11:25:20 -0500] "GET /BLA/resoluciones/RESOLUCIONES%202009/7594.pdf HTTP/1.1" 200 504375
181.63.220.121 - - [15/Jul/2022:11:25:21 -0500] "GET /BLA/resoluciones/RESOLUCIONES%202009/7595.pdf HTTP/1.1" 200 551594
172.22.2.4 - - [15/Jul/2022:11:23:42 -0500] "GET /BLA/boletinlegal/ HTTP/1.1" 200 58491
181.63.220.121 - - [15/Jul/2022:11:25:23 -0500] "GET /BLA/resoluciones/RESOLUCIONES%202009/7596.pdf HTTP/1.1" 200 500923
181.63.220.121 - - [15/Jul/2022:11:25:24 -0500] "GET /BLA/resoluciones/RESOLUCIONES%202009/7597.pdf HTTP/1.1" 200 494927
181.63.220.121 - - [15/Jul/2022:11:25:25 -0500] "GET /BLA/resoluciones/RESOLUCIONES%202009/7598.pdf HTTP/1.1" 200 493425
181.63.220.121 - - [15/Jul/2022:11:25:27 -0500] "GET /BLA/resoluciones/RESOLUCIONES%202009/7599.pdf HTTP/1.1" 200 494805
181.63.220.121 - - [15/Jul/2022:11:25:28 -0500] "GET /BLA/resoluciones/RESOLUCIONES%202009/7600.pdf HTTP/1.1" 200 493503
201.245.192.253 - - [15/Jul/2022:11:25:26 -0500] "POST /sipsesda/faces/vista/administracion/rolFuncionario/registrarRolFuncionario.jspx?_afPfm=1.2 HTTP/1.1" 200 18417
181.63.220.121 - - [15/Jul/2022:11:25:30 -0500] "GET /BLA/resoluciones/RESOLUCIONES%202009/7601.pdf HTTP/1.1" 200 494533
181.63.220.121 - - [15/Jul/2022:11:25:32 -0500] "GET /BLA/resoluciones/RESOLUCIONES%202009/7602.pdf HTTP/1.1" 200 101700
181.63.220.121 - - [15/Jul/2022:11:25:33 -0500] "GET /BLA/resoluciones/RESOLUCIONES%202009/7603.pdf HTTP/1.1" 200 131988
181.63.220.121 - - [15/Jul/2022:11:25:39 -0500] "GET /BLA/resoluciones/RESOLUCIONES%202009/7604.pdf HTTP/1.1" 200 101192
181.63.220.121 - - [15/Jul/2022:11:25:42 -0500] "GET /BLA/resoluciones/RESOLUCIONES%202009/7605.pdf HTTP/1.1" 200 561624
181.63.220.121 - - [15/Jul/2022:11:25:43 -0500] "GET /BLA/resoluciones/RESOLUCIONES%202009/7606.pdf HTTP/1.1" 200 563624
181.234.213.58 - - [15/Jul/2022:11:25:49 -0500] "GET /galeria/galeria/jquery.fancybox.css?v=2.1.5 HTTP/1.1" 200 4895
181.234.213.58 - - [15/Jul/2022:11:25:49 -0500] "GET /BLA/boletinlegal/js/jquery.scrollShow.js HTTP/1.1" 200 4586
181.234.213.58 - - [15/Jul/2022:11:25:49 -0500] "GET /galeria/galeria/jquery.fancybox.js?v=2.1.5 HTTP/1.1" 200 48706
201.245.192.253 - - [15/Jul/2022:11:26:02 -0500] "POST /sipsesda/faces/vista/administracion/funcionario/registrarFuncionario.jspx?_afPfm=1 HTTP/1.1" 200 32590
201.245.192.253 - - [15/Jul/2022:11:26:10 -0500] "GET /sipse/faces/index.xhtml HTTP/1.1" 200 677
201.245.192.253 - - [15/Jul/2022:11:26:10 -0500] "GET /sipse/faces/javax.faces.resource/theme.css?ln=primefaces-sipse HTTP/1.1" 304 -
201.245.192.253 - - [15/Jul/2022:11:26:10 -0500] "GET /sipse/faces/faces/autenticacion.xhtml HTTP/1.1" 200 12187
201.245.192.253 - - [15/Jul/2022:11:26:10 -0500] "GET /sipse/faces/javax.faces.resource/theme.css?ln=primefaces-sipse HTTP/1.1" 304 -
201.245.192.253 - - [15/Jul/2022:11:26:10 -0500] "GET /sipse/faces/javax.faces.resource/primefaces.js?ln=primefaces&v=4.0 HTTP/1.1" 304 -
201.245.192.253 - - [15/Jul/2022:11:26:10 -0500] "GET /sipse/faces/javax.faces.resource/jquery/jquery-plugins.js?ln=primefaces&v=4.0 HTTP/1.1" 304 -
201.245.192.253 - - [15/Jul/2022:11:26:10 -0500] "GET /sipse/faces/javax.faces.resource/layout/layout.css?ln=primefaces&v=4.0 HTTP/1.1" 304 -
201.245.192.253 - - [15/Jul/2022:11:26:10 -0500] "GET /sipse/faces/javax.faces.resource/primefaces.css?ln=primefaces&v=4.0 HTTP/1.1" 304 -
201.245.192.253 - - [15/Jul/2022:11:26:10 -0500] "GET /sipse/faces/javax.faces.resource/jquery/jquery.js?ln=primefaces&v=4.0 HTTP/1.1" 304 -
201.245.192.253 - - [15/Jul/2022:11:26:10 -0500] "GET /sipse/faces/javax.faces.resource/layout/layout.js?ln=primefaces&v=4.0 HTTP/1.1" 304 -
201.245.192.253 - - [15/Jul/2022:11:26:10 -0500] "GET /sipse/faces/javax.faces.resource/images/ui-icons_898989_256x240.png?ln=primefaces-aristo HTTP/1.1" 304 -
40.77.167.66 - - [15/Jul/2022:11:26:13 -0500] "GET /BLA/resoluciones/AUTOS%202020/1543.pdf HTTP/1.1" 200 369606
181.63.220.121 - - [15/Jul/2022:11:26:16 -0500] "GET /BLA/resoluciones/RESOLUCIONES%202009/7607.pdf HTTP/1.1" 200 561566
181.63.220.121 - - [15/Jul/2022:11:26:19 -0500] "GET /BLA/resoluciones/RESOLUCIONES%202009/7608.pdf HTTP/1.1" 200 562556
181.63.220.121 - - [15/Jul/2022:11:26:20 -0500] "GET /BLA/resoluciones/RESOLUCIONES%202009/7609.pdf HTTP/1.1" 200 568004
201.245.192.253 - - [15/Jul/2022:11:26:22 -0500] "POST /sipse/faces/autenticacion.xhtml HTTP/1.1" 200 2223
201.245.192.253 - - [15/Jul/2022:11:26:22 -0500] "GET /sipse/faces/javax.faces.resource/messages/messages.png?ln=primefaces&v=4.0 HTTP/1.1" 304 -
201.245.192.253 - - [15/Jul/2022:11:26:23 -0500] "POST /sipse/faces/autenticacion.xhtml HTTP/1.1" 200 16390
201.245.192.253 - - [15/Jul/2022:11:26:23 -0500] "GET /sipse/faces/javax.faces.resource/theme.css?ln=primefaces-sipse HTTP/1.1" 304 -
201.245.192.253 - - [15/Jul/2022:11:26:23 -0500] "GET /sipse/faces/javax.faces.resource/primefaces.css?ln=primefaces&v=4.0 HTTP/1.1" 304 -
201.245.192.253 - - [15/Jul/2022:11:26:23 -0500] "GET /sipse/faces/javax.faces.resource/layout/layout.css?ln=primefaces&v=4.0 HTTP/1.1" 304 -
201.245.192.253 - - [15/Jul/2022:11:26:23 -0500] "GET /sipse/faces/javax.faces.resource/jquery/jquery.js?ln=primefaces&v=4.0 HTTP/1.1" 304 -
201.245.192.253 - - [15/Jul/2022:11:26:23 -0500] "GET /sipse/faces/javax.faces.resource/jquery/jquery-plugins.js?ln=primefaces&v=4.0 HTTP/1.1" 304 -
201.245.192.253 - - [15/Jul/2022:11:26:23 -0500] "GET /sipse/faces/javax.faces.resource/primefaces.js?ln=primefaces&v=4.0 HTTP/1.1" 304 -
201.245.192.253 - - [15/Jul/2022:11:26:23 -0500] "GET /sipse/faces/javax.faces.resource/layout/layout.js?ln=primefaces&v=4.0 HTTP/1.1" 304 -
201.245.192.253 - - [15/Jul/2022:11:26:23 -0500] "GET /sipse/css/imagen/contrasena.png HTTP/1.1" 404 383
181.63.220.121 - - [15/Jul/2022:11:26:23 -0500] "GET /BLA/resoluciones/RESOLUCIONES%202009/7610.pdf HTTP/1.1" 200 566602
201.245.192.253 - - [15/Jul/2022:11:26:24 -0500] "GET /sipse/faces/javax.faces.resource/images/ui-bg_flat_0_2d5972_40x100.png?ln=primefaces-aristo HTTP/1.1" 304 -
201.245.192.253 - - [15/Jul/2022:11:26:24 -0500] "POST /sipse/faces/bienvenido.xhtml HTTP/1.1" 200 2658
201.245.192.253 - - [15/Jul/2022:11:26:25 -0500] "POST /sipse/faces/bienvenido.xhtml HTTP/1.1" 200 184
201.245.192.253 - - [15/Jul/2022:11:26:25 -0500] "GET /sipse/faces/presentacion/financiero/solicitudAnulacion/solicitudAnulacion.xhtml HTTP/1.1" 200 34212
201.245.192.253 - - [15/Jul/2022:11:26:25 -0500] "GET /sipse/faces/javax.faces.resource/theme.css?ln=primefaces-sipse HTTP/1.1" 304 -
201.245.192.253 - - [15/Jul/2022:11:26:25 -0500] "GET /sipse/faces/javax.faces.resource/jquery/jquery.js?ln=primefaces&v=4.0 HTTP/1.1" 304 -
201.245.192.253 - - [15/Jul/2022:11:26:25 -0500] "GET /sipse/faces/javax.faces.resource/primefaces.css?ln=primefaces&v=4.0 HTTP/1.1" 304 -
201.245.192.253 - - [15/Jul/2022:11:26:25 -0500] "GET /sipse/faces/javax.faces.resource/jquery/jquery-plugins.js?ln=primefaces&v=4.0 HTTP/1.1" 304 -
201.245.192.253 - - [15/Jul/2022:11:26:25 -0500] "GET /sipse/faces/javax.faces.resource/layout/layout.css?ln=primefaces&v=4.0 HTTP/1.1" 304 -
201.245.192.253 - - [15/Jul/2022:11:26:25 -0500] "GET /sipse/faces/javax.faces.resource/primefaces.js?ln=primefaces&v=4.0 HTTP/1.1" 304 -
201.245.192.253 - - [15/Jul/2022:11:26:25 -0500] "GET /sipse/faces/javax.faces.resource/layout/layout.js?ln=primefaces&v=4.0 HTTP/1.1" 304 -
201.245.192.253 - - [15/Jul/2022:11:26:25 -0500] "POST /sipse/faces/presentacion/financiero/solicitudAnulacion/solicitudAnulacion.xhtml HTTP/1.1" 200 12487
201.245.192.253 - - [15/Jul/2022:11:26:27 -0500] "POST /sipse/faces/presentacion/financiero/solicitudAnulacion/solicitudAnulacion.xhtml HTTP/1.1" 200 51920
201.245.192.253 - - [15/Jul/2022:11:26:27 -0500] "GET /sipse/faces/javax.faces.resource/theme.css?ln=primefaces-sipse HTTP/1.1" 304 -
201.245.192.253 - - [15/Jul/2022:11:26:27 -0500] "GET /sipse/faces/javax.faces.resource/layout/layout.css?ln=primefaces&v=4.0 HTTP/1.1" 304 -
201.245.192.253 - - [15/Jul/2022:11:26:27 -0500] "GET /sipse/faces/javax.faces.resource/primefaces.css?ln=primefaces&v=4.0 HTTP/1.1" 304 -
201.245.192.253 - - [15/Jul/2022:11:26:27 -0500] "GET /sipse/faces/javax.faces.resource/fileupload/fileupload.css?ln=primefaces&v=4.0 HTTP/1.1" 304 -
201.245.192.253 - - [15/Jul/2022:11:26:27 -0500] "GET /sipse/faces/javax.faces.resource/jquery/jquery.js?ln=primefaces&v=4.0 HTTP/1.1" 304 -
201.245.192.253 - - [15/Jul/2022:11:26:27 -0500] "GET /sipse/faces/javax.faces.resource/jquery/jquery-plugins.js?ln=primefaces&v=4.0 HTTP/1.1" 304 -
201.245.192.253 - - [15/Jul/2022:11:26:27 -0500] "GET /sipse/faces/javax.faces.resource/primefaces.js?ln=primefaces&v=4.0 HTTP/1.1" 304 -
201.245.192.253 - - [15/Jul/2022:11:26:27 -0500] "GET /sipse/faces/javax.faces.resource/layout/layout.js?ln=primefaces&v=4.0 HTTP/1.1" 304 -
201.245.192.253 - - [15/Jul/2022:11:26:27 -0500] "GET /sipse/faces/javax.faces.resource/fileupload/fileupload.js?ln=primefaces&v=4.0 HTTP/1.1" 304 -
201.245.192.253 - - [15/Jul/2022:11:26:41 -0500] "POST /sipse/faces/presentacion/financiero/solicitudAnulacion/registrarSolicitudAnulacion.xhtml HTTP/1.1" 200 184
201.245.192.253 - - [15/Jul/2022:11:26:41 -0500] "POST /sipse/faces/presentacion/financiero/solicitudAnulacion/registrarSolicitudAnulacion.xhtml HTTP/1.1" 200 184
201.245.192.253 - - [15/Jul/2022:11:26:41 -0500] "GET /sipse/faces/presentacion/financiero/solicitudAnulacion/solicitudAnulacion.xhtml HTTP/1.1" 200 35352
201.245.192.253 - - [15/Jul/2022:11:26:41 -0500] "GET /sipse/faces/presentacion/financiero/solicitudAnulacion/solicitudAnulacion.xhtml HTTP/1.1" 200 35352
201.245.192.253 - - [15/Jul/2022:11:26:41 -0500] "GET /sipse/faces/javax.faces.resource/theme.css?ln=primefaces-sipse HTTP/1.1" 304 -
201.245.192.253 - - [15/Jul/2022:11:26:41 -0500] "GET /sipse/faces/javax.faces.resource/primefaces.css?ln=primefaces&v=4.0 HTTP/1.1" 304 -
201.245.192.253 - - [15/Jul/2022:11:26:41 -0500] "GET /sipse/faces/javax.faces.resource/layout/layout.css?ln=primefaces&v=4.0 HTTP/1.1" 304 -
201.245.192.253 - - [15/Jul/2022:11:26:41 -0500] "GET /sipse/faces/javax.faces.resource/primefaces.js?ln=primefaces&v=4.0 HTTP/1.1" 304 -
201.245.192.253 - - [15/Jul/2022:11:26:41 -0500] "GET /sipse/faces/javax.faces.resource/jquery/jquery-plugins.js?ln=primefaces&v=4.0 HTTP/1.1" 304 -
201.245.192.253 - - [15/Jul/2022:11:26:41 -0500] "GET /sipse/faces/javax.faces.resource/jquery/jquery.js?ln=primefaces&v=4.0 HTTP/1.1" 304 -
201.245.192.253 - - [15/Jul/2022:11:26:41 -0500] "GET /sipse/faces/javax.faces.resource/layout/layout.js?ln=primefaces&v=4.0 HTTP/1.1" 304 -
201.245.192.253 - - [15/Jul/2022:11:26:41 -0500] "GET /sipse/css/imagen/contrasena.png HTTP/1.1" 404 383
201.245.192.253 - - [15/Jul/2022:11:26:41 -0500] "GET /sipse/faces/javax.faces.resource/images/ui-icons_898989_256x240.png?ln=primefaces-aristo HTTP/1.1" 304 -
201.245.192.253 - - [15/Jul/2022:11:26:41 -0500] "GET /sipse/faces/javax.faces.resource/images/ui-bg_flat_0_2d5972_40x100.png?ln=primefaces-aristo HTTP/1.1" 304 -
201.245.192.253 - - [15/Jul/2022:11:26:41 -0500] "POST /sipse/faces/presentacion/financiero/solicitudAnulacion/solicitudAnulacion.xhtml HTTP/1.1" 200 12487
201.245.192.253 - - [15/Jul/2022:11:26:42 -0500] "POST /sipse/faces/presentacion/financiero/solicitudAnulacion/solicitudAnulacion.xhtml HTTP/1.1" 200 47793
201.245.192.253 - - [15/Jul/2022:11:26:43 -0500] "GET /sipse/faces/javax.faces.resource/theme.css?ln=primefaces-sipse HTTP/1.1" 304 -
201.245.192.253 - - [15/Jul/2022:11:26:43 -0500] "GET /sipse/faces/javax.faces.resource/layout/layout.css?ln=primefaces&v=4.0 HTTP/1.1" 304 -
201.245.192.253 - - [15/Jul/2022:11:26:43 -0500] "GET /sipse/faces/javax.faces.resource/primefaces.css?ln=primefaces&v=4.0 HTTP/1.1" 304 -
201.245.192.253 - - [15/Jul/2022:11:26:43 -0500] "GET /sipse/faces/javax.faces.resource/fileupload/fileupload.css?ln=primefaces&v=4.0 HTTP/1.1" 304 -
201.245.192.253 - - [15/Jul/2022:11:26:43 -0500] "GET /sipse/faces/javax.faces.resource/jquery/jquery.js?ln=primefaces&v=4.0 HTTP/1.1" 304 -
201.245.192.253 - - [15/Jul/2022:11:26:43 -0500] "GET /sipse/faces/javax.faces.resource/jquery/jquery-plugins.js?ln=primefaces&v=4.0 HTTP/1.1" 304 -
201.245.192.253 - - [15/Jul/2022:11:26:43 -0500] "GET /sipse/faces/javax.faces.resource/primefaces.js?ln=primefaces&v=4.0 HTTP/1.1" 304 -
201.245.192.253 - - [15/Jul/2022:11:26:43 -0500] "GET /sipse/faces/javax.faces.resource/layout/layout.js?ln=primefaces&v=4.0 HTTP/1.1" 304 -
201.245.192.253 - - [15/Jul/2022:11:26:43 -0500] "GET /sipse/faces/javax.faces.resource/fileupload/fileupload.js?ln=primefaces&v=4.0 HTTP/1.1" 304 -
201.245.192.253 - - [15/Jul/2022:11:26:46 -0500] "POST /sipse/faces/presentacion/financiero/solicitudAnulacion/registrarSolicitudAnulacion.xhtml HTTP/1.1" 200 911
201.245.192.253 - - [15/Jul/2022:11:26:48 -0500] "GET /sipse/faces/presentacion/financiero/solicitudAnulacion/faces/autenticacion HTTP/1.1" 302 -
201.245.192.253 - - [15/Jul/2022:11:26:48 -0500] "GET /sipse/faces/autenticacion.xhtml HTTP/1.1" 200 12179
201.245.192.253 - - [15/Jul/2022:11:26:48 -0500] "GET /sipse/faces/javax.faces.resource/jquery/jquery.js?ln=primefaces&v=4.0 HTTP/1.1" 304 -
201.245.192.253 - - [15/Jul/2022:11:26:48 -0500] "GET /sipse/faces/javax.faces.resource/layout/layout.js?ln=primefaces&v=4.0 HTTP/1.1" 304 -
201.245.192.253 - - [15/Jul/2022:11:26:48 -0500] "GET /sipse/faces/javax.faces.resource/jquery/jquery-plugins.js?ln=primefaces&v=4.0 HTTP/1.1" 304 -
201.245.192.253 - - [15/Jul/2022:11:26:48 -0500] "GET /sipse/faces/javax.faces.resource/theme.css?ln=primefaces-sipse HTTP/1.1" 304 -
201.245.192.253 - - [15/Jul/2022:11:26:48 -0500] "GET /sipse/faces/javax.faces.resource/primefaces.js?ln=primefaces&v=4.0 HTTP/1.1" 304 -
201.245.192.253 - - [15/Jul/2022:11:26:48 -0500] "GET /sipse/faces/javax.faces.resource/layout/layout.css?ln=primefaces&v=4.0 HTTP/1.1" 304 -
201.245.192.253 - - [15/Jul/2022:11:26:48 -0500] "GET /sipse/faces/javax.faces.resource/primefaces.css?ln=primefaces&v=4.0 HTTP/1.1" 304 -
201.245.192.253 - - [15/Jul/2022:11:26:48 -0500] "GET /sipse/faces/javax.faces.resource/images/ui-icons_898989_256x240.png?ln=primefaces-aristo HTTP/1.1" 304 -
201.245.192.253 - - [15/Jul/2022:11:26:52 -0500] "POST /sipse/faces/autenticacion.xhtml HTTP/1.1" 200 2223
201.245.192.253 - - [15/Jul/2022:11:26:52 -0500] "GET /sipse/faces/javax.faces.resource/messages/messages.png?ln=primefaces&v=4.0 HTTP/1.1" 304 -
201.245.192.253 - - [15/Jul/2022:11:26:54 -0500] "POST /sipse/faces/autenticacion.xhtml HTTP/1.1" 200 16358
201.245.192.253 - - [15/Jul/2022:11:26:54 -0500] "GET /sipse/faces/javax.faces.resource/primefaces.css?ln=primefaces&v=4.0 HTTP/1.1" 304 -
201.245.192.253 - - [15/Jul/2022:11:26:54 -0500] "GET /sipse/faces/javax.faces.resource/theme.css?ln=primefaces-sipse HTTP/1.1" 304 -
201.245.192.253 - - [15/Jul/2022:11:26:54 -0500] "GET /sipse/faces/javax.faces.resource/layout/layout.css?ln=primefaces&v=4.0 HTTP/1.1" 304 -
201.245.192.253 - - [15/Jul/2022:11:26:54 -0500] "GET /sipse/faces/javax.faces.resource/jquery/jquery.js?ln=primefaces&v=4.0 HTTP/1.1" 304 -
201.245.192.253 - - [15/Jul/2022:11:26:54 -0500] "GET /sipse/faces/javax.faces.resource/jquery/jquery-plugins.js?ln=primefaces&v=4.0 HTTP/1.1" 304 -
201.245.192.253 - - [15/Jul/2022:11:26:54 -0500] "GET /sipse/faces/javax.faces.resource/primefaces.js?ln=primefaces&v=4.0 HTTP/1.1" 304 -
201.245.192.253 - - [15/Jul/2022:11:26:54 -0500] "GET /sipse/faces/javax.faces.resource/layout/layout.js?ln=primefaces&v=4.0 HTTP/1.1" 304 -
201.245.192.253 - - [15/Jul/2022:11:26:55 -0500] "POST /sipse/faces/bienvenido.xhtml HTTP/1.1" 200 2658
201.245.192.253 - - [15/Jul/2022:11:26:56 -0500] "POST /sipse/faces/bienvenido.xhtml HTTP/1.1" 200 33148
201.245.192.253 - - [15/Jul/2022:11:26:56 -0500] "GET /sipse/faces/javax.faces.resource/theme.css?ln=primefaces-sipse HTTP/1.1" 304 -
201.245.192.253 - - [15/Jul/2022:11:26:56 -0500] "GET /sipse/faces/javax.faces.resource/primefaces.css?ln=primefaces&v=4.0 HTTP/1.1" 304 -
201.245.192.253 - - [15/Jul/2022:11:26:56 -0500] "GET /sipse/faces/javax.faces.resource/layout/layout.css?ln=primefaces&v=4.0 HTTP/1.1" 304 -
201.245.192.253 - - [15/Jul/2022:11:26:56 -0500] "GET /sipse/faces/javax.faces.resource/jquery/jquery.js?ln=primefaces&v=4.0 HTTP/1.1" 304 -
201.245.192.253 - - [15/Jul/2022:11:26:56 -0500] "GET /sipse/faces/javax.faces.resource/jquery/jquery-plugins.js?ln=primefaces&v=4.0 HTTP/1.1" 304 -
201.245.192.253 - - [15/Jul/2022:11:26:57 -0500] "GET /sipse/faces/javax.faces.resource/primefaces.js?ln=primefaces&v=4.0 HTTP/1.1" 304 -
201.245.192.253 - - [15/Jul/2022:11:26:57 -0500] "GET /sipse/faces/javax.faces.resource/layout/layout.js?ln=primefaces&v=4.0 HTTP/1.1" 304 -
201.245.192.253 - - [15/Jul/2022:11:26:57 -0500] "POST /sipse/faces/presentacion/financiero/solicitudProceso/listarSolicitudProceso.xhtml HTTP/1.1" 200 1372
201.245.192.253 - - [15/Jul/2022:11:26:57 -0500] "POST /sipse/faces/presentacion/financiero/solicitudProceso/listarSolicitudProceso.xhtml HTTP/1.1" 200 184
