216.245.221.92 - - [16/Jul/2022:17:28:06 -0500] "HEAD / HTTP/1.1" 200 -
172.22.2.4 - - [16/Jul/2022:17:28:19 -0500] "GET /BLA/boletinlegal/jurisprudencia/analisis/ANALISIST-257-96.docx HTTP/1.1" 304 -
201.245.192.253 - - [16/Jul/2022:17:30:43 -0500] "POST /kwsrmcab/Wsrmcab HTTP/1.1" 200 46466
201.245.192.253 - - [16/Jul/2022:17:30:47 -0500] "POST /kwsrmcab/Wsrmcab HTTP/1.1" 200 47065
172.22.2.4 - - [16/Jul/2022:17:29:28 -0500] "HEAD /BLA/boletinlegal/ HTTP/1.1" 200 -
172.22.2.4 - - [16/Jul/2022:17:30:18 -0500] "GET /BLA/boletinlegal/ HTTP/1.1" 200 58491
201.245.192.253 - - [16/Jul/2022:17:31:59 -0500] "POST /kwsrmcab/Wsrmcab  HTTP/1.1" 200 45399
216.245.221.92 - - [16/Jul/2022:17:33:06 -0500] "HEAD / HTTP/1.1" 200 -
172.22.2.4 - - [16/Jul/2022:17:35:18 -0500] "HEAD /BLA/boletinlegal/ HTTP/1.1" 200 -
201.245.192.253 - - [16/Jul/2022:17:36:58 -0500] "POST /kwsrmcab/Wsrmcab  HTTP/1.1" 200 45399
172.22.2.4 - - [16/Jul/2022:17:35:27 -0500] "GET /BLA/boletinlegal/ HTTP/1.1" 200 52029
172.22.2.4 - - [16/Jul/2022:17:36:08 -0500] "GET /BLA/boletinlegal/ HTTP/1.1" 200 55912
216.245.221.92 - - [16/Jul/2022:17:38:06 -0500] "HEAD / HTTP/1.1" 200 -
172.22.2.4 - - [16/Jul/2022:17:38:20 -0500] "GET /BLA/boletinlegal/Circulares/2012/Circular%20No.%2013%20del%2006%20de%20Septiembre%20de%202012.pdf HTTP/1.1" 304 -
172.22.2.4 - - [16/Jul/2022:17:39:19 -0500] "GET /BLA/boletinlegal/Circulares/2019/.pdf HTTP/1.1" 404 1218
185.119.81.106 - - [16/Jul/2022:17:40:43 -0500] "GET /portaldeninos/wp-login.php HTTP/1.1" 200 2592
185.119.81.106 - - [16/Jul/2022:17:40:44 -0500] "POST /portaldeninos/wp-login.php HTTP/1.1" 200 3605
201.245.192.253 - - [16/Jul/2022:17:40:43 -0500] "POST /kwsrmcab/Wsrmcab HTTP/1.1" 200 46466
201.245.192.253 - - [16/Jul/2022:17:40:47 -0500] "POST /kwsrmcab/Wsrmcab HTTP/1.1" 200 47065
173.252.95.6 - - [16/Jul/2022:17:41:09 -0500] "GET /fontibon-entrego-mas-de-58-kilogramos-de-residuos-especiales-y-peligrosos-en-reciclaton.html HTTP/1.1" 206 1010
173.252.95.15 - - [16/Jul/2022:17:41:10 -0500] "GET /images/reciclaton-fontibon-17-febrero.jpg HTTP/1.1" 200 56077
201.245.192.253 - - [16/Jul/2022:17:41:57 -0500] "POST /kwsrmcab/Wsrmcab  HTTP/1.1" 200 45399
172.22.2.4 - - [16/Jul/2022:17:41:08 -0500] "HEAD /BLA/boletinlegal/ HTTP/1.1" 200 -
172.22.2.4 - - [16/Jul/2022:17:42:59 -0500] "GET /BLA/boletinlegal/images/screen_1.png HTTP/1.1" 304 -
216.245.221.92 - - [16/Jul/2022:17:43:06 -0500] "HEAD / HTTP/1.1" 200 -
172.22.2.4 - - [16/Jul/2022:17:41:58 -0500] "GET /BLA/boletinlegal/ HTTP/1.1" 200 54767
172.22.2.4 - - [16/Jul/2022:17:43:56 -0500] "GET /BLA/boletinlegal/actos.php HTTP/1.1" 200 9559
172.22.2.4 - - [16/Jul/2022:17:43:57 -0500] "GET /BLA/boletinlegal/js/ajax_actos.js HTTP/1.1" 200 1322
172.22.2.4 - - [16/Jul/2022:17:43:57 -0500] "GET /BLA/boletinlegal/niceforms-default.css HTTP/1.1" 200 6694
172.22.2.4 - - [16/Jul/2022:17:43:57 -0500] "GET /BLA/boletinlegal/niceforms.js HTTP/1.1" 200 22876
172.22.2.4 - - [16/Jul/2022:17:43:57 -0500] "GET /BLA/boletinlegal/js/lib.js HTTP/1.1" 200 6474
172.22.2.4 - - [16/Jul/2022:17:43:57 -0500] "GET /BLA/boletinlegal/js/jquery1.js HTTP/1.1" 200 29846
172.22.2.4 - - [16/Jul/2022:17:43:57 -0500] "GET /BLA/boletinlegal/js/popup.js HTTP/1.1" 200 1270
172.22.2.4 - - [16/Jul/2022:17:43:57 -0500] "GET /BLA/boletinlegal/images/green-yellow-blue-pink-th.png HTTP/1.1" 200 7394
172.22.2.4 - - [16/Jul/2022:17:43:57 -0500] "GET /BLA/boletinlegal/images/tel.png HTTP/1.1" 200 14477
172.22.2.4 - - [16/Jul/2022:17:43:57 -0500] "GET /BLA/boletinlegal/images/abajo.png HTTP/1.1" 200 96676
172.22.2.4 - - [16/Jul/2022:17:43:57 -0500] "GET /BLA/boletinlegal/images/icono-email.png HTTP/1.1" 200 5544
172.22.2.4 - - [16/Jul/2022:17:43:57 -0500] "GET /BLA/boletinlegal/images/body_bg.jpg HTTP/1.1" 200 1601
172.22.2.4 - - [16/Jul/2022:17:43:57 -0500] "GET /BLA/boletinlegal/images/bg_top.jpg HTTP/1.1" 200 522
172.22.2.4 - - [16/Jul/2022:17:43:57 -0500] "GET /BLA/boletinlegal/images/menu_lft.gif HTTP/1.1" 200 1713
172.22.2.4 - - [16/Jul/2022:17:43:57 -0500] "GET /BLA/boletinlegal/images/menu_rght.gif HTTP/1.1" 200 1627
172.22.2.4 - - [16/Jul/2022:17:43:57 -0500] "GET /BLA/boletinlegal/images/menu_bg.jpg HTTP/1.1" 200 620
172.22.2.4 - - [16/Jul/2022:17:43:57 -0500] "GET /BLA/boletinlegal/images/hover.jpg HTTP/1.1" 200 640
172.22.2.4 - - [16/Jul/2022:17:43:57 -0500] "GET /BLA/boletinlegal/images/text.jpg HTTP/1.1" 200 568
172.22.2.4 - - [16/Jul/2022:17:43:57 -0500] "GET /BLA/boletinlegal/images/footer_bg.jpg HTTP/1.1" 200 586
172.22.2.4 - - [16/Jul/2022:17:43:57 -0500] "GET /BLA/boletinlegal/images/footer_bg_l.jpg HTTP/1.1" 200 776
172.22.2.4 - - [16/Jul/2022:17:43:57 -0500] "GET /BLA/boletinlegal/img/0.png HTTP/1.1" 200 110
172.22.2.4 - - [16/Jul/2022:17:43:57 -0500] "GET /BLA/boletinlegal/img/select-left.png HTTP/1.1" 200 263
172.22.2.4 - - [16/Jul/2022:17:43:57 -0500] "GET /BLA/boletinlegal/img/button-left.png HTTP/1.1" 200 57071
172.22.2.4 - - [16/Jul/2022:17:43:57 -0500] "GET /BLA/boletinlegal/img/select-right.png HTTP/1.1" 200 44019
172.22.2.4 - - [16/Jul/2022:17:43:57 -0500] "GET /BLA/boletinlegal/img/button.png HTTP/1.1" 200 43241
172.22.2.4 - - [16/Jul/2022:17:43:57 -0500] "GET /BLA/boletinlegal/img/button-right.png HTTP/1.1" 200 57878
172.22.2.4 - - [16/Jul/2022:17:43:57 -0500] "GET /BLA/boletinlegal/favicon.ico HTTP/1.1" 404 1326
186.29.169.15 - - [16/Jul/2022:17:43:59 -0500] "GET /BLA/resoluciones/ HTTP/1.1" 200 13093
172.22.2.4 - - [16/Jul/2022:17:44:02 -0500] "GET /BLA/boletinlegal/images/screen_2.png HTTP/1.1" 200 362502
172.22.2.4 - - [16/Jul/2022:17:44:02 -0500] "GET /BLA/boletinlegal/images/screen_3.png HTTP/1.1" 200 210620
172.22.2.4 - - [16/Jul/2022:17:44:02 -0500] "GET /BLA/boletinlegal/images/screen_5.png HTTP/1.1" 200 368876
172.22.2.4 - - [16/Jul/2022:17:44:02 -0500] "GET /BLA/boletinlegal/images/arr_r.jpg HTTP/1.1" 200 1998
186.29.169.15 - - [16/Jul/2022:17:44:11 -0500] "GET /BLA/resoluciones/index.php?dir=AUTOS+2011%2F HTTP/1.1" 200 635120
185.119.81.108 - - [16/Jul/2022:17:44:24 -0500] "GET /portaldeninos/wp-login.php HTTP/1.1" 200 2592
185.119.81.108 - - [16/Jul/2022:17:44:25 -0500] "POST /portaldeninos/wp-login.php HTTP/1.1" 200 3650
199.59.150.183 - - [16/Jul/2022:17:44:59 -0500] "-" 408 -
157.55.39.133 - - [16/Jul/2022:17:45:03 -0500] "GET / HTTP/1.1" 200 4720
172.22.2.4 - - [16/Jul/2022:17:43:55 -0500] "GET /BLA/boletinlegal/ HTTP/1.1" 200 63618
172.22.2.4 - - [16/Jul/2022:17:46:19 -0500] "GET /BLA/boletinlegal/Directivas/2017/Directiva%20No.%2004%20del%2028%20de%20Abril%20de%202017.pdf HTTP/1.1" 304 -
172.22.2.4 - - [16/Jul/2022:17:46:34 -0500] "GET /BLA/boletinlegal/owa/auth/x.js HTTP/1.1" 404 1018
201.245.192.253 - - [16/Jul/2022:17:46:56 -0500] "POST /kwsrmcab/Wsrmcab  HTTP/1.1" 200 45399
216.245.221.92 - - [16/Jul/2022:17:48:06 -0500] "HEAD / HTTP/1.1" 200 -
172.22.2.4 - - [16/Jul/2022:17:46:58 -0500] "HEAD /BLA/boletinlegal/ HTTP/1.1" 200 -
172.22.2.4 - - [16/Jul/2022:17:47:48 -0500] "GET /BLA/boletinlegal/ HTTP/1.1" 200 60992
114.119.150.16 - - [16/Jul/2022:17:51:43 -0500] "-" 408 -
172.22.2.4 - - [16/Jul/2022:17:51:45 -0500] "GET /BLA/boletinlegal/ecp/Current/exporttool/microsoft.exchange.ediscovery.exporttool.application HTTP/1.1" 404 1018
201.245.192.253 - - [16/Jul/2022:17:51:55 -0500] "POST /kwsrmcab/Wsrmcab  HTTP/1.1" 200 45399
172.22.2.4 - - [16/Jul/2022:17:52:35 -0500] "GET /BLA/boletinlegal/owa/auth/logon.aspx HTTP/1.1" 404 1018
216.245.221.92 - - [16/Jul/2022:17:53:06 -0500] "HEAD / HTTP/1.1" 200 -
172.22.2.4 - - [16/Jul/2022:17:52:48 -0500] "HEAD /BLA/boletinlegal/ HTTP/1.1" 200 -
172.22.2.4 - - [16/Jul/2022:17:53:38 -0500] "GET /BLA/boletinlegal/ HTTP/1.1" 200 61510
201.245.192.253 - - [16/Jul/2022:17:56:54 -0500] "POST /kwsrmcab/Wsrmcab  HTTP/1.1" 200 45399
216.245.221.92 - - [16/Jul/2022:17:58:06 -0500] "HEAD / HTTP/1.1" 200 -
69.171.231.119 - - [16/Jul/2022:17:58:23 -0500] "GET /images/mercados-campesinos-5-mayo.jpg HTTP/1.1" 200 95848
192.241.220.189 - - [16/Jul/2022:17:58:24 -0500] "MGLNDD_190.27.245.106_80" 501 953
172.22.2.4 - - [16/Jul/2022:17:58:38 -0500] "HEAD /BLA/boletinlegal/ HTTP/1.1" 200 -
207.46.13.31 - - [16/Jul/2022:18:00:29 -0500] "GET /galeria/galeria/fotos/1GuaymaralTorcaG1.jpg HTTP/1.1" 200 36592
172.22.2.4 - - [16/Jul/2022:17:59:28 -0500] "GET /BLA/boletinlegal/ HTTP/1.1" 200 57699
201.245.192.253 - - [16/Jul/2022:18:01:54 -0500] "POST /kwsrmcab/Wsrmcab  HTTP/1.1" 200 45399
2.57.122.98 - - [16/Jul/2022:18:02:50 -0500] "GET / HTTP/1.1" 200 319
216.245.221.92 - - [16/Jul/2022:18:03:06 -0500] "HEAD / HTTP/1.1" 200 -
172.22.2.4 - - [16/Jul/2022:18:04:19 -0500] "GET /BLA/boletinlegal/jurisprudencia/analisis/AnalisisT-693-12.docx HTTP/1.1" 304 -
172.22.2.4 - - [16/Jul/2022:18:04:28 -0500] "HEAD /BLA/boletinlegal/ HTTP/1.1" 200 -
207.46.13.188 - - [16/Jul/2022:18:06:10 -0500] "GET /BLA/resoluciones/RESOLUCIONES%202015/1168.pdf HTTP/1.1" 304 -
201.245.192.253 - - [16/Jul/2022:18:06:52 -0500] "POST /kwsrmcab/Wsrmcab  HTTP/1.1" 200 45399
172.22.2.4 - - [16/Jul/2022:18:05:18 -0500] "GET /BLA/boletinlegal/ HTTP/1.1" 200 58491
159.203.30.41 - - [16/Jul/2022:18:10:14 -0500] "GET / HTTP/1.1" 200 319
46.101.250.135 - - [16/Jul/2022:18:10:15 -0500] "GET / HTTP/1.1" 200 319
201.245.192.253 - - [16/Jul/2022:18:11:51 -0500] "POST /kwsrmcab/Wsrmcab  HTTP/1.1" 200 45399
172.22.2.4 - - [16/Jul/2022:18:10:18 -0500] "HEAD /BLA/boletinlegal/ HTTP/1.1" 200 -
172.22.2.4 - - [16/Jul/2022:18:11:08 -0500] "GET /BLA/boletinlegal/ HTTP/1.1" 200 60992
34.91.170.13 - - [16/Jul/2022:18:13:53 -0500] "GET / HTTP/1.1" 200 319
216.245.221.92 - - [16/Jul/2022:18:13:56 -0500] "HEAD / HTTP/1.1" 200 -
207.46.13.31 - - [16/Jul/2022:18:14:01 -0500] "GET /BLA/boletinlegal/index.php HTTP/1.1" 200 63618
109.74.204.123 - - [16/Jul/2022:18:16:08 -0500] "GET / HTTP/1.0" 200 319
201.245.192.253 - - [16/Jul/2022:18:16:49 -0500] "POST /kwsrmcab/Wsrmcab  HTTP/1.1" 200 45399
186.102.19.217 - - [16/Jul/2022:18:17:04 -0500] "-" 408 -
109.74.204.123 - - [16/Jul/2022:18:17:20 -0500] "GET /.git/HEAD HTTP/1.1" 404 1043
109.74.204.123 - - [16/Jul/2022:18:17:20 -0500] "POST /scripts/WPnBr.dll HTTP/1.1" 404 1043
109.74.204.123 - - [16/Jul/2022:18:17:20 -0500] "GET /?=PHPE9568F36-D428-11d2-A769-00AA001ACF42 HTTP/1.1" 200 319
109.74.204.123 - - [16/Jul/2022:18:17:20 -0500] "HEAD / HTTP/1.1" 200 -
109.74.204.123 - - [16/Jul/2022:18:17:20 -0500] "GET /Portal0000.htm HTTP/1.1" 404 1043
109.74.204.123 - - [16/Jul/2022:18:17:20 -0500] "POST /sdk HTTP/1.1" 404 1043
109.74.204.123 - - [16/Jul/2022:18:17:21 -0500] "GET /?=PHPB8B5F2A0-3C92-11d3-A3A9-4C7B08C10000 HTTP/1.1" 200 319
109.74.204.123 - - [16/Jul/2022:18:17:21 -0500] "GET / HTTP/1.0" 200 319
109.74.204.123 - - [16/Jul/2022:18:17:21 -0500] "GET /__Additional HTTP/1.1" 404 1043
109.74.204.123 - - [16/Jul/2022:18:17:21 -0500] "GET / HTTP/1.1" 200 319
109.74.204.123 - - [16/Jul/2022:18:17:21 -0500] "GET /nmaplowercheck1658013302 HTTP/1.1" 404 1043
109.74.204.123 - - [16/Jul/2022:18:17:21 -0500] "GET /WJVe HTTP/1.1" 404 1043
109.74.204.123 - - [16/Jul/2022:18:17:21 -0500] "GET /server-status HTTP/1.1" 403 1190
109.74.204.123 - - [16/Jul/2022:18:17:21 -0500] "GET /HNAP1 HTTP/1.1" 404 1043
109.74.204.123 - - [16/Jul/2022:18:17:22 -0500] "GET / HTTP/1.1" 200 319
109.74.204.123 - - [16/Jul/2022:18:17:22 -0500] "GET /indice.php HTTP/1.1" 404 1043
109.74.204.123 - - [16/Jul/2022:18:17:22 -0500] "GET /CSS/Miniweb.css HTTP/1.1" 404 1043
109.74.204.123 - - [16/Jul/2022:18:17:22 -0500] "GET /pools/default/buckets HTTP/1.1" 404 1043
109.74.204.123 - - [16/Jul/2022:18:17:22 -0500] "GET /pools HTTP/1.1" 404 1043
109.74.204.123 - - [16/Jul/2022:18:17:23 -0500] "GET / HTTP/1.1" 200 319
109.74.204.123 - - [16/Jul/2022:18:17:29 -0500] "\x16\x03\x01\x02" 400 226
109.74.204.123 - - [16/Jul/2022:18:17:30 -0500] "GET /favicon.ico HTTP/1.1" 200 7782
109.74.204.123 - - [16/Jul/2022:18:17:31 -0500] "\x16\x03\x01\x02" 400 226
109.74.204.123 - - [16/Jul/2022:18:17:31 -0500] "GET /Portal/Portal.mwsl HTTP/1.1" 404 1043
172.22.2.4 - - [16/Jul/2022:18:16:08 -0500] "HEAD /BLA/boletinlegal/ HTTP/1.1" 200 -
207.46.13.20 - - [16/Jul/2022:18:17:59 -0500] "GET /BLA/resoluciones/AUTOS%202022/2238.pdf HTTP/1.1" 200 396176
172.22.2.4 - - [16/Jul/2022:18:16:58 -0500] "GET /BLA/boletinlegal/ HTTP/1.1" 200 58491
216.245.221.92 - - [16/Jul/2022:18:18:56 -0500] "HEAD / HTTP/1.1" 200 -
201.245.192.253 - - [16/Jul/2022:18:20:43 -0500] "POST /kwsrmcab/Wsrmcab HTTP/1.1" 200 47106
201.245.192.253 - - [16/Jul/2022:18:20:47 -0500] "POST /kwsrmcab/Wsrmcab HTTP/1.1" 200 47059
201.245.192.253 - - [16/Jul/2022:18:21:48 -0500] "POST /kwsrmcab/Wsrmcab  HTTP/1.1" 200 45399
172.22.2.4 - - [16/Jul/2022:18:22:10 -0500] "GET /BLA/boletinlegal/actos.php HTTP/1.1" 200 9559
172.22.2.4 - - [16/Jul/2022:18:22:10 -0500] "GET /BLA/boletinlegal/favicon.ico HTTP/1.1" 404 1326
190.0.241.186 - - [16/Jul/2022:18:22:15 -0500] "GET /BLA/resoluciones/ HTTP/1.1" 200 13093
190.0.241.186 - - [16/Jul/2022:18:22:28 -0500] "GET /BLA/resoluciones/index.php?dir=RESOLUCIONES+2018%2F HTTP/1.1" 200 268546
185.119.81.107 - - [16/Jul/2022:18:22:39 -0500] "GET /portaldeninos/wp-login.php HTTP/1.1" 200 2592
172.22.2.4 - - [16/Jul/2022:18:22:04 -0500] "GET /BLA/boletinlegal/ HTTP/1.1" 200 24523
185.119.81.107 - - [16/Jul/2022:18:22:40 -0500] "POST /portaldeninos/wp-login.php HTTP/1.1" 200 3605
190.0.241.186 - - [16/Jul/2022:18:23:11 -0500] "GET /BLA/resoluciones/RESOLUCIONES%202018/3264.pdf HTTP/1.1" 200 369416
190.0.241.186 - - [16/Jul/2022:18:23:11 -0500] "GET /BLA/resoluciones/RESOLUCIONES%202018/3264.pdf HTTP/1.1" 206 1025
190.0.241.186 - - [16/Jul/2022:18:23:11 -0500] "GET /BLA/resoluciones/RESOLUCIONES%202018/3264.pdf HTTP/1.1" 200 369416
172.22.2.4 - - [16/Jul/2022:18:21:58 -0500] "HEAD /BLA/boletinlegal/ HTTP/1.1" 200 -
216.245.221.92 - - [16/Jul/2022:18:23:56 -0500] "HEAD / HTTP/1.1" 200 -
172.22.2.4 - - [16/Jul/2022:18:22:48 -0500] "GET /BLA/boletinlegal/ HTTP/1.1" 200 59364
40.77.167.66 - - [16/Jul/2022:18:26:08 -0500] "GET /BLA/boletinlegal/conceptos.php HTTP/1.1" 200 7443
207.46.13.31 - - [16/Jul/2022:18:26:22 -0500] "GET /BLA/boletinlegal/niceforms-default.css HTTP/1.1" 200 6694
157.55.39.114 - - [16/Jul/2022:18:26:23 -0500] "GET /BLA/boletinlegal/js/ajax_conceptos.js HTTP/1.1" 200 1326
207.46.13.31 - - [16/Jul/2022:18:26:24 -0500] "GET /BLA/boletinlegal/styles2.css HTTP/1.1" 200 1838
157.55.39.114 - - [16/Jul/2022:18:26:26 -0500] "GET /BLA/boletinlegal/style.css HTTP/1.1" 200 9406
207.46.13.188 - - [16/Jul/2022:18:26:28 -0500] "GET /BLA/boletinlegal/niceforms.js HTTP/1.1" 200 22876
201.245.192.253 - - [16/Jul/2022:18:26:48 -0500] "POST /kwsrmcab/Wsrmcab  HTTP/1.1" 200 45399
185.119.81.98 - - [16/Jul/2022:18:27:39 -0500] "GET /portaldeninos/wp-login.php HTTP/1.1" 200 2592
185.119.81.98 - - [16/Jul/2022:18:27:40 -0500] "POST /portaldeninos/wp-login.php HTTP/1.1" 200 3605
172.22.2.4 - - [16/Jul/2022:18:27:15 -0500] "GET /BLA/boletinlegal/index.php?s=/Index/\\think\\app/invokefunction&function=call_user_func_array&vars[0]=md5&vars[1][]=HelloThinkPHP21 HTTP/1.1" 200 24523
216.245.221.92 - - [16/Jul/2022:18:28:56 -0500] "HEAD / HTTP/1.1" 200 -
190.0.241.186 - - [16/Jul/2022:18:29:11 -0500] "GET /BLA/resoluciones/index.php?dir=RESOLUCIONES+2017%2F HTTP/1.1" 200 281046
172.22.2.4 - - [16/Jul/2022:18:27:48 -0500] "HEAD /BLA/boletinlegal/ HTTP/1.1" 200 -
172.22.2.4 - - [16/Jul/2022:18:28:38 -0500] "GET /BLA/boletinlegal/ HTTP/1.1" 200 60410
201.245.192.253 - - [16/Jul/2022:18:30:43 -0500] "POST /kwsrmcab/Wsrmcab HTTP/1.1" 200 47106
201.245.192.253 - - [16/Jul/2022:18:30:47 -0500] "POST /kwsrmcab/Wsrmcab HTTP/1.1" 200 47059
185.119.81.107 - - [16/Jul/2022:18:31:25 -0500] "GET /portaldeninos/wp-login.php HTTP/1.1" 200 2592
185.119.81.107 - - [16/Jul/2022:18:31:26 -0500] "POST /portaldeninos/wp-login.php HTTP/1.1" 200 3650
190.0.241.186 - - [16/Jul/2022:18:31:43 -0500] "GET /BLA/resoluciones/index.php?dir=RESOLUCIONES+2017%2F HTTP/1.1" 200 281046
201.245.192.253 - - [16/Jul/2022:18:31:46 -0500] "POST /kwsrmcab/Wsrmcab  HTTP/1.1" 200 45399
64.124.8.28 - - [16/Jul/2022:18:32:22 -0500] "GET /isolucionsda/BancoConocimiento/Q/Quejasyreclamos_v5/Quejasyreclamos_v5.asp?IdArticulo=5070 HTTP/1.1" 404 4976
157.55.39.114 - - [16/Jul/2022:18:33:35 -0500] "GET /BLA/boletinlegal/Directivas/2014/Directiva%20No.%201%20del%2010%20de%20Abril%20de%202014.pdf HTTP/1.1" 304 -
64.124.8.28 - - [16/Jul/2022:18:33:54 -0500] "GET /isolucionsda/Scripts/jsUtilities.js?fecha=20150217a HTTP/1.1" 304 -
216.245.221.92 - - [16/Jul/2022:18:33:56 -0500] "HEAD / HTTP/1.1" 200 -
172.22.2.4 - - [16/Jul/2022:18:33:38 -0500] "HEAD /BLA/boletinlegal/ HTTP/1.1" 200 -
172.22.2.4 - - [16/Jul/2022:18:34:28 -0500] "GET /BLA/boletinlegal/ HTTP/1.1" 200 56279
201.245.192.253 - - [16/Jul/2022:18:36:45 -0500] "POST /kwsrmcab/Wsrmcab  HTTP/1.1" 200 45399
172.22.2.4 - - [16/Jul/2022:18:35:27 -0500] "GET /BLA/boletinlegal/ HTTP/1.1" 200 59364
216.245.221.92 - - [16/Jul/2022:18:38:56 -0500] "HEAD / HTTP/1.1" 200 -
172.22.2.4 - - [16/Jul/2022:18:39:23 -0500] "GET /BLA/boletinlegal/Circulares/2019/.pdf HTTP/1.1" 404 1218
172.22.2.4 - - [16/Jul/2022:18:39:32 -0500] "GET /BLA/boletinlegal/Circulares/2012/Circular%20No.%2010%20del%2026%20de%20Enero%20de%202012.pdf HTTP/1.1" 404 1218
172.22.2.4 - - [16/Jul/2022:18:40:19 -0500] "GET /BLA/boletinlegal/Directivas/2011/Directiva%20No.%2011%20del%2027%20de%20Diciembre%20de%202011.pdf HTTP/1.1" 304 -
201.245.192.253 - - [16/Jul/2022:18:40:43 -0500] "POST /kwsrmcab/Wsrmcab HTTP/1.1" 200 47106
201.245.192.253 - - [16/Jul/2022:18:40:46 -0500] "POST /kwsrmcab/Wsrmcab HTTP/1.1" 200 47059
172.22.2.4 - - [16/Jul/2022:18:39:28 -0500] "HEAD /BLA/boletinlegal/ HTTP/1.1" 200 -
201.245.192.253 - - [16/Jul/2022:18:41:44 -0500] "POST /kwsrmcab/Wsrmcab  HTTP/1.1" 200 45399
172.22.2.4 - - [16/Jul/2022:18:40:18 -0500] "GET /BLA/boletinlegal/ HTTP/1.1" 200 60992
64.124.8.28 - - [16/Jul/2022:18:43:47 -0500] "GET /isolucionsda/Arriba.asp?Pagina=BancoConocimiento%2FQ%2FQuejasyreclamos_v5%2FQuejasyreclamos_v5.asp&IdArticulo=5070 HTTP/1.1" 200 527
216.245.221.92 - - [16/Jul/2022:18:43:56 -0500] "HEAD / HTTP/1.1" 200 -
201.245.192.253 - - [16/Jul/2022:18:46:43 -0500] "POST /kwsrmcab/Wsrmcab  HTTP/1.1" 200 45399
172.22.2.4 - - [16/Jul/2022:18:45:18 -0500] "HEAD /BLA/boletinlegal/ HTTP/1.1" 200 -
172.22.2.4 - - [16/Jul/2022:18:46:08 -0500] "GET /BLA/boletinlegal/ HTTP/1.1" 200 60992
172.22.2.4 - - [16/Jul/2022:18:48:20 -0500] "GET /BLA/boletinlegal/Directivas/2018/Directiva%20No.%2025%20del%2027%20de%20diciembre%20de%202018.pdf HTTP/1.1" 304 -
157.55.39.114 - - [16/Jul/2022:18:48:55 -0500] "GET /galeria/mapa/3MapaBogot%C3%A1.jpg HTTP/1.1" 200 688183
216.245.221.92 - - [16/Jul/2022:18:48:56 -0500] "HEAD / HTTP/1.1" 200 -
64.124.8.28 - - [16/Jul/2022:18:48:29 -0500] "GET /BLA/boletinlegal/ HTTP/1.1" 200 63618
201.245.192.253 - - [16/Jul/2022:18:51:42 -0500] "POST /kwsrmcab/Wsrmcab  HTTP/1.1" 200 45399
172.22.2.4 - - [16/Jul/2022:18:51:08 -0500] "HEAD /BLA/boletinlegal/ HTTP/1.1" 200 -
172.22.2.4 - - [16/Jul/2022:18:51:58 -0500] "GET /BLA/boletinlegal/ HTTP/1.1" 200 60992
216.245.221.92 - - [16/Jul/2022:18:53:56 -0500] "HEAD / HTTP/1.1" 200 -
185.119.81.97 - - [16/Jul/2022:18:54:09 -0500] "GET /portaldeninos/wp-login.php HTTP/1.1" 200 2592
185.119.81.97 - - [16/Jul/2022:18:54:09 -0500] "POST /portaldeninos/wp-login.php HTTP/1.1" 200 3605
201.245.192.253 - - [16/Jul/2022:18:56:41 -0500] "POST /kwsrmcab/Wsrmcab  HTTP/1.1" 200 45399
64.124.8.28 - - [16/Jul/2022:18:55:43 -0500] "GET /BLA/boletinlegal/index.php HTTP/1.1" 200 61387
191.95.58.184 - - [16/Jul/2022:18:58:10 -0500] "GET /se-abre-convocatoria-a-organizaciones-ambientales-para-generar-1-070-empleos-verdes-dirigidos-a-mujeres.html?fbclid=IwAR3ksza8uIn6etSmqthKGj50ajA1poVes4r3q5bhHwsceENjDAP0WsTHL3E HTTP/1.1" 200 1128
66.249.65.24 - - [16/Jul/2022:18:58:33 -0500] "-" 408 -
172.22.2.4 - - [16/Jul/2022:18:56:58 -0500] "HEAD /BLA/boletinlegal/ HTTP/1.1" 200 -
216.245.221.92 - - [16/Jul/2022:18:58:56 -0500] "HEAD / HTTP/1.1" 200 -
172.22.2.4 - - [16/Jul/2022:18:57:48 -0500] "GET /BLA/boletinlegal/ HTTP/1.1" 200 53187
172.22.2.4 - - [16/Jul/2022:18:59:44 -0500] "GET /BLA/boletinlegal/robots.txt HTTP/1.1" 404 1038
207.46.13.214 - - [16/Jul/2022:18:59:53 -0500] "GET /Publicaciones/2022EE23476.pdf HTTP/1.1" 404 227
185.119.81.108 - - [16/Jul/2022:19:00:44 -0500] "GET /portaldeninos/wp-login.php HTTP/1.1" 200 2592
185.119.81.108 - - [16/Jul/2022:19:00:45 -0500] "POST /portaldeninos/wp-login.php HTTP/1.1" 200 3605
185.119.81.97 - - [16/Jul/2022:19:01:14 -0500] "GET /portaldeninos/wp-login.php HTTP/1.1" 200 2592
185.119.81.97 - - [16/Jul/2022:19:01:15 -0500] "POST /portaldeninos/wp-login.php HTTP/1.1" 200 3670
185.119.81.108 - - [16/Jul/2022:19:01:20 -0500] "GET /portaldeninos/wp-login.php HTTP/1.1" 200 2592
185.119.81.108 - - [16/Jul/2022:19:01:21 -0500] "POST /portaldeninos/wp-login.php HTTP/1.1" 200 3605
172.22.2.4 - - [16/Jul/2022:18:59:44 -0500] "GET /BLA/boletinlegal/index.php HTTP/1.1" 200 63618
201.245.192.253 - - [16/Jul/2022:19:01:40 -0500] "POST /kwsrmcab/Wsrmcab  HTTP/1.1" 200 45399
173.252.107.19 - - [16/Jul/2022:19:02:59 -0500] "GET /reporte-calidad-del-aire-martes.html HTTP/1.1" 206 885
172.22.2.4 - - [16/Jul/2022:19:03:19 -0500] "GET /BLA/boletinlegal/jurisprudencia/analisis/AnalisisT-606-15.docx HTTP/1.1" 304 -
216.245.221.92 - - [16/Jul/2022:19:03:56 -0500] "HEAD / HTTP/1.1" 200 -
172.22.2.4 - - [16/Jul/2022:19:02:48 -0500] "HEAD /BLA/boletinlegal/ HTTP/1.1" 200 -
205.210.31.149 - - [16/Jul/2022:19:04:49 -0500] "GET / HTTP/1.1" 200 319
172.22.2.4 - - [16/Jul/2022:19:03:38 -0500] "GET /BLA/boletinlegal/ HTTP/1.1" 200 58491
172.22.2.4 - - [16/Jul/2022:19:05:28 -0500] "GET /BLA/boletinlegal/ HTTP/1.1" 200 36811
201.245.192.253 - - [16/Jul/2022:19:06:39 -0500] "POST /kwsrmcab/Wsrmcab  HTTP/1.1" 200 45399
216.245.221.92 - - [16/Jul/2022:19:08:56 -0500] "HEAD / HTTP/1.1" 200 -
172.22.2.4 - - [16/Jul/2022:19:08:38 -0500] "HEAD /BLA/boletinlegal/ HTTP/1.1" 200 -
172.22.2.4 - - [16/Jul/2022:19:09:28 -0500] "GET /BLA/boletinlegal/ HTTP/1.1" 200 60992
201.245.192.253 - - [16/Jul/2022:19:11:38 -0500] "POST /kwsrmcab/Wsrmcab  HTTP/1.1" 200 45399
216.245.221.92 - - [16/Jul/2022:19:13:56 -0500] "HEAD / HTTP/1.1" 200 -
172.22.2.4 - - [16/Jul/2022:19:14:28 -0500] "HEAD /BLA/boletinlegal/ HTTP/1.1" 200 -
157.55.39.133 - - [16/Jul/2022:19:16:21 -0500] "GET /portaldeninos/humedal-torca-y-guaymaral-2/ HTTP/1.1" 200 88287
173.252.79.4 - - [16/Jul/2022:19:16:25 -0500] "GET /images/Acuerdos1.jpeg HTTP/1.1" 200 59889
157.55.39.161 - - [16/Jul/2022:19:16:34 -0500] "GET /portaldeninos/wp-content/plugins/gallery-videos/CSS/Total-Soft-Gallery-Video-Widget.css?ver=4.9.8 HTTP/1.1" 200 51554
40.77.167.22 - - [16/Jul/2022:19:16:34 -0500] "GET /portaldeninos/wp-content/plugins/gallery-videos/CSS/totalsoft.css?ver=4.9.8 HTTP/1.1" 200 40622
157.55.39.161 - - [16/Jul/2022:19:16:36 -0500] "GET /portaldeninos/wp-content/plugins/gallery-videos/JS/modernizr.custom.js?ver=4.9.8 HTTP/1.1" 200 9019
40.77.167.22 - - [16/Jul/2022:19:16:36 -0500] "GET /portaldeninos/wp-content/themes/betheme/assets/ui/jquery.ui.all.css?ver=20.9.6 HTTP/1.1" 200 18765
207.46.13.45 - - [16/Jul/2022:19:16:37 -0500] "GET /portaldeninos/wp-content/themes/betheme/assets/jplayer/jplayer.min.js?ver=20.9.6 HTTP/1.1" 200 52702
207.46.13.92 - - [16/Jul/2022:19:16:37 -0500] "GET /portaldeninos/wp-content/themes/betheme/assets/animations/animations.min.js?ver=20.9.6 HTTP/1.1" 200 1896
157.55.39.161 - - [16/Jul/2022:19:16:39 -0500] "GET /portaldeninos/wp-content/themes/betheme/assets/jplayer/css/jplayer.blue.monday.css?ver=20.9.6 HTTP/1.1" 200 9834
201.245.192.253 - - [16/Jul/2022:19:16:36 -0500] "POST /kwsrmcab/Wsrmcab  HTTP/1.1" 200 45399
40.77.167.22 - - [16/Jul/2022:19:16:39 -0500] "GET /portaldeninos/wp-content/themes/betheme/css/layout.css?ver=20.9.6 HTTP/1.1" 200 116639
207.46.13.45 - - [16/Jul/2022:19:16:39 -0500] "GET /portaldeninos/wp-content/themes/betheme/js/plugins.js?ver=20.9.6 HTTP/1.1" 200 197151
207.46.13.92 - - [16/Jul/2022:19:16:40 -0500] "GET /portaldeninos/wp-content/themes/betheme/css/shortcodes.css?ver=20.9.6 HTTP/1.1" 200 138889
157.55.39.161 - - [16/Jul/2022:19:16:42 -0500] "GET /portaldeninos/wp-content/themes/betheme/css/base.css?ver=20.9.6 HTTP/1.1" 200 57283
40.77.167.22 - - [16/Jul/2022:19:16:42 -0500] "GET /portaldeninos/wp-content/themes/betheme/js/scripts.js?ver=20.9.6 HTTP/1.1" 200 77162
207.46.13.45 - - [16/Jul/2022:19:16:42 -0500] "GET /portaldeninos/wp-includes/js/jquery/ui/sortable.min.js?ver=1.11.4 HTTP/1.1" 200 24899
207.46.13.92 - - [16/Jul/2022:19:16:43 -0500] "GET /portaldeninos/wp-content/themes/betheme/style.css?ver=20.9.6 HTTP/1.1" 200 287
207.46.13.92 - - [16/Jul/2022:19:16:45 -0500] "GET /portaldeninos/wp-includes/js/jquery/ui/core.min.js?ver=1.11.4 HTTP/1.1" 200 4000
157.55.39.161 - - [16/Jul/2022:19:16:45 -0500] "GET /portaldeninos/wp-content/themes/betheme/css/responsive.css?ver=20.9.6 HTTP/1.1" 200 55740
40.77.167.22 - - [16/Jul/2022:19:16:46 -0500] "GET /portaldeninos/wp-content/uploads/useanyfont/uaf.css?ver=1589905315 HTTP/1.1" 200 408
207.46.13.45 - - [16/Jul/2022:19:16:45 -0500] "GET /portaldeninos/wp-includes/js/wp-emoji-release.min.js?ver=4.9.8 HTTP/1.1" 200 12026
157.55.39.161 - - [16/Jul/2022:19:16:48 -0500] "GET /portaldeninos/wp-includes/js/jquery/jquery-migrate.min.js?ver=1.4.1 HTTP/1.1" 200 10056
157.55.39.133 - - [16/Jul/2022:19:16:48 -0500] "GET /portaldeninos/wp-content/themes/betheme/js/menu.js?ver=20.9.6 HTTP/1.1" 200 2449
40.77.167.22 - - [16/Jul/2022:19:16:49 -0500] "GET /portaldeninos/wp-includes/js/jquery/jquery.js?ver=1.12.4 HTTP/1.1" 200 97184
157.55.39.133 - - [16/Jul/2022:19:16:52 -0500] "GET /portaldeninos/wp-includes/js/jquery/ui/mouse.min.js?ver=1.11.4 HTTP/1.1" 200 3148
157.55.39.133 - - [16/Jul/2022:19:16:54 -0500] "GET /portaldeninos/wp-includes/js/jquery/ui/tabs.min.js?ver=1.11.4 HTTP/1.1" 200 12110
172.22.2.4 - - [16/Jul/2022:19:15:18 -0500] "GET /BLA/boletinlegal/ HTTP/1.1" 200 58491
157.55.39.50 - - [16/Jul/2022:19:16:58 -0500] "GET /portaldeninos/wp-content/themes/betheme/assets/animations/animations.min.css?ver=20.9.6 HTTP/1.1" 200 58508
157.55.39.50 - - [16/Jul/2022:19:17:00 -0500] "GET /portaldeninos/wp-includes/js/jquery/ui/accordion.min.js?ver=1.11.4 HTTP/1.1" 200 8584
157.55.39.50 - - [16/Jul/2022:19:17:03 -0500] "GET /portaldeninos/wp-includes/js/wp-embed.min.js?ver=4.9.8 HTTP/1.1" 200 1398
216.245.221.92 - - [16/Jul/2022:19:18:56 -0500] "HEAD / HTTP/1.1" 200 -
201.245.192.253 - - [16/Jul/2022:19:20:43 -0500] "POST /kwsrmcab/Wsrmcab HTTP/1.1" 200 47117
201.245.192.253 - - [16/Jul/2022:19:20:47 -0500] "POST /kwsrmcab/Wsrmcab HTTP/1.1" 200 46759
201.245.192.253 - - [16/Jul/2022:19:21:36 -0500] "POST /kwsrmcab/Wsrmcab  HTTP/1.1" 200 45399
172.22.2.4 - - [16/Jul/2022:19:20:18 -0500] "HEAD /BLA/boletinlegal/ HTTP/1.1" 200 -
172.22.2.4 - - [16/Jul/2022:19:21:08 -0500] "GET /BLA/boletinlegal/ HTTP/1.1" 200 58122
185.119.81.106 - - [16/Jul/2022:19:23:17 -0500] "GET /portaldeninos/wp-login.php HTTP/1.1" 200 2592
185.119.81.106 - - [16/Jul/2022:19:23:18 -0500] "POST /portaldeninos/wp-login.php HTTP/1.1" 200 3605
173.252.111.2 - - [16/Jul/2022:19:23:55 -0500] "GET /images/reciclaton-mayo-3-mayo.jpg HTTP/1.1" 200 278453
216.245.221.92 - - [16/Jul/2022:19:23:56 -0500] "HEAD / HTTP/1.1" 200 -
51.158.104.205 - - [16/Jul/2022:19:24:20 -0500] "GET / HTTP/1.1" 200 319
63.35.202.17 - - [16/Jul/2022:19:24:44 -0500] "GET /BLA/resoluciones/RESOLUCIONES%202013/0715.pdf HTTP/1.1" 200 497969
201.245.192.253 - - [16/Jul/2022:19:26:35 -0500] "POST /kwsrmcab/Wsrmcab  HTTP/1.1" 200 45399
172.22.2.4 - - [16/Jul/2022:19:26:08 -0500] "HEAD /BLA/boletinlegal/ HTTP/1.1" 200 -
92.205.56.26 - - [16/Jul/2022:19:28:22 -0500] "GET / HTTP/1.0" 200 319
172.22.2.4 - - [16/Jul/2022:19:26:58 -0500] "GET /BLA/boletinlegal/ HTTP/1.1" 200 58122
216.245.221.92 - - [16/Jul/2022:19:28:56 -0500] "HEAD / HTTP/1.1" 200 -
31.13.127.118 - - [16/Jul/2022:19:30:38 -0500] "GET /images/negocios-verdes-mayo-2022.jpg HTTP/1.1" 200 48000
201.245.192.253 - - [16/Jul/2022:19:30:43 -0500] "POST /kwsrmcab/Wsrmcab HTTP/1.1" 200 47117
201.245.192.253 - - [16/Jul/2022:19:30:47 -0500] "POST /kwsrmcab/Wsrmcab HTTP/1.1" 200 46759
201.245.192.253 - - [16/Jul/2022:19:31:34 -0500] "POST /kwsrmcab/Wsrmcab  HTTP/1.1" 200 45399
40.77.139.121 - - [16/Jul/2022:19:32:32 -0500] "GET /portaldeninos/wp-includes/js/jquery/ui/widget.min.js?ver=1.11.4 HTTP/1.1" 200 6908
40.77.139.121 - - [16/Jul/2022:19:32:32 -0500] "GET /portaldeninos/wp-content/themes/betheme/fonts/mfn-icons.woff?93978679 HTTP/1.1" 200 80932
66.249.73.14 - - [16/Jul/2022:19:33:21 -0500] "-" 408 -
185.119.81.98 - - [16/Jul/2022:19:33:27 -0500] "GET /portaldeninos/wp-login.php HTTP/1.1" 200 2592
185.119.81.98 - - [16/Jul/2022:19:33:28 -0500] "POST /portaldeninos/wp-login.php HTTP/1.1" 200 3605
172.22.2.4 - - [16/Jul/2022:19:31:58 -0500] "HEAD /BLA/boletinlegal/ HTTP/1.1" 200 -
216.245.221.92 - - [16/Jul/2022:19:33:56 -0500] "HEAD / HTTP/1.1" 200 -
172.22.2.4 - - [16/Jul/2022:19:32:48 -0500] "GET /BLA/boletinlegal/ HTTP/1.1" 200 60992
89.248.165.52 - - [16/Jul/2022:19:34:46 -0500] "CONNECT hotmail-com.olc.protection.outlook.com:25 HTTP/1.1" 405 966
201.245.192.253 - - [16/Jul/2022:19:36:33 -0500] "POST /kwsrmcab/Wsrmcab  HTTP/1.1" 200 45399
172.22.2.4 - - [16/Jul/2022:19:35:41 -0500] "GET /BLA/boletinlegal/ HTTP/1.1" 200 63618
216.245.221.92 - - [16/Jul/2022:19:38:56 -0500] "HEAD / HTTP/1.1" 200 -
172.22.2.4 - - [16/Jul/2022:19:37:48 -0500] "HEAD /BLA/boletinlegal/ HTTP/1.1" 200 -
172.22.2.4 - - [16/Jul/2022:19:39:37 -0500] "GET /BLA/boletinlegal/Circulares/2019/.pdf HTTP/1.1" 404 1218
172.22.2.4 - - [16/Jul/2022:19:39:47 -0500] "GET /BLA/boletinlegal/Circulares/2012/Circular%20No.%2010%20del%2026%20de%20Enero%20de%202012.pdf HTTP/1.1" 404 1218
172.22.2.4 - - [16/Jul/2022:19:39:54 -0500] "GET /BLA/boletinlegal/actos.php HTTP/1.1" 200 9559
172.22.2.4 - - [16/Jul/2022:19:40:06 -0500] "GET /BLA/boletinlegal/consulta_actos.php?tipo=autos&no=1840&usuario=&sector=&fecha=2022&resuelve= HTTP/1.1" 200 1143
181.53.12.167 - - [16/Jul/2022:19:40:14 -0500] "GET /BLA/resoluciones/ HTTP/1.1" 200 13093
181.53.12.167 - - [16/Jul/2022:19:40:17 -0500] "GET /BLA/resoluciones/index.php?dir=AUTOS+2022%2F HTTP/1.1" 200 129029
172.22.2.4 - - [16/Jul/2022:19:38:38 -0500] "GET /BLA/boletinlegal/ HTTP/1.1" 200 58866
181.53.12.167 - - [16/Jul/2022:19:40:34 -0500] "GET /BLA/resoluciones/AUTOS%202022/1840.pdf HTTP/1.1" 200 318358
201.245.192.253 - - [16/Jul/2022:19:40:43 -0500] "POST /kwsrmcab/Wsrmcab HTTP/1.1" 200 47117
201.245.192.253 - - [16/Jul/2022:19:40:47 -0500] "POST /kwsrmcab/Wsrmcab HTTP/1.1" 200 46759
201.245.192.253 - - [16/Jul/2022:19:41:32 -0500] "POST /kwsrmcab/Wsrmcab  HTTP/1.1" 200 45399
172.22.2.4 - - [16/Jul/2022:19:43:19 -0500] "GET /BLA/boletinlegal/Circulares/2011/Circular%20No.%201%20del%2023%20de%20Febrero%20de%202011.pdf HTTP/1.1" 200 540140
216.245.221.92 - - [16/Jul/2022:19:43:56 -0500] "HEAD / HTTP/1.1" 200 -
172.22.2.4 - - [16/Jul/2022:19:43:38 -0500] "HEAD /BLA/boletinlegal/ HTTP/1.1" 200 -
207.46.13.188 - - [16/Jul/2022:19:45:57 -0500] "GET /POT-2013/Cartografia/14_Sistema%20de%20Movilidad_Subsistema%20Vial_FEB.pdf HTTP/1.1" 304 -
172.22.2.4 - - [16/Jul/2022:19:44:28 -0500] "GET /BLA/boletinlegal/ HTTP/1.1" 200 58491
201.245.192.253 - - [16/Jul/2022:19:46:31 -0500] "POST /kwsrmcab/Wsrmcab  HTTP/1.1" 200 45399
185.119.81.98 - - [16/Jul/2022:19:48:29 -0500] "GET /portaldeninos/wp-login.php HTTP/1.1" 200 2592
185.119.81.98 - - [16/Jul/2022:19:48:30 -0500] "POST /portaldeninos/wp-login.php HTTP/1.1" 200 3605
216.245.221.92 - - [16/Jul/2022:19:48:56 -0500] "HEAD / HTTP/1.1" 200 -
172.22.2.4 - - [16/Jul/2022:19:49:28 -0500] "HEAD /BLA/boletinlegal/ HTTP/1.1" 200 -
201.245.192.253 - - [16/Jul/2022:19:51:30 -0500] "POST /kwsrmcab/Wsrmcab  HTTP/1.1" 200 45399
172.22.2.4 - - [16/Jul/2022:19:50:18 -0500] "GET /BLA/boletinlegal/ HTTP/1.1" 200 60992
66.249.73.14 - - [16/Jul/2022:19:53:08 -0500] "-" 408 -
154.21.208.188 - - [16/Jul/2022:19:53:47 -0500] "GET /wp-login.php HTTP/1.1" 404 1018
216.245.221.92 - - [16/Jul/2022:19:53:55 -0500] "HEAD / HTTP/1.1" 200 -
201.245.192.253 - - [16/Jul/2022:19:56:29 -0500] "POST /kwsrmcab/Wsrmcab  HTTP/1.1" 200 45399
172.22.2.4 - - [16/Jul/2022:19:55:18 -0500] "HEAD /BLA/boletinlegal/ HTTP/1.1" 200 -
109.74.204.123 - - [16/Jul/2022:19:57:23 -0500] "-" 408 -
172.22.2.4 - - [16/Jul/2022:19:56:08 -0500] "GET /BLA/boletinlegal/ HTTP/1.1" 200 60992
172.22.2.4 - - [16/Jul/2022:19:58:11 -0500] "GET /BLA/boletinlegal/js/jquery.js HTTP/1.1" 200 57254
172.22.2.4 - - [16/Jul/2022:19:58:11 -0500] "GET /BLA/boletinlegal/images/cabezote%20BLEGAL.jpg HTTP/1.1" 200 118164
172.22.2.4 - - [16/Jul/2022:19:58:11 -0500] "GET /BLA/boletinlegal/images/subscribe-icon-big.png HTTP/1.1" 200 47702
172.22.2.4 - - [16/Jul/2022:19:58:11 -0500] "GET /BLA/boletinlegal/images/historia.png HTTP/1.1" 200 52775
172.22.2.4 - - [16/Jul/2022:19:58:11 -0500] "GET /BLA/boletinlegal/images/registro-usuarios.png HTTP/1.1" 200 8106
172.22.2.4 - - [16/Jul/2022:19:58:11 -0500] "GET /BLA/boletinlegal/images/launch.jpg HTTP/1.1" 200 14577
172.22.2.4 - - [16/Jul/2022:19:58:11 -0500] "GET /BLA/boletinlegal/images/screen_1.png HTTP/1.1" 200 202547
172.22.2.4 - - [16/Jul/2022:19:58:13 -0500] "GET /BLA/boletinlegal/actos.php HTTP/1.1" 200 9559
172.22.2.4 - - [16/Jul/2022:19:58:13 -0500] "GET /BLA/boletinlegal/images/green-yellow-blue-pink-th.png HTTP/1.1" 200 7394
172.22.2.4 - - [16/Jul/2022:19:58:13 -0500] "GET /BLA/boletinlegal/images/abajo.png HTTP/1.1" 200 96676
172.22.2.4 - - [16/Jul/2022:19:58:13 -0500] "GET /BLA/boletinlegal/js/jquery1.js HTTP/1.1" 200 29846
172.22.2.4 - - [16/Jul/2022:19:58:13 -0500] "GET /BLA/boletinlegal/images/tel.png HTTP/1.1" 200 14477
172.22.2.4 - - [16/Jul/2022:19:58:13 -0500] "GET /BLA/boletinlegal/images/icono-email.png HTTP/1.1" 200 5544
172.22.2.4 - - [16/Jul/2022:19:58:13 -0500] "GET /BLA/boletinlegal/img/button-left.png HTTP/1.1" 200 57071
172.22.2.4 - - [16/Jul/2022:19:58:13 -0500] "GET /BLA/boletinlegal/img/select-right.png HTTP/1.1" 200 44019
172.22.2.4 - - [16/Jul/2022:19:58:13 -0500] "GET /BLA/boletinlegal/img/button.png HTTP/1.1" 200 43241
172.22.2.4 - - [16/Jul/2022:19:58:13 -0500] "GET /BLA/boletinlegal/img/button-right.png HTTP/1.1" 200 57878
172.22.2.4 - - [16/Jul/2022:19:58:13 -0500] "GET /BLA/boletinlegal/favicon.ico HTTP/1.1" 404 1326
190.27.1.18 - - [16/Jul/2022:19:58:15 -0500] "GET /BLA/resoluciones/ HTTP/1.1" 200 13093
190.27.1.18 - - [16/Jul/2022:19:58:16 -0500] "GET /BLA/resoluciones/index.php?dir=AUTOS+2014%2F HTTP/1.1" 200 875367
172.22.2.4 - - [16/Jul/2022:19:58:18 -0500] "GET /BLA/boletinlegal/images/screen_2.png HTTP/1.1" 200 362502
172.22.2.4 - - [16/Jul/2022:19:58:18 -0500] "GET /BLA/boletinlegal/images/screen_5.png HTTP/1.1" 200 368876
172.22.2.4 - - [16/Jul/2022:19:58:18 -0500] "GET /BLA/boletinlegal/images/screen_3.png HTTP/1.1" 200 210620
190.27.1.18 - - [16/Jul/2022:19:58:24 -0500] "GET /BLA/resoluciones/index.php?dir=AUTOS+2015%2F HTTP/1.1" 200 576507
172.22.2.4 - - [16/Jul/2022:19:58:49 -0500] "GET /BLA/boletinlegal/jurisprudencia/analisis/AnalisisT-606-15.docx HTTP/1.1" 200 26698
172.22.2.4 - - [16/Jul/2022:19:58:50 -0500] "GET /BLA/boletinlegal/apple-touch-icon-120x120-precomposed.png HTTP/1.1" 404 1140
172.22.2.4 - - [16/Jul/2022:19:58:50 -0500] "GET /BLA/boletinlegal/apple-touch-icon-120x120.png HTTP/1.1" 404 1140
172.22.2.4 - - [16/Jul/2022:19:58:50 -0500] "GET /BLA/boletinlegal/apple-touch-icon-precomposed.png HTTP/1.1" 404 1140
172.22.2.4 - - [16/Jul/2022:19:58:50 -0500] "GET /BLA/boletinlegal/apple-touch-icon.png HTTP/1.1" 404 1140
172.22.2.4 - - [16/Jul/2022:19:58:50 -0500] "GET /BLA/boletinlegal/favicon.ico HTTP/1.1" 404 1140
172.22.2.4 - - [16/Jul/2022:19:58:50 -0500] "GET /BLA/boletinlegal/apple-touch-icon-120x120-precomposed.png HTTP/1.1" 404 1140
172.22.2.4 - - [16/Jul/2022:19:58:50 -0500] "GET /BLA/boletinlegal/apple-touch-icon-120x120.png HTTP/1.1" 404 1140
172.22.2.4 - - [16/Jul/2022:19:58:50 -0500] "GET /BLA/boletinlegal/apple-touch-icon-precomposed.png HTTP/1.1" 404 1140
172.22.2.4 - - [16/Jul/2022:19:58:50 -0500] "GET /BLA/boletinlegal/apple-touch-icon.png HTTP/1.1" 404 1140
172.22.2.4 - - [16/Jul/2022:19:58:51 -0500] "GET /BLA/boletinlegal/favicon.ico HTTP/1.1" 404 1140
216.245.221.92 - - [16/Jul/2022:19:58:56 -0500] "HEAD / HTTP/1.1" 200 -
172.22.2.4 - - [16/Jul/2022:19:58:11 -0500] "GET /BLA/boletinlegal/ HTTP/1.1" 200 63618
186.80.52.14 - - [16/Jul/2022:20:01:25 -0500] "GET /sipse/faces/index.xhtml HTTP/1.1" 200 677
186.80.52.14 - - [16/Jul/2022:20:01:25 -0500] "GET /sipse/faces/javax.faces.resource/theme.css?ln=primefaces-sipse HTTP/1.1" 200 50058
186.80.52.14 - - [16/Jul/2022:20:01:25 -0500] "GET /sipse/faces/faces/autenticacion.xhtml HTTP/1.1" 200 12179
186.80.52.14 - - [16/Jul/2022:20:01:26 -0500] "GET /sipse/js/disable_browser_buttons.js HTTP/1.1" 200 3230
186.80.52.14 - - [16/Jul/2022:20:01:26 -0500] "GET /sipse/css/custom_css_sg.css HTTP/1.1" 200 9694
186.80.52.14 - - [16/Jul/2022:20:01:26 -0500] "GET /sipse/js/funciones.js HTTP/1.1" 200 12592
186.80.52.14 - - [16/Jul/2022:20:01:26 -0500] "GET /sipse/faces/javax.faces.resource/theme.css?ln=primefaces-sipse HTTP/1.1" 304 -
186.80.52.14 - - [16/Jul/2022:20:01:26 -0500] "GET /sipse/css/custom_css_sg_prime_login.css HTTP/1.1" 200 443
186.80.52.14 - - [16/Jul/2022:20:01:26 -0500] "GET /sipse/faces/javax.faces.resource/layout/layout.css?ln=primefaces&v=4.0 HTTP/1.1" 200 542
186.80.52.14 - - [16/Jul/2022:20:01:26 -0500] "GET /sipse/faces/javax.faces.resource/jquery/jquery.js?ln=primefaces&v=4.0 HTTP/1.1" 304 -
186.80.52.14 - - [16/Jul/2022:20:01:26 -0500] "GET /sipse/faces/javax.faces.resource/jquery/jquery-plugins.js?ln=primefaces&v=4.0 HTTP/1.1" 304 -
186.80.52.14 - - [16/Jul/2022:20:01:26 -0500] "GET /sipse/faces/javax.faces.resource/primefaces.js?ln=primefaces&v=4.0 HTTP/1.1" 304 -
186.80.52.14 - - [16/Jul/2022:20:01:26 -0500] "GET /sipse/faces/javax.faces.resource/layout/layout.js?ln=primefaces&v=4.0 HTTP/1.1" 304 -
186.80.52.14 - - [16/Jul/2022:20:01:26 -0500] "GET /sipse/faces/javax.faces.resource/primefaces.css?ln=primefaces&v=4.0 HTTP/1.1" 200 53295
186.80.52.14 - - [16/Jul/2022:20:01:26 -0500] "GET /sipse/faces/javax.faces.resource/images/ui-icons_898989_256x240.png?ln=primefaces-aristo HTTP/1.1" 200 5355
186.80.52.14 - - [16/Jul/2022:20:01:26 -0500] "GET /sipse/css/imagen/loginimg.png HTTP/1.1" 200 71635
186.80.52.14 - - [16/Jul/2022:20:01:26 -0500] "GET /sipse/css/imagen/logoSDG.png HTTP/1.1" 200 53064
186.80.52.14 - - [16/Jul/2022:20:01:29 -0500] "POST /sipse/faces/autenticacion.xhtml HTTP/1.1" 200 2221
186.80.52.14 - - [16/Jul/2022:20:01:29 -0500] "GET /sipse/faces/javax.faces.resource/messages/messages.png?ln=primefaces&v=4.0 HTTP/1.1" 200 27209
186.80.52.14 - - [16/Jul/2022:20:01:30 -0500] "POST /sipse/faces/autenticacion.xhtml HTTP/1.1" 200 16349
186.80.52.14 - - [16/Jul/2022:20:01:30 -0500] "GET /sipse/css/custom_css_sg_prime.css HTTP/1.1" 200 5201
186.80.52.14 - - [16/Jul/2022:20:01:30 -0500] "GET /sipse/js/jquery.min.js HTTP/1.1" 200 85582
186.80.52.14 - - [16/Jul/2022:20:01:30 -0500] "GET /sipse/faces/javax.faces.resource/jquery/jquery.js?ln=primefaces&v=4.0 HTTP/1.1" 304 -
186.80.52.14 - - [16/Jul/2022:20:01:31 -0500] "GET /sipse/faces/javax.faces.resource/jquery/jquery-plugins.js?ln=primefaces&v=4.0 HTTP/1.1" 304 -
186.80.52.14 - - [16/Jul/2022:20:01:31 -0500] "GET /sipse/faces/javax.faces.resource/primefaces.js?ln=primefaces&v=4.0 HTTP/1.1" 304 -
186.80.52.14 - - [16/Jul/2022:20:01:31 -0500] "GET /sipse/faces/javax.faces.resource/layout/layout.js?ln=primefaces&v=4.0 HTTP/1.1" 304 -
186.80.52.14 - - [16/Jul/2022:20:01:31 -0500] "GET /sipse/css/imagen/contrasena.png HTTP/1.1" 404 383
186.80.52.14 - - [16/Jul/2022:20:01:31 -0500] "GET /sipse/imagenes/cargando.gif HTTP/1.1" 200 36959
186.80.52.14 - - [16/Jul/2022:20:01:31 -0500] "GET /sipse/imagenes/logoAplicacion.jpg HTTP/1.1" 200 155084
201.245.192.253 - - [16/Jul/2022:20:01:28 -0500] "POST /kwsrmcab/Wsrmcab  HTTP/1.1" 200 45399
186.80.52.14 - - [16/Jul/2022:20:01:32 -0500] "GET /sipse/faces/javax.faces.resource/images/ui-bg_flat_0_2d5972_40x100.png?ln=primefaces-aristo HTTP/1.1" 200 183
186.80.52.14 - - [16/Jul/2022:20:01:32 -0500] "POST /sipse/faces/bienvenido.xhtml HTTP/1.1" 200 2658
186.80.52.14 - - [16/Jul/2022:20:01:33 -0500] "POST /sipse/faces/bienvenido.xhtml HTTP/1.1" 200 64795
186.80.52.14 - - [16/Jul/2022:20:01:35 -0500] "GET /sipse/faces/javax.faces.resource/jquery/jquery.js?ln=primefaces&v=4.0 HTTP/1.1" 304 -
186.80.52.14 - - [16/Jul/2022:20:01:35 -0500] "GET /sipse/faces/javax.faces.resource/jquery/jquery-plugins.js?ln=primefaces&v=4.0 HTTP/1.1" 304 -
186.80.52.14 - - [16/Jul/2022:20:01:35 -0500] "GET /sipse/faces/javax.faces.resource/primefaces.js?ln=primefaces&v=4.0 HTTP/1.1" 304 -
186.80.52.14 - - [16/Jul/2022:20:01:35 -0500] "GET /sipse/faces/javax.faces.resource/layout/layout.js?ln=primefaces&v=4.0 HTTP/1.1" 304 -
186.80.52.14 - - [16/Jul/2022:20:01:35 -0500] "POST /sipse/faces/presentacion/financiero/solicitudProceso/listarSolicitudProceso.xhtml HTTP/1.1" 200 1556
172.22.2.4 - - [16/Jul/2022:20:01:08 -0500] "HEAD /BLA/boletinlegal/ HTTP/1.1" 200 -
185.119.81.106 - - [16/Jul/2022:20:03:22 -0500] "GET /portaldeninos/wp-login.php HTTP/1.1" 200 2592
185.119.81.106 - - [16/Jul/2022:20:03:23 -0500] "POST /portaldeninos/wp-login.php HTTP/1.1" 200 3605
185.119.81.106 - - [16/Jul/2022:20:03:26 -0500] "GET /portaldeninos/wp-login.php HTTP/1.1" 200 2592
185.119.81.106 - - [16/Jul/2022:20:03:27 -0500] "POST /portaldeninos/wp-login.php HTTP/1.1" 200 3650
172.22.2.4 - - [16/Jul/2022:20:01:58 -0500] "GET /BLA/boletinlegal/ HTTP/1.1" 200 58491
207.46.13.31 - - [16/Jul/2022:20:03:51 -0500] "GET /galeria/galeria/fotos/Humedal-vaca6G.jpg HTTP/1.1" 200 176858
216.245.221.92 - - [16/Jul/2022:20:03:56 -0500] "HEAD / HTTP/1.1" 200 -
69.171.249.6 - - [16/Jul/2022:20:05:33 -0500] "GET /images/feria-servicios-5-MAYO.jpg HTTP/1.1" 200 39759
201.245.192.253 - - [16/Jul/2022:20:06:27 -0500] "POST /kwsrmcab/Wsrmcab  HTTP/1.1" 200 45399
172.22.2.4 - - [16/Jul/2022:20:06:58 -0500] "HEAD /BLA/boletinlegal/ HTTP/1.1" 200 -
216.245.221.92 - - [16/Jul/2022:20:08:55 -0500] "HEAD / HTTP/1.1" 200 -
172.22.2.4 - - [16/Jul/2022:20:07:48 -0500] "GET /BLA/boletinlegal/ HTTP/1.1" 200 58122
185.119.81.107 - - [16/Jul/2022:20:10:52 -0500] "GET /portaldeninos/wp-login.php HTTP/1.1" 200 2592
185.119.81.107 - - [16/Jul/2022:20:10:53 -0500] "POST /portaldeninos/wp-login.php HTTP/1.1" 200 3670
201.245.192.253 - - [16/Jul/2022:20:11:26 -0500] "POST /kwsrmcab/Wsrmcab  HTTP/1.1" 200 45399
64.124.8.28 - - [16/Jul/2022:20:12:13 -0500] "-" 408 -
207.46.13.214 - - [16/Jul/2022:20:13:30 -0500] "GET /Publicaciones/2022EE135605.pdf HTTP/1.1" 404 228
64.124.8.28 - - [16/Jul/2022:20:13:45 -0500] "-" 408 -
185.119.81.108 - - [16/Jul/2022:20:13:54 -0500] "GET /portaldeninos/wp-login.php HTTP/1.1" 200 2592
185.119.81.108 - - [16/Jul/2022:20:13:55 -0500] "POST /portaldeninos/wp-login.php HTTP/1.1" 200 3605
216.245.221.92 - - [16/Jul/2022:20:13:56 -0500] "HEAD / HTTP/1.1" 200 -
172.22.2.4 - - [16/Jul/2022:20:12:48 -0500] "HEAD /BLA/boletinlegal/ HTTP/1.1" 200 -
172.22.2.4 - - [16/Jul/2022:20:13:38 -0500] "GET /BLA/boletinlegal/ HTTP/1.1" 200 58122
201.245.192.253 - - [16/Jul/2022:20:16:24 -0500] "POST /kwsrmcab/Wsrmcab  HTTP/1.1" 200 45399
172.22.2.4 - - [16/Jul/2022:20:17:15 -0500] "GET /BLA/boletinlegal/actos.php HTTP/1.1" 200 9559
172.22.2.4 - - [16/Jul/2022:20:17:23 -0500] "GET /BLA/boletinlegal/consulta_actos.php?tipo=autos&no=2437&usuario=&sector=&fecha=2022&resuelve= HTTP/1.1" 200 1061
181.53.12.167 - - [16/Jul/2022:20:17:31 -0500] "GET /BLA/resoluciones/ HTTP/1.1" 200 13093
181.53.12.167 - - [16/Jul/2022:20:17:45 -0500] "GET /BLA/resoluciones/index.php?dir=AUTOS+2022%2F HTTP/1.1" 200 129029
172.22.2.4 - - [16/Jul/2022:20:17:52 -0500] "HEAD /BLA/boletinlegal/robots.txt HTTP/1.1" 404 -
172.22.2.4 - - [16/Jul/2022:20:17:52 -0500] "GET /BLA/boletinlegal/robots.txt HTTP/1.1" 404 1038
181.53.12.167 - - [16/Jul/2022:20:17:59 -0500] "GET /BLA/resoluciones/AUTOS%202022/2437.pdf HTTP/1.1" 200 324965
216.245.221.92 - - [16/Jul/2022:20:18:55 -0500] "HEAD / HTTP/1.1" 200 -
172.22.2.4 - - [16/Jul/2022:20:17:53 -0500] "GET /BLA/boletinlegal/ HTTP/1.1" 200 57699
172.22.2.4 - - [16/Jul/2022:20:18:38 -0500] "HEAD /BLA/boletinlegal/ HTTP/1.1" 200 -
201.245.192.253 - - [16/Jul/2022:20:20:43 -0500] "POST /kwsrmcab/Wsrmcab HTTP/1.1" 200 47089
201.245.192.253 - - [16/Jul/2022:20:20:47 -0500] "POST /kwsrmcab/Wsrmcab HTTP/1.1" 200 46710
172.22.2.4 - - [16/Jul/2022:20:19:28 -0500] "GET /BLA/boletinlegal/ HTTP/1.1" 200 59828
201.245.192.253 - - [16/Jul/2022:20:21:24 -0500] "POST /kwsrmcab/Wsrmcab  HTTP/1.1" 200 45399
64.124.8.28 - - [16/Jul/2022:20:23:38 -0500] "-" 408 -
216.245.221.92 - - [16/Jul/2022:20:23:57 -0500] "HEAD / HTTP/1.1" 200 -
66.249.73.14 - - [16/Jul/2022:20:24:01 -0500] "-" 408 -
172.22.2.4 - - [16/Jul/2022:20:24:28 -0500] "HEAD /BLA/boletinlegal/ HTTP/1.1" 200 -
172.22.2.4 - - [16/Jul/2022:20:25:21 -0500] "GET /BLA/boletinlegal/?XDEBUG_SESSION_START=phpstorm HTTP/1.1" 200 32715
201.245.192.253 - - [16/Jul/2022:20:26:22 -0500] "POST /kwsrmcab/Wsrmcab  HTTP/1.1" 200 45399
172.22.2.4 - - [16/Jul/2022:20:25:18 -0500] "GET /BLA/boletinlegal/ HTTP/1.1" 200 53903
64.124.8.28 - - [16/Jul/2022:20:28:19 -0500] "-" 408 -
216.245.221.92 - - [16/Jul/2022:20:28:55 -0500] "HEAD / HTTP/1.1" 200 -
186.102.51.156 - - [16/Jul/2022:20:30:38 -0500] "GET /kwssiamovil/sm/acme/a?s=U2FsdGVkX1+gQUKQoA8v5RRZFvVgHwclbfGyUP+RPmRT17sqIgkPGC0yxbI6ZBGdNNCrBli/vk7t5Ys8GJq1Eq1GyVHKm5r8p6FopiOSwcp5y4CrisQM8hrk+rlzj7G4RAuh3FHdephNGxtSCXjUIeAVEwg5CLT39Pb9s6m1whdAWL+WBS4LfZOUKJulPeQ5aAxh2/36qqSZQOad8BTFzLfXem/PPCcL7XjGRhG4AfeG2hQrVrJx4f0kzSpdm/tdyG1i1jysh5MEq3qxkmlAuA==&u=U2FsdGVkX1/wLvxegjpDGqD9dvac64ySSUSx+OvAMN4=&y=U2FsdGVkX19+xsw5qMylUzspDN5wH7bMY4O9y/ObVC+9jXpeIkPAsGwoqwB874+j HTTP/1.1" 200 25
186.102.51.156 - - [16/Jul/2022:20:30:39 -0500] "GET /kwssiamovil/sm/acme/a?s=U2FsdGVkX19mfeui+sdJ78awf804aoTRCQVVAHpiQknkrP8GE0OtmVHEq0glUxtAs0YgBI55BremczKiKy0UDt92z2wVxZnWyJ+8/Kymx9ISu/hufmO2fZDKFyFgB5biX+pP/lDxbKOkFp+P7c8uc9/uFPJHhQget6p+M2FJQdbRUel8vaCR+dmGwhLQZd/xno2l46/DmgL46NTEJptD/HAQCNQjNWn9CEmR/ZlPi/EwmPzOkIn6Ca+Nhz3OtnIz3Vaopp3rAM3vWz3zHTAHwOq0GeQUDEm8Ya/6QRHWoJjpe6NoJIEJMnJoubiVTsJ19iD7xPpAQWARRXytw/ngkzk/5xtPHV6J90MabQF3FAF/LZkBAuiYJsXEzC01yB1j4N3WFHtW6li7QdXUrNHweHOcHA+bCmehga2qaF8O01acq+jlRrRg1uwU3bAHzgAOSBpJ/XJFuPf8D1KnFBVKBTk3B5QrFnLodyJa6krF4HMR5p9NGaPf//If9YzgHQxCGNG4eqjNfJZNVqIZzsm1gQ7x86UCM6ahyOiP5Yu2ZRDahu1Y1TryN7i9Kn8iKhvDSIkc17neYmU+9jVPtBjx8wnLTtF/kfriAZt20nfrN3TE0TFHDkUGzQQ3tDNgFCYNlBrQ22BwP0zWyyjQbNOcq22FMuS3hBktnv8nLxcKctjwreul3YIiZXWLS71RIfs9CgaiaYkN5lCuX/e6Z42W3P7ot1TZ0BUBDIscOIL5ivgI/6i/b5kVEnLiWBMqMdY0P9U1WMN/8NJp5u6xWptECx1WzB89NlGNCevVmzQUO6syYNu0isAzIyAK31cL3pt3eLbwS2BjYFenE7CiaS/XLnb7pM95960aL8DtNiZp5u6IKvHsQhCc8szuEGwqk8Svu99QoUVMNytGmV7+3/63aCzs9pRztLEef9D4+9lpsAVqB9Aj3DN5Sm6dnx6iWRdOSwM9fN5PHBJ8GWdJ02RT5OdqU7H0nmlRnn/wArlCrjNQNYsMOyI1eJS0EP5FpkUz0Rwhs94BrFLnxeQCupQL1g5INQofnM3xP+D3w/cewNKSij4rmA3oOhBohLoFelMpGNFO7oTAt7jh90KABs6drgrH1x8qyPz/RA0mBbiijfZLdTfdWUs0HkaWxqRnBFo+gT5TWXynRWiqYdA2+Oy3iWqxnh45PAfnICJhi/GdDrumxSa43xJULRauFZfiqWO5MMOZBMejP5bq3zCeRTqvx+8bmpxOjk1s4ItncS/Dhiu86PeDqZT2ej174L0ULstEvGqMimmD+shzL5qLYw3zHktlEnQatzBcBmRkQ919VT6p7/DIZ4bBJtVJbN2BucbzkBaC72c52U1Kg7BTrGaAN/EKYHp98GL+ru9GP8HkEgd4cy3zDgQHV9rGlQLes7e7XfuV4klL1LipN/x+HDZKDHfQ9qi8wjFIme9Q890Fdhmqg+QQbonj5CAc3Juz1n41hMHgvB1va4Onpk8nuDa+CmSzqGJ0RZtiqRZ2b4d+e9Pq1YfP4njBUdf5/g72jlip6HdO5TXUUR4PWDwVOLtSdA==&u=U2FsdGVkX1/wLvxegjpDGqD9dvac64ySSUSx+OvAMN4=&y=U2FsdGVkX19+xsw5qMylUzspDN5wH7bMY4O9y/ObVC+9jXpeIkPAsGwoqwB874+j HTTP/1.1" 200 25
186.102.51.156 - - [16/Jul/2022:20:30:39 -0500] "GET /kwssiamovil/sm/acme/a?s=U2FsdGVkX1/2SBfZkl4GU/E+xgxvlbgJD+jwW4MPx4gWcutJFrtlNSTkYu9haxVvNZ50neSTpteZVEcKSECCKAK/rZJclvrkR5c4oy0/6omdjAkS0yQRT7EiZgbJyb87Q4ONUKssX+HwGQtyqu6D72f0y8aKxE3QansCCzQnl9E=&u=U2FsdGVkX1/wLvxegjpDGqD9dvac64ySSUSx+OvAMN4=&y=U2FsdGVkX19+xsw5qMylUzspDN5wH7bMY4O9y/ObVC+9jXpeIkPAsGwoqwB874+j HTTP/1.1" 200 25
186.102.51.156 - - [16/Jul/2022:20:30:39 -0500] "GET /kwssiamovil/sm/acme/a?s=U2FsdGVkX18N44sEPLB6lckfKhorTkd3zcfVFTiB4I5DskPBTcOy6L6No/XzN1MBZ8/jGRCe4acQeXW/NuBf5p1pTm594h4eeM6Mjbhy+vuiEmbVzSxEWmfVz47l1UaeGV4qqtisujCHZDVAVxoh2lsmTUn0AhMhh0lUzN+LqtQ=&u=U2FsdGVkX1/wLvxegjpDGqD9dvac64ySSUSx+OvAMN4=&y=U2FsdGVkX19+xsw5qMylUzspDN5wH7bMY4O9y/ObVC+9jXpeIkPAsGwoqwB874+j HTTP/1.1" 200 25
186.102.51.156 - - [16/Jul/2022:20:30:40 -0500] "GET /kwssiamovil/sm/acme/a?s=U2FsdGVkX19yYleFyVmeZx1OrgbzO6svTediRzKSjVoU9BUuedaFE76vEbIt/ebkeNSamZzb9VbiOdA+A/jt4R47zW73J+q08EvNwQFSkzIFwnwk4P5W6zDk9YNCBEVPoRQ8wN08gRc6Xc2VCO0NXnHysQ7xA6KUp6fvSfwyoTE=&u=U2FsdGVkX1/wLvxegjpDGqD9dvac64ySSUSx+OvAMN4=&y=U2FsdGVkX19+xsw5qMylUzspDN5wH7bMY4O9y/ObVC+9jXpeIkPAsGwoqwB874+j HTTP/1.1" 200 25
186.102.51.156 - - [16/Jul/2022:20:30:40 -0500] "GET /kwssiamovil/sm/acme/a?s=U2FsdGVkX1/oDmofmLj09Y/1MnlX+3RaYWYRtAaPo1EotwsTKJ/r/0/D1NqFrZ8q/37XyIdQO2bfQcaZxlGteuNyi8michx8PEcwJWxu3DOY8y9jTLQkuZypf7qWR4go1KHSl4tEkpFcHDZoDzgcWtKSj9BkJYg/WC1kpNE2HxpM79uAX+vuuMU/rpWsBKS+&u=U2FsdGVkX1/wLvxegjpDGqD9dvac64ySSUSx+OvAMN4=&y=U2FsdGVkX19+xsw5qMylUzspDN5wH7bMY4O9y/ObVC+9jXpeIkPAsGwoqwB874+j HTTP/1.1" 200 25
201.245.192.253 - - [16/Jul/2022:20:30:42 -0500] "POST /kwsrmcab/Wsrmcab HTTP/1.1" 200 47089
201.245.192.253 - - [16/Jul/2022:20:30:46 -0500] "POST /kwsrmcab/Wsrmcab HTTP/1.1" 200 46710
40.77.167.66 - - [16/Jul/2022:20:31:00 -0500] "GET /BLA/resoluciones/AUTOS%202017/0565.pdf HTTP/1.1" 304 -
201.245.192.253 - - [16/Jul/2022:20:31:22 -0500] "POST /kwsrmcab/Wsrmcab  HTTP/1.1" 200 45399
172.22.2.4 - - [16/Jul/2022:20:30:18 -0500] "HEAD /BLA/boletinlegal/ HTTP/1.1" 200 -
172.22.2.4 - - [16/Jul/2022:20:31:08 -0500] "GET /BLA/boletinlegal/ HTTP/1.1" 200 60410
174.212.53.189 - - [16/Jul/2022:20:33:43 -0500] "GET /descubren-nueva-orquidea-en-inmediaciones-del-nevado-del-ruiz.html HTTP/1.1" 200 768
