216.245.221.92 - - [16/Jul/2022:20:33:55 -0500] "HEAD / HTTP/1.1" 200 -
64.124.8.28 - - [16/Jul/2022:20:35:33 -0500] "-" 408 -
201.245.192.253 - - [16/Jul/2022:20:36:20 -0500] "POST /kwsrmcab/Wsrmcab  HTTP/1.1" 200 45399
157.55.39.114 - - [16/Jul/2022:20:36:37 -0500] "GET /sipse/faces/faces/autenticacion.xhtml HTTP/1.1" 200 12501
172.22.2.4 - - [16/Jul/2022:20:35:11 -0500] "GET /BLA/boletinlegal/ HTTP/1.1" 200 59364
172.22.2.4 - - [16/Jul/2022:20:36:07 -0500] "HEAD /BLA/boletinlegal/ HTTP/1.1" 200 -
172.22.2.4 - - [16/Jul/2022:20:36:58 -0500] "GET /BLA/boletinlegal/ HTTP/1.1" 200 60410
172.22.2.4 - - [16/Jul/2022:20:38:53 -0500] "GET /BLA/boletinlegal/style.css HTTP/1.1" 200 9406
172.22.2.4 - - [16/Jul/2022:20:38:53 -0500] "GET /BLA/boletinlegal/styles2.css HTTP/1.1" 200 1838
172.22.2.4 - - [16/Jul/2022:20:38:53 -0500] "GET /BLA/boletinlegal/js/jquery.js HTTP/1.1" 200 57254
172.22.2.4 - - [16/Jul/2022:20:38:53 -0500] "GET /BLA/boletinlegal/js/jquery.scrollTo-min.js HTTP/1.1" 200 1150
172.22.2.4 - - [16/Jul/2022:20:38:53 -0500] "GET /BLA/boletinlegal/js/jquery.scrollShow.js HTTP/1.1" 200 4586
172.22.2.4 - - [16/Jul/2022:20:38:53 -0500] "GET /BLA/boletinlegal/images/cabezote%20BLEGAL.jpg HTTP/1.1" 200 118164
172.22.2.4 - - [16/Jul/2022:20:38:53 -0500] "GET /BLA/boletinlegal/images/subscribe-icon-big.png HTTP/1.1" 200 47702
172.22.2.4 - - [16/Jul/2022:20:38:53 -0500] "GET /BLA/boletinlegal/images/historia.png HTTP/1.1" 200 52775
172.22.2.4 - - [16/Jul/2022:20:38:53 -0500] "GET /BLA/boletinlegal/images/registro-usuarios.png HTTP/1.1" 200 8106
172.22.2.4 - - [16/Jul/2022:20:38:53 -0500] "GET /BLA/boletinlegal/images/arr_l.jpg HTTP/1.1" 200 1979
172.22.2.4 - - [16/Jul/2022:20:38:53 -0500] "GET /BLA/boletinlegal/images/screen_1.png HTTP/1.1" 200 202547
172.22.2.4 - - [16/Jul/2022:20:38:53 -0500] "GET /BLA/boletinlegal/images/launch.jpg HTTP/1.1" 200 14577
172.22.2.4 - - [16/Jul/2022:20:38:54 -0500] "GET /BLA/boletinlegal/images/body_bg.jpg HTTP/1.1" 200 1601
172.22.2.4 - - [16/Jul/2022:20:38:54 -0500] "GET /BLA/boletinlegal/images/menu_lft.gif HTTP/1.1" 200 1713
172.22.2.4 - - [16/Jul/2022:20:38:54 -0500] "GET /BLA/boletinlegal/images/menu_bg.jpg HTTP/1.1" 200 620
172.22.2.4 - - [16/Jul/2022:20:38:54 -0500] "GET /BLA/boletinlegal/images/menu_rght.gif HTTP/1.1" 200 1627
172.22.2.4 - - [16/Jul/2022:20:38:54 -0500] "GET /BLA/boletinlegal/images/hover.jpg HTTP/1.1" 200 640
172.22.2.4 - - [16/Jul/2022:20:38:54 -0500] "GET /BLA/boletinlegal/images/bg_top.jpg HTTP/1.1" 200 522
172.22.2.4 - - [16/Jul/2022:20:38:54 -0500] "GET /BLA/boletinlegal/images/text.jpg HTTP/1.1" 200 568
216.245.221.92 - - [16/Jul/2022:20:38:55 -0500] "HEAD / HTTP/1.1" 200 -
172.22.2.4 - - [16/Jul/2022:20:38:56 -0500] "GET /BLA/boletinlegal/actos.php HTTP/1.1" 200 9559
172.22.2.4 - - [16/Jul/2022:20:38:56 -0500] "GET /BLA/boletinlegal/js/ajax_actos.js HTTP/1.1" 200 1322
172.22.2.4 - - [16/Jul/2022:20:38:56 -0500] "GET /BLA/boletinlegal/niceforms.js HTTP/1.1" 200 22876
172.22.2.4 - - [16/Jul/2022:20:38:56 -0500] "GET /BLA/boletinlegal/js/popup.js HTTP/1.1" 200 1270
172.22.2.4 - - [16/Jul/2022:20:38:56 -0500] "GET /BLA/boletinlegal/niceforms-default.css HTTP/1.1" 200 6694
172.22.2.4 - - [16/Jul/2022:20:38:56 -0500] "GET /BLA/boletinlegal/js/lib.js HTTP/1.1" 200 6474
172.22.2.4 - - [16/Jul/2022:20:38:56 -0500] "GET /BLA/boletinlegal/js/jquery1.js HTTP/1.1" 200 29846
172.22.2.4 - - [16/Jul/2022:20:38:56 -0500] "GET /BLA/boletinlegal/images/green-yellow-blue-pink-th.png HTTP/1.1" 200 7394
172.22.2.4 - - [16/Jul/2022:20:38:56 -0500] "GET /BLA/boletinlegal/images/abajo.png HTTP/1.1" 200 96676
172.22.2.4 - - [16/Jul/2022:20:38:56 -0500] "GET /BLA/boletinlegal/images/tel.png HTTP/1.1" 200 14477
172.22.2.4 - - [16/Jul/2022:20:38:56 -0500] "GET /BLA/boletinlegal/images/footer_bg.jpg HTTP/1.1" 200 586
172.22.2.4 - - [16/Jul/2022:20:38:56 -0500] "GET /BLA/boletinlegal/images/icono-email.png HTTP/1.1" 200 5544
172.22.2.4 - - [16/Jul/2022:20:38:56 -0500] "GET /BLA/boletinlegal/images/footer_bg_l.jpg HTTP/1.1" 200 776
172.22.2.4 - - [16/Jul/2022:20:38:56 -0500] "GET /BLA/boletinlegal/img/0.png HTTP/1.1" 200 110
172.22.2.4 - - [16/Jul/2022:20:38:56 -0500] "GET /BLA/boletinlegal/img/select-left.png HTTP/1.1" 200 263
172.22.2.4 - - [16/Jul/2022:20:38:56 -0500] "GET /BLA/boletinlegal/img/select-right.png HTTP/1.1" 200 44019
172.22.2.4 - - [16/Jul/2022:20:38:56 -0500] "GET /BLA/boletinlegal/img/button-left.png HTTP/1.1" 200 57071
172.22.2.4 - - [16/Jul/2022:20:38:56 -0500] "GET /BLA/boletinlegal/img/button.png HTTP/1.1" 200 43241
172.22.2.4 - - [16/Jul/2022:20:38:56 -0500] "GET /BLA/boletinlegal/img/button-right.png HTTP/1.1" 200 57878
172.22.2.4 - - [16/Jul/2022:20:38:57 -0500] "GET /BLA/boletinlegal/favicon.ico HTTP/1.1" 404 1326
172.22.2.4 - - [16/Jul/2022:20:39:00 -0500] "GET /BLA/boletinlegal/images/screen_5.png HTTP/1.1" 200 368876
172.22.2.4 - - [16/Jul/2022:20:39:00 -0500] "GET /BLA/boletinlegal/images/arr_r.jpg HTTP/1.1" 200 1998
172.22.2.4 - - [16/Jul/2022:20:39:00 -0500] "GET /BLA/boletinlegal/images/screen_3.png HTTP/1.1" 200 210620
172.22.2.4 - - [16/Jul/2022:20:39:00 -0500] "GET /BLA/boletinlegal/images/screen_2.png HTTP/1.1" 200 362502
186.155.49.169 - - [16/Jul/2022:20:39:01 -0500] "GET /BLA/resoluciones/ HTTP/1.1" 200 13093
186.155.49.169 - - [16/Jul/2022:20:39:01 -0500] "GET /BLA/resoluciones/dlf/folder.png HTTP/1.1" 200 410
186.155.49.169 - - [16/Jul/2022:20:39:01 -0500] "GET /BLA/resoluciones/dlf/styles.css HTTP/1.1" 200 3049
186.155.49.169 - - [16/Jul/2022:20:39:01 -0500] "GET /BLA/resoluciones/dlf/bg.gif HTTP/1.1" 200 54
186.155.49.169 - - [16/Jul/2022:20:39:04 -0500] "GET /BLA/resoluciones/dlf/dirup.png HTTP/1.1" 200 644
186.155.49.169 - - [16/Jul/2022:20:39:04 -0500] "GET /BLA/resoluciones/dlf/pdf.gif HTTP/1.1" 200 272
186.155.49.169 - - [16/Jul/2022:20:39:04 -0500] "GET /BLA/resoluciones/index.php?dir=AUTOS+2014%2F HTTP/1.1" 200 875367
186.155.49.169 - - [16/Jul/2022:20:39:06 -0500] "GET /BLA/resoluciones/dlf/unknown.png HTTP/1.1" 200 266
172.22.2.4 - - [16/Jul/2022:20:39:08 -0500] "GET /BLA/boletinlegal/images/pdf.gif HTTP/1.1" 200 567
172.22.2.4 - - [16/Jul/2022:20:39:08 -0500] "GET /BLA/boletinlegal/Circulares/2019/.pdf HTTP/1.1" 404 1218
172.22.2.4 - - [16/Jul/2022:20:39:18 -0500] "GET /BLA/boletinlegal/Circulares/2012/Circular%20No.%2010%20del%2026%20de%20Enero%20de%202012.pdf HTTP/1.1" 404 1218
186.155.49.169 - - [16/Jul/2022:20:39:26 -0500] "GET /BLA/resoluciones/AUTOS%202014/5500.pdf HTTP/1.1" 200 588274
64.124.8.49 - - [16/Jul/2022:20:39:58 -0500] "GET /si-eres-sujeto-del-pago-de-tasa-retributiva-no-olvides-enviarnos-tu-formulario-de-autodeclaracion-de-vertimientos-de-2021.html HTTP/1.1" 304 -
134.209.21.69 - - [16/Jul/2022:20:40:28 -0500] "GET / HTTP/1.1" 200 319
172.22.2.4 - - [16/Jul/2022:20:38:53 -0500] "GET /BLA/boletinlegal/ HTTP/1.1" 200 63618
201.245.192.253 - - [16/Jul/2022:20:40:43 -0500] "POST /kwsrmcab/Wsrmcab HTTP/1.1" 200 47089
201.245.192.253 - - [16/Jul/2022:20:40:47 -0500] "POST /kwsrmcab/Wsrmcab HTTP/1.1" 200 46710
186.155.49.169 - - [16/Jul/2022:20:41:14 -0500] "GET /BLA/resoluciones/ HTTP/1.1" 200 13093
186.155.49.169 - - [16/Jul/2022:20:41:17 -0500] "GET /BLA/resoluciones/index.php?dir=AUTOS+2020%2F HTTP/1.1" 200 325514
201.245.192.253 - - [16/Jul/2022:20:41:20 -0500] "POST /kwsrmcab/Wsrmcab  HTTP/1.1" 200 45399
186.155.49.169 - - [16/Jul/2022:20:41:35 -0500] "GET /BLA/resoluciones/index.php?dir=AUTOS+2020%2F HTTP/1.1" 200 325514
190.27.1.18 - - [16/Jul/2022:20:42:10 -0500] "GET /BLA/resoluciones/index.php?dir=AUTOS+2014%2F HTTP/1.1" 200 875367
186.155.49.169 - - [16/Jul/2022:20:42:51 -0500] "GET /BLA/resoluciones/index.php?dir=AUTOS+2014%2F HTTP/1.1" 200 875367
186.155.49.169 - - [16/Jul/2022:20:43:07 -0500] "GET /BLA/resoluciones/AUTOS%202014/0055.pdf HTTP/1.1" 200 658660
186.155.49.169 - - [16/Jul/2022:20:43:12 -0500] "GET /BLA/resoluciones/ HTTP/1.1" 200 13093
186.155.49.169 - - [16/Jul/2022:20:43:16 -0500] "GET /BLA/resoluciones/index.php?dir=AUTOS+2014%2F HTTP/1.1" 200 875367
172.22.2.4 - - [16/Jul/2022:20:41:58 -0500] "HEAD /BLA/boletinlegal/ HTTP/1.1" 200 -
216.245.221.92 - - [16/Jul/2022:20:43:55 -0500] "HEAD / HTTP/1.1" 200 -
172.22.2.4 - - [16/Jul/2022:20:42:48 -0500] "GET /BLA/boletinlegal/ HTTP/1.1" 200 58491
201.245.192.253 - - [16/Jul/2022:20:46:19 -0500] "POST /kwsrmcab/Wsrmcab  HTTP/1.1" 200 45399
191.102.199.198 - - [16/Jul/2022:20:48:17 -0500] "GET /galeria/galeria/jquery.fancybox.css?v=2.1.5 HTTP/1.1" 200 4895
191.102.199.198 - - [16/Jul/2022:20:48:18 -0500] "GET /BLA/boletinlegal/js/jquery.scrollShow.js HTTP/1.1" 200 4586
191.102.199.198 - - [16/Jul/2022:20:48:18 -0500] "GET /galeria/galeria/jquery.fancybox.js?v=2.1.5 HTTP/1.1" 200 48706
172.22.2.4 - - [16/Jul/2022:20:48:31 -0500] "GET /BLA/boletinlegal/robots.txt HTTP/1.1" 404 1038
172.22.2.4 - - [16/Jul/2022:20:48:33 -0500] "GET /BLA/boletinlegal/normativa.php HTTP/1.1" 200 8326
216.245.221.92 - - [16/Jul/2022:20:48:55 -0500] "HEAD / HTTP/1.1" 200 -
172.22.2.4 - - [16/Jul/2022:20:47:48 -0500] "HEAD /BLA/boletinlegal/ HTTP/1.1" 200 -
172.22.2.4 - - [16/Jul/2022:20:48:38 -0500] "GET /BLA/boletinlegal/ HTTP/1.1" 200 58491
201.245.192.253 - - [16/Jul/2022:20:51:18 -0500] "POST /kwsrmcab/Wsrmcab  HTTP/1.1" 200 45399
34.90.40.38 - - [16/Jul/2022:20:51:34 -0500] "GET / HTTP/1.1" 200 319
216.245.221.92 - - [16/Jul/2022:20:53:55 -0500] "HEAD / HTTP/1.1" 200 -
23.251.102.74 - - [16/Jul/2022:20:54:51 -0500] "GET /solr/ HTTP/1.1" 404 1018
172.22.2.4 - - [16/Jul/2022:20:53:38 -0500] "HEAD /BLA/boletinlegal/ HTTP/1.1" 200 -
185.119.81.98 - - [16/Jul/2022:20:55:40 -0500] "GET /portaldeninos/wp-login.php HTTP/1.1" 200 2592
185.119.81.98 - - [16/Jul/2022:20:55:41 -0500] "POST /portaldeninos/wp-login.php HTTP/1.1" 200 3670
172.22.2.4 - - [16/Jul/2022:20:54:28 -0500] "GET /BLA/boletinlegal/ HTTP/1.1" 200 58491
201.245.192.253 - - [16/Jul/2022:20:56:17 -0500] "POST /kwsrmcab/Wsrmcab  HTTP/1.1" 200 45399
207.46.13.31 - - [16/Jul/2022:20:57:26 -0500] "GET /Publicaciones/2022EE136411.pdf HTTP/1.1" 404 228
216.245.221.92 - - [16/Jul/2022:20:58:55 -0500] "HEAD / HTTP/1.1" 200 -
172.22.2.4 - - [16/Jul/2022:20:59:27 -0500] "HEAD /BLA/boletinlegal/ HTTP/1.1" 200 -
201.245.192.253 - - [16/Jul/2022:21:01:17 -0500] "POST /kwsrmcab/Wsrmcab  HTTP/1.1" 200 45399
181.94.226.63 - - [16/Jul/2022:21:01:32 -0500] "GET /descubren-nueva-orquidea-en-inmediaciones-del-nevado-del-ruiz.html HTTP/1.1" 200 768
172.22.2.4 - - [16/Jul/2022:21:00:18 -0500] "GET /BLA/boletinlegal/ HTTP/1.1" 200 60992
216.245.221.92 - - [16/Jul/2022:21:03:55 -0500] "HEAD / HTTP/1.1" 200 -
185.119.81.98 - - [16/Jul/2022:21:04:11 -0500] "GET /portaldeninos/wp-login.php HTTP/1.1" 200 2592
185.119.81.98 - - [16/Jul/2022:21:04:12 -0500] "POST /portaldeninos/wp-login.php HTTP/1.1" 200 3605
54.171.248.114 - - [16/Jul/2022:21:04:30 -0500] "-" 408 -
3.145.161.231 - - [16/Jul/2022:21:04:43 -0500] "GET /galeria/galeria/fotos/Entrenube3P.jpg HTTP/1.1" 200 8487
66.220.149.10 - - [16/Jul/2022:21:06:08 -0500] "GET /images/jardines-verticales-plantas-24-mayo.jpg HTTP/1.1" 200 148288
201.245.192.253 - - [16/Jul/2022:21:06:17 -0500] "POST /kwsrmcab/Wsrmcab  HTTP/1.1" 200 45399
172.22.2.4 - - [16/Jul/2022:21:05:17 -0500] "HEAD /BLA/boletinlegal/ HTTP/1.1" 200 -
172.22.2.4 - - [16/Jul/2022:21:06:08 -0500] "GET /BLA/boletinlegal/ HTTP/1.1" 200 58491
207.46.13.188 - - [16/Jul/2022:21:08:53 -0500] "GET /BLA/resoluciones/RESOLUCIONES%202021/1865.pdf HTTP/1.1" 304 -
216.245.221.92 - - [16/Jul/2022:21:08:55 -0500] "HEAD / HTTP/1.1" 200 -
185.119.81.106 - - [16/Jul/2022:21:10:14 -0500] "GET /portaldeninos/wp-login.php HTTP/1.1" 200 2592
185.119.81.106 - - [16/Jul/2022:21:10:15 -0500] "POST /portaldeninos/wp-login.php HTTP/1.1" 200 3650
201.245.192.253 - - [16/Jul/2022:21:11:16 -0500] "POST /kwsrmcab/Wsrmcab  HTTP/1.1" 200 45399
20.70.209.219 - - [16/Jul/2022:21:11:44 -0500] "GET / HTTP/1.1" 200 319
20.70.209.219 - - [16/Jul/2022:21:11:44 -0500] "GET /wp-includes/js/jquery/jquery.js HTTP/1.1" 404 1018
20.70.209.219 - - [16/Jul/2022:21:11:45 -0500] "GET /administrator/help/en-GB/toc.json HTTP/1.1" 404 1018
20.70.209.219 - - [16/Jul/2022:21:11:45 -0500] "GET /administrator/language/en-GB/install.xml HTTP/1.1" 404 1018
20.70.209.219 - - [16/Jul/2022:21:11:46 -0500] "GET /plugins/system/debug/debug.xml HTTP/1.1" 404 1018
20.70.209.219 - - [16/Jul/2022:21:11:46 -0500] "GET /administrator/ HTTP/1.1" 404 1018
20.70.209.219 - - [16/Jul/2022:21:11:47 -0500] "GET /misc/ajax.js HTTP/1.1" 404 1018
20.70.209.219 - - [16/Jul/2022:21:11:47 -0500] "GET / HTTP/1.1" 200 319
20.70.209.219 - - [16/Jul/2022:21:11:48 -0500] "GET /admin/view/javascript/common.js HTTP/1.1" 404 1018
20.70.209.219 - - [16/Jul/2022:21:11:49 -0500] "GET /admin/includes/general.js HTTP/1.1" 404 1018
20.70.209.219 - - [16/Jul/2022:21:11:50 -0500] "GET /images/editor/separator.gif HTTP/1.1" 404 1018
20.70.209.219 - - [16/Jul/2022:21:11:50 -0500] "GET /js/header-rollup-554.js HTTP/1.1" 404 1018
20.70.209.219 - - [16/Jul/2022:21:11:51 -0500] "GET /vendor/phpunit/phpunit/build.xml HTTP/1.1" 404 1018
20.70.209.219 - - [16/Jul/2022:21:11:51 -0500] "GET /fckeditor/editor/filemanager/connectors/php/upload.php?Type=Media HTTP/1.1" 404 1018
20.70.209.219 - - [16/Jul/2022:21:11:52 -0500] "GET /.env HTTP/1.1" 404 1018
20.70.209.219 - - [16/Jul/2022:21:11:52 -0500] "GET / HTTP/1.1" 200 319
20.70.209.219 - - [16/Jul/2022:21:11:53 -0500] "GET /wp-admin/setup-config.php?step=0 HTTP/1.1" 404 1018
20.70.209.219 - - [16/Jul/2022:21:11:53 -0500] "GET /wordpress/wp-admin/setup-config.php?step=0 HTTP/1.1" 404 1018
20.70.209.219 - - [16/Jul/2022:21:11:54 -0500] "GET /wp/wp-admin/setup-config.php?step=0 HTTP/1.1" 404 1018
20.70.209.219 - - [16/Jul/2022:21:11:54 -0500] "GET /blog/wp-admin/setup-config.php?step=0 HTTP/1.1" 404 1018
20.70.209.219 - - [16/Jul/2022:21:11:55 -0500] "GET /test/wp-admin/setup-config.php?step=0 HTTP/1.1" 404 1018
20.70.209.219 - - [16/Jul/2022:21:11:55 -0500] "GET /site/wp-admin/setup-config.php?step=0 HTTP/1.1" 404 1018
172.22.2.4 - - [16/Jul/2022:21:12:06 -0500] "POST /BLA/boletinlegal/mifs/.;/services/LogService HTTP/1.1" 404 1158
207.46.13.20 - - [16/Jul/2022:21:12:12 -0500] "GET /Residuos/pinturas/files/guia_pinturas.pdf HTTP/1.1" 200 16736247
172.22.2.4 - - [16/Jul/2022:21:11:07 -0500] "HEAD /BLA/boletinlegal/ HTTP/1.1" 200 -
207.46.13.20 - - [16/Jul/2022:21:13:08 -0500] "GET /Residuos/pinturas/files/guia_pinturas.pdf HTTP/1.1" 200 16736247
172.22.2.4 - - [16/Jul/2022:21:11:58 -0500] "GET /BLA/boletinlegal/ HTTP/1.1" 200 58491
216.245.221.92 - - [16/Jul/2022:21:13:55 -0500] "HEAD / HTTP/1.1" 200 -
66.240.192.138 - - [16/Jul/2022:21:14:20 -0500] "GET / HTTP/1.1" 200 319
176.193.236.203 - - [16/Jul/2022:21:14:25 -0500] "GET / HTTP/1.1" 200 319
66.240.192.138 - - [16/Jul/2022:21:14:26 -0500] "GET /sitemap.xml HTTP/1.1" 404 1018
66.240.192.138 - - [16/Jul/2022:21:14:26 -0500] "GET /.well-known/security.txt HTTP/1.1" 404 1018
66.240.192.138 - - [16/Jul/2022:21:14:27 -0500] "GET /favicon.ico HTTP/1.1" 200 7782
34.78.6.216 - - [16/Jul/2022:21:15:03 -0500] "GET / HTTP/1.1" 200 319
201.245.192.253 - - [16/Jul/2022:21:16:14 -0500] "POST /kwsrmcab/Wsrmcab  HTTP/1.1" 200 45399
172.22.2.4 - - [16/Jul/2022:21:16:22 -0500] "GET /BLA/boletinlegal/owa/auth/logon.aspx?url=https%3a%2f%2f1%2fecp%2f HTTP/1.1" 404 1018
172.22.2.4 - - [16/Jul/2022:21:16:57 -0500] "HEAD /BLA/boletinlegal/ HTTP/1.1" 200 -
216.245.221.92 - - [16/Jul/2022:21:18:55 -0500] "HEAD / HTTP/1.1" 200 -
172.22.2.4 - - [16/Jul/2022:21:17:48 -0500] "GET /BLA/boletinlegal/ HTTP/1.1" 200 53539
173.252.111.1 - - [16/Jul/2022:21:19:57 -0500] "GET /con-la-propuesta-de-pot-garantizamos-la-proteccion-de-los-humedales.html HTTP/1.1" 206 960
172.22.2.4 - - [16/Jul/2022:21:18:17 -0500] "GET /BLA/boletinlegal/ HTTP/1.1" 200 55912
172.22.2.4 - - [16/Jul/2022:21:19:57 -0500] "GET /BLA/boletinlegal/favicon.ico HTTP/1.1" 404 1308
201.245.192.253 - - [16/Jul/2022:21:20:42 -0500] "POST /kwsrmcab/Wsrmcab HTTP/1.1" 200 46597
201.245.192.253 - - [16/Jul/2022:21:20:48 -0500] "POST /kwsrmcab/Wsrmcab HTTP/1.1" 200 46721
201.245.192.253 - - [16/Jul/2022:21:21:13 -0500] "POST /kwsrmcab/Wsrmcab  HTTP/1.1" 200 45399
172.22.2.4 - - [16/Jul/2022:21:21:30 -0500] "GET /BLA/boletinlegal/jurisprudencia/analisis/analisis%20C-595-2010.doc HTTP/1.1" 200 39424
186.86.32.238 - - [16/Jul/2022:21:22:01 -0500] "GET /la-moda-circular-es-tendencia-nueva-apuesta-para-avanzar-en-la-sostenibilidad-del-sector-en-bogota.html HTTP/1.1" 200 796
34.86.177.154 - - [16/Jul/2022:21:22:06 -0500] "GET /la-moda-circular-es-tendencia-nueva-apuesta-para-avanzar-en-la-sostenibilidad-del-sector-en-bogota.html HTTP/1.1" 200 796
44.192.86.233 - - [16/Jul/2022:21:22:07 -0500] "GET /la-moda-circular-es-tendencia-nueva-apuesta-para-avanzar-en-la-sostenibilidad-del-sector-en-bogota.html HTTP/1.1" 200 796
44.192.86.233 - - [16/Jul/2022:21:22:07 -0500] "GET /la-moda-circular-es-tendencia-nueva-apuesta-para-avanzar-en-la-sostenibilidad-del-sector-en-bogota.html HTTP/1.1" 200 796
40.77.167.66 - - [16/Jul/2022:21:22:13 -0500] "GET /BLA/resoluciones/AUTOS%202021/2545.pdf HTTP/1.1" 200 524402
185.119.81.108 - - [16/Jul/2022:21:22:53 -0500] "GET /portaldeninos/wp-login.php HTTP/1.1" 200 2592
185.119.81.108 - - [16/Jul/2022:21:22:54 -0500] "POST /portaldeninos/wp-login.php HTTP/1.1" 200 3605
216.245.221.92 - - [16/Jul/2022:21:23:55 -0500] "HEAD / HTTP/1.1" 200 -
172.22.2.4 - - [16/Jul/2022:21:22:47 -0500] "HEAD /BLA/boletinlegal/ HTTP/1.1" 200 -
20.70.209.219 - - [16/Jul/2022:21:24:31 -0500] "GET / HTTP/1.1" 200 319
20.70.209.219 - - [16/Jul/2022:21:24:32 -0500] "GET /.env HTTP/1.1" 404 1152
20.70.209.219 - - [16/Jul/2022:21:24:33 -0500] "GET /.remote HTTP/1.1" 404 1152
20.70.209.219 - - [16/Jul/2022:21:24:33 -0500] "GET /.local HTTP/1.1" 404 1152
20.70.209.219 - - [16/Jul/2022:21:24:33 -0500] "GET /.production HTTP/1.1" 404 1152
172.22.2.4 - - [16/Jul/2022:21:23:38 -0500] "GET /BLA/boletinlegal/ HTTP/1.1" 200 58491
20.70.209.219 - - [16/Jul/2022:21:25:24 -0500] "POST //lib/phpunit/Util/PHP/eval-stdin.php HTTP/1.1" 404 1152
20.70.209.219 - - [16/Jul/2022:21:25:24 -0500] "POST //lib/phpunit/phpunit/Util/PHP/eval-stdin.php HTTP/1.1" 404 1152
20.70.209.219 - - [16/Jul/2022:21:25:24 -0500] "POST //lib/phpunit/phpunit/src/Util/PHP/eval-stdin.php HTTP/1.1" 404 1152
20.70.209.219 - - [16/Jul/2022:21:25:25 -0500] "POST //lib/phpunit/src/Util/PHP/eval-stdin.php HTTP/1.1" 404 1152
20.70.209.219 - - [16/Jul/2022:21:25:41 -0500] "POST //phpunit/Util/PHP/eval-stdin.php HTTP/1.1" 404 1152
20.70.209.219 - - [16/Jul/2022:21:25:42 -0500] "POST //phpunit/phpunit/Util/PHP/eval-stdin.php HTTP/1.1" 404 1152
20.70.209.219 - - [16/Jul/2022:21:25:45 -0500] "POST //phpunit/phpunit/src/Util/PHP/eval-stdin.php HTTP/1.1" 404 1152
20.70.209.219 - - [16/Jul/2022:21:25:45 -0500] "POST //phpunit/src/Util/PHP/eval-stdin.php HTTP/1.1" 404 1152
20.70.209.219 - - [16/Jul/2022:21:25:56 -0500] "POST //vendor/phpunit/Util/PHP/eval-stdin.php HTTP/1.1" 404 1152
20.70.209.219 - - [16/Jul/2022:21:25:57 -0500] "POST //vendor/phpunit/phpunit/Util/PHP/eval-stdin.php HTTP/1.1" 404 1152
20.70.209.219 - - [16/Jul/2022:21:26:03 -0500] "POST //vendor/phpunit/src/Util/PHP/eval-stdin.php HTTP/1.1" 404 1152
201.245.192.253 - - [16/Jul/2022:21:26:13 -0500] "POST /kwsrmcab/Wsrmcab  HTTP/1.1" 200 45399
216.245.221.92 - - [16/Jul/2022:21:28:55 -0500] "HEAD / HTTP/1.1" 200 -
172.22.2.4 - - [16/Jul/2022:21:28:37 -0500] "HEAD /BLA/boletinlegal/ HTTP/1.1" 200 -
172.22.2.4 - - [16/Jul/2022:21:30:21 -0500] "GET /BLA/boletinlegal/actos.php HTTP/1.1" 200 9559
201.245.192.253 - - [16/Jul/2022:21:30:43 -0500] "POST /kwsrmcab/Wsrmcab HTTP/1.1" 200 46597
201.245.192.253 - - [16/Jul/2022:21:30:46 -0500] "POST /kwsrmcab/Wsrmcab HTTP/1.1" 200 46721
172.22.2.4 - - [16/Jul/2022:21:29:28 -0500] "GET /BLA/boletinlegal/ HTTP/1.1" 200 58491
201.245.192.253 - - [16/Jul/2022:21:31:11 -0500] "POST /kwsrmcab/Wsrmcab  HTTP/1.1" 200 45399
216.245.221.92 - - [16/Jul/2022:21:33:55 -0500] "HEAD / HTTP/1.1" 200 -
58.87.60.223 - - [16/Jul/2022:21:34:19 -0500] "GET /galeria/galeria/fotos/Humedal-la-conejera2P.jpg HTTP/1.1" 200 31007
172.22.2.4 - - [16/Jul/2022:21:34:27 -0500] "HEAD /BLA/boletinlegal/ HTTP/1.1" 200 -
201.245.192.253 - - [16/Jul/2022:21:36:11 -0500] "POST /kwsrmcab/Wsrmcab  HTTP/1.1" 200 45399
172.22.2.4 - - [16/Jul/2022:21:34:47 -0500] "GET /BLA/boletinlegal/ HTTP/1.1" 200 50730
172.22.2.4 - - [16/Jul/2022:21:35:18 -0500] "GET /BLA/boletinlegal/ HTTP/1.1" 200 52424
172.22.2.4 - - [16/Jul/2022:21:36:58 -0500] "GET /BLA/boletinlegal/style.css HTTP/1.1" 200 9406
172.22.2.4 - - [16/Jul/2022:21:36:58 -0500] "GET /BLA/boletinlegal/js/jquery.js HTTP/1.1" 200 57254
172.22.2.4 - - [16/Jul/2022:21:36:58 -0500] "GET /BLA/boletinlegal/js/jquery.scrollTo-min.js HTTP/1.1" 200 1150
172.22.2.4 - - [16/Jul/2022:21:36:58 -0500] "GET /BLA/boletinlegal/js/jquery.scrollShow.js HTTP/1.1" 200 4586
172.22.2.4 - - [16/Jul/2022:21:36:58 -0500] "GET /BLA/boletinlegal/styles2.css HTTP/1.1" 200 1838
172.22.2.4 - - [16/Jul/2022:21:36:58 -0500] "GET /BLA/boletinlegal/images/cabezote%20BLEGAL.jpg HTTP/1.1" 200 118164
172.22.2.4 - - [16/Jul/2022:21:36:58 -0500] "GET /BLA/boletinlegal/images/subscribe-icon-big.png HTTP/1.1" 200 47702
172.22.2.4 - - [16/Jul/2022:21:36:58 -0500] "GET /BLA/boletinlegal/images/historia.png HTTP/1.1" 200 52775
172.22.2.4 - - [16/Jul/2022:21:36:58 -0500] "GET /BLA/boletinlegal/images/registro-usuarios.png HTTP/1.1" 200 8106
172.22.2.4 - - [16/Jul/2022:21:36:58 -0500] "GET /BLA/boletinlegal/images/arr_l.jpg HTTP/1.1" 200 1979
172.22.2.4 - - [16/Jul/2022:21:36:58 -0500] "GET /BLA/boletinlegal/images/screen_1.png HTTP/1.1" 200 202547
172.22.2.4 - - [16/Jul/2022:21:36:58 -0500] "GET /BLA/boletinlegal/images/launch.jpg HTTP/1.1" 200 14577
172.22.2.4 - - [16/Jul/2022:21:36:58 -0500] "GET /BLA/boletinlegal/images/body_bg.jpg HTTP/1.1" 200 1601
172.22.2.4 - - [16/Jul/2022:21:36:58 -0500] "GET /BLA/boletinlegal/images/menu_lft.gif HTTP/1.1" 200 1713
172.22.2.4 - - [16/Jul/2022:21:36:58 -0500] "GET /BLA/boletinlegal/images/bg_top.jpg HTTP/1.1" 200 522
172.22.2.4 - - [16/Jul/2022:21:36:58 -0500] "GET /BLA/boletinlegal/images/menu_rght.gif HTTP/1.1" 200 1627
172.22.2.4 - - [16/Jul/2022:21:36:58 -0500] "GET /BLA/boletinlegal/images/menu_bg.jpg HTTP/1.1" 200 620
172.22.2.4 - - [16/Jul/2022:21:36:58 -0500] "GET /BLA/boletinlegal/images/hover.jpg HTTP/1.1" 200 640
172.22.2.4 - - [16/Jul/2022:21:36:58 -0500] "GET /BLA/boletinlegal/images/text.jpg HTTP/1.1" 200 568
172.22.2.4 - - [16/Jul/2022:21:37:00 -0500] "GET /BLA/boletinlegal/actos.php HTTP/1.1" 200 9559
172.22.2.4 - - [16/Jul/2022:21:37:00 -0500] "GET /BLA/boletinlegal/js/ajax_actos.js HTTP/1.1" 200 1322
172.22.2.4 - - [16/Jul/2022:21:37:00 -0500] "GET /BLA/boletinlegal/niceforms.js HTTP/1.1" 200 22876
172.22.2.4 - - [16/Jul/2022:21:37:00 -0500] "GET /BLA/boletinlegal/niceforms-default.css HTTP/1.1" 200 6694
172.22.2.4 - - [16/Jul/2022:21:37:00 -0500] "GET /BLA/boletinlegal/js/lib.js HTTP/1.1" 200 6474
172.22.2.4 - - [16/Jul/2022:21:37:00 -0500] "GET /BLA/boletinlegal/js/popup.js HTTP/1.1" 200 1270
172.22.2.4 - - [16/Jul/2022:21:37:00 -0500] "GET /BLA/boletinlegal/js/jquery1.js HTTP/1.1" 200 29846
172.22.2.4 - - [16/Jul/2022:21:37:00 -0500] "GET /BLA/boletinlegal/images/screen_2.png HTTP/1.1" 200 362502
172.22.2.4 - - [16/Jul/2022:21:37:00 -0500] "GET /BLA/boletinlegal/images/screen_5.png HTTP/1.1" 200 368876
172.22.2.4 - - [16/Jul/2022:21:37:00 -0500] "GET /BLA/boletinlegal/images/arr_r.jpg HTTP/1.1" 200 1998
172.22.2.4 - - [16/Jul/2022:21:37:00 -0500] "GET /BLA/boletinlegal/images/screen_3.png HTTP/1.1" 200 210620
172.22.2.4 - - [16/Jul/2022:21:37:00 -0500] "GET /BLA/boletinlegal/images/green-yellow-blue-pink-th.png HTTP/1.1" 200 7394
172.22.2.4 - - [16/Jul/2022:21:37:00 -0500] "GET /BLA/boletinlegal/images/abajo.png HTTP/1.1" 200 96676
172.22.2.4 - - [16/Jul/2022:21:37:00 -0500] "GET /BLA/boletinlegal/images/tel.png HTTP/1.1" 200 14477
172.22.2.4 - - [16/Jul/2022:21:37:00 -0500] "GET /BLA/boletinlegal/images/icono-email.png HTTP/1.1" 200 5544
172.22.2.4 - - [16/Jul/2022:21:37:00 -0500] "GET /BLA/boletinlegal/images/footer_bg.jpg HTTP/1.1" 200 586
172.22.2.4 - - [16/Jul/2022:21:37:00 -0500] "GET /BLA/boletinlegal/images/footer_bg_l.jpg HTTP/1.1" 200 776
172.22.2.4 - - [16/Jul/2022:21:37:00 -0500] "GET /BLA/boletinlegal/img/0.png HTTP/1.1" 200 110
172.22.2.4 - - [16/Jul/2022:21:37:00 -0500] "GET /BLA/boletinlegal/img/select-left.png HTTP/1.1" 200 263
172.22.2.4 - - [16/Jul/2022:21:37:00 -0500] "GET /BLA/boletinlegal/img/select-right.png HTTP/1.1" 200 44019
172.22.2.4 - - [16/Jul/2022:21:37:00 -0500] "GET /BLA/boletinlegal/img/button.png HTTP/1.1" 200 43241
172.22.2.4 - - [16/Jul/2022:21:37:00 -0500] "GET /BLA/boletinlegal/img/button-left.png HTTP/1.1" 200 57071
172.22.2.4 - - [16/Jul/2022:21:37:00 -0500] "GET /BLA/boletinlegal/img/button-right.png HTTP/1.1" 200 57878
172.22.2.4 - - [16/Jul/2022:21:37:00 -0500] "GET /BLA/boletinlegal/favicon.ico HTTP/1.1" 404 1326
172.22.2.4 - - [16/Jul/2022:21:37:08 -0500] "GET /BLA/boletinlegal/images/pdf.gif HTTP/1.1" 200 567
186.80.52.14 - - [16/Jul/2022:21:37:08 -0500] "GET /BLA/resoluciones/ HTTP/1.1" 200 13093
186.80.52.14 - - [16/Jul/2022:21:37:08 -0500] "GET /BLA/resoluciones/dlf/styles.css HTTP/1.1" 200 3049
186.80.52.14 - - [16/Jul/2022:21:37:08 -0500] "GET /BLA/resoluciones/dlf/folder.png HTTP/1.1" 200 410
186.80.52.14 - - [16/Jul/2022:21:37:08 -0500] "GET /BLA/resoluciones/dlf/bg.gif HTTP/1.1" 200 54
186.80.52.14 - - [16/Jul/2022:21:37:09 -0500] "GET /favicon.ico HTTP/1.1" 200 7782
186.80.52.14 - - [16/Jul/2022:21:37:11 -0500] "GET /BLA/resoluciones/dlf/dirup.png HTTP/1.1" 200 644
186.80.52.14 - - [16/Jul/2022:21:37:11 -0500] "GET /BLA/resoluciones/dlf/pdf.gif HTTP/1.1" 200 272
186.80.52.14 - - [16/Jul/2022:21:37:10 -0500] "GET /BLA/resoluciones/index.php?dir=AUTOS+2022%2F HTTP/1.1" 200 129029
172.22.2.4 - - [16/Jul/2022:21:36:53 -0500] "GET /BLA/boletinlegal/ HTTP/1.1" 200 63238
172.22.2.4 - - [16/Jul/2022:21:38:38 -0500] "GET /BLA/boletinlegal/Circulares/2019/.pdf HTTP/1.1" 404 1218
192.241.212.117 - - [16/Jul/2022:21:38:45 -0500] "GET / HTTP/1.1" 200 319
216.245.221.92 - - [16/Jul/2022:21:38:55 -0500] "HEAD / HTTP/1.1" 200 -
173.252.111.117 - - [16/Jul/2022:21:40:36 -0500] "GET /images/negocios-verdes-emprendimientos-24-marzo.jpg HTTP/1.1" 200 54522
201.245.192.253 - - [16/Jul/2022:21:40:42 -0500] "POST /kwsrmcab/Wsrmcab HTTP/1.1" 200 46597
201.245.192.253 - - [16/Jul/2022:21:40:46 -0500] "POST /kwsrmcab/Wsrmcab HTTP/1.1" 200 46721
201.245.192.253 - - [16/Jul/2022:21:41:09 -0500] "POST /kwsrmcab/Wsrmcab  HTTP/1.1" 200 45399
172.22.2.4 - - [16/Jul/2022:21:40:17 -0500] "HEAD /BLA/boletinlegal/ HTTP/1.1" 200 -
172.22.2.4 - - [16/Jul/2022:21:41:08 -0500] "GET /BLA/boletinlegal/ HTTP/1.1" 200 58491
216.245.221.92 - - [16/Jul/2022:21:43:55 -0500] "HEAD / HTTP/1.1" 200 -
173.252.107.119 - - [16/Jul/2022:21:43:58 -0500] "GET /images/empresas-industrias-forestales-1-junio.jpg HTTP/1.1" 200 44019
173.252.107.119 - - [16/Jul/2022:21:43:59 -0500] "GET /images/facebook-live-ivc-MAYO27.png HTTP/1.1" 200 480404
173.252.107.23 - - [16/Jul/2022:21:44:00 -0500] "GET /images/energia-eficiencia-26-mayo.jpg HTTP/1.1" 200 46417
173.252.107.23 - - [16/Jul/2022:21:44:00 -0500] "GET /images/jardines-verticales-plantas-24-mayo.jpg HTTP/1.1" 200 148288
173.252.107.120 - - [16/Jul/2022:21:44:00 -0500] "GET /images/la-vieja-mayo-24.jpg HTTP/1.1" 200 58217
173.252.107.119 - - [16/Jul/2022:21:44:01 -0500] "GET /images/control-madera-ilegal-24-mayo.jpg HTTP/1.1" 200 48269
173.252.107.23 - - [16/Jul/2022:21:44:01 -0500] "GET /images/bogota-polvo-sahara-23-mayo.jpg HTTP/1.1" 200 35039
173.252.107.119 - - [16/Jul/2022:21:44:01 -0500] "GET /images/Naturalista1.jpeg HTTP/1.1" 200 202073
173.252.107.119 - - [16/Jul/2022:21:44:02 -0500] "GET /images/reciclaton-mayo-3-mayo.jpg HTTP/1.1" 200 278453
173.252.107.119 - - [16/Jul/2022:21:44:02 -0500] "GET /images/negocios-verdes-mayo-2022.jpg HTTP/1.1" 200 48000
173.252.107.23 - - [16/Jul/2022:21:44:02 -0500] "GET /images/actividades-dia-aves-16-mayo.jpg HTTP/1.1" 200 147089
173.252.107.120 - - [16/Jul/2022:21:44:02 -0500] "GET /images/arbolado-bogota-mayo-13.jpg HTTP/1.1" 200 62568
173.252.107.119 - - [16/Jul/2022:21:44:02 -0500] "GET /images/feria-servicios-12-mayo-principal.jpg HTTP/1.1" 200 44744
173.252.107.119 - - [16/Jul/2022:21:44:03 -0500] "GET /images/parque-nal-secretaria.jpg HTTP/1.1" 200 168060
173.252.107.118 - - [16/Jul/2022:21:44:03 -0500] "GET /images/cronica-amanda-rodriguez-30-abril.jpg HTTP/1.1" 200 26304
173.252.107.23 - - [16/Jul/2022:21:44:04 -0500] "GET /images/secretaria-rio-bogota-avances-12-mayo.jpg HTTP/1.1" 200 37281
173.252.107.22 - - [16/Jul/2022:21:44:04 -0500] "GET /images/dia-rio-bogota-12-mayo.jpg HTTP/1.1" 200 44387
173.252.107.119 - - [16/Jul/2022:21:44:04 -0500] "GET /images/ptar-alcaldesa-rio-bogota-12-mato.jpg HTTP/1.1" 200 40205
173.252.107.119 - - [16/Jul/2022:21:44:05 -0500] "GET /images/reunion-planta-termovalorizacion-11-mayo.jpg HTTP/1.1" 200 34782
173.252.107.13 - - [16/Jul/2022:21:44:06 -0500] "GET /images/Brasil1.jpeg HTTP/1.1" 200 27965
173.252.107.4 - - [16/Jul/2022:21:44:07 -0500] "GET /images/feria-servicios-5-MAYO.jpg HTTP/1.1" 200 39759
173.252.107.14 - - [16/Jul/2022:21:44:07 -0500] "GET /images/mercados-campesinos-5-mayo.jpg HTTP/1.1" 200 95848
173.252.107.2 - - [16/Jul/2022:21:44:07 -0500] "GET /images/RCD1.jpg HTTP/1.1" 200 195843
173.252.107.13 - - [16/Jul/2022:21:44:08 -0500] "GET /images/Animales1.jpeg HTTP/1.1" 200 76841
173.252.107.7 - - [16/Jul/2022:21:44:09 -0500] "GET /images/fachada-secretaria-ambiente-abril.jpg HTTP/1.1" 200 148853
173.252.107.24 - - [16/Jul/2022:21:44:10 -0500] "GET /images/operativos-residuos-peligrosos-25-ABRIL.jpg HTTP/1.1" 200 35345
173.252.107.24 - - [16/Jul/2022:21:44:11 -0500] "GET /images/ecosistema-dia-internacional-tierra-21-abril.jpg HTTP/1.1" 200 30098
173.252.107.7 - - [16/Jul/2022:21:44:11 -0500] "GET /images/plantacion-jbb-22-abril.jpg HTTP/1.1" 200 52184
173.252.107.20 - - [16/Jul/2022:21:44:11 -0500] "GET /images/feria-servicios-tramites-puente-aranda-21-abril.jpg HTTP/1.1" 200 28255
173.252.107.4 - - [16/Jul/2022:21:44:11 -0500] "GET /images/actividades-dia-tierra-22-abril.jpg HTTP/1.1" 200 77276
173.252.107.120 - - [16/Jul/2022:21:44:12 -0500] "GET /images/Bolsaroja.jpeg HTTP/1.1" 200 63719
173.252.107.9 - - [16/Jul/2022:21:44:12 -0500] "GET /images/bogota-ciudad-pac28-enero.jpg HTTP/1.1" 200 42642
201.245.192.253 - - [16/Jul/2022:21:46:07 -0500] "POST /kwsrmcab/Wsrmcab  HTTP/1.1" 200 45399
172.22.2.4 - - [16/Jul/2022:21:46:07 -0500] "HEAD /BLA/boletinlegal/ HTTP/1.1" 200 -
172.22.2.4 - - [16/Jul/2022:21:46:58 -0500] "GET /BLA/boletinlegal/ HTTP/1.1" 200 60992
216.245.221.92 - - [16/Jul/2022:21:48:55 -0500] "HEAD / HTTP/1.1" 200 -
185.119.81.106 - - [16/Jul/2022:21:50:54 -0500] "GET /portaldeninos/wp-login.php HTTP/1.1" 200 2592
185.119.81.106 - - [16/Jul/2022:21:50:55 -0500] "POST /portaldeninos/wp-login.php HTTP/1.1" 200 3650
201.245.192.253 - - [16/Jul/2022:21:51:06 -0500] "POST /kwsrmcab/Wsrmcab  HTTP/1.1" 200 45399
190.72.80.140 - - [16/Jul/2022:21:51:30 -0500] "GET /descubren-nueva-orquidea-en-inmediaciones-del-nevado-del-ruiz.html HTTP/1.1" 200 768
66.249.73.16 - - [16/Jul/2022:21:52:56 -0500] "-" 408 -
177.87.146.250 - - [16/Jul/2022:21:53:00 -0500] "GET / HTTP/1.1" 200 319
172.22.2.4 - - [16/Jul/2022:21:51:57 -0500] "HEAD /BLA/boletinlegal/ HTTP/1.1" 200 -
216.245.221.92 - - [16/Jul/2022:21:53:55 -0500] "HEAD / HTTP/1.1" 200 -
172.22.2.4 - - [16/Jul/2022:21:52:48 -0500] "GET /BLA/boletinlegal/ HTTP/1.1" 200 60992
201.245.192.253 - - [16/Jul/2022:21:56:04 -0500] "POST /kwsrmcab/Wsrmcab  HTTP/1.1" 200 45399
186.84.91.80 - - [16/Jul/2022:21:56:51 -0500] "GET /galeria/galeria/jquery.fancybox.js?v=2.1.5 HTTP/1.1" 200 48706
186.84.91.80 - - [16/Jul/2022:21:56:51 -0500] "GET /galeria/galeria/jquery.fancybox.css?v=2.1.5 HTTP/1.1" 200 4895
186.84.91.80 - - [16/Jul/2022:21:56:51 -0500] "GET /BLA/boletinlegal/js/jquery.scrollShow.js HTTP/1.1" 200 4586
186.84.91.80 - - [16/Jul/2022:21:56:52 -0500] "GET /autoliquidacion2020 HTTP/1.1" 301 250
186.84.91.80 - - [16/Jul/2022:21:56:52 -0500] "GET /autoliquidacion2020/ HTTP/1.1" 200 6146
186.84.91.80 - - [16/Jul/2022:21:56:52 -0500] "GET /autoliquidacion2020/dlf/styles.css HTTP/1.1" 200 3045
186.84.91.80 - - [16/Jul/2022:21:56:52 -0500] "GET /autoliquidacion2020/dlf/folder.png HTTP/1.1" 200 410
186.84.91.80 - - [16/Jul/2022:21:56:52 -0500] "GET /autoliquidacion2020/dlf/bg.gif HTTP/1.1" 200 54
186.84.91.80 - - [16/Jul/2022:21:56:56 -0500] "GET /autoliquidacion2020/index.php?dir=Grupo+Forestal+-+Silvicultura%2F HTTP/1.1" 200 2799
186.84.91.80 - - [16/Jul/2022:21:56:56 -0500] "GET /autoliquidacion2020/dlf/dirup.png HTTP/1.1" 200 644
186.84.91.80 - - [16/Jul/2022:21:56:56 -0500] "GET /autoliquidacion2020/dlf/html.gif HTTP/1.1" 200 632
186.84.91.80 - - [16/Jul/2022:21:56:59 -0500] "GET /autoliquidacion2020/index.php?dir=Grupo+Forestal+-+Silvicultura%2FPermiso+o+autorizaci%F3n+para+aprovechamiento+forestal+de+%E1rboles+aislados%2F HTTP/1.1" 200 3777
186.84.91.80 - - [16/Jul/2022:21:56:59 -0500] "GET /autoliquidacion2020/dlf/unknown.png HTTP/1.1" 200 266
186.84.91.80 - - [16/Jul/2022:21:56:59 -0500] "GET /autoliquidacion2020/dlf/xls.gif HTTP/1.1" 200 636
186.84.91.80 - - [16/Jul/2022:21:56:59 -0500] "GET /autoliquidacion2020/Grupo%20Forestal%20-%20Silvicultura/Permiso%20o%20autorizaci%C3%B3n%20para%20aprovechamiento%20forestal%20de%20%C3%A1rboles%20aislados/PM04-PR30-F2%20Formulario%20de%20recolecci%C3%B3n%20de%20informaci%C3%B3n%20silvicultural%20por%20individuo.xls HTTP/1.1" 200 261632
186.84.91.80 - - [16/Jul/2022:21:57:05 -0500] "GET /autoliquidacion2020/index.php?dir=Grupo+Forestal+-+Silvicultura%2FPermiso+o+autorizaci%F3n+para+aprovechamiento+forestal+de+%E1rboles+aislados%2F HTTP/1.1" 200 3777
186.84.91.80 - - [16/Jul/2022:21:57:08 -0500] "GET /autoliquidacion2020/Grupo%20Forestal%20-%20Silvicultura/Permiso%20o%20autorizaci%C3%B3n%20para%20aprovechamiento%20forestal%20de%20%C3%A1rboles%20aislados/PM04-PR30-F1%20Formulario%20de%20solicitud%20de%20manejo%20o%20aprovechamiento%20forestal.xlsx HTTP/1.1" 200 69007
216.245.221.92 - - [16/Jul/2022:21:58:55 -0500] "HEAD / HTTP/1.1" 200 -
172.22.2.4 - - [16/Jul/2022:21:57:47 -0500] "HEAD /BLA/boletinlegal/ HTTP/1.1" 200 -
172.22.2.4 - - [16/Jul/2022:21:58:45 -0500] "GET /BLA/boletinlegal/ HTTP/1.1" 200 24523
172.22.2.4 - - [16/Jul/2022:21:58:38 -0500] "GET /BLA/boletinlegal/ HTTP/1.1" 200 56911
207.46.13.214 - - [16/Jul/2022:22:00:40 -0500] "GET /videos/galeria-cronicas/1v3wnplaylist.htm? HTTP/1.1" 200 4013
201.245.192.253 - - [16/Jul/2022:22:01:03 -0500] "POST /kwsrmcab/Wsrmcab  HTTP/1.1" 200 45399
216.245.221.92 - - [16/Jul/2022:22:03:55 -0500] "HEAD / HTTP/1.1" 200 -
172.22.2.4 - - [16/Jul/2022:22:03:37 -0500] "HEAD /BLA/boletinlegal/ HTTP/1.1" 200 -
201.245.192.253 - - [16/Jul/2022:22:06:02 -0500] "POST /kwsrmcab/Wsrmcab  HTTP/1.1" 200 45399
172.22.2.4 - - [16/Jul/2022:22:04:28 -0500] "GET /BLA/boletinlegal/ HTTP/1.1" 200 58491
173.252.107.8 - - [16/Jul/2022:22:06:19 -0500] "GET /images/energia-eficiencia-26-mayo.jpg HTTP/1.1" 200 46417
216.245.221.92 - - [16/Jul/2022:22:08:55 -0500] "HEAD / HTTP/1.1" 200 -
201.245.192.253 - - [16/Jul/2022:22:11:00 -0500] "POST /kwsrmcab/Wsrmcab  HTTP/1.1" 200 45399
172.22.2.4 - - [16/Jul/2022:22:09:27 -0500] "HEAD /BLA/boletinlegal/ HTTP/1.1" 200 -
172.22.2.4 - - [16/Jul/2022:22:10:18 -0500] "GET /BLA/boletinlegal/ HTTP/1.1" 200 60992
216.245.221.92 - - [16/Jul/2022:22:13:55 -0500] "HEAD / HTTP/1.1" 200 -
201.245.192.253 - - [16/Jul/2022:22:15:59 -0500] "POST /kwsrmcab/Wsrmcab  HTTP/1.1" 200 45399
172.22.2.4 - - [16/Jul/2022:22:15:17 -0500] "HEAD /BLA/boletinlegal/ HTTP/1.1" 200 -
172.22.2.4 - - [16/Jul/2022:22:16:08 -0500] "GET /BLA/boletinlegal/ HTTP/1.1" 200 58491
200.118.60.96 - - [16/Jul/2022:22:18:54 -0500] "GET /forest/ HTTP/1.1" 200 12041
216.245.221.92 - - [16/Jul/2022:22:18:55 -0500] "HEAD / HTTP/1.1" 200 -
64.124.8.49 - - [16/Jul/2022:22:19:49 -0500] "-" 408 -
200.118.60.96 - - [16/Jul/2022:22:20:25 -0500] "POST /forest/index.php HTTP/1.1" 200 12268
201.245.192.253 - - [16/Jul/2022:22:20:43 -0500] "POST /kwsrmcab/Wsrmcab HTTP/1.1" 200 45470
201.245.192.253 - - [16/Jul/2022:22:20:49 -0500] "POST /kwsrmcab/Wsrmcab HTTP/1.1" 200 46744
201.245.192.253 - - [16/Jul/2022:22:20:58 -0500] "POST /kwsrmcab/Wsrmcab  HTTP/1.1" 200 45399
172.22.2.4 - - [16/Jul/2022:22:21:07 -0500] "HEAD /BLA/boletinlegal/ HTTP/1.1" 200 -
172.22.2.4 - - [16/Jul/2022:22:21:57 -0500] "GET /BLA/boletinlegal/ HTTP/1.1" 200 58491
216.245.221.92 - - [16/Jul/2022:22:23:55 -0500] "HEAD / HTTP/1.1" 200 -
201.245.192.253 - - [16/Jul/2022:22:25:57 -0500] "POST /kwsrmcab/Wsrmcab  HTTP/1.1" 200 45399
185.119.81.97 - - [16/Jul/2022:22:26:36 -0500] "GET /portaldeninos/wp-login.php HTTP/1.1" 200 2592
185.119.81.97 - - [16/Jul/2022:22:26:37 -0500] "POST /portaldeninos/wp-login.php HTTP/1.1" 200 3605
172.22.2.4 - - [16/Jul/2022:22:26:57 -0500] "HEAD /BLA/boletinlegal/ HTTP/1.1" 200 -
216.245.221.92 - - [16/Jul/2022:22:28:55 -0500] "HEAD / HTTP/1.1" 200 -
172.22.2.4 - - [16/Jul/2022:22:27:48 -0500] "GET /BLA/boletinlegal/ HTTP/1.1" 200 58491
201.245.192.253 - - [16/Jul/2022:22:30:43 -0500] "POST /kwsrmcab/Wsrmcab HTTP/1.1" 200 45470
201.245.192.253 - - [16/Jul/2022:22:30:47 -0500] "POST /kwsrmcab/Wsrmcab HTTP/1.1" 200 46744
201.245.192.253 - - [16/Jul/2022:22:30:55 -0500] "POST /kwsrmcab/Wsrmcab  HTTP/1.1" 200 45399
172.22.2.4 - - [16/Jul/2022:22:32:45 -0500] "GET /BLA/boletinlegal/actos.php HTTP/1.1" 200 9559
186.80.52.14 - - [16/Jul/2022:22:33:12 -0500] "GET /BLA/resoluciones/ HTTP/1.1" 200 13093
186.80.52.14 - - [16/Jul/2022:22:33:14 -0500] "GET /BLA/resoluciones/index.php?dir=AUTOS+2022%2F HTTP/1.1" 200 129029
216.245.221.92 - - [16/Jul/2022:22:33:55 -0500] "HEAD / HTTP/1.1" 200 -
172.22.2.4 - - [16/Jul/2022:22:32:37 -0500] "GET /BLA/boletinlegal/ HTTP/1.1" 200 47370
172.22.2.4 - - [16/Jul/2022:22:32:47 -0500] "HEAD /BLA/boletinlegal/ HTTP/1.1" 200 -
207.46.13.31 - - [16/Jul/2022:22:34:34 -0500] "GET /BLA/resoluciones/ HTTP/1.1" 200 13093
207.46.13.188 - - [16/Jul/2022:22:34:51 -0500] "GET /BLA/resoluciones/dlf/styles.css HTTP/1.1" 200 3049
172.22.2.4 - - [16/Jul/2022:22:33:37 -0500] "GET /BLA/boletinlegal/ HTTP/1.1" 200 51166
201.245.192.253 - - [16/Jul/2022:22:35:54 -0500] "POST /kwsrmcab/Wsrmcab  HTTP/1.1" 200 45399
172.22.2.4 - - [16/Jul/2022:22:34:29 -0500] "GET /BLA/boletinlegal/ HTTP/1.1" 200 58866
185.119.81.98 - - [16/Jul/2022:22:36:29 -0500] "GET /portaldeninos/wp-login.php HTTP/1.1" 200 2592
185.119.81.98 - - [16/Jul/2022:22:36:30 -0500] "POST /portaldeninos/wp-login.php HTTP/1.1" 200 3605
172.22.2.4 - - [16/Jul/2022:22:38:21 -0500] "GET /BLA/boletinlegal/Circulares/2019/.pdf HTTP/1.1" 404 1218
172.22.2.4 - - [16/Jul/2022:22:38:31 -0500] "GET /BLA/boletinlegal/Circulares/2012/Circular%20No.%2010%20del%2026%20de%20Enero%20de%202012.pdf HTTP/1.1" 404 1218
216.245.221.92 - - [16/Jul/2022:22:38:55 -0500] "HEAD / HTTP/1.1" 200 -
172.22.2.4 - - [16/Jul/2022:22:39:40 -0500] "GET /BLA/boletinlegal/robots.txt HTTP/1.1" 404 1038
172.22.2.4 - - [16/Jul/2022:22:39:40 -0500] "GET /BLA/boletinlegal/actos.php HTTP/1.1" 200 9559
172.22.2.4 - - [16/Jul/2022:22:38:37 -0500] "HEAD /BLA/boletinlegal/ HTTP/1.1" 200 -
201.245.192.253 - - [16/Jul/2022:22:40:42 -0500] "POST /kwsrmcab/Wsrmcab HTTP/1.1" 200 45470
201.245.192.253 - - [16/Jul/2022:22:40:46 -0500] "POST /kwsrmcab/Wsrmcab HTTP/1.1" 200 46744
201.245.192.253 - - [16/Jul/2022:22:40:54 -0500] "POST /kwsrmcab/Wsrmcab  HTTP/1.1" 200 45399
172.22.2.4 - - [16/Jul/2022:22:39:27 -0500] "GET /BLA/boletinlegal/ HTTP/1.1" 200 60992
172.22.2.4 - - [16/Jul/2022:22:41:18 -0500] "GET /BLA/boletinlegal/Directivas/2011/Directiva%20No.%202%20del%2017%20de%20Mayo%20de%202011.pdf HTTP/1.1" 200 495382
207.46.13.188 - - [16/Jul/2022:22:42:03 -0500] "GET /images/RMCAB.jpg HTTP/1.1" 200 49926
66.102.8.252 - - [16/Jul/2022:22:42:21 -0500] "GET /galeria/galeria/fotos/Soratama1G.jpg HTTP/1.1" 200 127762
64.124.8.29 - - [16/Jul/2022:22:42:32 -0500] "GET /galeria/nivo-slider/demo/banner.html HTTP/1.1" 304 -
185.119.81.97 - - [16/Jul/2022:22:43:04 -0500] "GET /portaldeninos/wp-login.php HTTP/1.1" 200 2592
185.119.81.97 - - [16/Jul/2022:22:43:05 -0500] "POST /portaldeninos/wp-login.php HTTP/1.1" 200 3605
216.245.221.92 - - [16/Jul/2022:22:43:55 -0500] "HEAD / HTTP/1.1" 200 -
201.245.192.253 - - [16/Jul/2022:22:45:52 -0500] "POST /kwsrmcab/Wsrmcab  HTTP/1.1" 200 45399
172.22.2.4 - - [16/Jul/2022:22:44:27 -0500] "HEAD /BLA/boletinlegal/ HTTP/1.1" 200 -
172.22.2.4 - - [16/Jul/2022:22:45:18 -0500] "GET /BLA/boletinlegal/ HTTP/1.1" 200 60992
216.245.221.92 - - [16/Jul/2022:22:48:55 -0500] "HEAD / HTTP/1.1" 200 -
201.245.192.253 - - [16/Jul/2022:22:50:51 -0500] "POST /kwsrmcab/Wsrmcab  HTTP/1.1" 200 45399
89.248.165.52 - - [16/Jul/2022:22:51:07 -0500] "CONNECT 85.206.160.115:80 HTTP/1.1" 405 942
185.119.81.98 - - [16/Jul/2022:22:51:31 -0500] "GET /portaldeninos/wp-login.php HTTP/1.1" 200 2592
185.119.81.98 - - [16/Jul/2022:22:51:32 -0500] "POST /portaldeninos/wp-login.php HTTP/1.1" 200 3605
172.22.2.4 - - [16/Jul/2022:22:50:17 -0500] "HEAD /BLA/boletinlegal/ HTTP/1.1" 200 -
172.22.2.4 - - [16/Jul/2022:22:51:07 -0500] "GET /BLA/boletinlegal/ HTTP/1.1" 200 60992
216.245.221.92 - - [16/Jul/2022:22:53:55 -0500] "HEAD / HTTP/1.1" 200 -
66.240.192.138 - - [16/Jul/2022:22:54:21 -0500] "-" 408 -
201.245.192.253 - - [16/Jul/2022:22:55:50 -0500] "POST /kwsrmcab/Wsrmcab  HTTP/1.1" 200 45399
172.22.2.4 - - [16/Jul/2022:22:56:07 -0500] "HEAD /BLA/boletinlegal/ HTTP/1.1" 200 -
172.22.2.4 - - [16/Jul/2022:22:56:57 -0500] "GET /BLA/boletinlegal/ HTTP/1.1" 200 58491
216.245.221.92 - - [16/Jul/2022:22:58:55 -0500] "HEAD / HTTP/1.1" 200 -
205.169.39.127 - - [16/Jul/2022:23:00:46 -0500] "GET /portaldeninos/wp-includes/js/wp-emoji-release.min.js?ver=4.9.8 HTTP/1.1" 200 12026
205.169.39.127 - - [16/Jul/2022:23:00:51 -0500] "GET /portaldeninos/wp-content/plugins/google-analytics-for-wordpress/assets/js/frontend-gtag.min.js?ver=8.5.0 HTTP/1.1" 200 11801
201.245.192.253 - - [16/Jul/2022:23:00:49 -0500] "POST /kwsrmcab/Wsrmcab  HTTP/1.1" 200 45399
205.169.39.127 - - [16/Jul/2022:23:00:51 -0500] "GET /portaldeninos/wp-includes/js/jquery/jquery.js?ver=1.12.4 HTTP/1.1" 200 97184
205.169.39.127 - - [16/Jul/2022:23:00:53 -0500] "GET /portaldeninos/wp-includes/js/jquery/jquery-migrate.min.js?ver=1.4.1 HTTP/1.1" 200 10056
205.169.39.127 - - [16/Jul/2022:23:00:53 -0500] "GET /portaldeninos/wp-includes/js/jquery/ui/core.min.js?ver=1.11.4 HTTP/1.1" 200 4000
205.169.39.127 - - [16/Jul/2022:23:00:53 -0500] "GET /portaldeninos/wp-content/plugins/gallery-videos/JS/modernizr.custom.js?ver=4.9.8 HTTP/1.1" 200 9019
205.169.39.127 - - [16/Jul/2022:23:00:53 -0500] "GET /portaldeninos/wp-content/plugins/gallery-videos/JS/Total-Soft-Gallery-Video-Widget.js?ver=4.9.8 HTTP/1.1" 200 80264
205.169.39.127 - - [16/Jul/2022:23:00:54 -0500] "GET /portaldeninos/wp-includes/js/jquery/ui/widget.min.js?ver=1.11.4 HTTP/1.1" 200 6908
205.169.39.127 - - [16/Jul/2022:23:00:54 -0500] "GET /portaldeninos/wp-includes/js/jquery/ui/mouse.min.js?ver=1.11.4 HTTP/1.1" 200 3148
205.169.39.127 - - [16/Jul/2022:23:00:54 -0500] "GET /portaldeninos/wp-includes/js/jquery/ui/sortable.min.js?ver=1.11.4 HTTP/1.1" 200 24899
205.169.39.127 - - [16/Jul/2022:23:00:55 -0500] "GET /portaldeninos/wp-includes/js/jquery/ui/tabs.min.js?ver=1.11.4 HTTP/1.1" 200 12110
205.169.39.127 - - [16/Jul/2022:23:00:55 -0500] "GET /portaldeninos/wp-includes/js/jquery/ui/accordion.min.js?ver=1.11.4 HTTP/1.1" 200 8584
205.169.39.127 - - [16/Jul/2022:23:00:55 -0500] "GET /portaldeninos/wp-content/themes/betheme/js/plugins.js?ver=20.9.6 HTTP/1.1" 200 197151
205.169.39.127 - - [16/Jul/2022:23:00:56 -0500] "GET /portaldeninos/wp-content/themes/betheme/js/menu.js?ver=20.9.6 HTTP/1.1" 200 2449
205.169.39.127 - - [16/Jul/2022:23:00:57 -0500] "GET /portaldeninos/wp-content/themes/betheme/assets/animations/animations.min.js?ver=20.9.6 HTTP/1.1" 200 1896
205.169.39.127 - - [16/Jul/2022:23:00:57 -0500] "GET /portaldeninos/wp-content/themes/betheme/assets/jplayer/jplayer.min.js?ver=20.9.6 HTTP/1.1" 200 52702
205.169.39.127 - - [16/Jul/2022:23:00:57 -0500] "GET /portaldeninos/wp-content/themes/betheme/js/scripts.js?ver=20.9.6 HTTP/1.1" 200 77162
205.169.39.127 - - [16/Jul/2022:23:00:58 -0500] "GET /portaldeninos/wp-includes/js/wp-embed.min.js?ver=4.9.8 HTTP/1.1" 200 1398
65.154.226.171 - - [16/Jul/2022:23:01:43 -0500] "GET /portaldeninos/wp-content/uploads/useanyfont/uaf.css?ver=1589905315 HTTP/1.1" 200 408
65.154.226.171 - - [16/Jul/2022:23:01:43 -0500] "GET /portaldeninos/wp-content/themes/betheme/style.css?ver=20.9.6 HTTP/1.1" 200 287
65.154.226.171 - - [16/Jul/2022:23:01:43 -0500] "GET /portaldeninos/wp-content/plugins/gallery-videos/CSS/totalsoft.css?ver=4.9.8 HTTP/1.1" 200 40622
65.154.226.171 - - [16/Jul/2022:23:01:43 -0500] "GET /portaldeninos/wp-content/plugins/gallery-videos/CSS/Total-Soft-Gallery-Video-Widget.css?ver=4.9.8 HTTP/1.1" 200 51554
65.154.226.171 - - [16/Jul/2022:23:01:43 -0500] "GET /portaldeninos/wp-content/themes/betheme/css/base.css?ver=20.9.6 HTTP/1.1" 200 57283
65.154.226.171 - - [16/Jul/2022:23:01:44 -0500] "GET /portaldeninos/wp-content/themes/betheme/assets/animations/animations.min.css?ver=20.9.6 HTTP/1.1" 200 58508
65.154.226.171 - - [16/Jul/2022:23:01:45 -0500] "GET /portaldeninos/wp-content/themes/betheme/assets/ui/jquery.ui.all.css?ver=20.9.6 HTTP/1.1" 200 18765
65.154.226.171 - - [16/Jul/2022:23:01:45 -0500] "GET /portaldeninos/wp-content/themes/betheme/assets/jplayer/css/jplayer.blue.monday.css?ver=20.9.6 HTTP/1.1" 200 9834
65.154.226.171 - - [16/Jul/2022:23:01:45 -0500] "GET /portaldeninos/wp-content/plugins/google-analytics-for-wordpress/assets/js/frontend-gtag.min.js?ver=8.5.0 HTTP/1.1" 200 11801
65.154.226.171 - - [16/Jul/2022:23:01:45 -0500] "GET /portaldeninos/wp-includes/js/jquery/jquery-migrate.min.js?ver=1.4.1 HTTP/1.1" 200 10056
65.154.226.171 - - [16/Jul/2022:23:01:43 -0500] "GET /portaldeninos/wp-content/themes/betheme/css/layout.css?ver=20.9.6 HTTP/1.1" 200 116639
65.154.226.171 - - [16/Jul/2022:23:01:45 -0500] "GET /portaldeninos/wp-content/themes/betheme/css/responsive.css?ver=20.9.6 HTTP/1.1" 200 55740
65.154.226.171 - - [16/Jul/2022:23:01:45 -0500] "GET /portaldeninos/wp-includes/js/jquery/ui/core.min.js?ver=1.11.4 HTTP/1.1" 200 4000
65.154.226.171 - - [16/Jul/2022:23:01:45 -0500] "GET /portaldeninos/wp-content/plugins/gallery-videos/JS/modernizr.custom.js?ver=4.9.8 HTTP/1.1" 200 9019
65.154.226.171 - - [16/Jul/2022:23:01:46 -0500] "GET /portaldeninos/wp-includes/js/jquery/ui/widget.min.js?ver=1.11.4 HTTP/1.1" 200 6908
65.154.226.171 - - [16/Jul/2022:23:01:44 -0500] "GET /portaldeninos/wp-content/themes/betheme/css/shortcodes.css?ver=20.9.6 HTTP/1.1" 200 138889
65.154.226.171 - - [16/Jul/2022:23:01:46 -0500] "GET /portaldeninos/wp-includes/js/jquery/ui/mouse.min.js?ver=1.11.4 HTTP/1.1" 200 3148
65.154.226.171 - - [16/Jul/2022:23:01:46 -0500] "GET /portaldeninos/wp-content/plugins/gallery-videos/JS/Total-Soft-Gallery-Video-Widget.js?ver=4.9.8 HTTP/1.1" 200 80264
65.154.226.171 - - [16/Jul/2022:23:01:46 -0500] "GET /portaldeninos/wp-includes/js/jquery/ui/accordion.min.js?ver=1.11.4 HTTP/1.1" 200 8584
65.154.226.171 - - [16/Jul/2022:23:01:46 -0500] "GET /portaldeninos/wp-includes/js/jquery/ui/tabs.min.js?ver=1.11.4 HTTP/1.1" 200 12110
65.154.226.171 - - [16/Jul/2022:23:01:46 -0500] "GET /portaldeninos/wp-includes/js/jquery/ui/sortable.min.js?ver=1.11.4 HTTP/1.1" 200 24899
65.154.226.171 - - [16/Jul/2022:23:01:46 -0500] "GET /portaldeninos/wp-content/themes/betheme/js/menu.js?ver=20.9.6 HTTP/1.1" 200 2449
65.154.226.171 - - [16/Jul/2022:23:01:45 -0500] "GET /portaldeninos/wp-includes/js/jquery/jquery.js?ver=1.12.4 HTTP/1.1" 200 97184
65.154.226.171 - - [16/Jul/2022:23:01:46 -0500] "GET /portaldeninos/wp-content/themes/betheme/assets/animations/animations.min.js?ver=20.9.6 HTTP/1.1" 200 1896
65.154.226.171 - - [16/Jul/2022:23:01:46 -0500] "GET /portaldeninos/wp-includes/js/wp-embed.min.js?ver=4.9.8 HTTP/1.1" 200 1398
65.154.226.171 - - [16/Jul/2022:23:01:46 -0500] "GET /portaldeninos/wp-includes/js/wp-emoji-release.min.js?ver=4.9.8 HTTP/1.1" 200 12026
65.154.226.171 - - [16/Jul/2022:23:01:46 -0500] "GET /portaldeninos/wp-content/themes/betheme/images/box_shadow.png HTTP/1.1" 200 108
65.154.226.171 - - [16/Jul/2022:23:01:46 -0500] "GET /portaldeninos/wp-content/themes/betheme/assets/jplayer/jplayer.min.js?ver=20.9.6 HTTP/1.1" 200 52702
65.154.226.171 - - [16/Jul/2022:23:01:46 -0500] "GET /portaldeninos/wp-content/themes/betheme/js/scripts.js?ver=20.9.6 HTTP/1.1" 200 77162
65.154.226.171 - - [16/Jul/2022:23:01:46 -0500] "GET /portaldeninos/wp-content/themes/betheme/fonts/mfn-icons.woff?93978679 HTTP/1.1" 200 80932
65.154.226.171 - - [16/Jul/2022:23:01:46 -0500] "GET /portaldeninos/wp-content/themes/betheme/js/plugins.js?ver=20.9.6 HTTP/1.1" 200 197151
65.154.226.171 - - [16/Jul/2022:23:01:47 -0500] "GET /portaldeninos/wp-content/themes/betheme/fonts/mfn-icons.ttf?93978679 HTTP/1.1" 200 124684
186.86.32.238 - - [16/Jul/2022:23:02:02 -0500] "-" 408 -
34.86.177.154 - - [16/Jul/2022:23:02:02 -0500] "-" 408 -
172.22.2.4 - - [16/Jul/2022:23:03:01 -0500] "GET /BLA/boletinlegal/Circulares/2011/Circular%20No.%202%20del%2031%20de%20Mayo%20de%202011.pdf HTTP/1.1" 304 -
172.22.2.4 - - [16/Jul/2022:23:01:57 -0500] "HEAD /BLA/boletinlegal/ HTTP/1.1" 200 -
216.245.221.92 - - [16/Jul/2022:23:03:55 -0500] "HEAD / HTTP/1.1" 200 -
172.22.2.4 - - [16/Jul/2022:23:02:47 -0500] "GET /BLA/boletinlegal/ HTTP/1.1" 200 60992
20.70.209.219 - - [16/Jul/2022:23:04:36 -0500] "-" 408 -
20.70.209.219 - - [16/Jul/2022:23:04:41 -0500] "-" 408 -
20.70.209.219 - - [16/Jul/2022:23:04:46 -0500] "-" 408 -
20.70.209.219 - - [16/Jul/2022:23:04:52 -0500] "-" 408 -
20.70.209.219 - - [16/Jul/2022:23:04:57 -0500] "-" 408 -
