40.77.167.65 - - [19/Jul/2022:18:42:32 -0500] "GET /galeria/galeria/fotos/Humedal-la-conejera2G.jpg HTTP/1.1" 200 298801
216.245.221.92 - - [19/Jul/2022:18:43:14 -0500] "HEAD / HTTP/1.1" 200 -
185.119.81.107 - - [19/Jul/2022:18:44:38 -0500] "GET /portaldeninos/wp-login.php HTTP/1.1" 200 2592
185.119.81.107 - - [19/Jul/2022:18:44:38 -0500] "POST /portaldeninos/wp-login.php HTTP/1.1" 200 3650
172.22.2.4 - - [19/Jul/2022:18:44:39 -0500] "GET /BLA/boletinlegal/style.css HTTP/1.1" 200 9406
172.22.2.4 - - [19/Jul/2022:18:44:39 -0500] "GET /BLA/boletinlegal/styles2.css HTTP/1.1" 200 1838
172.22.2.4 - - [19/Jul/2022:18:44:39 -0500] "GET /BLA/boletinlegal/js/jquery.js HTTP/1.1" 200 57254
172.22.2.4 - - [19/Jul/2022:18:44:39 -0500] "GET /BLA/boletinlegal/js/jquery.scrollTo-min.js HTTP/1.1" 200 1150
172.22.2.4 - - [19/Jul/2022:18:44:39 -0500] "GET /BLA/boletinlegal/js/jquery.scrollShow.js HTTP/1.1" 200 4586
172.22.2.4 - - [19/Jul/2022:18:44:39 -0500] "GET /BLA/boletinlegal/images/cabezote%20BLEGAL.jpg HTTP/1.1" 200 118164
172.22.2.4 - - [19/Jul/2022:18:44:40 -0500] "GET /BLA/boletinlegal/images/subscribe-icon-big.png HTTP/1.1" 200 47702
172.22.2.4 - - [19/Jul/2022:18:44:40 -0500] "GET /BLA/boletinlegal/images/registro-usuarios.png HTTP/1.1" 200 8106
172.22.2.4 - - [19/Jul/2022:18:44:40 -0500] "GET /BLA/boletinlegal/images/historia.png HTTP/1.1" 200 52775
172.22.2.4 - - [19/Jul/2022:18:44:40 -0500] "GET /BLA/boletinlegal/images/arr_l.jpg HTTP/1.1" 200 1979
172.22.2.4 - - [19/Jul/2022:18:44:40 -0500] "GET /BLA/boletinlegal/images/screen_1.png HTTP/1.1" 200 202547
172.22.2.4 - - [19/Jul/2022:18:44:40 -0500] "GET /BLA/boletinlegal/images/launch.jpg HTTP/1.1" 200 14577
172.22.2.4 - - [19/Jul/2022:18:44:46 -0500] "GET /BLA/boletinlegal/images/screen_2.png HTTP/1.1" 200 362502
172.22.2.4 - - [19/Jul/2022:18:44:46 -0500] "GET /BLA/boletinlegal/images/screen_3.png HTTP/1.1" 200 210620
172.22.2.4 - - [19/Jul/2022:18:44:46 -0500] "GET /BLA/boletinlegal/images/screen_5.png HTTP/1.1" 200 368876
172.22.2.4 - - [19/Jul/2022:18:44:46 -0500] "GET /BLA/boletinlegal/images/arr_r.jpg HTTP/1.1" 200 1998
172.22.2.4 - - [19/Jul/2022:18:44:54 -0500] "GET /BLA/boletinlegal/actos.php HTTP/1.1" 200 9559
172.22.2.4 - - [19/Jul/2022:18:44:54 -0500] "GET /BLA/boletinlegal/images/pdf.gif HTTP/1.1" 200 567
172.22.2.4 - - [19/Jul/2022:18:44:55 -0500] "GET /BLA/boletinlegal/js/ajax_actos.js HTTP/1.1" 200 1322
172.22.2.4 - - [19/Jul/2022:18:44:55 -0500] "GET /BLA/boletinlegal/niceforms-default.css HTTP/1.1" 200 6694
172.22.2.4 - - [19/Jul/2022:18:44:55 -0500] "GET /BLA/boletinlegal/niceforms.js HTTP/1.1" 200 22876
172.22.2.4 - - [19/Jul/2022:18:44:55 -0500] "GET /BLA/boletinlegal/js/lib.js HTTP/1.1" 200 6474
172.22.2.4 - - [19/Jul/2022:18:44:55 -0500] "GET /BLA/boletinlegal/js/popup.js HTTP/1.1" 200 1270
172.22.2.4 - - [19/Jul/2022:18:44:55 -0500] "GET /BLA/boletinlegal/js/jquery1.js HTTP/1.1" 200 29846
172.22.2.4 - - [19/Jul/2022:18:44:56 -0500] "GET /BLA/boletinlegal/images/green-yellow-blue-pink-th.png HTTP/1.1" 200 7394
172.22.2.4 - - [19/Jul/2022:18:44:56 -0500] "GET /BLA/boletinlegal/images/abajo.png HTTP/1.1" 200 96676
172.22.2.4 - - [19/Jul/2022:18:44:56 -0500] "GET /BLA/boletinlegal/images/tel.png HTTP/1.1" 200 14477
172.22.2.4 - - [19/Jul/2022:18:44:56 -0500] "GET /BLA/boletinlegal/images/icono-email.png HTTP/1.1" 200 5544
172.22.2.4 - - [19/Jul/2022:18:44:56 -0500] "GET /BLA/boletinlegal/images/body_bg.jpg HTTP/1.1" 200 1601
172.22.2.4 - - [19/Jul/2022:18:44:56 -0500] "GET /BLA/boletinlegal/images/menu_lft.gif HTTP/1.1" 200 1713
172.22.2.4 - - [19/Jul/2022:18:44:56 -0500] "GET /BLA/boletinlegal/images/menu_rght.gif HTTP/1.1" 200 1627
172.22.2.4 - - [19/Jul/2022:18:44:56 -0500] "GET /BLA/boletinlegal/images/bg_top.jpg HTTP/1.1" 200 522
172.22.2.4 - - [19/Jul/2022:18:44:56 -0500] "GET /BLA/boletinlegal/images/menu_bg.jpg HTTP/1.1" 200 620
172.22.2.4 - - [19/Jul/2022:18:44:56 -0500] "GET /BLA/boletinlegal/images/hover.jpg HTTP/1.1" 200 640
172.22.2.4 - - [19/Jul/2022:18:44:56 -0500] "GET /BLA/boletinlegal/images/text.jpg HTTP/1.1" 200 568
172.22.2.4 - - [19/Jul/2022:18:44:56 -0500] "GET /BLA/boletinlegal/images/footer_bg.jpg HTTP/1.1" 200 586
172.22.2.4 - - [19/Jul/2022:18:44:57 -0500] "GET /BLA/boletinlegal/images/footer_bg_l.jpg HTTP/1.1" 200 776
172.22.2.4 - - [19/Jul/2022:18:44:57 -0500] "GET /BLA/boletinlegal/img/0.png HTTP/1.1" 200 110
172.22.2.4 - - [19/Jul/2022:18:44:57 -0500] "GET /BLA/boletinlegal/img/select-left.png HTTP/1.1" 200 263
172.22.2.4 - - [19/Jul/2022:18:44:57 -0500] "GET /BLA/boletinlegal/img/select-right.png HTTP/1.1" 200 44019
172.22.2.4 - - [19/Jul/2022:18:44:57 -0500] "GET /BLA/boletinlegal/img/button-left.png HTTP/1.1" 200 57071
172.22.2.4 - - [19/Jul/2022:18:44:57 -0500] "GET /BLA/boletinlegal/img/button.png HTTP/1.1" 200 43241
172.22.2.4 - - [19/Jul/2022:18:44:57 -0500] "GET /BLA/boletinlegal/img/button-right.png HTTP/1.1" 200 57878
172.22.2.4 - - [19/Jul/2022:18:44:59 -0500] "GET /BLA/boletinlegal/favicon.ico HTTP/1.1" 404 1326
201.245.192.253 - - [19/Jul/2022:18:45:05 -0500] "POST /kwsrmcab/Wsrmcab  HTTP/1.1" 200 45399
172.22.2.4 - - [19/Jul/2022:18:45:16 -0500] "GET /BLA/boletinlegal/consulta_actos.php?tipo=autos&no=0200&usuario=&sector=&fecha=2011&resuelve= HTTP/1.1" 200 1092
186.154.31.154 - - [19/Jul/2022:18:45:21 -0500] "GET /BLA/resoluciones/AUTOS%202011/0200.pdf HTTP/1.1" 200 180243
186.154.31.154 - - [19/Jul/2022:18:45:21 -0500] "GET /favicon.ico HTTP/1.1" 200 7782
172.22.2.4 - - [19/Jul/2022:18:44:39 -0500] "GET /BLA/boletinlegal/ HTTP/1.1" 200 36811
69.171.249.20 - - [19/Jul/2022:18:46:43 -0500] "GET /bogota-tendra-una-nueva-reciclaton-empresarial.html HTTP/1.1" 206 886
66.249.73.191 - - [19/Jul/2022:18:46:59 -0500] "-" 408 -
172.22.2.4 - - [19/Jul/2022:18:45:45 -0500] "HEAD /BLA/boletinlegal/ HTTP/1.1" 200 -
201.245.192.253 - - [19/Jul/2022:18:47:31 -0500] "POST /sipse/faces/presentacion/financiero/solicitudProceso/consultarSolicitudProceso.xhtml HTTP/1.1" 302 -
201.245.192.253 - - [19/Jul/2022:18:47:31 -0500] "GET /sipse/faces/autenticacion.xhtml HTTP/1.1" 200 1099
201.245.192.253 - - [19/Jul/2022:18:47:31 -0500] "POST /sipse/faces/presentacion/financiero/solicitudProceso/consultarSolicitudProceso.xhtml HTTP/1.1" 302 -
201.245.192.253 - - [19/Jul/2022:18:47:31 -0500] "GET /sipse/faces/autenticacion.xhtml HTTP/1.1" 200 1099
201.245.192.253 - - [19/Jul/2022:18:47:31 -0500] "POST /sipse/faces/presentacion/financiero/solicitudProceso/consultarSolicitudProceso.xhtml HTTP/1.1" 302 -
201.245.192.253 - - [19/Jul/2022:18:47:31 -0500] "GET /sipse/faces/autenticacion.xhtml HTTP/1.1" 200 1099
201.245.192.253 - - [19/Jul/2022:18:47:32 -0500] "POST /sipse/faces/presentacion/financiero/solicitudProceso/consultarSolicitudProceso.xhtml HTTP/1.1" 302 -
201.245.192.253 - - [19/Jul/2022:18:47:32 -0500] "GET /sipse/faces/autenticacion.xhtml HTTP/1.1" 200 1099
201.245.192.253 - - [19/Jul/2022:18:47:32 -0500] "POST /sipse/faces/presentacion/financiero/solicitudProceso/consultarSolicitudProceso.xhtml HTTP/1.1" 302 -
201.245.192.253 - - [19/Jul/2022:18:47:32 -0500] "GET /sipse/faces/autenticacion.xhtml HTTP/1.1" 200 1099
201.245.192.253 - - [19/Jul/2022:18:47:32 -0500] "POST /sipse/faces/presentacion/financiero/solicitudProceso/consultarSolicitudProceso.xhtml HTTP/1.1" 302 -
201.245.192.253 - - [19/Jul/2022:18:47:32 -0500] "GET /sipse/faces/autenticacion.xhtml HTTP/1.1" 200 1099
201.245.192.253 - - [19/Jul/2022:18:47:34 -0500] "POST /sipse/faces/presentacion/financiero/solicitudProceso/consultarSolicitudProceso.xhtml HTTP/1.1" 302 -
201.245.192.253 - - [19/Jul/2022:18:47:34 -0500] "GET /sipse/faces/autenticacion.xhtml HTTP/1.1" 200 1099
201.245.192.253 - - [19/Jul/2022:18:47:34 -0500] "POST /sipse/faces/presentacion/financiero/solicitudProceso/consultarSolicitudProceso.xhtml HTTP/1.1" 302 -
201.245.192.253 - - [19/Jul/2022:18:47:34 -0500] "GET /sipse/faces/autenticacion.xhtml HTTP/1.1" 200 1099
201.245.192.253 - - [19/Jul/2022:18:47:34 -0500] "POST /sipse/faces/presentacion/financiero/solicitudProceso/consultarSolicitudProceso.xhtml HTTP/1.1" 302 -
201.245.192.253 - - [19/Jul/2022:18:47:34 -0500] "GET /sipse/faces/autenticacion.xhtml HTTP/1.1" 200 1099
201.245.192.253 - - [19/Jul/2022:18:47:39 -0500] "GET /sipse/faces/faces/index.xhtml HTTP/1.1" 200 677
201.245.192.253 - - [19/Jul/2022:18:47:39 -0500] "GET /sipse/faces/javax.faces.resource/theme.css?ln=primefaces-sipse HTTP/1.1" 304 -
201.245.192.253 - - [19/Jul/2022:18:47:39 -0500] "GET /sipse/faces/faces/faces/autenticacion.xhtml HTTP/1.1" 200 12178
201.245.192.253 - - [19/Jul/2022:18:47:39 -0500] "GET /sipse/js/disable_browser_buttons.js HTTP/1.1" 200 3230
201.245.192.253 - - [19/Jul/2022:18:47:39 -0500] "GET /sipse/js/funciones.js HTTP/1.1" 200 12592
201.245.192.253 - - [19/Jul/2022:18:47:39 -0500] "GET /sipse/css/custom_css_sg_prime_login.css HTTP/1.1" 200 443
201.245.192.253 - - [19/Jul/2022:18:47:39 -0500] "GET /sipse/faces/javax.faces.resource/primefaces.css?ln=primefaces&v=4.0 HTTP/1.1" 304 -
201.245.192.253 - - [19/Jul/2022:18:47:39 -0500] "GET /sipse/css/custom_css_sg.css HTTP/1.1" 200 9694
201.245.192.253 - - [19/Jul/2022:18:47:39 -0500] "GET /sipse/faces/javax.faces.resource/theme.css?ln=primefaces-sipse HTTP/1.1" 304 -
201.245.192.253 - - [19/Jul/2022:18:47:39 -0500] "GET /sipse/faces/javax.faces.resource/layout/layout.css?ln=primefaces&v=4.0 HTTP/1.1" 304 -
201.245.192.253 - - [19/Jul/2022:18:47:39 -0500] "GET /sipse/faces/javax.faces.resource/jquery/jquery.js?ln=primefaces&v=4.0 HTTP/1.1" 304 -
201.245.192.253 - - [19/Jul/2022:18:47:39 -0500] "GET /sipse/faces/javax.faces.resource/jquery/jquery-plugins.js?ln=primefaces&v=4.0 HTTP/1.1" 304 -
201.245.192.253 - - [19/Jul/2022:18:47:39 -0500] "GET /sipse/faces/javax.faces.resource/layout/layout.js?ln=primefaces&v=4.0 HTTP/1.1" 304 -
201.245.192.253 - - [19/Jul/2022:18:47:39 -0500] "GET /sipse/faces/javax.faces.resource/primefaces.js?ln=primefaces&v=4.0 HTTP/1.1" 304 -
201.245.192.253 - - [19/Jul/2022:18:47:40 -0500] "GET /sipse/faces/javax.faces.resource/images/ui-icons_898989_256x240.png?ln=primefaces-aristo HTTP/1.1" 304 -
201.245.192.253 - - [19/Jul/2022:18:47:39 -0500] "GET /sipse/css/imagen/loginimg.png HTTP/1.1" 200 71635
201.245.192.253 - - [19/Jul/2022:18:47:39 -0500] "GET /sipse/css/imagen/logoSDG.png HTTP/1.1" 200 53064
201.245.192.253 - - [19/Jul/2022:18:47:46 -0500] "POST /sipse/faces/autenticacion.xhtml HTTP/1.1" 200 2220
201.245.192.253 - - [19/Jul/2022:18:47:46 -0500] "GET /sipse/faces/javax.faces.resource/messages/messages.png?ln=primefaces&v=4.0 HTTP/1.1" 304 -
201.245.192.253 - - [19/Jul/2022:18:47:47 -0500] "POST /sipse/faces/autenticacion.xhtml HTTP/1.1" 200 16356
201.245.192.253 - - [19/Jul/2022:18:47:47 -0500] "GET /sipse/css/custom_css_sg_prime.css HTTP/1.1" 200 5201
201.245.192.253 - - [19/Jul/2022:18:47:47 -0500] "GET /sipse/faces/javax.faces.resource/theme.css?ln=primefaces-sipse HTTP/1.1" 304 -
201.245.192.253 - - [19/Jul/2022:18:47:47 -0500] "GET /sipse/faces/javax.faces.resource/primefaces.css?ln=primefaces&v=4.0 HTTP/1.1" 304 -
201.245.192.253 - - [19/Jul/2022:18:47:47 -0500] "GET /sipse/faces/javax.faces.resource/layout/layout.css?ln=primefaces&v=4.0 HTTP/1.1" 304 -
201.245.192.253 - - [19/Jul/2022:18:47:48 -0500] "GET /sipse/js/jquery.min.js HTTP/1.1" 200 85582
201.245.192.253 - - [19/Jul/2022:18:47:48 -0500] "GET /sipse/faces/javax.faces.resource/jquery/jquery.js?ln=primefaces&v=4.0 HTTP/1.1" 304 -
201.245.192.253 - - [19/Jul/2022:18:47:48 -0500] "GET /sipse/faces/javax.faces.resource/jquery/jquery-plugins.js?ln=primefaces&v=4.0 HTTP/1.1" 304 -
201.245.192.253 - - [19/Jul/2022:18:47:48 -0500] "GET /sipse/faces/javax.faces.resource/primefaces.js?ln=primefaces&v=4.0 HTTP/1.1" 304 -
201.245.192.253 - - [19/Jul/2022:18:47:48 -0500] "GET /sipse/faces/javax.faces.resource/layout/layout.js?ln=primefaces&v=4.0 HTTP/1.1" 304 -
201.245.192.253 - - [19/Jul/2022:18:47:48 -0500] "GET /sipse/imagenes/cargando.gif HTTP/1.1" 200 36959
201.245.192.253 - - [19/Jul/2022:18:47:48 -0500] "GET /sipse/css/imagen/contrasena.png HTTP/1.1" 404 383
201.245.192.253 - - [19/Jul/2022:18:47:48 -0500] "GET /sipse/imagenes/logoAplicacion.jpg HTTP/1.1" 200 155084
201.245.192.253 - - [19/Jul/2022:18:47:50 -0500] "GET /sipse/faces/javax.faces.resource/images/ui-bg_flat_0_2d5972_40x100.png?ln=primefaces-aristo HTTP/1.1" 304 -
201.245.192.253 - - [19/Jul/2022:18:47:50 -0500] "POST /sipse/faces/bienvenido.xhtml HTTP/1.1" 200 2658
201.245.192.253 - - [19/Jul/2022:18:47:51 -0500] "POST /sipse/faces/bienvenido.xhtml HTTP/1.1" 200 64034
201.245.192.253 - - [19/Jul/2022:18:47:51 -0500] "GET /sipse/faces/javax.faces.resource/primefaces.css?ln=primefaces&v=4.0 HTTP/1.1" 304 -
201.245.192.253 - - [19/Jul/2022:18:47:51 -0500] "GET /sipse/faces/javax.faces.resource/theme.css?ln=primefaces-sipse HTTP/1.1" 304 -
201.245.192.253 - - [19/Jul/2022:18:47:51 -0500] "GET /sipse/faces/javax.faces.resource/layout/layout.css?ln=primefaces&v=4.0 HTTP/1.1" 304 -
201.245.192.253 - - [19/Jul/2022:18:47:51 -0500] "GET /sipse/faces/javax.faces.resource/jquery/jquery.js?ln=primefaces&v=4.0 HTTP/1.1" 304 -
201.245.192.253 - - [19/Jul/2022:18:47:51 -0500] "GET /sipse/faces/javax.faces.resource/jquery/jquery-plugins.js?ln=primefaces&v=4.0 HTTP/1.1" 304 -
201.245.192.253 - - [19/Jul/2022:18:47:51 -0500] "GET /sipse/faces/javax.faces.resource/primefaces.js?ln=primefaces&v=4.0 HTTP/1.1" 304 -
201.245.192.253 - - [19/Jul/2022:18:47:51 -0500] "GET /sipse/faces/javax.faces.resource/layout/layout.js?ln=primefaces&v=4.0 HTTP/1.1" 304 -
201.245.192.253 - - [19/Jul/2022:18:47:52 -0500] "POST /sipse/faces/presentacion/financiero/solicitudProceso/listarSolicitudProceso.xhtml HTTP/1.1" 200 1552
216.245.221.92 - - [19/Jul/2022:18:48:14 -0500] "HEAD / HTTP/1.1" 200 -
172.22.2.4 - - [19/Jul/2022:18:46:35 -0500] "GET /BLA/boletinlegal/ HTTP/1.1" 200 53539
201.245.192.253 - - [19/Jul/2022:18:48:41 -0500] "POST /sipse/faces/presentacion/financiero/solicitudProceso/listarSolicitudProceso.xhtml HTTP/1.1" 200 110455
201.245.192.253 - - [19/Jul/2022:18:48:41 -0500] "GET /sipse/faces/javax.faces.resource/theme.css?ln=primefaces-sipse HTTP/1.1" 304 -
201.245.192.253 - - [19/Jul/2022:18:48:41 -0500] "GET /sipse/faces/javax.faces.resource/layout/layout.css?ln=primefaces&v=4.0 HTTP/1.1" 304 -
201.245.192.253 - - [19/Jul/2022:18:48:41 -0500] "GET /sipse/faces/javax.faces.resource/primefaces.css?ln=primefaces&v=4.0 HTTP/1.1" 304 -
201.245.192.253 - - [19/Jul/2022:18:48:41 -0500] "GET /sipse/faces/javax.faces.resource/jquery/jquery.js?ln=primefaces&v=4.0 HTTP/1.1" 304 -
201.245.192.253 - - [19/Jul/2022:18:48:41 -0500] "GET /sipse/faces/javax.faces.resource/jquery/jquery-plugins.js?ln=primefaces&v=4.0 HTTP/1.1" 304 -
201.245.192.253 - - [19/Jul/2022:18:48:41 -0500] "GET /sipse/faces/javax.faces.resource/primefaces.js?ln=primefaces&v=4.0 HTTP/1.1" 304 -
201.245.192.253 - - [19/Jul/2022:18:48:41 -0500] "GET /sipse/faces/javax.faces.resource/layout/layout.js?ln=primefaces&v=4.0 HTTP/1.1" 304 -
157.55.39.114 - - [19/Jul/2022:18:49:28 -0500] "GET /BLA/boletinlegal/Circulares/2019/Circular%20No.%200005%20del%2020%20de%20Marzo%20de%202019.pdf HTTP/1.1" 304 -
201.245.192.253 - - [19/Jul/2022:18:50:03 -0500] "POST /kwsrmcab/Wsrmcab  HTTP/1.1" 200 45399
201.245.192.253 - - [19/Jul/2022:18:50:18 -0500] "POST /sipse/faces/presentacion/financiero/solicitudProceso/consultarSolicitudProceso.xhtml HTTP/1.1" 200 68005
201.245.192.253 - - [19/Jul/2022:18:50:19 -0500] "GET /sipse/faces/javax.faces.resource/primefaces.css?ln=primefaces&v=4.0 HTTP/1.1" 304 -
201.245.192.253 - - [19/Jul/2022:18:50:19 -0500] "GET /sipse/faces/javax.faces.resource/theme.css?ln=primefaces-sipse HTTP/1.1" 304 -
201.245.192.253 - - [19/Jul/2022:18:50:19 -0500] "GET /sipse/faces/javax.faces.resource/jquery/jquery.js?ln=primefaces&v=4.0 HTTP/1.1" 304 -
201.245.192.253 - - [19/Jul/2022:18:50:19 -0500] "GET /sipse/faces/javax.faces.resource/layout/layout.css?ln=primefaces&v=4.0 HTTP/1.1" 304 -
201.245.192.253 - - [19/Jul/2022:18:50:19 -0500] "GET /sipse/faces/javax.faces.resource/jquery/jquery-plugins.js?ln=primefaces&v=4.0 HTTP/1.1" 304 -
201.245.192.253 - - [19/Jul/2022:18:50:19 -0500] "GET /sipse/faces/javax.faces.resource/layout/layout.js?ln=primefaces&v=4.0 HTTP/1.1" 304 -
201.245.192.253 - - [19/Jul/2022:18:50:19 -0500] "GET /sipse/faces/javax.faces.resource/primefaces.js?ln=primefaces&v=4.0 HTTP/1.1" 304 -
201.245.192.253 - - [19/Jul/2022:18:50:19 -0500] "GET /sipse/css/imagen/contrasena.png HTTP/1.1" 404 383
201.245.192.253 - - [19/Jul/2022:18:50:19 -0500] "GET /sipse/faces/javax.faces.resource/images/ui-icons_898989_256x240.png?ln=primefaces-aristo HTTP/1.1" 304 -
201.245.192.253 - - [19/Jul/2022:18:50:19 -0500] "GET /sipse/faces/javax.faces.resource/images/ui-bg_flat_0_2d5972_40x100.png?ln=primefaces-aristo HTTP/1.1" 304 -
201.245.192.253 - - [19/Jul/2022:18:50:19 -0500] "POST /sipse/faces/presentacion/financiero/solicitudProceso/listarSolicitudProceso.xhtml HTTP/1.1" 200 1552
201.245.192.253 - - [19/Jul/2022:18:50:19 -0500] "POST /sipse/faces/presentacion/financiero/solicitudProceso/listarSolicitudProceso.xhtml HTTP/1.1" 200 1548
201.245.192.253 - - [19/Jul/2022:18:50:29 -0500] "POST /sipse/faces/presentacion/financiero/solicitudProceso/listarSolicitudProceso.xhtml HTTP/1.1" 200 112332
201.245.192.253 - - [19/Jul/2022:18:50:30 -0500] "GET /sipse/faces/javax.faces.resource/theme.css?ln=primefaces-sipse HTTP/1.1" 304 -
201.245.192.253 - - [19/Jul/2022:18:50:30 -0500] "GET /sipse/faces/javax.faces.resource/primefaces.css?ln=primefaces&v=4.0 HTTP/1.1" 304 -
201.245.192.253 - - [19/Jul/2022:18:50:30 -0500] "GET /sipse/faces/javax.faces.resource/layout/layout.css?ln=primefaces&v=4.0 HTTP/1.1" 304 -
201.245.192.253 - - [19/Jul/2022:18:50:30 -0500] "GET /sipse/faces/javax.faces.resource/jquery/jquery.js?ln=primefaces&v=4.0 HTTP/1.1" 304 -
201.245.192.253 - - [19/Jul/2022:18:50:30 -0500] "GET /sipse/faces/javax.faces.resource/jquery/jquery-plugins.js?ln=primefaces&v=4.0 HTTP/1.1" 304 -
201.245.192.253 - - [19/Jul/2022:18:50:30 -0500] "GET /sipse/faces/javax.faces.resource/primefaces.js?ln=primefaces&v=4.0 HTTP/1.1" 304 -
201.245.192.253 - - [19/Jul/2022:18:50:30 -0500] "GET /sipse/faces/javax.faces.resource/layout/layout.js?ln=primefaces&v=4.0 HTTP/1.1" 304 -
172.22.2.4 - - [19/Jul/2022:18:51:02 -0500] "GET /BLA/boletinlegal/jurisprudencia/analisis/AnalisisC-746-12.docx HTTP/1.1" 200 22637
216.245.221.92 - - [19/Jul/2022:18:53:14 -0500] "HEAD / HTTP/1.1" 200 -
172.22.2.4 - - [19/Jul/2022:18:51:35 -0500] "HEAD /BLA/boletinlegal/ HTTP/1.1" 200 -
172.22.2.4 - - [19/Jul/2022:18:52:25 -0500] "GET /BLA/boletinlegal/ HTTP/1.1" 200 60992
201.245.192.253 - - [19/Jul/2022:18:55:02 -0500] "POST /kwsrmcab/Wsrmcab  HTTP/1.1" 200 45399
172.22.2.4 - - [19/Jul/2022:18:55:37 -0500] "GET /BLA/boletinlegal/style.css HTTP/1.1" 200 9406
172.22.2.4 - - [19/Jul/2022:18:55:37 -0500] "GET /BLA/boletinlegal/styles2.css HTTP/1.1" 200 1838
172.22.2.4 - - [19/Jul/2022:18:55:37 -0500] "GET /BLA/boletinlegal/js/jquery.scrollTo-min.js HTTP/1.1" 200 1150
172.22.2.4 - - [19/Jul/2022:18:55:37 -0500] "GET /BLA/boletinlegal/js/jquery.scrollShow.js HTTP/1.1" 200 4586
172.22.2.4 - - [19/Jul/2022:18:55:37 -0500] "GET /BLA/boletinlegal/js/jquery.js HTTP/1.1" 200 57254
172.22.2.4 - - [19/Jul/2022:18:55:37 -0500] "GET /BLA/boletinlegal/images/cabezote%20BLEGAL.jpg HTTP/1.1" 200 118164
172.22.2.4 - - [19/Jul/2022:18:55:37 -0500] "GET /BLA/boletinlegal/images/subscribe-icon-big.png HTTP/1.1" 200 47702
172.22.2.4 - - [19/Jul/2022:18:55:37 -0500] "GET /BLA/boletinlegal/images/registro-usuarios.png HTTP/1.1" 200 8106
172.22.2.4 - - [19/Jul/2022:18:55:37 -0500] "GET /BLA/boletinlegal/images/screen_1.png HTTP/1.1" 200 202547
172.22.2.4 - - [19/Jul/2022:18:55:37 -0500] "GET /BLA/boletinlegal/images/arr_l.jpg HTTP/1.1" 200 1979
172.22.2.4 - - [19/Jul/2022:18:55:37 -0500] "GET /BLA/boletinlegal/images/historia.png HTTP/1.1" 200 52775
172.22.2.4 - - [19/Jul/2022:18:55:37 -0500] "GET /BLA/boletinlegal/images/launch.jpg HTTP/1.1" 200 14577
172.22.2.4 - - [19/Jul/2022:18:55:37 -0500] "GET /BLA/boletinlegal/images/menu_lft.gif HTTP/1.1" 200 1713
172.22.2.4 - - [19/Jul/2022:18:55:37 -0500] "GET /BLA/boletinlegal/images/menu_rght.gif HTTP/1.1" 200 1627
172.22.2.4 - - [19/Jul/2022:18:55:37 -0500] "GET /BLA/boletinlegal/images/body_bg.jpg HTTP/1.1" 200 1601
172.22.2.4 - - [19/Jul/2022:18:55:37 -0500] "GET /BLA/boletinlegal/images/hover.jpg HTTP/1.1" 200 640
172.22.2.4 - - [19/Jul/2022:18:55:37 -0500] "GET /BLA/boletinlegal/images/menu_bg.jpg HTTP/1.1" 200 620
172.22.2.4 - - [19/Jul/2022:18:55:37 -0500] "GET /BLA/boletinlegal/images/text.jpg HTTP/1.1" 200 568
172.22.2.4 - - [19/Jul/2022:18:55:37 -0500] "GET /BLA/boletinlegal/images/bg_top.jpg HTTP/1.1" 200 522
172.22.2.4 - - [19/Jul/2022:18:55:43 -0500] "GET /BLA/boletinlegal/actos.php HTTP/1.1" 200 9559
172.22.2.4 - - [19/Jul/2022:18:55:43 -0500] "GET /BLA/boletinlegal/niceforms-default.css HTTP/1.1" 200 6694
172.22.2.4 - - [19/Jul/2022:18:55:43 -0500] "GET /BLA/boletinlegal/js/ajax_actos.js HTTP/1.1" 200 1322
172.22.2.4 - - [19/Jul/2022:18:55:43 -0500] "GET /BLA/boletinlegal/niceforms.js HTTP/1.1" 200 22876
172.22.2.4 - - [19/Jul/2022:18:55:43 -0500] "GET /BLA/boletinlegal/js/lib.js HTTP/1.1" 200 6474
172.22.2.4 - - [19/Jul/2022:18:55:43 -0500] "GET /BLA/boletinlegal/js/popup.js HTTP/1.1" 200 1270
172.22.2.4 - - [19/Jul/2022:18:55:43 -0500] "GET /BLA/boletinlegal/js/jquery1.js HTTP/1.1" 200 29846
172.22.2.4 - - [19/Jul/2022:18:55:43 -0500] "GET /BLA/boletinlegal/images/green-yellow-blue-pink-th.png HTTP/1.1" 200 7394
172.22.2.4 - - [19/Jul/2022:18:55:43 -0500] "GET /BLA/boletinlegal/images/abajo.png HTTP/1.1" 200 96676
172.22.2.4 - - [19/Jul/2022:18:55:43 -0500] "GET /BLA/boletinlegal/images/tel.png HTTP/1.1" 200 14477
172.22.2.4 - - [19/Jul/2022:18:55:43 -0500] "GET /BLA/boletinlegal/images/icono-email.png HTTP/1.1" 200 5544
172.22.2.4 - - [19/Jul/2022:18:55:43 -0500] "GET /BLA/boletinlegal/images/footer_bg.jpg HTTP/1.1" 200 586
172.22.2.4 - - [19/Jul/2022:18:55:44 -0500] "GET /BLA/boletinlegal/images/footer_bg_l.jpg HTTP/1.1" 200 776
172.22.2.4 - - [19/Jul/2022:18:55:44 -0500] "GET /BLA/boletinlegal/img/select-right.png HTTP/1.1" 200 44019
172.22.2.4 - - [19/Jul/2022:18:55:44 -0500] "GET /BLA/boletinlegal/img/button.png HTTP/1.1" 200 43241
172.22.2.4 - - [19/Jul/2022:18:55:44 -0500] "GET /BLA/boletinlegal/img/button-right.png HTTP/1.1" 200 57878
172.22.2.4 - - [19/Jul/2022:18:55:44 -0500] "GET /BLA/boletinlegal/img/select-left.png HTTP/1.1" 200 263
172.22.2.4 - - [19/Jul/2022:18:55:44 -0500] "GET /BLA/boletinlegal/img/0.png HTTP/1.1" 200 110
172.22.2.4 - - [19/Jul/2022:18:55:44 -0500] "GET /BLA/boletinlegal/img/button-left.png HTTP/1.1" 200 57071
172.22.2.4 - - [19/Jul/2022:18:55:44 -0500] "GET /BLA/boletinlegal/favicon.ico HTTP/1.1" 404 1326
186.102.40.162 - - [19/Jul/2022:18:55:48 -0500] "GET /kwssiamovil/sm/ldap/au?x=U2FsdGVkX19YxzvAZYiTdNBntqYGw4GW+7XgJV8j62z4TYtPJFv77Nr2EBs/7GzJ&y=U2FsdGVkX19pnQvDsNOw2AkVUPI1d6JUlrLx4N3Pr6q7LfKnG56Gwmml9c5xiFmp HTTP/1.1" 200 30
186.102.40.162 - - [19/Jul/2022:18:55:48 -0500] "GET /kwssiamovil/sm/acme/s?s=U2FsdGVkX18i6iWKHoluedvDmMg2xcmt3Q6v972++px8cOa+wzIoftHL3xk4QlyTjeA/vrwOzdbdSPKYVWmWDo4DzHDIOBQIFCihGUpZCk0=&u=U2FsdGVkX1+5F/uTqQIgu7mw/1n0I2OTHX2kHscE0ao=&y=U2FsdGVkX19pnQvDsNOw2AkVUPI1d6JUlrLx4N3Pr6q7LfKnG56Gwmml9c5xiFmp HTTP/1.1" 200 97
186.102.40.162 - - [19/Jul/2022:18:55:48 -0500] "GET /kwssiamovil/sm/acme/s?s=U2FsdGVkX18ZeSZh2gIafEXNCIAcpIoc92PZs2c4CsPHD3yS0JElQmaoDd6XC7/b/1W9aQreDrgyayxn7LQCGzQeyJcTmjpN6K9p7ru6XTXY5Z/yrrxGkjeI+EYknllip3G5brSifAW84K4GDDniY6rhbI7tdDkDlFdt/WYyLIiaU/0J//Bn1fc9xk1f4Y0TDQGyHQig6LovCf5OiOjPxA1b1lYlYs27Blwh2H7rWEDuXOgVzPYlZy3J4Jxhc1JsqpcoTi29TQRI+2whHPUsRKJV+GYd7tUTAtnO2Kz3o+vXD6oVuyZENHToVJIC+uH0cqkI+Waajk9GS3v1ogvyj5bfIdNP56pAZvaxLHl+kM7AOf4dVEImSkDyU4uvxMn67jSNWVRh0OsfkFQq+6EB0i5M/H4AKnVB8Qj67DV3biIM1cAC58VVg7mzcPe8Qwwf47M4sAjR2KhQse78p2UEEdLV+AlLJUUEzNsSK0EMF3D0cArz9GA/P6vqKU/Ztc+A0P9GWabExi/kx5UphsRyDoXYwbQ2xJNXiookQGg7+27xObNcSdyWNJA87If0C/nSRcUuRED5a/gTuSXEOzP+loFu5Mx3vYKUDrqSZ6KLgSrgX1Ekcv2FyNJ3kP/W6Hk5mH+Wtm21gejOZx/1yK4/RPPKRMCTFuw2/kuJFK9zhXXzLhAvXuGZSEdJWlbTLcL97LdlOszoF9nw0FfpP+uF0IBAyKhvo92YNDNsbSfnHraCp0InnF5UaHBgyHnwe1bEtsr0W5fjxLPR7YKF7SZ/JmQ4MfaKmqYVX/9V34w9v8k/RSd+rWBvhsi8ac5T1FN34WTaSmHF3LI7HbtzFEQJQj+z3ySd50K9YRk3Sep8eo0+oyYFnuDM3DgLhUsifTqVWJb4cKmVlJ/fbb+U65MEVmsYg0qi9ifKxgxXUHCn1Dm4thSBK3Z6KjuUC0f5uYe2u8cgk5AgTZvbO1Cslja4Q5FJcbKuAidCaYmezkYoUqlCVEmg5teV3gZqOV4uGJLT2ft5q2kcM1MA2VCA/22u01aardJnh203B13vcAQO9mqeHgrIQcA0BZjFhNgBbrPDVlaSNlxSmEVa7IJ0Jy2+e0wmMvDmqP9PdwAkhAgp+HWa9d2EXfM9Npt9jSh0kFaCZcnwKLynYHQXdUfHhkM9MDZ2TQsSVcWTPRp0X5PEIUPldv0KJ07KvARUSXLjDnTH5ftPeb4ShLVFhobH0S50Wiq04EDtr9GFlGl0kTctSYjVBLjEXyCGCXzO9A1IjVTGQD1ZsbG4NhQK5jyqoFNoSa+vkzdWh2hPIgnm4b/hfe0FT3yFAMfpt84Yb1mqRBT40R68E6uvl75BA/xXhdOjXBCIoz/4Bx9KEsAEr/N6dyc=&u=U2FsdGVkX1+5F/uTqQIgu7mw/1n0I2OTHX2kHscE0ao=&y=U2FsdGVkX19pnQvDsNOw2AkVUPI1d6JUlrLx4N3Pr6q7LfKnG56Gwmml9c5xiFmp HTTP/1.1" 200 3442
186.102.40.162 - - [19/Jul/2022:18:55:48 -0500] "GET /kwssiamovil/sm/acme/s?s=U2FsdGVkX1+XH888uFLbzBa35hWhlA52F+k4mJ8w6Mw4psXws9/KgPXtwQxWD08t9DIIJuwD50xdx8uTzzpiZ8WZA7Gj6zeeC3VCDI+nCd17Cu21xeIITJ0iYAGIuid5DnB8ZoVMFmkRLQmEcIpbmz93p9/3l2YhuWoh/ylffOl24zIl9ApLfROt6s8Fu8vTeADAcgqCTHr0rruOF9a0vHySK519h8n1yZw6/B0D9R0cyb/red0Ou8ggg/ua9DmlQU+Jyhb97XPGZPl/AleqSWb9sYdq5ZnYaYH8GKR+fxI=&u=U2FsdGVkX1+5F/uTqQIgu7mw/1n0I2OTHX2kHscE0ao=&y=U2FsdGVkX19pnQvDsNOw2AkVUPI1d6JUlrLx4N3Pr6q7LfKnG56Gwmml9c5xiFmp HTTP/1.1" 200 176
186.102.40.162 - - [19/Jul/2022:18:55:48 -0500] "GET /kwssiamovil/sm/cjson/pre?f=1&x=U2FsdGVkX19YxzvAZYiTdNBntqYGw4GW+7XgJV8j62z4TYtPJFv77Nr2EBs/7GzJ HTTP/1.1" 200 30992
172.22.2.4 - - [19/Jul/2022:18:55:37 -0500] "GET /BLA/boletinlegal/ HTTP/1.1" 200 24523
200.118.60.224 - - [19/Jul/2022:18:56:28 -0500] "GET /BLA/resoluciones/ HTTP/1.1" 200 13093
200.118.60.224 - - [19/Jul/2022:18:56:28 -0500] "GET /BLA/resoluciones/dlf/styles.css HTTP/1.1" 200 3049
200.118.60.224 - - [19/Jul/2022:18:56:28 -0500] "GET /BLA/resoluciones/dlf/folder.png HTTP/1.1" 200 410
200.118.60.224 - - [19/Jul/2022:18:56:28 -0500] "GET /BLA/resoluciones/dlf/bg.gif HTTP/1.1" 200 54
200.118.60.224 - - [19/Jul/2022:18:56:37 -0500] "GET /BLA/resoluciones/dlf/dirup.png HTTP/1.1" 200 644
200.118.60.224 - - [19/Jul/2022:18:56:37 -0500] "GET /BLA/resoluciones/dlf/pdf.gif HTTP/1.1" 200 272
200.118.60.224 - - [19/Jul/2022:18:56:37 -0500] "GET /BLA/resoluciones/dlf/unknown.png HTTP/1.1" 200 266
200.118.60.224 - - [19/Jul/2022:18:56:37 -0500] "GET /BLA/resoluciones/index.php?dir=AUTOS+2021%2F HTTP/1.1" 200 391044
69.171.249.16 - - [19/Jul/2022:18:56:54 -0500] "GET /secretaria-de-ambiente-abre-inscripciones-para-la-ruta-de-emprendimiento-verde-2022.html HTTP/1.1" 206 902
216.245.221.92 - - [19/Jul/2022:18:58:14 -0500] "HEAD / HTTP/1.1" 200 -
172.22.2.4 - - [19/Jul/2022:18:57:25 -0500] "HEAD /BLA/boletinlegal/ HTTP/1.1" 200 -
172.22.2.4 - - [19/Jul/2022:18:58:15 -0500] "GET /BLA/boletinlegal/ HTTP/1.1" 200 58491
201.245.192.253 - - [19/Jul/2022:19:00:01 -0500] "POST /kwsrmcab/Wsrmcab  HTTP/1.1" 200 45399
216.245.221.92 - - [19/Jul/2022:19:03:14 -0500] "HEAD / HTTP/1.1" 200 -
172.22.2.4 - - [19/Jul/2022:19:03:15 -0500] "HEAD /BLA/boletinlegal/ HTTP/1.1" 200 -
201.245.192.253 - - [19/Jul/2022:19:05:00 -0500] "POST /kwsrmcab/Wsrmcab  HTTP/1.1" 200 45399
172.22.2.4 - - [19/Jul/2022:19:04:05 -0500] "GET /BLA/boletinlegal/ HTTP/1.1" 200 54767
172.22.2.4 - - [19/Jul/2022:19:08:03 -0500] "GET /BLA/boletinlegal/Circulares/2009/Circular%20No.%2035%20del%2024%20de%20Diciembre%20de%202009.pdf HTTP/1.1" 200 578234
216.245.221.92 - - [19/Jul/2022:19:08:14 -0500] "HEAD / HTTP/1.1" 200 -
186.84.90.91 - - [19/Jul/2022:19:09:43 -0500] "GET /kwssiamovil/sm/acme/a?s=U2FsdGVkX1+01bs3LY7zIYVQv4OBZDzZwW0OXuQ/KwWEWQTYg8kwTOkbtDLxXyqLIShRweqwmCUacM/NY93TeTU0YYfeNBXdgqkyvAfS8bZU9cUqpCVFBqj2irR/nQc6FMMeWwYCOWQ8p7A8rt3XF2B1kER3g1iXzIWGIs78pdj6/5O0Qr99XmbNM7+hUqnHReohhLgT9c6Xe0h4VW8ZsLQhpXxT2S+0cwXAZWFh8GSot95+wsvlnUysqY5VCjzj9u9CcglPPfHU7XyFv+MMJg==&u=U2FsdGVkX1/3bn/egS+2t54NrlYWbGw5figJLYK1qDs=&y=U2FsdGVkX18je96Cur21RKwC2ho9vxJ3lv49G/Ta5fKtPtI6sHPRZ66ssnr/15b9 HTTP/1.1" 200 25
186.84.90.91 - - [19/Jul/2022:19:09:43 -0500] "GET /kwssiamovil/sm/acme/a?s=U2FsdGVkX18WNAQHkm6M/n2Ugf6m9g6B1+z1R5w2NAAuIGiha8SNLT2ldhAglBCoATCdWIpmMpV3H+aScTyVjBmhF9NRPpUKy9YQr0skupOwlD9nKrQ9/HB8CTBcAAYBH4b0Pc146N5SC0TepTdgGFItcczAbMrZ9R1glvaBQfcgexYqW6fwZa3UBbtOmRr/Y2foF8OUOGU84EvYv66p3nX/8nzLfJ68TANziaTBI57DFPD/X7urL0Cf7Pn5PKNgWIU0dbHvK4v4YffrKGhilwfPTj9KtkP2YogqkAW+6pH+FoieQ5OUqjho5V2P05w2oaGw6JKLza3xPB08GTe5J+CS6YoGimDZSwI3p5xTyriFFTQNY1+gdwNYDRZuK32SHFVO3J/9lvP4WGKuSjDwcAaGrUp1Zgwlu5TrVDrEVyMzN3b7zDk8rp/YkPoAwgmgX06X9E9ZQ+Awtrr/PUFXW5i7rNJvQbPIZIPOg/D4s5F09eBET2egJFHPKzG7WTJBWtu3ZZ0aAMe2yEfBdNnRZvGes9VKo8ooDPHNcV5ey72pnWkWorgFJ9nQrPXIyAGD7WwCag8ZUYYqgStMnX2aSqmACZfqKfb6+5otkcjxllByhxmoyu8CiTOznxPGTHbIiP7r8zvHCzc6uT5eN8u+TLz9L8K6kBnhd+Y3zygVhObvS3XMh8gcVWrw4YKjsFocNyAvjywqZraO0DPCcn/3pPa7mov0hlKpulf9gDRvu9wHRNUZe7gTrEfxk2o/Aa3dqp3FRAZL2uIaTt3yoysxB/65FPRDJJg1yOh3H06nOPIu04IHdF7LZGmA8gEJkV0K/8nT8ISZwiDo35dBxbl9dPNGyjf34lPCQ4innqMt9CMpNPFGI5DZqJlB2w4p0bi+D/r9AiCuimJlyn8eR6LcoRkoSl94e2qQbrplk6BrEA7BZebHVgFTHros8FRmTU2vbqZSE29jzpX8pG/qZZBK7/gLDyLdN/iEXYsib//HVkJFS17eRaTWKWZuSpVfh5jZcX0Ef/8wl1HF4hPIueB0BWFkEzkdfpxbkPW6jwmlXhigtlNpgy7H2DkhfXPK+6SZJvwi48p+RP1v2Z8s8e7FETSh4amvbWmkWSGacAwAoz9zdIzdgzkjxW/OZiVTJtFvOBOPKrQqQcukIqRWtYVex/btf8p66/XROHq3iMkZp/A/0iOxhFp6KkKbEqDcS+TWrZzlIMHwXirIYXGYMJdefKH5clO/Sy8jxgu6eVqt8USZ+eqsNXT5cmFjsmWQPK+xxItTf6dzIio0qHDKAKIqljMqzod/Phj1St2hWmE39XyOzZj9wSSPmAO7G7/KNkez5+iPU99xet/TOt20tYIC6FOg8pRIhrdM14D8V9Wh886ZYchmR/OFipvW7qPni1bVnKQF9o/DEYqqszknk24cDCghpsIHR+OPWbMZb7T1M9s9+an8SG3cfJZZoaLju+cbjzHhcvVjj8XJ32co5VCZqj/s5AfmPDSq6n8anoHIK6RF0OvbNZvTrDGpB0/zMco91mRiPRm00AiUh5J4WimcuZ8XfsDHz1qHpHIf9B8OwMvJeiBeO07H2c9cd8NKYJTcgN3CKQab1AV6s0vV+JWFPhO1nk9s/YoBJ2/zyih6ul1tkeJJetsGa1c+EzpTC+cT+KnzthfBHpqi7Lk/9tLb25hCtZmlhfg5Anm7HqPEDX/kRzaufeCAmV3eg8Nj+WoC8/4rH1uGjSRSnijixE0jcj9y9Or6QHtdqDUkWy3kwV/z86b2q4SyrzpSHjxJ/XvmcJOtMAMpri6y+yWX+d1KB/KLUNWhhprk8fv28+SFH0176vsMklyE5RdVqDuvAMQG+awjWx2Ekt+XMbFX6FZD/9dcARERKpjT8pnSdo2KuyuV2oHw4kV4GBXGsx7RkWINCY1d+Of+oiyhK9hk0Wv4Uz2XmKOOQfACjjsersgjSEEJ4cd0A4q+ErPAgi6B9+98G2r5YJwHlzKoCBu1bTkiVqnA64kkJ7Yy70ZyaQuBAEKDsdFtUOvKVvb3HQpKIhTVa+0zCSfRuu8+vbScFT6lzyjD9wWG7sgdsLMPj16xxpMwT0wogjvcjUuG4NBNTpgnurcphjKCOvX0B4KjKVrp2bRKfm8adEDoOj72yeCSeN9aPhnYT3pCcMr/HNc0bdhqqzgRgDR1AC5EFQf5odrg4SD5QsDIT8ZAtTq1vU6y8+GbD7S1KbyHBBU1YS9Qb46x+/qZwTdhp3dEUy5hclyClx4kmTY056+Zz1Q3/4BGZJdSBPHOFl1jwFGs1fv0TJ9JA700g3xmbgvG/UIvUOn5gXUYnvHo3NFSSo/81Gl1dCCzNhtZg0fYwyFJWPEwo9dr8aScatWCt91AMII6L/QJeJRidiz8CiSW6oe8gKd+Sc9p/3nuLNA/7YhyO1HOpal/J6nGPk7ALTxavPFZbNVK20wbO3VWHvhD8ZREUX3tFdgDbq1BMf++OuH25egDMWCAVnlaNzqxmz/IflFSSzfGXWUxJ16xL+2e8xFppKKCAP0s9cKT4FSFaXSjoW7iZJ2askMk9l2wGp4F078qY0Pxs/AL0/H3Lw+EesG81s3h5/N2Siv9Guz+bytYCz2A1owpBiWfFIZXs0k7SmBjZT8UWLPtS4pcqK5n+LcTFrr+HHmBT5eL1XVOzKyTGIm3fyaW9lBvjGgg0cvDoHulfBN1PGz0jMWcldoIAGxCeJM6YPpuWGxZPk0uL4XuJrk1agquBrsWP32+cAqFAHO7gRuhsvU6ZAZvp1k59HCEx4cy3owvw/YQF6Uuz5hu0ZlfjU379RGm9kgOAK0FbjgVugXtYWEvyVDdnnjcLceP/PacJgngl7R0SU5ol5WsT8flvBaZwxI9FAtCBH6PXO9HJr5z3LR+DWjMWsdRez8x14gCzPK3RxgDTGPmWd7a3x5RdXcbsfLoeA/dtviXP9k7b4liip52izL5pdv3E+lzLKNZENcmkAGhe437A57k0DmWvsaNHsGZNoVB25eNWgI3ZoTHh4dWHBP0qnNPBDGJj8TrrlYrjWnQ7b3DwKGs0Us71faN+My0P3yFTZkka1i+X+KgzUZjdAfe/5LdHD5GUHAGwJz97ku6DOFnQts2wW2cgHodfYPZBOZtGMNFNEA6z46sFVfjlQA2+1+UzO9jXLQXN4UecfJcBMt8iQWUn4LUMCDUycWY6lXe1DB3DYthM+9wyEkLh2Ns6NFqEvc1FgudkDwSRapUTMip77ePm72iVL2bnS6gix2QPKdOfCfXsf3M+xwQjZ2v1wHQy9HT135f45R/UAPQ2I8KqBoc6ibKCCmutvi5Z+UQ/8lP1TUg8T22TOXI4x3g9KsTEc4b+TvzfJ+Lq/PhHT772pWYh6Yan0zR0/df+E5rzNoib1LlaWMVNf2xsVQUm0+m7zfV4+jVapvwXNBpssddSuLyHDRYobb8Foe28D2AAI9m73sSq7S1aa1rQjOw3+ZVZj5EH8ZjzWS/oWCBRpMNUFfpG42VBClL&u=U2FsdGVkX1/3bn/egS+2t54NrlYWbGw5figJLYK1qDs=&y=U2FsdGVkX18je96Cur21RKwC2ho9vxJ3lv49G/Ta5fKtPtI6sHPRZ66ssnr/15b9 HTTP/1.1" 200 25
186.84.90.91 - - [19/Jul/2022:19:09:43 -0500] "GET /kwssiamovil/sm/acme/a?s=U2FsdGVkX19VBubqbPGptdCW23Rf9myQ9aTUNPitxe985ABk+e+JiCw0Yt9sUO1Yg6XJnKWPzGK1O2SJFENE7F7tEvYd8kc4ZpRCPuCH1gypYTVfYS3Djq2+yFDpk7bQRNQCr6rwmuipWMw3YUWvAs9RQnPY8D/7Wo6dA9scOhc=&u=U2FsdGVkX1/3bn/egS+2t54NrlYWbGw5figJLYK1qDs=&y=U2FsdGVkX18je96Cur21RKwC2ho9vxJ3lv49G/Ta5fKtPtI6sHPRZ66ssnr/15b9 HTTP/1.1" 200 25
186.84.90.91 - - [19/Jul/2022:19:09:44 -0500] "GET /kwssiamovil/sm/acme/a?s=U2FsdGVkX18912wAbTgERaELJAvA88OTkl5FAkG5hAPvrfmXYRU7uhS5Y47omQPb/yCMG9maxTMCnqyYY3lXNQiuc12q5zCodnu927P9SoVoyPGcqP3unPn5ZX5u5iB0X5F3RY050J1GL+sJZrpWwozEbQQ2Q91gTfSMeCBCx5c=&u=U2FsdGVkX1/3bn/egS+2t54NrlYWbGw5figJLYK1qDs=&y=U2FsdGVkX18je96Cur21RKwC2ho9vxJ3lv49G/Ta5fKtPtI6sHPRZ66ssnr/15b9 HTTP/1.1" 200 25
186.84.90.91 - - [19/Jul/2022:19:09:44 -0500] "GET /kwssiamovil/sm/acme/a?s=U2FsdGVkX19gaOzvg4gmxuENT5tK1oGLybYdGPY/A4zb6z7nGsn9na8GNJ3AMfWPLtVtV8b7y22TnPMWFHSANW6eC/ur20GlGiM4Cw69gnbAmQiU8Z/4+/Nvt0padI5+bPRyB+envfq4w1cBjRfbJ9/H170o4mFbC1G1wplu2VE=&u=U2FsdGVkX1/3bn/egS+2t54NrlYWbGw5figJLYK1qDs=&y=U2FsdGVkX18je96Cur21RKwC2ho9vxJ3lv49G/Ta5fKtPtI6sHPRZ66ssnr/15b9 HTTP/1.1" 200 25
186.84.90.91 - - [19/Jul/2022:19:09:44 -0500] "GET /kwssiamovil/sm/acme/a?s=U2FsdGVkX1+EROQEKCJ/88eYuT1/NJuDzbRz9MOZN4njqr4ojuRsjOux8kRf8lQAhydSKqZ8G1ydkwCEi0Ft1tpwVL4hgq9lmHU5BbcS4ha3VKhPvgSQDDVnfa9QtkkplxFjN5WIwmoQ5fbBBVPeNuSgHxH+okBtyRi/0XhDsd9DDBDaul98mP3FsgWxDJRp&u=U2FsdGVkX1/3bn/egS+2t54NrlYWbGw5figJLYK1qDs=&y=U2FsdGVkX18je96Cur21RKwC2ho9vxJ3lv49G/Ta5fKtPtI6sHPRZ66ssnr/15b9 HTTP/1.1" 200 25
201.245.192.253 - - [19/Jul/2022:19:09:59 -0500] "POST /kwsrmcab/Wsrmcab  HTTP/1.1" 200 45399
172.22.2.4 - - [19/Jul/2022:19:09:05 -0500] "HEAD /BLA/boletinlegal/ HTTP/1.1" 200 -
172.22.2.4 - - [19/Jul/2022:19:09:55 -0500] "GET /BLA/boletinlegal/ HTTP/1.1" 200 52826
186.102.4.204 - - [19/Jul/2022:19:11:50 -0500] "GET /kwssiamovil/sm/ldap/au?x=U2FsdGVkX1+iM0AeE1TPsu4y4QfF9G4HFKlTgLQNgWDf3C3spDphw/tHjjqtCEOr&y=U2FsdGVkX1+dldtYrz6juy6Imf+u2NeZzTPhhcGPXw7XJ57q8KKLEdorY+NM8rmG HTTP/1.1" 200 30
186.102.4.204 - - [19/Jul/2022:19:11:50 -0500] "GET /kwssiamovil/sm/acme/s?s=U2FsdGVkX19e31sMiWKAZEj8/vhAx5UioJEmgnCg3Y9dhfYsrz/AIbtGyto93DTSNmI0AgTvasshfpjMUlFM+unZXCLhnTUyjTIrv93wRaE=&u=U2FsdGVkX1/A5VNDEo3owurlUtz5LCgyEhXYJoaKvnJ6ZTxfs/Y2EJlott9+/XMl&y=U2FsdGVkX1+dldtYrz6juy6Imf+u2NeZzTPhhcGPXw7XJ57q8KKLEdorY+NM8rmG HTTP/1.1" 200 97
186.102.4.204 - - [19/Jul/2022:19:11:50 -0500] "GET /kwssiamovil/sm/acme/s?s=U2FsdGVkX1/gv3Pvk/EWXHyHliJEr7mmxOjkg53PqZn+vhvullpuwkbf0EGVkIPy7h1RUFN/+Gf9XQPxSlNYK3AE1woaJfxNHy2AsKlGdMxWKl/QWuk/93jky97y+JUWSmtKTK7NndBau7MbGbL8p5MqtfzSbPJ0fcVmRiBOfK8l7IxdDtJexva5HM1YHy9yw9rN4sBMWK/4xyZJ1fPu3nQZm3tjlGbN2fhXgmkaunh6eKIrXgn+ILqfw2fKLN/jg/1AbnGsZYvwdlnDcYc0WACME/iEaWNYQIN8/jh4yK22O65o9DRhZ9OldIqsfGAb6IDWwhtroP0CGgM8W7+52BsrYyPMVQPibIFhr92YBA4QSQrA9D7rABux9fB8x81pAavTT1kDHqglNYHl9huAYOfVwVPU81jwWJ4klQEcQlVR2ZNPY92C3LM5xgCE3hKyBGDPnqAXeZS5X64fVE/vnxaiy08MzXdl+IRT8A6uVXpD0vi7xnI1G5vBKUoO8G5htRnjCVRaFfIllFwrDZGSvh3in3HcxGs6SPvXjPAmqkDpT1R1mdsBEBT3JXyFPPKtQA3Y8peA4/ShcnYH/NOVT1z30oxHO1OKQfcUilyviTDNss4YG2IjRSGG8KibFmzkdjQhCTR6ZMzxZn6KPr3tq9W7YL9SJvN+grHwsa4MlLaKiTtNS/kKjpWqzltAczJTO7XpNzH3US94h29vqxeBbFHIUfPJGJdwaKeyq5yFy3RCZv8GL18MKs5YEvFgMztLWVIFTXBoy6PxdPtqv0POuNpbp+LzInA+Inru3m6Pncu1vxP8y7n8BgsRBER/ESWh40PusN1Ts+uQdNSy851L6vYKXW9x9GAqA3y/QNmpX++dKSZb1k1/G2npV6BF5B4hNhM1/YHAu5h3W46Kmm8JvD2hEL5iy1tiEvfT9BpAR+U+Trs4XaW6k7mqg+h0uPEWReGLXoG4RZQSym+k3onrdIPc2zmpnbWni1SjGYzM+W2ooovteNl8V6Rxha9nUyXMRAQLsc9pY5CzhRi6zAEr3pwuwtpGl/5mx8F+6sHymOYMOpfJgybeC+0cCsH6QMe0U2qQdO6xvwAZKtT2/Z/2aX0xudkZSr8/kQRbhWEVHW/dKe+qa7QENe3B/X+UWu2eQ/A5+8YCCQBOvrNAGiaMavhLFb7e8KB37aV09+rLxG7QixF5fgSJeR9Ol9aEtlY2zOl1LK6ZYpylvPBdwQOGQUHXvh+iKzseb++0Kx0KIpwHIK1zpyl51LrvK7CogqRBt2tzaygMHTLp7iSFsNlv+LJl+GNyHHbsBZcx1e0JRSTzasoTDWfq67eohneNJ8DSl+6kSCwOwlTPin4913ib/8eBH19KJcgXlY67L5MJMAg=&u=U2FsdGVkX1/A5VNDEo3owurlUtz5LCgyEhXYJoaKvnJ6ZTxfs/Y2EJlott9+/XMl&y=U2FsdGVkX1+dldtYrz6juy6Imf+u2NeZzTPhhcGPXw7XJ57q8KKLEdorY+NM8rmG HTTP/1.1" 200 3924
186.102.4.204 - - [19/Jul/2022:19:11:50 -0500] "GET /kwssiamovil/sm/acme/s?s=U2FsdGVkX18e2ajkvMrv3vHl8hlllTePV+wsqWJNW6cCyzPd38nDEKfkrpco+MlDcyZAUZnGQnuW3WE2zAosPzQN7Ypec5C9uOUHiLFCdUnCj1TdXWBOJDz6Mp59PmrXEov4wQPgdMkrA+kwvcPx0DcZsuLktgsqoRASP5ymuutyUKT71jkh+304XcyaoxY1+5fIXQ6GdVvNy9RopiJASuGQG7pDgkCxg/a9W2PsNtkYQoPdHHKzK/YNJfMEHdyEI+Y51R6y78TOehziXhvBiSblwlQmo0c2GEKncVQcpwc=&u=U2FsdGVkX1/A5VNDEo3owurlUtz5LCgyEhXYJoaKvnJ6ZTxfs/Y2EJlott9+/XMl&y=U2FsdGVkX1+dldtYrz6juy6Imf+u2NeZzTPhhcGPXw7XJ57q8KKLEdorY+NM8rmG HTTP/1.1" 200 176
186.102.4.204 - - [19/Jul/2022:19:11:50 -0500] "GET /kwssiamovil/sm/cjson/pre?f=1&x=U2FsdGVkX1+iM0AeE1TPsu4y4QfF9G4HFKlTgLQNgWDf3C3spDphw/tHjjqtCEOr HTTP/1.1" 200 30992
216.245.221.92 - - [19/Jul/2022:19:13:14 -0500] "HEAD / HTTP/1.1" 200 -
201.245.192.253 - - [19/Jul/2022:19:14:58 -0500] "POST /kwsrmcab/Wsrmcab  HTTP/1.1" 200 45399
172.22.2.4 - - [19/Jul/2022:19:14:55 -0500] "HEAD /BLA/boletinlegal/ HTTP/1.1" 200 -
173.252.83.118 - - [19/Jul/2022:19:16:36 -0500] "GET /images/pieza-grafica-semana-ambiental-30.jpg HTTP/1.1" 200 38850
66.249.73.161 - - [19/Jul/2022:19:16:59 -0500] "-" 408 -
172.22.2.4 - - [19/Jul/2022:19:15:45 -0500] "GET /BLA/boletinlegal/ HTTP/1.1" 200 58491
185.119.81.105 - - [19/Jul/2022:19:18:05 -0500] "GET /portaldeninos/wp-login.php HTTP/1.1" 200 2592
185.119.81.105 - - [19/Jul/2022:19:18:05 -0500] "POST /portaldeninos/wp-login.php HTTP/1.1" 200 3605
216.245.221.92 - - [19/Jul/2022:19:18:14 -0500] "HEAD / HTTP/1.1" 200 -
172.22.2.4 - - [19/Jul/2022:19:18:18 -0500] "GET /BLA/boletinlegal/jurisprudencia/analisis/ANALISIST-672-14.docx HTTP/1.1" 200 22530
201.245.192.253 - - [19/Jul/2022:19:19:57 -0500] "POST /kwsrmcab/Wsrmcab  HTTP/1.1" 200 45399
201.245.192.253 - - [19/Jul/2022:19:20:28 -0500] "POST /kwsrmcab/Wsrmcab HTTP/1.1" 200 45946
201.245.192.253 - - [19/Jul/2022:19:20:32 -0500] "POST /kwsrmcab/Wsrmcab HTTP/1.1" 200 47079
172.22.2.4 - - [19/Jul/2022:19:20:45 -0500] "HEAD /BLA/boletinlegal/ HTTP/1.1" 200 -
69.171.251.7 - - [19/Jul/2022:19:22:46 -0500] "GET /images/jornadas-llantas-usadas-23-mayo.jpg HTTP/1.1" 200 148376
173.252.107.16 - - [19/Jul/2022:19:22:58 -0500] "GET /sumate-a-las-jornadas-de-recoleccion-de-llantas-de-esta-semana.html HTTP/1.1" 206 787
216.245.221.92 - - [19/Jul/2022:19:23:14 -0500] "HEAD / HTTP/1.1" 200 -
69.171.231.1 - - [19/Jul/2022:19:23:14 -0500] "GET /images/Animales1.jpeg HTTP/1.1" 200 76841
172.22.2.4 - - [19/Jul/2022:19:21:35 -0500] "GET /BLA/boletinlegal/ HTTP/1.1" 200 58122
173.252.107.1 - - [19/Jul/2022:19:23:25 -0500] "GET /somos-pioneros-en-la-inclusion-de-los-animales-de-compania-en-protocolos-de-emergencia.html HTTP/1.1" 206 1373
201.245.192.253 - - [19/Jul/2022:19:24:57 -0500] "POST /kwsrmcab/Wsrmcab  HTTP/1.1" 200 45399
5.188.210.227 - - [19/Jul/2022:19:26:02 -0500] "GET http://5.188.210.227/echo.php HTTP/1.1" 404 1151
216.245.221.92 - - [19/Jul/2022:19:28:14 -0500] "HEAD / HTTP/1.1" 200 -
172.22.2.4 - - [19/Jul/2022:19:26:35 -0500] "HEAD /BLA/boletinlegal/ HTTP/1.1" 200 -
172.22.2.4 - - [19/Jul/2022:19:27:26 -0500] "GET /BLA/boletinlegal/ HTTP/1.1" 200 58491
201.245.192.253 - - [19/Jul/2022:19:29:55 -0500] "POST /kwsrmcab/Wsrmcab  HTTP/1.1" 200 45399
172.22.2.4 - - [19/Jul/2022:19:30:06 -0500] "GET /BLA/boletinlegal/jurisprudencia/analisis/Analisis%20Sentencia%20T-1077,%202%20corregida.doc HTTP/1.1" 304 -
201.245.192.253 - - [19/Jul/2022:19:30:28 -0500] "POST /kwsrmcab/Wsrmcab HTTP/1.1" 200 45946
201.245.192.253 - - [19/Jul/2022:19:30:32 -0500] "POST /kwsrmcab/Wsrmcab HTTP/1.1" 200 47079
172.22.2.4 - - [19/Jul/2022:19:32:52 -0500] "GET /BLA/boletinlegal/jurisprudencia/analisis/G__Jurisp.%20Junio%202014_Sent%20Tutela%20Drumond.docx HTTP/1.1" 200 25380
216.245.221.92 - - [19/Jul/2022:19:33:14 -0500] "HEAD / HTTP/1.1" 200 -
172.22.2.4 - - [19/Jul/2022:19:32:25 -0500] "HEAD /BLA/boletinlegal/ HTTP/1.1" 200 -
172.22.2.4 - - [19/Jul/2022:19:33:15 -0500] "GET /BLA/boletinlegal/ HTTP/1.1" 200 60410
201.245.192.253 - - [19/Jul/2022:19:34:54 -0500] "POST /kwsrmcab/Wsrmcab  HTTP/1.1" 200 45399
185.119.81.109 - - [19/Jul/2022:19:34:58 -0500] "GET /portaldeninos/wp-login.php HTTP/1.1" 200 2592
185.119.81.109 - - [19/Jul/2022:19:34:59 -0500] "POST /portaldeninos/wp-login.php HTTP/1.1" 200 3605
216.245.221.92 - - [19/Jul/2022:19:38:14 -0500] "HEAD / HTTP/1.1" 200 -
172.22.2.4 - - [19/Jul/2022:19:38:15 -0500] "HEAD /BLA/boletinlegal/ HTTP/1.1" 200 -
201.245.192.253 - - [19/Jul/2022:19:39:53 -0500] "POST /kwsrmcab/Wsrmcab  HTTP/1.1" 200 45399
201.245.192.253 - - [19/Jul/2022:19:40:28 -0500] "POST /kwsrmcab/Wsrmcab HTTP/1.1" 200 45946
201.245.192.253 - - [19/Jul/2022:19:40:32 -0500] "POST /kwsrmcab/Wsrmcab HTTP/1.1" 200 47079
172.22.2.4 - - [19/Jul/2022:19:39:05 -0500] "GET /BLA/boletinlegal/ HTTP/1.1" 200 52826
173.252.95.120 - - [19/Jul/2022:19:40:55 -0500] "GET /en-el-dia-mundial-de-la-educacion-ambiental-bogota-condecora-a-docentes-lideres-artistas-organizaciones-y-empresas.html HTTP/1.1" 206 1075
216.245.221.92 - - [19/Jul/2022:19:43:14 -0500] "HEAD / HTTP/1.1" 200 -
172.22.2.4 - - [19/Jul/2022:19:44:45 -0500] "GET /BLA/boletinlegal/Directivas/2018/Directiva%20No.%2023%20del%2026%20de%20diciembre%20de%202018.pdf HTTP/1.1" 200 481134
201.245.192.253 - - [19/Jul/2022:19:44:52 -0500] "POST /kwsrmcab/Wsrmcab  HTTP/1.1" 200 45399
172.22.2.4 - - [19/Jul/2022:19:44:05 -0500] "HEAD /BLA/boletinlegal/ HTTP/1.1" 200 -
207.46.13.20 - - [19/Jul/2022:19:46:07 -0500] "GET /galeria/carrusel/Carrusel/jquery-ui-1.8.13.custom.min.js HTTP/1.1" 200 10800
40.77.167.65 - - [19/Jul/2022:19:46:07 -0500] "GET /galeria/carrusel/Carrusel/jquery.thumbnailScroller.css HTTP/1.1" 200 2066
207.46.13.29 - - [19/Jul/2022:19:46:09 -0500] "GET /galeria/carrusel/Carrusel/jquery.thumbnailScroller.js HTTP/1.1" 200 8157
40.77.167.65 - - [19/Jul/2022:19:46:09 -0500] "GET /galeria/nivo-slider/demo/banner.html HTTP/1.1" 200 5446
172.22.2.4 - - [19/Jul/2022:19:44:55 -0500] "GET /BLA/boletinlegal/ HTTP/1.1" 200 58122
216.245.221.92 - - [19/Jul/2022:19:48:14 -0500] "HEAD / HTTP/1.1" 200 -
172.22.2.4 - - [19/Jul/2022:19:48:56 -0500] "GET /BLA/boletinlegal/Circulares/2019/Circular%20No.%200003%20del%2031%20de%20Enero%20de%202019.pdf HTTP/1.1" 304 -
207.46.13.20 - - [19/Jul/2022:19:49:18 -0500] "GET /galeria/galeria/fotos/Capellania2G.jpg HTTP/1.1" 200 523013
173.252.95.120 - - [19/Jul/2022:19:49:19 -0500] "GET /distrito-declara-alerta-ambiental-por-calidad-del-aire-y-apoyara-extincion-de-incendios-en-la-amazonia.html HTTP/1.1" 206 928
201.245.192.253 - - [19/Jul/2022:19:49:51 -0500] "POST /kwsrmcab/Wsrmcab  HTTP/1.1" 200 45399
172.22.2.4 - - [19/Jul/2022:19:51:16 -0500] "GET /BLA/boletinlegal/actos.php HTTP/1.1" 200 9559
172.22.2.4 - - [19/Jul/2022:19:51:17 -0500] "GET /BLA/boletinlegal/favicon.ico HTTP/1.1" 404 1326
172.22.2.4 - - [19/Jul/2022:19:51:31 -0500] "GET /BLA/boletinlegal/consulta_actos.php?tipo=resoluciones&no=2277&usuario=&sector=&fecha=2021&resuelve= HTTP/1.1" 200 1101
172.22.2.4 - - [19/Jul/2022:19:49:55 -0500] "HEAD /BLA/boletinlegal/ HTTP/1.1" 200 -
186.31.97.111 - - [19/Jul/2022:19:51:36 -0500] "GET /BLA/resoluciones/RESOLUCIONES%202021/2277.pdf HTTP/1.1" 200 513932
186.31.97.111 - - [19/Jul/2022:19:51:36 -0500] "GET /BLA/resoluciones/RESOLUCIONES%202021/2277.pdf HTTP/1.1" 206 1025
186.31.97.111 - - [19/Jul/2022:19:51:36 -0500] "GET /BLA/resoluciones/RESOLUCIONES%202021/2277.pdf HTTP/1.1" 200 513932
172.22.2.4 - - [19/Jul/2022:19:50:45 -0500] "GET /BLA/boletinlegal/ HTTP/1.1" 200 49236
172.22.2.4 - - [19/Jul/2022:19:51:14 -0500] "GET /BLA/boletinlegal/ HTTP/1.1" 200 54767
216.245.221.92 - - [19/Jul/2022:19:53:14 -0500] "HEAD / HTTP/1.1" 200 -
207.46.13.92 - - [19/Jul/2022:19:53:41 -0500] "GET /portaldeninos/aula-ambiental-artistica-itinerante-auambari/ HTTP/1.1" 200 89507
185.119.81.105 - - [19/Jul/2022:19:53:43 -0500] "GET /portaldeninos/wp-login.php HTTP/1.1" 200 2592
185.119.81.105 - - [19/Jul/2022:19:53:44 -0500] "POST /portaldeninos/wp-login.php HTTP/1.1" 200 3605
201.245.192.253 - - [19/Jul/2022:19:54:49 -0500] "POST /kwsrmcab/Wsrmcab  HTTP/1.1" 200 45399
207.46.13.20 - - [19/Jul/2022:19:55:18 -0500] "GET /galeria/galeria/fotos/juan-amarillo4G.jpg HTTP/1.1" 200 202445
207.46.13.188 - - [19/Jul/2022:19:56:39 -0500] "GET /BLA/resoluciones/RESOLUCIONES%20CONJUNTAS/RESOLUCION%20CONJUNTA%20001%20DE%202019.pdf HTTP/1.1" 304 -
207.46.13.92 - - [19/Jul/2022:19:57:11 -0500] "GET /portaldeninos/2021/06/06/ciudadanos-disfrutaron-del-tunel-ambiental-en-el-parque-de-los-novios/ HTTP/1.1" 200 105319
172.22.2.4 - - [19/Jul/2022:19:55:45 -0500] "HEAD /BLA/boletinlegal/ HTTP/1.1" 200 -
185.119.81.107 - - [19/Jul/2022:19:58:09 -0500] "GET /portaldeninos/wp-login.php HTTP/1.1" 200 2592
185.119.81.107 - - [19/Jul/2022:19:58:10 -0500] "POST /portaldeninos/wp-login.php HTTP/1.1" 200 3605
216.245.221.92 - - [19/Jul/2022:19:58:14 -0500] "HEAD / HTTP/1.1" 200 -
172.22.2.4 - - [19/Jul/2022:19:56:35 -0500] "GET /BLA/boletinlegal/ HTTP/1.1" 200 53187
201.245.192.253 - - [19/Jul/2022:19:59:48 -0500] "POST /kwsrmcab/Wsrmcab  HTTP/1.1" 200 45399
40.77.188.201 - - [19/Jul/2022:20:02:11 -0500] "GET /galeria/nivo-slider/themes/default/default.css HTTP/1.1" 200 1569
40.77.188.205 - - [19/Jul/2022:20:02:11 -0500] "GET /galeria/nivo-slider/themes/pascal/pascal.css HTTP/1.1" 200 2258
40.77.188.15 - - [19/Jul/2022:20:02:11 -0500] "GET /galeria/nivo-slider/themes/orman/orman.css HTTP/1.1" 200 2152
40.77.188.250 - - [19/Jul/2022:20:02:11 -0500] "GET /galeria/nivo-slider/nivo-slider.css HTTP/1.1" 200 1507
40.77.190.83 - - [19/Jul/2022:20:02:11 -0500] "GET /galeria/nivo-slider/demo/style.css HTTP/1.1" 200 2222
40.77.189.29 - - [19/Jul/2022:20:02:11 -0500] "GET /galeria/nivo-slider/demo/scripts/jquery-1.7.1.min.js HTTP/1.1" 200 93868
40.77.189.231 - - [19/Jul/2022:20:02:11 -0500] "GET /galeria/nivo-slider/jquery.nivo.slider.pack.js HTTP/1.1" 200 11561
207.46.13.29 - - [19/Jul/2022:20:02:30 -0500] "GET /Publicaciones/2022EE129731.pdf HTTP/1.1" 404 228
173.252.95.9 - - [19/Jul/2022:20:02:41 -0500] "GET /images/pieza-grafica-semana-ambiental-30.jpg HTTP/1.1" 200 38850
173.252.79.14 - - [19/Jul/2022:20:02:47 -0500] "GET /images/reunion-planta-termovalorizacion-11-mayo.jpg HTTP/1.1" 200 34782
216.245.221.92 - - [19/Jul/2022:20:03:14 -0500] "HEAD / HTTP/1.1" 200 -
172.22.2.4 - - [19/Jul/2022:20:01:35 -0500] "HEAD /BLA/boletinlegal/ HTTP/1.1" 200 -
173.252.107.118 - - [19/Jul/2022:20:04:01 -0500] "GET /si-te-gusta-la-pintura-el-dibujo-o-la-fotografia-el-concurso-a-vuelo-de-pajaro-es-para-ti.html HTTP/1.1" 206 861
172.22.2.4 - - [19/Jul/2022:20:02:25 -0500] "GET /BLA/boletinlegal/ HTTP/1.1" 200 58122
201.245.192.253 - - [19/Jul/2022:20:04:47 -0500] "POST /kwsrmcab/Wsrmcab  HTTP/1.1" 200 45399
66.249.73.191 - - [19/Jul/2022:20:06:20 -0500] "-" 408 -
216.245.221.92 - - [19/Jul/2022:20:08:14 -0500] "HEAD / HTTP/1.1" 200 -
172.22.2.4 - - [19/Jul/2022:20:07:25 -0500] "HEAD /BLA/boletinlegal/ HTTP/1.1" 200 -
201.245.192.253 - - [19/Jul/2022:20:09:45 -0500] "POST /kwsrmcab/Wsrmcab  HTTP/1.1" 200 45399
172.22.2.4 - - [19/Jul/2022:20:08:15 -0500] "GET /BLA/boletinlegal/ HTTP/1.1" 200 58122
186.30.75.38 - - [19/Jul/2022:20:11:00 -0500] "GET /BLA/resoluciones/AUTOS%202014/3134.pdf HTTP/1.1" 200 459165
216.245.221.92 - - [19/Jul/2022:20:13:14 -0500] "HEAD / HTTP/1.1" 200 -
172.22.2.4 - - [19/Jul/2022:20:14:01 -0500] "GET /BLA/boletinlegal/Directivas/2011/Directiva%20No.%201%20del%205%20de%20Abril%20de%202011.pdf HTTP/1.1" 304 -
201.245.192.253 - - [19/Jul/2022:20:14:44 -0500] "POST /kwsrmcab/Wsrmcab  HTTP/1.1" 200 45399
172.22.2.4 - - [19/Jul/2022:20:13:15 -0500] "HEAD /BLA/boletinlegal/ HTTP/1.1" 200 -
172.22.2.4 - - [19/Jul/2022:20:14:05 -0500] "GET /BLA/boletinlegal/ HTTP/1.1" 200 59364
185.196.220.70 - - [19/Jul/2022:20:17:34 -0500] "GET / HTTP/1.1" 200 319
180.149.125.162 - - [19/Jul/2022:20:17:48 -0500] "GET /stalker_portal/server/tools/auth_simple.php HTTP/1.1" 404 1018
216.245.221.92 - - [19/Jul/2022:20:18:14 -0500] "HEAD / HTTP/1.1" 200 -
163.123.143.71 - - [19/Jul/2022:20:19:26 -0500] "POST /boaform/admin/formLogin HTTP/1.1" 404 1186
201.245.192.253 - - [19/Jul/2022:20:19:42 -0500] "POST /kwsrmcab/Wsrmcab  HTTP/1.1" 200 45399
201.245.192.253 - - [19/Jul/2022:20:20:28 -0500] "POST /kwsrmcab/Wsrmcab HTTP/1.1" 200 45767
201.245.192.253 - - [19/Jul/2022:20:20:32 -0500] "POST /kwsrmcab/Wsrmcab HTTP/1.1" 200 46890
172.22.2.4 - - [19/Jul/2022:20:19:05 -0500] "HEAD /BLA/boletinlegal/ HTTP/1.1" 200 -
172.22.2.4 - - [19/Jul/2022:20:19:55 -0500] "GET /BLA/boletinlegal/ HTTP/1.1" 200 52826
216.245.221.92 - - [19/Jul/2022:20:23:14 -0500] "HEAD / HTTP/1.1" 200 -
173.252.79.11 - - [19/Jul/2022:20:24:36 -0500] "GET /images/reunion-planta-termovalorizacion-11-mayo.jpg HTTP/1.1" 200 34782
201.245.192.253 - - [19/Jul/2022:20:24:41 -0500] "POST /kwsrmcab/Wsrmcab  HTTP/1.1" 200 45399
186.84.90.91 - - [19/Jul/2022:20:25:11 -0500] "GET /kwssiamovil/sm/acme/a?s=U2FsdGVkX18vhWeBl6y2q5jhkuE+h0zw0FxvY1JyrJw4ZrRinaLqXCwGKt1R+Zec9z3I9hBoplhZ4w0O7WnY3V7Y3O4CPKPJZtfC6LsseQGVHLFEFbq+VJIqW48fsq+EkqM3+XHcZBY5B3t0lxW0P6ZLK3GTe8Rar8dUj9/sw4FD4tCc4zwckjHo660lYUugX/j8dib4pcGkJZ5gZw1niPXRAkqXMK7KvdmvRvrrW5A/gs7Q3sIJt9yFRy5alh1WF/utHSalnQ7PsX08VFze4w==&u=U2FsdGVkX1/3bn/egS+2t54NrlYWbGw5figJLYK1qDs=&y=U2FsdGVkX18je96Cur21RKwC2ho9vxJ3lv49G/Ta5fKtPtI6sHPRZ66ssnr/15b9 HTTP/1.1" 200 25
