186.84.90.91 - - [19/Jul/2022:20:25:11 -0500] "GET /kwssiamovil/sm/acme/a?s=U2FsdGVkX19oOR7mbHZlbbVC8UP/YICH0ZiLleB6ATOsgsVWvP2f/9diihL+BAdQJMFbGirghSRjd169gO7rtuR+e6Cfaxz7vLNSdN3M2S7/c7rDMwjTEWwBGP2LszfcS82EIeb1rauzFFcP65lquFGOT2te+ilLCxrnx0LvlWcwm9z87ffsxe4CLP3g00zUIu9tNhi/0MjN7WbFgc++z7k+GyA7F+GaqP2h0DfubwwyR4GNCAfwiPUtX5yugU5Me+OMqzL/ujqFE1J+YiQxoHYzQJgJJNn2YhLXwPSSaoK1gZchlh2HeRpa3ynO22sOdcCbGzuwz59jKuaoJWtCG0GuI4rodpS4JR79QtzOC74fAKsFuo2y+IEp666qMcb4GGSQJc4XqEANqFVW+wT4l0a74/LphcwAAH7CpOB1vSl5ClqmH6S0Xj9y4AXnjPsu+uxsV93/YorQTQ/cBvKtEams5ebbq2R+bKfugCvuNn+eY0jhGWniL/9JueU5Ft2xCQ50aHdl/LlwGg/Z6AqRWdSVtZNKTCSr7eAvsuJE2sin7+GzTDiiAdTKbCbdZpgeFuEaq0HXOnkPXAX4h4Pa6t4IKu8DUbpMoYf6bgUI4roKq/4ct/EqTQDrXysW+ONK9OZ1rRnNlNHVPFOkNmPHZy+jZMDi/fLCfQzRwsdZnunIjSO5LeRP4OBbM9Dvs9lN2bHGGso/jsIb9zxi1fNQcGUOpeFY66zUowN512kGg8/pBZRlt/y78JSUEPmFu5vhqaIHL8TIF2WNzOBbupZnulCrdOv0Kdet2FJZ+c1k4Ez0y+e8Gci+Gwz/BmiqZV5DWWCbZO5h9fw1d1282W0OSM5A8dBpnNR1nEAZWlUCbuurZiMBL+hHGOB+PLUQFuJdtZh7j8BU1wTfsZB66vSF0m+YgKxd2k27e8E5a4e6XDKkMmr5jfaw+jvOyFGq0NiNzFbaaJbCum1EV6mjd28uqENWNwtTHJsAs8rlqVJRdvrUpOhIFkF9V59KRtR2C5Ixxe2SBwl7uPBPIprWQqhsC50U/7VQuoDGnJDwv6xYhHYh958Z+VO3JXFnJaN1UTLbZcsywIAJyYEk+sXlsGySBZPovuTrhRyz03BoYXIrep/VhDTlmwSnm3iScB6Rslw73f7qeJ42eSGP53cUPrp6KkStY7UVAKY2sKJMd4ugL4epsR1/3AgwXVHAb5CMgZDOMxBq+zldS+96zeHu24gMFvuwDMaIAeBPrrcrQztOkA8lTXpg3ciOowEPmeYuXM9rmTb2/LC9pmg7sA3K7kuyM1qg3kuOBPOTT7i0lOEBFpIEaixc71JS1ZDUStxgz8YQjrXlKhUjUFQeXosWlk3ZyiYDXeL2GDixL/UXBbVh1dsO3y2lriorfdvCVgHD7Xv074/bviwNjPb3lC7kqRfJcPzzwq4xcgXA2oLAe+S9J1wydpfPGGEA2tLSmVkPezGUuCeqIqTjuMwLlaG/CQ0kV7nz5eVWwySlTqDoiXq+tiBfR9f5XIHsv6iJYpUmyxhr8tuRb0Z9Fq/IetjOTQkMciq7bqu5RJyuK1xbqZZm1OL6Je5P0sFk9aKlxA3g03GofUnLpIAf/QEoUUmaWr0NxKKQnqQacmR4437cBdNCQH28AnCLXwhcIZRoWm1a8gq8hTFJIKUs/KDP6P2h8gwz0DROLmW5cMzK8nZRpafHMQ+dfXNNTKv7iZYiE+JPYuXs7c01swMDrCOJHicb9H0htC5nOiRI54abSbkOQDgHEVUFk2tXLTf0f8ruRDygnc59QJ1XyPxAkvFibW6etqdYizYxZuSamNOI5vLI082NApjga3ZvLvhMjNuSJgd1k77nKE4YKPc+xZvrgTkDJBO76dbHnubcXr+p/nTQAvFeOWyf17Tgmf58BOfpdJny3t9VaVNyZIJszf83/SotwVN1chqF7PnE+RVr9peANYNOdwCFsei9zceugtcuanubSUV38tralXBrKTryEZA8Ul0JNnr1ErFVUnF3jrhpDJ9n5gDYa6fmzTv7ITf8N0xj5ATK8qy86LDnKnkkQIO+MZKto+YmjblSzcuP3sIVY0FzG6wdc2HlBVYxrj67unVixDAJXAg+UKFqfdMqSKa0Catl8Pt+2xaQWhjLo2032bBf8rasFPSdVj3T/AvvtvGd5EHPN5jHWoGjEwszD7YDZynDlJ3zxIk5YIetx61/TimyHvf70S8XYE67diHK5EMb7HuDCKbJLFA4lTTcpaKXaLWM3twgzbjVk8FiMNSHuFVdkY1q7rGI7jMm/5KlYKlKouAVKzGHJZfiWeQQtv5YYnPW7BUr3XiN7nZ/wuWczJdGIx7f5DSXvJLaTi9EL1hSdLB9Ou9UQzHRR+rQKyHmsPAInB4jGP3zeFUHLSbj57A40bVV1HvOYVhVirBTQJxtH9IgIpUqCdmEBwFBEIGFCsU1bCh+7kCirS6Wc5oSvNgq1/HRRu7IOJJrIonEpKQBEvpIIH1eHojeIUcIVQ/cPtaNsJnUTM+X24a7fFn5rldwgmp/Q+k3urmh+lo1Tde43LfYZeiFbRssMgPKdWtPdBwLODlqjT8IEa6Dy2jWVznDLZ0vniJiVcWTnrKr4huKDfyM2l9WMKD/E3bjzBaV+4ysPvigdPJeR5XLJsPeOQuR2NYtOHvEZtaK7pGHKznRtJxjMSVufQlF7dkG1n7KjsmCI86v6A72wp6AA9swtLZFyEBMbqEHR0FeE4mmkbZGYltHERUr/V0Ad3CYM0lWScoeGhfeybwYi4TM5saMYifQga43+rC1zrqiLJsXkC5bgCTDBfwlSNtIU4nwGWf0gK2BoKNbMpk+M2Jbn4azljwNQF92r1BNb7F8qzsTJvSKPZJSBi4EbR3Uw1eCfnwZ0/vHoH0DZdNjeNq59x2UeCInoQrYl0qvxzwDStyLdpFfJpbco5MOmsc3iXi7zqYTguhHMpyeS6AtEfHr82+R1PW083btbKO9MbXGbDtJon/wmmlVoLASkCiWgUDhi9+sLkYKOK7unDQZmDdL7m+OBjiB60pFnSVCpgwzAG8Wk856wTPlgUaKiOBst17XdTqP7Xq4xN4WBVJYFTcZ7TgpskmTuYfWsrwhbnEqS/WUd30hh3pM3Lib7ulhpCOjHgHPW8TKc5s/E49JjpaiQD13voNELib6dz5e5FNh22CrUaiRfH4eRnAeZYFiEIjRT9wQPt89pX7zNr8Lx8/GDV2Nl/5trQFhvsUnRYO2/ecpkSvo4TQgFZWEiZb9x+sXMRyL0WR+Or8JqvmwepSjvSEX/iaTPO5oeYbiSqimLbO8pWNEYJ5tU90hId5dkqigW+DRdmVHsbmfPD95LqwnfXUG+oh5O898a0XvlfhfJQfMto77l/P0xwr6FwGlS6De4kjQJvbiY/GXUj7wWoN45YCsuYkfpnHw4b4ujSbC9SgBtzsADx3IgSqs5maPuBlZheF/Y9KCXKtpoFElxZ/8HrBJFc0NiHcw1R2S6l4ImFyTT4XxYmjoQ7HcCH/AW+8nsBlvDr0NdaUr35NVntxZuoIFeL6oIu4je1DcSka64HCJcY7DtvHAkS3X92dMGdfbWRj/Wqn8OG1yKCXR86pxX4AnCfMPH/UDomvMx5kXDfhxKmiF3pBCKHspaBctfHdthda72dx3XJKeVvKeNrmYl0JNKY7WljuQyyQbGor1df9iOhC7vFNLfl+Z0cWY/WPdGjR9mwGC80UX56GGfR4xv9zet9rV5EJ3KrWFrGkLOSew2lXOzwrz4BjTXeVs0vhWqcD240c5W7gfLOcqv7juzGxlGHBk+k50j39PbmlWc5oM0iiJIyTnLoF1EpzFkCzmcCfZNuf1/kmrMpPrL/fSgK4+juMv3R4=&u=U2FsdGVkX1/3bn/egS+2t54NrlYWbGw5figJLYK1qDs=&y=U2FsdGVkX18je96Cur21RKwC2ho9vxJ3lv49G/Ta5fKtPtI6sHPRZ66ssnr/15b9 HTTP/1.1" 200 25
186.84.90.91 - - [19/Jul/2022:20:25:11 -0500] "GET /kwssiamovil/sm/acme/a?s=U2FsdGVkX1+ciB+NhzrzruL4YLq8YiMhCB3m+yXysq9n7E0R7EJ6t01Qs5yx552HRF/+oPzcr8hWEKOSkh3arPJ+OGMHzpHtZV44s37fzFIvWFOSVRHzNzw1A2b3O8EdcslWj6mhyVfeb1rAikBUVoYwPaDTvQ2DVj7M9+GKfbc=&u=U2FsdGVkX1/3bn/egS+2t54NrlYWbGw5figJLYK1qDs=&y=U2FsdGVkX18je96Cur21RKwC2ho9vxJ3lv49G/Ta5fKtPtI6sHPRZ66ssnr/15b9 HTTP/1.1" 200 25
186.84.90.91 - - [19/Jul/2022:20:25:12 -0500] "GET /kwssiamovil/sm/acme/a?s=U2FsdGVkX1+nbdGRUnBeW8DpHUaUZNPojUJJHA+MLk1IGFZuT4bvhRZ33jgPn6c+elQc7nxHD6d7zWQqsfHUsEJDD9BTIiGeFBvYKAbVkrCPODPewSbaBIa5OKCzNzUTZLOu9KL3yQtq8rxNC6UP92/xWuPp1IWpwS0jLtDAPXY=&u=U2FsdGVkX1/3bn/egS+2t54NrlYWbGw5figJLYK1qDs=&y=U2FsdGVkX18je96Cur21RKwC2ho9vxJ3lv49G/Ta5fKtPtI6sHPRZ66ssnr/15b9 HTTP/1.1" 200 25
186.84.90.91 - - [19/Jul/2022:20:25:12 -0500] "GET /kwssiamovil/sm/acme/a?s=U2FsdGVkX19xlsHbmRRGIc+RZ7gtr5rV3BYdtyBI4qfJYTVMxcr6BlNjdlkn5P6hcrMIudDCkhgnhflnlguAWJd4xwzntLmlxFOXA3hn9WG314HW+XhGmpRjO89MQk54Trx3n3QLCuOPZ5NC6TX27oee5/wUAivkolvIcQnDIDE=&u=U2FsdGVkX1/3bn/egS+2t54NrlYWbGw5figJLYK1qDs=&y=U2FsdGVkX18je96Cur21RKwC2ho9vxJ3lv49G/Ta5fKtPtI6sHPRZ66ssnr/15b9 HTTP/1.1" 200 25
186.84.90.91 - - [19/Jul/2022:20:25:12 -0500] "GET /kwssiamovil/sm/acme/a?s=U2FsdGVkX18XfiadbIEE++zigxHnmXNTa5TSl/3Aso4NyMg4Od5/0wcdPHHLHniGwqKDon+GWmWdCxLUT86l/Gm9FQfa+RIAsFJSytzEFBVyPmNthc5MbMnjDvuzLnbY/RMMv+BizdUjNY9gFqEPfoVm6f4HsI6/yd0siVhJaRxDILPhoWkmyGx2FGqCzR2U&u=U2FsdGVkX1/3bn/egS+2t54NrlYWbGw5figJLYK1qDs=&y=U2FsdGVkX18je96Cur21RKwC2ho9vxJ3lv49G/Ta5fKtPtI6sHPRZ66ssnr/15b9 HTTP/1.1" 200 25
172.22.2.4 - - [19/Jul/2022:20:24:55 -0500] "HEAD /BLA/boletinlegal/ HTTP/1.1" 200 -
173.252.83.19 - - [19/Jul/2022:20:26:54 -0500] "GET /images/jardines-verticales-4-marzo.jpg HTTP/1.1" 200 54804
172.22.2.4 - - [19/Jul/2022:20:25:45 -0500] "GET /BLA/boletinlegal/ HTTP/1.1" 200 53187
186.80.52.14 - - [19/Jul/2022:20:27:39 -0500] "GET /sipse/faces/index.xhtml HTTP/1.1" 200 677
186.80.52.14 - - [19/Jul/2022:20:27:39 -0500] "GET /sipse/faces/javax.faces.resource/theme.css?ln=primefaces-sipse HTTP/1.1" 304 -
186.80.52.14 - - [19/Jul/2022:20:27:39 -0500] "GET /sipse/faces/faces/autenticacion.xhtml HTTP/1.1" 200 12178
186.80.52.14 - - [19/Jul/2022:20:27:39 -0500] "GET /sipse/css/custom_css_sg.css HTTP/1.1" 200 9694
186.80.52.14 - - [19/Jul/2022:20:27:39 -0500] "GET /sipse/css/custom_css_sg_prime_login.css HTTP/1.1" 200 443
186.80.52.14 - - [19/Jul/2022:20:27:39 -0500] "GET /sipse/faces/javax.faces.resource/layout/layout.css?ln=primefaces&v=4.0 HTTP/1.1" 304 -
186.80.52.14 - - [19/Jul/2022:20:27:39 -0500] "GET /sipse/faces/javax.faces.resource/primefaces.css?ln=primefaces&v=4.0 HTTP/1.1" 304 -
186.80.52.14 - - [19/Jul/2022:20:27:39 -0500] "GET /sipse/faces/javax.faces.resource/theme.css?ln=primefaces-sipse HTTP/1.1" 304 -
186.80.52.14 - - [19/Jul/2022:20:27:39 -0500] "GET /sipse/js/disable_browser_buttons.js HTTP/1.1" 200 3230
186.80.52.14 - - [19/Jul/2022:20:27:39 -0500] "GET /sipse/js/funciones.js HTTP/1.1" 200 12592
186.80.52.14 - - [19/Jul/2022:20:27:39 -0500] "GET /sipse/faces/javax.faces.resource/jquery/jquery.js?ln=primefaces&v=4.0 HTTP/1.1" 304 -
186.80.52.14 - - [19/Jul/2022:20:27:39 -0500] "GET /sipse/faces/javax.faces.resource/jquery/jquery-plugins.js?ln=primefaces&v=4.0 HTTP/1.1" 304 -
186.80.52.14 - - [19/Jul/2022:20:27:39 -0500] "GET /sipse/faces/javax.faces.resource/layout/layout.js?ln=primefaces&v=4.0 HTTP/1.1" 304 -
186.80.52.14 - - [19/Jul/2022:20:27:39 -0500] "GET /sipse/faces/javax.faces.resource/primefaces.js?ln=primefaces&v=4.0 HTTP/1.1" 304 -
186.80.52.14 - - [19/Jul/2022:20:27:40 -0500] "GET /sipse/faces/javax.faces.resource/images/ui-icons_898989_256x240.png?ln=primefaces-aristo HTTP/1.1" 304 -
186.80.52.14 - - [19/Jul/2022:20:27:40 -0500] "GET /sipse/css/imagen/logoSDG.png HTTP/1.1" 200 53064
186.80.52.14 - - [19/Jul/2022:20:27:40 -0500] "GET /sipse/css/imagen/loginimg.png HTTP/1.1" 200 71635
186.80.52.14 - - [19/Jul/2022:20:27:42 -0500] "POST /sipse/faces/autenticacion.xhtml HTTP/1.1" 200 2217
186.80.52.14 - - [19/Jul/2022:20:27:42 -0500] "GET /sipse/faces/javax.faces.resource/messages/messages.png?ln=primefaces&v=4.0 HTTP/1.1" 304 -
186.80.52.14 - - [19/Jul/2022:20:27:43 -0500] "POST /sipse/faces/autenticacion.xhtml HTTP/1.1" 200 16348
186.80.52.14 - - [19/Jul/2022:20:27:43 -0500] "GET /sipse/css/custom_css_sg_prime.css HTTP/1.1" 200 5201
186.80.52.14 - - [19/Jul/2022:20:27:43 -0500] "GET /sipse/faces/javax.faces.resource/theme.css?ln=primefaces-sipse HTTP/1.1" 304 -
186.80.52.14 - - [19/Jul/2022:20:27:43 -0500] "GET /sipse/faces/javax.faces.resource/primefaces.css?ln=primefaces&v=4.0 HTTP/1.1" 304 -
186.80.52.14 - - [19/Jul/2022:20:27:43 -0500] "GET /sipse/faces/javax.faces.resource/layout/layout.css?ln=primefaces&v=4.0 HTTP/1.1" 304 -
186.80.52.14 - - [19/Jul/2022:20:27:43 -0500] "GET /sipse/js/jquery.min.js HTTP/1.1" 200 85582
186.80.52.14 - - [19/Jul/2022:20:27:44 -0500] "GET /sipse/faces/javax.faces.resource/jquery/jquery.js?ln=primefaces&v=4.0 HTTP/1.1" 304 -
186.80.52.14 - - [19/Jul/2022:20:27:44 -0500] "GET /sipse/faces/javax.faces.resource/jquery/jquery-plugins.js?ln=primefaces&v=4.0 HTTP/1.1" 304 -
186.80.52.14 - - [19/Jul/2022:20:27:44 -0500] "GET /sipse/faces/javax.faces.resource/primefaces.js?ln=primefaces&v=4.0 HTTP/1.1" 304 -
186.80.52.14 - - [19/Jul/2022:20:27:44 -0500] "GET /sipse/faces/javax.faces.resource/layout/layout.js?ln=primefaces&v=4.0 HTTP/1.1" 304 -
186.80.52.14 - - [19/Jul/2022:20:27:44 -0500] "GET /sipse/css/imagen/contrasena.png HTTP/1.1" 404 383
186.80.52.14 - - [19/Jul/2022:20:27:44 -0500] "GET /sipse/imagenes/cargando.gif HTTP/1.1" 200 36959
186.80.52.14 - - [19/Jul/2022:20:27:44 -0500] "GET /sipse/imagenes/logoAplicacion.jpg HTTP/1.1" 200 155084
186.80.52.14 - - [19/Jul/2022:20:27:46 -0500] "POST /sipse/faces/bienvenido.xhtml HTTP/1.1" 200 2658
186.80.52.14 - - [19/Jul/2022:20:27:46 -0500] "GET /sipse/faces/javax.faces.resource/images/ui-bg_flat_0_2d5972_40x100.png?ln=primefaces-aristo HTTP/1.1" 304 -
186.80.52.14 - - [19/Jul/2022:20:27:47 -0500] "POST /sipse/faces/bienvenido.xhtml HTTP/1.1" 200 64903
186.80.52.14 - - [19/Jul/2022:20:27:47 -0500] "GET /sipse/faces/javax.faces.resource/layout/layout.css?ln=primefaces&v=4.0 HTTP/1.1" 304 -
186.80.52.14 - - [19/Jul/2022:20:27:47 -0500] "GET /sipse/faces/javax.faces.resource/primefaces.css?ln=primefaces&v=4.0 HTTP/1.1" 304 -
186.80.52.14 - - [19/Jul/2022:20:27:47 -0500] "GET /sipse/faces/javax.faces.resource/theme.css?ln=primefaces-sipse HTTP/1.1" 304 -
186.80.52.14 - - [19/Jul/2022:20:27:47 -0500] "GET /sipse/faces/javax.faces.resource/jquery/jquery.js?ln=primefaces&v=4.0 HTTP/1.1" 304 -
186.80.52.14 - - [19/Jul/2022:20:27:47 -0500] "GET /sipse/faces/javax.faces.resource/jquery/jquery-plugins.js?ln=primefaces&v=4.0 HTTP/1.1" 304 -
186.80.52.14 - - [19/Jul/2022:20:27:48 -0500] "GET /sipse/faces/javax.faces.resource/primefaces.js?ln=primefaces&v=4.0 HTTP/1.1" 304 -
186.80.52.14 - - [19/Jul/2022:20:27:48 -0500] "GET /sipse/faces/javax.faces.resource/layout/layout.js?ln=primefaces&v=4.0 HTTP/1.1" 304 -
186.80.52.14 - - [19/Jul/2022:20:27:48 -0500] "POST /sipse/faces/presentacion/financiero/solicitudProceso/listarSolicitudProceso.xhtml HTTP/1.1" 200 1552
216.245.221.92 - - [19/Jul/2022:20:28:14 -0500] "HEAD / HTTP/1.1" 200 -
201.245.192.253 - - [19/Jul/2022:20:29:40 -0500] "POST /kwsrmcab/Wsrmcab  HTTP/1.1" 200 45399
157.55.39.114 - - [19/Jul/2022:20:30:27 -0500] "GET /BLA/resoluciones/RESOLUCIONES%202011/6971.pdf HTTP/1.1" 304 -
201.245.192.253 - - [19/Jul/2022:20:30:28 -0500] "POST /kwsrmcab/Wsrmcab HTTP/1.1" 200 45767
201.245.192.253 - - [19/Jul/2022:20:30:32 -0500] "POST /kwsrmcab/Wsrmcab HTTP/1.1" 200 46890
66.249.73.164 - - [19/Jul/2022:20:31:21 -0500] "-" 408 -
172.22.2.4 - - [19/Jul/2022:20:30:45 -0500] "HEAD /BLA/boletinlegal/ HTTP/1.1" 200 -
216.245.221.92 - - [19/Jul/2022:20:33:14 -0500] "HEAD / HTTP/1.1" 200 -
172.22.2.4 - - [19/Jul/2022:20:31:35 -0500] "GET /BLA/boletinlegal/ HTTP/1.1" 200 58122
2.57.122.98 - - [19/Jul/2022:20:33:24 -0500] "GET / HTTP/1.1" 200 319
201.245.192.253 - - [19/Jul/2022:20:34:39 -0500] "POST /kwsrmcab/Wsrmcab  HTTP/1.1" 200 45399
216.245.221.92 - - [19/Jul/2022:20:38:14 -0500] "HEAD / HTTP/1.1" 200 -
172.22.2.4 - - [19/Jul/2022:20:36:35 -0500] "HEAD /BLA/boletinlegal/ HTTP/1.1" 200 -
128.14.134.170 - - [19/Jul/2022:20:38:44 -0500] "GET / HTTP/1.1" 200 319
172.22.2.4 - - [19/Jul/2022:20:37:25 -0500] "GET /BLA/boletinlegal/ HTTP/1.1" 200 53187
201.245.192.253 - - [19/Jul/2022:20:39:38 -0500] "POST /kwsrmcab/Wsrmcab  HTTP/1.1" 200 45399
201.245.192.253 - - [19/Jul/2022:20:40:28 -0500] "POST /kwsrmcab/Wsrmcab HTTP/1.1" 200 45767
201.245.192.253 - - [19/Jul/2022:20:40:31 -0500] "POST /kwsrmcab/Wsrmcab HTTP/1.1" 200 46890
186.85.184.148 - - [19/Jul/2022:20:40:38 -0500] "GET /BLA/resoluciones/dlf/styles.css HTTP/1.1" 200 3049
186.85.184.148 - - [19/Jul/2022:20:40:39 -0500] "GET /BLA/resoluciones/dlf/dirup.png HTTP/1.1" 200 644
186.85.184.148 - - [19/Jul/2022:20:40:38 -0500] "GET /BLA/resoluciones/index.php?dir=RESOLUCIONES+2020%2F HTTP/1.1" 200 163612
186.85.184.148 - - [19/Jul/2022:20:40:39 -0500] "GET /BLA/resoluciones/dlf/bg.gif HTTP/1.1" 200 54
186.85.184.148 - - [19/Jul/2022:20:40:39 -0500] "GET /BLA/resoluciones/dlf/pdf.gif HTTP/1.1" 200 272
186.85.184.148 - - [19/Jul/2022:20:40:39 -0500] "GET /favicon.ico HTTP/1.1" 200 7782
186.85.184.148 - - [19/Jul/2022:20:40:40 -0500] "GET /BLA/resoluciones/index.php?dir= HTTP/1.1" 200 13093
186.85.184.148 - - [19/Jul/2022:20:40:40 -0500] "GET /BLA/resoluciones/dlf/folder.png HTTP/1.1" 200 410
186.85.184.148 - - [19/Jul/2022:20:40:44 -0500] "GET /BLA/resoluciones/index.php?dir=RESOLUCIONES+2021%2F HTTP/1.1" 200 395758
186.85.184.148 - - [19/Jul/2022:20:41:11 -0500] "GET /BLA/resoluciones/RESOLUCIONES%202021/3223.pdf HTTP/1.1" 200 342045
186.85.184.148 - - [19/Jul/2022:20:41:17 -0500] "GET /BLA/resoluciones/RESOLUCIONES%202021/3212.pdf HTTP/1.1" 200 517049
186.85.184.148 - - [19/Jul/2022:20:41:17 -0500] "GET /BLA/resoluciones/RESOLUCIONES%202021/3212.pdf HTTP/1.1" 206 1
191.102.224.199 - - [19/Jul/2022:20:41:18 -0500] "GET /BLA/resoluciones/RESOLUCIONES%202021/3212.pdf HTTP/1.1" 200 517049
186.85.184.148 - - [19/Jul/2022:20:42:01 -0500] "GET /BLA/resoluciones/RESOLUCIONES%202021/3212.pdf HTTP/1.1" 200 517049
216.245.221.92 - - [19/Jul/2022:20:43:14 -0500] "HEAD / HTTP/1.1" 200 -
172.22.2.4 - - [19/Jul/2022:20:42:25 -0500] "HEAD /BLA/boletinlegal/ HTTP/1.1" 200 -
173.252.95.12 - - [19/Jul/2022:20:44:08 -0500] "GET /images/visita-suspension-humedal-techo-24-mayo.jpg HTTP/1.1" 200 57365
201.245.192.253 - - [19/Jul/2022:20:44:37 -0500] "POST /kwsrmcab/Wsrmcab  HTTP/1.1" 200 45399
172.22.2.4 - - [19/Jul/2022:20:43:15 -0500] "GET /BLA/boletinlegal/ HTTP/1.1" 200 58122
185.7.214.104 - - [19/Jul/2022:20:47:34 -0500] "GET /vendor/phpunit/phpunit/src/Util/PHP/eval-stdin.php HTTP/1.1" 404 1018
216.245.221.92 - - [19/Jul/2022:20:48:14 -0500] "HEAD / HTTP/1.1" 200 -
207.46.13.92 - - [19/Jul/2022:20:49:26 -0500] "GET /portaldeninos/aula-ambiental-artistica-itinerante-auambari/ HTTP/1.1" 200 89507
201.245.192.253 - - [19/Jul/2022:20:49:36 -0500] "POST /kwsrmcab/Wsrmcab  HTTP/1.1" 200 45399
172.22.2.4 - - [19/Jul/2022:20:48:15 -0500] "HEAD /BLA/boletinlegal/ HTTP/1.1" 200 -
66.249.73.191 - - [19/Jul/2022:20:49:56 -0500] "-" 408 -
69.171.231.5 - - [19/Jul/2022:20:50:07 -0500] "GET /images/lluvias-arboles-4-junio.jpeg HTTP/1.1" 200 117524
69.171.231.5 - - [19/Jul/2022:20:50:08 -0500] "GET /images/Junio%2002-experiencias-jardines-verticales-sda.jpeg HTTP/1.1" 200 31171
69.171.231.117 - - [19/Jul/2022:20:50:08 -0500] "GET /images/empresas-industrias-forestales-1-junio.jpg HTTP/1.1" 200 44019
69.171.231.5 - - [19/Jul/2022:20:50:09 -0500] "GET /images/pieza-grafica-semana-ambiental-30.jpg HTTP/1.1" 200 38850
69.171.231.5 - - [19/Jul/2022:20:50:09 -0500] "GET /images/facebook-live-ivc-MAYO27.png HTTP/1.1" 200 480404
69.171.231.117 - - [19/Jul/2022:20:50:09 -0500] "GET /images/energia-eficiencia-26-mayo.jpg HTTP/1.1" 200 46417
69.171.231.5 - - [19/Jul/2022:20:50:10 -0500] "GET /images/la-vieja-mayo-24.jpg HTTP/1.1" 200 58217
69.171.231.117 - - [19/Jul/2022:20:50:10 -0500] "GET /images/jornadas-llantas-usadas-23-mayo.jpg HTTP/1.1" 200 148376
69.171.231.5 - - [19/Jul/2022:20:50:10 -0500] "GET /images/jardines-verticales-plantas-24-mayo.jpg HTTP/1.1" 200 148288
69.171.231.2 - - [19/Jul/2022:20:50:10 -0500] "GET /images/visita-suspension-humedal-techo-24-mayo.jpg HTTP/1.1" 200 57365
69.171.231.5 - - [19/Jul/2022:20:50:11 -0500] "GET /images/control-madera-ilegal-24-mayo.jpg HTTP/1.1" 200 48269
69.171.231.117 - - [19/Jul/2022:20:50:11 -0500] "GET /images/bogota-polvo-sahara-23-mayo.jpg HTTP/1.1" 200 35039
69.171.231.5 - - [19/Jul/2022:20:50:11 -0500] "GET /images/Naturalista1.jpeg HTTP/1.1" 200 202073
69.171.231.5 - - [19/Jul/2022:20:50:12 -0500] "GET /images/feria-servicios-tramites-19-mayo.jpg HTTP/1.1" 200 40581
69.171.231.117 - - [19/Jul/2022:20:50:12 -0500] "GET /images/reciclaton-mayo-3-mayo.jpg HTTP/1.1" 200 278453
69.171.231.5 - - [19/Jul/2022:20:50:12 -0500] "GET /images/negocios-verdes-mayo-2022.jpg HTTP/1.1" 200 48000
69.171.231.117 - - [19/Jul/2022:20:50:12 -0500] "GET /images/actividades-dia-aves-16-mayo.jpg HTTP/1.1" 200 147089
69.171.231.2 - - [19/Jul/2022:20:50:12 -0500] "GET /images/arbolado-bogota-mayo-13.jpg HTTP/1.1" 200 62568
69.171.231.5 - - [19/Jul/2022:20:50:13 -0500] "GET /images/feria-servicios-12-mayo-principal.jpg HTTP/1.1" 200 44744
69.171.231.117 - - [19/Jul/2022:20:50:13 -0500] "GET /images/parque-nal-secretaria.jpg HTTP/1.1" 200 168060
69.171.231.2 - - [19/Jul/2022:20:50:13 -0500] "GET /images/cronica-amanda-rodriguez-30-abril.jpg HTTP/1.1" 200 26304
69.171.231.5 - - [19/Jul/2022:20:50:13 -0500] "GET /images/secretaria-rio-bogota-avances-12-mayo.jpg HTTP/1.1" 200 37281
69.171.231.117 - - [19/Jul/2022:20:50:13 -0500] "GET /images/ptar-alcaldesa-rio-bogota-12-mato.jpg HTTP/1.1" 200 40205
69.171.231.118 - - [19/Jul/2022:20:50:13 -0500] "GET /images/dia-rio-bogota-12-mayo.jpg HTTP/1.1" 200 44387
69.171.231.1 - - [19/Jul/2022:20:50:14 -0500] "GET /images/reunion-planta-termovalorizacion-11-mayo.jpg HTTP/1.1" 200 34782
69.171.231.2 - - [19/Jul/2022:20:50:16 -0500] "GET /images/RCD1.jpg HTTP/1.1" 200 195843
69.171.231.1 - - [19/Jul/2022:20:50:16 -0500] "GET /images/Brasil1.jpeg HTTP/1.1" 200 27965
69.171.231.120 - - [19/Jul/2022:20:50:16 -0500] "GET /images/secretaria-carolina-economia-circular-6-mayo.jpg HTTP/1.1" 200 33699
69.171.231.120 - - [19/Jul/2022:20:50:16 -0500] "GET /images/feria-servicios-5-MAYO.jpg HTTP/1.1" 200 39759
69.171.231.118 - - [19/Jul/2022:20:50:16 -0500] "GET /images/mercados-campesinos-5-mayo.jpg HTTP/1.1" 200 95848
69.171.231.2 - - [19/Jul/2022:20:50:17 -0500] "GET /images/Animales1.jpeg HTTP/1.1" 200 76841
69.171.231.118 - - [19/Jul/2022:20:50:17 -0500] "GET /images/accion-climatica.jpg HTTP/1.1" 200 417776
69.171.231.2 - - [19/Jul/2022:20:50:18 -0500] "GET /images/cerros-bogota-2-mayo.jpg HTTP/1.1" 200 98367
69.171.231.2 - - [19/Jul/2022:20:50:18 -0500] "GET /images/fachada-secretaria-ambiente-abril.jpg HTTP/1.1" 200 148853
69.171.231.2 - - [19/Jul/2022:20:50:18 -0500] "GET /images/operativos-residuos-peligrosos-25-ABRIL.jpg HTTP/1.1" 200 35345
69.171.231.119 - - [19/Jul/2022:20:50:19 -0500] "GET /images/actividades-dia-tierra-22-abril.jpg HTTP/1.1" 200 77276
69.171.231.117 - - [19/Jul/2022:20:50:19 -0500] "GET /images/plantacion-jbb-22-abril.jpg HTTP/1.1" 200 52184
69.171.231.118 - - [19/Jul/2022:20:50:19 -0500] "GET /images/ecosistema-dia-internacional-tierra-21-abril.jpg HTTP/1.1" 200 30098
69.171.231.116 - - [19/Jul/2022:20:50:19 -0500] "GET /images/feria-servicios-tramites-puente-aranda-21-abril.jpg HTTP/1.1" 200 28255
172.22.2.4 - - [19/Jul/2022:20:49:05 -0500] "GET /BLA/boletinlegal/ HTTP/1.1" 200 52826
185.119.81.105 - - [19/Jul/2022:20:53:04 -0500] "GET /portaldeninos/wp-login.php HTTP/1.1" 200 2592
185.119.81.105 - - [19/Jul/2022:20:53:05 -0500] "POST /portaldeninos/wp-login.php HTTP/1.1" 200 3650
216.245.221.92 - - [19/Jul/2022:20:53:14 -0500] "HEAD / HTTP/1.1" 200 -
201.245.192.253 - - [19/Jul/2022:20:54:35 -0500] "POST /kwsrmcab/Wsrmcab  HTTP/1.1" 200 45399
172.22.2.4 - - [19/Jul/2022:20:54:05 -0500] "HEAD /BLA/boletinlegal/ HTTP/1.1" 200 -
207.46.13.29 - - [19/Jul/2022:20:55:55 -0500] "GET /BLA/resoluciones/AUTOS%202021/0043.pdf HTTP/1.1" 200 343862
186.80.180.202 - - [19/Jul/2022:20:56:10 -0500] "GET /appsia/controlador HTTP/1.1" 200 4799
186.80.180.202 - - [19/Jul/2022:20:56:14 -0500] "POST /appsia/controlador HTTP/1.1" 200 5437
186.80.180.202 - - [19/Jul/2022:20:56:16 -0500] "POST /appsia/controlador HTTP/1.1" 200 7783
186.80.180.202 - - [19/Jul/2022:20:56:17 -0500] "POST /appsia/controlador HTTP/1.1" 200 5239
186.80.180.202 - - [19/Jul/2022:20:56:19 -0500] "GET /appsia/controlador?comando=ingresarMenuPrincipal&id=7720064&funcionario=HECTOR+FABIO+RODRIGUEZ+DEVIA&desde=7720064&hasta=7720064&version=7720064&accion=Regresar HTTP/1.1" 200 5437
186.80.180.202 - - [19/Jul/2022:20:56:21 -0500] "POST /appsia/controlador HTTP/1.1" 200 7783
186.80.180.202 - - [19/Jul/2022:20:56:27 -0500] "POST /appsia/controlador HTTP/1.1" 200 6644
186.80.180.202 - - [19/Jul/2022:20:56:29 -0500] "POST /appsia/controlador HTTP/1.1" 200 10608
172.22.2.4 - - [19/Jul/2022:20:54:55 -0500] "GET /BLA/boletinlegal/ HTTP/1.1" 200 58122
186.80.180.202 - - [19/Jul/2022:20:56:35 -0500] "POST /appsia/controlador HTTP/1.1" 200 7783
186.80.180.202 - - [19/Jul/2022:20:56:39 -0500] "POST /appsia/controlador HTTP/1.1" 200 6644
186.80.180.202 - - [19/Jul/2022:20:56:43 -0500] "POST /appsia/controlador HTTP/1.1" 200 10602
186.80.180.202 - - [19/Jul/2022:20:56:43 -0500] "POST /appsia/controlador HTTP/1.1" 200 10602
186.80.180.202 - - [19/Jul/2022:20:56:45 -0500] "POST /appsia/controlador HTTP/1.1" 200 7783
186.80.180.202 - - [19/Jul/2022:20:56:50 -0500] "POST /appsia/controlador HTTP/1.1" 200 6644
186.80.180.202 - - [19/Jul/2022:20:56:52 -0500] "POST /appsia/controlador HTTP/1.1" 200 11760
186.80.180.202 - - [19/Jul/2022:20:56:58 -0500] "POST /appsia/controlador HTTP/1.1" 200 7783
173.252.87.3 - - [19/Jul/2022:20:57:23 -0500] "GET /images/reunion-planta-termovalorizacion-11-mayo.jpg HTTP/1.1" 200 34782
216.245.221.92 - - [19/Jul/2022:20:58:14 -0500] "HEAD / HTTP/1.1" 200 -
201.245.192.253 - - [19/Jul/2022:20:59:34 -0500] "POST /kwsrmcab/Wsrmcab  HTTP/1.1" 200 45399
172.22.2.4 - - [19/Jul/2022:20:59:55 -0500] "HEAD /BLA/boletinlegal/ HTTP/1.1" 200 -
172.22.2.4 - - [19/Jul/2022:21:00:45 -0500] "GET /BLA/boletinlegal/ HTTP/1.1" 200 58122
216.245.221.92 - - [19/Jul/2022:21:03:14 -0500] "HEAD / HTTP/1.1" 200 -
201.245.192.253 - - [19/Jul/2022:21:04:32 -0500] "POST /kwsrmcab/Wsrmcab  HTTP/1.1" 200 45399
186.84.90.91 - - [19/Jul/2022:21:06:32 -0500] "GET /kwssiamovil/sm/acme/a?s=U2FsdGVkX1/DdF8enW+pAn1VIV32ByNGhA4JbkiRziwFT6H9SrzNzCaAT0H9dIJtJaM4Zv9ggRqt1KT0vuTwI940hNUHSBMT52vyFPaAbms0gk7lcTj8uF7dQUiqkq7upbtWDtZyhz/Y//rk40VZQj1/oNJP2Nu1cb7qJPwDdTf1EXYTK1bH+UWEnwUfMrQyjfrLytTw2rU3NILU336C1W6EorSUUGWbTjxe7ii/ghPp5EWXRw8a8DQG2DKTU9kKlkxPjRf1LDBbU4CBZQAMXg==&u=U2FsdGVkX1/3bn/egS+2t54NrlYWbGw5figJLYK1qDs=&y=U2FsdGVkX18je96Cur21RKwC2ho9vxJ3lv49G/Ta5fKtPtI6sHPRZ66ssnr/15b9 HTTP/1.1" 200 25
186.84.90.91 - - [19/Jul/2022:21:06:33 -0500] "GET /kwssiamovil/sm/acme/a?s=U2FsdGVkX19WGU9EZGzfHsQdAHsKkjtFv/xaP4wfS5j2isea6qblzROzvFdNhxGaT4WLA1lieXQmebb5bE6NjE1pf0aNupI7KPl5Abr3Sbr58jEqalE9fQKtdVg4PUR2cbR1U72xY+/xvR/cbXlLOLT1UALGfxm9x1O2VsksTQ2MzOvZ4Ex/kmTbgZXVgNPexVjMa1ikDUscZ7b51k6pcSvhMhrpa4gN5IBCIoP8LZIRlV5Ywe4dOJeKPDO0e7iOYKvT1JVh8htd2UB0F6J6RjLDw4EpAOiJqK8L3RZRJ8/j52jsSa4XG4i0nI94uVhZbN67+BQKJbNDDxbhs+LbGGe73CeHgO41coaeZbUOtjx3YGPfc7K6/8TpEiqbgdZNoigeqbL1vXFu6Ll+SYb3Fkdc4QPbFjOS/qkWLZ3hGF6FCrUFMWf1E2CRqZPNjWDeKKnoK/2dYc3USPGdxgCUzpbyw85dFMUAZ/JlVQtlDMV2qPAspfRJ7azWBH2LEvhsi1fj/kKMqQgRyR2/TL+OEE7OKQTMlecCeP3HVh/sosLkgcKJZgZ8Nu/3eWmJP7wsW+cwBd+woZld/o8YGVGB/PPaHX7QzoUga0LT9u9xcwnkrGhCIYh+c68XQzvv0hj95ANJz1liBimaieVB6YOQSTZYH5B3PjOSwSljEsNqHJafZv9W7yewbmVawgg9KSTF+C+ioI5uVDOMp0k2wUOEKySnMI7FWbG51sdjNxpKoYkTIIyzIS0zc0PoWvAWwqcUL9j9RHRIc75Ur5HL1wamasNaf94YV26ddBuVLNT89L3qkRKufzLuC7qdMliVKkyqtJH73/aalhAcgo12DaS0g/irN5oSD2HYEPp0FvY0IpUSZ1n1eqT1jnWvCIdCFjXGE4YTp0jTPpBL5qMNxo7ezp6HeLCwvLAdGGLD776P75FD573sgijLnThzbRxyFap/2EAZUgxY4ng5cIE91w/YAdISdGU9KtJRp8BXHjsOmyd7jPXURfzANpommKT9KbZsAaF5p8/9YG4bKlmY7hGQe0FxdLMdoryGXZc31mtOO/wrA+Quyw3LT5BG1AAVrg6SUc+CnD0/wh3BeeEdhcTiR9OWE/fMMkIuhPAiRohjuchl5kCjIMAQUZVfThYabDii8HdAPRXP1UICmu/81UhBuUl+4rId5kPA7tCkMFJVJ0jhRvl21upriU4Q9PKTExw51967HkfOc7Dm/4fseh8xjZL6vSuxHIHsj6JIkkXvzYZfaP3YcQ2IK6iS7ATWln7G/ptX918D0E75HvNXtXZYfV8rubgEHiZ7zWjB186FDxzsEUamkZoURgipGJwuGiaRneHfyzhGZQolf1bVQQcazDAu5C4/IFCsrKJ+NJ1t8U9mwBjPl2fn9KwtWJxx8Nwxeau1J2mzyoDydlOW7vTsG1ouITPbJomdJhWvxKjzIsTA1iTw9e3iD13mP66y8eNxYIdqU6IGKPWoI+6uO09R1GPHoUlFTcjqffQRNRhmuHMcL+8M3dsDclwjnMWp8SjCJLnZhwCck3P7ExCwGVhyxeMC4t1cWLfl/TQdPd3ttsFU5SFnyQY2BojGLDPzTeMyL/TcvgToZE5vEwPbbp5PArJriH12u+gKi57NRercNJ5RRhoNf2THomaGzuiGCtZu1OZ8oKQXeNT0ZB5sjQi4IYC4PLif05mM1hHMSNFOy07BMmmjnD80+uAZ8kg9qtsheILL3oa2Ca161aYTv6YZLsFAQa0gjaxF2FQpXgp25c6yfQzhfovr1lFditHs8QV80YYQV6nwBfDtoLQYzUI51oMkwnUZZf7ePlv8yMoHJrpMc5V4eidZpGCc0YCW1Yotlkz4dQ9BTPpst50wuKym8LZeyI2QQMiRL3Ueqgc6hMTg6c76CrdgRP5rbJLSLIQk97lB3Xr8fkLMH/fZo5N7mkDXbm0txghnfj33JTP1brExTD0YyAmwjVhv/LN+vyp8Bore2pW4O8hHoerD+f6zAFj0PxTPxx57WReIcGJJkF7QJoxtnivRLvFaP272ZdLacHgouqYHltZeQ6Sh4GA/vpmNk7+8q2EulZHQ2Rf8AhZBY5nx4KaT4eACpJnxIpr1EGkwqptYVnh0qkEu+oSZ3YuACIbRnis54nBC2N3i3KUF40rzZxlsZmmDUjqlh/i2c+RzaeW4Xhz3ckjk6GWYnFIXCnflmhXJHOeFe/A4nLdROaXmZa1nNxNUJRovpnZlU6DBp77l2x8EGvkF9qVPYycrnxLFLbrLzwh5I0KU8IUREiju2KZAFTRWiIUbYgXLOuENxIdVzV4QhByyeTcfBTQxm86ItNdSR5atAyAmjZMGX017acKZKoLFsQBBsC9Z4/R+1nTrcyYv9WVftNjCkToR78lRXAwEaxAAVCw6Bl4ruRJhj6pTL/gPTqpSTDTARTaTAmRQfCH9ZG50hi/mQ3HsR8IVvEcRy0R09+Wok5k3510Wl0gb3jw2Ge4QOGvYeQl0WPWMow+rJ7cDuI2rt5+6UijSv+he2qPqZ4BCtdS7CdccUW58Ejcvd/ymoZe7RZ6Aa+9o+2BQ0BS1iXKWH/wlv8JzyfBfBS7pmda0sR4C1t+gQQJEMIMI7kCSNx+4Zu8W4UqJYRfdHuOF9lEGNEdrrrgzCB775Ff5HB/xIf0YcB8+7v/AwLd1F8gn76rcBbiSoRQwEEQZy/O7CTViWjVvWuczwq3g9WNXyVrzLom45TCk0+oNQJ9Lshkqa583egCqnJy9RVdlBN2x77+zTCKR8tqpF3JAgz0+ZxC2QQz2E4PBWpdLlHJvAEgdh/N029JzCqJinSME68azeCDzbcOxwxtCL+hWIm/zmcrHQCQZphhKiRTz0ynfZ6uNUKjgz7jv5+Gt691ZfjOcsHsP85pg+Ie+KtQk6oOeyOvYD5mAkYbl/skypI8jzgqZIzd7KoejGTnebJczR+4KsRoHebjy1B291j1H/7ma4rmlV+aJmxH3F25TZGVWI/k+OLcfci1fk2KutaEKf8u9vKQcL8uFCyAsc34QMXp1+MUY1BeAEwpJpQM8Xd1cL5UCbjTJmVdYsTfXAGCjO40u8ozFYv+TpUSM+9uQE83zHpRCQkMONapTJqy5WsUJTP+KefSDt5e5HKG5y39IiIXGg5ql3RlV69bKIXhp5DtripxFGnvcFb0kJMgE2Ed0h/JAcHXfflMmpCYaOnqoqu4UAXkWJ2JF+D9x25/ZAnHU470Ru8TlZzAtIWrhTTDA/gV220XQ96yuxrdZc+ZmAFws0WzXow==&u=U2FsdGVkX1/3bn/egS+2t54NrlYWbGw5figJLYK1qDs=&y=U2FsdGVkX18je96Cur21RKwC2ho9vxJ3lv49G/Ta5fKtPtI6sHPRZ66ssnr/15b9 HTTP/1.1" 200 25
186.84.90.91 - - [19/Jul/2022:21:06:33 -0500] "GET /kwssiamovil/sm/acme/a?s=U2FsdGVkX19V+myTpgC4UKZ/aISNk06SozwliUl3ScetoOSSh7FMfq3Ir8+DrDv+wAm8uT3YhcYBRtFyrVG7I3zbLHF5egfBPEKV/5wPZXAg5CxDvoWoXqYfukQUBxmAMabzoieqpvzwDGRNt88fpGIB30xCg1a9RuDXCTfKiXc=&u=U2FsdGVkX1/3bn/egS+2t54NrlYWbGw5figJLYK1qDs=&y=U2FsdGVkX18je96Cur21RKwC2ho9vxJ3lv49G/Ta5fKtPtI6sHPRZ66ssnr/15b9 HTTP/1.1" 200 25
186.84.90.91 - - [19/Jul/2022:21:06:33 -0500] "GET /kwssiamovil/sm/acme/a?s=U2FsdGVkX1+kW/UJYuDVUdwNQTcB2RSWJayjgVsIcZmA6uoQdd238TfpTZxzIWWfPzPSEJ/zL5Ubx59aFXR6A4G28QTL61DRjJF3GVkNPu/7oUWRZ9oZX3Vt8KswwB40bMF8Cj82R8aPgKDtTVbiuMfqh2CogPSLnb68CS+QYWQ=&u=U2FsdGVkX1/3bn/egS+2t54NrlYWbGw5figJLYK1qDs=&y=U2FsdGVkX18je96Cur21RKwC2ho9vxJ3lv49G/Ta5fKtPtI6sHPRZ66ssnr/15b9 HTTP/1.1" 200 25
186.84.90.91 - - [19/Jul/2022:21:06:33 -0500] "GET /kwssiamovil/sm/acme/a?s=U2FsdGVkX1/oWfx6Qu5cX3eOWiYkN3OnwY3cQRJ7sSZmFRadzRKKZ0BMHGP1pr+pkzMhpkBarcBnAr5y+6xc3jSYNMLJLQIGWc8RakOMp24Ck07l5s0VHL3ppkxOmnI/thisnMbtoH7VgmdXVf3Jt3BBZ5liToE0lqEoyBATyhQ=&u=U2FsdGVkX1/3bn/egS+2t54NrlYWbGw5figJLYK1qDs=&y=U2FsdGVkX18je96Cur21RKwC2ho9vxJ3lv49G/Ta5fKtPtI6sHPRZ66ssnr/15b9 HTTP/1.1" 200 25
186.84.90.91 - - [19/Jul/2022:21:06:33 -0500] "GET /kwssiamovil/sm/acme/a?s=U2FsdGVkX1/Kts7D20SiewVAQ1cWR0+FLivT+fmWAu4cwEhVnlbOZSH28syWg3jDoejoKDcvgrG2+m5iJpJbXLqXFyjzH4rYIbF9Cn068d0er4pG2ccLgBlPw1GpANWclM/EVKgxD2ECVM1DtqdwhSyLPYx8HO/+9epObVxw0w1BaVCXiYPptHXsxAkcb32M&u=U2FsdGVkX1/3bn/egS+2t54NrlYWbGw5figJLYK1qDs=&y=U2FsdGVkX18je96Cur21RKwC2ho9vxJ3lv49G/Ta5fKtPtI6sHPRZ66ssnr/15b9 HTTP/1.1" 200 25
207.46.13.20 - - [19/Jul/2022:21:06:34 -0500] "GET /Publicaciones/2022EE137559.pdf HTTP/1.1" 404 228
172.22.2.4 - - [19/Jul/2022:21:05:45 -0500] "HEAD /BLA/boletinlegal/ HTTP/1.1" 200 -
216.245.221.92 - - [19/Jul/2022:21:08:14 -0500] "HEAD / HTTP/1.1" 200 -
172.22.2.4 - - [19/Jul/2022:21:06:35 -0500] "GET /BLA/boletinlegal/ HTTP/1.1" 200 60410
201.245.192.253 - - [19/Jul/2022:21:09:31 -0500] "POST /kwsrmcab/Wsrmcab  HTTP/1.1" 200 45399
172.22.2.4 - - [19/Jul/2022:21:10:25 -0500] "GET /BLA/boletinlegal/Circulares/2021/CIRCULAR%20No.%2000007%20DEL%2010%20DE%20AGOSTO%20DEL%202021.pdf HTTP/1.1" 304 -
34.91.58.131 - - [19/Jul/2022:21:10:36 -0500] "GET / HTTP/1.1" 200 319
66.249.73.161 - - [19/Jul/2022:21:13:04 -0500] "-" 408 -
216.245.221.92 - - [19/Jul/2022:21:13:14 -0500] "HEAD / HTTP/1.1" 200 -
172.22.2.4 - - [19/Jul/2022:21:11:35 -0500] "HEAD /BLA/boletinlegal/ HTTP/1.1" 200 -
173.252.111.19 - - [19/Jul/2022:21:13:27 -0500] "GET /images/pieza-mujeres-reverdecen-4-abril.jpg HTTP/1.1" 200 48916
172.22.2.4 - - [19/Jul/2022:21:12:25 -0500] "GET /BLA/boletinlegal/ HTTP/1.1" 200 58122
54.36.148.209 - - [19/Jul/2022:21:14:25 -0500] "-" 408 -
201.245.192.253 - - [19/Jul/2022:21:14:30 -0500] "POST /kwsrmcab/Wsrmcab  HTTP/1.1" 200 45399
216.245.221.92 - - [19/Jul/2022:21:18:14 -0500] "HEAD / HTTP/1.1" 200 -
172.22.2.4 - - [19/Jul/2022:21:18:25 -0500] "GET /BLA/boletinlegal/owa/auth/logon.aspx?url=https%3a%2f%2f1%2fecp%2f HTTP/1.1" 404 1018
173.252.107.5 - - [19/Jul/2022:21:19:03 -0500] "GET /images/mujeres-cultura-31.jpg HTTP/1.1" 200 33736
172.22.2.4 - - [19/Jul/2022:21:17:25 -0500] "HEAD /BLA/boletinlegal/ HTTP/1.1" 200 -
186.30.75.38 - - [19/Jul/2022:21:19:11 -0500] "GET /BLA/resoluciones/index.php?dir=AUTOS+2014%2F HTTP/1.1" 200 875367
201.245.192.253 - - [19/Jul/2022:21:19:29 -0500] "POST /kwsrmcab/Wsrmcab  HTTP/1.1" 200 45399
172.22.2.4 - - [19/Jul/2022:21:18:15 -0500] "GET /BLA/boletinlegal/ HTTP/1.1" 200 60410
201.245.192.253 - - [19/Jul/2022:21:20:28 -0500] "POST /kwsrmcab/Wsrmcab HTTP/1.1" 200 45930
201.245.192.253 - - [19/Jul/2022:21:20:32 -0500] "POST /kwsrmcab/Wsrmcab HTTP/1.1" 200 47035
186.30.75.38 - - [19/Jul/2022:21:22:17 -0500] "GET /BLA/resoluciones/AUTOS%202014/3141.pdf HTTP/1.1" 200 424828
216.245.221.92 - - [19/Jul/2022:21:23:14 -0500] "HEAD / HTTP/1.1" 200 -
201.245.192.253 - - [19/Jul/2022:21:24:28 -0500] "POST /kwsrmcab/Wsrmcab  HTTP/1.1" 200 45399
172.22.2.4 - - [19/Jul/2022:21:23:15 -0500] "HEAD /BLA/boletinlegal/ HTTP/1.1" 200 -
172.22.2.4 - - [19/Jul/2022:21:24:05 -0500] "GET /BLA/boletinlegal/ HTTP/1.1" 200 58866
216.245.221.92 - - [19/Jul/2022:21:28:14 -0500] "HEAD / HTTP/1.1" 200 -
201.245.192.253 - - [19/Jul/2022:21:29:27 -0500] "POST /kwsrmcab/Wsrmcab  HTTP/1.1" 200 45399
201.245.192.253 - - [19/Jul/2022:21:30:28 -0500] "POST /kwsrmcab/Wsrmcab HTTP/1.1" 200 45930
201.245.192.253 - - [19/Jul/2022:21:30:32 -0500] "POST /kwsrmcab/Wsrmcab HTTP/1.1" 200 47035
172.22.2.4 - - [19/Jul/2022:21:29:05 -0500] "HEAD /BLA/boletinlegal/ HTTP/1.1" 200 -
172.22.2.4 - - [19/Jul/2022:21:29:55 -0500] "GET /BLA/boletinlegal/ HTTP/1.1" 200 58491
216.245.221.92 - - [19/Jul/2022:21:33:14 -0500] "HEAD / HTTP/1.1" 200 -
201.245.192.253 - - [19/Jul/2022:21:34:25 -0500] "POST /kwsrmcab/Wsrmcab  HTTP/1.1" 200 45399
172.22.2.4 - - [19/Jul/2022:21:34:48 -0500] "GET /BLA/boletinlegal/dev/.env HTTP/1.1" 404 1038
172.22.2.4 - - [19/Jul/2022:21:34:48 -0500] "GET /BLA/boletinlegal/.env HTTP/1.1" 404 1038
172.22.2.4 - - [19/Jul/2022:21:34:48 -0500] "GET /BLA/boletinlegal/staging/.env HTTP/1.1" 404 1038
172.22.2.4 - - [19/Jul/2022:21:34:48 -0500] "GET /BLA/boletinlegal/phpinfo.php HTTP/1.1" 404 1038
172.22.2.4 - - [19/Jul/2022:21:34:48 -0500] "GET /BLA/boletinlegal/test/.env HTTP/1.1" 404 1038
172.22.2.4 - - [19/Jul/2022:21:34:48 -0500] "GET /BLA/boletinlegal/locally/.env HTTP/1.1" 404 1038
172.22.2.4 - - [19/Jul/2022:21:34:48 -0500] "GET /BLA/boletinlegal/localhost/.env HTTP/1.1" 404 1038
172.22.2.4 - - [19/Jul/2022:21:34:48 -0500] "GET /BLA/boletinlegal/prod/.env HTTP/1.1" 404 1038
172.22.2.4 - - [19/Jul/2022:21:34:48 -0500] "GET /BLA/boletinlegal/platform/.env HTTP/1.1" 404 1038
172.22.2.4 - - [19/Jul/2022:21:34:48 -0500] "GET /BLA/boletinlegal/api/.env HTTP/1.1" 404 1038
172.22.2.4 - - [19/Jul/2022:21:34:48 -0500] "GET /BLA/boletinlegal/phpinfo HTTP/1.1" 404 1038
172.22.2.4 - - [19/Jul/2022:21:34:48 -0500] "POST /BLA/boletinlegal/app_dev.php/_profiler HTTP/1.1" 404 1038
172.22.2.4 - - [19/Jul/2022:21:34:48 -0500] "GET /BLA/boletinlegal/_profiler/phpinfo HTTP/1.1" 404 1038
172.22.2.4 - - [19/Jul/2022:21:34:48 -0500] "GET /BLA/boletinlegal/testing/.env HTTP/1.1" 404 1038
172.22.2.4 - - [19/Jul/2022:21:34:48 -0500] "GET /BLA/boletinlegal/info.php HTTP/1.1" 404 1038
172.22.2.4 - - [19/Jul/2022:21:34:48 -0500] "GET /BLA/boletinlegal/.aws/credentials HTTP/1.1" 404 1038
172.22.2.4 - - [19/Jul/2022:21:34:48 -0500] "POST /BLA/boletinlegal/_profiler HTTP/1.1" 404 1038
172.22.2.4 - - [19/Jul/2022:21:34:48 -0500] "GET /BLA/boletinlegal/production/.env HTTP/1.1" 404 1038
172.22.2.4 - - [19/Jul/2022:21:34:48 -0500] "GET /BLA/boletinlegal/core/.env HTTP/1.1" 404 1038
172.22.2.4 - - [19/Jul/2022:21:34:48 -0500] "POST /BLA/boletinlegal/debug/default/view?panel=config HTTP/1.1" 404 1038
172.22.2.4 - - [19/Jul/2022:21:34:48 -0500] "GET /BLA/boletinlegal/stag/.env HTTP/1.1" 404 1038
172.22.2.4 - - [19/Jul/2022:21:34:48 -0500] "GET /BLA/boletinlegal/development/.env HTTP/1.1" 404 1038
172.22.2.4 - - [19/Jul/2022:21:34:48 -0500] "GET /BLA/boletinlegal/app/.env HTTP/1.1" 404 1038
172.22.2.4 - - [19/Jul/2022:21:34:48 -0500] "GET /BLA/boletinlegal/public/.env HTTP/1.1" 404 1038
172.22.2.4 - - [19/Jul/2022:21:34:48 -0500] "GET /BLA/boletinlegal/.env.bak HTTP/1.1" 404 1038
172.22.2.4 - - [19/Jul/2022:21:34:48 -0500] "POST /BLA/boletinlegal/config.js HTTP/1.1" 404 1038
172.22.2.4 - - [19/Jul/2022:21:34:48 -0500] "GET /BLA/boletinlegal/developer/.env HTTP/1.1" 404 1038
172.22.2.4 - - [19/Jul/2022:21:34:48 -0500] "POST /BLA/boletinlegal/ HTTP/1.1" 200 32715
51.141.123.219 - - [19/Jul/2022:21:35:44 -0500] "POST /boaform/admin/formLogin HTTP/1.1" 404 1186
107.23.122.205 - - [19/Jul/2022:21:36:03 -0500] "GET / HTTP/1.1" 200 319
172.22.2.4 - - [19/Jul/2022:21:34:55 -0500] "HEAD /BLA/boletinlegal/ HTTP/1.1" 200 -
172.22.2.4 - - [19/Jul/2022:21:35:45 -0500] "GET /BLA/boletinlegal/ HTTP/1.1" 200 55166
216.245.221.92 - - [19/Jul/2022:21:38:14 -0500] "HEAD / HTTP/1.1" 200 -
201.245.192.253 - - [19/Jul/2022:21:39:25 -0500] "POST /kwsrmcab/Wsrmcab  HTTP/1.1" 200 45399
201.245.192.253 - - [19/Jul/2022:21:40:28 -0500] "POST /kwsrmcab/Wsrmcab HTTP/1.1" 200 45930
201.245.192.253 - - [19/Jul/2022:21:40:31 -0500] "POST /kwsrmcab/Wsrmcab HTTP/1.1" 200 47035
185.7.214.104 - - [19/Jul/2022:21:40:37 -0500] "-" 408 -
172.22.2.4 - - [19/Jul/2022:21:40:45 -0500] "HEAD /BLA/boletinlegal/ HTTP/1.1" 200 -
216.245.221.92 - - [19/Jul/2022:21:43:13 -0500] "HEAD / HTTP/1.1" 200 -
172.22.2.4 - - [19/Jul/2022:21:41:35 -0500] "GET /BLA/boletinlegal/ HTTP/1.1" 200 54767
192.241.209.77 - - [19/Jul/2022:21:44:08 -0500] "GET / HTTP/1.1" 200 319
201.245.192.253 - - [19/Jul/2022:21:44:24 -0500] "POST /kwsrmcab/Wsrmcab  HTTP/1.1" 200 45399
181.49.182.135 - - [19/Jul/2022:21:45:08 -0500] "GET / HTTP/1.1" 200 4720
181.49.182.135 - - [19/Jul/2022:21:45:09 -0500] "GET /fonts/icomoon/style.css HTTP/1.1" 200 79820
181.49.182.135 - - [19/Jul/2022:21:45:09 -0500] "GET /js/url.js HTTP/1.1" 404 1198
181.49.182.135 - - [19/Jul/2022:21:45:09 -0500] "GET /css/style.css HTTP/1.1" 200 3473
181.49.182.135 - - [19/Jul/2022:21:45:09 -0500] "GET /css/bootstrap.min.css HTTP/1.1" 200 178212
207.46.13.29 - - [19/Jul/2022:21:44:30 -0500] "GET /BLA/boletinlegal/index.php HTTP/1.1" 200 59828
89.187.175.246 - - [19/Jul/2022:21:46:28 -0500] "GET /wp-login.php HTTP/1.1" 404 1018
216.245.221.92 - - [19/Jul/2022:21:48:14 -0500] "HEAD / HTTP/1.1" 200 -
172.22.2.4 - - [19/Jul/2022:21:46:35 -0500] "HEAD /BLA/boletinlegal/ HTTP/1.1" 200 -
2.57.122.98 - - [19/Jul/2022:21:48:37 -0500] "GET / HTTP/1.1" 200 319
172.22.2.4 - - [19/Jul/2022:21:47:25 -0500] "GET /BLA/boletinlegal/ HTTP/1.1" 200 58122
201.245.192.253 - - [19/Jul/2022:21:49:23 -0500] "POST /kwsrmcab/Wsrmcab  HTTP/1.1" 200 45399
216.245.221.92 - - [19/Jul/2022:21:53:13 -0500] "HEAD / HTTP/1.1" 200 -
172.22.2.4 - - [19/Jul/2022:21:52:25 -0500] "HEAD /BLA/boletinlegal/ HTTP/1.1" 200 -
201.245.192.253 - - [19/Jul/2022:21:54:22 -0500] "POST /kwsrmcab/Wsrmcab  HTTP/1.1" 200 45399
172.22.2.4 - - [19/Jul/2022:21:53:15 -0500] "GET /BLA/boletinlegal/ HTTP/1.1" 200 55166
173.252.79.20 - - [19/Jul/2022:21:56:27 -0500] "GET /images/mujeres-cultura-31.jpg HTTP/1.1" 200 33736
66.249.73.161 - - [19/Jul/2022:21:58:06 -0500] "-" 408 -
216.245.221.92 - - [19/Jul/2022:21:58:14 -0500] "HEAD / HTTP/1.1" 200 -
201.245.192.253 - - [19/Jul/2022:21:59:21 -0500] "POST /kwsrmcab/Wsrmcab  HTTP/1.1" 200 45399
172.22.2.4 - - [19/Jul/2022:21:58:56 -0500] "GET /BLA/boletinlegal/ HTTP/1.1" 200 24523
172.22.2.4 - - [19/Jul/2022:21:58:15 -0500] "HEAD /BLA/boletinlegal/ HTTP/1.1" 200 -
185.119.81.109 - - [19/Jul/2022:22:00:15 -0500] "GET /portaldeninos/wp-login.php HTTP/1.1" 200 2592
185.119.81.109 - - [19/Jul/2022:22:00:16 -0500] "POST /portaldeninos/wp-login.php HTTP/1.1" 200 3670
172.22.2.4 - - [19/Jul/2022:21:59:05 -0500] "GET /BLA/boletinlegal/ HTTP/1.1" 200 55912
216.245.221.92 - - [19/Jul/2022:22:03:13 -0500] "HEAD / HTTP/1.1" 200 -
201.245.192.253 - - [19/Jul/2022:22:04:20 -0500] "POST /kwsrmcab/Wsrmcab  HTTP/1.1" 200 45399
172.22.2.4 - - [19/Jul/2022:22:04:05 -0500] "HEAD /BLA/boletinlegal/ HTTP/1.1" 200 -
172.22.2.4 - - [19/Jul/2022:22:04:55 -0500] "GET /BLA/boletinlegal/ HTTP/1.1" 200 60410
185.119.81.109 - - [19/Jul/2022:22:06:47 -0500] "GET /portaldeninos/wp-login.php HTTP/1.1" 200 2592
185.119.81.109 - - [19/Jul/2022:22:06:48 -0500] "POST /portaldeninos/wp-login.php HTTP/1.1" 200 3670
172.22.2.4 - - [19/Jul/2022:22:07:51 -0500] "GET /BLA/boletinlegal/Circulares/2022/CIRCULAR%20No.%2000004%20DEL%2019%20DE%20MAYO%20DEL%202022.pdf HTTP/1.1" 304 -
216.245.221.92 - - [19/Jul/2022:22:08:13 -0500] "HEAD / HTTP/1.1" 200 -
173.252.107.6 - - [19/Jul/2022:22:09:04 -0500] "GET /images/humedal-agua-lluvias-bogota-18-marzo.jpg HTTP/1.1" 200 146923
201.245.192.253 - - [19/Jul/2022:22:09:19 -0500] "POST /kwsrmcab/Wsrmcab  HTTP/1.1" 200 45399
66.249.73.161 - - [19/Jul/2022:22:09:47 -0500] "-" 408 -
186.102.12.225 - - [19/Jul/2022:22:11:16 -0500] "GET /kwssiamovil/sm/ldap/au?x=U2FsdGVkX18Vu2cEI1914c+1zMmiwZbxj0S9ow242lfmgTYUyl0Y8stCwyW/wPNj&y=U2FsdGVkX19Q94Zh+kXaDI4W236UegGdLvO1uRaSOXivcKVUgjV2fKH9Kgm5z0tl HTTP/1.1" 200 30
186.102.12.225 - - [19/Jul/2022:22:11:17 -0500] "GET /kwssiamovil/sm/acme/s?s=U2FsdGVkX18Fsc0vA0uFKMA6i1h6ACcJvVpufRf0hfTxV/tSxgT9PBV18N2gYGR+cx3WHlFul/NB00VFXxUKG+gXmt8mbbsRiVB3Xx+SrNk=&u=U2FsdGVkX1/BSLC2t47c85wMG5ybpwenR1F9YwWzyVXJEb+E0ld7ppQWPWL55wYc&y=U2FsdGVkX19Q94Zh+kXaDI4W236UegGdLvO1uRaSOXivcKVUgjV2fKH9Kgm5z0tl HTTP/1.1" 200 97
186.102.12.225 - - [19/Jul/2022:22:11:17 -0500] "GET /kwssiamovil/sm/acme/s?s=U2FsdGVkX1/ZG8FK2J6W55BiKeAHnd/whSRe0yx73NDinnIf4GGT09yBhGkeltN81KNeStC02SG03cvGQu4hThvEl09H67nsInA9P5QK5JaCaic0Z0LZn7ME/JfqFgHRPx20keyIb40f+5O3V19I1NMeHHRojjkgBw1mGxJNuyyjrJOAk1YNf9Z8cFrFHIN2dvkmnczuZkT4k3jZgDcxZv+G3tPNsY3zTZ6yvsCnYP/i15ZpR4GY04oM8XwHV40+3VYlKLultrE5l45YyeDmwWhBIllNjOYLaL55oTnV7iPyYlpFhdoocLkmV9IVkU1PthKKS5z0sNEZvx+0bvnkbERetWFQytKbaDyfTZPcPgTwfb8ZHjxa25//6M4HQY6yMUePkL+X2N8Re9UBFpvcAUrZa8dTqvlT5slOX4KE31cpND+FJ6txRhlDn6nUOyCptc+xFgJdp7Ko40CxtCGrlYbiEIpRHUm+fMa0BIvKL5C8z7s0Y7nFbdAg91/Ndu1LQwa9pg/ihQ/yJyu7/v9P/WxvLgoyps0cqVaHgLhMIVHKE8sNaL8EZutlKPG5MkLuP3dOme5CbGiVthIiPvmiuVlwRNMfYPmZB9erk2n8AUMsvdGvwQqdHIWP4/inoxXYZwCCpATgQvF+HUn89d6FPHNl55sXxgynFgqqPpOd1f3bT+1wj2jskfjh1G2K+NIU4se/Hhdj9Hjb/D9gccGOUfE3sOLKsV8PBCv2eUHI6t+UmmkOm5oR6gPWmlyOmyMcja3tahou2xv2qj6ZjNiNKUdM3ydN+6Kz/7zbxtLO5+Q3q4wIG69vTvSgjPTbI+XuQCTVSVbA2cjIoCzNW7rnU+9WGA7uSUij5h+ClgQ1rlZiyh+aOPi2QzatimYYnKieeSrm3QNu2qU2qakjAgKGmuM2cZbyew4b7RR4zLmt+5nXqN9NXR+24NoAQHTJs7HceJxE+/Pg0+y0rnV/0gKioex33dZcKUDiW6GNg0kTF8TPHOTDUg0XWJ+gRaYL/02yp70dhh+JEFZ5TOOv8Y6pKongo3TqS6Exke8Xh4sUpUt6Rm/zkAlJ0Ad9uGC2W22UXC+3OIbSVKGPAIYz+jJQgwbUTBmwuvuA7wYOFg7UI+vxQwzXukcpW9sBovigmYa7CdGWrkVey7K30xVCaeeDBilaO/11ApOx0lPvY1WYYMjRf5s5qXR3F3MMRoA80EWNGzZG3P+MGa7Bz/yLvTB+N28mZLSSjd1P1kHOEv1gnnT0nqZfujhnQb9V6AQDrBKHpeQ+0kF2+ipyYdNi1FKoJfu9BFmaWupGXoTOZXgBzzUEfkbe+dqxmxNisBrSPAtAJ/gTEGW2cERtPtpkENobAIIbjby2SmlAK4V6GilHpoA=&u=U2FsdGVkX1/BSLC2t47c85wMG5ybpwenR1F9YwWzyVXJEb+E0ld7ppQWPWL55wYc&y=U2FsdGVkX19Q94Zh+kXaDI4W236UegGdLvO1uRaSOXivcKVUgjV2fKH9Kgm5z0tl HTTP/1.1" 200 851
186.102.12.225 - - [19/Jul/2022:22:11:17 -0500] "GET /kwssiamovil/sm/acme/s?s=U2FsdGVkX1/Fq52Y0ddrO7g7lQHxBS/0GhLK8PpvbcMKjGBRZdakOnxgJo/mvr1UWX/pCaJzinjIuh3u8KNyZL04SxKUni4yrnsuSGQA21//gpQ/Ud9eFJjPORBqUsQPVmPLjFKiWCwlvMVEiMzanm6CqIvlgQ+iauYyNvBdq7mJRhui4k4GIABlMklVAWdU5gQatdGPhiODZ8qyTlXPMu8XkQihHkY8YriMun0cu0qnTQe3qqRFw4VS2OoyNJNCBw9baVSHq7Li9tCxcRi4sT+xA500OeZJ2h39tD/ukAM=&u=U2FsdGVkX1/BSLC2t47c85wMG5ybpwenR1F9YwWzyVXJEb+E0ld7ppQWPWL55wYc&y=U2FsdGVkX19Q94Zh+kXaDI4W236UegGdLvO1uRaSOXivcKVUgjV2fKH9Kgm5z0tl HTTP/1.1" 200 176
186.102.12.225 - - [19/Jul/2022:22:11:17 -0500] "GET /kwssiamovil/sm/cjson/pre?f=1&x=U2FsdGVkX18Vu2cEI1914c+1zMmiwZbxj0S9ow242lfmgTYUyl0Y8stCwyW/wPNj HTTP/1.1" 200 30992
172.22.2.4 - - [19/Jul/2022:22:09:55 -0500] "HEAD /BLA/boletinlegal/ HTTP/1.1" 200 -
207.46.13.214 - - [19/Jul/2022:22:12:00 -0500] "GET /BLA/boletinlegal/notificaciones.php HTTP/1.1" 200 41740
172.22.2.4 - - [19/Jul/2022:22:10:45 -0500] "GET /BLA/boletinlegal/ HTTP/1.1" 200 53187
172.22.2.4 - - [19/Jul/2022:22:11:18 -0500] "GET /BLA/boletinlegal/ HTTP/1.1" 200 58491
216.245.221.92 - - [19/Jul/2022:22:13:13 -0500] "HEAD / HTTP/1.1" 200 -
201.245.192.253 - - [19/Jul/2022:22:14:16 -0500] "POST /kwsrmcab/Wsrmcab  HTTP/1.1" 200 45399
185.7.214.104 - - [19/Jul/2022:22:14:26 -0500] "GET /solr/admin/info/system?wt=json HTTP/1.1" 404 1018
185.119.81.107 - - [19/Jul/2022:22:16:45 -0500] "GET /portaldeninos/wp-login.php HTTP/1.1" 200 2592
185.119.81.107 - - [19/Jul/2022:22:16:46 -0500] "POST /portaldeninos/wp-login.php HTTP/1.1" 200 3605
172.22.2.4 - - [19/Jul/2022:22:15:45 -0500] "HEAD /BLA/boletinlegal/ HTTP/1.1" 200 -
216.245.221.92 - - [19/Jul/2022:22:18:13 -0500] "HEAD / HTTP/1.1" 200 -
172.22.2.4 - - [19/Jul/2022:22:16:35 -0500] "GET /BLA/boletinlegal/ HTTP/1.1" 200 58491
201.245.192.253 - - [19/Jul/2022:22:19:16 -0500] "POST /kwsrmcab/Wsrmcab  HTTP/1.1" 200 45399
201.245.192.253 - - [19/Jul/2022:22:20:28 -0500] "POST /kwsrmcab/Wsrmcab HTTP/1.1" 200 46091
201.245.192.253 - - [19/Jul/2022:22:20:32 -0500] "POST /kwsrmcab/Wsrmcab HTTP/1.1" 200 46896
3.93.80.180 - - [19/Jul/2022:22:21:35 -0500] "HEAD /la-moda-circular-es-tendencia-nueva-apuesta-para-avanzar-en-la-sostenibilidad-del-sector-en-bogota.html HTTP/1.1" 200 -
3.93.80.180 - - [19/Jul/2022:22:21:35 -0500] "HEAD /distrito-entrego-certificado-de-reconocimiento-a-mas-de-600-mujeres-que-reverdecen-tras-seis-meses-de-formacion-teorica-y-practica.html HTTP/1.1" 200 -
216.245.221.92 - - [19/Jul/2022:22:23:13 -0500] "HEAD / HTTP/1.1" 200 -
172.22.2.4 - - [19/Jul/2022:22:21:34 -0500] "HEAD /BLA/boletinlegal/ HTTP/1.1" 200 -
172.22.2.4 - - [19/Jul/2022:22:22:25 -0500] "GET /BLA/boletinlegal/ HTTP/1.1" 200 58491
201.245.192.253 - - [19/Jul/2022:22:24:14 -0500] "POST /kwsrmcab/Wsrmcab  HTTP/1.1" 200 45399
40.77.189.52 - - [19/Jul/2022:22:27:52 -0500] "GET /BLA/boletinlegal/js/jquery.js HTTP/1.1" 200 57254
40.77.189.110 - - [19/Jul/2022:22:27:52 -0500] "GET /BLA/boletinlegal/styles2.css HTTP/1.1" 200 1838
40.77.188.252 - - [19/Jul/2022:22:27:52 -0500] "GET /BLA/boletinlegal/js/jquery.scrollTo-min.js HTTP/1.1" 200 1150
216.245.221.92 - - [19/Jul/2022:22:28:13 -0500] "HEAD / HTTP/1.1" 200 -
172.22.2.4 - - [19/Jul/2022:22:27:25 -0500] "HEAD /BLA/boletinlegal/ HTTP/1.1" 200 -
201.245.192.253 - - [19/Jul/2022:22:29:14 -0500] "POST /kwsrmcab/Wsrmcab  HTTP/1.1" 200 45399
185.119.81.105 - - [19/Jul/2022:22:29:54 -0500] "GET /portaldeninos/wp-login.php HTTP/1.1" 200 2592
172.22.2.4 - - [19/Jul/2022:22:28:15 -0500] "GET /BLA/boletinlegal/ HTTP/1.1" 200 58491
185.119.81.105 - - [19/Jul/2022:22:29:55 -0500] "POST /portaldeninos/wp-login.php HTTP/1.1" 200 3605
201.245.192.253 - - [19/Jul/2022:22:30:28 -0500] "POST /kwsrmcab/Wsrmcab HTTP/1.1" 200 46091
201.245.192.253 - - [19/Jul/2022:22:30:35 -0500] "POST /kwsrmcab/Wsrmcab HTTP/1.1" 200 46896
154.209.125.60 - - [19/Jul/2022:22:30:57 -0500] "GET / HTTP/1.1" 200 319
2.57.122.98 - - [19/Jul/2022:22:31:02 -0500] "GET / HTTP/1.1" 200 319
216.245.221.92 - - [19/Jul/2022:22:33:13 -0500] "HEAD / HTTP/1.1" 200 -
201.245.192.253 - - [19/Jul/2022:22:34:13 -0500] "POST /kwsrmcab/Wsrmcab  HTTP/1.1" 200 45399
172.22.2.4 - - [19/Jul/2022:22:33:15 -0500] "HEAD /BLA/boletinlegal/ HTTP/1.1" 200 -
172.22.2.4 - - [19/Jul/2022:22:34:05 -0500] "GET /BLA/boletinlegal/ HTTP/1.1" 200 58491
216.245.221.92 - - [19/Jul/2022:22:38:13 -0500] "HEAD / HTTP/1.1" 200 -
201.245.192.253 - - [19/Jul/2022:22:39:10 -0500] "POST /kwsrmcab/Wsrmcab  HTTP/1.1" 200 45399
201.245.192.253 - - [19/Jul/2022:22:40:27 -0500] "POST /kwsrmcab/Wsrmcab HTTP/1.1" 200 46091
201.245.192.253 - - [19/Jul/2022:22:40:31 -0500] "POST /kwsrmcab/Wsrmcab HTTP/1.1" 200 46896
207.46.13.20 - - [19/Jul/2022:22:40:36 -0500] "GET /BLA/resoluciones/index.php?dir=RESOLUCIONES+2017%2F HTTP/1.1" 200 281726
172.22.2.4 - - [19/Jul/2022:22:39:04 -0500] "HEAD /BLA/boletinlegal/ HTTP/1.1" 200 -
207.46.13.20 - - [19/Jul/2022:22:40:57 -0500] "GET /BLA/resoluciones/index.php?dir=RESOLUCIONES+2007%2F HTTP/1.1" 200 35450
172.22.2.4 - - [19/Jul/2022:22:39:55 -0500] "GET /BLA/boletinlegal/ HTTP/1.1" 200 58122
185.7.214.104 - - [19/Jul/2022:22:42:07 -0500] "GET /index.php?s=/Index/\\think\\app/invokefunction&function=call_user_func_array&vars[0]=md5&vars[1][]=HelloThinkPHP21 HTTP/1.1" 404 1018
66.249.73.164 - - [19/Jul/2022:22:43:06 -0500] "-" 408 -
216.245.221.92 - - [19/Jul/2022:22:43:13 -0500] "HEAD / HTTP/1.1" 200 -
207.46.13.188 - - [19/Jul/2022:22:43:25 -0500] "GET /BLA/resoluciones/AUTOS%202013/1774.pdf HTTP/1.1" 304 -
185.119.81.105 - - [19/Jul/2022:22:43:38 -0500] "GET /portaldeninos/wp-login.php HTTP/1.1" 200 2592
185.119.81.105 - - [19/Jul/2022:22:43:38 -0500] "POST /portaldeninos/wp-login.php HTTP/1.1" 200 3605
201.245.192.253 - - [19/Jul/2022:22:44:10 -0500] "POST /kwsrmcab/Wsrmcab  HTTP/1.1" 200 45399
178.159.37.158 - - [19/Jul/2022:22:45:56 -0500] "GET /portaldeninos/ HTTP/1.0" 200 109662
172.22.2.4 - - [19/Jul/2022:22:44:54 -0500] "HEAD /BLA/boletinlegal/ HTTP/1.1" 200 -
172.22.2.4 - - [19/Jul/2022:22:45:45 -0500] "GET /BLA/boletinlegal/ HTTP/1.1" 200 58866
216.245.221.92 - - [19/Jul/2022:22:48:13 -0500] "HEAD / HTTP/1.1" 200 -
201.245.192.253 - - [19/Jul/2022:22:49:09 -0500] "POST /kwsrmcab/Wsrmcab  HTTP/1.1" 200 45399
172.22.2.4 - - [19/Jul/2022:22:50:44 -0500] "HEAD /BLA/boletinlegal/ HTTP/1.1" 200 -
216.245.221.92 - - [19/Jul/2022:22:53:13 -0500] "HEAD / HTTP/1.1" 200 -
172.22.2.4 - - [19/Jul/2022:22:51:35 -0500] "GET /BLA/boletinlegal/ HTTP/1.1" 200 58122
201.245.192.253 - - [19/Jul/2022:22:54:08 -0500] "POST /kwsrmcab/Wsrmcab  HTTP/1.1" 200 45399
216.245.221.92 - - [19/Jul/2022:22:58:13 -0500] "HEAD / HTTP/1.1" 200 -
172.22.2.4 - - [19/Jul/2022:22:56:34 -0500] "HEAD /BLA/boletinlegal/ HTTP/1.1" 200 -
172.22.2.4 - - [19/Jul/2022:22:57:25 -0500] "GET /BLA/boletinlegal/ HTTP/1.1" 200 58491
201.245.192.253 - - [19/Jul/2022:22:59:07 -0500] "POST /kwsrmcab/Wsrmcab  HTTP/1.1" 200 45399
66.220.149.7 - - [19/Jul/2022:23:02:55 -0500] "GET /chulo-o-gallinazo-un-carronero-que-cumple-un-papel-fundamental-en-los-ecosistemas.html?fbclid=IwAR23MlhpE4Lxd0bkFqtcylQjnmHJk8ElKSmfE0Is7Yxd6-wR1saCwWCBpu0 HTTP/1.1" 200 784
216.245.221.92 - - [19/Jul/2022:23:03:13 -0500] "HEAD / HTTP/1.1" 200 -
172.22.2.4 - - [19/Jul/2022:23:02:24 -0500] "HEAD /BLA/boletinlegal/ HTTP/1.1" 200 -
201.245.192.253 - - [19/Jul/2022:23:04:06 -0500] "POST /kwsrmcab/Wsrmcab  HTTP/1.1" 200 45399
207.46.13.214 - - [19/Jul/2022:23:04:36 -0500] "GET /Publicaciones/2022EE135605.pdf HTTP/1.1" 404 228
172.22.2.4 - - [19/Jul/2022:23:03:15 -0500] "GET /BLA/boletinlegal/ HTTP/1.1" 200 52424
172.22.2.4 - - [19/Jul/2022:23:04:41 -0500] "GET /BLA/boletinlegal/ HTTP/1.1" 200 24523
172.22.2.4 - - [19/Jul/2022:23:05:45 -0500] "GET /BLA/boletinlegal/ HTTP/1.1" 200 36811
216.245.221.92 - - [19/Jul/2022:23:08:13 -0500] "HEAD / HTTP/1.1" 200 -
157.55.39.114 - - [19/Jul/2022:23:08:35 -0500] "GET /sipse/faces/faces/autenticacion.xhtml HTTP/1.1" 200 12500
201.245.192.253 - - [19/Jul/2022:23:09:05 -0500] "POST /kwsrmcab/Wsrmcab  HTTP/1.1" 200 45399
172.22.2.4 - - [19/Jul/2022:23:08:14 -0500] "HEAD /BLA/boletinlegal/ HTTP/1.1" 200 -
172.22.2.4 - - [19/Jul/2022:23:09:42 -0500] "GET /BLA/boletinlegal/ HTTP/1.1" 200 36811
172.22.2.4 - - [19/Jul/2022:23:09:05 -0500] "GET /BLA/boletinlegal/ HTTP/1.1" 200 53903
157.55.39.186 - - [19/Jul/2022:23:12:04 -0500] "GET / HTTP/1.1" 200 319
216.245.221.92 - - [19/Jul/2022:23:13:13 -0500] "HEAD / HTTP/1.1" 200 -
185.7.214.104 - - [19/Jul/2022:23:13:49 -0500] "GET /?a=fetch&content=<php>die(@md5(HelloThinkCMF))</php> HTTP/1.1" 200 319
201.245.192.253 - - [19/Jul/2022:23:14:03 -0500] "POST /kwsrmcab/Wsrmcab  HTTP/1.1" 200 45399
172.22.2.4 - - [19/Jul/2022:23:14:04 -0500] "HEAD /BLA/boletinlegal/ HTTP/1.1" 200 -
172.22.2.4 - - [19/Jul/2022:23:14:55 -0500] "GET /BLA/boletinlegal/ HTTP/1.1" 200 54767
216.245.221.92 - - [19/Jul/2022:23:18:13 -0500] "HEAD / HTTP/1.1" 200 -
201.245.192.253 - - [19/Jul/2022:23:19:03 -0500] "POST /kwsrmcab/Wsrmcab  HTTP/1.1" 200 45399
