181.58.186.188 - - [19/Jul/2022:11:56:32 -0500] "GET /kwssiamovil/sm/des/acme/s?s=U2FsdGVkX1/kIRieMWgpB2YWQl4snr1flnPtZ+0wFSN2IHqw5M0JdFvNlJgu/4sZSvq2+wGBgoj22U3i5aFEYYwtMVhE5dYLqKSBh7YQfcWXhRwFbcl9Yq6T0qOe9VaiR3GLdZlYbLrc9Rf97KoN9Q==&u=U2FsdGVkX19ZXYhFgkZ2vkOaANV7/qWuZLnyS0Vm/BY=&y=U2FsdGVkX19h1vlfCvmehrwb/5e8xJlkg5+5dAqwzBIFkA8EO9AFbp5FYqjgw62E HTTP/1.1" 200 92
181.58.186.188 - - [19/Jul/2022:11:56:32 -0500] "GET /kwssiamovil/sm/des/acme/s?s=U2FsdGVkX1/+77r8GTzyfJFUzQYPmKu1iXRJHMqkV2tYSo6Dh/GPv7/xZ8ZrxWSX7QZpNqBCQYeaOtU9lFhZN2nWV4P/mGT3ZwdW4OSEWfv2d8EIITZ6JNnPucy3L9TFH25JhNWke2HSEyC/F4pkInzimgYoiCo3EESkI+Ja64QZb5JzRMYG5rxr3B4WpHx8kOSTXTE70uAysC8S7LOTHzOeeJHE6m/oUJPnsKRl9Q5WeICdoA86h7QvMuXFGrTrgWep2T0RqXydCthNYD17XHUbxofFZrfgrafsS/h8j7WW15vFgawI5HNoqHnVW2ConHOC+VEzjZsp4v0fIXDPZQ==&u=U2FsdGVkX19ZXYhFgkZ2vkOaANV7/qWuZLnyS0Vm/BY=&y=U2FsdGVkX19h1vlfCvmehrwb/5e8xJlkg5+5dAqwzBIFkA8EO9AFbp5FYqjgw62E HTTP/1.1" 200 594
181.58.186.188 - - [19/Jul/2022:11:56:32 -0500] "GET /kwssiamovil/sm/des/cjson/pre?f=17&x=U2FsdGVkX1/PNmXL4/FoELyy/kGxM3OQcR1RIRGYX/0ovQkHgkmY/luCFbDrYKUr HTTP/1.1" 200 9591
181.58.186.188 - - [19/Jul/2022:11:56:32 -0500] "GET /kwssiamovil/sm/des/cjson/pre?f=18&x=U2FsdGVkX1/PNmXL4/FoELyy/kGxM3OQcR1RIRGYX/0ovQkHgkmY/luCFbDrYKUr HTTP/1.1" 200 24780
181.58.186.188 - - [19/Jul/2022:11:56:32 -0500] "GET /kwssiamovil/sm/des/cjson/pre?f=4&x=U2FsdGVkX1/PNmXL4/FoELyy/kGxM3OQcR1RIRGYX/0ovQkHgkmY/luCFbDrYKUr HTTP/1.1" 200 33589
201.245.192.253 - - [19/Jul/2022:11:56:35 -0500] "POST /kwsrmcab/Wsrmcab  HTTP/1.1" 200 45399
181.58.186.188 - - [19/Jul/2022:11:56:32 -0500] "GET /kwssiamovil/sm/des/cjson/pre?f=3&x=U2FsdGVkX1/PNmXL4/FoELyy/kGxM3OQcR1RIRGYX/0ovQkHgkmY/luCFbDrYKUr HTTP/1.1" 200 94838
201.245.192.253 - - [19/Jul/2022:11:56:48 -0500] "POST /sipse/faces/presentacion/financiero/solicitudProyectoActividad/asociarActividadSolicitud.xhtml HTTP/1.1" 200 20102
201.245.192.253 - - [19/Jul/2022:11:56:49 -0500] "GET /sipse/faces/javax.faces.resource/theme.css?ln=primefaces-sipse HTTP/1.1" 304 -
201.245.192.253 - - [19/Jul/2022:11:56:49 -0500] "GET /sipse/faces/javax.faces.resource/layout/layout.css?ln=primefaces&v=4.0 HTTP/1.1" 304 -
201.245.192.253 - - [19/Jul/2022:11:56:49 -0500] "GET /sipse/faces/javax.faces.resource/primefaces.css?ln=primefaces&v=4.0 HTTP/1.1" 304 -
201.245.192.253 - - [19/Jul/2022:11:56:49 -0500] "GET /sipse/faces/javax.faces.resource/jquery/jquery.js?ln=primefaces&v=4.0 HTTP/1.1" 304 -
201.245.192.253 - - [19/Jul/2022:11:56:49 -0500] "GET /sipse/faces/javax.faces.resource/jquery/jquery-plugins.js?ln=primefaces&v=4.0 HTTP/1.1" 304 -
201.245.192.253 - - [19/Jul/2022:11:56:49 -0500] "GET /sipse/faces/javax.faces.resource/primefaces.js?ln=primefaces&v=4.0 HTTP/1.1" 304 -
201.245.192.253 - - [19/Jul/2022:11:56:49 -0500] "GET /sipse/faces/javax.faces.resource/layout/layout.js?ln=primefaces&v=4.0 HTTP/1.1" 304 -
216.245.221.92 - - [19/Jul/2022:11:58:15 -0500] "HEAD / HTTP/1.1" 200 -
172.22.2.4 - - [19/Jul/2022:11:57:26 -0500] "HEAD /BLA/boletinlegal/ HTTP/1.1" 200 -
201.245.192.253 - - [19/Jul/2022:11:59:22 -0500] "GET /sipse/faces/javax.faces.resource/jquery/jquery-plugins.js?ln=primefaces&v=4.0 HTTP/1.1" 304 -
201.245.192.253 - - [19/Jul/2022:11:59:22 -0500] "GET /sipse/faces/javax.faces.resource/layout/layout.css?ln=primefaces&v=4.0 HTTP/1.1" 304 -
201.245.192.253 - - [19/Jul/2022:11:59:22 -0500] "GET /sipse/faces/javax.faces.resource/theme.css?ln=primefaces-sipse HTTP/1.1" 304 -
201.245.192.253 - - [19/Jul/2022:11:59:22 -0500] "GET /sipse/faces/javax.faces.resource/primefaces.css?ln=primefaces&v=4.0 HTTP/1.1" 304 -
201.245.192.253 - - [19/Jul/2022:11:59:22 -0500] "GET /sipse/faces/javax.faces.resource/jquery/jquery.js?ln=primefaces&v=4.0 HTTP/1.1" 304 -
201.245.192.253 - - [19/Jul/2022:11:59:22 -0500] "GET /sipse/faces/javax.faces.resource/primefaces.js?ln=primefaces&v=4.0 HTTP/1.1" 304 -
201.245.192.253 - - [19/Jul/2022:11:59:22 -0500] "GET /sipse/faces/javax.faces.resource/layout/layout.js?ln=primefaces&v=4.0 HTTP/1.1" 304 -
201.245.192.253 - - [19/Jul/2022:11:59:22 -0500] "GET /sipse/css/imagen/contrasena.png HTTP/1.1" 404 383
201.245.192.253 - - [19/Jul/2022:11:59:21 -0500] "POST /sipse/faces/presentacion/financiero/solicitudProyectoActividad/asociarFuentesSolicitud.xhtml HTTP/1.1" 200 83557
201.245.192.253 - - [19/Jul/2022:11:59:22 -0500] "GET /sipse/faces/javax.faces.resource/images/ui-icons_898989_256x240.png?ln=primefaces-aristo HTTP/1.1" 304 -
201.245.192.253 - - [19/Jul/2022:11:59:41 -0500] "POST /sipse/faces/presentacion/financiero/solicitudProceso/crearModificarSolicitudProceso.xhtml HTTP/1.1" 200 45586
201.245.192.253 - - [19/Jul/2022:11:59:51 -0500] "GET /sipse/faces/javax.faces.resource/theme.css?ln=primefaces-sipse HTTP/1.1" 304 -
201.245.192.253 - - [19/Jul/2022:11:59:51 -0500] "GET /sipse/faces/javax.faces.resource/primefaces.css?ln=primefaces&v=4.0 HTTP/1.1" 304 -
201.245.192.253 - - [19/Jul/2022:11:59:51 -0500] "GET /sipse/faces/javax.faces.resource/layout/layout.css?ln=primefaces&v=4.0 HTTP/1.1" 304 -
201.245.192.253 - - [19/Jul/2022:11:59:51 -0500] "GET /sipse/faces/javax.faces.resource/jquery/jquery.js?ln=primefaces&v=4.0 HTTP/1.1" 304 -
201.245.192.253 - - [19/Jul/2022:11:59:51 -0500] "GET /sipse/faces/javax.faces.resource/jquery/jquery-plugins.js?ln=primefaces&v=4.0 HTTP/1.1" 304 -
201.245.192.253 - - [19/Jul/2022:11:59:51 -0500] "GET /sipse/faces/javax.faces.resource/primefaces.js?ln=primefaces&v=4.0 HTTP/1.1" 304 -
201.245.192.253 - - [19/Jul/2022:11:59:51 -0500] "GET /sipse/faces/javax.faces.resource/layout/layout.js?ln=primefaces&v=4.0 HTTP/1.1" 304 -
173.252.107.117 - - [19/Jul/2022:11:59:53 -0500] "GET /images/mujeres-cultura-31.jpg HTTP/1.1" 200 33736
172.22.2.4 - - [19/Jul/2022:11:58:16 -0500] "GET /BLA/boletinlegal/ HTTP/1.1" 200 61510
201.245.192.253 - - [19/Jul/2022:11:59:57 -0500] "GET /sipse/faces/javax.faces.resource/images/ui-bg_flat_0_2d5972_40x100.png?ln=primefaces-aristo HTTP/1.1" 304 -
201.245.192.253 - - [19/Jul/2022:11:59:57 -0500] "POST /sipse/faces/presentacion/financiero/solicitudBienServicio/asociarBienServicioSolicitud.xhtml HTTP/1.1" 200 2720
181.63.220.121 - - [19/Jul/2022:12:00:07 -0500] "GET /BLA/resoluciones/RESOLUCIONES%202009/9379.pdf HTTP/1.1" 200 106800
181.63.220.121 - - [19/Jul/2022:12:00:08 -0500] "GET /BLA/resoluciones/RESOLUCIONES%202009/9380.pdf HTTP/1.1" 200 98065
181.63.220.121 - - [19/Jul/2022:12:00:09 -0500] "GET /BLA/resoluciones/RESOLUCIONES%202009/9381.pdf HTTP/1.1" 200 498389
201.245.192.253 - - [19/Jul/2022:12:00:10 -0500] "GET /sipse/faces/javax.faces.resource/images/ui-icons_898989_256x240.png?ln=primefaces-aristo HTTP/1.1" 304 -
181.63.220.121 - - [19/Jul/2022:12:00:10 -0500] "GET /BLA/resoluciones/RESOLUCIONES%202009/9382.pdf HTTP/1.1" 200 288151
201.245.192.253 - - [19/Jul/2022:12:00:11 -0500] "POST /sipse/faces/presentacion/financiero/solicitudBienServicio/asociarBienServicioSolicitud.xhtml HTTP/1.1" 200 79321
201.245.192.253 - - [19/Jul/2022:12:00:11 -0500] "GET /sipse/faces/javax.faces.resource/theme.css?ln=primefaces-sipse HTTP/1.1" 304 -
201.245.192.253 - - [19/Jul/2022:12:00:11 -0500] "GET /sipse/faces/javax.faces.resource/primefaces.css?ln=primefaces&v=4.0 HTTP/1.1" 304 -
201.245.192.253 - - [19/Jul/2022:12:00:11 -0500] "GET /sipse/faces/javax.faces.resource/layout/layout.css?ln=primefaces&v=4.0 HTTP/1.1" 304 -
201.245.192.253 - - [19/Jul/2022:12:00:11 -0500] "GET /sipse/faces/javax.faces.resource/jquery/jquery.js?ln=primefaces&v=4.0 HTTP/1.1" 304 -
201.245.192.253 - - [19/Jul/2022:12:00:11 -0500] "GET /sipse/faces/javax.faces.resource/jquery/jquery-plugins.js?ln=primefaces&v=4.0 HTTP/1.1" 304 -
201.245.192.253 - - [19/Jul/2022:12:00:11 -0500] "GET /sipse/faces/javax.faces.resource/primefaces.js?ln=primefaces&v=4.0 HTTP/1.1" 304 -
201.245.192.253 - - [19/Jul/2022:12:00:11 -0500] "GET /sipse/faces/javax.faces.resource/layout/layout.js?ln=primefaces&v=4.0 HTTP/1.1" 304 -
181.63.220.121 - - [19/Jul/2022:12:00:11 -0500] "GET /BLA/resoluciones/RESOLUCIONES%202009/9383.pdf HTTP/1.1" 200 104162
181.63.220.121 - - [19/Jul/2022:12:00:13 -0500] "GET /BLA/resoluciones/RESOLUCIONES%202009/9384.pdf HTTP/1.1" 200 2001394
172.22.2.4 - - [19/Jul/2022:12:00:13 -0500] "GET /BLA/boletinlegal/images/screen_2.png HTTP/1.1" 200 362502
172.22.2.4 - - [19/Jul/2022:12:00:13 -0500] "GET /BLA/boletinlegal/images/screen_5.png HTTP/1.1" 200 368876
172.22.2.4 - - [19/Jul/2022:12:00:13 -0500] "GET /BLA/boletinlegal/images/screen_3.png HTTP/1.1" 200 210620
172.22.2.4 - - [19/Jul/2022:12:00:13 -0500] "GET /BLA/boletinlegal/images/arr_r.jpg HTTP/1.1" 200 1998
181.63.220.121 - - [19/Jul/2022:12:00:14 -0500] "GET /BLA/resoluciones/RESOLUCIONES%202009/9385.pdf HTTP/1.1" 200 1435659
181.63.220.121 - - [19/Jul/2022:12:00:15 -0500] "GET /BLA/resoluciones/RESOLUCIONES%202009/9386.pdf HTTP/1.1" 200 464878
181.63.220.121 - - [19/Jul/2022:12:00:16 -0500] "GET /BLA/resoluciones/RESOLUCIONES%202009/9387.pdf HTTP/1.1" 200 458209
181.63.220.121 - - [19/Jul/2022:12:00:17 -0500] "GET /BLA/resoluciones/RESOLUCIONES%202009/9388.pdf HTTP/1.1" 200 196890
181.63.220.121 - - [19/Jul/2022:12:00:18 -0500] "GET /BLA/resoluciones/RESOLUCIONES%202009/9389.pdf HTTP/1.1" 200 1632811
181.63.220.121 - - [19/Jul/2022:12:00:20 -0500] "GET /BLA/resoluciones/RESOLUCIONES%202009/9390.pdf HTTP/1.1" 200 313083
181.63.220.121 - - [19/Jul/2022:12:00:21 -0500] "GET /BLA/resoluciones/RESOLUCIONES%202009/9391.pdf HTTP/1.1" 200 251633
201.245.192.253 - - [19/Jul/2022:12:00:19 -0500] "POST /sipse/faces/presentacion/financiero/solicitudProceso/crearModificarSolicitudProceso.xhtml HTTP/1.1" 200 66314
201.245.192.253 - - [19/Jul/2022:12:00:21 -0500] "GET /sipse/faces/javax.faces.resource/layout/layout.css?ln=primefaces&v=4.0 HTTP/1.1" 304 -
201.245.192.253 - - [19/Jul/2022:12:00:21 -0500] "GET /sipse/faces/javax.faces.resource/primefaces.css?ln=primefaces&v=4.0 HTTP/1.1" 304 -
201.245.192.253 - - [19/Jul/2022:12:00:21 -0500] "GET /sipse/faces/javax.faces.resource/theme.css?ln=primefaces-sipse HTTP/1.1" 304 -
201.245.192.253 - - [19/Jul/2022:12:00:21 -0500] "GET /sipse/faces/javax.faces.resource/jquery/jquery.js?ln=primefaces&v=4.0 HTTP/1.1" 304 -
201.245.192.253 - - [19/Jul/2022:12:00:21 -0500] "GET /sipse/faces/javax.faces.resource/jquery/jquery-plugins.js?ln=primefaces&v=4.0 HTTP/1.1" 304 -
201.245.192.253 - - [19/Jul/2022:12:00:21 -0500] "GET /sipse/faces/javax.faces.resource/primefaces.js?ln=primefaces&v=4.0 HTTP/1.1" 304 -
201.245.192.253 - - [19/Jul/2022:12:00:21 -0500] "GET /sipse/faces/javax.faces.resource/layout/layout.js?ln=primefaces&v=4.0 HTTP/1.1" 304 -
201.245.192.253 - - [19/Jul/2022:12:00:21 -0500] "GET /sipse/faces/javax.faces.resource/messages/messages.png?ln=primefaces&v=4.0 HTTP/1.1" 304 -
201.245.192.253 - - [19/Jul/2022:12:00:21 -0500] "POST /sipse/faces/presentacion/financiero/solicitudProceso/listarSolicitudProceso.xhtml HTTP/1.1" 200 1556
181.63.220.121 - - [19/Jul/2022:12:00:22 -0500] "GET /BLA/resoluciones/RESOLUCIONES%202009/9392.pdf HTTP/1.1" 200 469049
181.63.220.121 - - [19/Jul/2022:12:00:23 -0500] "GET /BLA/resoluciones/RESOLUCIONES%202009/9393.pdf HTTP/1.1" 200 579257
181.63.220.121 - - [19/Jul/2022:12:00:25 -0500] "GET /BLA/resoluciones/RESOLUCIONES%202009/9394.pdf HTTP/1.1" 200 598847
181.63.220.121 - - [19/Jul/2022:12:00:26 -0500] "GET /BLA/resoluciones/RESOLUCIONES%202009/9395.pdf HTTP/1.1" 200 392191
181.63.220.121 - - [19/Jul/2022:12:00:28 -0500] "GET /BLA/resoluciones/RESOLUCIONES%202009/9396.pdf HTTP/1.1" 200 412871
181.63.220.121 - - [19/Jul/2022:12:00:29 -0500] "GET /BLA/resoluciones/RESOLUCIONES%202009/9397.pdf HTTP/1.1" 200 408359
172.22.2.4 - - [19/Jul/2022:12:00:31 -0500] "GET /BLA/boletinlegal/actos.php HTTP/1.1" 200 9559
181.63.220.121 - - [19/Jul/2022:12:00:31 -0500] "GET /BLA/resoluciones/RESOLUCIONES%202009/9398.pdf HTTP/1.1" 200 376884
181.63.220.121 - - [19/Jul/2022:12:00:33 -0500] "GET /BLA/resoluciones/RESOLUCIONES%202009/9399.pdf HTTP/1.1" 200 421587
181.63.220.121 - - [19/Jul/2022:12:00:35 -0500] "GET /BLA/resoluciones/RESOLUCIONES%202009/9400.pdf HTTP/1.1" 200 412677
181.63.220.121 - - [19/Jul/2022:12:00:36 -0500] "GET /BLA/resoluciones/RESOLUCIONES%202009/9401.pdf HTTP/1.1" 200 421811
181.63.220.121 - - [19/Jul/2022:12:00:38 -0500] "GET /BLA/resoluciones/RESOLUCIONES%202009/9402.pdf HTTP/1.1" 200 408837
181.63.220.121 - - [19/Jul/2022:12:00:41 -0500] "GET /BLA/resoluciones/RESOLUCIONES%202009/9403.pdf HTTP/1.1" 200 421711
181.63.220.121 - - [19/Jul/2022:12:00:43 -0500] "GET /BLA/resoluciones/RESOLUCIONES%202009/9404.pdf HTTP/1.1" 200 424127
181.63.220.121 - - [19/Jul/2022:12:00:44 -0500] "GET /BLA/resoluciones/RESOLUCIONES%202009/9405.pdf HTTP/1.1" 200 419951
181.63.220.121 - - [19/Jul/2022:12:00:46 -0500] "GET /BLA/resoluciones/RESOLUCIONES%202009/9406.pdf HTTP/1.1" 200 409295
172.22.2.4 - - [19/Jul/2022:12:00:47 -0500] "GET /BLA/boletinlegal/consulta_actos.php?tipo=resoluciones&no=0114&usuario=&sector=COMPETENCIA&fecha=2022&resuelve= HTTP/1.1" 200 1077
181.63.220.121 - - [19/Jul/2022:12:00:48 -0500] "GET /BLA/resoluciones/RESOLUCIONES%202009/9407.pdf HTTP/1.1" 200 420039
181.63.220.121 - - [19/Jul/2022:12:00:49 -0500] "GET /BLA/resoluciones/RESOLUCIONES%202009/9408.pdf HTTP/1.1" 200 438735
181.63.220.121 - - [19/Jul/2022:12:00:51 -0500] "GET /BLA/resoluciones/RESOLUCIONES%202009/9409.pdf HTTP/1.1" 200 409807
181.63.220.121 - - [19/Jul/2022:12:00:53 -0500] "GET /BLA/resoluciones/RESOLUCIONES%202009/9410.pdf HTTP/1.1" 200 454819
186.144.237.66 - - [19/Jul/2022:12:00:54 -0500] "GET /BLA/resoluciones/RESOLUCIONES%202022/0114.pdf HTTP/1.1" 200 463914
186.144.237.66 - - [19/Jul/2022:12:00:54 -0500] "GET /favicon.ico HTTP/1.1" 200 7782
181.63.220.121 - - [19/Jul/2022:12:00:56 -0500] "GET /BLA/resoluciones/RESOLUCIONES%202009/9411.pdf HTTP/1.1" 200 409923
181.63.220.121 - - [19/Jul/2022:12:00:58 -0500] "GET /BLA/resoluciones/RESOLUCIONES%202009/9412.pdf HTTP/1.1" 200 447436
201.245.192.253 - - [19/Jul/2022:12:00:59 -0500] "POST /sipse/faces/presentacion/financiero/solicitudProceso/listarSolicitudProceso.xhtml HTTP/1.1" 200 121092
201.245.192.253 - - [19/Jul/2022:12:01:03 -0500] "GET /sipse/faces/javax.faces.resource/theme.css?ln=primefaces-sipse HTTP/1.1" 304 -
201.245.192.253 - - [19/Jul/2022:12:01:03 -0500] "GET /sipse/faces/javax.faces.resource/primefaces.css?ln=primefaces&v=4.0 HTTP/1.1" 304 -
201.245.192.253 - - [19/Jul/2022:12:01:03 -0500] "GET /sipse/faces/javax.faces.resource/layout/layout.css?ln=primefaces&v=4.0 HTTP/1.1" 304 -
201.245.192.253 - - [19/Jul/2022:12:01:03 -0500] "GET /sipse/faces/javax.faces.resource/jquery/jquery.js?ln=primefaces&v=4.0 HTTP/1.1" 304 -
201.245.192.253 - - [19/Jul/2022:12:01:03 -0500] "GET /sipse/faces/javax.faces.resource/jquery/jquery-plugins.js?ln=primefaces&v=4.0 HTTP/1.1" 304 -
201.245.192.253 - - [19/Jul/2022:12:01:03 -0500] "GET /sipse/faces/javax.faces.resource/primefaces.js?ln=primefaces&v=4.0 HTTP/1.1" 304 -
201.245.192.253 - - [19/Jul/2022:12:01:03 -0500] "GET /sipse/faces/javax.faces.resource/layout/layout.js?ln=primefaces&v=4.0 HTTP/1.1" 304 -
172.22.2.4 - - [19/Jul/2022:12:00:06 -0500] "GET /BLA/boletinlegal/ HTTP/1.1" 200 40907
181.58.186.188 - - [19/Jul/2022:12:01:09 -0500] "GET /kwssiamovil/sm/des/ldap/au?x=U2FsdGVkX1+bqvAEypSst4eZugmIsxAYhWMtYzzyZFMVZKIQ0EcqNnMVCBALeNMP&y=U2FsdGVkX19mYDuzEU/J98izSe7bdKLD6MOTPat+SyEBIUPp6zM4k1MgwX54ktb1 HTTP/1.1" 200 30
181.58.186.188 - - [19/Jul/2022:12:01:09 -0500] "GET /kwssiamovil/sm/des/acme/s?s=U2FsdGVkX1859lbPVqPxOzG8sPdrV3/IPKxQ1njaWSxWC+4pcqNrBYuHc9sx56sEtyBuRKzOD2MQ7dFfoP3s3HywGICkSrF4uittJaj/QN0=&u=U2FsdGVkX19lI9k3yA57o+ih7loshP0DPAD0kAcI6Pw=&y=U2FsdGVkX19mYDuzEU/J98izSe7bdKLD6MOTPat+SyEBIUPp6zM4k1MgwX54ktb1 HTTP/1.1" 200 97
181.58.186.188 - - [19/Jul/2022:12:01:09 -0500] "GET /kwssiamovil/sm/des/acme/s?s=U2FsdGVkX19EyD6aubtYqRHN3CE1iTb4fAN0VnZOHdLikF5EgE1GhgGQQo1oD/kBumEuSqg1zeuAhi/AuUz++ukKJDmE/YcG1tIDZ2opYM0/z5+4LzF4V68cT0rlDVxv10jTXsZruX+7ZuCdpog0ZpLvg/h8CuIypZUD+ZJUUjGTxSjxQAOjLEhXuck+H/9K03r1LcpiVTEruG+S5ZPPtqnO0BrY5yY+xQqisWeyzCZFq54HukPczSfxbBx509Ujf7S1UHAU01+1VLAcXX9vY4yG7Sk9zltSnYVK5WP4yqg703U3/9qbkhf1OOcHsdV2OkUmfqLJDntQjWn+A5kaiP9f5dWvfqRccsIXSXCp0/DtwFYuAkTsfB1jS7ffvJn6Ex6pmQHa6PmXRhJKBNFC9+F3NwYBCzESqxiBTkei3mD/F7rV2mcKZUBY0lEl3aIVQzEqVX4xh94K6N8JzOLTW5sHDz51NIu7dEV1GC9aMY0TIiHPhJQCXSevh59ukoiXstMMb8LAV61poKpXgkw1hI7heL7D6g6JkDqD5pBm+TdBTfB1+GsVPSPe6aaESJxU+eVHbXQHNwH7U8J/spFnafIGr6SZPwUrJqeOH+v4HXnhf+j1j91r8YOB74ayIB8etJE97Rfze4CvX7FK3qglO2I/hfBB0dDHU+7vD086q4/66253HfJKYWrYJ7BjeFrA5jD8MVHet9o9ldxkJ3qsjCsrd6vLF7x9k4cGjw7OA/sB0D/gOss7bhE3kOUg6vW68BvoEiau+dO+6dcfC+3eRfKmEAcxxhdQ2+zmSVGB9CJEJoLRfTiDluCYeX4mFAhyTB6WkGZ6AIvlYAyWlnLgK4GUv/c7MrO0p5feVBBs8qQ1xiouRaZRxXJJuc5NO/l1gmagjdxUdXUtL+rxguVBS/o7tOkFWXqYjq3PYjc/EujnF6O3Rux6g0Xp6zlDn/IgX2vefgb78kbtFSnJtP0/I/AZ2fiXxsbuhFMWdTCedxPWv6CoxvZEsSEgNvTt+2OCRniSojG7W9vCro0ISXdoxOVyIMceV2WacMKOZk/gBJYTRGimH+jaUJDlmg6jTBEhnVnAsqDEetTloKcpMxvQRWqJKX5di7HGfZ+thhAtRjGIZiwWWQDxn6ImKUpxm7wLZsq8U+KqC8mtlGj9n0q/Na+gwU/BIj9N/R8YMojFrGPEcFh/CGyJ3Cn38NQlu4xIoqaBVOZxdh0Qn9BwY0LH8fjeiDLCf4VwOWoaolNww3TcMGpi0ir3mfZgPrjg58ivyy6003K7zsKU6DOEOCWxbzSEGdQqtLEZVDmU3lCzY6kQFdVuV0SR0nmPggdYQUNGN2zkPaSeGQxwhKwrQKnUIPEvVal3XYvgnHvRN3OFjh8=&u=U2FsdGVkX19lI9k3yA57o+ih7loshP0DPAD0kAcI6Pw=&y=U2FsdGVkX19mYDuzEU/J98izSe7bdKLD6MOTPat+SyEBIUPp6zM4k1MgwX54ktb1 HTTP/1.1" 200 1678
181.58.186.188 - - [19/Jul/2022:12:01:09 -0500] "GET /kwssiamovil/sm/des/acme/s?s=U2FsdGVkX18vXwR7yjERQCBsec0KmIjxa2YZbuPV/D3eVPItrCtsZBn3S/69D6Rgii8MLTQ25aRyFsRFjjGq9MrIchvdRv3ewwie5oaM9hVrmhZf/QxLMR0w/txRXLf9GRdNe1iufZkI38q2xBzczw==&u=U2FsdGVkX19lI9k3yA57o+ih7loshP0DPAD0kAcI6Pw=&y=U2FsdGVkX19mYDuzEU/J98izSe7bdKLD6MOTPat+SyEBIUPp6zM4k1MgwX54ktb1 HTTP/1.1" 200 92
181.58.186.188 - - [19/Jul/2022:12:01:09 -0500] "GET /kwssiamovil/sm/des/acme/s?s=U2FsdGVkX197qZd4lFcAg59Y72fZEuWa4wlqjiFFyF44rxPhY+V1+A74Bfn34JCeRG6ziC/Yq3RRR9PdFKEdAnhwhnCsXrhp4GN2/cKcxz5rRiJdWLjtrg8BhRjnbG/67C4H+egltPgUs+kDfeh+4Q==&u=U2FsdGVkX19lI9k3yA57o+ih7loshP0DPAD0kAcI6Pw=&y=U2FsdGVkX19mYDuzEU/J98izSe7bdKLD6MOTPat+SyEBIUPp6zM4k1MgwX54ktb1 HTTP/1.1" 200 92
181.58.186.188 - - [19/Jul/2022:12:01:09 -0500] "GET /kwssiamovil/sm/des/acme/s?s=U2FsdGVkX18psL6eZ0FpWLMh995TybuOMxRw9GvIbEbMhRQSuVuoHU/eJpSVEsl4HDqX68e0CN3AynqfLaw/jihSR/PUDWtQwwjzY8U9nJDIGTldYYJd+mkqzlLV8R78CvRryaTDCNi0grDi8xfYFvJ4tVPIruFmKQhJDCvNh2fPh5Fkwo7jcae4aiq7ewt0qq4XVgf80J9NnKV/H0C/L5h0GIGiOc3kwvQmFo8UIjIl4CGEhXDKlJNbQX14f9sgXZpLQQtbRJbwI2THe6VxdB/Rr80qiZTFnotx6afaTceU/bsS+3yRkF4z8b5j24cKiDC4tyUdyd1mQs3ZxohbTQ==&u=U2FsdGVkX19lI9k3yA57o+ih7loshP0DPAD0kAcI6Pw=&y=U2FsdGVkX19mYDuzEU/J98izSe7bdKLD6MOTPat+SyEBIUPp6zM4k1MgwX54ktb1 HTTP/1.1" 200 594
181.58.186.188 - - [19/Jul/2022:12:01:09 -0500] "GET /kwssiamovil/sm/des/cjson/pre?f=17&x=U2FsdGVkX1+bqvAEypSst4eZugmIsxAYhWMtYzzyZFMVZKIQ0EcqNnMVCBALeNMP HTTP/1.1" 200 9591
181.58.186.188 - - [19/Jul/2022:12:01:09 -0500] "GET /kwssiamovil/sm/des/cjson/pre?f=18&x=U2FsdGVkX1+bqvAEypSst4eZugmIsxAYhWMtYzzyZFMVZKIQ0EcqNnMVCBALeNMP HTTP/1.1" 200 24893
181.58.186.188 - - [19/Jul/2022:12:01:09 -0500] "GET /kwssiamovil/sm/des/cjson/pre?f=4&x=U2FsdGVkX1+bqvAEypSst4eZugmIsxAYhWMtYzzyZFMVZKIQ0EcqNnMVCBALeNMP HTTP/1.1" 200 33589
181.58.186.188 - - [19/Jul/2022:12:01:09 -0500] "GET /kwssiamovil/sm/des/cjson/pre?f=3&x=U2FsdGVkX1+bqvAEypSst4eZugmIsxAYhWMtYzzyZFMVZKIQ0EcqNnMVCBALeNMP HTTP/1.1" 200 94838
201.245.192.253 - - [19/Jul/2022:12:01:34 -0500] "POST /kwsrmcab/Wsrmcab  HTTP/1.1" 200 45399
190.26.137.91 - - [19/Jul/2022:12:01:56 -0500] "GET / HTTP/1.1" 200 4720
190.26.137.91 - - [19/Jul/2022:12:01:56 -0500] "GET /js/url.js HTTP/1.1" 404 1294
190.26.137.91 - - [19/Jul/2022:12:01:56 -0500] "GET /favicon.ico HTTP/1.1" 404 1294
181.63.220.121 - - [19/Jul/2022:12:02:39 -0500] "GET /BLA/resoluciones/RESOLUCIONES%202009/9413.pdf HTTP/1.1" 200 202764
181.63.220.121 - - [19/Jul/2022:12:02:40 -0500] "GET /BLA/resoluciones/RESOLUCIONES%202009/9414.pdf HTTP/1.1" 200 1015177
181.63.220.121 - - [19/Jul/2022:12:02:41 -0500] "GET /BLA/resoluciones/RESOLUCIONES%202009/9415.pdf HTTP/1.1" 200 164675
181.63.220.121 - - [19/Jul/2022:12:02:42 -0500] "GET /BLA/resoluciones/RESOLUCIONES%202009/9416.pdf HTTP/1.1" 200 160960
181.63.220.121 - - [19/Jul/2022:12:02:43 -0500] "GET /BLA/resoluciones/RESOLUCIONES%202009/9417.pdf HTTP/1.1" 200 458043
181.63.220.121 - - [19/Jul/2022:12:02:44 -0500] "GET /BLA/resoluciones/RESOLUCIONES%202009/9418.pdf HTTP/1.1" 200 891079
181.63.220.121 - - [19/Jul/2022:12:02:45 -0500] "GET /BLA/resoluciones/RESOLUCIONES%202009/9419.pdf HTTP/1.1" 200 453805
181.63.220.121 - - [19/Jul/2022:12:02:47 -0500] "GET /BLA/resoluciones/RESOLUCIONES%202009/9420.pdf HTTP/1.1" 200 431241
181.63.220.121 - - [19/Jul/2022:12:02:48 -0500] "GET /BLA/resoluciones/RESOLUCIONES%202009/9421.pdf HTTP/1.1" 200 474148
181.63.220.121 - - [19/Jul/2022:12:02:49 -0500] "GET /BLA/resoluciones/RESOLUCIONES%202009/9422.pdf HTTP/1.1" 200 637385
181.63.220.121 - - [19/Jul/2022:12:02:50 -0500] "GET /BLA/resoluciones/RESOLUCIONES%202009/9423.pdf HTTP/1.1" 200 428109
181.63.220.121 - - [19/Jul/2022:12:02:51 -0500] "GET /BLA/resoluciones/RESOLUCIONES%202009/9424.pdf HTTP/1.1" 200 427684
181.58.186.188 - - [19/Jul/2022:12:02:52 -0500] "GET /kwssiamovil/sm/des/ldap/au?x=U2FsdGVkX19PygVx5Io/EMh6YBcRHr2SH7AtGN9JSQe4rzrfkS84ntCHHw8xVT0q&y=U2FsdGVkX1/CF+Ewh5mLzMYEAaPS8CnDhhC17ugJXf2Bf+nDMiD5KRY2AAMeQ/Uk HTTP/1.1" 200 30
181.58.186.188 - - [19/Jul/2022:12:02:52 -0500] "GET /kwssiamovil/sm/des/acme/s?s=U2FsdGVkX18u+OM+KwTHvdMv/1tMsq/dqYHh6Bwm5sVlrBKhQIrbZa6c4dGD2Y6zSCKZLpSA4PHU+MjajwYIs7VJvG6B+6UQMrP9uadcb8M=&u=U2FsdGVkX1+JB+KkpOWobTT1DoDZ0OD6bJiXI6NUKHo=&y=U2FsdGVkX1/CF+Ewh5mLzMYEAaPS8CnDhhC17ugJXf2Bf+nDMiD5KRY2AAMeQ/Uk HTTP/1.1" 200 97
181.58.186.188 - - [19/Jul/2022:12:02:52 -0500] "GET /kwssiamovil/sm/des/acme/s?s=U2FsdGVkX1+QySwFNd/XlPHv8l1F3B47W17O4oLqvwDloEBxx6vG1NjbbmWVebov9CzYfIzHga/3/R14cF1ECb5nsLzyaidaXAAz7DVQmC0u1UaLHSPf6Z7PukFavmk2jQatbx+KzvTXnhkNzD+rziuAQ0C0ElyGmLUTc3Duky6AWa8DEgjLYENAXchLD0Z9rUMeGeeITakYlWudC6JCuJ9iLDUMSiz/4etdBSFlH0BB86MIILtDxVxJAaWYqrIzv9q73SGsOUW9d02Q2P+H5xUW/fuQWSaZ0kLZb9HwalrW8dmAm7tvENmRLXxbrKOSDwx4gQQZKOjkjh+XNPACPfmoAJhgodofgiipXmBGM7LPP4ZFz1D5WN0gn/G/C3kgbi4ZqJfEDokYZxDc8PCZvmn+ksMShTFc/v4XGAZNxRKWUIoEj/4+Rz8EIv/dkZ301WFKylKIK4aeExff+6R/AKqq0rjH62U2MkJgA9aasmdCrAWhiesluc/m6xr4mDR0YOWvDHgsllMtFmSzY40rgwcJSxmQIuhJaVTt4PO2We6z2A59R3E5YOZqf51NXv1fEcAUajREwjfeZkauBI+0d9Tyq1t2MSWlUH2X8qNGQNdjBrZ0H5QtNNy4nhIKDqLmXKZT5UrRFuyjCrjekttpL/1WHSorrEhuG1eZ7WQXOtlM/kZ+D2WdKw9Zbn6yhBIp4NSvLf+Q75KB8r+S/WjwFy/YQS1zlWua6eDd+7LKb+RRpPa24EvmHNvxZ78wpZhZc9zJOtiXyBCzW+nkpNsd2eUhCyHAlt00ZbxwSmBZVyY3VLCP9uONl8SgW3MDBE+9hcyY0O6ZEdDbTnyWzAy+NJ1cPCRwAKOnijne+oaZ5F7LBaoTtF4ovwJq5M/av363T6gBn5tz1mk15/dJP+oa6s1ekFb+ZoInXrqwQT1vkfUBzs9J16a7YUz+bp+mTyvbe4MlW3y+U54QtHxLCycybV5yxMAnGi4MQopm31sUiXuh6xwRUrIzcaDBcPMDT8ft58dO3HONcLF5hPkuIkxI7pipQxVSFzO3ESssaFkT05B6Esc4yvJCTNUfYpKSetVNftYrun/KBj8v8uK6yGDRbbILR28f5sD1PTbgCvZ+h+n04qzxeWiaUd0h2rDk82mlvC0Ej/ao6LtNwN9VfGhX6q4wQBOB3b7p2uN1zmWX3MInzTk/zhC5jehoY+RHKBB8MoHCle2Lu5KKMYF3FCwxDEQy0cL2IM/YHLP904qKzJboz2sUeD7KjBifUgk68GcKGeHCVffsgSmDSz068orEGzN40Q9NLn7IiW3bZD/4EUQY3n/fbJUIM759fE4BxAM+ABweGmCItrCvA9Ml85ylecI1PXxrE8w9DIZsY3oABBI=&u=U2FsdGVkX1+JB+KkpOWobTT1DoDZ0OD6bJiXI6NUKHo=&y=U2FsdGVkX1/CF+Ewh5mLzMYEAaPS8CnDhhC17ugJXf2Bf+nDMiD5KRY2AAMeQ/Uk HTTP/1.1" 200 1678
181.63.220.121 - - [19/Jul/2022:12:02:53 -0500] "GET /BLA/resoluciones/RESOLUCIONES%202009/9425.pdf HTTP/1.1" 200 472413
181.58.186.188 - - [19/Jul/2022:12:02:53 -0500] "GET /kwssiamovil/sm/des/acme/s?s=U2FsdGVkX18bk7If1PFwNABFbyoc63JFTBRgW0wNcyIJN0+orWdomQ9t2YDS0r8fewEHJQN/9iZpawCeZrf6MWsOw0GIct9pnHpkkS0wuHLgAjqo1spNsNbv5fnjusio2fQ1lr8H6CvCcS+i3RQrrQ==&u=U2FsdGVkX1+JB+KkpOWobTT1DoDZ0OD6bJiXI6NUKHo=&y=U2FsdGVkX1/CF+Ewh5mLzMYEAaPS8CnDhhC17ugJXf2Bf+nDMiD5KRY2AAMeQ/Uk HTTP/1.1" 200 92
181.58.186.188 - - [19/Jul/2022:12:02:53 -0500] "GET /kwssiamovil/sm/des/acme/s?s=U2FsdGVkX1+OZwUiV8H1jOisjLyUH3yQDe71NOtwr48oAPASDpI7U+bd1uCUZ+v/VYYfdirDxkMNNP34MlHgL4xYJvWh3zoLfDcDPkZHoh0McjLnAKmfJ0RRCYeDq025dWk1c7/EzAP2R7p7ck4dCQ==&u=U2FsdGVkX1+JB+KkpOWobTT1DoDZ0OD6bJiXI6NUKHo=&y=U2FsdGVkX1/CF+Ewh5mLzMYEAaPS8CnDhhC17ugJXf2Bf+nDMiD5KRY2AAMeQ/Uk HTTP/1.1" 200 92
181.58.186.188 - - [19/Jul/2022:12:02:53 -0500] "GET /kwssiamovil/sm/des/acme/s?s=U2FsdGVkX18SPxcJvfiD4GFOvXuZiZ4dqIvEjJx3+4pYoxBbZFrsFPy/kdvsjoW1xQxEmjd9KfA+dr14QJVuPw1o3H8VXFOXXAlwgKFYwyYxQNi/qxRAFQB1rgGKmGUopSFJPIIb2o1sGwuVcpR8SkKGU5HKXAgNHQyqWQCT4DFoYXhZHMSyny5QQCkRsuVgi0o0nk8V57oCsZLzPpvGASx/Hbr06uscYuIPqMsJYOVNxaHwjWAjsLZqccD/zO83LMnefcjb16StgMKXx3KXlkdSpsCbG4NCkbcD4H6lCCVbQ8BF8umi6MOcKnD+yOkPFrgsGm2mEyMLJYEy+dnGcw==&u=U2FsdGVkX1+JB+KkpOWobTT1DoDZ0OD6bJiXI6NUKHo=&y=U2FsdGVkX1/CF+Ewh5mLzMYEAaPS8CnDhhC17ugJXf2Bf+nDMiD5KRY2AAMeQ/Uk HTTP/1.1" 200 594
181.58.186.188 - - [19/Jul/2022:12:02:50 -0500] "GET /kwssiamovil/sm/des/ldap/au?x=U2FsdGVkX18qQRwyp6U8dx5hXQFDRMINqdS1UXsCeT2Pa1Oi+/i+2Sc22ybXhNaB&y=U2FsdGVkX191r7M0R14CVqs4y8oAuvJPNEiMiYvp+vfJ+31FCYeCsofbEhFF7TIE HTTP/1.1" 200 30
181.58.186.188 - - [19/Jul/2022:12:02:53 -0500] "GET /kwssiamovil/sm/des/acme/s?s=U2FsdGVkX18mLeriXTwYD6zsepb/4VS+KYyExzk42ZGY5wr+xEVdOz1+TTR1CkuHS5kn+Q22HtivpoXvRYvTmVxcB9SUi/Yc9tE+DUhcRh4=&u=U2FsdGVkX1+PSU37L6/ReNGwJaKW9q2Zgcgr8sTPzrM=&y=U2FsdGVkX191r7M0R14CVqs4y8oAuvJPNEiMiYvp+vfJ+31FCYeCsofbEhFF7TIE HTTP/1.1" 200 97
181.58.186.188 - - [19/Jul/2022:12:02:53 -0500] "GET /kwssiamovil/sm/des/acme/s?s=U2FsdGVkX1+n/y93BtNqcmYTLD0+b8SCPiGmdxfiPZ0x0/1lVLK4zimThZN4lX4k1I9WnX8DfMtkqQHjz0cJatB7ct6SVXdVJyg8ZCtdbRE0G3jQpn9hjTRnyOiXfXYy/8x8QaRBqLMi47us2cu3lsB+Or1A/ytOEqnXaSPCNVfIHuaNOx/d3zBGEb2eJo9CFvZGe6/uAp7rS4D4B3nffVlxYloIY+mRAIUA7+AMc2HzAXjSwduDVZAdWNAOVkKb5zOwg0uACxROCSM/C+jSV/UcanFu2V83t7tAfdVCvegcyoRr4Ljs7dX8P4NggOYmrNYjLcszZJrpom29/J56FrNkxZ17Eoq/lguRQP8z8zlxy+uaV2hSv8O9eFRvyI/Cy2cEjGx7ftazWwBk5LBu0nhNfotM/SvqJIl0lUXuauiYmQZPzHq3DKny8lQPcAZl+OVZ95mGVdmVJ6U9Yl9SaDZK1l5xggQInfoR++JJXr9LXDsoy4VU/0YhHzOL3jZPmjjU64jBiVhWvLOfLBTcSj2Biljt44vAmcWEnvIQ00tzHX3ZDMgmANVHr2Kv5esyLnm5c9eBZWDTBnD+QlRu5Im8E07BXBU/AX3rutv59zt64IFgZ9xT+p72XsiTuKCNIgSF33JONViLeYREkhX5bbtrq7KEzWJppzYbGrikahb9RkZSDYI3oY63CRPmE7gqSzGQ5zYIDmHBGKUGcqUIhn0DAna7L3W45GPuhfRI/yP3eDSG/+xmtJDiQ802YMvFa5E2G+oQwz2H5ujA4I5vOlbR1sXfdUljtqgxxvr31GvUdsjFYMMa2SwXFg902fDUgDge+c6yBoUnCQ/SLwk/mVZj5aKb8PE0o7Kpc0ZnrxrWsHGmINRjop4Peaq+ErPX4Yk5PoaXuzByUkVotg7d/NtBd/PWRFDZ3YO5wp6uU6+UFH7ukbuiLOLTMCpFa16Zu6tZOM6rbp7bTahUXRzoGVeC3UrClFXBSdHNdOiBAEbPHVt06RKlGK0a0WpPybitp69UVzPSYn6OXscmOUk4Et/n1Srw0HfycrHKOqdwExpQIlQJ1jmdPgnWLg/Mq4vYPOTWtPbMF/U5sJbTpAJG+HpaeKlMK/hgUNBeRwcCUscMGvAgDUEeGxSEqllqbzsslVGoZR5o7cY97Oz8WD7N442KzIPZfeMp4g7Eh9PKfIonp6Rt6VvdTtknYcmJutmS0mWCLWrpw9vD/RBLmt5rHXj6+bBj+ALTfwUp5GC5yEsSWqWe+gVhJkz4BTGR/+l1CpWfwVFxR6KOn/a666NglqygneSHcr2OP7eCxgnNVuJzlbw39FgGS8DypSZs99YtyDXGgB31LlfojppDjI40fDxdjYKzddRCIwH8buOevmM=&u=U2FsdGVkX1+PSU37L6/ReNGwJaKW9q2Zgcgr8sTPzrM=&y=U2FsdGVkX191r7M0R14CVqs4y8oAuvJPNEiMiYvp+vfJ+31FCYeCsofbEhFF7TIE HTTP/1.1" 200 1678
181.58.186.188 - - [19/Jul/2022:12:02:53 -0500] "GET /kwssiamovil/sm/des/acme/s?s=U2FsdGVkX19hwFf8Te9R9AaLqOL4mvteTE3wgvAUFLwWP8R9BLK+W9Nu2mSJtqd2hnoH2kzrAAcMwY3EK2B46pgr2b7450pJVGGAfZgswsI7kpzxEVTk08MUyQ+WcRLkPnyM72onP2KbH6IYJjiDVA==&u=U2FsdGVkX1+PSU37L6/ReNGwJaKW9q2Zgcgr8sTPzrM=&y=U2FsdGVkX191r7M0R14CVqs4y8oAuvJPNEiMiYvp+vfJ+31FCYeCsofbEhFF7TIE HTTP/1.1" 200 92
181.58.186.188 - - [19/Jul/2022:12:02:53 -0500] "GET /kwssiamovil/sm/des/acme/s?s=U2FsdGVkX1+I6otsXAbzBAjZpvcSvY9Jt513uk31GIrqQHPbgODtLwsmRCHz1/nQpfpzOiKHQU31/dySuH09jP9wW6MOeulZSj9OYS9f2RjH/oaT9uxFy14M773vKbPVTZAMRfrj72ATpc7UoVU6sw==&u=U2FsdGVkX1+PSU37L6/ReNGwJaKW9q2Zgcgr8sTPzrM=&y=U2FsdGVkX191r7M0R14CVqs4y8oAuvJPNEiMiYvp+vfJ+31FCYeCsofbEhFF7TIE HTTP/1.1" 200 92
181.58.186.188 - - [19/Jul/2022:12:02:53 -0500] "GET /kwssiamovil/sm/des/acme/s?s=U2FsdGVkX1/pjYfH1hiqrV6OBdZt5yT+UwPhsYOu7s5K/FZDmq4PldfsjDbD3N1jt33LE2nwK/yQVTR5bagLJ2W/074K17WLtqW2IfU5AaqxvDwcj8oP3YleNzOmAl+F/YHftrXzTdLn6HQiVcl4wdGVoW2klLjEqgi6wNIP9QHg1+qloc4T3h5xmRn7rpKiGah0PyBq+MmXy0CFYddNhmjkI6WLWJn4eZg/p9GXvoK6fxNm7qkwoCHsIaKFsGLq4dd/JJzQD8NDhKpi4tfk7X0NwFcb50ZI7KsOFKrLFiZLgbQPctHQQkZgWuhWYd+WgtZCUWBd6zbzPgoQeK8hhw==&u=U2FsdGVkX1+PSU37L6/ReNGwJaKW9q2Zgcgr8sTPzrM=&y=U2FsdGVkX191r7M0R14CVqs4y8oAuvJPNEiMiYvp+vfJ+31FCYeCsofbEhFF7TIE HTTP/1.1" 200 594
181.58.186.188 - - [19/Jul/2022:12:02:53 -0500] "GET /kwssiamovil/sm/des/cjson/pre?f=17&x=U2FsdGVkX19PygVx5Io/EMh6YBcRHr2SH7AtGN9JSQe4rzrfkS84ntCHHw8xVT0q HTTP/1.1" 200 9591
181.58.186.188 - - [19/Jul/2022:12:02:53 -0500] "GET /kwssiamovil/sm/des/cjson/pre?f=17&x=U2FsdGVkX18qQRwyp6U8dx5hXQFDRMINqdS1UXsCeT2Pa1Oi+/i+2Sc22ybXhNaB HTTP/1.1" 200 9591
181.63.220.121 - - [19/Jul/2022:12:02:54 -0500] "GET /BLA/resoluciones/RESOLUCIONES%202009/9426.pdf HTTP/1.1" 200 435843
181.58.186.188 - - [19/Jul/2022:12:02:53 -0500] "GET /kwssiamovil/sm/des/cjson/pre?f=18&x=U2FsdGVkX19PygVx5Io/EMh6YBcRHr2SH7AtGN9JSQe4rzrfkS84ntCHHw8xVT0q HTTP/1.1" 200 24893
181.63.220.121 - - [19/Jul/2022:12:02:55 -0500] "GET /BLA/resoluciones/RESOLUCIONES%202009/9427.pdf HTTP/1.1" 200 427056
181.58.186.188 - - [19/Jul/2022:12:02:54 -0500] "GET /kwssiamovil/sm/des/cjson/pre?f=18&x=U2FsdGVkX18qQRwyp6U8dx5hXQFDRMINqdS1UXsCeT2Pa1Oi+/i+2Sc22ybXhNaB HTTP/1.1" 200 24893
181.63.220.121 - - [19/Jul/2022:12:02:56 -0500] "GET /BLA/resoluciones/RESOLUCIONES%202009/9428.pdf HTTP/1.1" 200 444825
181.58.186.188 - - [19/Jul/2022:12:02:53 -0500] "GET /kwssiamovil/sm/des/cjson/pre?f=4&x=U2FsdGVkX19PygVx5Io/EMh6YBcRHr2SH7AtGN9JSQe4rzrfkS84ntCHHw8xVT0q HTTP/1.1" 200 33589
181.63.220.121 - - [19/Jul/2022:12:02:57 -0500] "GET /BLA/resoluciones/RESOLUCIONES%202009/9429.pdf HTTP/1.1" 200 436396
181.58.186.188 - - [19/Jul/2022:12:02:53 -0500] "GET /kwssiamovil/sm/des/cjson/pre?f=4&x=U2FsdGVkX18qQRwyp6U8dx5hXQFDRMINqdS1UXsCeT2Pa1Oi+/i+2Sc22ybXhNaB HTTP/1.1" 200 33589
181.63.220.121 - - [19/Jul/2022:12:02:59 -0500] "GET /BLA/resoluciones/RESOLUCIONES%202009/9430.pdf HTTP/1.1" 200 469916
181.63.220.121 - - [19/Jul/2022:12:03:00 -0500] "GET /BLA/resoluciones/RESOLUCIONES%202009/9431.pdf HTTP/1.1" 200 530947
181.58.186.188 - - [19/Jul/2022:12:02:53 -0500] "GET /kwssiamovil/sm/des/cjson/pre?f=3&x=U2FsdGVkX18qQRwyp6U8dx5hXQFDRMINqdS1UXsCeT2Pa1Oi+/i+2Sc22ybXhNaB HTTP/1.1" 200 94838
181.63.220.121 - - [19/Jul/2022:12:03:01 -0500] "GET /BLA/resoluciones/RESOLUCIONES%202009/9432.pdf HTTP/1.1" 200 458189
181.58.186.188 - - [19/Jul/2022:12:02:53 -0500] "GET /kwssiamovil/sm/des/cjson/pre?f=3&x=U2FsdGVkX19PygVx5Io/EMh6YBcRHr2SH7AtGN9JSQe4rzrfkS84ntCHHw8xVT0q HTTP/1.1" 200 94838
181.63.220.121 - - [19/Jul/2022:12:03:02 -0500] "GET /BLA/resoluciones/RESOLUCIONES%202009/9433.pdf HTTP/1.1" 200 481396
181.63.220.121 - - [19/Jul/2022:12:03:03 -0500] "GET /BLA/resoluciones/RESOLUCIONES%202009/9434.pdf HTTP/1.1" 200 480744
201.245.192.253 - - [19/Jul/2022:12:03:03 -0500] "POST /sipse/faces/presentacion/financiero/solicitudProceso/consultarSolicitudProceso.xhtml HTTP/1.1" 200 43932
201.245.192.253 - - [19/Jul/2022:12:03:04 -0500] "GET /sipse/faces/javax.faces.resource/theme.css?ln=primefaces-sipse HTTP/1.1" 304 -
201.245.192.253 - - [19/Jul/2022:12:03:04 -0500] "GET /sipse/faces/javax.faces.resource/primefaces.css?ln=primefaces&v=4.0 HTTP/1.1" 304 -
201.245.192.253 - - [19/Jul/2022:12:03:04 -0500] "GET /sipse/faces/javax.faces.resource/layout/layout.css?ln=primefaces&v=4.0 HTTP/1.1" 304 -
201.245.192.253 - - [19/Jul/2022:12:03:04 -0500] "GET /sipse/faces/javax.faces.resource/jquery/jquery.js?ln=primefaces&v=4.0 HTTP/1.1" 304 -
201.245.192.253 - - [19/Jul/2022:12:03:04 -0500] "GET /sipse/faces/javax.faces.resource/jquery/jquery-plugins.js?ln=primefaces&v=4.0 HTTP/1.1" 304 -
201.245.192.253 - - [19/Jul/2022:12:03:04 -0500] "GET /sipse/faces/javax.faces.resource/primefaces.js?ln=primefaces&v=4.0 HTTP/1.1" 304 -
201.245.192.253 - - [19/Jul/2022:12:03:04 -0500] "GET /sipse/faces/javax.faces.resource/layout/layout.js?ln=primefaces&v=4.0 HTTP/1.1" 304 -
201.245.192.253 - - [19/Jul/2022:12:03:04 -0500] "POST /sipse/faces/presentacion/financiero/solicitudProceso/consultar.xhtml HTTP/1.1" 200 37238
201.245.192.253 - - [19/Jul/2022:12:03:04 -0500] "POST /sipse/faces/presentacion/financiero/solicitudProceso/consultar.xhtml HTTP/1.1" 200 37238
181.63.220.121 - - [19/Jul/2022:12:03:05 -0500] "GET /BLA/resoluciones/RESOLUCIONES%202009/9435.pdf HTTP/1.1" 200 487531
181.63.220.121 - - [19/Jul/2022:12:03:07 -0500] "GET /BLA/resoluciones/RESOLUCIONES%202009/9436.pdf HTTP/1.1" 200 620795
201.245.192.253 - - [19/Jul/2022:12:03:07 -0500] "POST /sipse/faces/presentacion/financiero/solicitudProceso/consultar.xhtml HTTP/1.1" 200 154123
201.245.192.253 - - [19/Jul/2022:12:03:08 -0500] "GET /sipse/faces/javax.faces.resource/layout/layout.css?ln=primefaces&v=4.0 HTTP/1.1" 304 -
201.245.192.253 - - [19/Jul/2022:12:03:08 -0500] "GET /sipse/faces/javax.faces.resource/theme.css?ln=primefaces-sipse HTTP/1.1" 304 -
201.245.192.253 - - [19/Jul/2022:12:03:08 -0500] "GET /sipse/faces/javax.faces.resource/primefaces.css?ln=primefaces&v=4.0 HTTP/1.1" 304 -
201.245.192.253 - - [19/Jul/2022:12:03:08 -0500] "GET /sipse/faces/javax.faces.resource/jquery/jquery.js?ln=primefaces&v=4.0 HTTP/1.1" 304 -
201.245.192.253 - - [19/Jul/2022:12:03:08 -0500] "GET /sipse/faces/javax.faces.resource/jquery/jquery-plugins.js?ln=primefaces&v=4.0 HTTP/1.1" 304 -
201.245.192.253 - - [19/Jul/2022:12:03:08 -0500] "GET /sipse/faces/javax.faces.resource/primefaces.js?ln=primefaces&v=4.0 HTTP/1.1" 304 -
201.245.192.253 - - [19/Jul/2022:12:03:08 -0500] "GET /sipse/faces/javax.faces.resource/layout/layout.js?ln=primefaces&v=4.0 HTTP/1.1" 304 -
181.63.220.121 - - [19/Jul/2022:12:03:09 -0500] "GET /BLA/resoluciones/RESOLUCIONES%202009/9437.pdf HTTP/1.1" 200 515195
181.63.220.121 - - [19/Jul/2022:12:03:10 -0500] "GET /BLA/resoluciones/RESOLUCIONES%202009/9438.pdf HTTP/1.1" 200 443617
181.63.220.121 - - [19/Jul/2022:12:03:12 -0500] "GET /BLA/resoluciones/RESOLUCIONES%202009/9439.pdf HTTP/1.1" 200 556637
181.63.220.121 - - [19/Jul/2022:12:03:13 -0500] "GET /BLA/resoluciones/RESOLUCIONES%202009/9440.pdf HTTP/1.1" 200 431172
216.245.221.92 - - [19/Jul/2022:12:03:15 -0500] "HEAD / HTTP/1.1" 200 -
181.63.220.121 - - [19/Jul/2022:12:03:15 -0500] "GET /BLA/resoluciones/RESOLUCIONES%202009/9441.pdf HTTP/1.1" 200 571055
181.63.220.121 - - [19/Jul/2022:12:03:17 -0500] "GET /BLA/resoluciones/RESOLUCIONES%202009/9442.pdf HTTP/1.1" 200 432972
181.63.220.121 - - [19/Jul/2022:12:03:18 -0500] "GET /BLA/resoluciones/RESOLUCIONES%202009/9443.pdf HTTP/1.1" 200 574508
201.245.192.253 - - [19/Jul/2022:12:03:19 -0500] "POST /sipse/faces/presentacion/financiero/solicitudProceso/consultarSolicitudProceso.xhtml HTTP/1.1" 200 65859
201.245.192.253 - - [19/Jul/2022:12:03:20 -0500] "GET /sipse/faces/javax.faces.resource/primefaces.css?ln=primefaces&v=4.0 HTTP/1.1" 304 -
201.245.192.253 - - [19/Jul/2022:12:03:20 -0500] "GET /sipse/faces/javax.faces.resource/theme.css?ln=primefaces-sipse HTTP/1.1" 304 -
201.245.192.253 - - [19/Jul/2022:12:03:20 -0500] "GET /sipse/faces/javax.faces.resource/layout/layout.css?ln=primefaces&v=4.0 HTTP/1.1" 304 -
201.245.192.253 - - [19/Jul/2022:12:03:20 -0500] "GET /sipse/faces/javax.faces.resource/jquery/jquery.js?ln=primefaces&v=4.0 HTTP/1.1" 304 -
201.245.192.253 - - [19/Jul/2022:12:03:20 -0500] "GET /sipse/faces/javax.faces.resource/jquery/jquery-plugins.js?ln=primefaces&v=4.0 HTTP/1.1" 304 -
201.245.192.253 - - [19/Jul/2022:12:03:20 -0500] "GET /sipse/faces/javax.faces.resource/primefaces.js?ln=primefaces&v=4.0 HTTP/1.1" 304 -
201.245.192.253 - - [19/Jul/2022:12:03:20 -0500] "GET /sipse/faces/javax.faces.resource/layout/layout.js?ln=primefaces&v=4.0 HTTP/1.1" 304 -
201.245.192.253 - - [19/Jul/2022:12:03:20 -0500] "POST /sipse/faces/presentacion/financiero/solicitudProceso/listarSolicitudProceso.xhtml HTTP/1.1" 200 59139
201.245.192.253 - - [19/Jul/2022:12:03:20 -0500] "POST /sipse/faces/presentacion/financiero/solicitudProceso/listarSolicitudProceso.xhtml HTTP/1.1" 200 59139
181.63.220.121 - - [19/Jul/2022:12:03:20 -0500] "GET /BLA/resoluciones/RESOLUCIONES%202009/9444.pdf HTTP/1.1" 200 458057
201.245.192.253 - - [19/Jul/2022:12:03:20 -0500] "POST /sipse/faces/presentacion/financiero/solicitudProceso/listarSolicitudProceso.xhtml HTTP/1.1" 200 59139
201.245.192.253 - - [19/Jul/2022:12:03:21 -0500] "POST /sipse/faces/presentacion/financiero/solicitudProceso/listarSolicitudProceso.xhtml HTTP/1.1" 200 59139
201.245.192.253 - - [19/Jul/2022:12:03:21 -0500] "POST /sipse/faces/presentacion/financiero/solicitudProceso/listarSolicitudProceso.xhtml HTTP/1.1" 200 1556
201.245.192.253 - - [19/Jul/2022:12:03:21 -0500] "POST /sipse/faces/presentacion/financiero/solicitudProceso/listarSolicitudProceso.xhtml HTTP/1.1" 200 1556
201.245.192.253 - - [19/Jul/2022:12:03:21 -0500] "POST /sipse/faces/presentacion/financiero/solicitudProceso/listarSolicitudProceso.xhtml HTTP/1.1" 200 1564
201.245.192.253 - - [19/Jul/2022:12:03:22 -0500] "POST /sipse/faces/presentacion/financiero/solicitudProceso/listarSolicitudProceso.xhtml HTTP/1.1" 200 1556
201.245.192.253 - - [19/Jul/2022:12:03:22 -0500] "POST /sipse/faces/presentacion/financiero/solicitudProceso/listarSolicitudProceso.xhtml HTTP/1.1" 200 1564
181.63.220.121 - - [19/Jul/2022:12:03:22 -0500] "GET /BLA/resoluciones/RESOLUCIONES%202009/9445.pdf HTTP/1.1" 200 441860
181.63.220.121 - - [19/Jul/2022:12:03:24 -0500] "GET /BLA/resoluciones/RESOLUCIONES%202009/9446.pdf HTTP/1.1" 200 443178
201.245.192.253 - - [19/Jul/2022:12:03:24 -0500] "POST /sipse/faces/presentacion/financiero/solicitudProceso/listarSolicitudProceso.xhtml HTTP/1.1" 200 121092
201.245.192.253 - - [19/Jul/2022:12:03:25 -0500] "GET /sipse/faces/javax.faces.resource/theme.css?ln=primefaces-sipse HTTP/1.1" 304 -
201.245.192.253 - - [19/Jul/2022:12:03:25 -0500] "GET /sipse/faces/javax.faces.resource/layout/layout.css?ln=primefaces&v=4.0 HTTP/1.1" 304 -
201.245.192.253 - - [19/Jul/2022:12:03:25 -0500] "GET /sipse/faces/javax.faces.resource/primefaces.css?ln=primefaces&v=4.0 HTTP/1.1" 304 -
201.245.192.253 - - [19/Jul/2022:12:03:25 -0500] "GET /sipse/faces/javax.faces.resource/jquery/jquery.js?ln=primefaces&v=4.0 HTTP/1.1" 304 -
201.245.192.253 - - [19/Jul/2022:12:03:25 -0500] "GET /sipse/faces/javax.faces.resource/jquery/jquery-plugins.js?ln=primefaces&v=4.0 HTTP/1.1" 304 -
201.245.192.253 - - [19/Jul/2022:12:03:25 -0500] "GET /sipse/faces/javax.faces.resource/primefaces.js?ln=primefaces&v=4.0 HTTP/1.1" 304 -
201.245.192.253 - - [19/Jul/2022:12:03:25 -0500] "GET /sipse/faces/javax.faces.resource/layout/layout.js?ln=primefaces&v=4.0 HTTP/1.1" 304 -
201.245.192.253 - - [19/Jul/2022:12:03:38 -0500] "POST /sipse/faces/presentacion/financiero/solicitudProceso/consultarSolicitudProceso.xhtml HTTP/1.1" 200 47308
201.245.192.253 - - [19/Jul/2022:12:03:39 -0500] "GET /sipse/faces/javax.faces.resource/theme.css?ln=primefaces-sipse HTTP/1.1" 304 -
201.245.192.253 - - [19/Jul/2022:12:03:39 -0500] "GET /sipse/faces/javax.faces.resource/layout/layout.css?ln=primefaces&v=4.0 HTTP/1.1" 304 -
201.245.192.253 - - [19/Jul/2022:12:03:39 -0500] "GET /sipse/faces/javax.faces.resource/primefaces.css?ln=primefaces&v=4.0 HTTP/1.1" 304 -
201.245.192.253 - - [19/Jul/2022:12:03:39 -0500] "GET /sipse/faces/javax.faces.resource/jquery/jquery.js?ln=primefaces&v=4.0 HTTP/1.1" 304 -
201.245.192.253 - - [19/Jul/2022:12:03:39 -0500] "GET /sipse/faces/javax.faces.resource/jquery/jquery-plugins.js?ln=primefaces&v=4.0 HTTP/1.1" 304 -
201.245.192.253 - - [19/Jul/2022:12:03:39 -0500] "GET /sipse/faces/javax.faces.resource/primefaces.js?ln=primefaces&v=4.0 HTTP/1.1" 304 -
201.245.192.253 - - [19/Jul/2022:12:03:39 -0500] "GET /sipse/faces/javax.faces.resource/layout/layout.js?ln=primefaces&v=4.0 HTTP/1.1" 304 -
201.245.192.253 - - [19/Jul/2022:12:03:56 -0500] "POST /sipse/faces/presentacion/financiero/estudioPrevio/personalSolicitado/personalSolicitadoSolicitudProceso.xhtml HTTP/1.1" 200 7051
201.245.192.253 - - [19/Jul/2022:12:04:03 -0500] "POST /sipse/faces/presentacion/financiero/estudioPrevio/personalSolicitado/personalSolicitadoSolicitudProceso.xhtml HTTP/1.1" 200 36855
201.245.192.253 - - [19/Jul/2022:12:04:03 -0500] "GET /sipse/faces/javax.faces.resource/theme.css?ln=primefaces-sipse HTTP/1.1" 304 -
201.245.192.253 - - [19/Jul/2022:12:04:03 -0500] "GET /sipse/faces/javax.faces.resource/layout/layout.css?ln=primefaces&v=4.0 HTTP/1.1" 304 -
201.245.192.253 - - [19/Jul/2022:12:04:03 -0500] "GET /sipse/faces/javax.faces.resource/primefaces.css?ln=primefaces&v=4.0 HTTP/1.1" 304 -
201.245.192.253 - - [19/Jul/2022:12:04:03 -0500] "GET /sipse/faces/javax.faces.resource/jquery/jquery.js?ln=primefaces&v=4.0 HTTP/1.1" 304 -
201.245.192.253 - - [19/Jul/2022:12:04:03 -0500] "GET /sipse/faces/javax.faces.resource/jquery/jquery-plugins.js?ln=primefaces&v=4.0 HTTP/1.1" 304 -
201.245.192.253 - - [19/Jul/2022:12:04:03 -0500] "GET /sipse/faces/javax.faces.resource/primefaces.js?ln=primefaces&v=4.0 HTTP/1.1" 304 -
201.245.192.253 - - [19/Jul/2022:12:04:03 -0500] "GET /sipse/faces/javax.faces.resource/layout/layout.js?ln=primefaces&v=4.0 HTTP/1.1" 304 -
185.119.81.107 - - [19/Jul/2022:12:04:08 -0500] "GET /portaldeninos/wp-login.php HTTP/1.1" 200 2592
185.119.81.107 - - [19/Jul/2022:12:04:10 -0500] "POST /portaldeninos/wp-login.php HTTP/1.1" 200 3650
201.245.192.253 - - [19/Jul/2022:12:04:21 -0500] "POST /sipse/faces/presentacion/financiero/estudioPrevio/personalSolicitado/asociarProfesionPersonalSolicitado.xhtml HTTP/1.1" 200 2287
172.22.2.4 - - [19/Jul/2022:12:03:16 -0500] "HEAD /BLA/boletinlegal/ HTTP/1.1" 200 -
181.58.186.188 - - [19/Jul/2022:12:05:34 -0500] "GET /kwssiamovil/sm/des/ldap/au?x=U2FsdGVkX1/riqijRwxDxsmpsJ8jo2QetonQzv7+4KjJJ5PxlA3FjJ0dsQGaXuTb&y=U2FsdGVkX1+Yz1fC2agsUy/oUu4nRJ54MA+vQU8caNA6Eqef761o5efW3EhmZH5a HTTP/1.1" 200 30
181.58.186.188 - - [19/Jul/2022:12:05:34 -0500] "GET /kwssiamovil/sm/des/acme/s?s=U2FsdGVkX183eNPfDt3Hs7eCZbxq7GcT6uMeHVZovTvkO2M7LMvhlQr2cGvBtXTf58Lrggui1gBcXPodFzyNX06QC8hd6kaTGuhOHnUjpBY=&u=U2FsdGVkX18oXry1bSGebhf3pTNjP3Tjijf5xuMIL9c=&y=U2FsdGVkX1+Yz1fC2agsUy/oUu4nRJ54MA+vQU8caNA6Eqef761o5efW3EhmZH5a HTTP/1.1" 200 97
181.58.186.188 - - [19/Jul/2022:12:05:34 -0500] "GET /kwssiamovil/sm/des/acme/s?s=U2FsdGVkX1/+0tgYHJuiWc7l2QPY/jESENOLyt6VkrHX8+HI2lHsTF2pSCMTIHC7AsPXHtr9mg+1PYSSLdBfGmFqrKnpu7m+PoYytEY5OAJwch/jicZmB3Sdgkm3LTFkbNXGcBZ9d9un3eLP7zaC/SHB32JzQsomR2NR2x5C8VnDrlE6BlZpoDSRtjFD/ywE8ISj51ctDTg4NCYVTve9mGd2c9t07yODDcO4e+Wd9aXww6QH/6T0Cc7swgCt3lOy16ZkGyxT7VRQNk/P6NltuGBlrN1eEx6PZ+kKpokdtNxGWnRwYqFiceEIzfuZDOLI8Pa4rNJkyiTKdyuco4Yv32jSuN7kTdTXFwNMH5SDBU2R68SEmkTboeWIBPYJFfeoL1aCDPTS92m4KkgOaOo4TpqDyaiwPCNnM4UcgUxKdtaCYbWk9ImfPtlO0WRVAO7/EzdbidPwdWN/VGkMpJip+b+8rhVQVxriMirNssnbp2nzxXIy7vyxaC83XpBAsJeqygqC0gfBEcXkFcM5TliOcO2im9CTyY6dckKL0EjJ3LzsHn+XREDoLDqbwU/t4KAB6ES6jbFygXhGMJjNY+vE6bMj4+aQ3XQmNqJtnD+86jqTvAsY2XKN3t2VuEN2z6dd9F6KldT/cqQuEuAOsicmoImAOKAJFSvx/FCmL31YgcQ9QcDgY3Is5sEw7hskwgLiHMpIJMioQ7MRBFYJpDy+S8GLdJQbfcneSHgbzsa9AEMHawbHu5M2WObPVQ3yocZYaikOy9L3YReEINaEHd8lCy//BH1F69NAC7XGd6CQbUjhu7VYcYD2J36TOANRZGDw3IuV3jkaaL0Mgcx1I+DcOC4kpi0NBown1fYzHD6MYqk7EW9Blwe48Kg/aitrIILKoslrpDv0osLXXafjpYWchCpKSthKu8Nlw1F7MAGGydaqaqoW1hCA+wV6EM94EI5u89aOTLcVvviw7JYFal7LUtVli7/wlKkWfENQfftjsBnQEGCUAZnBG6sX1dOXpMZ6of2MqH70KdAlv/5nxU6+U3CwiuXoB9rfybKlmXkt1OAWRS90Oq2q6LhsKj09NvPZCUP9XKno188M4ZeIRS0A+JW8vvZezRuRsEFcoZIFarlsTuuOxiR1Wm6bBTkc1GZhBp+DUTPhzU78TsN06wTN/zrFGXvkce/FgjGliD80X92V6t2fksz62z1UNpNUZNixqeo06+0MQ9m32qbCrB68V69cAIVzvJnU5cgvcRF4uhMQaKMXU8oDEfh7JoaKQ4PtKxfz3mtdZBMn/yQRKDs47B8jquIDWu5YhHu48uc/8JtVVXRGJSlFb1AkYLQGa2XfUslPUC5jWCPvDZbI+u9Ow2I1K/IwbtX9HOqy/NIJESc=&u=U2FsdGVkX18oXry1bSGebhf3pTNjP3Tjijf5xuMIL9c=&y=U2FsdGVkX1+Yz1fC2agsUy/oUu4nRJ54MA+vQU8caNA6Eqef761o5efW3EhmZH5a HTTP/1.1" 200 1678
181.58.186.188 - - [19/Jul/2022:12:05:34 -0500] "GET /kwssiamovil/sm/des/acme/s?s=U2FsdGVkX183xwYQwVBsLTRvEHzE988dssPWK0sBUSO0BE2VIzDoEfEEbUnS3cTPRVW/CfNKxgbmRtHQYzj8dcC8Kps9N3+MAx0X62KdoL9okfP/Fm2KxDHtxcmQh1qqNc6BNHHiB4iUQ/9xmFFDag==&u=U2FsdGVkX18oXry1bSGebhf3pTNjP3Tjijf5xuMIL9c=&y=U2FsdGVkX1+Yz1fC2agsUy/oUu4nRJ54MA+vQU8caNA6Eqef761o5efW3EhmZH5a HTTP/1.1" 200 92
181.58.186.188 - - [19/Jul/2022:12:05:34 -0500] "GET /kwssiamovil/sm/des/acme/s?s=U2FsdGVkX18ZXTb5yPL6v83JnLD+2jcGv+bNK0P/hv/XthdTq7WeYbm10tCX/uVukZJn2pwCuINzSwjaxOhoHPXzNs/NXtkL8L1HuOrQfjGeY1yJSJvUNHvh/1i1BOi2KVmwOwMjgAqzTVxjT7Yc+A==&u=U2FsdGVkX18oXry1bSGebhf3pTNjP3Tjijf5xuMIL9c=&y=U2FsdGVkX1+Yz1fC2agsUy/oUu4nRJ54MA+vQU8caNA6Eqef761o5efW3EhmZH5a HTTP/1.1" 200 92
181.58.186.188 - - [19/Jul/2022:12:05:34 -0500] "GET /kwssiamovil/sm/des/acme/s?s=U2FsdGVkX19Jc5c+cXknoc6Hg7nUix6gqf5Kwy4Tl8AdFIq8NBOJEmsDl89UKFEnoCzJjoIB0F3r8Yr4ZGk029axOSd96hxUCKzV7LrVOUl53JAeQVsZKoKIwN4Hqvrt9PnDPm+y73trpGuweGZQ8rPGioEAkmLJIOlT/tf4FOJ40gE6AJiXC/LQa8W+rmqszrex5Sgy0dDJmfmP966ON4adl9JDwSMdVnp8ZBGpvddlXJHYW5wmau1ybcGXt0k9xan3T+27JDw6myHSvA6ChQuoVrR1irZSeQHVoANJFJfNzOecZHTBTvqmDXr8CNLuqH+0ZA22Yle6JeytJRv41g==&u=U2FsdGVkX18oXry1bSGebhf3pTNjP3Tjijf5xuMIL9c=&y=U2FsdGVkX1+Yz1fC2agsUy/oUu4nRJ54MA+vQU8caNA6Eqef761o5efW3EhmZH5a HTTP/1.1" 200 594
186.102.37.185 - - [19/Jul/2022:12:05:32 -0500] "GET /kwssiamovil/sm/des/acme/a?s=U2FsdGVkX18l0xbaRE7681uJTKgrZC16DwDniZaRPvE0PZ9vdGrE6dsmTV7Q0v8vRGe1T0nB+TNSqrKvJN6Z3MuaiRJTnsTMSc/xnlLtkjjyWFuXLcTTNpujY55SkdkbQHubWFkmuGISZQIAbRU4B1+aPSxBPt4At3wW1qRnEpnjc7bqj+Lk1E2sbpUpqxMcpeZlHc5uaey8twpCVY3fu1nGcSyiGeZ3yq0q+1eURnJOdC5bIdKmPC4IiWduM4vwbunE9bwmFxBB2dItuehHMQ==&u=U2FsdGVkX19TjH38W3DYILneM838YQ+XQO0PM6pcheU=&y=U2FsdGVkX1+V13+rtMe7UaI+ILrntTVRbv48l377AJenFMZ8cACc3dtxhbBbSRC5 HTTP/1.1" 200 25
181.58.186.188 - - [19/Jul/2022:12:05:34 -0500] "GET /kwssiamovil/sm/des/cjson/pre?f=17&x=U2FsdGVkX1/riqijRwxDxsmpsJ8jo2QetonQzv7+4KjJJ5PxlA3FjJ0dsQGaXuTb HTTP/1.1" 200 9591
186.102.37.185 - - [19/Jul/2022:12:05:35 -0500] "GET /kwssiamovil/sm/des/acme/a?s=U2FsdGVkX19ffjOPtorgs9o+VCyx3M7EoiiOQSpWrYIgkWuHrx0LyNwjRzFLwgokwhE8Q2x2Nq4ZxVy9oD9qvP0Gn31qUIudT1/DSSaMcis1+ch4Eobm0/yroqi2HajywDaKrzXn2ynMrZ8LU0/01Kp90jsoVLoSPzoZujWBFgFIFPAA8bB4HMhhx7tiP01znUMjQC/9wDT6oCMOR8Lvr3kUFI49ZTMhjT+Vfvs99p/xfLd8WbK9PznKG2z8S/sEpGylegJli5+2/9LvN0kzJEYDf0s5fMxllexgdnOlEY7xX11PvER9sMQisc/y0Zl0aQDisxPXeUUS+Y9ScUK0V3LkpEaIsHzzStlDrHs/FEOT2lyKY+NF0yHNgxI8qR3H&u=U2FsdGVkX19TjH38W3DYILneM838YQ+XQO0PM6pcheU=&y=U2FsdGVkX1+V13+rtMe7UaI+ILrntTVRbv48l377AJenFMZ8cACc3dtxhbBbSRC5 HTTP/1.1" 200 25
186.102.37.185 - - [19/Jul/2022:12:05:36 -0500] "GET /kwssiamovil/sm/des/acme/a?s=U2FsdGVkX18YDbIKDikqW1Bi2KHrhWePNQku4GAXujjGdUd4aUmeYIsiUV57NRah4KSUViXGDKY0S5qK3YIBlX+0sPzTogeQUdzARWM7MHXpqX39YhosjBqXPtBuZ/OK9LWcJQJMuY5KkSvBJdVW5qfg7P58ilAqa45dYEO1EpnpjW1P5K4vk1fbCnzzP3mWYui/zx7BOGiKrAuBajfTy+R28n5/I+3vuBAkM9l+Tzs63wsehnJiTmbcuJkd6EH+cpNsuqb/JPig2CpqYp1GsKXedvNbUCYcT/wo5Kp6+dEfrt1r/Z3BQ+uNT0YgQQzJ6q+f5hcoBhNVF4QyBFh3AitC+9BjS+9jqZG1lJV1d/X6xQQWV01VYnsHIXB2SYGQ2AI1dNGHe0xF+aJ0Bao5RPqxFPbLwfyL7YJYdFGlIHHI31lw6ZlUb7zMJdQhcf33YszngtMLofBdHTXJQrD+FsEmkmSVOQ6nCzLjH+T4CWEnBnh9ww49qykIn+6/d404+Vh8PpRF4B/moxFl3muHre0TRzLwMxxEoby7SvfF8BWkLtnBgXd8FRuofoHAb0tR4VEuRj16B6pw+aJaXUSRefcZfwpW6NBveM6tZd1jpzbxp6kUsWqYNb14/XquIJ0ralZ+omtetBZlKgVugFkfvEU+DBYz7DGZUqbOlcjtaTKQ0eF7c7PfAkttX5SpJ5h6TK3mEfnd5dgkR68nxnffr2ODx5Mv9e9eJOhr6l5hD+ljM6UxXLf5pZt6VDrmA3wztZrL0yD9tvThkaLjw+GANBOkcbF9PXfo4dQKNqw9v6vm5TdvPupZkwB3jjxpbBaeRfxZklLp4/VNiP8VJ7wvwP0jqZhtjIW0qRyGFu7upHkwUW7H2Eoyj0jdWjpWSh/ywoVsbQ9Q0iIWQig/+XlsRnkhUojpiLKW/PgHSKiSPheAa9NlqHZ8BW4k7YhlSsfD1zow4Gb/LBF60mgOY2j+q9dIoZ7kpu5Z82onffDHVc3wZ4SvfSUHxqwjOmZC/8jIOGhQlBU+cbEvRn2HceIuSYav78OEMikMQiorrhSo009b0vvmLksbwNeyYLHyRmSVB8pm9BZNFvh9wiTN1TzaKo2/OQmxAqROcvfx7wKmnSJy4v/LPf4MjNkyTn0KOufEe7uzC4m4Y7gsnDVCc4iUDsJzIdo5hQ+F4T1zxEW3z/0XtDt28Xvg84kXJNMlJzaoAUpoQbCialRK2DxrPICEI9akNu2oLGuAkcVbC5mSQhCDaChwT2rwla8j5Gxj37Z4pgnw+OUEY5KRazn0UGjXrNp7bmF3ojQCti0/EgRb/LiDh9SkOoRUTgsnZCYInMkzNhJIpnRPD+G6U3CHnrMeKkSDW8759nubpXQvnv+VOMMAC7mE2oiFPpoEqcWCPOqYFVyqejpoBfpczbL1AshzBO1LuQ7mebT4OgRHbHh/SXysr8aT466LsQ+0oykwEEb+SUXr3L5khga6m5j9sNTHyBQSmxurCTZ9T3Osyz6Hz1TbtKWS3usDmUim6fjzno1lG4nzqyZASpp2KO1zHVe2c8PESRVhH+76vOAksjZKh9nfPP2zs5OIuEKzwxG0vA9+4TMwzaA0CWkJl/92xW8T3tqRY9X7Q64Xd+u/Xmd6fmffJ7Ub3LD5/eW2TsLzPa+8ClukQXszGEqLOmFGFaJDAaOn3abKy4bGtctcf6+3vVaovcaBhzdpAGb7uGFEAwmnELLBjnsu2S81mpj4lv/YebB0KIq24KDR9dNCZuF53VgmvTodjoXmvWb+OdxBMCfvNjShv72PQixF0kHfwI3sqS9ufUklQvHr4ALU8bJHqk/fuv8LQVngZj6cAG9pTKT7&u=U2FsdGVkX19TjH38W3DYILneM838YQ+XQO0PM6pcheU=&y=U2FsdGVkX1+V13+rtMe7UaI+ILrntTVRbv48l377AJenFMZ8cACc3dtxhbBbSRC5 HTTP/1.1" 200 24
186.102.37.185 - - [19/Jul/2022:12:05:37 -0500] "GET /kwssiamovil/sm/des/acme/a?s=U2FsdGVkX1/ltkvI+q6rycVYFmWhGIMGHwIEHNLNRzD2oL37cTkVRMZZK2Eng8XEbdeSSZaFxSVzL5z/HD7MND2iS1cvOGkEVv2uUUZVgSGSxhr3YLKSO5BuV5kqeFEq8xVDosIrGKevhxI5tyPnnku3TWmyPPg89Ars/WaPAFU=&u=U2FsdGVkX19TjH38W3DYILneM838YQ+XQO0PM6pcheU=&y=U2FsdGVkX1+V13+rtMe7UaI+ILrntTVRbv48l377AJenFMZ8cACc3dtxhbBbSRC5 HTTP/1.1" 200 25
186.102.37.185 - - [19/Jul/2022:12:05:37 -0500] "GET /kwssiamovil/sm/des/acme/a?s=U2FsdGVkX1/MDhahnFWaJLwHSJiBc7eJsR5md/ctO0Wz1GrI/Rn2vgGbk7IwOqyi5jSE8KkuD4pdxk087hrwybjdLEaWkq9PrYL2nehpCYZJMGTecrizf4RqQQwzTZiMgOtK/K4pp5qisrwvrGhAAA==&u=U2FsdGVkX19TjH38W3DYILneM838YQ+XQO0PM6pcheU=&y=U2FsdGVkX1+V13+rtMe7UaI+ILrntTVRbv48l377AJenFMZ8cACc3dtxhbBbSRC5 HTTP/1.1" 200 24
181.58.186.188 - - [19/Jul/2022:12:05:34 -0500] "GET /kwssiamovil/sm/des/cjson/pre?f=18&x=U2FsdGVkX1/riqijRwxDxsmpsJ8jo2QetonQzv7+4KjJJ5PxlA3FjJ0dsQGaXuTb HTTP/1.1" 200 24893
186.102.37.185 - - [19/Jul/2022:12:05:38 -0500] "GET /kwssiamovil/sm/des/acme/a?s=U2FsdGVkX18cQbcLNaDLkaR8LHJezRxr3FSH6lj3+a8geq9KlkRhpKriPzjIFYe8qCOlHQHlpQsIAuVZH1wWHvQSp+BDco1h0XvN0TgDFpf81vSjEE9Ey5MBK3z7WnPBQvpwR23GwIjOpyIaPa+Jtw==&u=U2FsdGVkX19TjH38W3DYILneM838YQ+XQO0PM6pcheU=&y=U2FsdGVkX1+V13+rtMe7UaI+ILrntTVRbv48l377AJenFMZ8cACc3dtxhbBbSRC5 HTTP/1.1" 200 24
181.58.186.188 - - [19/Jul/2022:12:05:34 -0500] "GET /kwssiamovil/sm/des/cjson/pre?f=4&x=U2FsdGVkX1/riqijRwxDxsmpsJ8jo2QetonQzv7+4KjJJ5PxlA3FjJ0dsQGaXuTb HTTP/1.1" 200 33589
186.102.37.185 - - [19/Jul/2022:12:05:38 -0500] "GET /kwssiamovil/sm/des/acme/a?s=U2FsdGVkX1+KoF1x/ql+a79yLvMOUMhU1OwnfI2uNBNKR66B05BDoC7nQxoInxjsWcQb3zeCLRV7S91esuRcu4s8diRypV8knqx6yJ60+gitxmu+hjKtS4PDw84pBzmYvjhYwAvVedX+JlzpEr+Vw9+nOfYg3WRQv14pSTd3sZVPKN9iwg59KoMHnVr7jN8/&u=U2FsdGVkX19TjH38W3DYILneM838YQ+XQO0PM6pcheU=&y=U2FsdGVkX1+V13+rtMe7UaI+ILrntTVRbv48l377AJenFMZ8cACc3dtxhbBbSRC5 HTTP/1.1" 200 24
