172.22.2.4 - - [20/Jul/2022:19:23:25 -0500] "GET /BLA/boletinlegal/jurisprudencia/analisis/AnalisisT-606-15.docx HTTP/1.1" 200 26698
172.22.2.4 - - [20/Jul/2022:19:23:26 -0500] "GET /BLA/boletinlegal/apple-touch-icon-120x120-precomposed.png HTTP/1.1" 404 1140
172.22.2.4 - - [20/Jul/2022:19:23:26 -0500] "GET /BLA/boletinlegal/apple-touch-icon-120x120.png HTTP/1.1" 404 1140
172.22.2.4 - - [20/Jul/2022:19:23:26 -0500] "GET /BLA/boletinlegal/apple-touch-icon-precomposed.png HTTP/1.1" 404 1140
172.22.2.4 - - [20/Jul/2022:19:23:26 -0500] "GET /BLA/boletinlegal/apple-touch-icon.png HTTP/1.1" 404 1140
172.22.2.4 - - [20/Jul/2022:19:23:26 -0500] "GET /BLA/boletinlegal/favicon.ico HTTP/1.1" 404 1140
172.22.2.4 - - [20/Jul/2022:19:23:26 -0500] "GET /BLA/boletinlegal/apple-touch-icon-120x120-precomposed.png HTTP/1.1" 404 1140
172.22.2.4 - - [20/Jul/2022:19:23:26 -0500] "GET /BLA/boletinlegal/apple-touch-icon-120x120.png HTTP/1.1" 404 1140
172.22.2.4 - - [20/Jul/2022:19:23:26 -0500] "GET /BLA/boletinlegal/apple-touch-icon-precomposed.png HTTP/1.1" 404 1140
172.22.2.4 - - [20/Jul/2022:19:23:26 -0500] "GET /BLA/boletinlegal/apple-touch-icon.png HTTP/1.1" 404 1140
172.22.2.4 - - [20/Jul/2022:19:23:26 -0500] "GET /BLA/boletinlegal/favicon.ico HTTP/1.1" 404 1140
172.22.2.4 - - [20/Jul/2022:19:22:22 -0500] "GET /BLA/boletinlegal/ HTTP/1.1" 200 56911
201.245.192.253 - - [20/Jul/2022:19:24:35 -0500] "POST /kwsrmcab/Wsrmcab  HTTP/1.1" 200 45399
77.88.5.86 - - [20/Jul/2022:19:25:29 -0500] "-" 408 -
172.22.2.4 - - [20/Jul/2022:19:23:51 -0500] "GET /BLA/boletinlegal/ HTTP/1.1" 200 41670
172.22.2.4 - - [20/Jul/2022:19:23:52 -0500] "GET /BLA/boletinlegal/ HTTP/1.1" 200 41670
93.158.161.6 - - [20/Jul/2022:19:27:13 -0500] "-" 408 -
172.22.2.4 - - [20/Jul/2022:19:25:41 -0500] "HEAD /BLA/boletinlegal/ HTTP/1.1" 200 -
207.46.13.188 - - [20/Jul/2022:19:28:08 -0500] "GET /BLA/resoluciones/AUTOS%202022/0397.pdf HTTP/1.1" 304 -
216.245.221.92 - - [20/Jul/2022:19:28:10 -0500] "HEAD / HTTP/1.1" 200 -
172.22.2.4 - - [20/Jul/2022:19:26:31 -0500] "GET /BLA/boletinlegal/ HTTP/1.1" 200 56911
77.88.5.81 - - [20/Jul/2022:19:28:13 -0500] "-" 408 -
185.119.81.107 - - [20/Jul/2022:19:28:52 -0500] "GET /portaldeninos/wp-login.php HTTP/1.1" 200 2592
185.119.81.107 - - [20/Jul/2022:19:28:53 -0500] "POST /portaldeninos/wp-login.php HTTP/1.1" 200 3605
172.22.2.4 - - [20/Jul/2022:19:28:58 -0500] "GET /BLA/boletinlegal/images/img_1.jpg HTTP/1.1" 200 8067
172.22.2.4 - - [20/Jul/2022:19:28:58 -0500] "GET /BLA/boletinlegal/images/img_3.jpg HTTP/1.1" 200 1841
201.245.192.253 - - [20/Jul/2022:19:29:35 -0500] "POST /kwsrmcab/Wsrmcab  HTTP/1.1" 200 45399
185.119.81.109 - - [20/Jul/2022:19:29:42 -0500] "GET /portaldeninos/wp-login.php HTTP/1.1" 200 2592
185.119.81.109 - - [20/Jul/2022:19:29:43 -0500] "POST /portaldeninos/wp-login.php HTTP/1.1" 200 3650
207.46.13.214 - - [20/Jul/2022:19:30:05 -0500] "GET /BLA/resoluciones/index.php?dir=AUTOS+2020%2F HTTP/1.1" 200 325840
77.88.5.214 - - [20/Jul/2022:19:30:13 -0500] "-" 408 -
201.245.192.253 - - [20/Jul/2022:19:30:23 -0500] "POST /kwsrmcab/Wsrmcab HTTP/1.1" 200 45650
201.245.192.253 - - [20/Jul/2022:19:30:27 -0500] "POST /kwsrmcab/Wsrmcab HTTP/1.1" 200 46920
172.22.2.4 - - [20/Jul/2022:19:31:12 -0500] "GET /BLA/boletinlegal/conceptos.php HTTP/1.1" 200 7443
172.22.2.4 - - [20/Jul/2022:19:31:05 -0500] "GET /BLA/boletinlegal/ HTTP/1.1" 200 55166
216.245.221.92 - - [20/Jul/2022:19:33:10 -0500] "HEAD / HTTP/1.1" 200 -
172.22.2.4 - - [20/Jul/2022:19:31:30 -0500] "HEAD /BLA/boletinlegal/ HTTP/1.1" 200 -
172.22.2.4 - - [20/Jul/2022:19:32:21 -0500] "GET /BLA/boletinlegal/ HTTP/1.1" 200 57699
172.22.2.4 - - [20/Jul/2022:19:34:11 -0500] "GET /BLA/boletinlegal/robots.txt HTTP/1.1" 404 1038
172.22.2.4 - - [20/Jul/2022:19:34:12 -0500] "GET /BLA/boletinlegal/sugerencias.php HTTP/1.1" 200 8615
77.88.5.208 - - [20/Jul/2022:19:34:25 -0500] "-" 408 -
201.245.192.253 - - [20/Jul/2022:19:34:33 -0500] "POST /kwsrmcab/Wsrmcab  HTTP/1.1" 200 45399
173.252.107.21 - - [20/Jul/2022:19:35:20 -0500] "GET /images/mujeres-cultura-31.jpg HTTP/1.1" 200 33736
173.252.95.8 - - [20/Jul/2022:19:35:56 -0500] "GET /incautadas-tarantulas-que-iban-a-ser-exportadas-ilegalmente-desde-bogota-hasta-mexico.html HTTP/1.1" 206 899
173.252.95.1 - - [20/Jul/2022:19:36:01 -0500] "GET /oso-melero-recuperado-en-bogota-fue-liberado-exitosamente-en-el-meta.html HTTP/1.1" 206 948
186.84.91.105 - - [20/Jul/2022:19:37:13 -0500] "GET /forest/ HTTP/1.1" 200 12041
186.84.91.105 - - [20/Jul/2022:19:37:17 -0500] "POST /forest/index.php HTTP/1.1" 200 12268
172.22.2.4 - - [20/Jul/2022:19:36:21 -0500] "GET /BLA/boletinlegal/ HTTP/1.1" 200 49099
207.46.13.214 - - [20/Jul/2022:19:37:46 -0500] "GET /BLA/resoluciones/index.php?dir=AUTOS+2013%2F HTTP/1.1" 200 405798
216.245.221.92 - - [20/Jul/2022:19:38:10 -0500] "HEAD / HTTP/1.1" 200 -
172.22.2.4 - - [20/Jul/2022:19:37:09 -0500] "GET /BLA/boletinlegal/ HTTP/1.1" 200 44804
172.22.2.4 - - [20/Jul/2022:19:38:52 -0500] "GET /BLA/boletinlegal/conceptos.php HTTP/1.1" 200 7443
172.22.2.4 - - [20/Jul/2022:19:38:52 -0500] "GET /BLA/boletinlegal/jurisprudencia.php HTTP/1.1" 200 17573
172.22.2.4 - - [20/Jul/2022:19:38:52 -0500] "GET /BLA/boletinlegal/sugerencias.php HTTP/1.1" 200 8615
172.22.2.4 - - [20/Jul/2022:19:38:52 -0500] "GET /BLA/boletinlegal/normativa.php HTTP/1.1" 200 8326
172.22.2.4 - - [20/Jul/2022:19:38:52 -0500] "GET /BLA/boletinlegal/documentos-importantes.php HTTP/1.1" 200 4822
172.22.2.4 - - [20/Jul/2022:19:38:53 -0500] "GET /BLA/boletinlegal/actos.php HTTP/1.1" 200 9559
172.22.2.4 - - [20/Jul/2022:19:38:53 -0500] "GET /BLA/boletinlegal/doctrina.php HTTP/1.1" 200 5604
172.22.2.4 - - [20/Jul/2022:19:37:20 -0500] "HEAD /BLA/boletinlegal/ HTTP/1.1" 200 -
77.88.5.219 - - [20/Jul/2022:19:39:25 -0500] "-" 408 -
201.245.192.253 - - [20/Jul/2022:19:39:33 -0500] "POST /kwsrmcab/Wsrmcab  HTTP/1.1" 200 45399
172.22.2.4 - - [20/Jul/2022:19:38:11 -0500] "GET /BLA/boletinlegal/ HTTP/1.1" 200 43590
173.252.107.24 - - [20/Jul/2022:19:40:08 -0500] "GET /images/ecosistema-dia-internacional-tierra-21-abril.jpg HTTP/1.1" 200 30098
173.252.107.119 - - [20/Jul/2022:19:40:21 -0500] "GET /caminos-de-los-cerros-espacios-naturales-seguros-para-cuidar-la-salud-fisica-y-mental-de-los-ciudadanos.html HTTP/1.1" 206 1139
201.245.192.253 - - [20/Jul/2022:19:40:24 -0500] "POST /kwsrmcab/Wsrmcab HTTP/1.1" 200 45650
201.245.192.253 - - [20/Jul/2022:19:40:27 -0500] "POST /kwsrmcab/Wsrmcab HTTP/1.1" 200 46920
172.22.2.4 - - [20/Jul/2022:19:38:53 -0500] "GET /BLA/boletinlegal/index.php HTTP/1.1" 200 47888
159.89.41.212 - - [20/Jul/2022:19:40:34 -0500] "GET / HTTP/1.0" 200 319
172.22.2.4 - - [20/Jul/2022:19:40:35 -0500] "GET /BLA/boletinlegal/jurisprudencia/analisis/null HTTP/1.1" 404 1164
173.252.95.15 - - [20/Jul/2022:19:40:38 -0500] "GET /lluvias-y-vientos-aumentan-la-probabilidad-de-caida-de-arboles-en-bogota.html HTTP/1.1" 206 730
173.252.127.9 - - [20/Jul/2022:19:40:39 -0500] "GET /images/lluvias-arboles-4-junio.jpeg HTTP/1.1" 200 117524
172.22.2.4 - - [20/Jul/2022:19:39:38 -0500] "GET /BLA/boletinlegal/ HTTP/1.1" 200 40907
186.84.91.105 - - [20/Jul/2022:19:41:27 -0500] "GET /BLA/ HTTP/1.1" 200 538
186.84.91.105 - - [20/Jul/2022:19:41:29 -0500] "GET /BLA/boletinlegal/style.css HTTP/1.1" 200 9406
186.84.91.105 - - [20/Jul/2022:19:41:29 -0500] "GET /BLA/boletinlegal/styles2.css HTTP/1.1" 200 1838
186.84.91.105 - - [20/Jul/2022:19:41:29 -0500] "GET /BLA/boletinlegal/js/jquery.scrollTo-min.js HTTP/1.1" 200 1150
186.84.91.105 - - [20/Jul/2022:19:41:29 -0500] "GET /BLA/boletinlegal/js/jquery.scrollShow.js HTTP/1.1" 200 4586
186.84.91.105 - - [20/Jul/2022:19:41:29 -0500] "GET /BLA/boletinlegal/js/jquery.js HTTP/1.1" 200 57254
186.84.91.105 - - [20/Jul/2022:19:41:29 -0500] "GET /BLA/boletinlegal/images/cabezote%20BLEGAL.jpg HTTP/1.1" 200 118164
186.84.91.105 - - [20/Jul/2022:19:41:29 -0500] "GET /BLA/boletinlegal/images/subscribe-icon-big.png HTTP/1.1" 200 47702
186.84.91.105 - - [20/Jul/2022:19:41:29 -0500] "GET /BLA/boletinlegal/images/registro-usuarios.png HTTP/1.1" 200 8106
186.84.91.105 - - [20/Jul/2022:19:41:29 -0500] "GET /BLA/boletinlegal/images/arr_l.jpg HTTP/1.1" 200 1979
186.84.91.105 - - [20/Jul/2022:19:41:29 -0500] "GET /BLA/boletinlegal/images/historia.png HTTP/1.1" 200 52775
186.84.91.105 - - [20/Jul/2022:19:41:29 -0500] "GET /BLA/boletinlegal/images/screen_1.png HTTP/1.1" 200 202547
186.84.91.105 - - [20/Jul/2022:19:41:29 -0500] "GET /BLA/boletinlegal/images/launch.jpg HTTP/1.1" 200 14577
186.84.91.105 - - [20/Jul/2022:19:41:29 -0500] "GET /BLA/boletinlegal/images/body_bg.jpg HTTP/1.1" 200 1601
186.84.91.105 - - [20/Jul/2022:19:41:29 -0500] "GET /BLA/boletinlegal/images/menu_lft.gif HTTP/1.1" 200 1713
186.84.91.105 - - [20/Jul/2022:19:41:29 -0500] "GET /BLA/boletinlegal/images/hover.jpg HTTP/1.1" 200 640
186.84.91.105 - - [20/Jul/2022:19:41:29 -0500] "GET /BLA/boletinlegal/images/text.jpg HTTP/1.1" 200 568
186.84.91.105 - - [20/Jul/2022:19:41:29 -0500] "GET /BLA/boletinlegal/images/bg_top.jpg HTTP/1.1" 200 522
186.84.91.105 - - [20/Jul/2022:19:41:29 -0500] "GET /BLA/boletinlegal/images/menu_bg.jpg HTTP/1.1" 200 620
186.84.91.105 - - [20/Jul/2022:19:41:29 -0500] "GET /BLA/boletinlegal/images/menu_rght.gif HTTP/1.1" 200 1627
186.84.91.105 - - [20/Jul/2022:19:41:31 -0500] "GET /BLA/boletinlegal/actos.php HTTP/1.1" 200 9559
186.84.91.105 - - [20/Jul/2022:19:41:31 -0500] "GET /BLA/boletinlegal/js/ajax_actos.js HTTP/1.1" 200 1322
186.84.91.105 - - [20/Jul/2022:19:41:31 -0500] "GET /BLA/boletinlegal/niceforms.js HTTP/1.1" 200 22876
186.84.91.105 - - [20/Jul/2022:19:41:31 -0500] "GET /BLA/boletinlegal/js/lib.js HTTP/1.1" 200 6474
186.84.91.105 - - [20/Jul/2022:19:41:31 -0500] "GET /BLA/boletinlegal/niceforms-default.css HTTP/1.1" 200 6694
186.84.91.105 - - [20/Jul/2022:19:41:31 -0500] "GET /BLA/boletinlegal/js/jquery1.js HTTP/1.1" 200 29846
186.84.91.105 - - [20/Jul/2022:19:41:31 -0500] "GET /BLA/boletinlegal/images/green-yellow-blue-pink-th.png HTTP/1.1" 200 7394
186.84.91.105 - - [20/Jul/2022:19:41:31 -0500] "GET /BLA/boletinlegal/images/abajo.png HTTP/1.1" 200 96676
186.84.91.105 - - [20/Jul/2022:19:41:31 -0500] "GET /BLA/boletinlegal/js/popup.js HTTP/1.1" 200 1270
186.84.91.105 - - [20/Jul/2022:19:41:31 -0500] "GET /BLA/boletinlegal/images/tel.png HTTP/1.1" 200 14477
186.84.91.105 - - [20/Jul/2022:19:41:31 -0500] "GET /BLA/boletinlegal/images/icono-email.png HTTP/1.1" 200 5544
186.84.91.105 - - [20/Jul/2022:19:41:31 -0500] "GET /BLA/boletinlegal/images/footer_bg.jpg HTTP/1.1" 200 586
186.84.91.105 - - [20/Jul/2022:19:41:31 -0500] "GET /BLA/boletinlegal/images/footer_bg_l.jpg HTTP/1.1" 200 776
186.84.91.105 - - [20/Jul/2022:19:41:31 -0500] "GET /BLA/boletinlegal/img/0.png HTTP/1.1" 200 110
186.84.91.105 - - [20/Jul/2022:19:41:31 -0500] "GET /BLA/boletinlegal/img/select-left.png HTTP/1.1" 200 263
186.84.91.105 - - [20/Jul/2022:19:41:31 -0500] "GET /BLA/boletinlegal/img/button-left.png HTTP/1.1" 200 57071
186.84.91.105 - - [20/Jul/2022:19:41:31 -0500] "GET /BLA/boletinlegal/img/button.png HTTP/1.1" 200 43241
186.84.91.105 - - [20/Jul/2022:19:41:31 -0500] "GET /BLA/boletinlegal/img/select-right.png HTTP/1.1" 200 44019
186.84.91.105 - - [20/Jul/2022:19:41:31 -0500] "GET /BLA/boletinlegal/img/button-right.png HTTP/1.1" 200 57878
186.84.91.105 - - [20/Jul/2022:19:41:31 -0500] "GET /favicon.ico HTTP/1.1" 200 7782
157.55.39.161 - - [20/Jul/2022:19:41:37 -0500] "GET /chulo-o-gallinazo-un-carronero-que-cumple-un-papel-fundamental-en-los-ecosistemas.html HTTP/1.1" 200 784
186.84.91.105 - - [20/Jul/2022:19:41:39 -0500] "GET /BLA/boletinlegal/consulta_actos.php?tipo=resoluciones&no=&usuario=&sector=&fecha=2020&resuelve= HTTP/1.1" 200 693793
186.84.91.105 - - [20/Jul/2022:19:41:39 -0500] "GET /BLA/boletinlegal/images/pdf.gif HTTP/1.1" 200 567
186.84.91.105 - - [20/Jul/2022:19:41:39 -0500] "GET /BLA/boletinlegal/images/background.gif HTTP/1.1" 200 -
186.84.91.105 - - [20/Jul/2022:19:41:29 -0500] "GET /BLA/boletinlegal/index.php HTTP/1.1" 200 16331
172.22.2.4 - - [20/Jul/2022:19:40:09 -0500] "GET /BLA/boletinlegal/ HTTP/1.1" 200 55166
172.22.2.4 - - [20/Jul/2022:19:41:53 -0500] "GET /BLA/boletinlegal/doctrina.php HTTP/1.1" 200 5604
172.22.2.4 - - [20/Jul/2022:19:41:53 -0500] "GET /BLA/boletinlegal/jurisprudencia.php HTTP/1.1" 200 17573
172.22.2.4 - - [20/Jul/2022:19:41:53 -0500] "GET /BLA/boletinlegal/sugerencias.php HTTP/1.1" 200 8615
172.22.2.4 - - [20/Jul/2022:19:41:53 -0500] "GET /BLA/boletinlegal/documentos-importantes.php HTTP/1.1" 200 4822
172.22.2.4 - - [20/Jul/2022:19:41:53 -0500] "GET /BLA/boletinlegal/conceptos.php HTTP/1.1" 200 7443
172.22.2.4 - - [20/Jul/2022:19:41:54 -0500] "GET /BLA/boletinlegal/actos.php HTTP/1.1" 200 9559
172.22.2.4 - - [20/Jul/2022:19:41:55 -0500] "GET /BLA/boletinlegal/normativa.php HTTP/1.1" 200 8326
186.84.91.105 - - [20/Jul/2022:19:42:05 -0500] "GET /BLA/resoluciones/RESOLUCIONES%202020/2914.pdf HTTP/1.1" 200 388819
186.84.91.105 - - [20/Jul/2022:19:42:45 -0500] "GET /BLA/boletinlegal/consulta_actos.php?tipo=resoluciones&no=&usuario=&sector=&fecha=2021&resuelve= HTTP/1.1" 200 1379430
69.171.231.5 - - [20/Jul/2022:19:42:50 -0500] "GET /images/visita-suspension-humedal-techo-24-mayo.jpg HTTP/1.1" 200 57365
186.84.91.105 - - [20/Jul/2022:19:42:55 -0500] "GET /BLA/boletinlegal/consulta_actos.php?tipo=resoluciones&no=&usuario=&sector=&fecha=2020&resuelve= HTTP/1.1" 200 693793
216.245.221.92 - - [20/Jul/2022:19:43:10 -0500] "HEAD / HTTP/1.1" 200 -
186.84.91.105 - - [20/Jul/2022:19:43:18 -0500] "GET /BLA/boletinlegal/consulta_actos.php?tipo=resoluciones&no=&usuario=&sector=&fecha=2021&resuelve= HTTP/1.1" 200 1379430
186.84.91.105 - - [20/Jul/2022:19:43:24 -0500] "GET /BLA/boletinlegal/consulta_actos.php?tipo=resoluciones&no=&usuario=&sector=&fecha=2019&resuelve= HTTP/1.1" 200 860707
173.252.95.119 - - [20/Jul/2022:19:43:31 -0500] "GET /secretaria-de-ambiente-incrementa-evaluacion-y-seguimiento-al-arbolado-urbano.html HTTP/1.1" 206 933
173.252.95.5 - - [20/Jul/2022:19:43:31 -0500] "GET /para-prevenir-riesgo-sobre-la-ciudadania-distrito-intervendra-eucalipto-de-gran-porte-en-usaquen.html HTTP/1.1" 206 841
172.22.2.4 - - [20/Jul/2022:19:41:53 -0500] "GET /BLA/boletinlegal/index.php HTTP/1.1" 200 59364
186.84.91.105 - - [20/Jul/2022:19:43:37 -0500] "GET /BLA/resoluciones/RESOLUCIONES%202019/2951.pdf HTTP/1.1" 200 355336
159.89.41.212 - - [20/Jul/2022:19:43:56 -0500] "GET / HTTP/1.1" 200 319
159.89.41.212 - - [20/Jul/2022:19:43:57 -0500] "GET /favicon.ico HTTP/1.1" 200 7782
201.245.192.253 - - [20/Jul/2022:19:44:32 -0500] "POST /kwsrmcab/Wsrmcab  HTTP/1.1" 200 45399
172.22.2.4 - - [20/Jul/2022:19:43:10 -0500] "HEAD /BLA/boletinlegal/ HTTP/1.1" 200 -
172.22.2.4 - - [20/Jul/2022:19:44:01 -0500] "GET /BLA/boletinlegal/ HTTP/1.1" 200 57272
173.252.95.6 - - [20/Jul/2022:19:45:51 -0500] "GET /secretaria-de-ambiente-hace-seguimiento-de-control-a-licencias-ambientales-otorgadas.html HTTP/1.1" 206 1013
173.252.107.6 - - [20/Jul/2022:19:45:52 -0500] "GET /images/operativo-licencias-ambientales-5-noviembre%20.jpg HTTP/1.1" 200 38992
172.22.2.4 - - [20/Jul/2022:19:46:11 -0500] "GET /BLA/boletinlegal/actos.php HTTP/1.1" 200 9559
172.22.2.4 - - [20/Jul/2022:19:46:12 -0500] "GET /BLA/boletinlegal/favicon.ico HTTP/1.1" 404 1326
172.22.2.4 - - [20/Jul/2022:19:46:19 -0500] "GET /BLA/boletinlegal/consulta_actos.php?tipo=autos&no=1571&usuario=&sector=&fecha=2022&resuelve= HTTP/1.1" 200 626
172.22.2.4 - - [20/Jul/2022:19:46:22 -0500] "GET /BLA/boletinlegal/consulta_actos.php?tipo=autos&no=1571&usuario=&sector=&fecha=2022&resuelve= HTTP/1.1" 200 626
181.61.209.55 - - [20/Jul/2022:19:46:26 -0500] "GET /BLA/resoluciones/ HTTP/1.1" 200 13093
181.61.209.55 - - [20/Jul/2022:19:46:26 -0500] "GET /BLA/resoluciones/dlf/styles.css HTTP/1.1" 200 3049
181.61.209.55 - - [20/Jul/2022:19:46:26 -0500] "GET /BLA/resoluciones/dlf/folder.png HTTP/1.1" 200 410
181.61.209.55 - - [20/Jul/2022:19:46:27 -0500] "GET /BLA/resoluciones/dlf/bg.gif HTTP/1.1" 200 54
181.61.209.55 - - [20/Jul/2022:19:46:30 -0500] "GET /BLA/resoluciones/index.php?dir=RESOLUCIONES+2022%2F HTTP/1.1" 200 88768
181.61.209.55 - - [20/Jul/2022:19:46:31 -0500] "GET /BLA/resoluciones/dlf/pdf.gif HTTP/1.1" 200 272
181.61.209.55 - - [20/Jul/2022:19:46:31 -0500] "GET /BLA/resoluciones/dlf/dirup.png HTTP/1.1" 200 644
181.61.209.55 - - [20/Jul/2022:19:46:51 -0500] "GET /BLA/resoluciones/RESOLUCIONES%202022/1563.pdf HTTP/1.1" 200 433057
181.61.209.55 - - [20/Jul/2022:19:46:58 -0500] "GET /BLA/resoluciones/ HTTP/1.1" 200 13093
181.61.209.55 - - [20/Jul/2022:19:47:02 -0500] "GET /BLA/resoluciones/index.php?dir=AUTOS+2022%2F HTTP/1.1" 200 129844
181.61.209.55 - - [20/Jul/2022:19:47:14 -0500] "GET /BLA/resoluciones/AUTOS%202022/1572.pdf HTTP/1.1" 200 600499
173.252.95.22 - - [20/Jul/2022:19:47:23 -0500] "GET /alcaldesa-claudia-lopez-sembro-el-arbol-numero-100-mil-de-su-administracion.html HTTP/1.1" 206 1031
77.88.5.6 - - [20/Jul/2022:19:47:27 -0500] "-" 408 -
172.22.2.4 - - [20/Jul/2022:19:46:06 -0500] "GET /BLA/boletinlegal/ HTTP/1.1" 200 63618
185.119.81.105 - - [20/Jul/2022:19:48:03 -0500] "GET /portaldeninos/wp-login.php HTTP/1.1" 200 2592
185.119.81.105 - - [20/Jul/2022:19:48:03 -0500] "POST /portaldeninos/wp-login.php HTTP/1.1" 200 3605
216.245.221.92 - - [20/Jul/2022:19:48:10 -0500] "HEAD / HTTP/1.1" 200 -
201.245.192.253 - - [20/Jul/2022:19:49:31 -0500] "POST /kwsrmcab/Wsrmcab  HTTP/1.1" 200 45399
172.22.2.4 - - [20/Jul/2022:19:49:00 -0500] "HEAD /BLA/boletinlegal/ HTTP/1.1" 200 -
185.15.56.29 - - [20/Jul/2022:19:50:43 -0500] "HEAD /POT-2013/Cartografia/Anexo01_Sistema_Hidrico.pdf HTTP/1.1" 200 -
172.22.2.4 - - [20/Jul/2022:19:49:51 -0500] "GET /BLA/boletinlegal/ HTTP/1.1" 200 60410
216.245.221.92 - - [20/Jul/2022:19:53:10 -0500] "HEAD / HTTP/1.1" 200 -
185.7.214.104 - - [20/Jul/2022:19:53:24 -0500] "GET /?a=fetch&content=<php>die(@md5(HelloThinkCMF))</php> HTTP/1.1" 200 319
201.245.192.253 - - [20/Jul/2022:19:54:29 -0500] "POST /kwsrmcab/Wsrmcab  HTTP/1.1" 200 45399
66.220.149.2 - - [20/Jul/2022:19:55:49 -0500] "GET /images/mercados-campesinos-5-mayo.jpg HTTP/1.1" 200 95848
40.77.167.65 - - [20/Jul/2022:19:55:52 -0500] "GET /Publicaciones/2022EE136447.pdf HTTP/1.1" 404 228
40.77.167.65 - - [20/Jul/2022:19:56:13 -0500] "GET /BLA/resoluciones/index.php?dir=RESOLUCIONES+2014%2F HTTP/1.1" 200 333508
172.22.2.4 - - [20/Jul/2022:19:54:50 -0500] "HEAD /BLA/boletinlegal/ HTTP/1.1" 200 -
172.22.2.4 - - [20/Jul/2022:19:55:41 -0500] "GET /BLA/boletinlegal/ HTTP/1.1" 200 60410
216.245.221.92 - - [20/Jul/2022:19:58:10 -0500] "HEAD / HTTP/1.1" 200 -
93.158.161.49 - - [20/Jul/2022:19:59:28 -0500] "-" 408 -
201.245.192.253 - - [20/Jul/2022:19:59:28 -0500] "POST /kwsrmcab/Wsrmcab  HTTP/1.1" 200 45399
172.22.2.4 - - [20/Jul/2022:19:59:49 -0500] "GET /BLA/boletinlegal/consulta_actos.php?tipo=autos&no=&usuario=GILBERT&sector=&fecha=2022&resuelve= HTTP/1.1" 200 626
172.22.2.4 - - [20/Jul/2022:19:59:53 -0500] "GET /BLA/boletinlegal/consulta_actos.php?tipo=autos&no=&usuario=GILBERT&sector=&fecha=2022&resuelve= HTTP/1.1" 200 626
172.22.2.4 - - [20/Jul/2022:20:00:02 -0500] "GET /BLA/boletinlegal/consulta_actos.php?tipo=autos&no=&usuario=CURTIEMB&sector=&fecha=2022&resuelve= HTTP/1.1" 200 626
172.22.2.4 - - [20/Jul/2022:20:00:06 -0500] "GET /BLA/boletinlegal/consulta_actos.php?tipo=autos&no=&usuario=CURTIEMB&sector=&fecha=2022&resuelve= HTTP/1.1" 200 626
172.22.2.4 - - [20/Jul/2022:20:00:10 -0500] "GET /BLA/boletinlegal/consulta_actos.php?tipo=autos&no=&usuario=&sector=&fecha=2022&resuelve= HTTP/1.1" 200 441893
172.22.2.4 - - [20/Jul/2022:20:00:11 -0500] "GET /BLA/boletinlegal/images/background.gif HTTP/1.1" 200 -
172.22.2.4 - - [20/Jul/2022:20:00:45 -0500] "GET /BLA/boletinlegal/consulta_actos.php?tipo=autos&no=&usuario=&sector=&fecha=2021&resuelve= HTTP/1.1" 200 1172435
172.22.2.4 - - [20/Jul/2022:20:00:51 -0500] "GET /BLA/boletinlegal/consulta_actos.php?tipo=autos&no=&usuario=&sector=&fecha=2021&resuelve= HTTP/1.1" 200 1172435
181.61.209.55 - - [20/Jul/2022:20:01:02 -0500] "GET /BLA/resoluciones/AUTOS%202021/6118.pdf HTTP/1.1" 200 453004
172.22.2.4 - - [20/Jul/2022:20:00:40 -0500] "HEAD /BLA/boletinlegal/ HTTP/1.1" 200 -
66.220.149.12 - - [20/Jul/2022:20:02:56 -0500] "GET /images/jornadas-llantas-usadas-23-mayo.jpg HTTP/1.1" 200 148376
216.245.221.92 - - [20/Jul/2022:20:03:10 -0500] "HEAD / HTTP/1.1" 200 -
172.22.2.4 - - [20/Jul/2022:20:01:31 -0500] "GET /BLA/boletinlegal/ HTTP/1.1" 200 58491
201.245.192.253 - - [20/Jul/2022:20:04:28 -0500] "POST /kwsrmcab/Wsrmcab  HTTP/1.1" 200 45399
181.61.209.55 - - [20/Jul/2022:20:05:19 -0500] "GET /BLA/resoluciones/AUTOS%202021/1848.pdf HTTP/1.1" 200 371254
157.55.39.114 - - [20/Jul/2022:20:07:54 -0500] "GET /BLA/resoluciones/AUTOS%202021/5884.pdf HTTP/1.1" 200 535010
185.7.214.104 - - [20/Jul/2022:20:07:57 -0500] "GET /?XDEBUG_SESSION_START=phpstorm HTTP/1.1" 200 319
216.245.221.92 - - [20/Jul/2022:20:08:10 -0500] "HEAD / HTTP/1.1" 200 -
172.22.2.4 - - [20/Jul/2022:20:06:30 -0500] "HEAD /BLA/boletinlegal/ HTTP/1.1" 200 -
172.22.2.4 - - [20/Jul/2022:20:07:21 -0500] "GET /BLA/boletinlegal/ HTTP/1.1" 200 52826
172.22.2.4 - - [20/Jul/2022:20:09:11 -0500] "GET /BLA/boletinlegal/consulta_actos.php?tipo=autos&no=&usuario=&sector=&fecha=2020&resuelve= HTTP/1.1" 200 1021578
77.88.5.225 - - [20/Jul/2022:20:09:28 -0500] "-" 408 -
201.245.192.253 - - [20/Jul/2022:20:09:27 -0500] "POST /kwsrmcab/Wsrmcab  HTTP/1.1" 200 45399
172.22.2.4 - - [20/Jul/2022:20:09:39 -0500] "GET /BLA/boletinlegal/consulta_actos.php?tipo=autos&no=&usuario=&sector=&fecha=2021&resuelve= HTTP/1.1" 200 1172435
172.22.2.4 - - [20/Jul/2022:20:09:42 -0500] "GET /BLA/boletinlegal/consulta_actos.php?tipo=autos&no=&usuario=&sector=&fecha=2021&resuelve= HTTP/1.1" 200 1172435
172.22.2.4 - - [20/Jul/2022:20:09:58 -0500] "GET /BLA/boletinlegal/consulta_actos.php?tipo=autos&no=&usuario=&sector=&fecha=2022&resuelve= HTTP/1.1" 200 441893
216.245.221.92 - - [20/Jul/2022:20:13:10 -0500] "HEAD / HTTP/1.1" 200 -
186.84.90.91 - - [20/Jul/2022:20:13:28 -0500] "OPTIONS /kwssiamovil/sm/setfile/f? HTTP/1.1" 200 13
186.84.90.91 - - [20/Jul/2022:20:13:28 -0500] "POST /kwssiamovil/sm/setfile/f? HTTP/1.1" 200 381
186.84.90.91 - - [20/Jul/2022:20:13:41 -0500] "GET /kwssiamovil/sm/acme/a?s=U2FsdGVkX18nekPl5DEth48QIpYhMPuffK0V4Cxd3/ig3M3RuioT5N1b9Gu8DOSJoqIsibel8HRhUZL6BBd8PhlxRptnKlxZvt0ozeDQyj4V+dJbl4pwupNSyW6ODFVCXz3O304gOPZ5N3HXTgvOOeEhBUhKRuG/t8ycVfb8PkV8ODI448YrKhg0AHRLI0h8t6YRLFm9X9/T294KahJXFkEafCFutJFkwt4Xu0EMjJKpEwlXHMq1keZE7OB420pPkSYGUEfdHXPLKSN52tVX3Q==&u=U2FsdGVkX1/3bn/egS+2t54NrlYWbGw5figJLYK1qDs=&y=U2FsdGVkX18je96Cur21RKwC2ho9vxJ3lv49G/Ta5fKtPtI6sHPRZ66ssnr/15b9 HTTP/1.1" 200 25
186.84.90.91 - - [20/Jul/2022:20:13:41 -0500] "GET /kwssiamovil/sm/acme/a?s=U2FsdGVkX18T222kQPX2R4PQvWz0SNghfCIOjkk/KYl1G18kTD0IPIbYntr1AJFm3j6UhVq52bcZULFqZvUBfVIaS5YroFOBErV9FZ5NXi8yePSWDYavAFrE5JWSMX63yzhrt2trWaxbpDYD5dQFbIrcdrF3dOPJUNRN8+oECXbP1lisxGveN19xdu8GQSBiZopKIFYziYNnE9kLtyoVyT/wAQiZwblowMSDAWKqcEYZvxZYGrLPL3gNr22wYMH6MT9DlAbSQWK4Za/ANroZT7YS2bNT7tukSxG4/OpYese/H1Knpfoo34W6Xr9/4ZrvCCcEvleFhcSWEH46HASB2dpVxD42SnASiVHjWMzQfjbB3IRlJSBQFiY6cHQZfMYidFGVUTq3s/Gfww0ryee9D2TUDDuzWV0EElb6eAG+kw6dQS3aewZM7YYQpaDqGEBPdBNB7gvBu5K9POEjokvSucOzZJWHLeHr3myGIDa7tcidlgRB3S5iBr2su+GOvV27Pc/INGNUBjQg/KUuoK+InADqq+6pvKhhN08frsgpz8IH3zEgBtcQSd2erz5JndVoywaMyLjqFvwBJZSHskakzSQS5GIjB9A0Pr8EH8Sa6Liv0PtQHpLMP5O24EVJf16neQItluwST9lNkjvMCGB8hTlwR0nLtw6uvVCV+DDU7OfOkbgLfFU9hTI2WoCIj3bjXgX1tPC6XB5MnlwAKs0XoOsTEBN3D20UeeyOw55aOJhzM4ketYXF7YlqdD/lEp5mNtpnBAQjgE+vqhRoAl/Gv2k5LYryvyOVvDtiapMgDRW8heclJmxoeskOJ/owTEbWoyiH/oZFTAigOhf/Ujus8QTrGobGGhF+UnK2+C6K7JmDquviH/6X19IyEpXPAuNwKOw7vUF5Zrqyb6J1ncLusj8TFq4OgHuwVHou0EcFzT13Vp5UVm0C8AJN5/TZsHMSED8rtuk+E2OR5/OERrEIGkGHkHIioETw97aEQEC+Jt+KOrkuWNkLBCYcCVFoAo0dk91VdJPLMfgPBMBMLoB3HHF28k1pLUm8kwx0MWH/V5FhqqRgy123gdaWOirqPspC5tI+CHch+/BgmERWmWcGSMVr9mRcOELM9/LyvXjVBtLVqIBdRLfwCkTDaG/Unc614eS+fFeyOeZ+1D+t8uhrWx1QnnIpmifTndj+XHIP7xP80L47R5+N4jY/v0QqbvuJTWNu9FDddxgU/72pY0l0QMtNlAybW4bP8nQF2SpovSJxbfDX1odbfBdNNM3QlRJN1GYqq6lLHxHBGB8Kc7lxNvS1T3tP3V9P/tPJ4ZmrWNARZjWdFN8YbuDsB2Kd0rGHXBoiwevynxayxsBn9Q4HpqCqzSYPb35f+oXgNJld1HKEUFjSVBpLRMCRDKhPATo5iMkI5Tg7piuzVgmuSF0HkR/wdjRihnKFJbOPnX5prZFBoYtPJYW7cqFf47rcg07YZwsuQK7ulVsa/41osxm1ZrdKNLvAotTaf7tIEal9irtK4e5tHix2Worki9PmlhOETYn41u1H7GPS3cmqly4WejdmzUtqRzY6WznGAXM7oZjSB4+wSA2e/e9nKZDAUYpcqhl4ZeWRvWeO4Y0VKJpUTHfn3TdBCs1dt9gREmeOs/IH00TDQTv37XoWcwj7IpKlsBc2THXTzhtcLqbGtc6uLYtzH/xBqM+ggDsdjujBBqafuLdyhnG/1Wz9EReKn8yJQHiIfsbPXcu4PDbDKcwNhjlruuxde7GBsLZKwx8BgACvg4SVSAt2mYdms5lCphmOly3ObhFd67W+gYjfqroav7InoSTky8eohhowI1kXCD32SubYb7Nz8ErPQZn6vVt4IBnIOgSel/9r2XykwJnkDFb59CF4a5meQMN2uKdxuOCGntC4mgjJpjux0KyJ/XBRt/LrkML0/2drFhhbtiy0i/bQRVt3No6za+vMbncgSoy5xRMdnmycNKIoyPTmnRhb4o8UxP36TL+Y3Xc3fRRqSHKTCk6tQFCeZgLcE7DGHW7YJfnY/jGpHtRslShuw8FljHPQhfgB4Izc32fLNVztZgne6kQ7jyGDQkbzk6gIhp6A6wYc2Re+Py233X7jU93WyINkeobsn2tU7pKTncfQ1dQQWKWZ/Nh1R+p0RIhbn7e4YtBHlICErySDzzrYo181ER/MBavGNt+iRuuKNiRaOrNEldDErV93NnLKzWz/YAyyOyz3YXJ66JXipliRreIno/gMpUOHFG/1XXdKDAXccj4BNbxXywNLhQj3wt/0ea7AiMglY7wfFinuHNapKZQevYdFfOGmIQR1JgA7+SZK29+tJif5woyAf1OCUt3yZsNkU8BXx4sryaQ/yNLnAkIgjAaOe6gs5S2m8NHtvX/Xm5fvTrvrN04zv0b3Eb+8FV5mjMxUSFc1YITZt8ow27fcJIoj6LtbJyZORHBL4T68n6j1zXTG8ipfm4jWtz5LoEtKcBXJRPgN3IuKAkYG/smoe7jxEGpQwJbQ9hQjqbV2EKrflDYhelmU18kQf4+M18E/G5a+PK2EHvkxSdTtB89lNb0chwBf4yCwomw6sZtYHX67wmllIBNBiN9zI3ZfC9p54v8Vot3rp1Y2s6nytYixX9F+SbxcX27thtyO5KP6yMgOAV1DssALjAzGqW09Q2oCqbMBRAUwqlwve6dYSAf7ConN63cq/GmlKiiiWfAgVFlpwJNBaa67e4m4p9OUJUQEF0C7nyt2YlZak4UnSTo3fLRSYnMvgpjNj20nT6rFQ4igvNwGpGTGdRmVwmlZMnnmetgg3at/TKTyb065nefKy6uzMWoTe6t0nO8zovev8uwrnkFmvLExVxWhwezyuOe1tLal4HQyFsQQ1nmOa33D4/0+oZuZwMERqC3Wd8/lDJG/bJZ5lg0R6rgY6wjGTgYaDt9saN2WYS9QooaoNbpdeoMT5YDS3eBAp+Jf6hhuoUv0OkzVJaRyHWc2ZXwgLZy7I1HksjPWHtpYyuUL9S7Pd9VFVfD0DYY7r7EkfOX+WJqeFfyLGgCj7VAQ6xkAhxhPZuj4T9MYYRCav46qcwAR60WHh2bxKZs042VBGUtb6xh6+fxxi929O62WSYSJ/LCP5ZizRRlTYADhnBLcqje/LqjKx2DO46uta4g6i1iLglXYIJBry5jT5p5ivvQwob4dvrSMtqoWF+tPjbxhQ6GiJgh8VHQCd5x53pRlBKg0B+dpCDwMe/B5DKd3ETzBbI+lOyDWi2LkAwAq4mFc+N65avCbN6tPZTDiA9vTxp2Hu14La8jNKszXVUcEQ9YfEHfPoaiCw55GBKx7MHIE0FzmBMnuAmAvJzm53XEHtaN16QprBv+IL72wMokYL3+Rsp/Gch+nw8/lSCF/QO6/+vL79CkNFloQyDzGAQOO+vC1Hxlv3UQr8+hDljp2YpzONzHCke4+8PZfjUmIqEiZfm/8ravuTCoVixW2BEOi+pNNLlnlggIlFYxtkQzcLxukbE1lWXQDXUMbQh3jSaL3Q6oWW2flnBWgmlEOD23Rl2wN9sBMQIYfjCbcHoQ7RmrUhcmpJEX85kl8svTJRCgbXCDr3OppJmdIcPjICA5JmQpLd0DdbM5itnjkO2NgBYFmPteEz7gxRoyI5ZnqEPwMAjQIJVevScj1Q0Gf8iAZ2afSwoUsSbWqTImaJE6fMgYfWXUuL/Mg5NHMaz+K9vDg9Qp9&u=U2FsdGVkX1/3bn/egS+2t54NrlYWbGw5figJLYK1qDs=&y=U2FsdGVkX18je96Cur21RKwC2ho9vxJ3lv49G/Ta5fKtPtI6sHPRZ66ssnr/15b9 HTTP/1.1" 200 25
186.84.90.91 - - [20/Jul/2022:20:13:41 -0500] "GET /kwssiamovil/sm/acme/a?s=U2FsdGVkX1/SKfnlsDrTAPTg4gOKG87T81Cx1EZndgUH0Cex2Rl1OD6yZuBNQLYbLpmwrjXWg/S+A80XHhg8qFfPdoC9pA4PE6aatosgFq2EvaqXLyietIqJAaiGXPb/nFj2qF+5xFKiMtBjs6rrmL44xuntpEoTOKdV51UMUyg=&u=U2FsdGVkX1/3bn/egS+2t54NrlYWbGw5figJLYK1qDs=&y=U2FsdGVkX18je96Cur21RKwC2ho9vxJ3lv49G/Ta5fKtPtI6sHPRZ66ssnr/15b9 HTTP/1.1" 200 25
186.84.90.91 - - [20/Jul/2022:20:13:41 -0500] "GET /kwssiamovil/sm/acme/a?s=U2FsdGVkX1+35LrbRH6uRxPbGAVWPg85CzJCgnz+/e1mDYTsP+ZnIMUpsE6CYqDb8sY6WKXY9z4FpnNRn0f3Of+5fq8EbR6lT5cJLFlWD4g8/XZa2kXqYsCBJa5dI/QYqm3GeEwPq68vfZKN2ajksCNiGnGbNxTRneJNiUq8Onk=&u=U2FsdGVkX1/3bn/egS+2t54NrlYWbGw5figJLYK1qDs=&y=U2FsdGVkX18je96Cur21RKwC2ho9vxJ3lv49G/Ta5fKtPtI6sHPRZ66ssnr/15b9 HTTP/1.1" 200 25
186.84.90.91 - - [20/Jul/2022:20:13:42 -0500] "GET /kwssiamovil/sm/acme/a?s=U2FsdGVkX190ZrGo8ojaXoo+LsIdRxKFY48LZgk1nR+0Tu7Zdbuy8JfTaztyTGGMc3eiYujBJalEAv3hmG7sppzyCmNfdt5IqE3nB7+NXgvKbbmPQlc6k2b2GDLorKibmnUBNpYozzix4YRq2FC+xpd9JuoaaJR5ZWbbq134p2c=&u=U2FsdGVkX1/3bn/egS+2t54NrlYWbGw5figJLYK1qDs=&y=U2FsdGVkX18je96Cur21RKwC2ho9vxJ3lv49G/Ta5fKtPtI6sHPRZ66ssnr/15b9 HTTP/1.1" 200 25
186.84.90.91 - - [20/Jul/2022:20:13:42 -0500] "GET /kwssiamovil/sm/acme/a?s=U2FsdGVkX18koJerm/8Mf5cjYVTdNsm/xwAzJLVTPOEbVog7dZZx1o0b6oT9l3BGzNCA0qMbHfSjBOtvK3w5o6gbjODP8TukrLvjoxCkoDulv4rb/n80nzdwxgGrjQ6xRHpf7OkSLYxqeBkWwzXFGMAupw733A+0jOUo4L4xOZcTcFlEHcEbHc/466Beb62t&u=U2FsdGVkX1/3bn/egS+2t54NrlYWbGw5figJLYK1qDs=&y=U2FsdGVkX18je96Cur21RKwC2ho9vxJ3lv49G/Ta5fKtPtI6sHPRZ66ssnr/15b9 HTTP/1.1" 200 25
186.84.90.91 - - [20/Jul/2022:20:13:42 -0500] "GET /kwssiamovil/sm/acme/a?s=U2FsdGVkX1+huApMRQ+/Ltdrx/7VRDT281atXCKG23DvWYF2myC4Fpk8juzmqa/3skM9p0wNeOawLcI9t+ALNePVsBOuWBPPhpHb3stXHkqyrCb2+KOktd7SugEyQ8m26ro7GrqGxJR6BSKy7zezBBIST2fSXTAAyp5Ugr/CrOWokiRJBYtT30CSKFOGtp3fDQX4/3PzlkmnNZnbTv5mZaFT4ccU7Z4Ykp3y/nOpgPt5UpEIvCpUx85oqSTEtBrcp2LNWeLL19XyWcuWB3vDchI/99ydIbi20KQskgZ1wVsGQtla3R0vbipljDfqiUnPJP6GP6l2nKVD021QuOAsOaS7Hphn44PK73mVcptk3aVyLseEqxLXm+VbZDKn/Xs6oJiC6oQ+Bh7GtMr/HJ2Jhcm/7aCbkfzkG+Szuon0pmuV2gQqq65COxuKco4sPUWfvmFIp+8FzOW934/KGH3OqDsNsBUUM78hWzGzbprZrSVeUVaF61RjkGBqgetglIli&u=U2FsdGVkX1/3bn/egS+2t54NrlYWbGw5figJLYK1qDs=&y=U2FsdGVkX18je96Cur21RKwC2ho9vxJ3lv49G/Ta5fKtPtI6sHPRZ66ssnr/15b9 HTTP/1.1" 200 25
186.84.90.91 - - [20/Jul/2022:20:13:42 -0500] "GET /kwssiamovil/sm/acme/a?s=U2FsdGVkX18zJuLb9l/22vbdDUeJSGCWrAJo5yYKto+RvpC3J5bfg5sYI30WwnKf53g9I6tVxM2TjL/paI4zTVFDQ7Boq5edXEZ4QPYyuGLTwm8vkxFfktQ8x1shx9ClJ4Q6hQC5vvCXLk0eCjfGaKbdKm+S45hvhWhYK1MJwD+weiQxwcDQJh0PQvwbwugBteQvvVJ4SHRdahsyD61x9p2xy4t2KPUwa3L/4Xcg/garUtID/2DFhlT4p652F4E+SPS+/uxanRd21zPCxqge8qC/ZmlPnMQLY8BSqvFJaSPkev4aC4FzJH9R9khuPnECXbpEdB35opZV4ugGf+PMlanKgPviqzMFBs7U1es6/ezsPLQAYCHiJw4m0XCsSvmn+/J9osgSOA1tD+CrS9Y5Le/QaHHVFp25C/DA+I3ljYsRiXE+Pdx3molgwKBTBKFRr/r1CXLONGsQNvUGAQziVA==&u=U2FsdGVkX1/3bn/egS+2t54NrlYWbGw5figJLYK1qDs=&y=U2FsdGVkX18je96Cur21RKwC2ho9vxJ3lv49G/Ta5fKtPtI6sHPRZ66ssnr/15b9 HTTP/1.1" 200 25
172.22.2.4 - - [20/Jul/2022:20:12:20 -0500] "HEAD /BLA/boletinlegal/ HTTP/1.1" 200 -
201.245.192.253 - - [20/Jul/2022:20:14:25 -0500] "POST /kwsrmcab/Wsrmcab  HTTP/1.1" 200 45399
207.46.13.214 - - [20/Jul/2022:20:14:31 -0500] "GET /BLA/resoluciones/index.php?dir=RESOLUCIONES+2020%2F HTTP/1.1" 200 163612
172.22.2.4 - - [20/Jul/2022:20:13:11 -0500] "GET /BLA/boletinlegal/ HTTP/1.1" 200 58122
172.22.2.4 - - [20/Jul/2022:20:16:04 -0500] "GET /BLA/boletinlegal/jurisprudencia/analisis/AnalisisC-273-11.docx HTTP/1.1" 304 -
216.245.221.92 - - [20/Jul/2022:20:18:10 -0500] "HEAD / HTTP/1.1" 200 -
173.252.79.3 - - [20/Jul/2022:20:19:25 -0500] "GET /images/jardines-verticales-4-marzo.jpg HTTP/1.1" 200 54804
201.245.192.253 - - [20/Jul/2022:20:19:25 -0500] "POST /kwsrmcab/Wsrmcab  HTTP/1.1" 200 45399
77.88.5.217 - - [20/Jul/2022:20:19:28 -0500] "-" 408 -
172.22.2.4 - - [20/Jul/2022:20:18:10 -0500] "HEAD /BLA/boletinlegal/ HTTP/1.1" 200 -
201.245.192.253 - - [20/Jul/2022:20:20:24 -0500] "POST /kwsrmcab/Wsrmcab HTTP/1.1" 200 45597
201.245.192.253 - - [20/Jul/2022:20:20:27 -0500] "POST /kwsrmcab/Wsrmcab HTTP/1.1" 200 46728
172.22.2.4 - - [20/Jul/2022:20:19:01 -0500] "GET /BLA/boletinlegal/ HTTP/1.1" 200 60992
216.245.221.92 - - [20/Jul/2022:20:23:10 -0500] "HEAD / HTTP/1.1" 200 -
201.245.192.253 - - [20/Jul/2022:20:24:23 -0500] "POST /kwsrmcab/Wsrmcab  HTTP/1.1" 200 45399
207.46.13.214 - - [20/Jul/2022:20:24:40 -0500] "GET /BLA/resoluciones/index.php?dir=RESOLUCIONES+2019%2F HTTP/1.1" 200 242517
172.22.2.4 - - [20/Jul/2022:20:24:00 -0500] "HEAD /BLA/boletinlegal/ HTTP/1.1" 200 -
172.22.2.4 - - [20/Jul/2022:20:24:51 -0500] "GET /BLA/boletinlegal/ HTTP/1.1" 200 52826
157.55.39.114 - - [20/Jul/2022:20:27:55 -0500] "GET /BLA/resoluciones/AUTOS%202011/4864.pdf HTTP/1.1" 304 -
216.245.221.92 - - [20/Jul/2022:20:28:10 -0500] "HEAD / HTTP/1.1" 200 -
201.245.192.253 - - [20/Jul/2022:20:29:21 -0500] "POST /kwsrmcab/Wsrmcab  HTTP/1.1" 200 45399
40.77.167.65 - - [20/Jul/2022:20:29:56 -0500] "GET /BLA/resoluciones/index.php?dir=AUTOS+2018%2F HTTP/1.1" 200 436111
201.245.192.253 - - [20/Jul/2022:20:30:24 -0500] "POST /kwsrmcab/Wsrmcab HTTP/1.1" 200 45597
201.245.192.253 - - [20/Jul/2022:20:30:27 -0500] "POST /kwsrmcab/Wsrmcab HTTP/1.1" 200 46728
185.119.81.107 - - [20/Jul/2022:20:31:07 -0500] "GET /portaldeninos/wp-login.php HTTP/1.1" 200 2592
185.119.81.107 - - [20/Jul/2022:20:31:08 -0500] "POST /portaldeninos/wp-login.php HTTP/1.1" 200 3670
93.158.161.38 - - [20/Jul/2022:20:31:20 -0500] "-" 408 -
185.119.81.107 - - [20/Jul/2022:20:31:23 -0500] "GET /portaldeninos/wp-login.php HTTP/1.1" 200 2592
185.119.81.107 - - [20/Jul/2022:20:31:24 -0500] "POST /portaldeninos/wp-login.php HTTP/1.1" 200 3605
172.22.2.4 - - [20/Jul/2022:20:29:50 -0500] "HEAD /BLA/boletinlegal/ HTTP/1.1" 200 -
172.22.2.4 - - [20/Jul/2022:20:30:41 -0500] "GET /BLA/boletinlegal/ HTTP/1.1" 200 53187
216.245.221.92 - - [20/Jul/2022:20:33:10 -0500] "HEAD / HTTP/1.1" 200 -
201.245.192.253 - - [20/Jul/2022:20:34:20 -0500] "POST /kwsrmcab/Wsrmcab  HTTP/1.1" 200 45399
185.119.81.105 - - [20/Jul/2022:20:37:06 -0500] "GET /portaldeninos/wp-login.php HTTP/1.1" 200 2592
185.119.81.105 - - [20/Jul/2022:20:37:07 -0500] "POST /portaldeninos/wp-login.php HTTP/1.1" 200 3605
172.22.2.4 - - [20/Jul/2022:20:35:40 -0500] "HEAD /BLA/boletinlegal/ HTTP/1.1" 200 -
216.245.221.92 - - [20/Jul/2022:20:38:10 -0500] "HEAD / HTTP/1.1" 200 -
172.22.2.4 - - [20/Jul/2022:20:36:30 -0500] "GET /BLA/boletinlegal/ HTTP/1.1" 200 58491
201.245.192.253 - - [20/Jul/2022:20:39:20 -0500] "POST /kwsrmcab/Wsrmcab  HTTP/1.1" 200 45399
201.245.192.253 - - [20/Jul/2022:20:40:23 -0500] "POST /kwsrmcab/Wsrmcab HTTP/1.1" 200 45597
201.245.192.253 - - [20/Jul/2022:20:40:27 -0500] "POST /kwsrmcab/Wsrmcab HTTP/1.1" 200 46728
173.252.107.24 - - [20/Jul/2022:20:40:48 -0500] "GET /idpyba-amplia-su-flota-vehicular-para-la-atencion-de-animales-en-bogota.html HTTP/1.1" 206 884
34.91.140.7 - - [20/Jul/2022:20:41:05 -0500] "GET / HTTP/1.1" 200 319
186.30.24.29 - - [20/Jul/2022:20:41:12 -0500] "GET /appsia/controlador HTTP/1.1" 200 4799
186.30.24.29 - - [20/Jul/2022:20:41:12 -0500] "GET /appsia/scripts/validarIngreso.js HTTP/1.1" 200 851
186.30.24.29 - - [20/Jul/2022:20:41:12 -0500] "GET /appsia/css/estilos.css HTTP/1.1" 200 4804
186.30.24.29 - - [20/Jul/2022:20:41:12 -0500] "GET /appsia/images/logo_bogota_p.png HTTP/1.1" 200 14951
186.30.24.29 - - [20/Jul/2022:20:41:12 -0500] "GET /appsia/images/cabezoteHojaVida.png HTTP/1.1" 200 32493
186.30.24.29 - - [20/Jul/2022:20:41:12 -0500] "GET /favicon.ico HTTP/1.1" 200 7782
186.30.24.29 - - [20/Jul/2022:20:41:15 -0500] "POST /appsia/controlador HTTP/1.1" 200 5437
186.30.24.29 - - [20/Jul/2022:20:41:16 -0500] "POST /appsia/controlador HTTP/1.1" 200 7775
186.30.24.29 - - [20/Jul/2022:20:41:20 -0500] "POST /appsia/controlador HTTP/1.1" 200 6640
93.158.161.43 - - [20/Jul/2022:20:41:22 -0500] "-" 408 -
40.77.167.65 - - [20/Jul/2022:20:41:27 -0500] "GET /BLA/resoluciones/index.php?dir=AUTOS+2019%2F HTTP/1.1" 200 346241
186.30.24.29 - - [20/Jul/2022:20:41:36 -0500] "POST /appsia/controlador HTTP/1.1" 200 12446
207.46.13.214 - - [20/Jul/2022:20:41:33 -0500] "GET /BLA/resoluciones/index.php?dir=RESOLUCIONES+2009%2F HTTP/1.1" 200 749515
157.55.39.114 - - [20/Jul/2022:20:41:37 -0500] "GET /BLA/resoluciones/index.php?dir=RESOLUCIONES+2011%2F HTTP/1.1" 200 746823
185.119.81.105 - - [20/Jul/2022:20:42:40 -0500] "GET /portaldeninos/wp-login.php HTTP/1.1" 200 2592
185.119.81.105 - - [20/Jul/2022:20:42:41 -0500] "POST /portaldeninos/wp-login.php HTTP/1.1" 200 3605
216.245.221.92 - - [20/Jul/2022:20:43:10 -0500] "HEAD / HTTP/1.1" 200 -
172.22.2.4 - - [20/Jul/2022:20:41:30 -0500] "HEAD /BLA/boletinlegal/ HTTP/1.1" 200 -
172.22.2.4 - - [20/Jul/2022:20:42:20 -0500] "GET /BLA/boletinlegal/ HTTP/1.1" 200 52826
201.245.192.253 - - [20/Jul/2022:20:44:19 -0500] "POST /kwsrmcab/Wsrmcab  HTTP/1.1" 200 45399
207.46.13.92 - - [20/Jul/2022:20:45:03 -0500] "GET /portaldeninos/relatos-urbanos-de-los-ecosistemas-bogotanos-2/ HTTP/1.1" 200 88575
157.55.39.161 - - [20/Jul/2022:20:45:22 -0500] "GET /portaldeninos/wp-content/plugins/gallery-videos/CSS/Total-Soft-Gallery-Video-Widget.css?ver=4.9.8 HTTP/1.1" 200 51554
157.55.39.50 - - [20/Jul/2022:20:45:23 -0500] "GET /portaldeninos/wp-content/plugins/gallery-videos/JS/Total-Soft-Gallery-Video-Widget.js?ver=4.9.8 HTTP/1.1" 200 80264
207.46.13.14 - - [20/Jul/2022:20:45:23 -0500] "GET /portaldeninos/wp-content/themes/betheme/fonts/mfn-icons.ttf?93978679 HTTP/1.1" 200 124684
40.77.167.22 - - [20/Jul/2022:20:45:24 -0500] "GET /portaldeninos/wp-content/themes/betheme/css/layout.css?ver=20.9.6 HTTP/1.1" 200 116639
207.46.13.14 - - [20/Jul/2022:20:45:26 -0500] "GET /portaldeninos/wp-includes/js/wp-emoji-release.min.js?ver=4.9.8 HTTP/1.1" 200 12026
157.55.39.50 - - [20/Jul/2022:20:45:26 -0500] "GET /portaldeninos/wp-content/themes/betheme/assets/animations/animations.min.css?ver=20.9.6 HTTP/1.1" 200 58508
157.55.39.50 - - [20/Jul/2022:20:45:29 -0500] "GET /portaldeninos/wp-includes/js/jquery/ui/accordion.min.js?ver=1.11.4 HTTP/1.1" 200 8584
185.196.220.70 - - [20/Jul/2022:20:45:30 -0500] "GET / HTTP/1.1" 200 319
163.123.143.71 - - [20/Jul/2022:20:45:59 -0500] "POST /boaform/admin/formLogin HTTP/1.1" 404 1186
216.245.221.92 - - [20/Jul/2022:20:48:10 -0500] "HEAD / HTTP/1.1" 200 -
172.22.2.4 - - [20/Jul/2022:20:47:56 -0500] "GET /BLA/boletinlegal/ HTTP/1.1" 200 24523
172.22.2.4 - - [20/Jul/2022:20:47:20 -0500] "HEAD /BLA/boletinlegal/ HTTP/1.1" 200 -
201.245.192.253 - - [20/Jul/2022:20:49:17 -0500] "POST /kwsrmcab/Wsrmcab  HTTP/1.1" 200 45399
172.22.2.4 - - [20/Jul/2022:20:48:10 -0500] "GET /BLA/boletinlegal/ HTTP/1.1" 200 53539
172.22.2.4 - - [20/Jul/2022:20:50:30 -0500] "GET /BLA/boletinlegal/jurisprudencia/analisis/AnalisisC-746-12.docx HTTP/1.1" 200 22637
128.14.136.18 - - [20/Jul/2022:20:51:04 -0500] "GET / HTTP/1.1" 200 319
172.22.2.4 - - [20/Jul/2022:20:51:21 -0500] "GET /BLA/boletinlegal/actos.php HTTP/1.1" 200 9559
172.22.2.4 - - [20/Jul/2022:20:51:21 -0500] "GET /BLA/boletinlegal/favicon.ico HTTP/1.1" 404 1326
77.88.5.164 - - [20/Jul/2022:20:51:22 -0500] "-" 408 -
172.22.2.4 - - [20/Jul/2022:20:51:37 -0500] "GET /BLA/boletinlegal/consulta_actos.php?tipo=resoluciones&no=1700&usuario=&sector=&fecha=2020&resuelve= HTTP/1.1" 200 626
185.7.214.104 - - [20/Jul/2022:20:51:41 -0500] "GET /console/ HTTP/1.1" 404 1018
172.22.2.4 - - [20/Jul/2022:20:51:11 -0500] "GET /BLA/boletinlegal/ HTTP/1.1" 200 32715
91.198.115.10 - - [20/Jul/2022:20:52:36 -0500] "GET / HTTP/1.1" 200 319
216.245.221.92 - - [20/Jul/2022:20:53:10 -0500] "HEAD / HTTP/1.1" 200 -
201.245.192.253 - - [20/Jul/2022:20:54:16 -0500] "POST /kwsrmcab/Wsrmcab  HTTP/1.1" 200 45399
173.252.107.19 - - [20/Jul/2022:20:54:43 -0500] "GET /alcaldesa-claudia-lopez-encabezo-encuentro-con-las-mujeres-que-reverdecen-a-bogota.html HTTP/1.1" 206 1069
172.22.2.4 - - [20/Jul/2022:20:53:10 -0500] "HEAD /BLA/boletinlegal/ HTTP/1.1" 200 -
172.22.2.4 - - [20/Jul/2022:20:54:00 -0500] "GET /BLA/boletinlegal/ HTTP/1.1" 200 58491
216.245.221.92 - - [20/Jul/2022:20:58:10 -0500] "HEAD / HTTP/1.1" 200 -
201.245.192.253 - - [20/Jul/2022:20:59:15 -0500] "POST /kwsrmcab/Wsrmcab  HTTP/1.1" 200 45399
191.108.8.8 - - [20/Jul/2022:20:59:21 -0500] "GET /BLA/resoluciones/index.php HTTP/1.1" 200 13093
191.108.8.8 - - [20/Jul/2022:20:59:25 -0500] "GET /BLA/resoluciones/index.php?dir=AUTOS+2014%2F HTTP/1.1" 200 875367
191.108.8.8 - - [20/Jul/2022:20:59:28 -0500] "GET /BLA/resoluciones/dlf/unknown.png HTTP/1.1" 200 266
66.249.66.36 - - [20/Jul/2022:20:59:37 -0500] "-" 408 -
172.22.2.4 - - [20/Jul/2022:20:59:00 -0500] "HEAD /BLA/boletinlegal/ HTTP/1.1" 200 -
69.171.249.12 - - [20/Jul/2022:21:01:01 -0500] "GET /images/lluvias-arboles-4-junio.jpeg HTTP/1.1" 200 117524
69.171.249.12 - - [20/Jul/2022:21:01:02 -0500] "GET /images/Junio%2002-experiencias-jardines-verticales-sda.jpeg HTTP/1.1" 200 31171
69.171.249.12 - - [20/Jul/2022:21:01:02 -0500] "GET /images/empresas-industrias-forestales-1-junio.jpg HTTP/1.1" 200 44019
69.171.249.120 - - [20/Jul/2022:21:01:02 -0500] "GET /images/pieza-grafica-semana-ambiental-30.jpg HTTP/1.1" 200 38850
69.171.249.120 - - [20/Jul/2022:21:01:03 -0500] "GET /images/energia-eficiencia-26-mayo.jpg HTTP/1.1" 200 46417
69.171.249.5 - - [20/Jul/2022:21:01:03 -0500] "GET /images/facebook-live-ivc-MAYO27.png HTTP/1.1" 200 480404
69.171.249.120 - - [20/Jul/2022:21:01:04 -0500] "GET /images/jornadas-llantas-usadas-23-mayo.jpg HTTP/1.1" 200 148376
69.171.249.24 - - [20/Jul/2022:21:01:04 -0500] "GET /images/jardines-verticales-plantas-24-mayo.jpg HTTP/1.1" 200 148288
69.171.249.1 - - [20/Jul/2022:21:01:04 -0500] "GET /images/visita-suspension-humedal-techo-24-mayo.jpg HTTP/1.1" 200 57365
69.171.249.22 - - [20/Jul/2022:21:01:04 -0500] "GET /images/la-vieja-mayo-24.jpg HTTP/1.1" 200 58217
69.171.249.21 - - [20/Jul/2022:21:01:05 -0500] "GET /images/bogota-polvo-sahara-23-mayo.jpg HTTP/1.1" 200 35039
69.171.249.23 - - [20/Jul/2022:21:01:05 -0500] "GET /images/control-madera-ilegal-24-mayo.jpg HTTP/1.1" 200 48269
69.171.249.8 - - [20/Jul/2022:21:01:06 -0500] "GET /images/Naturalista1.jpeg HTTP/1.1" 200 202073
69.171.249.5 - - [20/Jul/2022:21:01:07 -0500] "GET /images/reciclaton-mayo-3-mayo.jpg HTTP/1.1" 200 278453
69.171.249.2 - - [20/Jul/2022:21:01:07 -0500] "GET /images/feria-servicios-tramites-19-mayo.jpg HTTP/1.1" 200 40581
69.171.249.5 - - [20/Jul/2022:21:01:08 -0500] "GET /images/actividades-dia-aves-16-mayo.jpg HTTP/1.1" 200 147089
69.171.249.119 - - [20/Jul/2022:21:01:08 -0500] "GET /images/negocios-verdes-mayo-2022.jpg HTTP/1.1" 200 48000
69.171.249.112 - - [20/Jul/2022:21:01:08 -0500] "GET /images/arbolado-bogota-mayo-13.jpg HTTP/1.1" 200 62568
69.171.249.119 - - [20/Jul/2022:21:01:09 -0500] "GET /images/parque-nal-secretaria.jpg HTTP/1.1" 200 168060
69.171.249.16 - - [20/Jul/2022:21:01:09 -0500] "GET /images/feria-servicios-12-mayo-principal.jpg HTTP/1.1" 200 44744
69.171.249.17 - - [20/Jul/2022:21:01:09 -0500] "GET /images/cronica-amanda-rodriguez-30-abril.jpg HTTP/1.1" 200 26304
69.171.249.4 - - [20/Jul/2022:21:01:10 -0500] "GET /images/dia-rio-bogota-12-mayo.jpg HTTP/1.1" 200 44387
69.171.249.3 - - [20/Jul/2022:21:01:10 -0500] "GET /images/ptar-alcaldesa-rio-bogota-12-mato.jpg HTTP/1.1" 200 40205
69.171.249.21 - - [20/Jul/2022:21:01:10 -0500] "GET /images/secretaria-rio-bogota-avances-12-mayo.jpg HTTP/1.1" 200 37281
69.171.249.14 - - [20/Jul/2022:21:01:11 -0500] "GET /images/reunion-planta-termovalorizacion-11-mayo.jpg HTTP/1.1" 200 34782
69.171.249.12 - - [20/Jul/2022:21:01:13 -0500] "GET /images/secretaria-carolina-economia-circular-6-mayo.jpg HTTP/1.1" 200 33699
69.171.249.21 - - [20/Jul/2022:21:01:13 -0500] "GET /images/mercados-campesinos-5-mayo.jpg HTTP/1.1" 200 95848
69.171.249.14 - - [20/Jul/2022:21:01:13 -0500] "GET /images/RCD1.jpg HTTP/1.1" 200 195843
69.171.249.18 - - [20/Jul/2022:21:01:13 -0500] "GET /images/feria-servicios-5-MAYO.jpg HTTP/1.1" 200 39759
69.171.249.117 - - [20/Jul/2022:21:01:13 -0500] "GET /images/Brasil1.jpeg HTTP/1.1" 200 27965
173.252.87.12 - - [20/Jul/2022:21:01:13 -0500] "GET /images/mujeres-reverdecen-humedales-2-febrero.jpg HTTP/1.1" 200 47327
69.171.249.21 - - [20/Jul/2022:21:01:13 -0500] "GET /images/accion-climatica.jpg HTTP/1.1" 200 417776
69.171.249.14 - - [20/Jul/2022:21:01:13 -0500] "GET /images/Animales1.jpeg HTTP/1.1" 200 76841
69.171.249.21 - - [20/Jul/2022:21:01:14 -0500] "GET /images/cerros-bogota-2-mayo.jpg HTTP/1.1" 200 98367
69.171.249.21 - - [20/Jul/2022:21:01:15 -0500] "GET /images/fachada-secretaria-ambiente-abril.jpg HTTP/1.1" 200 148853
69.171.249.14 - - [20/Jul/2022:21:01:16 -0500] "GET /images/operativos-residuos-peligrosos-25-ABRIL.jpg HTTP/1.1" 200 35345
69.171.249.14 - - [20/Jul/2022:21:01:16 -0500] "GET /images/plantacion-jbb-22-abril.jpg HTTP/1.1" 200 52184
69.171.249.7 - - [20/Jul/2022:21:01:17 -0500] "GET /images/actividades-dia-tierra-22-abril.jpg HTTP/1.1" 200 77276
77.88.5.136 - - [20/Jul/2022:21:01:22 -0500] "-" 408 -
172.22.2.4 - - [20/Jul/2022:20:59:50 -0500] "GET /BLA/boletinlegal/ HTTP/1.1" 200 56279
172.22.2.4 - - [20/Jul/2022:21:01:22 -0500] "GET /BLA/boletinlegal/ HTTP/1.1" 200 61510
216.245.221.92 - - [20/Jul/2022:21:03:10 -0500] "HEAD / HTTP/1.1" 200 -
201.245.192.253 - - [20/Jul/2022:21:04:13 -0500] "POST /kwsrmcab/Wsrmcab  HTTP/1.1" 200 45399
186.30.24.29 - - [20/Jul/2022:21:05:30 -0500] "GET /galeria/galeria/jquery.fancybox.css?v=2.1.5 HTTP/1.1" 200 4895
186.30.24.29 - - [20/Jul/2022:21:05:30 -0500] "GET /BLA/boletinlegal/js/jquery.scrollShow.js HTTP/1.1" 200 4586
186.30.24.29 - - [20/Jul/2022:21:05:30 -0500] "GET /galeria/galeria/jquery.fancybox.js?v=2.1.5 HTTP/1.1" 200 48706
186.30.24.29 - - [20/Jul/2022:21:05:30 -0500] "GET /galeria/carrusel/Carrusel/jquery.thumbnailScroller.css HTTP/1.1" 200 2066
186.30.24.29 - - [20/Jul/2022:21:05:31 -0500] "GET /galeria/carrusel/Carrusel/jquery-ui-1.8.13.custom.min.js HTTP/1.1" 200 10800
186.30.24.29 - - [20/Jul/2022:21:05:31 -0500] "GET /galeria/carrusel/Carrusel/jquery.thumbnailScroller.js HTTP/1.1" 200 8157
186.30.24.29 - - [20/Jul/2022:21:05:31 -0500] "GET /galeria/nivo-slider/demo/banner.html HTTP/1.1" 200 5446
186.30.24.29 - - [20/Jul/2022:21:05:31 -0500] "GET /galeria/nivo-slider/themes/default/default.css HTTP/1.1" 200 1569
186.30.24.29 - - [20/Jul/2022:21:05:31 -0500] "GET /galeria/nivo-slider/themes/pascal/pascal.css HTTP/1.1" 200 2258
186.30.24.29 - - [20/Jul/2022:21:05:31 -0500] "GET /galeria/nivo-slider/themes/orman/orman.css HTTP/1.1" 200 2152
186.30.24.29 - - [20/Jul/2022:21:05:31 -0500] "GET /galeria/nivo-slider/nivo-slider.css HTTP/1.1" 200 1507
186.30.24.29 - - [20/Jul/2022:21:05:31 -0500] "GET /galeria/nivo-slider/demo/style.css HTTP/1.1" 200 2222
186.30.24.29 - - [20/Jul/2022:21:05:31 -0500] "GET /galeria/nivo-slider/demo/scripts/jquery-1.7.1.min.js HTTP/1.1" 200 93868
186.30.24.29 - - [20/Jul/2022:21:05:31 -0500] "GET /galeria/nivo-slider/jquery.nivo.slider.pack.js HTTP/1.1" 200 11561
186.30.24.29 - - [20/Jul/2022:21:05:31 -0500] "GET /galeria/nivo-slider/demo/images/bannertortuga_optimized.jpg HTTP/1.1" 200 39066
186.30.24.29 - - [20/Jul/2022:21:05:31 -0500] "GET /galeria/nivo-slider/demo/images/Bannermujeresquereverdecen.jpg HTTP/1.1" 200 46558
186.30.24.29 - - [20/Jul/2022:21:05:31 -0500] "GET /galeria/nivo-slider/demo/images/bannertrafico_optimized.jpg HTTP/1.1" 200 42578
186.30.24.29 - - [20/Jul/2022:21:05:31 -0500] "GET /galeria/nivo-slider/demo/images/Bannersedeelectronica.jpg HTTP/1.1" 200 40383
186.30.24.29 - - [20/Jul/2022:21:05:31 -0500] "GET /galeria/nivo-slider/demo/images/bannerrutaesperanza.jpg HTTP/1.1" 200 55560
186.30.24.29 - - [20/Jul/2022:21:05:31 -0500] "GET /galeria/nivo-slider/demo/images/banneraire2021.jpg HTTP/1.1" 200 265101
186.30.24.29 - - [20/Jul/2022:21:05:31 -0500] "GET /galeria/nivo-slider/demo/images/Bannerplasticosseptiembre.jpg HTTP/1.1" 200 45633
186.30.24.29 - - [20/Jul/2022:21:05:31 -0500] "GET /galeria/nivo-slider/demo/images/banneraccionpopularcrr68.jpg HTTP/1.1" 200 51887
186.30.24.29 - - [20/Jul/2022:21:05:31 -0500] "GET /galeria/nivo-slider/demo/images/bannerresiduoshospitalariosagosto.jpg HTTP/1.1" 200 36499
186.30.24.29 - - [20/Jul/2022:21:05:31 -0500] "GET /galeria/nivo-slider/demo/images/banneraccionpopular.jpeg HTTP/1.1" 200 41707
186.30.24.29 - - [20/Jul/2022:21:05:31 -0500] "GET /galeria/nivo-slider/demo/images/bannerclases2021.jpg HTTP/1.1" 200 68230
186.30.24.29 - - [20/Jul/2022:21:05:31 -0500] "GET /galeria/nivo-slider/demo/images/bannercapacitacionesbogota.jpg HTTP/1.1" 200 42416
186.30.24.29 - - [20/Jul/2022:21:05:31 -0500] "GET /galeria/nivo-slider/demo/images/Bannerenvases.jpg HTTP/1.1" 200 37316
186.30.24.29 - - [20/Jul/2022:21:05:31 -0500] "GET /galeria/nivo-slider/demo/images/Bannervirtualescanales.jpg HTTP/1.1" 200 174544
186.30.24.29 - - [20/Jul/2022:21:05:31 -0500] "GET /galeria/nivo-slider/demo/images/4Simple_Slider.png HTTP/1.1" 200 11722
186.30.24.29 - - [20/Jul/2022:21:05:31 -0500] "GET /galeria/nivo-slider/themes/default/loading.gif HTTP/1.1" 200 1737
186.30.24.29 - - [20/Jul/2022:21:05:32 -0500] "GET /galeria/nivo-slider/themes/default/arrows.png HTTP/1.1" 200 824
186.30.24.29 - - [20/Jul/2022:21:05:32 -0500] "GET /galeria/nivo-slider/themes/default/bullets.png HTTP/1.1" 200 1281
172.22.2.4 - - [20/Jul/2022:21:04:50 -0500] "HEAD /BLA/boletinlegal/ HTTP/1.1" 200 -
172.22.2.4 - - [20/Jul/2022:21:05:40 -0500] "GET /BLA/boletinlegal/ HTTP/1.1" 200 58122
216.245.221.92 - - [20/Jul/2022:21:08:10 -0500] "HEAD / HTTP/1.1" 200 -
201.245.192.253 - - [20/Jul/2022:21:09:13 -0500] "POST /kwsrmcab/Wsrmcab  HTTP/1.1" 200 45399
157.55.39.161 - - [20/Jul/2022:21:09:54 -0500] "GET /portaldeninos/wp-content/uploads/2021/11/Pieza-bolsas-plasticos-ambiente-11-mayo-1024x576.jpg HTTP/1.1" 200 75826
172.22.2.4 - - [20/Jul/2022:21:10:38 -0500] "GET /BLA/boletinlegal/Circulares/2017/Circular%20No.%20011%20del%2005%20de%20julio%20de%202017.pdf HTTP/1.1" 304 -
172.22.2.4 - - [20/Jul/2022:21:10:40 -0500] "HEAD /BLA/boletinlegal/ HTTP/1.1" 200 -
77.88.5.163 - - [20/Jul/2022:21:12:23 -0500] "-" 408 -
172.22.2.4 - - [20/Jul/2022:21:10:51 -0500] "GET /BLA/boletinlegal/ HTTP/1.1" 200 49942
173.252.111.113 - - [20/Jul/2022:21:12:39 -0500] "GET /images/mercados-campesinos-5-mayo.jpg HTTP/1.1" 200 95848
216.245.221.92 - - [20/Jul/2022:21:13:10 -0500] "HEAD / HTTP/1.1" 200 -
172.22.2.4 - - [20/Jul/2022:21:11:30 -0500] "GET /BLA/boletinlegal/ HTTP/1.1" 200 55912
201.245.192.253 - - [20/Jul/2022:21:14:12 -0500] "POST /kwsrmcab/Wsrmcab  HTTP/1.1" 200 45399
185.119.81.107 - - [20/Jul/2022:21:15:05 -0500] "GET /portaldeninos/wp-login.php HTTP/1.1" 200 2592
185.119.81.107 - - [20/Jul/2022:21:15:05 -0500] "POST /portaldeninos/wp-login.php HTTP/1.1" 200 3605
40.77.167.65 - - [20/Jul/2022:21:16:10 -0500] "GET /BLA/resoluciones/AUTOS%202021/2545.pdf HTTP/1.1" 200 524402
186.84.90.91 - - [20/Jul/2022:21:17:24 -0500] "GET /kwssiamovil/sm/acme/a?s=U2FsdGVkX195DWPw20XulapGa/3jt/Brp9jAcDNiY+y8+JKEeKfgRxliPNMNkMT2NwpSSR3gjxH6hxVMAONcB/yBjxO8iY850VqKdOTnGToY25psZ3t5ix151T6auzfZKWQJ2hPH7mEzzaNK/2syQrd/FYP+kCcQejWa4g+Y/fbARzxotwcqIhr9nZAGNNmb7DbVp3HKPfEPsXLEZ1WgO9nQtb+LhRbwI4uL1AEQZcFgAT/SzQmKsBw4hp0wV9VqqrHnoyAkxYLZPBrIgPGddA==&u=U2FsdGVkX1/3bn/egS+2t54NrlYWbGw5figJLYK1qDs=&y=U2FsdGVkX18je96Cur21RKwC2ho9vxJ3lv49G/Ta5fKtPtI6sHPRZ66ssnr/15b9 HTTP/1.1" 200 25
